2026-05-30 06:41:32.760 8 INFO neutron.db.ovn_revision_numbers_db [None req-3e63856c-8ab7-4fe9-ab97-1706200c5fca 8644a1d5722a41f99b18ed4025124bd1 dfe62dcb273a4f23834b16ef8f61ba38 - - default default] Successfully bumped revision number for resource d3d3455d-6457-44ab-8742-cfccc97ec832 (type: router_ports) to 1 [pid: 7|app: 0|req: 1249/2578] 10.0.0.28 () {32 vars in 743 bytes} [Sat May 30 06:41:32 2026] DELETE /v2.0/vpn/ipsecpolicies/3d39439f-69b4-464e-9419-b2bb01d602fe => generated 145 bytes in 10 msecs (HTTP/1.1 404) 4 headers in 164 bytes (1 switches on core 0) [pid: 8|app: 0|req: 1330/2579] 10.0.0.28 () {34 vars in 782 bytes} [Sat May 30 06:41:29 2026] PUT /v2.0/routers/c299babf-a775-45e5-aa72-87609e4dc168/add_router_interface => generated 309 bytes in 2912 msecs (HTTP/1.1 200) 4 headers in 157 bytes (1 switches on core 0)
2026-05-30 06:41:32.863 7 INFO neutron.db.segments_db [None req-85c49a85-c25e-494b-947b-ac2716596e3d ee1608e459fb40389dfe71da68903e68 874894722b0a455aa4e85214e93ecb99 - - default default] Added segment 30051dd5-0271-417b-a1c2-3626c447de0e of type geneve for network a87ebf3e-a148-469f-83d6-0430c83d55f3
2026-05-30 06:41:33.162 8 INFO neutron.db.ovn_revision_numbers_db [None req-d603dc6a-3f12-4d89-9af7-c05108af403f 8644a1d5722a41f99b18ed4025124bd1 dfe62dcb273a4f23834b16ef8f61ba38 - - default default] Successfully bumped revision number for resource 550eedbf-14b3-46de-b121-5a3ca04e332b (type: security_groups) to 1
2026-05-30 06:41:33.190 7 INFO neutron.db.ovn_revision_numbers_db [None req-85c49a85-c25e-494b-947b-ac2716596e3d ee1608e459fb40389dfe71da68903e68 874894722b0a455aa4e85214e93ecb99 - - default default] Successfully bumped revision number for resource a87ebf3e-a148-469f-83d6-0430c83d55f3 (type: networks) to 1
2026-05-30 06:41:33.200 8 INFO neutron.db.ovn_revision_numbers_db [None req-d603dc6a-3f12-4d89-9af7-c05108af403f 8644a1d5722a41f99b18ed4025124bd1 dfe62dcb273a4f23834b16ef8f61ba38 - - default default] Successfully bumped revision number for resource 72ca3b39-c66c-42d9-b587-c734ac422a9e (type: security_group_rules) to 0
2026-05-30 06:41:33.246 8 INFO neutron.db.ovn_revision_numbers_db [None req-d603dc6a-3f12-4d89-9af7-c05108af403f 8644a1d5722a41f99b18ed4025124bd1 dfe62dcb273a4f23834b16ef8f61ba38 - - default default] Successfully bumped revision number for resource 76b99ded-5521-4c82-b363-cb2a47b7967c (type: security_group_rules) to 0 [pid: 8|app: 0|req: 1331/2580] 10.0.0.28 () {34 vars in 683 bytes} [Sat May 30 06:41:32 2026] POST /v2.0/security-groups => generated 1627 bytes in 470 msecs (HTTP/1.1 201) 4 headers in 163 bytes (1 switches on core 0) [pid: 8|app: 0|req: 1332/2581] 10.0.0.114 () {34 vars in 990 bytes} [Sat May 30 06:41:33 2026] GET /v2.0/ports?device_id=63026f86-6f9d-4871-9f23-e7ca3c93bd3d => generated 975 bytes in 80 msecs (HTTP/1.1 200) 4 headers in 157 bytes (1 switches on core 0)
2026-05-30 06:41:33.449 7 WARNING neutron.scheduler.dhcp_agent_scheduler [None req-85c49a85-c25e-494b-947b-ac2716596e3d ee1608e459fb40389dfe71da68903e68 874894722b0a455aa4e85214e93ecb99 - - default default] No more DHCP agents
2026-05-30 06:41:33.450 7 WARNING neutron.api.rpc.agentnotifiers.dhcp_rpc_agent_api [None req-85c49a85-c25e-494b-947b-ac2716596e3d ee1608e459fb40389dfe71da68903e68 874894722b0a455aa4e85214e93ecb99 - - default default] Unable to schedule network a87ebf3e-a148-469f-83d6-0430c83d55f3: no agents available; will retry on subsequent port and subnet creation events.
2026-05-30 06:41:33.532 7 INFO neutron.db.ovn_revision_numbers_db [None req-85c49a85-c25e-494b-947b-ac2716596e3d ee1608e459fb40389dfe71da68903e68 874894722b0a455aa4e85214e93ecb99 - - default default] Successfully bumped revision number for resource ae159b43-9202-498f-af64-8287d69067f1 (type: ports) to 1 [pid: 7|app: 0|req: 1250/2582] 10.0.0.28 () {34 vars in 669 bytes} [Sat May 30 06:41:32 2026] POST /v2.0/networks => generated 669 bytes in 793 msecs (HTTP/1.1 201) 4 headers in 162 bytes (1 switches on core 0)
2026-05-30 06:41:33.576 8 INFO neutron.db.ovn_revision_numbers_db [None req-1d7be248-ced1-4542-875e-24be90d3df63 8644a1d5722a41f99b18ed4025124bd1 dfe62dcb273a4f23834b16ef8f61ba38 - - default default] Successfully bumped revision number for resource 09407644-05a1-474f-9d2f-4cc062ba2d56 (type: security_group_rules) to 0 [pid: 7|app: 0|req: 1251/2583] 10.0.0.114 () {34 vars in 1040 bytes} [Sat May 30 06:41:33 2026] GET /v2.0/security-groups?id=5d1a024d-88c3-476c-8004-7190b7647dbf&fields=id&fields=name => generated 114 bytes in 30 msecs (HTTP/1.1 200) 4 headers in 157 bytes (1 switches on core 0) [pid: 8|app: 0|req: 1333/2584] 10.0.0.28 () {34 vars in 694 bytes} [Sat May 30 06:41:33 2026] POST /v2.0/security-group-rules => generated 597 bytes in 229 msecs (HTTP/1.1 201) 4 headers in 162 bytes (1 switches on core 0)
2026-05-30 06:41:33.770 8 INFO neutron.db.ovn_revision_numbers_db [None req-2cf1773a-b508-4dfe-80dc-ab33a6feae52 8644a1d5722a41f99b18ed4025124bd1 dfe62dcb273a4f23834b16ef8f61ba38 - - default default] Successfully bumped revision number for resource 735c0eb7-9921-4d18-a6a7-87b067c2eafe (type: security_group_rules) to 0
2026-05-30 06:41:33.795 7 WARNING neutron.scheduler.dhcp_agent_scheduler [None req-020151f7-6f0b-4231-8da3-1824289598f2 ee1608e459fb40389dfe71da68903e68 874894722b0a455aa4e85214e93ecb99 - - default default] No more DHCP agents
2026-05-30 06:41:33.796 7 WARNING neutron.api.rpc.agentnotifiers.dhcp_rpc_agent_api [None req-020151f7-6f0b-4231-8da3-1824289598f2 ee1608e459fb40389dfe71da68903e68 874894722b0a455aa4e85214e93ecb99 - - default default] Unable to schedule network a87ebf3e-a148-469f-83d6-0430c83d55f3: no agents available; will retry on subsequent port and subnet creation events. [pid: 8|app: 0|req: 1334/2585] 10.0.0.28 () {34 vars in 694 bytes} [Sat May 30 06:41:33 2026] POST /v2.0/security-group-rules => generated 597 bytes in 174 msecs (HTTP/1.1 201) 4 headers in 162 bytes (1 switches on core 0)
2026-05-30 06:41:33.926 8 INFO neutron.db.ovn_revision_numbers_db [None req-33d95e0c-cd62-44a6-ad5c-ef5a5d0ba3bc 8644a1d5722a41f99b18ed4025124bd1 dfe62dcb273a4f23834b16ef8f61ba38 - - default default] Successfully bumped revision number for resource 94b785f3-2ceb-48bc-82b1-291cfafa6cdf (type: security_group_rules) to 0 [pid: 8|app: 0|req: 1335/2586] 10.0.0.28 () {34 vars in 694 bytes} [Sat May 30 06:41:33 2026] POST /v2.0/security-group-rules => generated 599 bytes in 150 msecs (HTTP/1.1 201) 4 headers in 162 bytes (1 switches on core 0)
2026-05-30 06:41:34.090 8 INFO neutron.db.ovn_revision_numbers_db [None req-c3b8fa8d-8881-4bcc-9bd4-f7c8db047f05 8644a1d5722a41f99b18ed4025124bd1 dfe62dcb273a4f23834b16ef8f61ba38 - - default default] Successfully bumped revision number for resource 53181c40-4068-46c1-85b3-8e9e0603f6c7 (type: security_group_rules) to 0 [pid: 8|app: 0|req: 1336/2587] 10.0.0.28 () {34 vars in 694 bytes} [Sat May 30 06:41:33 2026] POST /v2.0/security-group-rules => generated 601 bytes in 162 msecs (HTTP/1.1 201) 4 headers in 162 bytes (1 switches on core 0) [pid: 8|app: 0|req: 1337/2588] 199.204.45.222 () {34 vars in 994 bytes} [Sat May 30 06:41:34 2026] GET /v2.0/ports?device_id=63026f86-6f9d-4871-9f23-e7ca3c93bd3d => generated 975 bytes in 35 msecs (HTTP/1.1 200) 4 headers in 157 bytes (1 switches on core 0)
2026-05-30 06:41:34.293 7 INFO neutron.db.ovn_revision_numbers_db [None req-697d9b61-30b7-4913-89fd-2fb6e2a07ff5 - - - - - -] Successfully bumped revision number for resource ae159b43-9202-498f-af64-8287d69067f1 (type: ports) to 2
2026-05-30 06:41:34.305 8 INFO neutron.db.ovn_revision_numbers_db [None req-d65563d6-a9d5-4f7e-8511-5f1a7737f51a 8644a1d5722a41f99b18ed4025124bd1 dfe62dcb273a4f23834b16ef8f61ba38 - - default default] Successfully bumped revision number for resource 29108c4b-d394-4f11-bfac-b9268cdbcc8a (type: security_group_rules) to 0
2026-05-30 06:41:34.323 7 INFO neutron.db.ovn_revision_numbers_db [None req-697d9b61-30b7-4913-89fd-2fb6e2a07ff5 - - - - - -] Successfully bumped revision number for resource 68d02c9e-3865-4d85-8c0b-3d983b952b55 (type: subnets) to 0 [pid: 8|app: 0|req: 1338/2589] 10.0.0.28 () {34 vars in 694 bytes} [Sat May 30 06:41:34 2026] POST /v2.0/security-group-rules => generated 601 bytes in 177 msecs (HTTP/1.1 201) 4 headers in 162 bytes (1 switches on core 0) [pid: 7|app: 0|req: 1252/2590] 10.0.0.28 () {34 vars in 668 bytes} [Sat May 30 06:41:33 2026] POST /v2.0/subnets => generated 629 bytes in 783 msecs (HTTP/1.1 201) 4 headers in 162 bytes (1 switches on core 0)
2026-05-30 06:41:34.482 8 INFO neutron_taas.services.taas.taas_plugin [req-e5b2b8b4-f13e-4c8a-a8a4-d419edc43f1e req-62886e76-ee60-4490-b874-7353b0dd8c30 8e9a780ad2b34f86af53bcb538e765ba 89cb342350b1459bb60717b99506f9a3 - - default default] TaaS: Handle Delete Port: a2273f55-df85-4fd8-a30e-2e7bc6f0db39
2026-05-30 06:41:34.485 8 INFO neutron_taas.services.taas.tap_mirror_plugin [req-e5b2b8b4-f13e-4c8a-a8a4-d419edc43f1e req-62886e76-ee60-4490-b874-7353b0dd8c30 8e9a780ad2b34f86af53bcb538e765ba 89cb342350b1459bb60717b99506f9a3 - - default default] Tap Mirror: Handle Delete Port: a2273f55-df85-4fd8-a30e-2e7bc6f0db39
2026-05-30 06:41:34.544 7 INFO neutron.db.ovn_revision_numbers_db [None req-cb7df8d6-4a36-4b54-ade5-b87ad1ab1549 8644a1d5722a41f99b18ed4025124bd1 dfe62dcb273a4f23834b16ef8f61ba38 - - default default] Successfully bumped revision number for resource 94108782-c6b3-4630-aa56-17788d3e6112 (type: security_group_rules) to 0 [pid: 7|app: 0|req: 1253/2591] 10.0.0.28 () {34 vars in 694 bytes} [Sat May 30 06:41:34 2026] POST /v2.0/security-group-rules => generated 597 bytes in 205 msecs (HTTP/1.1 201) 4 headers in 162 bytes (1 switches on core 0)
2026-05-30 06:41:34.708 8 INFO neutron.db.l3_db [req-e5b2b8b4-f13e-4c8a-a8a4-d419edc43f1e req-62886e76-ee60-4490-b874-7353b0dd8c30 8e9a780ad2b34f86af53bcb538e765ba 89cb342350b1459bb60717b99506f9a3 - - default default] Floating IP 168fda98-5913-4cf7-a7b6-8567b74de666 disassociated. External IP: 10.96.250.208, port: a2273f55-df85-4fd8-a30e-2e7bc6f0db39. [pid: 8|app: 0|req: 1339/2592] 199.204.45.222 () {36 vars in 997 bytes} [Sat May 30 06:41:34 2026] DELETE /v2.0/ports/a2273f55-df85-4fd8-a30e-2e7bc6f0db39 => generated 0 bytes in 547 msecs (HTTP/1.1 204) 3 headers in 131 bytes (1 switches on core 0)
2026-05-30 06:41:35.002 8 INFO neutron.notifiers.nova [-] Nova event matching ['req-5aff6309-8fe2-4cab-b3b1-4772d1208a18'] response: {'server_uuid': '63026f86-6f9d-4871-9f23-e7ca3c93bd3d', 'name': 'network-vif-deleted', 'tag': 'a2273f55-df85-4fd8-a30e-2e7bc6f0db39', 'status': 'completed', 'code': 200}
2026-05-30 06:41:35.090 8 INFO neutron.db.ovn_revision_numbers_db [None req-8094bebe-c7a6-4880-bfb9-dae390574843 8644a1d5722a41f99b18ed4025124bd1 dfe62dcb273a4f23834b16ef8f61ba38 - - default default] Successfully bumped revision number for resource 7d8a0d3c-2fda-48de-93bf-dacc81213f3e (type: security_group_rules) to 0
2026-05-30 06:41:35.096 7 WARNING neutron.scheduler.dhcp_agent_scheduler [None req-8cc3e33d-d8c8-4924-bad0-e7fad3e60cc8 ee1608e459fb40389dfe71da68903e68 874894722b0a455aa4e85214e93ecb99 - - default default] No more DHCP agents
2026-05-30 06:41:35.098 7 WARNING neutron.api.rpc.agentnotifiers.dhcp_rpc_agent_api [None req-8cc3e33d-d8c8-4924-bad0-e7fad3e60cc8 ee1608e459fb40389dfe71da68903e68 874894722b0a455aa4e85214e93ecb99 - - default default] Unable to schedule network 82545089-b623-4c39-81f5-f46e6d825920: no agents available; will retry on subsequent port and subnet creation events. [pid: 8|app: 0|req: 1340/2593] 10.0.0.28 () {34 vars in 694 bytes} [Sat May 30 06:41:34 2026] POST /v2.0/security-group-rules => generated 597 bytes in 242 msecs (HTTP/1.1 201) 4 headers in 162 bytes (1 switches on core 0) [pid: 8|app: 0|req: 1341/2594] 10.0.0.114 () {34 vars in 990 bytes} [Sat May 30 06:41:35 2026] GET /v2.0/ports?device_id=63026f86-6f9d-4871-9f23-e7ca3c93bd3d => generated 12 bytes in 19 msecs (HTTP/1.1 200) 4 headers in 156 bytes (1 switches on core 0)
2026-05-30 06:41:35.259 7 INFO neutron.db.ovn_revision_numbers_db [None req-8cc3e33d-d8c8-4924-bad0-e7fad3e60cc8 ee1608e459fb40389dfe71da68903e68 874894722b0a455aa4e85214e93ecb99 - - default default] Successfully bumped revision number for resource 11ca406a-63de-4221-bbc8-b4c067187e3c (type: ports) to 1
2026-05-30 06:41:35.332 8 INFO neutron.db.ovn_revision_numbers_db [None req-cbcd93e1-33e4-4f54-976b-9b94c496b2a9 8644a1d5722a41f99b18ed4025124bd1 dfe62dcb273a4f23834b16ef8f61ba38 - - default default] Successfully bumped revision number for resource cc0a7616-ca32-4c7f-8db2-4e9f3384312f (type: security_group_rules) to 0 [pid: 8|app: 0|req: 1342/2595] 10.0.0.28 () {34 vars in 694 bytes} [Sat May 30 06:41:35 2026] POST /v2.0/security-group-rules => generated 597 bytes in 217 msecs (HTTP/1.1 201) 4 headers in 162 bytes (1 switches on core 0)
2026-05-30 06:41:35.549 8 INFO neutron.db.ovn_revision_numbers_db [None req-7a8cc3cb-57c4-4eec-b02c-8b3e93a5a428 8644a1d5722a41f99b18ed4025124bd1 dfe62dcb273a4f23834b16ef8f61ba38 - - default default] Successfully bumped revision number for resource d54f2e1c-30a3-4b67-b032-bbbba7a489d7 (type: security_group_rules) to 0 [pid: 8|app: 0|req: 1343/2596] 10.0.0.28 () {34 vars in 694 bytes} [Sat May 30 06:41:35 2026] POST /v2.0/security-group-rules => generated 599 bytes in 211 msecs (HTTP/1.1 201) 4 headers in 162 bytes (1 switches on core 0)
2026-05-30 06:41:35.720 8 WARNING neutron.plugins.ml2.drivers.ovn.mech_driver.ovsdb.ovn_client [None req-ea370d4b-7822-4195-b9f5-392b4ba0dfe6 - - - - - -] No hosting information found for port 2ea6e0a1-e9ec-4071-9fc4-7165bdde0259: RuntimeError: No hosting information found for port 2ea6e0a1-e9ec-4071-9fc4-7165bdde0259
2026-05-30 06:41:35.856 8 INFO neutron.db.ovn_revision_numbers_db [None req-ea370d4b-7822-4195-b9f5-392b4ba0dfe6 - - - - - -] Successfully bumped revision number for resource 2ea6e0a1-e9ec-4071-9fc4-7165bdde0259 (type: router_ports) to 2
2026-05-30 06:41:35.859 8 INFO neutron.db.ovn_revision_numbers_db [None req-b1bd70a1-ef69-4a6d-9ec1-8f3d49f3d6c9 8644a1d5722a41f99b18ed4025124bd1 dfe62dcb273a4f23834b16ef8f61ba38 - - default default] Successfully bumped revision number for resource 40b7addb-86bf-4004-be96-56794ccb7e10 (type: security_group_rules) to 0
2026-05-30 06:41:35.861 7 INFO neutron.plugins.ml2.drivers.ovn.mech_driver.ovsdb.commands [None req-b96a4d7d-ebf3-4857-a60d-4a5dae68fd14 - - - - - -] Schedule LRP lrp-11ca406a-63de-4221-bbc8-b4c067187e3c on gateway 6f774141-5105-4f0c-be7c-65a5e16b32b4 with priority 1
2026-05-30 06:41:35.911 7 INFO neutron.db.ovn_revision_numbers_db [None req-8cc3e33d-d8c8-4924-bad0-e7fad3e60cc8 ee1608e459fb40389dfe71da68903e68 874894722b0a455aa4e85214e93ecb99 - - default default] Successfully bumped revision number for resource 11ca406a-63de-4221-bbc8-b4c067187e3c (type: router_ports) to 1
2026-05-30 06:41:35.929 8 INFO neutron.plugins.ml2.drivers.ovn.mech_driver.mech_driver [None req-ea370d4b-7822-4195-b9f5-392b4ba0dfe6 - - - - - -] OVN reports status down for port: d3d3455d-6457-44ab-8742-cfccc97ec832 [pid: 8|app: 0|req: 1344/2597] 10.0.0.28 () {34 vars in 694 bytes} [Sat May 30 06:41:35 2026] POST /v2.0/security-group-rules => generated 601 bytes in 363 msecs (HTTP/1.1 201) 4 headers in 162 bytes (1 switches on core 0)
2026-05-30 06:41:35.978 7 INFO neutron.db.ovn_revision_numbers_db [None req-8cc3e33d-d8c8-4924-bad0-e7fad3e60cc8 ee1608e459fb40389dfe71da68903e68 874894722b0a455aa4e85214e93ecb99 - - default default] Successfully bumped revision number for resource d00e93a8-7fdd-41f9-a2af-294350c47482 (type: routers) to 2 [pid: 7|app: 0|req: 1254/2598] 10.0.0.28 () {34 vars in 668 bytes} [Sat May 30 06:41:34 2026] POST /v2.0/routers => generated 936 bytes in 1416 msecs (HTTP/1.1 201) 4 headers in 162 bytes (1 switches on core 0)
2026-05-30 06:41:36.028 8 WARNING neutron.plugins.ml2.drivers.ovn.mech_driver.ovsdb.ovn_client [None req-ea370d4b-7822-4195-b9f5-392b4ba0dfe6 - - - - - -] Logical_Switch_Port d3d3455d-6457-44ab-8742-cfccc97ec832 host information not removed, the port state is up
2026-05-30 06:41:36.029 8 INFO neutron.plugins.ml2.drivers.ovn.mech_driver.mech_driver [None req-ea370d4b-7822-4195-b9f5-392b4ba0dfe6 - - - - - -] OVN reports status up for port: d3d3455d-6457-44ab-8742-cfccc97ec832
2026-05-30 06:41:36.052 8 INFO neutron.plugins.ml2.plugin [None req-ea370d4b-7822-4195-b9f5-392b4ba0dfe6 - - - - - -] Attempt 1 to provision port d3d3455d-6457-44ab-8742-cfccc97ec832
2026-05-30 06:41:36.152 7 WARNING neutron.plugins.ml2.drivers.ovn.mech_driver.ovsdb.ovn_client [None req-4a7f8ba1-f728-4de5-8340-3a89cd65e7bc - - - - - -] No hosting information found for port 6f11614d-6adf-407a-ae6e-65f5ad4a981d: RuntimeError: No hosting information found for port 6f11614d-6adf-407a-ae6e-65f5ad4a981d
2026-05-30 06:41:36.277 8 INFO neutron.db.ovn_revision_numbers_db [None req-173ac10e-6ed4-44b7-87dc-4bdc86fdf5b4 8644a1d5722a41f99b18ed4025124bd1 dfe62dcb273a4f23834b16ef8f61ba38 - - default default] Successfully bumped revision number for resource 055ad14f-1572-42d1-b30b-7984e71afdae (type: security_group_rules) to 0
2026-05-30 06:41:36.317 7 INFO neutron.db.ovn_revision_numbers_db [None req-4a7f8ba1-f728-4de5-8340-3a89cd65e7bc - - - - - -] Successfully bumped revision number for resource 6f11614d-6adf-407a-ae6e-65f5ad4a981d (type: router_ports) to 2 [pid: 8|app: 0|req: 1345/2599] 10.0.0.28 () {34 vars in 694 bytes} [Sat May 30 06:41:35 2026] POST /v2.0/security-group-rules => generated 597 bytes in 385 msecs (HTTP/1.1 201) 4 headers in 162 bytes (1 switches on core 0) [pid: 8|app: 0|req: 1346/2600] 10.0.0.114 () {34 vars in 990 bytes} [Sat May 30 06:41:36 2026] GET /v2.0/ports?device_id=63026f86-6f9d-4871-9f23-e7ca3c93bd3d => generated 12 bytes in 27 msecs (HTTP/1.1 200) 4 headers in 156 bytes (1 switches on core 0)
2026-05-30 06:41:36.395 7 INFO neutron.plugins.ml2.drivers.ovn.mech_driver.mech_driver [None req-4a7f8ba1-f728-4de5-8340-3a89cd65e7bc - - - - - -] OVN reports status down for port: 11ca406a-63de-4221-bbc8-b4c067187e3c
2026-05-30 06:41:36.574 7 WARNING neutron.plugins.ml2.drivers.ovn.mech_driver.ovsdb.ovn_client [None req-4a7f8ba1-f728-4de5-8340-3a89cd65e7bc - - - - - -] Logical_Switch_Port 11ca406a-63de-4221-bbc8-b4c067187e3c host information not removed, the port state is up
2026-05-30 06:41:36.575 7 INFO neutron.plugins.ml2.drivers.ovn.mech_driver.mech_driver [None req-4a7f8ba1-f728-4de5-8340-3a89cd65e7bc - - - - - -] OVN reports status up for port: 11ca406a-63de-4221-bbc8-b4c067187e3c
2026-05-30 06:41:36.604 7 INFO neutron.plugins.ml2.plugin [None req-4a7f8ba1-f728-4de5-8340-3a89cd65e7bc - - - - - -] Attempt 1 to provision port 11ca406a-63de-4221-bbc8-b4c067187e3c [pid: 8|app: 0|req: 1347/2601] 10.0.0.114 () {34 vars in 1094 bytes} [Sat May 30 06:41:36 2026] GET /v2.0/security-groups?name=tempest-lb_member_SG-233897042&fields=id&tenant_id=dfe62dcb273a4f23834b16ef8f61ba38 => generated 69 bytes in 68 msecs (HTTP/1.1 200) 4 headers in 156 bytes (1 switches on core 0)
2026-05-30 06:41:36.654 8 INFO neutron.db.ovn_revision_numbers_db [None req-ea370d4b-7822-4195-b9f5-392b4ba0dfe6 - - - - - -] Successfully bumped revision number for resource d3d3455d-6457-44ab-8742-cfccc97ec832 (type: ports) to 2 [pid: 8|app: 0|req: 1348/2602] 10.0.0.114 () {34 vars in 982 bytes} [Sat May 30 06:41:36 2026] GET /v2.0/networks?id=7560d23a-7b1d-49b7-b523-005a98d4fca2 => generated 743 bytes in 79 msecs (HTTP/1.1 200) 4 headers in 157 bytes (1 switches on core 0) [pid: 8|app: 0|req: 1349/2603] 10.0.0.114 () {34 vars in 965 bytes} [Sat May 30 06:41:36 2026] GET /v2.0/quotas/dfe62dcb273a4f23834b16ef8f61ba38 => generated 292 bytes in 24 msecs (HTTP/1.1 200) 4 headers in 157 bytes (1 switches on core 0)
2026-05-30 06:41:36.875 7 WARNING neutron.scheduler.dhcp_agent_scheduler [None req-348f6848-667d-4a24-aa39-5850e51658a5 ee1608e459fb40389dfe71da68903e68 874894722b0a455aa4e85214e93ecb99 - - default default] No more DHCP agents
2026-05-30 06:41:36.877 7 WARNING neutron.api.rpc.agentnotifiers.dhcp_rpc_agent_api [None req-348f6848-667d-4a24-aa39-5850e51658a5 ee1608e459fb40389dfe71da68903e68 874894722b0a455aa4e85214e93ecb99 - - default default] Unable to schedule network a87ebf3e-a148-469f-83d6-0430c83d55f3: no agents available; will retry on subsequent port and subnet creation events. [pid: 8|app: 0|req: 1350/2604] 10.0.0.114 () {34 vars in 1002 bytes} [Sat May 30 06:41:36 2026] GET /v2.0/ports?tenant_id=dfe62dcb273a4f23834b16ef8f61ba38&fields=id => generated 287 bytes in 174 msecs (HTTP/1.1 200) 4 headers in 157 bytes (1 switches on core 0) [pid: 8|app: 0|req: 1351/2605] 10.0.0.114 () {34 vars in 1008 bytes} [Sat May 30 06:41:36 2026] GET /v2.0/networks/7560d23a-7b1d-49b7-b523-005a98d4fca2?fields=segments => generated 14 bytes in 57 msecs (HTTP/1.1 200) 4 headers in 156 bytes (1 switches on core 0)
2026-05-30 06:41:37.019 7 INFO neutron.db.ovn_revision_numbers_db [None req-348f6848-667d-4a24-aa39-5850e51658a5 ee1608e459fb40389dfe71da68903e68 874894722b0a455aa4e85214e93ecb99 - - default default] Successfully bumped revision number for resource 3201c4ff-6a02-499e-8516-9ee660f89a3e (type: ports) to 1 [pid: 8|app: 0|req: 1352/2606] 10.0.0.114 () {34 vars in 1108 bytes} [Sat May 30 06:41:37 2026] GET /v2.0/networks/7560d23a-7b1d-49b7-b523-005a98d4fca2?fields=provider%3Aphysical_network&fields=provider%3Anetwork_type => generated 79 bytes in 53 msecs (HTTP/1.1 200) 4 headers in 156 bytes (1 switches on core 0) [pid: 8|app: 0|req: 1353/2607] 10.0.0.114 () {34 vars in 990 bytes} [Sat May 30 06:41:37 2026] GET /v2.0/ports?device_id=7730bc34-e6fb-46ec-bb48-529717410a77 => generated 12 bytes in 23 msecs (HTTP/1.1 200) 4 headers in 156 bytes (1 switches on core 0) [pid: 8|app: 0|req: 1354/2608] 10.0.0.114 () {34 vars in 990 bytes} [Sat May 30 06:41:37 2026] GET /v2.0/ports?device_id=63026f86-6f9d-4871-9f23-e7ca3c93bd3d => generated 12 bytes in 41 msecs (HTTP/1.1 200) 4 headers in 156 bytes (1 switches on core 0)
2026-05-30 06:41:37.798 7 WARNING neutron.scheduler.dhcp_agent_scheduler [None req-348f6848-667d-4a24-aa39-5850e51658a5 ee1608e459fb40389dfe71da68903e68 874894722b0a455aa4e85214e93ecb99 - - default default] No more DHCP agents
2026-05-30 06:41:37.799 7 WARNING neutron.api.rpc.agentnotifiers.dhcp_rpc_agent_api [None req-348f6848-667d-4a24-aa39-5850e51658a5 ee1608e459fb40389dfe71da68903e68 874894722b0a455aa4e85214e93ecb99 - - default default] Unable to schedule network a87ebf3e-a148-469f-83d6-0430c83d55f3: no agents available; will retry on subsequent port and subnet creation events.
2026-05-30 06:41:38.144 7 INFO neutron.db.ovn_revision_numbers_db [None req-348f6848-667d-4a24-aa39-5850e51658a5 ee1608e459fb40389dfe71da68903e68 874894722b0a455aa4e85214e93ecb99 - - default default] Successfully bumped revision number for resource 3201c4ff-6a02-499e-8516-9ee660f89a3e (type: router_ports) to 1 [pid: 7|app: 0|req: 1255/2609] 10.0.0.28 () {34 vars in 782 bytes} [Sat May 30 06:41:36 2026] PUT /v2.0/routers/d00e93a8-7fdd-41f9-a2af-294350c47482/add_router_interface => generated 309 bytes in 2147 msecs (HTTP/1.1 200) 4 headers in 157 bytes (1 switches on core 0)
2026-05-30 06:41:38.699 8 WARNING neutron.scheduler.dhcp_agent_scheduler [None req-7d7cdeb0-3e2f-47c0-a805-fd45ffee2941 - - - - - -] No more DHCP agents
2026-05-30 06:41:38.700 8 WARNING neutron.api.rpc.agentnotifiers.dhcp_rpc_agent_api [None req-7d7cdeb0-3e2f-47c0-a805-fd45ffee2941 - - - - - -] Unable to schedule network 82545089-b623-4c39-81f5-f46e6d825920: no agents available; will retry on subsequent port and subnet creation events. [pid: 7|app: 0|req: 1256/2610] 10.0.0.28 () {32 vars in 739 bytes} [Sat May 30 06:41:38 2026] DELETE /v2.0/security-groups/5d1a024d-88c3-476c-8004-7190b7647dbf => generated 0 bytes in 193 msecs (HTTP/1.1 204) 2 headers in 112 bytes (1 switches on core 0)
2026-05-30 06:41:38.835 8 INFO neutron.db.ovn_revision_numbers_db [None req-7d7cdeb0-3e2f-47c0-a805-fd45ffee2941 - - - - - -] Successfully bumped revision number for resource a0a60ca1-fabf-4038-8bfc-f4e077f0d008 (type: ports) to 1
2026-05-30 06:41:38.908 7 INFO neutron_taas.services.taas.taas_plugin [None req-12855b20-2bd7-4d32-a6a1-4c1afa98ba4f 8e9a780ad2b34f86af53bcb538e765ba 89cb342350b1459bb60717b99506f9a3 - - default default] TaaS: Handle Delete Port: b176b5d4-5fcb-45c9-a864-3f8523706fa3
2026-05-30 06:41:38.912 7 INFO neutron_taas.services.taas.tap_mirror_plugin [None req-12855b20-2bd7-4d32-a6a1-4c1afa98ba4f 8e9a780ad2b34f86af53bcb538e765ba 89cb342350b1459bb60717b99506f9a3 - - default default] Tap Mirror: Handle Delete Port: b176b5d4-5fcb-45c9-a864-3f8523706fa3
2026-05-30 06:41:39.066 8 INFO neutron.db.ovn_revision_numbers_db [None req-7d7cdeb0-3e2f-47c0-a805-fd45ffee2941 - - - - - -] Successfully bumped revision number for resource a0a60ca1-fabf-4038-8bfc-f4e077f0d008 (type: ports) to 3 [pid: 7|app: 0|req: 1257/2611] 10.0.0.28 () {32 vars in 731 bytes} [Sat May 30 06:41:38 2026] DELETE /v2.0/floatingips/168fda98-5913-4cf7-a7b6-8567b74de666 => generated 0 bytes in 321 msecs (HTTP/1.1 204) 2 headers in 112 bytes (1 switches on core 0)
2026-05-30 06:41:39.128 8 INFO neutron.db.segments_db [None req-7d7cdeb0-3e2f-47c0-a805-fd45ffee2941 - - - - - -] Added segment 6d8f2d74-cf6b-495d-b685-bffc640ef91e of type geneve for network a6a16549-6010-4c62-b603-829658345592
2026-05-30 06:41:39.239 8 INFO neutron.db.ovn_revision_numbers_db [None req-f78760db-6da4-480b-a54f-34c3de6a1f53 - - - - - -] Successfully bumped revision number for resource a6a16549-6010-4c62-b603-829658345592 (type: networks) to 1 [pid: 7|app: 0|req: 1258/2612] 10.0.0.114 () {34 vars in 990 bytes} [Sat May 30 06:41:39 2026] GET /v2.0/ports?device_id=3a47f742-5bad-4d3c-85d0-7827e8075cd1 => generated 971 bytes in 75 msecs (HTTP/1.1 200) 4 headers in 157 bytes (1 switches on core 0) [pid: 7|app: 0|req: 1259/2613] 10.0.0.114 () {34 vars in 1040 bytes} [Sat May 30 06:41:39 2026] GET /v2.0/security-groups?id=c97fba11-6f48-4648-8f52-444d334c28f1&fields=id&fields=name => generated 114 bytes in 32 msecs (HTTP/1.1 200) 4 headers in 157 bytes (1 switches on core 0)
2026-05-30 06:41:39.392 8 WARNING neutron.scheduler.dhcp_agent_scheduler [None req-f78760db-6da4-480b-a54f-34c3de6a1f53 - - - - - -] No more DHCP agents
2026-05-30 06:41:39.392 8 WARNING neutron.api.rpc.agentnotifiers.dhcp_rpc_agent_api [None req-f78760db-6da4-480b-a54f-34c3de6a1f53 - - - - - -] Unable to schedule network a6a16549-6010-4c62-b603-829658345592: no agents available; will retry on subsequent port and subnet creation events.
2026-05-30 06:41:39.474 8 INFO neutron.db.ovn_revision_numbers_db [None req-f78760db-6da4-480b-a54f-34c3de6a1f53 - - - - - -] Successfully bumped revision number for resource 0cda7773-b53e-4be0-be09-dc9a3825fdf6 (type: ports) to 1
2026-05-30 06:41:39.576 8 WARNING neutron.scheduler.dhcp_agent_scheduler [None req-f78760db-6da4-480b-a54f-34c3de6a1f53 - - - - - -] No more DHCP agents
2026-05-30 06:41:39.577 8 WARNING neutron.api.rpc.agentnotifiers.dhcp_rpc_agent_api [None req-f78760db-6da4-480b-a54f-34c3de6a1f53 - - - - - -] Unable to schedule network a6a16549-6010-4c62-b603-829658345592: no agents available; will retry on subsequent port and subnet creation events.
2026-05-30 06:41:39.595 8 INFO neutron.db.ovn_revision_numbers_db [None req-f78760db-6da4-480b-a54f-34c3de6a1f53 - - - - - -] Successfully bumped revision number for resource ba22c337-01d9-4031-a411-4c180ce18768 (type: subnets) to 0
2026-05-30 06:41:39.963 8 WARNING neutron.scheduler.dhcp_agent_scheduler [None req-f78760db-6da4-480b-a54f-34c3de6a1f53 - - - - - -] No more DHCP agents
2026-05-30 06:41:39.965 8 WARNING neutron.api.rpc.agentnotifiers.dhcp_rpc_agent_api [None req-f78760db-6da4-480b-a54f-34c3de6a1f53 - - - - - -] Unable to schedule network a6a16549-6010-4c62-b603-829658345592: no agents available; will retry on subsequent port and subnet creation events.
2026-05-30 06:41:40.088 8 INFO neutron.db.ovn_revision_numbers_db [None req-f78760db-6da4-480b-a54f-34c3de6a1f53 - - - - - -] Successfully bumped revision number for resource 89a48eeb-eee3-4974-bf3d-4c0e3f560a4f (type: ports) to 1 [pid: 7|app: 0|req: 1260/2614] 10.0.0.114 () {34 vars in 990 bytes} [Sat May 30 06:41:40 2026] GET /v2.0/ports?device_id=3a47f742-5bad-4d3c-85d0-7827e8075cd1 => generated 971 bytes in 45 msecs (HTTP/1.1 200) 4 headers in 157 bytes (1 switches on core 0) [pid: 7|app: 0|req: 1261/2615] 10.0.0.114 () {34 vars in 1040 bytes} [Sat May 30 06:41:40 2026] GET /v2.0/security-groups?id=c97fba11-6f48-4648-8f52-444d334c28f1&fields=id&fields=name => generated 114 bytes in 32 msecs (HTTP/1.1 200) 4 headers in 157 bytes (1 switches on core 0)
2026-05-30 06:41:40.721 8 WARNING neutron.scheduler.dhcp_agent_scheduler [None req-f78760db-6da4-480b-a54f-34c3de6a1f53 - - - - - -] No more DHCP agents
2026-05-30 06:41:40.722 8 WARNING neutron.api.rpc.agentnotifiers.dhcp_rpc_agent_api [None req-f78760db-6da4-480b-a54f-34c3de6a1f53 - - - - - -] Unable to schedule network a6a16549-6010-4c62-b603-829658345592: no agents available; will retry on subsequent port and subnet creation events.
2026-05-30 06:41:41.214 8 INFO neutron.db.ovn_revision_numbers_db [None req-f78760db-6da4-480b-a54f-34c3de6a1f53 - - - - - -] Successfully bumped revision number for resource 89a48eeb-eee3-4974-bf3d-4c0e3f560a4f (type: router_ports) to 1
2026-05-30 06:41:41.460 8 WARNING neutron.scheduler.dhcp_agent_scheduler [None req-f78760db-6da4-480b-a54f-34c3de6a1f53 - - - - - -] No more DHCP agents
2026-05-30 06:41:41.461 8 WARNING neutron.api.rpc.agentnotifiers.dhcp_rpc_agent_api [None req-f78760db-6da4-480b-a54f-34c3de6a1f53 - - - - - -] Unable to schedule network a6a16549-6010-4c62-b603-829658345592: no agents available; will retry on subsequent port and subnet creation events. [pid: 7|app: 0|req: 1262/2616] 199.204.45.222 () {34 vars in 986 bytes} [Sat May 30 06:41:41 2026] GET /v2.0/networks?id=7560d23a-7b1d-49b7-b523-005a98d4fca2 => generated 743 bytes in 55 msecs (HTTP/1.1 200) 4 headers in 157 bytes (1 switches on core 0) [pid: 7|app: 0|req: 1263/2617] 199.204.45.222 () {34 vars in 994 bytes} [Sat May 30 06:41:41 2026] GET /v2.0/ports?device_id=3a47f742-5bad-4d3c-85d0-7827e8075cd1 => generated 971 bytes in 35 msecs (HTTP/1.1 200) 4 headers in 157 bytes (1 switches on core 0) [pid: 7|app: 0|req: 1264/2618] 199.204.45.222 () {34 vars in 1050 bytes} [Sat May 30 06:41:41 2026] GET /v2.0/security-groups?fields=id&fields=name&tenant_id=dfe62dcb273a4f23834b16ef8f61ba38 => generated 178 bytes in 51 msecs (HTTP/1.1 200) 4 headers in 157 bytes (1 switches on core 0)
2026-05-30 06:41:41.603 8 INFO neutron.db.ovn_revision_numbers_db [None req-f78760db-6da4-480b-a54f-34c3de6a1f53 - - - - - -] Successfully bumped revision number for resource 62fe248e-c41b-4aa2-b6dc-30ca74bf765f (type: ports) to 1 [pid: 7|app: 0|req: 1265/2619] 10.0.0.114 () {34 vars in 990 bytes} [Sat May 30 06:41:41 2026] GET /v2.0/ports?device_id=3a47f742-5bad-4d3c-85d0-7827e8075cd1 => generated 971 bytes in 46 msecs (HTTP/1.1 200) 4 headers in 157 bytes (1 switches on core 0)
2026-05-30 06:41:41.659 7 WARNING neutron.plugins.ml2.drivers.ovn.mech_driver.ovsdb.ovn_client [None req-4a7f8ba1-f728-4de5-8340-3a89cd65e7bc - - - - - -] No hosting information found for port 11ca406a-63de-4221-bbc8-b4c067187e3c: RuntimeError: No hosting information found for port 11ca406a-63de-4221-bbc8-b4c067187e3c
2026-05-30 06:41:41.660 7 INFO neutron.plugins.ml2.drivers.ovn.mech_driver.mech_driver [None req-4a7f8ba1-f728-4de5-8340-3a89cd65e7bc - - - - - -] OVN reports status down for port: a0a60ca1-fabf-4038-8bfc-f4e077f0d008
2026-05-30 06:41:41.758 7 INFO neutron.plugins.ml2.drivers.ovn.mech_driver.mech_driver [None req-4a7f8ba1-f728-4de5-8340-3a89cd65e7bc - - - - - -] OVN reports status down for port: 04c0a513-97af-429e-a26e-1086e48be8a8
2026-05-30 06:41:41.766 8 WARNING neutron.plugins.ml2.drivers.ovn.mech_driver.ovsdb.ovn_client [None req-b3a49481-765a-468f-a7bd-3401b02f4087 - - - - - -] No hosting information found for port d3d3455d-6457-44ab-8742-cfccc97ec832: RuntimeError: No hosting information found for port d3d3455d-6457-44ab-8742-cfccc97ec832
2026-05-30 06:41:41.891 7 INFO neutron_taas.services.taas.taas_plugin [req-ceb281ac-7e2e-40a7-acff-0122890f1ad1 req-5ed5dc8c-90e0-4d81-872a-8d8103c771c3 8e9a780ad2b34f86af53bcb538e765ba 89cb342350b1459bb60717b99506f9a3 - - default default] TaaS: Handle Delete Port: 04c0a513-97af-429e-a26e-1086e48be8a8
2026-05-30 06:41:41.904 7 INFO neutron_taas.services.taas.tap_mirror_plugin [req-ceb281ac-7e2e-40a7-acff-0122890f1ad1 req-5ed5dc8c-90e0-4d81-872a-8d8103c771c3 8e9a780ad2b34f86af53bcb538e765ba 89cb342350b1459bb60717b99506f9a3 - - default default] Tap Mirror: Handle Delete Port: 04c0a513-97af-429e-a26e-1086e48be8a8
2026-05-30 06:41:41.943 8 INFO neutron.db.ovn_revision_numbers_db [None req-b3a49481-765a-468f-a7bd-3401b02f4087 - - - - - -] Successfully bumped revision number for resource d3d3455d-6457-44ab-8742-cfccc97ec832 (type: router_ports) to 2
2026-05-30 06:41:41.945 8 INFO neutron.plugins.ml2.drivers.ovn.mech_driver.mech_driver [None req-b3a49481-765a-468f-a7bd-3401b02f4087 - - - - - -] OVN reports status down for port: a2273f55-df85-4fd8-a30e-2e7bc6f0db39
2026-05-30 06:41:41.961 8 INFO neutron.db.ovn_revision_numbers_db [None req-f78760db-6da4-480b-a54f-34c3de6a1f53 - - - - - -] Successfully bumped revision number for resource 62fe248e-c41b-4aa2-b6dc-30ca74bf765f (type: ports) to 3
2026-05-30 06:41:41.962 8 INFO neutron.plugins.ml2.drivers.ovn.mech_driver.mech_driver [None req-b3a49481-765a-468f-a7bd-3401b02f4087 - - - - - -] OVN reports status down for port: ae159b43-9202-498f-af64-8287d69067f1
2026-05-30 06:41:42.014 7 INFO neutron.notifiers.nova [-] Nova event matching ['req-dda4f417-c7f8-4611-8a18-167e346be335'] response: {'server_uuid': '3a47f742-5bad-4d3c-85d0-7827e8075cd1', 'name': 'network-vif-unplugged', 'status': 'completed', 'tag': '04c0a513-97af-429e-a26e-1086e48be8a8', 'code': 200} [pid: 7|app: 0|req: 1266/2620] 199.204.45.222 () {36 vars in 997 bytes} [Sat May 30 06:41:41 2026] DELETE /v2.0/ports/04c0a513-97af-429e-a26e-1086e48be8a8 => generated 0 bytes in 539 msecs (HTTP/1.1 204) 3 headers in 131 bytes (1 switches on core 0)
2026-05-30 06:41:42.172 7 WARNING neutron.plugins.ml2.drivers.ovn.mech_driver.ovsdb.ovn_client [None req-4a7f8ba1-f728-4de5-8340-3a89cd65e7bc - - - - - -] Logical_Switch_Port deleted concurrently: 04c0a513-97af-429e-a26e-1086e48be8a8
2026-05-30 06:41:42.207 7 ERROR ovsdbapp.backend.ovs_idl.command [None req-a0b135e5-6c76-4216-907a-7c61771a2018 - - - - - -] Error executing command (LspGetUpCommand): ovsdbapp.backend.ovs_idl.idlutils.RowNotFound: Cannot find Logical_Switch_Port with name=04c0a513-97af-429e-a26e-1086e48be8a8
2026-05-30 06:41:42.207 7 ERROR ovsdbapp.backend.ovs_idl.command
Traceback (most recent call last):
2026-05-30 06:41:42.207 7 ERROR ovsdbapp.backend.ovs_idl.command
File "/var/lib/openstack/lib/python3.12/site-packages/ovsdbapp/backend/ovs_idl/command.py", line 47, in execute
2026-05-30 06:41:42.207 7 ERROR ovsdbapp.backend.ovs_idl.command self.run_idl(None)
2026-05-30 06:41:42.207 7 ERROR ovsdbapp.backend.ovs_idl.command
File "/var/lib/openstack/lib/python3.12/site-packages/ovsdbapp/schema/ovn_northbound/commands.py", line 681, in run_idl
2026-05-30 06:41:42.207 7 ERROR ovsdbapp.backend.ovs_idl.command lsp = self.api.lookup('Logical_Switch_Port', self.port)
2026-05-30 06:41:42.207 7 ERROR ovsdbapp.backend.ovs_idl.command ^^^^^^^^^^^^^^^^^^^^^^^^^^^^^^^^^^^^^^^^^^^^^^^^^
2026-05-30 06:41:42.207 7 ERROR ovsdbapp.backend.ovs_idl.command
File "/var/lib/openstack/lib/python3.12/site-packages/ovsdbapp/backend/ovs_idl/__init__.py", line 184, in lookup
2026-05-30 06:41:42.207 7 ERROR ovsdbapp.backend.ovs_idl.command return self._lookup(table, record)
2026-05-30 06:41:42.207 7 ERROR ovsdbapp.backend.ovs_idl.command ^^^^^^^^^^^^^^^^^^^^^^^^^^^
2026-05-30 06:41:42.207 7 ERROR ovsdbapp.backend.ovs_idl.command
File "/var/lib/openstack/lib/python3.12/site-packages/ovsdbapp/backend/ovs_idl/__init__.py", line 235, in _lookup
2026-05-30 06:41:42.207 7 ERROR ovsdbapp.backend.ovs_idl.command row = idlutils.row_by_value(self, rl.table, rl.column, record)
2026-05-30 06:41:42.207 7 ERROR ovsdbapp.backend.ovs_idl.command ^^^^^^^^^^^^^^^^^^^^^^^^^^^^^^^^^^^^^^^^^^^^^^^^^^^^^^^^
2026-05-30 06:41:42.207 7 ERROR ovsdbapp.backend.ovs_idl.command
File "/var/lib/openstack/lib/python3.12/site-packages/ovsdbapp/backend/ovs_idl/idlutils.py", line 114, in row_by_value
2026-05-30 06:41:42.207 7 ERROR ovsdbapp.backend.ovs_idl.command raise RowNotFound(table=table, col=column, match=match)
2026-05-30 06:41:42.207 7 ERROR ovsdbapp.backend.ovs_idl.command ovsdbapp.backend.ovs_idl.idlutils.RowNotFound: Cannot find Logical_Switch_Port with name=04c0a513-97af-429e-a26e-1086e48be8a8
2026-05-30 06:41:42.207 7 ERROR ovsdbapp.backend.ovs_idl.command
2026-05-30 06:41:42.212 7 ERROR ovsdbapp.event [None req-a0b135e5-6c76-4216-907a-7c61771a2018 - - - - - -] Unexpected exception in notify_loop: ovsdbapp.backend.ovs_idl.idlutils.RowNotFound: Cannot find Logical_Switch_Port with name=04c0a513-97af-429e-a26e-1086e48be8a8
2026-05-30 06:41:42.212 7 ERROR ovsdbapp.event
Traceback (most recent call last):
2026-05-30 06:41:42.212 7 ERROR ovsdbapp.event
File "/var/lib/openstack/lib/python3.12/site-packages/ovsdbapp/event.py", line 177, in notify_loop
2026-05-30 06:41:42.212 7 ERROR ovsdbapp.event match.run(event, row, updates)
2026-05-30 06:41:42.212 7 ERROR ovsdbapp.event
File "/var/lib/openstack/lib/python3.12/site-packages/neutron/plugins/ml2/drivers/ovn/mech_driver/ovsdb/ovsdb_monitor.py", line 568, in run
2026-05-30 06:41:42.212 7 ERROR ovsdbapp.event self.driver.set_port_status_down(row.name)
2026-05-30 06:41:42.212 7 ERROR ovsdbapp.event
File "/var/lib/openstack/lib/python3.12/site-packages/neutron/plugins/ml2/drivers/ovn/mech_driver/mech_driver.py", line 1387, in set_port_status_down
2026-05-30 06:41:42.212 7 ERROR ovsdbapp.event self._ovn_client.update_lsp_host_info(
2026-05-30 06:41:42.212 7 ERROR ovsdbapp.event
File "/var/lib/openstack/lib/python3.12/site-packages/neutron/plugins/ml2/drivers/ovn/mech_driver/ovsdb/ovn_client.py", line 312, in update_lsp_host_info
2026-05-30 06:41:42.212 7 ERROR ovsdbapp.event port_up = self._nb_idl.lsp_get_up(db_port.id).execute(
2026-05-30 06:41:42.212 7 ERROR ovsdbapp.event ^^^^^^^^^^^^^^^^^^^^^^^^^^^^^^^^^^^^^^^^^^^^
2026-05-30 06:41:42.212 7 ERROR ovsdbapp.event
File "/var/lib/openstack/lib/python3.12/site-packages/ovsdbapp/backend/ovs_idl/command.py", line 47, in execute
2026-05-30 06:41:42.212 7 ERROR ovsdbapp.event self.run_idl(None)
2026-05-30 06:41:42.212 7 ERROR ovsdbapp.event
File "/var/lib/openstack/lib/python3.12/site-packages/ovsdbapp/schema/ovn_northbound/commands.py", line 681, in run_idl
2026-05-30 06:41:42.212 7 ERROR ovsdbapp.event lsp = self.api.lookup('Logical_Switch_Port', self.port)
2026-05-30 06:41:42.212 7 ERROR ovsdbapp.event ^^^^^^^^^^^^^^^^^^^^^^^^^^^^^^^^^^^^^^^^^^^^^^^^^
2026-05-30 06:41:42.212 7 ERROR ovsdbapp.event
File "/var/lib/openstack/lib/python3.12/site-packages/ovsdbapp/backend/ovs_idl/__init__.py", line 184, in lookup
2026-05-30 06:41:42.212 7 ERROR ovsdbapp.event return self._lookup(table, record)
2026-05-30 06:41:42.212 7 ERROR ovsdbapp.event ^^^^^^^^^^^^^^^^^^^^^^^^^^^
2026-05-30 06:41:42.212 7 ERROR ovsdbapp.event
File "/var/lib/openstack/lib/python3.12/site-packages/ovsdbapp/backend/ovs_idl/__init__.py", line 235, in _lookup
2026-05-30 06:41:42.212 7 ERROR ovsdbapp.event row = idlutils.row_by_value(self, rl.table, rl.column, record)
2026-05-30 06:41:42.212 7 ERROR ovsdbapp.event ^^^^^^^^^^^^^^^^^^^^^^^^^^^^^^^^^^^^^^^^^^^^^^^^^^^^^^^^
2026-05-30 06:41:42.212 7 ERROR ovsdbapp.event
File "/var/lib/openstack/lib/python3.12/site-packages/ovsdbapp/backend/ovs_idl/idlutils.py", line 114, in row_by_value
2026-05-30 06:41:42.212 7 ERROR ovsdbapp.event raise RowNotFound(table=table, col=column, match=match)
2026-05-30 06:41:42.212 7 ERROR ovsdbapp.event ovsdbapp.backend.ovs_idl.idlutils.RowNotFound: Cannot find Logical_Switch_Port with name=04c0a513-97af-429e-a26e-1086e48be8a8
2026-05-30 06:41:42.212 7 ERROR ovsdbapp.event
2026-05-30 06:41:42.307 8 INFO neutron.plugins.ml2.drivers.ovn.mech_driver.mech_driver [None req-b3a49481-765a-468f-a7bd-3401b02f4087 - - - - - -] OVN reports status down for port: 3201c4ff-6a02-499e-8516-9ee660f89a3e [pid: 8|app: 0|req: 1355/2621] 10.0.0.28 () {34 vars in 684 bytes} [Sat May 30 06:41:38 2026] POST /v2.0/vpn/vpnservices => generated 458 bytes in 4221 msecs (HTTP/1.1 201) 4 headers in 162 bytes (1 switches on core 0) /var/lib/openstack/lib/python3.12/site-packages/pycadf/identifier.py:70: UserWarning: Invalid uuid: neutron. To ensure interoperability, identifiers should be a valid uuid. warnings.warn(('Invalid uuid: %s. To ensure interoperability, '
2026-05-30 06:41:42.384 8 WARNING neutron.plugins.ml2.drivers.ovn.mech_driver.ovsdb.ovn_client [None req-b3a49481-765a-468f-a7bd-3401b02f4087 - - - - - -] Logical_Switch_Port 3201c4ff-6a02-499e-8516-9ee660f89a3e host information not removed, the port state is up
2026-05-30 06:41:42.384 8 INFO neutron.plugins.ml2.drivers.ovn.mech_driver.mech_driver [None req-b3a49481-765a-468f-a7bd-3401b02f4087 - - - - - -] OVN reports status up for port: 3201c4ff-6a02-499e-8516-9ee660f89a3e
2026-05-30 06:41:42.412 8 INFO neutron.plugins.ml2.plugin [None req-b3a49481-765a-468f-a7bd-3401b02f4087 - - - - - -] Attempt 1 to provision port 3201c4ff-6a02-499e-8516-9ee660f89a3e [pid: 8|app: 0|req: 1356/2622] 10.0.0.114 () {34 vars in 1040 bytes} [Sat May 30 06:41:42 2026] GET /v2.0/security-groups?id=c97fba11-6f48-4648-8f52-444d334c28f1&fields=id&fields=name => generated 114 bytes in 59 msecs (HTTP/1.1 200) 4 headers in 157 bytes (1 switches on core 0) [pid: 8|app: 0|req: 1357/2623] 10.0.0.114 () {34 vars in 990 bytes} [Sat May 30 06:41:42 2026] GET /v2.0/ports?device_id=7730bc34-e6fb-46ec-bb48-529717410a77 => generated 12 bytes in 34 msecs (HTTP/1.1 200) 4 headers in 156 bytes (1 switches on core 0) [pid: 8|app: 0|req: 1358/2624] 10.0.0.28 () {32 vars in 662 bytes} [Sat May 30 06:41:42 2026] GET /v2.0/vpn/vpnservices => generated 1307 bytes in 21 msecs (HTTP/1.1 200) 4 headers in 158 bytes (1 switches on core 0)
2026-05-30 06:41:42.543 7 WARNING neutron.scheduler.dhcp_agent_scheduler [req-0a77f004-93ea-4d8e-8faa-f7156c0bb127 req-6b94640b-bf40-4de9-bf62-0b9ff4cd1aa8 8644a1d5722a41f99b18ed4025124bd1 dfe62dcb273a4f23834b16ef8f61ba38 - - default default] No more DHCP agents
2026-05-30 06:41:42.545 7 WARNING neutron.api.rpc.agentnotifiers.dhcp_rpc_agent_api [req-0a77f004-93ea-4d8e-8faa-f7156c0bb127 req-6b94640b-bf40-4de9-bf62-0b9ff4cd1aa8 8644a1d5722a41f99b18ed4025124bd1 dfe62dcb273a4f23834b16ef8f61ba38 - - default default] Unable to schedule network 7560d23a-7b1d-49b7-b523-005a98d4fca2: no agents available; will retry on subsequent port and subnet creation events.
2026-05-30 06:41:42.660 7 INFO neutron.plugins.ml2.drivers.ovn.mech_driver.mech_driver [None req-a0b135e5-6c76-4216-907a-7c61771a2018 - - - - - -] OVN reports status down for port: 33aa4e71-f74b-425a-a6f1-c7022e4af145
2026-05-30 06:41:42.738 7 INFO neutron.db.ovn_revision_numbers_db [req-0a77f004-93ea-4d8e-8faa-f7156c0bb127 req-6b94640b-bf40-4de9-bf62-0b9ff4cd1aa8 8644a1d5722a41f99b18ed4025124bd1 dfe62dcb273a4f23834b16ef8f61ba38 - - default default] Successfully bumped revision number for resource 33aa4e71-f74b-425a-a6f1-c7022e4af145 (type: ports) to 1 [pid: 7|app: 0|req: 1267/2625] 199.204.45.222 () {38 vars in 955 bytes} [Sat May 30 06:41:42 2026] POST /v2.0/ports => generated 1183 bytes in 657 msecs (HTTP/1.1 201) 4 headers in 163 bytes (1 switches on core 0) /var/lib/openstack/lib/python3.12/site-packages/pycadf/identifier.py:70: UserWarning: Invalid uuid: neutron. To ensure interoperability, identifiers should be a valid uuid. warnings.warn(('Invalid uuid: %s. To ensure interoperability, '
2026-05-30 06:41:42.954 8 INFO neutron_taas.services.taas.taas_plugin [None req-dd6815b4-e8aa-45b8-9671-f5610d030f34 ee1608e459fb40389dfe71da68903e68 874894722b0a455aa4e85214e93ecb99 - - default default] TaaS: Handle Delete Port: a0a60ca1-fabf-4038-8bfc-f4e077f0d008
2026-05-30 06:41:42.960 8 INFO neutron_taas.services.taas.tap_mirror_plugin [None req-dd6815b4-e8aa-45b8-9671-f5610d030f34 ee1608e459fb40389dfe71da68903e68 874894722b0a455aa4e85214e93ecb99 - - default default] Tap Mirror: Handle Delete Port: a0a60ca1-fabf-4038-8bfc-f4e077f0d008
2026-05-30 06:41:43.164 8 INFO neutron.db.ovn_revision_numbers_db [None req-b3a49481-765a-468f-a7bd-3401b02f4087 - - - - - -] Successfully bumped revision number for resource 3201c4ff-6a02-499e-8516-9ee660f89a3e (type: ports) to 2
2026-05-30 06:41:43.259 7 INFO neutron.db.ovn_revision_numbers_db [req-0a77f004-93ea-4d8e-8faa-f7156c0bb127 req-7994da3a-092a-4afe-9e0d-de6817bd22f3 a60f5b9f5fe04da5ac2efdaed7b0a71e fc9e78c3cfcc4134bcd9e40e1bee14aa - - 398f480780ed4253b6e245e0df32b7a8 398f480780ed4253b6e245e0df32b7a8] Successfully bumped revision number for resource 33aa4e71-f74b-425a-a6f1-c7022e4af145 (type: ports) to 2
2026-05-30 06:41:43.406 8 INFO neutron_taas.services.taas.taas_plugin [None req-32c4b659-5779-4627-b1e4-e63ca1e0949a - - - - - -] TaaS: Handle Delete Port: 62fe248e-c41b-4aa2-b6dc-30ca74bf765f
2026-05-30 06:41:43.409 8 INFO neutron_taas.services.taas.tap_mirror_plugin [None req-32c4b659-5779-4627-b1e4-e63ca1e0949a - - - - - -] Tap Mirror: Handle Delete Port: 62fe248e-c41b-4aa2-b6dc-30ca74bf765f
2026-05-30 06:41:43.584 7 INFO neutron.db.ovn_revision_numbers_db [req-0a77f004-93ea-4d8e-8faa-f7156c0bb127 req-7994da3a-092a-4afe-9e0d-de6817bd22f3 a60f5b9f5fe04da5ac2efdaed7b0a71e fc9e78c3cfcc4134bcd9e40e1bee14aa - - 398f480780ed4253b6e245e0df32b7a8 398f480780ed4253b6e245e0df32b7a8] Successfully bumped revision number for resource 33aa4e71-f74b-425a-a6f1-c7022e4af145 (type: ports) to 4 [pid: 7|app: 0|req: 1268/2626] 199.204.45.222 () {38 vars in 1028 bytes} [Sat May 30 06:41:42 2026] PUT /v2.0/ports/33aa4e71-f74b-425a-a6f1-c7022e4af145 => generated 1433 bytes in 774 msecs (HTTP/1.1 200) 4 headers in 158 bytes (1 switches on core 0) /var/lib/openstack/lib/python3.12/site-packages/pycadf/identifier.py:70: UserWarning: Invalid uuid: neutron. To ensure interoperability, identifiers should be a valid uuid. warnings.warn(('Invalid uuid: %s. To ensure interoperability, ' [pid: 7|app: 0|req: 1271/2629] 10.0.0.114 () {34 vars in 990 bytes} [Sat May 30 06:41:43 2026] GET /v2.0/ports?device_id=3a47f742-5bad-4d3c-85d0-7827e8075cd1 => generated 12 bytes in 18 msecs (HTTP/1.1 200) 4 headers in 156 bytes (1 switches on core 0)
2026-05-30 06:41:43.940 8 INFO neutron_taas.services.taas.taas_plugin [None req-5d5af867-9080-49ec-a6ba-a642b0ae3b77 - - - - - -] TaaS: Handle Delete Port: 89a48eeb-eee3-4974-bf3d-4c0e3f560a4f
2026-05-30 06:41:43.945 8 INFO neutron_taas.services.taas.tap_mirror_plugin [None req-5d5af867-9080-49ec-a6ba-a642b0ae3b77 - - - - - -] Tap Mirror: Handle Delete Port: 89a48eeb-eee3-4974-bf3d-4c0e3f560a4f
2026-05-30 06:41:44.058 7 INFO neutron.notifiers.nova [-] Nova event matching ['req-82e4d7c2-4748-40d5-9ed6-e69cce95ff29'] response: {'server_uuid': '3a47f742-5bad-4d3c-85d0-7827e8075cd1', 'name': 'network-vif-deleted', 'tag': '04c0a513-97af-429e-a26e-1086e48be8a8', 'status': 'completed', 'code': 200}
2026-05-30 06:41:44.058 7 INFO neutron.notifiers.nova [-] Nova event matching ['req-82e4d7c2-4748-40d5-9ed6-e69cce95ff29'] response: {'server_uuid': '3a47f742-5bad-4d3c-85d0-7827e8075cd1', 'name': 'network-vif-unplugged', 'status': 'completed', 'tag': '04c0a513-97af-429e-a26e-1086e48be8a8', 'code': 200}
2026-05-30 06:41:44.058 7 INFO neutron.notifiers.nova [-] Nova event matching ['req-82e4d7c2-4748-40d5-9ed6-e69cce95ff29'] response: {'name': 'network-changed', 'server_uuid': '7730bc34-e6fb-46ec-bb48-529717410a77', 'tag': '33aa4e71-f74b-425a-a6f1-c7022e4af145', 'status': 'completed', 'code': 200} [pid: 7|app: 0|req: 1272/2630] 199.204.45.222 () {34 vars in 1080 bytes} [Sat May 30 06:41:44 2026] GET /v2.0/ports?tenant_id=dfe62dcb273a4f23834b16ef8f61ba38&device_id=7730bc34-e6fb-46ec-bb48-529717410a77 => generated 1436 bytes in 44 msecs (HTTP/1.1 200) 4 headers in 158 bytes (1 switches on core 0) [pid: 7|app: 0|req: 1273/2631] 199.204.45.222 () {34 vars in 1018 bytes} [Sat May 30 06:41:44 2026] GET /v2.0/networks?tenant_id=dfe62dcb273a4f23834b16ef8f61ba38&shared=False => generated 2498 bytes in 69 msecs (HTTP/1.1 200) 4 headers in 158 bytes (1 switches on core 0) [pid: 7|app: 0|req: 1274/2632] 10.0.0.114 () {34 vars in 990 bytes} [Sat May 30 06:41:44 2026] GET /v2.0/ports?device_id=3a47f742-5bad-4d3c-85d0-7827e8075cd1 => generated 12 bytes in 18 msecs (HTTP/1.1 200) 4 headers in 156 bytes (1 switches on core 0) [pid: 7|app: 0|req: 1275/2633] 199.204.45.222 () {34 vars in 930 bytes} [Sat May 30 06:41:44 2026] GET /v2.0/networks?shared=True => generated 791 bytes in 46 msecs (HTTP/1.1 200) 4 headers in 157 bytes (1 switches on core 0)
2026-05-30 06:41:44.842 8 INFO neutron_taas.services.taas.taas_plugin [None req-5d5af867-9080-49ec-a6ba-a642b0ae3b77 - - - - - -] TaaS: Handle Delete Port: 0cda7773-b53e-4be0-be09-dc9a3825fdf6
2026-05-30 06:41:44.846 8 INFO neutron_taas.services.taas.tap_mirror_plugin [None req-5d5af867-9080-49ec-a6ba-a642b0ae3b77 - - - - - -] Tap Mirror: Handle Delete Port: 0cda7773-b53e-4be0-be09-dc9a3825fdf6
2026-05-30 06:41:45.049 8 INFO neutron.services.segments.plugin [-] Segment 6d8f2d74-cf6b-495d-b685-bffc640ef91e resource provider aggregate not found
2026-05-30 06:41:45.054 8 INFO neutron.services.segments.plugin [-] Segment 6d8f2d74-cf6b-495d-b685-bffc640ef91e resource provider aggregate not found
