2026-05-30 06:40:13.948 8 WARNING neutron.api.rpc.agentnotifiers.dhcp_rpc_agent_api [None req-03852755-ab22-4b23-a396-7a9f52ad0493 3cc2e3f8a8344d259676dd8ea9ed3c15 e47742bf852644959ede09e2ea9dc79a - - default default] Unable to schedule network 82545089-b623-4c39-81f5-f46e6d825920: no agents available; will retry on subsequent port and subnet creation events. [pid: 7|app: 0|req: 989/2092] 10.0.0.28 () {32 vars in 773 bytes} [Sat May 30 06:40:13 2026] GET /v2.0/security-groups?tenant_id=ef2d99fe11b74bdfa36b0417be255cbc&name=default => generated 2925 bytes in 425 msecs (HTTP/1.1 200) 4 headers in 158 bytes (1 switches on core 0)
2026-05-30 06:40:14.142 7 INFO neutron.db.ovn_revision_numbers_db [None req-1f0a36f7-cf89-45e5-92f5-3124e6cd9495 efb379defc474a7fbc07ee2a5429d01b ec6c9ecc54844f6faec1255b819e4523 - - default default] Successfully bumped revision number for resource b651e9b2-0983-4daa-b510-d0b799ba9b7f (type: security_groups) to 1
2026-05-30 06:40:14.157 7 INFO neutron.db.ovn_revision_numbers_db [None req-1f0a36f7-cf89-45e5-92f5-3124e6cd9495 efb379defc474a7fbc07ee2a5429d01b ec6c9ecc54844f6faec1255b819e4523 - - default default] Successfully bumped revision number for resource 6c4a2fec-6fbd-4c48-b774-c8e0a14e9bbc (type: security_group_rules) to 0
2026-05-30 06:40:14.172 7 INFO neutron.db.ovn_revision_numbers_db [None req-1f0a36f7-cf89-45e5-92f5-3124e6cd9495 efb379defc474a7fbc07ee2a5429d01b ec6c9ecc54844f6faec1255b819e4523 - - default default] Successfully bumped revision number for resource 9fba0f34-753a-4187-bf25-7d1f0f9c35fc (type: security_group_rules) to 0
2026-05-30 06:40:14.184 7 INFO neutron.db.ovn_revision_numbers_db [None req-1f0a36f7-cf89-45e5-92f5-3124e6cd9495 efb379defc474a7fbc07ee2a5429d01b ec6c9ecc54844f6faec1255b819e4523 - - default default] Successfully bumped revision number for resource c342b9a6-f8f5-4d0b-923a-f95b21d76791 (type: security_group_rules) to 0
2026-05-30 06:40:14.197 7 INFO neutron.db.ovn_revision_numbers_db [None req-1f0a36f7-cf89-45e5-92f5-3124e6cd9495 efb379defc474a7fbc07ee2a5429d01b ec6c9ecc54844f6faec1255b819e4523 - - default default] Successfully bumped revision number for resource cbde12fa-5995-44b0-a62d-900d1ea5dd90 (type: security_group_rules) to 0 [pid: 8|app: 0|req: 1104/2093] 10.0.0.28 () {34 vars in 675 bytes} [Sat May 30 06:40:13 2026] POST /v2.0/floatingips => generated 552 bytes in 736 msecs (HTTP/1.1 201) 4 headers in 162 bytes (1 switches on core 0)
2026-05-30 06:40:14.288 7 INFO neutron.db.segments_db [None req-1f0a36f7-cf89-45e5-92f5-3124e6cd9495 efb379defc474a7fbc07ee2a5429d01b ec6c9ecc54844f6faec1255b819e4523 - - default default] Added segment 86ead95b-8709-49ec-a37f-402196ad76b5 of type geneve for network 84ba8ebd-96a1-4885-9b38-44f73f6e57c7
2026-05-30 06:40:14.381 7 INFO neutron.db.segments_db [None req-1f0a36f7-cf89-45e5-92f5-3124e6cd9495 efb379defc474a7fbc07ee2a5429d01b ec6c9ecc54844f6faec1255b819e4523 - - default default] Added segment 3d726874-9cb7-4c07-a220-76a0f6e8f563 of type geneve for network 476e0024-1c75-4944-bf5f-1e40ef35d704 [pid: 8|app: 0|req: 1105/2094] 10.0.0.28 () {32 vars in 739 bytes} [Sat May 30 06:40:14 2026] DELETE /v2.0/security-groups/13832666-6432-44d3-8d73-84c885f71d6a => generated 0 bytes in 261 msecs (HTTP/1.1 204) 2 headers in 112 bytes (1 switches on core 0)
2026-05-30 06:40:14.548 7 INFO neutron.db.ovn_revision_numbers_db [None req-1f0a36f7-cf89-45e5-92f5-3124e6cd9495 efb379defc474a7fbc07ee2a5429d01b ec6c9ecc54844f6faec1255b819e4523 - - default default] Successfully bumped revision number for resource 84ba8ebd-96a1-4885-9b38-44f73f6e57c7 (type: networks) to 1 [pid: 8|app: 0|req: 1106/2095] 10.0.0.28 () {34 vars in 758 bytes} [Sat May 30 06:40:14 2026] PUT /v2.0/floatingips/cf8a0bb6-a1ac-42bd-b787-64ffff12b153/tags => generated 25 bytes in 74 msecs (HTTP/1.1 200) 4 headers in 156 bytes (1 switches on core 0) [pid: 8|app: 0|req: 1107/2096] 10.0.0.28 () {32 vars in 738 bytes} [Sat May 30 06:40:14 2026] GET /v2.0/floatingips/cf8a0bb6-a1ac-42bd-b787-64ffff12b153/tags => generated 25 bytes in 44 msecs (HTTP/1.1 200) 4 headers in 156 bytes (1 switches on core 0)
2026-05-30 06:40:14.732 7 WARNING neutron.scheduler.dhcp_agent_scheduler [None req-1f0a36f7-cf89-45e5-92f5-3124e6cd9495 efb379defc474a7fbc07ee2a5429d01b ec6c9ecc54844f6faec1255b819e4523 - - default default] No more DHCP agents
2026-05-30 06:40:14.734 7 WARNING neutron.api.rpc.agentnotifiers.dhcp_rpc_agent_api [None req-1f0a36f7-cf89-45e5-92f5-3124e6cd9495 efb379defc474a7fbc07ee2a5429d01b ec6c9ecc54844f6faec1255b819e4523 - - default default] Unable to schedule network 84ba8ebd-96a1-4885-9b38-44f73f6e57c7: no agents available; will retry on subsequent port and subnet creation events. [pid: 8|app: 0|req: 1108/2097] 10.0.0.28 () {34 vars in 769 bytes} [Sat May 30 06:40:14 2026] PUT /v2.0/floatingips/cf8a0bb6-a1ac-42bd-b787-64ffff12b153/tags/green => generated 4 bytes in 102 msecs (HTTP/1.1 201) 4 headers in 160 bytes (1 switches on core 0)
2026-05-30 06:40:14.798 7 INFO neutron.plugins.ml2.drivers.ovn.mech_driver.mech_driver [None req-da6c22c0-b406-4d5c-b424-97f4e5e9ba19 - - - - - -] OVN reports status down for port: e92dc9f0-d956-4090-8d5b-10f002cd3e34 [pid: 8|app: 0|req: 1109/2098] 10.0.0.28 () {32 vars in 738 bytes} [Sat May 30 06:40:14 2026] GET /v2.0/floatingips/cf8a0bb6-a1ac-42bd-b787-64ffff12b153/tags => generated 34 bytes in 64 msecs (HTTP/1.1 200) 4 headers in 156 bytes (1 switches on core 0)
2026-05-30 06:40:14.871 7 INFO neutron.db.ovn_revision_numbers_db [None req-1f0a36f7-cf89-45e5-92f5-3124e6cd9495 efb379defc474a7fbc07ee2a5429d01b ec6c9ecc54844f6faec1255b819e4523 - - default default] Successfully bumped revision number for resource e92dc9f0-d956-4090-8d5b-10f002cd3e34 (type: ports) to 1 [pid: 8|app: 0|req: 1110/2099] 10.0.0.28 () {34 vars in 765 bytes} [Sat May 30 06:40:14 2026] PUT /v2.0/floatingips/cf8a0bb6-a1ac-42bd-b787-64ffff12b153/tags/red => generated 4 bytes in 49 msecs (HTTP/1.1 201) 4 headers in 160 bytes (1 switches on core 0) [pid: 8|app: 0|req: 1111/2100] 10.0.0.28 () {32 vars in 738 bytes} [Sat May 30 06:40:14 2026] GET /v2.0/floatingips/cf8a0bb6-a1ac-42bd-b787-64ffff12b153/tags => generated 34 bytes in 31 msecs (HTTP/1.1 200) 4 headers in 156 bytes (1 switches on core 0)
2026-05-30 06:40:14.977 7 INFO neutron.db.ovn_revision_numbers_db [None req-1f0a36f7-cf89-45e5-92f5-3124e6cd9495 efb379defc474a7fbc07ee2a5429d01b ec6c9ecc54844f6faec1255b819e4523 - - default default] Successfully bumped revision number for resource 476e0024-1c75-4944-bf5f-1e40ef35d704 (type: networks) to 1 [pid: 8|app: 0|req: 1112/2101] 10.0.0.28 () {34 vars in 787 bytes} [Sat May 30 06:40:14 2026] PUT /v2.0/floatingips/cf8a0bb6-a1ac-42bd-b787-64ffff12b153/tags/black.or.white => generated 4 bytes in 74 msecs (HTTP/1.1 201) 4 headers in 160 bytes (1 switches on core 0) [pid: 8|app: 0|req: 1113/2102] 10.0.0.28 () {32 vars in 738 bytes} [Sat May 30 06:40:14 2026] GET /v2.0/floatingips/cf8a0bb6-a1ac-42bd-b787-64ffff12b153/tags => generated 52 bytes in 34 msecs (HTTP/1.1 200) 4 headers in 156 bytes (1 switches on core 0) [pid: 8|app: 0|req: 1114/2103] 10.0.0.28 () {34 vars in 758 bytes} [Sat May 30 06:40:15 2026] PUT /v2.0/floatingips/cf8a0bb6-a1ac-42bd-b787-64ffff12b153/tags => generated 37 bytes in 49 msecs (HTTP/1.1 200) 4 headers in 156 bytes (1 switches on core 0)
2026-05-30 06:40:15.145 7 WARNING neutron.scheduler.dhcp_agent_scheduler [None req-1f0a36f7-cf89-45e5-92f5-3124e6cd9495 efb379defc474a7fbc07ee2a5429d01b ec6c9ecc54844f6faec1255b819e4523 - - default default] No more DHCP agents
2026-05-30 06:40:15.147 7 WARNING neutron.api.rpc.agentnotifiers.dhcp_rpc_agent_api [None req-1f0a36f7-cf89-45e5-92f5-3124e6cd9495 efb379defc474a7fbc07ee2a5429d01b ec6c9ecc54844f6faec1255b819e4523 - - default default] Unable to schedule network 476e0024-1c75-4944-bf5f-1e40ef35d704: no agents available; will retry on subsequent port and subnet creation events.
2026-05-30 06:40:15.229 7 INFO neutron.plugins.ml2.drivers.ovn.mech_driver.mech_driver [None req-da6c22c0-b406-4d5c-b424-97f4e5e9ba19 - - - - - -] OVN reports status down for port: 5651d744-e357-4e48-a11c-f1bbad36e852
2026-05-30 06:40:15.294 7 INFO neutron.db.ovn_revision_numbers_db [None req-1f0a36f7-cf89-45e5-92f5-3124e6cd9495 efb379defc474a7fbc07ee2a5429d01b ec6c9ecc54844f6faec1255b819e4523 - - default default] Successfully bumped revision number for resource 5651d744-e357-4e48-a11c-f1bbad36e852 (type: ports) to 1 [pid: 7|app: 0|req: 990/2104] 10.0.0.28 () {34 vars in 669 bytes} [Sat May 30 06:40:13 2026] POST /v2.0/networks => generated 1321 bytes in 1404 msecs (HTTP/1.1 201) 4 headers in 163 bytes (1 switches on core 0) [pid: 7|app: 0|req: 991/2105] 10.0.0.28 () {32 vars in 648 bytes} [Sat May 30 06:40:15 2026] GET /v2.0/networks => generated 1970 bytes in 68 msecs (HTTP/1.1 200) 4 headers in 158 bytes (1 switches on core 0)
2026-05-30 06:40:15.582 7 INFO neutron_taas.services.taas.taas_plugin [None req-48db47f7-b298-40c8-8ee3-48dc7a8f37ba efb379defc474a7fbc07ee2a5429d01b ec6c9ecc54844f6faec1255b819e4523 - - default default] TaaS: Handle Delete Port: e92dc9f0-d956-4090-8d5b-10f002cd3e34
2026-05-30 06:40:15.585 7 INFO neutron_taas.services.taas.tap_mirror_plugin [None req-48db47f7-b298-40c8-8ee3-48dc7a8f37ba efb379defc474a7fbc07ee2a5429d01b ec6c9ecc54844f6faec1255b819e4523 - - default default] Tap Mirror: Handle Delete Port: e92dc9f0-d956-4090-8d5b-10f002cd3e34 [pid: 8|app: 0|req: 1115/2106] 10.0.0.28 () {32 vars in 738 bytes} [Sat May 30 06:40:15 2026] GET /v2.0/floatingips/cf8a0bb6-a1ac-42bd-b787-64ffff12b153/tags => generated 37 bytes in 522 msecs (HTTP/1.1 200) 4 headers in 156 bytes (1 switches on core 0) [pid: 8|app: 0|req: 1116/2107] 10.0.0.28 () {32 vars in 746 bytes} [Sat May 30 06:40:15 2026] GET /v2.0/floatingips/cf8a0bb6-a1ac-42bd-b787-64ffff12b153/tags/red => generated 0 bytes in 46 msecs (HTTP/1.1 204) 2 headers in 112 bytes (1 switches on core 0)
2026-05-30 06:40:15.721 8 INFO neutron.api.v2.resource [None req-75dd043d-b4c3-4b79-a1ba-ef177242dd0a 3cc2e3f8a8344d259676dd8ea9ed3c15 e47742bf852644959ede09e2ea9dc79a - - default default] show failed (client error): The resource could not be found. [pid: 8|app: 0|req: 1117/2108] 10.0.0.28 () {32 vars in 750 bytes} [Sat May 30 06:40:15 2026] GET /v2.0/floatingips/cf8a0bb6-a1ac-42bd-b787-64ffff12b153/tags/green => generated 99 bytes in 54 msecs (HTTP/1.1 404) 4 headers in 163 bytes (1 switches on core 0) [pid: 8|app: 0|req: 1118/2109] 10.0.0.28 () {32 vars in 749 bytes} [Sat May 30 06:40:15 2026] DELETE /v2.0/floatingips/cf8a0bb6-a1ac-42bd-b787-64ffff12b153/tags/red => generated 0 bytes in 54 msecs (HTTP/1.1 204) 2 headers in 112 bytes (1 switches on core 0)
2026-05-30 06:40:15.785 7 INFO neutron.services.segments.plugin [-] Segment 86ead95b-8709-49ec-a37f-402196ad76b5 resource provider aggregate not found
2026-05-30 06:40:15.792 7 INFO neutron.services.segments.plugin [-] Segment 86ead95b-8709-49ec-a37f-402196ad76b5 resource provider aggregate not found
2026-05-30 06:40:15.816 7 INFO neutron.services.segments.plugin [-] Segment 86ead95b-8709-49ec-a37f-402196ad76b5 resource provider not found; error: Placement Client Error (4xx): {"errors": [{"status": 404, "title": "Not Found", "detail": "The resource could not be found.\n\n No resource provider with uuid 86ead95b-8709-49ec-a37f-402196ad76b5 found for delete ", "request_id": "req-e2661b5a-f6a0-4a1d-a31d-3c58675acf93"}]}
2026-05-30 06:40:15.816 7 INFO neutron.services.segments.plugin [-] Segment 86ead95b-8709-49ec-a37f-402196ad76b5 resource provider not found; error: Placement Client Error (4xx): {"errors": [{"status": 404, "title": "Not Found", "detail": "The resource could not be found.\n\n No resource provider with uuid 86ead95b-8709-49ec-a37f-402196ad76b5 found for delete ", "request_id": "req-eebde5f2-75c2-4eef-8be8-6d06a277065e"}]} [pid: 8|app: 0|req: 1119/2110] 10.0.0.28 () {32 vars in 738 bytes} [Sat May 30 06:40:15 2026] GET /v2.0/floatingips/cf8a0bb6-a1ac-42bd-b787-64ffff12b153/tags => generated 30 bytes in 47 msecs (HTTP/1.1 200) 4 headers in 156 bytes (1 switches on core 0) [pid: 7|app: 0|req: 992/2111] 10.0.0.28 () {32 vars in 725 bytes} [Sat May 30 06:40:15 2026] DELETE /v2.0/networks/84ba8ebd-96a1-4885-9b38-44f73f6e57c7 => generated 0 bytes in 400 msecs (HTTP/1.1 204) 3 headers in 131 bytes (1 switches on core 0)
2026-05-30 06:40:15.877 8 INFO neutron.api.v2.resource [None req-1b485e4f-5bb2-4873-a0bd-6d6acf1208d6 3cc2e3f8a8344d259676dd8ea9ed3c15 e47742bf852644959ede09e2ea9dc79a - - default default] delete failed (client error): The resource could not be found. [pid: 8|app: 0|req: 1120/2112] 10.0.0.28 () {32 vars in 753 bytes} [Sat May 30 06:40:15 2026] DELETE /v2.0/floatingips/cf8a0bb6-a1ac-42bd-b787-64ffff12b153/tags/green => generated 99 bytes in 40 msecs (HTTP/1.1 404) 4 headers in 163 bytes (1 switches on core 0) [pid: 8|app: 0|req: 1121/2113] 10.0.0.28 () {32 vars in 741 bytes} [Sat May 30 06:40:15 2026] DELETE /v2.0/floatingips/cf8a0bb6-a1ac-42bd-b787-64ffff12b153/tags => generated 0 bytes in 57 msecs (HTTP/1.1 204) 2 headers in 112 bytes (1 switches on core 0)
2026-05-30 06:40:15.970 7 INFO neutron_taas.services.taas.taas_plugin [None req-aeae4af3-c72e-45c7-9e89-6b9047be6599 efb379defc474a7fbc07ee2a5429d01b ec6c9ecc54844f6faec1255b819e4523 - - default default] TaaS: Handle Delete Port: 5651d744-e357-4e48-a11c-f1bbad36e852
2026-05-30 06:40:15.973 7 INFO neutron_taas.services.taas.tap_mirror_plugin [None req-aeae4af3-c72e-45c7-9e89-6b9047be6599 efb379defc474a7fbc07ee2a5429d01b ec6c9ecc54844f6faec1255b819e4523 - - default default] Tap Mirror: Handle Delete Port: 5651d744-e357-4e48-a11c-f1bbad36e852 [pid: 8|app: 0|req: 1122/2114] 10.0.0.28 () {32 vars in 738 bytes} [Sat May 30 06:40:15 2026] GET /v2.0/floatingips/cf8a0bb6-a1ac-42bd-b787-64ffff12b153/tags => generated 12 bytes in 38 msecs (HTTP/1.1 200) 4 headers in 156 bytes (1 switches on core 0)
2026-05-30 06:40:16.143 8 INFO neutron_taas.services.taas.taas_plugin [None req-5aee825c-286e-4462-b68e-71458e0b0604 3cc2e3f8a8344d259676dd8ea9ed3c15 e47742bf852644959ede09e2ea9dc79a - - default default] TaaS: Handle Delete Port: 19c7e6b8-567c-4398-9bf2-7524292b488a
2026-05-30 06:40:16.146 8 INFO neutron_taas.services.taas.tap_mirror_plugin [None req-5aee825c-286e-4462-b68e-71458e0b0604 3cc2e3f8a8344d259676dd8ea9ed3c15 e47742bf852644959ede09e2ea9dc79a - - default default] Tap Mirror: Handle Delete Port: 19c7e6b8-567c-4398-9bf2-7524292b488a [pid: 7|app: 0|req: 993/2115] 10.0.0.28 () {32 vars in 725 bytes} [Sat May 30 06:40:15 2026] DELETE /v2.0/networks/476e0024-1c75-4944-bf5f-1e40ef35d704 => generated 0 bytes in 341 msecs (HTTP/1.1 204) 3 headers in 131 bytes (1 switches on core 0) [pid: 7|app: 0|req: 994/2116] 10.0.0.28 () {32 vars in 648 bytes} [Sat May 30 06:40:16 2026] GET /v2.0/networks => generated 689 bytes in 45 msecs (HTTP/1.1 200) 4 headers in 157 bytes (1 switches on core 0) [pid: 8|app: 0|req: 1123/2117] 10.0.0.28 () {32 vars in 731 bytes} [Sat May 30 06:40:15 2026] DELETE /v2.0/floatingips/cf8a0bb6-a1ac-42bd-b787-64ffff12b153 => generated 0 bytes in 348 msecs (HTTP/1.1 204) 2 headers in 112 bytes (1 switches on core 0)
2026-05-30 06:40:16.350 7 INFO neutron.db.segments_db [None req-34206a51-6877-47a9-a757-95735557e194 efb379defc474a7fbc07ee2a5429d01b ec6c9ecc54844f6faec1255b819e4523 - - default default] Added segment cbe220ea-c20e-463e-9ada-8f96e37f0b52 of type geneve for network 56f1bd10-a0d9-4440-8cd8-3718425c15cb
2026-05-30 06:40:16.438 7 INFO neutron.db.ovn_revision_numbers_db [None req-34206a51-6877-47a9-a757-95735557e194 efb379defc474a7fbc07ee2a5429d01b ec6c9ecc54844f6faec1255b819e4523 - - default default] Successfully bumped revision number for resource 56f1bd10-a0d9-4440-8cd8-3718425c15cb (type: networks) to 1
2026-05-30 06:40:16.611 7 WARNING neutron.scheduler.dhcp_agent_scheduler [None req-34206a51-6877-47a9-a757-95735557e194 efb379defc474a7fbc07ee2a5429d01b ec6c9ecc54844f6faec1255b819e4523 - - default default] No more DHCP agents
2026-05-30 06:40:16.612 7 WARNING neutron.api.rpc.agentnotifiers.dhcp_rpc_agent_api [None req-34206a51-6877-47a9-a757-95735557e194 efb379defc474a7fbc07ee2a5429d01b ec6c9ecc54844f6faec1255b819e4523 - - default default] Unable to schedule network 56f1bd10-a0d9-4440-8cd8-3718425c15cb: no agents available; will retry on subsequent port and subnet creation events.
2026-05-30 06:40:16.674 8 INFO neutron.plugins.ml2.drivers.ovn.mech_driver.mech_driver [None req-1809e048-d4a1-4b8d-a181-d38d38d8bb48 - - - - - -] OVN reports status down for port: 81c6a747-5c10-409e-9783-b3cbd398f183
2026-05-30 06:40:16.691 7 INFO neutron.db.ovn_revision_numbers_db [None req-34206a51-6877-47a9-a757-95735557e194 efb379defc474a7fbc07ee2a5429d01b ec6c9ecc54844f6faec1255b819e4523 - - default default] Successfully bumped revision number for resource 81c6a747-5c10-409e-9783-b3cbd398f183 (type: ports) to 1 [pid: 7|app: 0|req: 995/2118] 10.0.0.28 () {34 vars in 669 bytes} [Sat May 30 06:40:16 2026] POST /v2.0/networks => generated 691 bytes in 461 msecs (HTTP/1.1 201) 4 headers in 162 bytes (1 switches on core 0)
2026-05-30 06:40:16.818 7 INFO neutron.db.segments_db [None req-3f7ebabd-c8aa-4d80-9f54-8806f2eeff81 efb379defc474a7fbc07ee2a5429d01b ec6c9ecc54844f6faec1255b819e4523 - - default default] Added segment 7936fe26-4c21-4c93-9592-b4172dcb3e02 of type geneve for network 7647e7cf-702c-4399-81ca-ec35618af41b
2026-05-30 06:40:16.836 8 WARNING neutron.scheduler.dhcp_agent_scheduler [None req-eae259a3-5eb1-4a6c-ae54-f635220a1bde 86dbcf479099474280b3d7a7cfd8b1f3 3709d3f3ef024eae94c0d61ef346dad4 - - default default] No more DHCP agents
2026-05-30 06:40:16.837 8 WARNING neutron.api.rpc.agentnotifiers.dhcp_rpc_agent_api [None req-eae259a3-5eb1-4a6c-ae54-f635220a1bde 86dbcf479099474280b3d7a7cfd8b1f3 3709d3f3ef024eae94c0d61ef346dad4 - - default default] Unable to schedule network 82545089-b623-4c39-81f5-f46e6d825920: no agents available; will retry on subsequent port and subnet creation events.
2026-05-30 06:40:16.924 7 INFO neutron.db.ovn_revision_numbers_db [None req-3f7ebabd-c8aa-4d80-9f54-8806f2eeff81 efb379defc474a7fbc07ee2a5429d01b ec6c9ecc54844f6faec1255b819e4523 - - default default] Successfully bumped revision number for resource 7647e7cf-702c-4399-81ca-ec35618af41b (type: networks) to 1
2026-05-30 06:40:17.095 7 WARNING neutron.scheduler.dhcp_agent_scheduler [None req-3f7ebabd-c8aa-4d80-9f54-8806f2eeff81 efb379defc474a7fbc07ee2a5429d01b ec6c9ecc54844f6faec1255b819e4523 - - default default] No more DHCP agents
2026-05-30 06:40:17.096 7 WARNING neutron.api.rpc.agentnotifiers.dhcp_rpc_agent_api [None req-3f7ebabd-c8aa-4d80-9f54-8806f2eeff81 efb379defc474a7fbc07ee2a5429d01b ec6c9ecc54844f6faec1255b819e4523 - - default default] Unable to schedule network 7647e7cf-702c-4399-81ca-ec35618af41b: no agents available; will retry on subsequent port and subnet creation events. [pid: 8|app: 0|req: 1124/2119] 10.0.0.28 () {34 vars in 675 bytes} [Sat May 30 06:40:16 2026] POST /v2.0/floatingips => generated 552 bytes in 783 msecs (HTTP/1.1 201) 4 headers in 162 bytes (1 switches on core 0)
2026-05-30 06:40:17.151 8 INFO neutron.plugins.ml2.drivers.ovn.mech_driver.mech_driver [None req-1809e048-d4a1-4b8d-a181-d38d38d8bb48 - - - - - -] OVN reports status down for port: b5ecfa92-f764-442e-806e-62f25043b589
2026-05-30 06:40:17.182 7 INFO neutron.db.ovn_revision_numbers_db [None req-3f7ebabd-c8aa-4d80-9f54-8806f2eeff81 efb379defc474a7fbc07ee2a5429d01b ec6c9ecc54844f6faec1255b819e4523 - - default default] Successfully bumped revision number for resource b5ecfa92-f764-442e-806e-62f25043b589 (type: ports) to 1 [pid: 7|app: 0|req: 996/2120] 10.0.0.28 () {34 vars in 669 bytes} [Sat May 30 06:40:16 2026] POST /v2.0/networks => generated 692 bytes in 481 msecs (HTTP/1.1 201) 4 headers in 162 bytes (1 switches on core 0)
2026-05-30 06:40:17.446 8 INFO neutron.db.ovn_revision_numbers_db [None req-5699845b-e01a-4df7-9475-f37e6322523e 600709a5b3fd49a6b3419c600ada8a18 c972c984cb4a4f01833b1468b3152acf - - default default] Successfully bumped revision number for resource 52d5ca7a-b28b-48e4-9f03-a8546350282a (type: security_groups) to 1
2026-05-30 06:40:17.460 8 INFO neutron.db.ovn_revision_numbers_db [None req-5699845b-e01a-4df7-9475-f37e6322523e 600709a5b3fd49a6b3419c600ada8a18 c972c984cb4a4f01833b1468b3152acf - - default default] Successfully bumped revision number for resource 061a6073-dc79-481d-abf5-29c8a12ac14e (type: security_group_rules) to 0
2026-05-30 06:40:17.472 8 INFO neutron.db.ovn_revision_numbers_db [None req-5699845b-e01a-4df7-9475-f37e6322523e 600709a5b3fd49a6b3419c600ada8a18 c972c984cb4a4f01833b1468b3152acf - - default default] Successfully bumped revision number for resource 3add9be9-1b57-49bb-8a63-a2585e50a4db (type: security_group_rules) to 0
2026-05-30 06:40:17.478 7 WARNING neutron.scheduler.dhcp_agent_scheduler [None req-f8c28b9f-9bc2-466f-a098-18df0694677a 86dbcf479099474280b3d7a7cfd8b1f3 3709d3f3ef024eae94c0d61ef346dad4 - - default default] No more DHCP agents
2026-05-30 06:40:17.479 7 WARNING neutron.api.rpc.agentnotifiers.dhcp_rpc_agent_api [None req-f8c28b9f-9bc2-466f-a098-18df0694677a 86dbcf479099474280b3d7a7cfd8b1f3 3709d3f3ef024eae94c0d61ef346dad4 - - default default] Unable to schedule network 82545089-b623-4c39-81f5-f46e6d825920: no agents available; will retry on subsequent port and subnet creation events.
2026-05-30 06:40:17.484 8 INFO neutron.db.ovn_revision_numbers_db [None req-5699845b-e01a-4df7-9475-f37e6322523e 600709a5b3fd49a6b3419c600ada8a18 c972c984cb4a4f01833b1468b3152acf - - default default] Successfully bumped revision number for resource 46b92c90-85f6-49cf-900d-2df5bcff0fc2 (type: security_group_rules) to 0
2026-05-30 06:40:17.494 8 INFO neutron.db.ovn_revision_numbers_db [None req-5699845b-e01a-4df7-9475-f37e6322523e 600709a5b3fd49a6b3419c600ada8a18 c972c984cb4a4f01833b1468b3152acf - - default default] Successfully bumped revision number for resource 78a201eb-1e0c-4a61-97b4-2e64504316a6 (type: security_group_rules) to 0 [pid: 8|app: 0|req: 1125/2121] 10.0.0.28 () {32 vars in 773 bytes} [Sat May 30 06:40:17 2026] GET /v2.0/security-groups?tenant_id=f08e72f496aa4a13aa6d9a0d54f13937&name=default => generated 2925 bytes in 407 msecs (HTTP/1.1 200) 4 headers in 158 bytes (1 switches on core 0) [pid: 7|app: 0|req: 997/2122] 10.0.0.28 () {34 vars in 675 bytes} [Sat May 30 06:40:17 2026] POST /v2.0/floatingips => generated 552 bytes in 558 msecs (HTTP/1.1 201) 4 headers in 162 bytes (1 switches on core 0)
2026-05-30 06:40:17.842 7 INFO neutron.services.segments.plugin [-] Segment 3d726874-9cb7-4c07-a220-76a0f6e8f563 resource provider aggregate not found
2026-05-30 06:40:17.847 7 INFO neutron.services.segments.plugin [-] Segment 3d726874-9cb7-4c07-a220-76a0f6e8f563 resource provider aggregate not found
2026-05-30 06:40:17.858 7 INFO neutron.services.segments.plugin [-] Segment 3d726874-9cb7-4c07-a220-76a0f6e8f563 resource provider not found; error: Placement Client Error (4xx): {"errors": [{"status": 404, "title": "Not Found", "detail": "The resource could not be found.\n\n No resource provider with uuid 3d726874-9cb7-4c07-a220-76a0f6e8f563 found for delete ", "request_id": "req-fe66025f-fd59-4934-802e-bc1f3cdc519a"}]}
2026-05-30 06:40:17.863 7 INFO neutron.services.segments.plugin [-] Segment 3d726874-9cb7-4c07-a220-76a0f6e8f563 resource provider not found; error: Placement Client Error (4xx): {"errors": [{"status": 404, "title": "Not Found", "detail": "The resource could not be found.\n\n No resource provider with uuid 3d726874-9cb7-4c07-a220-76a0f6e8f563 found for delete ", "request_id": "req-f3323b47-ddf0-4dc1-9a00-9de922c836ce"}]}
2026-05-30 06:40:17.906 8 WARNING neutron.scheduler.dhcp_agent_scheduler [None req-dba48ef6-5f42-4582-a8fc-5e585b6fbfff efb379defc474a7fbc07ee2a5429d01b ec6c9ecc54844f6faec1255b819e4523 - - default default] No more DHCP agents
2026-05-30 06:40:17.907 8 WARNING neutron.api.rpc.agentnotifiers.dhcp_rpc_agent_api [None req-dba48ef6-5f42-4582-a8fc-5e585b6fbfff efb379defc474a7fbc07ee2a5429d01b ec6c9ecc54844f6faec1255b819e4523 - - default default] Unable to schedule network 56f1bd10-a0d9-4440-8cd8-3718425c15cb: no agents available; will retry on subsequent port and subnet creation events.
2026-05-30 06:40:17.979 7 INFO neutron.plugins.ml2.drivers.ovn.mech_driver.mech_driver [None req-da6c22c0-b406-4d5c-b424-97f4e5e9ba19 - - - - - -] OVN reports status down for port: 295dc416-f513-4fe7-8461-a75a038aae60
2026-05-30 06:40:18.003 8 INFO neutron.db.ovn_revision_numbers_db [None req-dba48ef6-5f42-4582-a8fc-5e585b6fbfff efb379defc474a7fbc07ee2a5429d01b ec6c9ecc54844f6faec1255b819e4523 - - default default] Successfully bumped revision number for resource 295dc416-f513-4fe7-8461-a75a038aae60 (type: ports) to 1
2026-05-30 06:40:18.062 7 INFO neutron.db.ovn_revision_numbers_db [None req-ea073716-712e-4f40-8c59-005af486d8f5 8e9a780ad2b34f86af53bcb538e765ba 89cb342350b1459bb60717b99506f9a3 - - default default] Successfully bumped revision number for resource 162c0056-a2e6-4a04-9025-a9abfa762fae (type: security_groups) to 1
2026-05-30 06:40:18.079 8 WARNING neutron.scheduler.dhcp_agent_scheduler [None req-dba48ef6-5f42-4582-a8fc-5e585b6fbfff efb379defc474a7fbc07ee2a5429d01b ec6c9ecc54844f6faec1255b819e4523 - - default default] No more DHCP agents
2026-05-30 06:40:18.080 8 WARNING neutron.api.rpc.agentnotifiers.dhcp_rpc_agent_api [None req-dba48ef6-5f42-4582-a8fc-5e585b6fbfff efb379defc474a7fbc07ee2a5429d01b ec6c9ecc54844f6faec1255b819e4523 - - default default] Unable to schedule network 7647e7cf-702c-4399-81ca-ec35618af41b: no agents available; will retry on subsequent port and subnet creation events.
2026-05-30 06:40:18.089 7 INFO neutron.db.ovn_revision_numbers_db [None req-ea073716-712e-4f40-8c59-005af486d8f5 8e9a780ad2b34f86af53bcb538e765ba 89cb342350b1459bb60717b99506f9a3 - - default default] Successfully bumped revision number for resource 0b9d933a-a530-40b5-868b-5e63b61837e8 (type: security_group_rules) to 0
2026-05-30 06:40:18.112 7 INFO neutron.db.ovn_revision_numbers_db [None req-ea073716-712e-4f40-8c59-005af486d8f5 8e9a780ad2b34f86af53bcb538e765ba 89cb342350b1459bb60717b99506f9a3 - - default default] Successfully bumped revision number for resource 11b1bdbb-f930-419d-b91a-64c2c96012ed (type: security_group_rules) to 0
2026-05-30 06:40:18.139 7 INFO neutron.plugins.ml2.drivers.ovn.mech_driver.mech_driver [None req-da6c22c0-b406-4d5c-b424-97f4e5e9ba19 - - - - - -] OVN reports status down for port: c234a866-d657-4d31-9841-1bcd1c3fdf84
2026-05-30 06:40:18.141 7 INFO neutron.db.ovn_revision_numbers_db [None req-ea073716-712e-4f40-8c59-005af486d8f5 8e9a780ad2b34f86af53bcb538e765ba 89cb342350b1459bb60717b99506f9a3 - - default default] Successfully bumped revision number for resource 823eb9cf-5b0d-46b7-9a99-bb8ee2daab95 (type: security_group_rules) to 0
2026-05-30 06:40:18.157 7 INFO neutron.db.ovn_revision_numbers_db [None req-ea073716-712e-4f40-8c59-005af486d8f5 8e9a780ad2b34f86af53bcb538e765ba 89cb342350b1459bb60717b99506f9a3 - - default default] Successfully bumped revision number for resource abbd5e08-1f5e-424f-96ea-00ac18279b24 (type: security_group_rules) to 0
2026-05-30 06:40:18.172 8 INFO neutron.db.ovn_revision_numbers_db [None req-dba48ef6-5f42-4582-a8fc-5e585b6fbfff efb379defc474a7fbc07ee2a5429d01b ec6c9ecc54844f6faec1255b819e4523 - - default default] Successfully bumped revision number for resource c234a866-d657-4d31-9841-1bcd1c3fdf84 (type: ports) to 1
2026-05-30 06:40:18.251 7 INFO neutron.db.segments_db [None req-ea073716-712e-4f40-8c59-005af486d8f5 8e9a780ad2b34f86af53bcb538e765ba 89cb342350b1459bb60717b99506f9a3 - - default default] Added segment 3f69e7f9-3dd0-4655-92a6-43ea1f2b10c6 of type geneve for network 8481abb1-fc6e-4d77-82f3-42c25153d23b [pid: 8|app: 0|req: 1126/2123] 10.0.0.28 () {34 vars in 664 bytes} [Sat May 30 06:40:17 2026] POST /v2.0/ports => generated 1506 bytes in 726 msecs (HTTP/1.1 201) 4 headers in 163 bytes (1 switches on core 0) /var/lib/openstack/lib/python3.12/site-packages/pycadf/identifier.py:70: UserWarning: Invalid uuid: neutron. To ensure interoperability, identifiers should be a valid uuid. warnings.warn(('Invalid uuid: %s. To ensure interoperability, '
2026-05-30 06:40:18.378 7 INFO neutron.db.ovn_revision_numbers_db [None req-ea073716-712e-4f40-8c59-005af486d8f5 8e9a780ad2b34f86af53bcb538e765ba 89cb342350b1459bb60717b99506f9a3 - - default default] Successfully bumped revision number for resource 8481abb1-fc6e-4d77-82f3-42c25153d23b (type: networks) to 1 [pid: 8|app: 0|req: 1127/2124] 10.0.0.28 () {32 vars in 739 bytes} [Sat May 30 06:40:18 2026] DELETE /v2.0/security-groups/52d5ca7a-b28b-48e4-9f03-a8546350282a => generated 0 bytes in 233 msecs (HTTP/1.1 204) 2 headers in 112 bytes (1 switches on core 0)
2026-05-30 06:40:18.550 7 WARNING neutron.scheduler.dhcp_agent_scheduler [None req-ea073716-712e-4f40-8c59-005af486d8f5 8e9a780ad2b34f86af53bcb538e765ba 89cb342350b1459bb60717b99506f9a3 - - default default] No more DHCP agents
2026-05-30 06:40:18.552 7 WARNING neutron.api.rpc.agentnotifiers.dhcp_rpc_agent_api [None req-ea073716-712e-4f40-8c59-005af486d8f5 8e9a780ad2b34f86af53bcb538e765ba 89cb342350b1459bb60717b99506f9a3 - - default default] Unable to schedule network 8481abb1-fc6e-4d77-82f3-42c25153d23b: no agents available; will retry on subsequent port and subnet creation events.
2026-05-30 06:40:18.631 7 INFO neutron.db.ovn_revision_numbers_db [None req-ea073716-712e-4f40-8c59-005af486d8f5 8e9a780ad2b34f86af53bcb538e765ba 89cb342350b1459bb60717b99506f9a3 - - default default] Successfully bumped revision number for resource 036e0c00-0d8f-4dd0-bce5-ac605d9b5b6e (type: ports) to 1
2026-05-30 06:40:18.641 8 INFO neutron.plugins.ml2.drivers.ovn.mech_driver.mech_driver [None req-1809e048-d4a1-4b8d-a181-d38d38d8bb48 - - - - - -] OVN reports status down for port: 036e0c00-0d8f-4dd0-bce5-ac605d9b5b6e [pid: 7|app: 0|req: 998/2125] 10.0.0.28 () {34 vars in 670 bytes} [Sat May 30 06:40:17 2026] POST /v2.0/networks => generated 671 bytes in 897 msecs (HTTP/1.1 201) 4 headers in 162 bytes (1 switches on core 0) [pid: 7|app: 0|req: 999/2126] 10.0.0.28 () {32 vars in 642 bytes} [Sat May 30 06:40:18 2026] GET /v2.0/ports => generated 3018 bytes in 96 msecs (HTTP/1.1 200) 4 headers in 158 bytes (1 switches on core 0)
2026-05-30 06:40:18.808 8 WARNING neutron.scheduler.dhcp_agent_scheduler [None req-c05c74aa-810c-4aae-867d-8471a27c3cd6 86dbcf479099474280b3d7a7cfd8b1f3 3709d3f3ef024eae94c0d61ef346dad4 - - default default] No more DHCP agents
2026-05-30 06:40:18.809 8 WARNING neutron.api.rpc.agentnotifiers.dhcp_rpc_agent_api [None req-c05c74aa-810c-4aae-867d-8471a27c3cd6 86dbcf479099474280b3d7a7cfd8b1f3 3709d3f3ef024eae94c0d61ef346dad4 - - default default] Unable to schedule network 82545089-b623-4c39-81f5-f46e6d825920: no agents available; will retry on subsequent port and subnet creation events.
2026-05-30 06:40:18.888 7 INFO neutron.db.ovn_revision_numbers_db [None req-7a250640-3bc0-4111-9bf4-23457a6b1d39 600709a5b3fd49a6b3419c600ada8a18 c972c984cb4a4f01833b1468b3152acf - - default default] Successfully bumped revision number for resource d7ab985a-13e1-4f3c-91d7-1dec671fad53 (type: security_groups) to 1
2026-05-30 06:40:18.900 7 INFO neutron.db.ovn_revision_numbers_db [None req-7a250640-3bc0-4111-9bf4-23457a6b1d39 600709a5b3fd49a6b3419c600ada8a18 c972c984cb4a4f01833b1468b3152acf - - default default] Successfully bumped revision number for resource 529d646e-c9f1-48db-a42f-9560d9ff4e8f (type: security_group_rules) to 0
2026-05-30 06:40:18.911 7 INFO neutron.db.ovn_revision_numbers_db [None req-7a250640-3bc0-4111-9bf4-23457a6b1d39 600709a5b3fd49a6b3419c600ada8a18 c972c984cb4a4f01833b1468b3152acf - - default default] Successfully bumped revision number for resource 680d0b5f-20d4-4f7a-a923-e741faf4607f (type: security_group_rules) to 0
2026-05-30 06:40:18.922 7 INFO neutron.db.ovn_revision_numbers_db [None req-7a250640-3bc0-4111-9bf4-23457a6b1d39 600709a5b3fd49a6b3419c600ada8a18 c972c984cb4a4f01833b1468b3152acf - - default default] Successfully bumped revision number for resource 8f528f1f-e656-4d57-a14e-1bbdefd415ae (type: security_group_rules) to 0
2026-05-30 06:40:18.935 7 INFO neutron.db.ovn_revision_numbers_db [None req-7a250640-3bc0-4111-9bf4-23457a6b1d39 600709a5b3fd49a6b3419c600ada8a18 c972c984cb4a4f01833b1468b3152acf - - default default] Successfully bumped revision number for resource 91642ec4-2faa-44f3-bd5b-91773c9d7742 (type: security_group_rules) to 0 [pid: 7|app: 0|req: 1000/2127] 10.0.0.28 () {32 vars in 773 bytes} [Sat May 30 06:40:18 2026] GET /v2.0/security-groups?tenant_id=e47742bf852644959ede09e2ea9dc79a&name=default => generated 2925 bytes in 220 msecs (HTTP/1.1 200) 4 headers in 158 bytes (1 switches on core 0) [pid: 8|app: 0|req: 1128/2128] 10.0.0.28 () {34 vars in 675 bytes} [Sat May 30 06:40:18 2026] POST /v2.0/floatingips => generated 552 bytes in 603 msecs (HTTP/1.1 201) 4 headers in 162 bytes (1 switches on core 0)
2026-05-30 06:40:19.212 8 INFO neutron_taas.services.taas.taas_plugin [None req-c31baf6d-0a10-4e58-958e-4cbcab4f3f8a efb379defc474a7fbc07ee2a5429d01b ec6c9ecc54844f6faec1255b819e4523 - - default default] TaaS: Handle Delete Port: 295dc416-f513-4fe7-8461-a75a038aae60
2026-05-30 06:40:19.216 8 INFO neutron_taas.services.taas.tap_mirror_plugin [None req-c31baf6d-0a10-4e58-958e-4cbcab4f3f8a efb379defc474a7fbc07ee2a5429d01b ec6c9ecc54844f6faec1255b819e4523 - - default default] Tap Mirror: Handle Delete Port: 295dc416-f513-4fe7-8461-a75a038aae60 [pid: 8|app: 0|req: 1129/2129] 10.0.0.28 () {32 vars in 719 bytes} [Sat May 30 06:40:19 2026] DELETE /v2.0/ports/295dc416-f513-4fe7-8461-a75a038aae60 => generated 0 bytes in 247 msecs (HTTP/1.1 204) 3 headers in 131 bytes (1 switches on core 0)
2026-05-30 06:40:19.428 7 WARNING neutron.scheduler.dhcp_agent_scheduler [None req-84559219-b8fa-466c-8f43-73bebc6448e2 8e9a780ad2b34f86af53bcb538e765ba 89cb342350b1459bb60717b99506f9a3 - - default default] No more DHCP agents
2026-05-30 06:40:19.430 7 WARNING neutron.api.rpc.agentnotifiers.dhcp_rpc_agent_api [None req-84559219-b8fa-466c-8f43-73bebc6448e2 8e9a780ad2b34f86af53bcb538e765ba 89cb342350b1459bb60717b99506f9a3 - - default default] Unable to schedule network 82545089-b623-4c39-81f5-f46e6d825920: no agents available; will retry on subsequent port and subnet creation events. [pid: 8|app: 0|req: 1130/2130] 10.0.0.28 () {32 vars in 739 bytes} [Sat May 30 06:40:19 2026] DELETE /v2.0/security-groups/d7ab985a-13e1-4f3c-91d7-1dec671fad53 => generated 0 bytes in 225 msecs (HTTP/1.1 204) 2 headers in 112 bytes (1 switches on core 0)
2026-05-30 06:40:19.581 7 INFO neutron.plugins.ml2.drivers.ovn.mech_driver.mech_driver [None req-da6c22c0-b406-4d5c-b424-97f4e5e9ba19 - - - - - -] OVN reports status down for port: bee07208-47c1-4a07-8471-bc57cfca3894
2026-05-30 06:40:19.638 7 INFO neutron.db.ovn_revision_numbers_db [None req-84559219-b8fa-466c-8f43-73bebc6448e2 8e9a780ad2b34f86af53bcb538e765ba 89cb342350b1459bb60717b99506f9a3 - - default default] Successfully bumped revision number for resource bee07208-47c1-4a07-8471-bc57cfca3894 (type: ports) to 1
2026-05-30 06:40:19.826 8 WARNING neutron.scheduler.dhcp_agent_scheduler [None req-7cfbe412-a624-4f05-8726-2c1b855468f9 86dbcf479099474280b3d7a7cfd8b1f3 3709d3f3ef024eae94c0d61ef346dad4 - - default default] No more DHCP agents
2026-05-30 06:40:19.827 8 WARNING neutron.api.rpc.agentnotifiers.dhcp_rpc_agent_api [None req-7cfbe412-a624-4f05-8726-2c1b855468f9 86dbcf479099474280b3d7a7cfd8b1f3 3709d3f3ef024eae94c0d61ef346dad4 - - default default] Unable to schedule network 82545089-b623-4c39-81f5-f46e6d825920: no agents available; will retry on subsequent port and subnet creation events. [pid: 8|app: 0|req: 1131/2131] 10.0.0.28 () {34 vars in 675 bytes} [Sat May 30 06:40:19 2026] POST /v2.0/floatingips => generated 552 bytes in 523 msecs (HTTP/1.1 201) 4 headers in 162 bytes (1 switches on core 0)
2026-05-30 06:40:20.212 8 INFO neutron_taas.services.taas.taas_plugin [None req-ef0e351a-84e6-4e10-9ee1-023d4da67897 efb379defc474a7fbc07ee2a5429d01b ec6c9ecc54844f6faec1255b819e4523 - - default default] TaaS: Handle Delete Port: c234a866-d657-4d31-9841-1bcd1c3fdf84
2026-05-30 06:40:20.214 8 INFO neutron_taas.services.taas.tap_mirror_plugin [None req-ef0e351a-84e6-4e10-9ee1-023d4da67897 efb379defc474a7fbc07ee2a5429d01b ec6c9ecc54844f6faec1255b819e4523 - - default default] Tap Mirror: Handle Delete Port: c234a866-d657-4d31-9841-1bcd1c3fdf84 [pid: 8|app: 0|req: 1132/2132] 10.0.0.28 () {32 vars in 719 bytes} [Sat May 30 06:40:20 2026] DELETE /v2.0/ports/c234a866-d657-4d31-9841-1bcd1c3fdf84 => generated 0 bytes in 255 msecs (HTTP/1.1 204) 3 headers in 131 bytes (1 switches on core 0)
2026-05-30 06:40:20.349 7 INFO neutron.plugins.ml2.drivers.ovn.mech_driver.ovsdb.commands [None req-b96a4d7d-ebf3-4857-a60d-4a5dae68fd14 - - - - - -] Schedule LRP lrp-bee07208-47c1-4a07-8471-bc57cfca3894 on gateway 6f774141-5105-4f0c-be7c-65a5e16b32b4 with priority 1
2026-05-30 06:40:20.403 7 INFO neutron.plugins.ml2.drivers.ovn.mech_driver.ovsdb.ovsdb_monitor [None req-35475aed-98dd-4105-addb-3a48d9c3b101 - - - - - -] Router 4e264941-33e1-4644-9f26-e167442a7f57 is bound to host instance
2026-05-30 06:40:20.426 7 INFO neutron.plugins.ml2.drivers.ovn.mech_driver.mech_driver [None req-da6c22c0-b406-4d5c-b424-97f4e5e9ba19 - - - - - -] OVN reports status up for port: bee07208-47c1-4a07-8471-bc57cfca3894
2026-05-30 06:40:20.509 7 INFO neutron.plugins.ml2.plugin [None req-da6c22c0-b406-4d5c-b424-97f4e5e9ba19 - - - - - -] Attempt 1 to provision port bee07208-47c1-4a07-8471-bc57cfca3894
2026-05-30 06:40:20.511 7 INFO neutron.db.ovn_revision_numbers_db [None req-84559219-b8fa-466c-8f43-73bebc6448e2 8e9a780ad2b34f86af53bcb538e765ba 89cb342350b1459bb60717b99506f9a3 - - default default] Successfully bumped revision number for resource bee07208-47c1-4a07-8471-bc57cfca3894 (type: router_ports) to 1
2026-05-30 06:40:20.646 8 WARNING neutron.scheduler.dhcp_agent_scheduler [None req-065e8b35-fcc3-4d23-87f6-e27aa3921edc 86dbcf479099474280b3d7a7cfd8b1f3 3709d3f3ef024eae94c0d61ef346dad4 - - default default] No more DHCP agents
2026-05-30 06:40:20.648 8 WARNING neutron.api.rpc.agentnotifiers.dhcp_rpc_agent_api [None req-065e8b35-fcc3-4d23-87f6-e27aa3921edc 86dbcf479099474280b3d7a7cfd8b1f3 3709d3f3ef024eae94c0d61ef346dad4 - - default default] Unable to schedule network 82545089-b623-4c39-81f5-f46e6d825920: no agents available; will retry on subsequent port and subnet creation events.
2026-05-30 06:40:20.695 7 INFO neutron.db.ovn_revision_numbers_db [None req-84559219-b8fa-466c-8f43-73bebc6448e2 8e9a780ad2b34f86af53bcb538e765ba 89cb342350b1459bb60717b99506f9a3 - - default default] Successfully bumped revision number for resource 4e264941-33e1-4644-9f26-e167442a7f57 (type: routers) to 2 [pid: 7|app: 0|req: 1001/2133] 10.0.0.28 () {34 vars in 668 bytes} [Sat May 30 06:40:18 2026] POST /v2.0/routers => generated 955 bytes in 1760 msecs (HTTP/1.1 201) 4 headers in 162 bytes (1 switches on core 0) [pid: 7|app: 0|req: 1002/2134] 10.0.0.28 () {32 vars in 642 bytes} [Sat May 30 06:40:20 2026] GET /v2.0/ports => generated 1523 bytes in 104 msecs (HTTP/1.1 200) 4 headers in 158 bytes (1 switches on core 0) [pid: 8|app: 0|req: 1133/2135] 10.0.0.28 () {34 vars in 675 bytes} [Sat May 30 06:40:20 2026] POST /v2.0/floatingips => generated 552 bytes in 613 msecs (HTTP/1.1 201) 4 headers in 162 bytes (1 switches on core 0)
2026-05-30 06:40:21.036 8 INFO neutron.db.segments_db [None req-0ae43bfd-06db-488f-88b6-a8dee9b371d4 efb379defc474a7fbc07ee2a5429d01b ec6c9ecc54844f6faec1255b819e4523 - - default default] Added segment fded1865-706a-4ed9-b45a-85e7e0106dd8 of type geneve for network 5eb88b44-3ebe-445a-8996-e9f0e7ae5d66 [pid: 7|app: 0|req: 1003/2136] 10.0.0.28 () {32 vars in 775 bytes} [Sat May 30 06:40:20 2026] GET /v2.0/subnets?project_id=89cb342350b1459bb60717b99506f9a3&cidr=10.100.0.0%2F28 => generated 14 bytes in 268 msecs (HTTP/1.1 200) 4 headers in 156 bytes (1 switches on core 0)
2026-05-30 06:40:21.157 8 INFO neutron.db.ovn_revision_numbers_db [None req-0ae43bfd-06db-488f-88b6-a8dee9b371d4 efb379defc474a7fbc07ee2a5429d01b ec6c9ecc54844f6faec1255b819e4523 - - default default] Successfully bumped revision number for resource 5eb88b44-3ebe-445a-8996-e9f0e7ae5d66 (type: networks) to 1 [pid: 7|app: 0|req: 1004/2137] 10.0.0.28 () {34 vars in 758 bytes} [Sat May 30 06:40:21 2026] PUT /v2.0/floatingips/de4556a8-aed1-459b-9da6-a48cf567a170/tags => generated 17 bytes in 127 msecs (HTTP/1.1 200) 4 headers in 156 bytes (1 switches on core 0) [pid: 7|app: 0|req: 1005/2138] 10.0.0.28 () {32 vars in 693 bytes} [Sat May 30 06:40:21 2026] GET /v2.0/networks?router%3Aexternal=True => generated 791 bytes in 91 msecs (HTTP/1.1 200) 4 headers in 157 bytes (1 switches on core 0)
2026-05-30 06:40:21.338 8 WARNING neutron.scheduler.dhcp_agent_scheduler [None req-0ae43bfd-06db-488f-88b6-a8dee9b371d4 efb379defc474a7fbc07ee2a5429d01b ec6c9ecc54844f6faec1255b819e4523 - - default default] No more DHCP agents
2026-05-30 06:40:21.339 8 WARNING neutron.api.rpc.agentnotifiers.dhcp_rpc_agent_api [None req-0ae43bfd-06db-488f-88b6-a8dee9b371d4 efb379defc474a7fbc07ee2a5429d01b ec6c9ecc54844f6faec1255b819e4523 - - default default] Unable to schedule network 5eb88b44-3ebe-445a-8996-e9f0e7ae5d66: no agents available; will retry on subsequent port and subnet creation events.
2026-05-30 06:40:21.427 8 INFO neutron.db.ovn_revision_numbers_db [None req-0ae43bfd-06db-488f-88b6-a8dee9b371d4 efb379defc474a7fbc07ee2a5429d01b ec6c9ecc54844f6faec1255b819e4523 - - default default] Successfully bumped revision number for resource 76d19fc8-8a99-4fab-b830-507df27d31d3 (type: ports) to 1 [pid: 7|app: 0|req: 1006/2139] 10.0.0.28 () {34 vars in 758 bytes} [Sat May 30 06:40:21 2026] PUT /v2.0/floatingips/a23d25ce-fe07-420d-b9e2-b292171ed7c7/tags => generated 25 bytes in 118 msecs (HTTP/1.1 200) 4 headers in 156 bytes (1 switches on core 0) [pid: 8|app: 0|req: 1134/2140] 10.0.0.28 () {34 vars in 669 bytes} [Sat May 30 06:40:20 2026] POST /v2.0/networks => generated 691 bytes in 489 msecs (HTTP/1.1 201) 4 headers in 162 bytes (1 switches on core 0) [pid: 7|app: 0|req: 1007/2141] 10.0.0.28 () {32 vars in 783 bytes} [Sat May 30 06:40:21 2026] GET /v2.0/subnets?network_id=82545089-b623-4c39-81f5-f46e6d825920&cidr=10.100.0.0%2F28 => generated 14 bytes in 49 msecs (HTTP/1.1 200) 4 headers in 156 bytes (1 switches on core 0) [pid: 8|app: 0|req: 1135/2142] 10.0.0.28 () {34 vars in 758 bytes} [Sat May 30 06:40:21 2026] PUT /v2.0/floatingips/6ce19417-5a12-41b5-b605-93412015f586/tags => generated 34 bytes in 51 msecs (HTTP/1.1 200) 4 headers in 156 bytes (1 switches on core 0)
2026-05-30 06:40:21.607 7 INFO neutron.db.segments_db [None req-ae3659c3-378d-4876-94e9-5b79fa21c4d8 efb379defc474a7fbc07ee2a5429d01b ec6c9ecc54844f6faec1255b819e4523 - - default default] Added segment 87a9febf-898a-4569-8485-d612b79afca3 of type geneve for network 9b7afdbd-8ed7-432c-82a9-9153afd7b344
2026-05-30 06:40:21.666 8 WARNING neutron.scheduler.dhcp_agent_scheduler [None req-c98b8dc7-0c8d-421e-ae4d-90c6f6b6aa70 8e9a780ad2b34f86af53bcb538e765ba 89cb342350b1459bb60717b99506f9a3 - - default default] No more DHCP agents
2026-05-30 06:40:21.667 8 WARNING neutron.api.rpc.agentnotifiers.dhcp_rpc_agent_api [None req-c98b8dc7-0c8d-421e-ae4d-90c6f6b6aa70 8e9a780ad2b34f86af53bcb538e765ba 89cb342350b1459bb60717b99506f9a3 - - default default] Unable to schedule network 8481abb1-fc6e-4d77-82f3-42c25153d23b: no agents available; will retry on subsequent port and subnet creation events.
2026-05-30 06:40:21.828 7 INFO neutron.db.ovn_revision_numbers_db [None req-ae3659c3-378d-4876-94e9-5b79fa21c4d8 efb379defc474a7fbc07ee2a5429d01b ec6c9ecc54844f6faec1255b819e4523 - - default default] Successfully bumped revision number for resource 9b7afdbd-8ed7-432c-82a9-9153afd7b344 (type: networks) to 1
2026-05-30 06:40:21.936 7 INFO neutron.db.ovn_revision_numbers_db [None req-e19ca821-9deb-42b5-878e-fdb078a69f4e - - - - - -] Successfully bumped revision number for resource bee07208-47c1-4a07-8471-bc57cfca3894 (type: ports) to 4
2026-05-30 06:40:22.160 7 WARNING neutron.scheduler.dhcp_agent_scheduler [None req-ae3659c3-378d-4876-94e9-5b79fa21c4d8 efb379defc474a7fbc07ee2a5429d01b ec6c9ecc54844f6faec1255b819e4523 - - default default] No more DHCP agents
2026-05-30 06:40:22.164 7 WARNING neutron.api.rpc.agentnotifiers.dhcp_rpc_agent_api [None req-ae3659c3-378d-4876-94e9-5b79fa21c4d8 efb379defc474a7fbc07ee2a5429d01b ec6c9ecc54844f6faec1255b819e4523 - - default default] Unable to schedule network 9b7afdbd-8ed7-432c-82a9-9153afd7b344: no agents available; will retry on subsequent port and subnet creation events.
2026-05-30 06:40:22.179 8 INFO neutron.db.ovn_revision_numbers_db [None req-c15c9077-5146-4918-9434-fd8dc17e85f8 - - - - - -] Successfully bumped revision number for resource 036e0c00-0d8f-4dd0-bce5-ac605d9b5b6e (type: ports) to 2
2026-05-30 06:40:22.215 8 INFO neutron.db.ovn_revision_numbers_db [None req-c15c9077-5146-4918-9434-fd8dc17e85f8 - - - - - -] Successfully bumped revision number for resource 89da2f2e-54fa-4c95-8c0a-fe64d29908cf (type: subnets) to 0
2026-05-30 06:40:22.258 8 INFO neutron.plugins.ml2.drivers.ovn.mech_driver.mech_driver [None req-1809e048-d4a1-4b8d-a181-d38d38d8bb48 - - - - - -] OVN reports status down for port: 1fb1ffa1-1300-4c3f-a721-25258d5e13e6 [pid: 8|app: 0|req: 1136/2143] 10.0.0.28 () {34 vars in 668 bytes} [Sat May 30 06:40:21 2026] POST /v2.0/subnets => generated 657 bytes in 758 msecs (HTTP/1.1 201) 4 headers in 162 bytes (1 switches on core 0)
2026-05-30 06:40:22.280 7 INFO neutron.db.ovn_revision_numbers_db [None req-ae3659c3-378d-4876-94e9-5b79fa21c4d8 efb379defc474a7fbc07ee2a5429d01b ec6c9ecc54844f6faec1255b819e4523 - - default default] Successfully bumped revision number for resource 1fb1ffa1-1300-4c3f-a721-25258d5e13e6 (type: ports) to 1 [pid: 7|app: 0|req: 1008/2144] 10.0.0.28 () {34 vars in 669 bytes} [Sat May 30 06:40:21 2026] POST /v2.0/networks => generated 692 bytes in 822 msecs (HTTP/1.1 201) 4 headers in 162 bytes (1 switches on core 0) [pid: 8|app: 0|req: 1137/2145] 10.0.0.28 () {34 vars in 758 bytes} [Sat May 30 06:40:22 2026] PUT /v2.0/floatingips/94c088b8-7b6d-4584-a9e3-57623c45f586/tags => generated 19 bytes in 101 msecs (HTTP/1.1 200) 4 headers in 156 bytes (1 switches on core 0) [pid: 8|app: 0|req: 1138/2146] 10.0.0.28 () {32 vars in 671 bytes} [Sat May 30 06:40:22 2026] GET /v2.0/floatingips?tags=red => generated 1671 bytes in 69 msecs (HTTP/1.1 200) 4 headers in 158 bytes (1 switches on core 0) [pid: 8|app: 0|req: 1139/2147] 10.0.0.28 () {32 vars in 685 bytes} [Sat May 30 06:40:22 2026] GET /v2.0/floatingips?tags=red%2Cblue => generated 1128 bytes in 64 msecs (HTTP/1.1 200) 4 headers in 158 bytes (1 switches on core 0)
2026-05-30 06:40:22.542 7 INFO neutron.db.ovn_revision_numbers_db [None req-e19ca821-9deb-42b5-878e-fdb078a69f4e - - - - - -] Successfully bumped revision number for resource bee07208-47c1-4a07-8471-bc57cfca3894 (type: ports) to 5 [pid: 8|app: 0|req: 1140/2148] 10.0.0.28 () {32 vars in 681 bytes} [Sat May 30 06:40:22 2026] GET /v2.0/floatingips?tags-any=blue => generated 1128 bytes in 56 msecs (HTTP/1.1 200) 4 headers in 158 bytes (1 switches on core 0) [pid: 8|app: 0|req: 1141/2149] 10.0.0.28 () {32 vars in 693 bytes} [Sat May 30 06:40:22 2026] GET /v2.0/floatingips?tags-any=red%2Cblue => generated 1671 bytes in 27 msecs (HTTP/1.1 200) 4 headers in 158 bytes (1 switches on core 0) [pid: 8|app: 0|req: 1142/2150] 10.0.0.28 () {32 vars in 679 bytes} [Sat May 30 06:40:22 2026] GET /v2.0/floatingips?not-tags=red => generated 1100 bytes in 55 msecs (HTTP/1.1 200) 4 headers in 158 bytes (1 switches on core 0) [pid: 8|app: 0|req: 1143/2151] 10.0.0.28 () {32 vars in 693 bytes} [Sat May 30 06:40:22 2026] GET /v2.0/floatingips?not-tags=red%2Cblue => generated 1643 bytes in 52 msecs (HTTP/1.1 200) 4 headers in 158 bytes (1 switches on core 0)
2026-05-30 06:40:22.897 7 INFO neutron.plugins.ml2.drivers.ovn.mech_driver.mech_driver [None req-da6c22c0-b406-4d5c-b424-97f4e5e9ba19 - - - - - -] OVN reports status down for port: 76d19fc8-8a99-4fab-b830-507df27d31d3
2026-05-30 06:40:23.031 8 INFO neutron.db.ovn_revision_numbers_db [None req-7141cbdd-91bc-414a-b29a-7d6b3a3ce313 73a135c8c5eb4ea18485b6436abac1cf 35f6fe97ad564555a1486951f9fcbb7b - - default default] Successfully bumped revision number for resource 91442e50-2722-44b4-b99f-371f5a7addd4 (type: security_groups) to 1
2026-05-30 06:40:23.042 8 INFO neutron.db.ovn_revision_numbers_db [None req-7141cbdd-91bc-414a-b29a-7d6b3a3ce313 73a135c8c5eb4ea18485b6436abac1cf 35f6fe97ad564555a1486951f9fcbb7b - - default default] Successfully bumped revision number for resource 5d97ecbf-ead5-4849-96cf-a5f52b9a3c63 (type: security_group_rules) to 0
2026-05-30 06:40:23.053 8 INFO neutron.db.ovn_revision_numbers_db [None req-7141cbdd-91bc-414a-b29a-7d6b3a3ce313 73a135c8c5eb4ea18485b6436abac1cf 35f6fe97ad564555a1486951f9fcbb7b - - default default] Successfully bumped revision number for resource 7f9d3688-7e7c-46ae-b971-c2d3a68e82f8 (type: security_group_rules) to 0
2026-05-30 06:40:23.065 8 INFO neutron.db.ovn_revision_numbers_db [None req-7141cbdd-91bc-414a-b29a-7d6b3a3ce313 73a135c8c5eb4ea18485b6436abac1cf 35f6fe97ad564555a1486951f9fcbb7b - - default default] Successfully bumped revision number for resource c8c31613-8bab-43e9-8ed3-6c8b027711db (type: security_group_rules) to 0
2026-05-30 06:40:23.069 7 WARNING neutron.scheduler.dhcp_agent_scheduler [None req-f851c8ce-f3a4-45aa-b7c3-195d97e03f3d 8e9a780ad2b34f86af53bcb538e765ba 89cb342350b1459bb60717b99506f9a3 - - default default] No more DHCP agents
