Aug 31 07:33:54.803696 np0000191544 devstack@neutron-api.service[101704]: DEBUG neutron.db.ovn_revision_numbers_db [None req-8d5aad75-9892-462d-b166-6ce28c56b614 admin admin] create_initial_revision uuid=1e1cfb7e-14e1-404c-a8ae-206f68e17d11, type=security_group_rules, rev=-1 {{(pid=101704) create_initial_revision /opt/stack/neutron/neutron/db/ovn_revision_numbers_db.py:98}}
Aug 31 07:33:54.804819 np0000191544 devstack@neutron-api.service[101704]: DEBUG neutron.db.ovn_revision_numbers_db [None req-8d5aad75-9892-462d-b166-6ce28c56b614 admin admin] create_initial_revision uuid=253b1a3d-d990-4c16-9dc3-d0dcc7d8c105, type=security_group_rules, rev=-1 {{(pid=101704) create_initial_revision /opt/stack/neutron/neutron/db/ovn_revision_numbers_db.py:98}}
Aug 31 07:33:54.805942 np0000191544 devstack@neutron-api.service[101704]: DEBUG neutron.db.ovn_revision_numbers_db [None req-8d5aad75-9892-462d-b166-6ce28c56b614 admin admin] create_initial_revision uuid=7bd15c79-d82b-461e-9979-b4eecd639ba6, type=security_group_rules, rev=-1 {{(pid=101704) create_initial_revision /opt/stack/neutron/neutron/db/ovn_revision_numbers_db.py:98}}
Aug 31 07:33:54.807061 np0000191544 devstack@neutron-api.service[101704]: DEBUG neutron.db.ovn_revision_numbers_db [None req-8d5aad75-9892-462d-b166-6ce28c56b614 admin admin] create_initial_revision uuid=e64d1c36-a308-4a96-af8f-e7be9a16d942, type=security_group_rules, rev=-1 {{(pid=101704) create_initial_revision /opt/stack/neutron/neutron/db/ovn_revision_numbers_db.py:98}}
Aug 31 07:33:54.817226 np0000191544 devstack@neutron-api.service[101704]: DEBUG neutron_lib.callbacks.manager [None req-8d5aad75-9892-462d-b166-6ce28c56b614 admin admin] Publish callbacks ['neutron.plugins.ml2.drivers.ovn.mech_driver.mech_driver.OVNMechanismDriver._create_security_group-882346', 'neutron.plugins.ml2.ovo_rpc._ObjectChangeHandler.handle_event-2871597'] for security_group (edbf2562-1526-4671-b49a-0b949f99b154), after_create {{(pid=101704) _notify_loop /opt/stack/data/venv/lib/python3.12/site-packages/neutron_lib/callbacks/manager.py:184}}
Aug 31 07:33:54.818423 np0000191544 devstack@neutron-api.service[101704]: DEBUG ovsdbapp.backend.ovs_idl.transaction [None req-58f25efb-3e50-4a0f-bf36-4d5a4750d346 None None] Running txn 95d167dd n=1 command(idx=0): PgAddCommand(_result=None, name=pg_edbf2562_1526_4671_b49a_0b949f99b154, may_exist=False, columns={'acls': [], 'external_ids': {'neutron:security_group_id': 'edbf2562-1526-4671-b49a-0b949f99b154'}}) {{(pid=101704) do_commit /opt/stack/data/venv/lib/python3.12/site-packages/ovsdbapp/backend/ovs_idl/transaction.py:91}}
Aug 31 07:33:54.819090 np0000191544 devstack@neutron-api.service[101704]: DEBUG ovsdbapp.backend.ovs_idl.transaction [None req-58f25efb-3e50-4a0f-bf36-4d5a4750d346 None None] Running txn 95d167dd n=1 command(idx=1): PgAclAddCommand(_result=None, entity=pg_edbf2562_1526_4671_b49a_0b949f99b154, direction=from-lport, priority=1002, match=inport == @pg_edbf2562_1526_4671_b49a_0b949f99b154 && ip4, action=allow-related, log=False, may_exist=True, severity=[], name=[], meter=[], external_ids={'neutron:security_group_rule_id': '1e1cfb7e-14e1-404c-a8ae-206f68e17d11'}) {{(pid=101704) do_commit /opt/stack/data/venv/lib/python3.12/site-packages/ovsdbapp/backend/ovs_idl/transaction.py:91}}
Aug 31 07:33:54.819805 np0000191544 devstack@neutron-api.service[101704]: DEBUG ovsdbapp.backend.ovs_idl.transaction [None req-58f25efb-3e50-4a0f-bf36-4d5a4750d346 None None] Running txn 95d167dd n=1 command(idx=2): PgAclAddCommand(_result=None, entity=pg_edbf2562_1526_4671_b49a_0b949f99b154, direction=from-lport, priority=1002, match=inport == @pg_edbf2562_1526_4671_b49a_0b949f99b154 && ip6, action=allow-related, log=False, may_exist=True, severity=[], name=[], meter=[], external_ids={'neutron:security_group_rule_id': '253b1a3d-d990-4c16-9dc3-d0dcc7d8c105'}) {{(pid=101704) do_commit /opt/stack/data/venv/lib/python3.12/site-packages/ovsdbapp/backend/ovs_idl/transaction.py:91}}
Aug 31 07:33:54.820411 np0000191544 devstack@neutron-api.service[101704]: DEBUG ovsdbapp.backend.ovs_idl.transaction [None req-58f25efb-3e50-4a0f-bf36-4d5a4750d346 None None] Running txn 95d167dd n=1 command(idx=3): PgAclAddCommand(_result=None, entity=pg_edbf2562_1526_4671_b49a_0b949f99b154, direction=to-lport, priority=1002, match=outport == @pg_edbf2562_1526_4671_b49a_0b949f99b154 && ip4 && ip4.src == $pg_edbf2562_1526_4671_b49a_0b949f99b154_ip4, action=allow-related, log=False, may_exist=True, severity=[], name=[], meter=[], external_ids={'neutron:security_group_rule_id': '7bd15c79-d82b-461e-9979-b4eecd639ba6'}) {{(pid=101704) do_commit /opt/stack/data/venv/lib/python3.12/site-packages/ovsdbapp/backend/ovs_idl/transaction.py:91}}
Aug 31 07:33:54.821128 np0000191544 devstack@neutron-api.service[101704]: DEBUG ovsdbapp.backend.ovs_idl.transaction [None req-58f25efb-3e50-4a0f-bf36-4d5a4750d346 None None] Running txn 95d167dd n=1 command(idx=4): PgAclAddCommand(_result=None, entity=pg_edbf2562_1526_4671_b49a_0b949f99b154, direction=to-lport, priority=1002, match=outport == @pg_edbf2562_1526_4671_b49a_0b949f99b154 && ip6 && ip6.src == $pg_edbf2562_1526_4671_b49a_0b949f99b154_ip6, action=allow-related, log=False, may_exist=True, severity=[], name=[], meter=[], external_ids={'neutron:security_group_rule_id': 'e64d1c36-a308-4a96-af8f-e7be9a16d942'}) {{(pid=101704) do_commit /opt/stack/data/venv/lib/python3.12/site-packages/ovsdbapp/backend/ovs_idl/transaction.py:91}}
Aug 31 07:33:54.852036 np0000191544 devstack@neutron-api.service[101702]: DEBUG neutron.plugins.ml2.drivers.ovn.mech_driver.ovsdb.ovsdb_monitor [None req-03d5f6e6-a76b-498f-8bb6-1e85b5e639ac None None] Touching Hash Ring node "d7d128d51cfa5ad2ab416de37d020b09" from IDL notify handler {{(pid=101702) notify /opt/stack/neutron/neutron/plugins/ml2/drivers/ovn/mech_driver/ovsdb/ovsdb_monitor.py:1091}}
Aug 31 07:33:54.853137 np0000191544 devstack@neutron-api.service[101704]: DEBUG neutron.plugins.ml2.drivers.ovn.mech_driver.ovsdb.ovsdb_monitor [None req-58f25efb-3e50-4a0f-bf36-4d5a4750d346 None None] Touching Hash Ring node "2feb0442529e51a8acc6368096ea35f2" from IDL notify handler {{(pid=101704) notify /opt/stack/neutron/neutron/plugins/ml2/drivers/ovn/mech_driver/ovsdb/ovsdb_monitor.py:1091}}
Aug 31 07:33:54.856399 np0000191544 devstack@neutron-api.service[101705]: DEBUG neutron.plugins.ml2.drivers.ovn.mech_driver.ovsdb.ovsdb_monitor [None req-f44e23de-c0e9-43db-9be7-52820410289a None None] Touching Hash Ring node "47df1a381aab57f0ab49a45b1ecc8ba7" from IDL notify handler {{(pid=101705) notify /opt/stack/neutron/neutron/plugins/ml2/drivers/ovn/mech_driver/ovsdb/ovsdb_monitor.py:1091}}
Aug 31 07:33:54.862473 np0000191544 devstack@neutron-api.service[101702]: DEBUG neutron.plugins.ml2.drivers.ovn.mech_driver.ovsdb.ovsdb_monitor [None req-03d5f6e6-a76b-498f-8bb6-1e85b5e639ac None None] Hash Ring: Node d7d128d51cfa5ad2ab416de37d020b09 (host: np0000191544) handling event "create" for row 761fb4c5-723f-49d5-ae7a-28885f55f4c8 (table: ACL) {{(pid=101702) notify /opt/stack/neutron/neutron/plugins/ml2/drivers/ovn/mech_driver/ovsdb/ovsdb_monitor.py:1099}}
Aug 31 07:33:54.864055 np0000191544 devstack@neutron-api.service[101702]: DEBUG neutron.plugins.ml2.drivers.ovn.mech_driver.ovsdb.ovsdb_monitor [None req-03d5f6e6-a76b-498f-8bb6-1e85b5e639ac None None] Touching Hash Ring node "d7d128d51cfa5ad2ab416de37d020b09" from IDL notify handler {{(pid=101702) notify /opt/stack/neutron/neutron/plugins/ml2/drivers/ovn/mech_driver/ovsdb/ovsdb_monitor.py:1091}}
Aug 31 07:33:54.865174 np0000191544 devstack@neutron-api.service[101704]: DEBUG neutron.plugins.ml2.drivers.ovn.mech_driver.ovsdb.ovsdb_monitor [None req-58f25efb-3e50-4a0f-bf36-4d5a4750d346 None None] Hash Ring: Node 2feb0442529e51a8acc6368096ea35f2 (host: np0000191544) handling event "create" for row 0d2c02e3-2bf3-44ce-9b21-657a745a3676 (table: ACL) {{(pid=101704) notify /opt/stack/neutron/neutron/plugins/ml2/drivers/ovn/mech_driver/ovsdb/ovsdb_monitor.py:1099}}
Aug 31 07:33:54.866879 np0000191544 devstack@neutron-api.service[101704]: DEBUG neutron.plugins.ml2.drivers.ovn.mech_driver.ovsdb.ovsdb_monitor [None req-58f25efb-3e50-4a0f-bf36-4d5a4750d346 None None] Touching Hash Ring node "2feb0442529e51a8acc6368096ea35f2" from IDL notify handler {{(pid=101704) notify /opt/stack/neutron/neutron/plugins/ml2/drivers/ovn/mech_driver/ovsdb/ovsdb_monitor.py:1091}}
Aug 31 07:33:54.868445 np0000191544 devstack@neutron-api.service[101702]: DEBUG neutron.plugins.ml2.drivers.ovn.mech_driver.ovsdb.ovsdb_monitor [None req-03d5f6e6-a76b-498f-8bb6-1e85b5e639ac None None] Hash Ring: Node d7d128d51cfa5ad2ab416de37d020b09 (host: np0000191544) handling event "create" for row 6f5fd92f-4994-4e3c-b4ba-2699b62c1ef2 (table: Port_Group) {{(pid=101702) notify /opt/stack/neutron/neutron/plugins/ml2/drivers/ovn/mech_driver/ovsdb/ovsdb_monitor.py:1099}}
Aug 31 07:33:54.870371 np0000191544 devstack@neutron-api.service[101705]: DEBUG neutron.plugins.ml2.drivers.ovn.mech_driver.ovsdb.ovsdb_monitor [None req-f44e23de-c0e9-43db-9be7-52820410289a None None] Hash Ring: Node 47df1a381aab57f0ab49a45b1ecc8ba7 (host: np0000191544) handling event "create" for row d94e4bbf-0feb-4c4d-826c-2fd43d5c0476 (table: ACL) {{(pid=101705) notify /opt/stack/neutron/neutron/plugins/ml2/drivers/ovn/mech_driver/ovsdb/ovsdb_monitor.py:1099}}
Aug 31 07:33:54.870913 np0000191544 devstack@neutron-api.service[101704]: DEBUG neutron.plugins.ml2.drivers.ovn.mech_driver.ovsdb.ovsdb_monitor [None req-58f25efb-3e50-4a0f-bf36-4d5a4750d346 None None] Hash Ring: Node 2feb0442529e51a8acc6368096ea35f2 (host: np0000191544) handling event "create" for row 18980141-fae0-46b1-afb3-235fb4d896e9 (table: ACL) {{(pid=101704) notify /opt/stack/neutron/neutron/plugins/ml2/drivers/ovn/mech_driver/ovsdb/ovsdb_monitor.py:1099}}
Aug 31 07:33:54.872504 np0000191544 devstack@neutron-api.service[101704]: DEBUG ovsdbapp.backend.ovs_idl.transaction [None req-58f25efb-3e50-4a0f-bf36-4d5a4750d346 None None] txn 95d167dd succeeded {{(pid=101704) do_commit /opt/stack/data/venv/lib/python3.12/site-packages/ovsdbapp/backend/ovs_idl/transaction.py:137}}
Aug 31 07:33:54.901890 np0000191544 devstack@neutron-api.service[101704]: INFO neutron.db.ovn_revision_numbers_db [None req-8d5aad75-9892-462d-b166-6ce28c56b614 admin admin] Successfully bumped revision number for resource edbf2562-1526-4671-b49a-0b949f99b154 (type: security_groups) to 1
Aug 31 07:33:54.921449 np0000191544 devstack@neutron-api.service[101704]: INFO neutron.db.ovn_revision_numbers_db [None req-8d5aad75-9892-462d-b166-6ce28c56b614 admin admin] Successfully bumped revision number for resource 1e1cfb7e-14e1-404c-a8ae-206f68e17d11 (type: security_group_rules) to 0
Aug 31 07:33:54.928460 np0000191544 devstack@neutron-api.service[101703]: DEBUG dbcounter [-] [101703] Writing DB stats neutron:SELECT=12,neutron:UPDATE=1 {{(pid=101703) stat_writer /opt/stack/data/venv/lib/python3.12/site-packages/dbcounter.py:115}}
Aug 31 07:33:54.945331 np0000191544 devstack@neutron-api.service[101704]: INFO neutron.db.ovn_revision_numbers_db [None req-8d5aad75-9892-462d-b166-6ce28c56b614 admin admin] Successfully bumped revision number for resource 253b1a3d-d990-4c16-9dc3-d0dcc7d8c105 (type: security_group_rules) to 0
Aug 31 07:33:54.964400 np0000191544 devstack@neutron-api.service[101704]: INFO neutron.db.ovn_revision_numbers_db [None req-8d5aad75-9892-462d-b166-6ce28c56b614 admin admin] Successfully bumped revision number for resource 7bd15c79-d82b-461e-9979-b4eecd639ba6 (type: security_group_rules) to 0
Aug 31 07:33:54.980266 np0000191544 devstack@neutron-api.service[101704]: INFO neutron.db.ovn_revision_numbers_db [None req-8d5aad75-9892-462d-b166-6ce28c56b614 admin admin] Successfully bumped revision number for resource e64d1c36-a308-4a96-af8f-e7be9a16d942 (type: security_group_rules) to 0
Aug 31 07:33:55.010199 np0000191544 devstack@neutron-api.service[101704]: DEBUG neutron.api.rpc.handlers.resources_rpc [None req-8d5aad75-9892-462d-b166-6ce28c56b614 admin admin] Pushing event updated for resources: {'SecurityGroup': ['ID=edbf2562-1526-4671-b49a-0b949f99b154,revision_number=1']} {{(pid=101704) push /opt/stack/neutron/neutron/api/rpc/handlers/resources_rpc.py:237}}
Aug 31 07:33:55.014638 np0000191544 devstack@neutron-api.service[101704]: DEBUG ovsdbapp.backend.ovs_idl.transaction [None req-58f25efb-3e50-4a0f-bf36-4d5a4750d346 None None] Running txn c2f0fb26 n=1 command(idx=0): CheckLivenessCommand(_result=None) {{(pid=101704) do_commit /opt/stack/data/venv/lib/python3.12/site-packages/ovsdbapp/backend/ovs_idl/transaction.py:91}}
Aug 31 07:33:55.020066 np0000191544 devstack@neutron-api.service[101704]: DEBUG neutron.plugins.ml2.drivers.ovn.mech_driver.ovsdb.ovsdb_monitor [None req-58f25efb-3e50-4a0f-bf36-4d5a4750d346 None None] Touching Hash Ring node "2feb0442529e51a8acc6368096ea35f2" from IDL notify handler {{(pid=101704) notify /opt/stack/neutron/neutron/plugins/ml2/drivers/ovn/mech_driver/ovsdb/ovsdb_monitor.py:1091}}
Aug 31 07:33:55.022237 np0000191544 devstack@neutron-api.service[101703]: DEBUG ovsdbapp.backend.ovs_idl.event [None req-2993108a-4a39-481b-b2d0-6da67e7c12d0 None None] Matched UPDATE: ChassisAgentWriteEvent(events=('create', 'update'), table='Chassis_Private', conditions=None, old_conditions=None), priority=20 to row=Chassis_Private(uuid=b4d66901-8b9e-4e6e-9c9b-294efcb0b617, chassis=712ca108-6d72-4fe8-9d7b-495cb46bff4b, external_ids={'neutron:ovn-bridge': 'br-int', 'neutron:ovn-neutron-agent-id': '2e6cb7a1-1002-504a-8cca-d56ed387b2e1', 'neutron:ovn-neutron-agent-sb-cfg': '2'}, name='d4feb91e-cbb9-4be6-a56b-c5a9d373707e', nb_cfg=3, nb_cfg_timestamp=1788161635018) old=Chassis_Private(uuid=b4d66901-8b9e-4e6e-9c9b-294efcb0b617, nb_cfg=2, nb_cfg_timestamp=1788161536268) {{(pid=101703) matches /opt/stack/data/venv/lib/python3.12/site-packages/ovsdbapp/backend/ovs_idl/event.py:55}}
Aug 31 07:33:55.024885 np0000191544 devstack@neutron-api.service[101705]: DEBUG ovsdbapp.backend.ovs_idl.event [None req-468f40d0-7608-40d6-a55a-85d1a40a5380 None None] Matched UPDATE: ChassisAgentWriteEvent(events=('create', 'update'), table='Chassis_Private', conditions=None, old_conditions=None), priority=20 to row=Chassis_Private(uuid=b4d66901-8b9e-4e6e-9c9b-294efcb0b617, chassis=712ca108-6d72-4fe8-9d7b-495cb46bff4b, external_ids={'neutron:ovn-bridge': 'br-int', 'neutron:ovn-neutron-agent-id': '2e6cb7a1-1002-504a-8cca-d56ed387b2e1', 'neutron:ovn-neutron-agent-sb-cfg': '2'}, name='d4feb91e-cbb9-4be6-a56b-c5a9d373707e', nb_cfg=3, nb_cfg_timestamp=1788161635018) old=Chassis_Private(uuid=b4d66901-8b9e-4e6e-9c9b-294efcb0b617, nb_cfg=2, nb_cfg_timestamp=1788161536268) {{(pid=101705) matches /opt/stack/data/venv/lib/python3.12/site-packages/ovsdbapp/backend/ovs_idl/event.py:55}}
Aug 31 07:33:55.025976 np0000191544 devstack@neutron-api.service[101704]: DEBUG ovsdbapp.backend.ovs_idl.event [None req-e771735e-3455-4639-9013-c5ae39b1f50a None None] Matched UPDATE: ChassisAgentWriteEvent(events=('create', 'update'), table='Chassis_Private', conditions=None, old_conditions=None), priority=20 to row=Chassis_Private(uuid=b4d66901-8b9e-4e6e-9c9b-294efcb0b617, chassis=712ca108-6d72-4fe8-9d7b-495cb46bff4b, external_ids={'neutron:ovn-bridge': 'br-int', 'neutron:ovn-neutron-agent-id': '2e6cb7a1-1002-504a-8cca-d56ed387b2e1', 'neutron:ovn-neutron-agent-sb-cfg': '2'}, name='d4feb91e-cbb9-4be6-a56b-c5a9d373707e', nb_cfg=3, nb_cfg_timestamp=1788161635018) old=Chassis_Private(uuid=b4d66901-8b9e-4e6e-9c9b-294efcb0b617, nb_cfg=2, nb_cfg_timestamp=1788161536268) {{(pid=101704) matches /opt/stack/data/venv/lib/python3.12/site-packages/ovsdbapp/backend/ovs_idl/event.py:55}}
Aug 31 07:33:55.027475 np0000191544 devstack@neutron-api.service[101702]: DEBUG ovsdbapp.backend.ovs_idl.event [None req-58730ce1-6846-42ab-896f-90ab31bf19ca None None] Matched UPDATE: ChassisAgentWriteEvent(events=('create', 'update'), table='Chassis_Private', conditions=None, old_conditions=None), priority=20 to row=Chassis_Private(uuid=b4d66901-8b9e-4e6e-9c9b-294efcb0b617, chassis=712ca108-6d72-4fe8-9d7b-495cb46bff4b, external_ids={'neutron:ovn-bridge': 'br-int', 'neutron:ovn-neutron-agent-id': '2e6cb7a1-1002-504a-8cca-d56ed387b2e1', 'neutron:ovn-neutron-agent-sb-cfg': '2'}, name='d4feb91e-cbb9-4be6-a56b-c5a9d373707e', nb_cfg=3, nb_cfg_timestamp=1788161635018) old=Chassis_Private(uuid=b4d66901-8b9e-4e6e-9c9b-294efcb0b617, nb_cfg=2, nb_cfg_timestamp=1788161536268) {{(pid=101702) matches /opt/stack/data/venv/lib/python3.12/site-packages/ovsdbapp/backend/ovs_idl/event.py:55}}
Aug 31 07:33:55.034554 np0000191544 devstack@neutron-api.service[101704]: DEBUG neutron.plugins.ml2.drivers.ovn.mech_driver.ovsdb.ovsdb_monitor [None req-58f25efb-3e50-4a0f-bf36-4d5a4750d346 None None] Hash Ring: Node 2feb0442529e51a8acc6368096ea35f2 (host: np0000191544) handling event "update" for row addd42e9-b559-430e-835c-f390f1d3d503 (table: NB_Global) {{(pid=101704) notify /opt/stack/neutron/neutron/plugins/ml2/drivers/ovn/mech_driver/ovsdb/ovsdb_monitor.py:1099}}
Aug 31 07:33:55.039064 np0000191544 devstack@neutron-api.service[101705]: DEBUG neutron.common.ovn.hash_ring_manager [None req-468f40d0-7608-40d6-a55a-85d1a40a5380 None None] Hash Ring loaded. 4 active nodes. 0 offline nodes {{(pid=101705) _load_hash_ring /opt/stack/neutron/neutron/common/ovn/hash_ring_manager.py:110}}
Aug 31 07:33:55.041016 np0000191544 devstack@neutron-api.service[101703]: DEBUG neutron.common.ovn.hash_ring_manager [None req-2993108a-4a39-481b-b2d0-6da67e7c12d0 None None] Hash Ring loaded. 4 active nodes. 0 offline nodes {{(pid=101703) _load_hash_ring /opt/stack/neutron/neutron/common/ovn/hash_ring_manager.py:110}}
Aug 31 07:33:55.041611 np0000191544 devstack@neutron-api.service[101703]: DEBUG neutron.plugins.ml2.drivers.ovn.mech_driver.ovsdb.ovsdb_monitor [None req-2993108a-4a39-481b-b2d0-6da67e7c12d0 None None] Hash Ring: Node f97b3284b62a5a53b1c6aa91ba9870d9 (host: np0000191544) handling event "update" for row b4d66901-8b9e-4e6e-9c9b-294efcb0b617 (table: Chassis_Private) {{(pid=101703) notify /opt/stack/neutron/neutron/plugins/ml2/drivers/ovn/mech_driver/ovsdb/ovsdb_monitor.py:1099}}
Aug 31 07:33:55.041811 np0000191544 devstack@neutron-api.service[101704]: DEBUG neutron.plugins.ml2.drivers.ovn.mech_driver.ovsdb.ovsdb_monitor [None req-58f25efb-3e50-4a0f-bf36-4d5a4750d346 None None] Touching Hash Ring node "2feb0442529e51a8acc6368096ea35f2" from IDL notify handler {{(pid=101704) notify /opt/stack/neutron/neutron/plugins/ml2/drivers/ovn/mech_driver/ovsdb/ovsdb_monitor.py:1091}}
Aug 31 07:33:55.042023 np0000191544 devstack@neutron-api.service[101702]: DEBUG neutron.common.ovn.hash_ring_manager [None req-58730ce1-6846-42ab-896f-90ab31bf19ca None None] Hash Ring loaded. 4 active nodes. 0 offline nodes {{(pid=101702) _load_hash_ring /opt/stack/neutron/neutron/common/ovn/hash_ring_manager.py:110}}
Aug 31 07:33:55.045738 np0000191544 devstack@neutron-api.service[101704]: DEBUG neutron.common.ovn.hash_ring_manager [None req-e771735e-3455-4639-9013-c5ae39b1f50a None None] Hash Ring loaded. 4 active nodes. 0 offline nodes {{(pid=101704) _load_hash_ring /opt/stack/neutron/neutron/common/ovn/hash_ring_manager.py:110}}
Aug 31 07:33:55.046917 np0000191544 devstack@neutron-api.service[101704]: DEBUG neutron.plugins.ml2.drivers.ovn.mech_driver.ovsdb.ovsdb_monitor [None req-58f25efb-3e50-4a0f-bf36-4d5a4750d346 None None] Hash Ring: Node 2feb0442529e51a8acc6368096ea35f2 (host: np0000191544) handling event "update" for row addd42e9-b559-430e-835c-f390f1d3d503 (table: NB_Global) {{(pid=101704) notify /opt/stack/neutron/neutron/plugins/ml2/drivers/ovn/mech_driver/ovsdb/ovsdb_monitor.py:1099}}
Aug 31 07:33:55.048654 np0000191544 devstack@neutron-api.service[101704]: DEBUG neutron.plugins.ml2.drivers.ovn.mech_driver.ovsdb.ovsdb_monitor [None req-58f25efb-3e50-4a0f-bf36-4d5a4750d346 None None] Touching Hash Ring node "2feb0442529e51a8acc6368096ea35f2" from IDL notify handler {{(pid=101704) notify /opt/stack/neutron/neutron/plugins/ml2/drivers/ovn/mech_driver/ovsdb/ovsdb_monitor.py:1091}}
Aug 31 07:33:55.051676 np0000191544 devstack@neutron-api.service[101704]: DEBUG neutron.plugins.ml2.drivers.ovn.mech_driver.ovsdb.ovsdb_monitor [None req-58f25efb-3e50-4a0f-bf36-4d5a4750d346 None None] Hash Ring: Node 2feb0442529e51a8acc6368096ea35f2 (host: np0000191544) handling event "update" for row addd42e9-b559-430e-835c-f390f1d3d503 (table: NB_Global) {{(pid=101704) notify /opt/stack/neutron/neutron/plugins/ml2/drivers/ovn/mech_driver/ovsdb/ovsdb_monitor.py:1099}}
Aug 31 07:33:55.053156 np0000191544 devstack@neutron-api.service[101704]: DEBUG neutron.plugins.ml2.drivers.ovn.mech_driver.ovsdb.ovsdb_monitor [None req-58f25efb-3e50-4a0f-bf36-4d5a4750d346 None None] Touching Hash Ring node "2feb0442529e51a8acc6368096ea35f2" from IDL notify handler {{(pid=101704) notify /opt/stack/neutron/neutron/plugins/ml2/drivers/ovn/mech_driver/ovsdb/ovsdb_monitor.py:1091}}
Aug 31 07:33:55.055881 np0000191544 devstack@neutron-api.service[101704]: DEBUG neutron.plugins.ml2.drivers.ovn.mech_driver.ovsdb.ovsdb_monitor [None req-58f25efb-3e50-4a0f-bf36-4d5a4750d346 None None] Hash Ring: Node 2feb0442529e51a8acc6368096ea35f2 (host: np0000191544) handling event "update" for row addd42e9-b559-430e-835c-f390f1d3d503 (table: NB_Global) {{(pid=101704) notify /opt/stack/neutron/neutron/plugins/ml2/drivers/ovn/mech_driver/ovsdb/ovsdb_monitor.py:1099}}
Aug 31 07:33:55.056296 np0000191544 devstack@neutron-api.service[101704]: DEBUG ovsdbapp.backend.ovs_idl.transaction [None req-58f25efb-3e50-4a0f-bf36-4d5a4750d346 None None] txn c2f0fb26 succeeded {{(pid=101704) do_commit /opt/stack/data/venv/lib/python3.12/site-packages/ovsdbapp/backend/ovs_idl/transaction.py:137}}
Aug 31 07:33:55.059905 np0000191544 devstack@neutron-api.service[101704]: DEBUG neutron.api.rpc.callbacks.version_manager [None req-8d5aad75-9892-462d-b166-6ce28c56b614 admin admin] Tracked resource versions report:
Aug 31 07:33:55.059905 np0000191544 devstack@neutron-api.service[101704]: pushed versions:
Aug 31 07:33:55.059905 np0000191544 devstack@neutron-api.service[101704]: { 'AddressGroup': {'1.2'},
Aug 31 07:33:55.059905 np0000191544 devstack@neutron-api.service[101704]: 'Agent': {'1.1'},
Aug 31 07:33:55.059905 np0000191544 devstack@neutron-api.service[101704]: 'ConntrackHelper': {'1.0'},
Aug 31 07:33:55.059905 np0000191544 devstack@neutron-api.service[101704]: 'LocalIPAssociation': {'1.0'},
Aug 31 07:33:55.059905 np0000191544 devstack@neutron-api.service[101704]: 'Log': {'1.0'},
Aug 31 07:33:55.059905 np0000191544 devstack@neutron-api.service[101704]: 'NDPProxy': {'1.0'},
Aug 31 07:33:55.059905 np0000191544 devstack@neutron-api.service[101704]: 'Network': {'1.3'},
Aug 31 07:33:55.059905 np0000191544 devstack@neutron-api.service[101704]: 'Port': {'1.11'},
Aug 31 07:33:55.059905 np0000191544 devstack@neutron-api.service[101704]: 'PortForwarding': {'1.3'},
Aug 31 07:33:55.059905 np0000191544 devstack@neutron-api.service[101704]: 'QosPolicy': {'1.10'},
Aug 31 07:33:55.059905 np0000191544 devstack@neutron-api.service[101704]: 'SecurityGroup': {'1.6'},
Aug 31 07:33:55.059905 np0000191544 devstack@neutron-api.service[101704]: 'SecurityGroupRule': {'1.3'},
Aug 31 07:33:55.059905 np0000191544 devstack@neutron-api.service[101704]: 'SubPort': {'1.0'},
Aug 31 07:33:55.059905 np0000191544 devstack@neutron-api.service[101704]: 'Subnet': {'1.2'},
Aug 31 07:33:55.059905 np0000191544 devstack@neutron-api.service[101704]: 'Trunk': {'1.1'}}
Aug 31 07:33:55.059905 np0000191544 devstack@neutron-api.service[101704]: consumer versions:
Aug 31 07:33:55.059905 np0000191544 devstack@neutron-api.service[101704]: { OVN Neutron agent@np0000191544: {},
Aug 31 07:33:55.059905 np0000191544 devstack@neutron-api.service[101704]: OVN Controller Gateway agent@np0000191544: {}}
Aug 31 07:33:55.059905 np0000191544 devstack@neutron-api.service[101704]: {{(pid=101704) report /opt/stack/neutron/neutron/api/rpc/callbacks/version_manager.py:183}}
Aug 31 07:33:55.126258 np0000191544 devstack@neutron-api.service[101704]: DEBUG neutron.plugins.ml2.drivers.helpers [None req-8d5aad75-9892-462d-b166-6ce28c56b614 admin admin] geneve segment allocate from pool success with {'geneve_vni': 19669} {{(pid=101704) allocate_partially_specified_segment /opt/stack/neutron/neutron/plugins/ml2/drivers/helpers.py:142}}
Aug 31 07:33:55.141436 np0000191544 devstack@neutron-api.service[101704]: DEBUG neutron_lib.callbacks.manager [None req-8d5aad75-9892-462d-b166-6ce28c56b614 admin admin] Publish callbacks ['neutron.services.segments.db._add_segment_host_mapping_for_segment-8350875916198', 'neutron.plugins.ml2.plugin.Ml2Plugin._handle_segment_change-455400'] for segment (da4452be-91cb-4702-8c42-1ff1bd5ac8fa), precommit_create {{(pid=101704) _notify_loop /opt/stack/data/venv/lib/python3.12/site-packages/neutron_lib/callbacks/manager.py:184}}
Aug 31 07:33:55.141775 np0000191544 devstack@neutron-api.service[101704]: INFO neutron.db.segments_db [None req-8d5aad75-9892-462d-b166-6ce28c56b614 admin admin] Added segment da4452be-91cb-4702-8c42-1ff1bd5ac8fa of type geneve for network b7786fbf-4d50-4763-9afa-5747ea8a4e37
Aug 31 07:33:55.170447 np0000191544 devstack@neutron-api.service[101704]: DEBUG neutron_lib.callbacks.manager [None req-8d5aad75-9892-462d-b166-6ce28c56b614 admin admin] Publish callbacks ['neutron.services.auto_allocate.db._ensure_external_network_default_value_callback-8350873272120'] for network (b7786fbf-4d50-4763-9afa-5747ea8a4e37), precommit_create {{(pid=101704) _notify_loop /opt/stack/data/venv/lib/python3.12/site-packages/neutron_lib/callbacks/manager.py:184}}
Aug 31 07:33:55.187140 np0000191544 devstack@neutron-api.service[101704]: DEBUG neutron.plugins.ml2.drivers.ovn.mech_driver.mech_driver [None req-8d5aad75-9892-462d-b166-6ce28c56b614 admin admin] Validating network segment with type geneve, segmentation ID 19669, physical network None {{(pid=101704) _validate_network_segments /opt/stack/neutron/neutron/plugins/ml2/drivers/ovn/mech_driver/mech_driver.py:624}}
Aug 31 07:33:55.187303 np0000191544 devstack@neutron-api.service[101704]: DEBUG neutron.db.ovn_revision_numbers_db [None req-8d5aad75-9892-462d-b166-6ce28c56b614 admin admin] create_initial_revision uuid=b7786fbf-4d50-4763-9afa-5747ea8a4e37, type=networks, rev=-1 {{(pid=101704) create_initial_revision /opt/stack/neutron/neutron/db/ovn_revision_numbers_db.py:98}}
Aug 31 07:33:55.199632 np0000191544 devstack@neutron-api.service[101704]: DEBUG neutron_lib.callbacks.manager [None req-8d5aad75-9892-462d-b166-6ce28c56b614 admin admin] Publish callbacks ['neutron.plugins.ml2.ovo_rpc._ObjectChangeHandler.handle_event-2871598'] for network (b7786fbf-4d50-4763-9afa-5747ea8a4e37), after_create {{(pid=101704) _notify_loop /opt/stack/data/venv/lib/python3.12/site-packages/neutron_lib/callbacks/manager.py:184}}
Aug 31 07:33:55.217348 np0000191544 devstack@neutron-api.service[101704]: DEBUG neutron.api.rpc.handlers.resources_rpc [None req-8d5aad75-9892-462d-b166-6ce28c56b614 admin admin] Pushing event updated for resources: {'Network': ['ID=b7786fbf-4d50-4763-9afa-5747ea8a4e37,revision_number=1']} {{(pid=101704) push /opt/stack/neutron/neutron/api/rpc/handlers/resources_rpc.py:237}}
Aug 31 07:33:55.228007 np0000191544 devstack@neutron-api.service[101704]: DEBUG ovsdbapp.backend.ovs_idl.transaction [None req-58f25efb-3e50-4a0f-bf36-4d5a4750d346 None None] Running txn d7be7f47 n=1 command(idx=0): AddNetworkCommand(_result=None, network_uuid=b7786fbf-4d50-4763-9afa-5747ea8a4e37, may_exist=True, columns={'external_ids': {'neutron:network_name': 'admin_net', 'neutron:mtu': '1372', 'neutron:revision_number': '1', 'neutron:availability_zone_hints': '', 'neutron:provnet-network-type': 'geneve'}, 'other_config': {'mcast_snoop': 'false', 'mcast_flood_unregistered': 'false', 'vlan-passthru': 'false'}}) {{(pid=101704) do_commit /opt/stack/data/venv/lib/python3.12/site-packages/ovsdbapp/backend/ovs_idl/transaction.py:91}}
Aug 31 07:33:55.234300 np0000191544 devstack@neutron-api.service[101704]: DEBUG ovsdbapp.backend.ovs_idl.transaction [None req-58f25efb-3e50-4a0f-bf36-4d5a4750d346 None None] txn d7be7f47 succeeded {{(pid=101704) do_commit /opt/stack/data/venv/lib/python3.12/site-packages/ovsdbapp/backend/ovs_idl/transaction.py:137}}
Aug 31 07:33:55.240623 np0000191544 devstack@neutron-api.service[101702]: DEBUG neutron.plugins.ml2.drivers.ovn.mech_driver.ovsdb.ovsdb_monitor [None req-03d5f6e6-a76b-498f-8bb6-1e85b5e639ac None None] Touching Hash Ring node "d7d128d51cfa5ad2ab416de37d020b09" from IDL notify handler {{(pid=101702) notify /opt/stack/neutron/neutron/plugins/ml2/drivers/ovn/mech_driver/ovsdb/ovsdb_monitor.py:1091}}
Aug 31 07:33:55.246470 np0000191544 devstack@neutron-api.service[101702]: DEBUG neutron.plugins.ml2.drivers.ovn.mech_driver.ovsdb.ovsdb_monitor [None req-58730ce1-6846-42ab-896f-90ab31bf19ca None None] Hash Ring: Node d7d128d51cfa5ad2ab416de37d020b09 (host: np0000191544) handling event "create" for row c0ad5f5e-3a21-4e8c-8dc3-3a014a47da33 (table: Datapath_Binding) {{(pid=101702) notify /opt/stack/neutron/neutron/plugins/ml2/drivers/ovn/mech_driver/ovsdb/ovsdb_monitor.py:1099}}
Aug 31 07:33:55.247962 np0000191544 devstack@neutron-api.service[101702]: DEBUG neutron.plugins.ml2.drivers.ovn.mech_driver.ovsdb.ovsdb_monitor [None req-03d5f6e6-a76b-498f-8bb6-1e85b5e639ac None None] Hash Ring: Node d7d128d51cfa5ad2ab416de37d020b09 (host: np0000191544) handling event "create" for row b7786fbf-4d50-4763-9afa-5747ea8a4e37 (table: Logical_Switch) {{(pid=101702) notify /opt/stack/neutron/neutron/plugins/ml2/drivers/ovn/mech_driver/ovsdb/ovsdb_monitor.py:1099}}
Aug 31 07:33:55.262636 np0000191544 devstack@neutron-api.service[101704]: INFO neutron.db.ovn_revision_numbers_db [None req-8d5aad75-9892-462d-b166-6ce28c56b614 admin admin] Successfully bumped revision number for resource b7786fbf-4d50-4763-9afa-5747ea8a4e37 (type: networks) to 1
Aug 31 07:33:55.285394 np0000191544 devstack@neutron-api.service[101704]: DEBUG neutron_lib.callbacks.manager [None req-8d5aad75-9892-462d-b166-6ce28c56b614 admin admin] Publish callbacks ['neutron.plugins.ml2.plugin.SecurityGroupDbMixin._ensure_default_security_group_handler-216648'] for port (None), before_create {{(pid=101704) _notify_loop /opt/stack/data/venv/lib/python3.12/site-packages/neutron_lib/callbacks/manager.py:184}}
Aug 31 07:33:55.377162 np0000191544 devstack@neutron-api.service[101704]: DEBUG neutron_lib.callbacks.manager [None req-8d5aad75-9892-462d-b166-6ce28c56b614 admin admin] Publish callbacks ['neutron.plugins.ml2.drivers.ovn.mech_driver.mech_driver.OVNMechanismDriver._validate_allowed_address_pairs-882392'] for allowed_address_pair (fee75260-b790-489f-a744-8723a0b439ff), before_create {{(pid=101704) _notify_loop /opt/stack/data/venv/lib/python3.12/site-packages/neutron_lib/callbacks/manager.py:184}}
Aug 31 07:33:55.377699 np0000191544 devstack@neutron-api.service[101704]: DEBUG neutron_lib.callbacks.manager [None req-8d5aad75-9892-462d-b166-6ce28c56b614 admin admin] Publish callbacks [] for port (fee75260-b790-489f-a744-8723a0b439ff), precommit_create {{(pid=101704) _notify_loop /opt/stack/data/venv/lib/python3.12/site-packages/neutron_lib/callbacks/manager.py:184}}
Aug 31 07:33:55.377828 np0000191544 devstack@neutron-api.service[101704]: DEBUG neutron.plugins.ml2.drivers.ovn.mech_driver.mech_driver [None req-8d5aad75-9892-462d-b166-6ce28c56b614 admin admin] No provisioning block for port fee75260-b790-489f-a744-8723a0b439ff since it does not have a host {{(pid=101704) _is_port_provisioning_required /opt/stack/neutron/neutron/plugins/ml2/drivers/ovn/mech_driver/mech_driver.py:877}}
Aug 31 07:33:55.378046 np0000191544 devstack@neutron-api.service[101704]: DEBUG neutron.db.ovn_revision_numbers_db [None req-8d5aad75-9892-462d-b166-6ce28c56b614 admin admin] create_initial_revision uuid=fee75260-b790-489f-a744-8723a0b439ff, type=ports, rev=-1 {{(pid=101704) create_initial_revision /opt/stack/neutron/neutron/db/ovn_revision_numbers_db.py:98}}
Aug 31 07:33:55.407553 np0000191544 devstack@neutron-api.service[101704]: DEBUG neutron_lib.callbacks.manager [None req-8d5aad75-9892-462d-b166-6ce28c56b614 admin admin] Publish callbacks ['neutron.plugins.ml2.ovo_rpc._ObjectChangeHandler.handle_event-1090532'] for port (fee75260-b790-489f-a744-8723a0b439ff), after_create {{(pid=101704) _notify_loop /opt/stack/data/venv/lib/python3.12/site-packages/neutron_lib/callbacks/manager.py:184}}
Aug 31 07:33:55.434232 np0000191544 devstack@neutron-api.service[101704]: DEBUG neutron.api.rpc.handlers.resources_rpc [None req-8d5aad75-9892-462d-b166-6ce28c56b614 admin admin] Pushing event updated for resources: {'Port': ['ID=fee75260-b790-489f-a744-8723a0b439ff,revision_number=1']} {{(pid=101704) push /opt/stack/neutron/neutron/api/rpc/handlers/resources_rpc.py:237}}
Aug 31 07:33:55.439854 np0000191544 devstack@neutron-api.service[101704]: DEBUG neutron.plugins.ml2.drivers.ovn.mech_driver.ovsdb.commands [None req-8d5aad75-9892-462d-b166-6ce28c56b614 admin admin] Converting tag [] to a tag_request {{(pid=101704) _tag_column_to_tag_request /opt/stack/neutron/neutron/plugins/ml2/drivers/ovn/mech_driver/ovsdb/commands.py:227}}
Aug 31 07:33:55.441305 np0000191544 devstack@neutron-api.service[101704]: DEBUG ovsdbapp.backend.ovs_idl.transaction [None req-58f25efb-3e50-4a0f-bf36-4d5a4750d346 None None] Running txn 4e3a7e01 n=1 command(idx=0): AddLSwitchPortCommand(_result=None, lport=fee75260-b790-489f-a744-8723a0b439ff, lswitch=neutron-b7786fbf-4d50-4763-9afa-5747ea8a4e37, may_exist=True, network_uuid=b7786fbf-4d50-4763-9afa-5747ea8a4e37, columns={'addresses': ['fa:16:3e:98:9f:d2'], 'external_ids': {'neutron:port_name': '', 'neutron:device_id': 'ovnmeta-b7786fbf-4d50-4763-9afa-5747ea8a4e37', 'neutron:project_id': 'c528312156e0493a881315a11cccf391', 'neutron:cidrs': '', 'neutron:device_owner': 'network:distributed', 'neutron:subnet_pool_addr_scope4': '', 'neutron:subnet_pool_addr_scope6': '', 'neutron:network_name': 'neutron-b7786fbf-4d50-4763-9afa-5747ea8a4e37', 'neutron:security_group_ids': '', 'neutron:revision_number': '1', 'neutron:vnic_type': 'normal', 'neutron:port_capabilities': '', 'neutron:mtu': '1372'}, 'parent_name': [], 'enabled': True, 'options': {}, 'type': 'localport', 'port_security': [], 'dhcpv4_options': [], 'dhcpv6_options': [], 'tag_request': []}) {{(pid=101704) do_commit /opt/stack/data/venv/lib/python3.12/site-packages/ovsdbapp/backend/ovs_idl/transaction.py:91}}
Aug 31 07:33:55.442384 np0000191544 devstack@neutron-api.service[101704]: DEBUG ovsdbapp.backend.ovs_idl.transaction [None req-58f25efb-3e50-4a0f-bf36-4d5a4750d346 None None] Running txn 4e3a7e01 n=1 command(idx=1): QoSDelCommand(_result=None, switch=neutron-b7786fbf-4d50-4763-9afa-5747ea8a4e37, conditions=[('direction', '=', 'to-lport'), ('priority', '=', 2002), ('match', '=', 'outport == "fee75260-b790-489f-a744-8723a0b439ff"')], if_exists=True) {{(pid=101704) do_commit /opt/stack/data/venv/lib/python3.12/site-packages/ovsdbapp/backend/ovs_idl/transaction.py:91}}
Aug 31 07:33:55.442855 np0000191544 devstack@neutron-api.service[101704]: DEBUG ovsdbapp.backend.ovs_idl.transaction [None req-58f25efb-3e50-4a0f-bf36-4d5a4750d346 None None] Running txn 4e3a7e01 n=1 command(idx=2): QoSDelCommand(_result=None, switch=neutron-b7786fbf-4d50-4763-9afa-5747ea8a4e37, conditions=[('direction', '=', 'from-lport'), ('priority', '=', 2002), ('match', '=', 'inport == "fee75260-b790-489f-a744-8723a0b439ff"')], if_exists=True) {{(pid=101704) do_commit /opt/stack/data/venv/lib/python3.12/site-packages/ovsdbapp/backend/ovs_idl/transaction.py:91}}
Aug 31 07:33:55.448736 np0000191544 devstack@neutron-api.service[101704]: DEBUG ovsdbapp.backend.ovs_idl.transaction [None req-58f25efb-3e50-4a0f-bf36-4d5a4750d346 None None] txn 4e3a7e01 succeeded {{(pid=101704) do_commit /opt/stack/data/venv/lib/python3.12/site-packages/ovsdbapp/backend/ovs_idl/transaction.py:137}}
Aug 31 07:33:55.457555 np0000191544 devstack@neutron-api.service[101704]: DEBUG neutron.plugins.ml2.drivers.ovn.mech_driver.ovsdb.ovsdb_monitor [None req-e771735e-3455-4639-9013-c5ae39b1f50a None None] Hash Ring: Node 2feb0442529e51a8acc6368096ea35f2 (host: np0000191544) handling event "create" for row 59e72d87-1ed4-442b-bdee-32cab7b54440 (table: Port_Binding) {{(pid=101704) notify /opt/stack/neutron/neutron/plugins/ml2/drivers/ovn/mech_driver/ovsdb/ovsdb_monitor.py:1099}}
Aug 31 07:33:55.458288 np0000191544 devstack@neutron-api.service[101702]: DEBUG neutron.plugins.ml2.drivers.ovn.mech_driver.ovsdb.ovsdb_monitor [None req-03d5f6e6-a76b-498f-8bb6-1e85b5e639ac None None] Touching Hash Ring node "d7d128d51cfa5ad2ab416de37d020b09" from IDL notify handler {{(pid=101702) notify /opt/stack/neutron/neutron/plugins/ml2/drivers/ovn/mech_driver/ovsdb/ovsdb_monitor.py:1091}}
Aug 31 07:33:55.463932 np0000191544 devstack@neutron-api.service[101702]: DEBUG neutron.plugins.ml2.drivers.ovn.mech_driver.ovsdb.ovsdb_monitor [None req-03d5f6e6-a76b-498f-8bb6-1e85b5e639ac None None] Hash Ring: Node d7d128d51cfa5ad2ab416de37d020b09 (host: np0000191544) handling event "update" for row b7786fbf-4d50-4763-9afa-5747ea8a4e37 (table: Logical_Switch) {{(pid=101702) notify /opt/stack/neutron/neutron/plugins/ml2/drivers/ovn/mech_driver/ovsdb/ovsdb_monitor.py:1099}}
Aug 31 07:33:55.465390 np0000191544 devstack@neutron-api.service[101702]: DEBUG neutron.plugins.ml2.drivers.ovn.mech_driver.ovsdb.ovsdb_monitor [None req-03d5f6e6-a76b-498f-8bb6-1e85b5e639ac None None] Touching Hash Ring node "d7d128d51cfa5ad2ab416de37d020b09" from IDL notify handler {{(pid=101702) notify /opt/stack/neutron/neutron/plugins/ml2/drivers/ovn/mech_driver/ovsdb/ovsdb_monitor.py:1091}}
Aug 31 07:33:55.469831 np0000191544 devstack@neutron-api.service[101702]: DEBUG neutron.plugins.ml2.drivers.ovn.mech_driver.ovsdb.ovsdb_monitor [None req-03d5f6e6-a76b-498f-8bb6-1e85b5e639ac None None] Hash Ring: Node d7d128d51cfa5ad2ab416de37d020b09 (host: np0000191544) handling event "create" for row 457fb4d9-02b7-49c7-9951-0152f43e30e9 (table: Logical_Switch_Port) {{(pid=101702) notify /opt/stack/neutron/neutron/plugins/ml2/drivers/ovn/mech_driver/ovsdb/ovsdb_monitor.py:1099}}
Aug 31 07:33:55.473510 np0000191544 devstack@neutron-api.service[101702]: DEBUG ovsdbapp.backend.ovs_idl.event [None req-03d5f6e6-a76b-498f-8bb6-1e85b5e639ac None None] Matched CREATE: LogicalSwitchPortCreateEvent(events=('create',), table='Logical_Switch_Port', conditions=[], old_conditions=None), priority=20 to row=Logical_Switch_Port(uuid=457fb4d9-02b7-49c7-9951-0152f43e30e9, addresses=['fa:16:3e:98:9f:d2'], dhcpv4_options=[], dhcpv6_options=[], dynamic_addresses=[], enabled=True, external_ids={'neutron:cidrs': '', 'neutron:device_id': 'ovnmeta-b7786fbf-4d50-4763-9afa-5747ea8a4e37', 'neutron:device_owner': 'network:distributed', 'neutron:mtu': '1372', 'neutron:network_name': 'neutron-b7786fbf-4d50-4763-9afa-5747ea8a4e37', 'neutron:port_capabilities': '', 'neutron:port_name': '', 'neutron:project_id': 'c528312156e0493a881315a11cccf391', 'neutron:revision_number': '1', 'neutron:security_group_ids': '', 'neutron:subnet_pool_addr_scope4': '', 'neutron:subnet_pool_addr_scope6': '', 'neutron:vnic_type': 'normal'}, ha_chassis_group=[], mirror_rules=[], name='fee75260-b790-489f-a744-8723a0b439ff', options={}, parent_name=[], port_security=[], tag=[], tag_request=[], type='localport', up=[]) old= {{(pid=101702) matches /opt/stack/data/venv/lib/python3.12/site-packages/ovsdbapp/backend/ovs_idl/event.py:55}}
Aug 31 07:33:55.474929 np0000191544 devstack@neutron-api.service[101702]: INFO neutron.plugins.ml2.drivers.ovn.mech_driver.mech_driver [None req-5c985a80-e374-446c-a0de-f07b5b4ac110 None None] OVN reports status down for port: fee75260-b790-489f-a744-8723a0b439ff
Aug 31 07:33:55.477228 np0000191544 devstack@neutron-api.service[101702]: DEBUG neutron.plugins.ml2.drivers.ovn.mech_driver.ovsdb.ovsdb_monitor [None req-03d5f6e6-a76b-498f-8bb6-1e85b5e639ac None None] Touching Hash Ring node "d7d128d51cfa5ad2ab416de37d020b09" from IDL notify handler {{(pid=101702) notify /opt/stack/neutron/neutron/plugins/ml2/drivers/ovn/mech_driver/ovsdb/ovsdb_monitor.py:1091}}
Aug 31 07:33:55.481731 np0000191544 devstack@neutron-api.service[101702]: DEBUG neutron.plugins.ml2.drivers.ovn.mech_driver.ovsdb.ovsdb_monitor [None req-03d5f6e6-a76b-498f-8bb6-1e85b5e639ac None None] Hash Ring: Node d7d128d51cfa5ad2ab416de37d020b09 (host: np0000191544) handling event "update" for row 457fb4d9-02b7-49c7-9951-0152f43e30e9 (table: Logical_Switch_Port) {{(pid=101702) notify /opt/stack/neutron/neutron/plugins/ml2/drivers/ovn/mech_driver/ovsdb/ovsdb_monitor.py:1099}}
Aug 31 07:33:55.486305 np0000191544 devstack@neutron-api.service[101704]: INFO neutron.db.ovn_revision_numbers_db [None req-8d5aad75-9892-462d-b166-6ce28c56b614 admin admin] Successfully bumped revision number for resource fee75260-b790-489f-a744-8723a0b439ff (type: ports) to 1
Aug 31 07:33:55.492349 np0000191544 devstack@neutron-api.service[101704]: DEBUG neutron.pecan_wsgi.hooks.policy_enforcement [None req-8d5aad75-9892-462d-b166-6ce28c56b614 admin admin] Attributes excluded by policy engine: ['standard_attr_id'] {{(pid=101704) _exclude_attributes_by_policy /opt/stack/neutron/neutron/pecan_wsgi/hooks/policy_enforcement.py:259}}
Aug 31 07:33:55.492735 np0000191544 devstack@neutron-api.service[101704]: DEBUG neutron_lib.callbacks.manager [None req-8d5aad75-9892-462d-b166-6ce28c56b614 admin admin] Publish callbacks [] for network (None), before_response {{(pid=101704) _notify_loop /opt/stack/data/venv/lib/python3.12/site-packages/neutron_lib/callbacks/manager.py:184}}
Aug 31 07:33:55.506453 np0000191544 devstack@neutron-api.service[101704]: [pid: 101704|app: 0|req: 23/93] 162.253.55.15 () {68 vars in 1351 bytes} [Mon Aug 31 07:33:54 2026] POST /networking/v2.0/networks => generated 683 bytes in 801 msecs (HTTP/1.1 201) 4 headers in 162 bytes (1 switches on core 0)
Aug 31 07:33:55.521013 np0000191544 devstack@neutron-api.service[101702]: DEBUG neutron.db.provisioning_blocks [None req-5c985a80-e374-446c-a0de-f07b5b4ac110 None None] Transition to ACTIVE for port object fee75260-b790-489f-a744-8723a0b439ff will not be triggered until provisioned by entity L2. {{(pid=101702) add_provisioning_component /opt/stack/neutron/neutron/db/provisioning_blocks.py:74}}
Aug 31 07:33:55.559694 np0000191544 devstack@neutron-api.service[101702]: DEBUG neutron.plugins.ml2.plugin [None req-5c985a80-e374-446c-a0de-f07b5b4ac110 None None] Current status of the port fee75260-b790-489f-a744-8723a0b439ff is: DOWN; New status is: DOWN {{(pid=101702) _update_individual_port_db_status /opt/stack/neutron/neutron/plugins/ml2/plugin.py:2473}}
Aug 31 07:33:55.561350 np0000191544 devstack@neutron-api.service[101702]: DEBUG ovsdbapp.backend.ovs_idl.transaction [None req-03d5f6e6-a76b-498f-8bb6-1e85b5e639ac None None] Running txn 1c508be8 n=1 command(idx=0): DbRemoveCommand(_result=None, table=Logical_Switch_Port, record=fee75260-b790-489f-a744-8723a0b439ff, column=external_ids, values=('neutron:host_id',), keyvalues={}, if_exists=True) {{(pid=101702) do_commit /opt/stack/data/venv/lib/python3.12/site-packages/ovsdbapp/backend/ovs_idl/transaction.py:91}}
Aug 31 07:33:55.563849 np0000191544 devstack@neutron-api.service[101702]: DEBUG ovsdbapp.backend.ovs_idl.transaction [None req-03d5f6e6-a76b-498f-8bb6-1e85b5e639ac None None] txn 1c508be8 succeeded {{(pid=101702) do_commit /opt/stack/data/venv/lib/python3.12/site-packages/ovsdbapp/backend/ovs_idl/transaction.py:137}}
Aug 31 07:33:55.781916 np0000191544 devstack@neutron-api.service[101703]: INFO neutron.pecan_wsgi.hooks.translation [None req-00877eb6-ab40-401e-9f37-8120b27181b5 admin admin] GET failed (client error): The resource could not be found.
Aug 31 07:33:55.783086 np0000191544 devstack@neutron-api.service[101703]: [pid: 101703|app: 0|req: 25/94] 162.253.55.15 () {64 vars in 1327 bytes} [Mon Aug 31 07:33:55 2026] GET /networking/v2.0/networks/admin_net => generated 111 bytes in 16 msecs (HTTP/1.1 404) 4 headers in 164 bytes (1 switches on core 0)
Aug 31 07:33:55.869039 np0000191544 devstack@neutron-api.service[101705]: DEBUG neutron.pecan_wsgi.hooks.policy_enforcement [None req-5b35d59d-cd70-4fb4-8864-64368fc28d39 admin admin] Attributes excluded by policy engine: ['standard_attr_id'] {{(pid=101705) _exclude_attributes_by_policy /opt/stack/neutron/neutron/pecan_wsgi/hooks/policy_enforcement.py:259}}
Aug 31 07:33:55.871250 np0000191544 devstack@neutron-api.service[101705]: [pid: 101705|app: 0|req: 24/95] 162.253.55.15 () {64 vars in 1339 bytes} [Mon Aug 31 07:33:55 2026] GET /networking/v2.0/networks?name=admin_net => generated 667 bytes in 75 msecs (HTTP/1.1 200) 4 headers in 157 bytes (1 switches on core 0)
Aug 31 07:33:56.159548 np0000191544 devstack@neutron-api.service[101702]: INFO neutron.pecan_wsgi.hooks.translation [None req-87b4e5ac-affd-4be8-aba2-dd2b32f296ac admin admin] GET failed (client error): The resource could not be found.
Aug 31 07:33:56.160825 np0000191544 devstack@neutron-api.service[101702]: [pid: 101702|app: 0|req: 24/96] 162.253.55.15 () {64 vars in 1333 bytes} [Mon Aug 31 07:33:56 2026] GET /networking/v2.0/subnets/admin_subnet => generated 112 bytes in 16 msecs (HTTP/1.1 404) 4 headers in 164 bytes (1 switches on core 0)
Aug 31 07:33:56.206443 np0000191544 devstack@neutron-api.service[101704]: [pid: 101704|app: 0|req: 24/97] 162.253.55.15 () {64 vars in 1342 bytes} [Mon Aug 31 07:33:56 2026] GET /networking/v2.0/subnets?name=admin_subnet => generated 14 bytes in 34 msecs (HTTP/1.1 200) 4 headers in 156 bytes (1 switches on core 0)
Aug 31 07:33:56.550655 np0000191544 devstack@neutron-api.service[101703]: DEBUG neutron.pecan_wsgi.hooks.policy_enforcement [None req-7d1e2c25-fa62-493c-a272-735360dd6c76 admin admin] Attributes excluded by policy engine: ['standard_attr_id'] {{(pid=101703) _exclude_attributes_by_policy /opt/stack/neutron/neutron/pecan_wsgi/hooks/policy_enforcement.py:259}}
Aug 31 07:33:56.552033 np0000191544 devstack@neutron-api.service[101703]: [pid: 101703|app: 0|req: 26/98] 162.253.55.15 () {64 vars in 1408 bytes} [Mon Aug 31 07:33:56 2026] GET /networking/v2.0/networks/b7786fbf-4d50-4763-9afa-5747ea8a4e37 => generated 664 bytes in 30 msecs (HTTP/1.1 200) 4 headers in 157 bytes (1 switches on core 0)
Aug 31 07:33:56.570426 np0000191544 devstack@neutron-api.service[101705]: DEBUG neutron.api.v2.base [None req-e51a4e03-5230-4351-9e6c-1d253d521fde admin admin] Request body: {'subnet': {'cidr': '10.2.5.0/24', 'name': 'admin_subnet', 'project_id': 'c528312156e0493a881315a11cccf391', 'gateway_ip': None, 'network_id': 'b7786fbf-4d50-4763-9afa-5747ea8a4e37', 'ip_version': 4}} {{(pid=101705) prepare_request_body /opt/stack/neutron/neutron/api/v2/base.py:727}}
Aug 31 07:33:56.593561 np0000191544 devstack@neutron-api.service[101705]: DEBUG neutron.pecan_wsgi.hooks.quota_enforcement [None req-e51a4e03-5230-4351-9e6c-1d253d521fde admin admin] Made reservation on behalf of c528312156e0493a881315a11cccf391 for: {'subnet': 1} {{(pid=101705) before /opt/stack/neutron/neutron/pecan_wsgi/hooks/quota_enforcement.py:66}}
Aug 31 07:33:56.598750 np0000191544 devstack@neutron-api.service[101705]: DEBUG neutron_lib.callbacks.manager [None req-e51a4e03-5230-4351-9e6c-1d253d521fde admin admin] Publish callbacks [] for subnet (None), before_create {{(pid=101705) _notify_loop /opt/stack/data/venv/lib/python3.12/site-packages/neutron_lib/callbacks/manager.py:184}}
Aug 31 07:33:56.690679 np0000191544 devstack@neutron-api.service[101705]: DEBUG neutron.db.ovn_revision_numbers_db [None req-e51a4e03-5230-4351-9e6c-1d253d521fde admin admin] create_initial_revision uuid=b31b5fd9-4a1a-4c4c-a61a-9aed1be716b2, type=subnets, rev=-1 {{(pid=101705) create_initial_revision /opt/stack/neutron/neutron/db/ovn_revision_numbers_db.py:98}}
Aug 31 07:33:56.699295 np0000191544 devstack@neutron-api.service[101705]: DEBUG neutron_lib.callbacks.manager [None req-e51a4e03-5230-4351-9e6c-1d253d521fde admin admin] Publish callbacks ['neutron.plugins.ml2.ovo_rpc._ObjectChangeHandler.handle_event-2245095'] for subnet (b31b5fd9-4a1a-4c4c-a61a-9aed1be716b2), after_create {{(pid=101705) _notify_loop /opt/stack/data/venv/lib/python3.12/site-packages/neutron_lib/callbacks/manager.py:184}}
Aug 31 07:33:56.715271 np0000191544 devstack@neutron-api.service[101705]: DEBUG neutron.api.rpc.handlers.resources_rpc [None req-e51a4e03-5230-4351-9e6c-1d253d521fde admin admin] Pushing event updated for resources: {'Subnet': ['ID=b31b5fd9-4a1a-4c4c-a61a-9aed1be716b2,revision_number=0']} {{(pid=101705) push /opt/stack/neutron/neutron/api/rpc/handlers/resources_rpc.py:237}}
Aug 31 07:33:56.764320 np0000191544 devstack@neutron-api.service[101705]: DEBUG neutron_lib.callbacks.manager [None req-e51a4e03-5230-4351-9e6c-1d253d521fde admin admin] Publish callbacks ['neutron.plugins.ml2.plugin.SecurityGroupDbMixin._ensure_default_security_group_handler-31401', 'neutron.services.ovn_l3.plugin.OVNL3RouterPlugin._port_update-8350873274452', 'neutron.db.l3_db.L3_NAT_dbonly_mixin._prevent_internal_ip_change_for_fip-8350875776984'] for port (fee75260-b790-489f-a744-8723a0b439ff), before_update {{(pid=101705) _notify_loop /opt/stack/data/venv/lib/python3.12/site-packages/neutron_lib/callbacks/manager.py:184}}
Aug 31 07:33:56.897341 np0000191544 devstack@neutron-api.service[101705]: DEBUG neutron.db.db_base_plugin_common [None req-e51a4e03-5230-4351-9e6c-1d253d521fde admin admin] Allocated IP 10.2.5.1 (b7786fbf-4d50-4763-9afa-5747ea8a4e37/b31b5fd9-4a1a-4c4c-a61a-9aed1be716b2/fee75260-b790-489f-a744-8723a0b439ff) {{(pid=101705) _store_ip_allocation /opt/stack/neutron/neutron/db/db_base_plugin_common.py:131}}
