2026-04-27 17:59:58.411 8 INFO neutron.notifiers.nova [-] Nova event matching ['req-424db9de-b7ca-4a80-90d6-45eebe11a291'] response: {'name': 'network-changed', 'server_uuid': '7979f407-8145-4776-a04e-8923d4d1ccaa', 'tag': 'bc39d7e5-7954-4d15-a9fe-d6dd19bd55be', 'status': 'completed', 'code': 200} [pid: 8|app: 0|req: 1589/3178] 10.0.0.242 () {34 vars in 990 bytes} [Mon Apr 27 17:59:58 2026] GET /v2.0/ports?device_id=7979f407-8145-4776-a04e-8923d4d1ccaa => generated 1196 bytes in 55 msecs (HTTP/1.1 200) 4 headers in 158 bytes (1 switches on core 0) [pid: 7|app: 0|req: 1590/3179] 10.0.0.242 () {34 vars in 1040 bytes} [Mon Apr 27 17:59:58 2026] GET /v2.0/security-groups?id=74dee4e7-aba6-44f1-bfe8-8b2f4deed576&fields=id&fields=name => generated 110 bytes in 24 msecs (HTTP/1.1 200) 4 headers in 157 bytes (1 switches on core 0) [pid: 8|app: 0|req: 1590/3180] 199.204.45.169 () {34 vars in 1080 bytes} [Mon Apr 27 17:59:58 2026] GET /v2.0/ports?tenant_id=b96eabd5ceb146338b0e192fdff79cad&device_id=7979f407-8145-4776-a04e-8923d4d1ccaa => generated 1465 bytes in 29 msecs (HTTP/1.1 200) 4 headers in 158 bytes (1 switches on core 0) [pid: 7|app: 0|req: 1591/3181] 199.204.45.169 () {34 vars in 986 bytes} [Mon Apr 27 17:59:58 2026] GET /v2.0/networks?id=10e73e34-3fa9-4b39-8757-702b5fd18643 => generated 801 bytes in 44 msecs (HTTP/1.1 200) 4 headers in 157 bytes (1 switches on core 0) [pid: 8|app: 0|req: 1591/3182] 199.204.45.169 () {34 vars in 1056 bytes} [Mon Apr 27 17:59:59 2026] GET /v2.0/floatingips?fixed_ip_address=10.2.1.99&port_id=bc39d7e5-7954-4d15-a9fe-d6dd19bd55be => generated 19 bytes in 21 msecs (HTTP/1.1 200) 4 headers in 156 bytes (1 switches on core 0) [pid: 7|app: 0|req: 1592/3183] 199.204.45.169 () {34 vars in 1104 bytes} [Mon Apr 27 17:59:59 2026] GET /v2.0/floatingips?fixed_ip_address=fd7b%3Af9f7%3Afff%3A4eca%3A%3A3c8&port_id=bc39d7e5-7954-4d15-a9fe-d6dd19bd55be => generated 19 bytes in 19 msecs (HTTP/1.1 200) 4 headers in 156 bytes (1 switches on core 0) [pid: 8|app: 0|req: 1592/3184] 199.204.45.169 () {34 vars in 1064 bytes} [Mon Apr 27 17:59:59 2026] GET /v2.0/subnets?id=93ef55d0-a0db-4a7c-98ee-5970b96e506f&id=9430ba16-a954-4ef9-90ee-26a1f9185f0e => generated 1411 bytes in 24 msecs (HTTP/1.1 200) 4 headers in 158 bytes (1 switches on core 0) [pid: 7|app: 0|req: 1593/3185] 199.204.45.169 () {34 vars in 1052 bytes} [Mon Apr 27 17:59:59 2026] GET /v2.0/ports?network_id=10e73e34-3fa9-4b39-8757-702b5fd18643&device_owner=network%3Adhcp => generated 1457 bytes in 38 msecs (HTTP/1.1 200) 4 headers in 158 bytes (1 switches on core 0) [pid: 8|app: 0|req: 1593/3186] 199.204.45.169 () {34 vars in 1052 bytes} [Mon Apr 27 17:59:59 2026] GET /v2.0/ports?network_id=10e73e34-3fa9-4b39-8757-702b5fd18643&device_owner=network%3Adhcp => generated 1457 bytes in 29 msecs (HTTP/1.1 200) 4 headers in 158 bytes (1 switches on core 0) [pid: 7|app: 0|req: 1594/3187] 199.204.45.169 () {34 vars in 1012 bytes} [Mon Apr 27 17:59:59 2026] GET /v2.0/networks/10e73e34-3fa9-4b39-8757-702b5fd18643?fields=segments => generated 14 bytes in 41 msecs (HTTP/1.1 200) 4 headers in 156 bytes (1 switches on core 0) [pid: 8|app: 0|req: 1594/3188] 199.204.45.169 () {34 vars in 1112 bytes} [Mon Apr 27 17:59:59 2026] GET /v2.0/networks/10e73e34-3fa9-4b39-8757-702b5fd18643?fields=provider%3Aphysical_network&fields=provider%3Anetwork_type => generated 78 bytes in 39 msecs (HTTP/1.1 200) 4 headers in 156 bytes (1 switches on core 0) [pid: 7|app: 0|req: 1595/3189] 199.204.45.169 () {34 vars in 994 bytes} [Mon Apr 27 18:00:00 2026] GET /v2.0/ports?device_id=7979f407-8145-4776-a04e-8923d4d1ccaa => generated 1196 bytes in 78 msecs (HTTP/1.1 200) 4 headers in 158 bytes (1 switches on core 0)
2026-04-27 18:00:01.159 8 INFO neutron_taas.services.taas.taas_plugin [req-b5d6aa0b-3c9d-4a45-b499-aee4eba3a651 req-b27a9814-5926-4bba-841f-3fbea9c56c25 7ed955fcad9443c88cbdd19c3bed5905 b96eabd5ceb146338b0e192fdff79cad - - default default] TaaS: Handle Delete Port: bc39d7e5-7954-4d15-a9fe-d6dd19bd55be
2026-04-27 18:00:01.162 8 INFO neutron_taas.services.taas.tap_mirror_plugin [req-b5d6aa0b-3c9d-4a45-b499-aee4eba3a651 req-b27a9814-5926-4bba-841f-3fbea9c56c25 7ed955fcad9443c88cbdd19c3bed5905 b96eabd5ceb146338b0e192fdff79cad - - default default] Tap Mirror: Handle Delete Port: bc39d7e5-7954-4d15-a9fe-d6dd19bd55be [pid: 8|app: 0|req: 1595/3190] 199.204.45.169 () {36 vars in 997 bytes} [Mon Apr 27 18:00:01 2026] DELETE /v2.0/ports/bc39d7e5-7954-4d15-a9fe-d6dd19bd55be => generated 0 bytes in 301 msecs (HTTP/1.1 204) 3 headers in 131 bytes (1 switches on core 0)
2026-04-27 18:00:01.405 8 INFO neutron.notifiers.nova [-] Nova event matching ['req-0627077b-7171-4181-b15d-0f125304df8b'] response: {'server_uuid': '7979f407-8145-4776-a04e-8923d4d1ccaa', 'name': 'network-vif-deleted', 'tag': 'bc39d7e5-7954-4d15-a9fe-d6dd19bd55be', 'status': 'completed', 'code': 200} [pid: 7|app: 0|req: 1597/3193] 10.0.0.242 () {34 vars in 990 bytes} [Mon Apr 27 18:00:03 2026] GET /v2.0/ports?device_id=7979f407-8145-4776-a04e-8923d4d1ccaa => generated 12 bytes in 19 msecs (HTTP/1.1 200) 4 headers in 156 bytes (1 switches on core 0) [pid: 8|app: 0|req: 1597/3194] 10.0.0.29 () {32 vars in 749 bytes} [Mon Apr 27 18:00:08 2026] DELETE /v2.0/security-group-rules/7819dd1e-6ef4-4ae7-88af-79f50a573254 => generated 0 bytes in 119 msecs (HTTP/1.1 204) 2 headers in 112 bytes (1 switches on core 0)
2026-04-27 18:00:08.942 7 INFO neutron.api.v2.resource [None req-e1181f70-e5a7-4678-b9d8-baf17f6a3c69 7ed955fcad9443c88cbdd19c3bed5905 b96eabd5ceb146338b0e192fdff79cad - - default default] show failed (client error): The resource could not be found. [pid: 7|app: 0|req: 1598/3195] 10.0.0.29 () {32 vars in 746 bytes} [Mon Apr 27 18:00:08 2026] GET /v2.0/security-group-rules/7819dd1e-6ef4-4ae7-88af-79f50a573254 => generated 155 bytes in 17 msecs (HTTP/1.1 404) 4 headers in 164 bytes (1 switches on core 0) [pid: 8|app: 0|req: 1598/3196] 10.0.0.29 () {32 vars in 749 bytes} [Mon Apr 27 18:00:08 2026] DELETE /v2.0/security-group-rules/b7be05df-305f-4c71-bf2f-0fb6d3d23d53 => generated 0 bytes in 78 msecs (HTTP/1.1 204) 2 headers in 112 bytes (1 switches on core 0)
2026-04-27 18:00:09.046 7 INFO neutron.api.v2.resource [None req-a496c493-a9e6-455b-aaf3-9096d094ddfc 7ed955fcad9443c88cbdd19c3bed5905 b96eabd5ceb146338b0e192fdff79cad - - default default] show failed (client error): The resource could not be found. [pid: 7|app: 0|req: 1599/3197] 10.0.0.29 () {32 vars in 746 bytes} [Mon Apr 27 18:00:09 2026] GET /v2.0/security-group-rules/b7be05df-305f-4c71-bf2f-0fb6d3d23d53 => generated 155 bytes in 16 msecs (HTTP/1.1 404) 4 headers in 164 bytes (1 switches on core 0) [pid: 8|app: 0|req: 1599/3198] 10.0.0.29 () {32 vars in 749 bytes} [Mon Apr 27 18:00:09 2026] DELETE /v2.0/security-group-rules/3f1979a3-b5ab-43ae-a3ba-a9d204f37481 => generated 0 bytes in 71 msecs (HTTP/1.1 204) 2 headers in 112 bytes (1 switches on core 0)
2026-04-27 18:00:09.138 7 INFO neutron.api.v2.resource [None req-22ab2367-031c-4629-974c-7c89634ed267 7ed955fcad9443c88cbdd19c3bed5905 b96eabd5ceb146338b0e192fdff79cad - - default default] show failed (client error): The resource could not be found. [pid: 7|app: 0|req: 1600/3199] 10.0.0.29 () {32 vars in 746 bytes} [Mon Apr 27 18:00:09 2026] GET /v2.0/security-group-rules/3f1979a3-b5ab-43ae-a3ba-a9d204f37481 => generated 155 bytes in 11 msecs (HTTP/1.1 404) 4 headers in 164 bytes (1 switches on core 0) [pid: 8|app: 0|req: 1600/3200] 10.0.0.29 () {32 vars in 749 bytes} [Mon Apr 27 18:00:09 2026] DELETE /v2.0/security-group-rules/19d4e264-9673-41d4-ac66-5d505a966aca => generated 0 bytes in 70 msecs (HTTP/1.1 204) 2 headers in 112 bytes (1 switches on core 0)
2026-04-27 18:00:09.230 7 INFO neutron.api.v2.resource [None req-459664a5-ffc4-462c-8fb0-185a64078ecc 7ed955fcad9443c88cbdd19c3bed5905 b96eabd5ceb146338b0e192fdff79cad - - default default] show failed (client error): The resource could not be found. [pid: 7|app: 0|req: 1601/3201] 10.0.0.29 () {32 vars in 746 bytes} [Mon Apr 27 18:00:09 2026] GET /v2.0/security-group-rules/19d4e264-9673-41d4-ac66-5d505a966aca => generated 155 bytes in 13 msecs (HTTP/1.1 404) 4 headers in 164 bytes (1 switches on core 0) [pid: 8|app: 0|req: 1601/3202] 10.0.0.29 () {32 vars in 749 bytes} [Mon Apr 27 18:00:09 2026] DELETE /v2.0/security-group-rules/0387320f-3e6f-4e24-ac20-b22e24ced56a => generated 0 bytes in 66 msecs (HTTP/1.1 204) 2 headers in 112 bytes (1 switches on core 0)
2026-04-27 18:00:09.317 7 INFO neutron.api.v2.resource [None req-6ca2cedb-d309-4e48-ad6a-862a8832cf5a 7ed955fcad9443c88cbdd19c3bed5905 b96eabd5ceb146338b0e192fdff79cad - - default default] show failed (client error): The resource could not be found. [pid: 7|app: 0|req: 1602/3203] 10.0.0.29 () {32 vars in 746 bytes} [Mon Apr 27 18:00:09 2026] GET /v2.0/security-group-rules/0387320f-3e6f-4e24-ac20-b22e24ced56a => generated 155 bytes in 12 msecs (HTTP/1.1 404) 4 headers in 164 bytes (1 switches on core 0) [pid: 8|app: 0|req: 1602/3204] 10.0.0.29 () {32 vars in 749 bytes} [Mon Apr 27 18:00:09 2026] DELETE /v2.0/security-group-rules/0c4640da-7f14-4fc8-99ad-138fded793b7 => generated 0 bytes in 63 msecs (HTTP/1.1 204) 2 headers in 112 bytes (1 switches on core 0)
2026-04-27 18:00:09.405 7 INFO neutron.api.v2.resource [None req-6cef8389-ff0a-483a-9ea6-ce19bfb6201a 7ed955fcad9443c88cbdd19c3bed5905 b96eabd5ceb146338b0e192fdff79cad - - default default] show failed (client error): The resource could not be found. [pid: 7|app: 0|req: 1603/3205] 10.0.0.29 () {32 vars in 746 bytes} [Mon Apr 27 18:00:09 2026] GET /v2.0/security-group-rules/0c4640da-7f14-4fc8-99ad-138fded793b7 => generated 155 bytes in 12 msecs (HTTP/1.1 404) 4 headers in 164 bytes (1 switches on core 0) [pid: 8|app: 0|req: 1603/3206] 10.0.0.29 () {32 vars in 749 bytes} [Mon Apr 27 18:00:09 2026] DELETE /v2.0/security-group-rules/bc9b7d41-db2f-4a1e-8bea-b7e98948e228 => generated 0 bytes in 71 msecs (HTTP/1.1 204) 2 headers in 112 bytes (1 switches on core 0)
2026-04-27 18:00:09.500 7 INFO neutron.api.v2.resource [None req-2732ebb7-2714-492c-b555-bbcddc0ec189 7ed955fcad9443c88cbdd19c3bed5905 b96eabd5ceb146338b0e192fdff79cad - - default default] show failed (client error): The resource could not be found. [pid: 7|app: 0|req: 1604/3207] 10.0.0.29 () {32 vars in 746 bytes} [Mon Apr 27 18:00:09 2026] GET /v2.0/security-group-rules/bc9b7d41-db2f-4a1e-8bea-b7e98948e228 => generated 155 bytes in 12 msecs (HTTP/1.1 404) 4 headers in 164 bytes (1 switches on core 0) [pid: 8|app: 0|req: 1604/3208] 10.0.0.29 () {32 vars in 749 bytes} [Mon Apr 27 18:00:09 2026] DELETE /v2.0/security-group-rules/f1a2be2d-0cef-4c08-86f4-33db201431c8 => generated 0 bytes in 73 msecs (HTTP/1.1 204) 2 headers in 112 bytes (1 switches on core 0)
2026-04-27 18:00:09.596 7 INFO neutron.api.v2.resource [None req-3fcc5988-ec69-4268-97f0-f784318d7cda 7ed955fcad9443c88cbdd19c3bed5905 b96eabd5ceb146338b0e192fdff79cad - - default default] show failed (client error): The resource could not be found. [pid: 7|app: 0|req: 1605/3209] 10.0.0.29 () {32 vars in 746 bytes} [Mon Apr 27 18:00:09 2026] GET /v2.0/security-group-rules/f1a2be2d-0cef-4c08-86f4-33db201431c8 => generated 155 bytes in 10 msecs (HTTP/1.1 404) 4 headers in 164 bytes (1 switches on core 0) [pid: 8|app: 0|req: 1605/3210] 10.0.0.29 () {32 vars in 749 bytes} [Mon Apr 27 18:00:09 2026] DELETE /v2.0/security-group-rules/167f5a46-973c-4a7f-9c6d-ea86dfe168f2 => generated 0 bytes in 79 msecs (HTTP/1.1 204) 2 headers in 112 bytes (1 switches on core 0)
2026-04-27 18:00:09.696 7 INFO neutron.api.v2.resource [None req-4c9715ab-0209-4b4a-8248-8a5a14863d1f 7ed955fcad9443c88cbdd19c3bed5905 b96eabd5ceb146338b0e192fdff79cad - - default default] show failed (client error): The resource could not be found. [pid: 7|app: 0|req: 1606/3211] 10.0.0.29 () {32 vars in 746 bytes} [Mon Apr 27 18:00:09 2026] GET /v2.0/security-group-rules/167f5a46-973c-4a7f-9c6d-ea86dfe168f2 => generated 155 bytes in 12 msecs (HTTP/1.1 404) 4 headers in 164 bytes (1 switches on core 0) [pid: 8|app: 0|req: 1606/3212] 10.0.0.29 () {32 vars in 749 bytes} [Mon Apr 27 18:00:09 2026] DELETE /v2.0/security-group-rules/c0346885-e9ee-4725-a25d-00c639efae5b => generated 0 bytes in 88 msecs (HTTP/1.1 204) 2 headers in 112 bytes (1 switches on core 0)
2026-04-27 18:00:09.809 7 INFO neutron.api.v2.resource [None req-fd3c158a-0ec1-465e-8596-4855e34daae8 7ed955fcad9443c88cbdd19c3bed5905 b96eabd5ceb146338b0e192fdff79cad - - default default] show failed (client error): The resource could not be found. [pid: 7|app: 0|req: 1607/3213] 10.0.0.29 () {32 vars in 746 bytes} [Mon Apr 27 18:00:09 2026] GET /v2.0/security-group-rules/c0346885-e9ee-4725-a25d-00c639efae5b => generated 155 bytes in 16 msecs (HTTP/1.1 404) 4 headers in 164 bytes (1 switches on core 0) [pid: 8|app: 0|req: 1607/3214] 10.0.0.29 () {32 vars in 749 bytes} [Mon Apr 27 18:00:09 2026] DELETE /v2.0/security-group-rules/4b855380-31fa-4004-af18-eec57a6396c7 => generated 0 bytes in 65 msecs (HTTP/1.1 204) 2 headers in 112 bytes (1 switches on core 0)
2026-04-27 18:00:09.903 7 INFO neutron.api.v2.resource [None req-197334d1-3a08-4bcc-aca6-2618cbd84c10 7ed955fcad9443c88cbdd19c3bed5905 b96eabd5ceb146338b0e192fdff79cad - - default default] show failed (client error): The resource could not be found. [pid: 7|app: 0|req: 1608/3215] 10.0.0.29 () {32 vars in 746 bytes} [Mon Apr 27 18:00:09 2026] GET /v2.0/security-group-rules/4b855380-31fa-4004-af18-eec57a6396c7 => generated 155 bytes in 21 msecs (HTTP/1.1 404) 4 headers in 164 bytes (1 switches on core 0) [pid: 8|app: 0|req: 1608/3216] 10.0.0.29 () {32 vars in 739 bytes} [Mon Apr 27 18:00:09 2026] DELETE /v2.0/security-groups/74dee4e7-aba6-44f1-bfe8-8b2f4deed576 => generated 0 bytes in 103 msecs (HTTP/1.1 204) 2 headers in 112 bytes (1 switches on core 0)
2026-04-27 18:00:10.032 7 INFO neutron.api.v2.resource [None req-1d8723c4-d2ec-4c53-8f53-7a5fac6a99d8 7ed955fcad9443c88cbdd19c3bed5905 b96eabd5ceb146338b0e192fdff79cad - - default default] show failed (client error): The resource could not be found. [pid: 7|app: 0|req: 1609/3217] 10.0.0.29 () {32 vars in 736 bytes} [Mon Apr 27 18:00:10 2026] GET /v2.0/security-groups/74dee4e7-aba6-44f1-bfe8-8b2f4deed576 => generated 146 bytes in 16 msecs (HTTP/1.1 404) 4 headers in 164 bytes (1 switches on core 0)
2026-04-27 18:00:10.480 8 INFO neutron_taas.services.taas.taas_plugin [None req-633862f4-8b8d-4245-bcba-02a818e573ca 7ed955fcad9443c88cbdd19c3bed5905 b96eabd5ceb146338b0e192fdff79cad - - default default] TaaS: Handle Delete Port: f56771e6-9fae-4d94-b2f4-82f9c319abcf
2026-04-27 18:00:10.484 8 INFO neutron_taas.services.taas.tap_mirror_plugin [None req-633862f4-8b8d-4245-bcba-02a818e573ca 7ed955fcad9443c88cbdd19c3bed5905 b96eabd5ceb146338b0e192fdff79cad - - default default] Tap Mirror: Handle Delete Port: f56771e6-9fae-4d94-b2f4-82f9c319abcf [pid: 8|app: 0|req: 1609/3218] 10.0.0.29 () {34 vars in 788 bytes} [Mon Apr 27 18:00:10 2026] PUT /v2.0/routers/0210cda8-6e7a-489b-9755-7ae71351e028/remove_router_interface => generated 310 bytes in 949 msecs (HTTP/1.1 200) 4 headers in 157 bytes (1 switches on core 0)
2026-04-27 18:00:11.220 7 INFO neutron.api.v2.resource [None req-5759a212-2578-451f-86ab-894a8da6c30e 7ed955fcad9443c88cbdd19c3bed5905 b96eabd5ceb146338b0e192fdff79cad - - default default] remove_router_interface failed (client error): The resource could not be found. [pid: 7|app: 0|req: 1610/3219] 10.0.0.29 () {34 vars in 788 bytes} [Mon Apr 27 18:00:11 2026] PUT /v2.0/routers/0210cda8-6e7a-489b-9755-7ae71351e028/remove_router_interface => generated 198 bytes in 175 msecs (HTTP/1.1 404) 4 headers in 164 bytes (1 switches on core 0)
2026-04-27 18:00:11.595 8 INFO neutron_taas.services.taas.taas_plugin [None req-7267b866-ea68-4de9-a0a7-2706a8d07c7b 7ed955fcad9443c88cbdd19c3bed5905 b96eabd5ceb146338b0e192fdff79cad - - default default] TaaS: Handle Delete Port: 6ccd342d-c9fe-4fd7-b811-0551bd41e59d
2026-04-27 18:00:11.599 8 INFO neutron_taas.services.taas.tap_mirror_plugin [None req-7267b866-ea68-4de9-a0a7-2706a8d07c7b 7ed955fcad9443c88cbdd19c3bed5905 b96eabd5ceb146338b0e192fdff79cad - - default default] Tap Mirror: Handle Delete Port: 6ccd342d-c9fe-4fd7-b811-0551bd41e59d [pid: 8|app: 0|req: 1610/3220] 10.0.0.29 () {34 vars in 788 bytes} [Mon Apr 27 18:00:11 2026] PUT /v2.0/routers/0210cda8-6e7a-489b-9755-7ae71351e028/remove_router_interface => generated 310 bytes in 1024 msecs (HTTP/1.1 200) 4 headers in 157 bytes (1 switches on core 0)
2026-04-27 18:00:12.415 7 INFO neutron.api.v2.resource [None req-bc995d4f-fbd1-4d5b-80f0-f9817c7a75d8 7ed955fcad9443c88cbdd19c3bed5905 b96eabd5ceb146338b0e192fdff79cad - - default default] remove_router_interface failed (client error): The resource could not be found. [pid: 7|app: 0|req: 1611/3221] 10.0.0.29 () {34 vars in 788 bytes} [Mon Apr 27 18:00:12 2026] PUT /v2.0/routers/0210cda8-6e7a-489b-9755-7ae71351e028/remove_router_interface => generated 198 bytes in 161 msecs (HTTP/1.1 404) 4 headers in 164 bytes (1 switches on core 0)
2026-04-27 18:00:12.795 8 INFO neutron_taas.services.taas.taas_plugin [None req-8437dbef-37f5-401a-a2e5-9c309440b3ce 7ed955fcad9443c88cbdd19c3bed5905 b96eabd5ceb146338b0e192fdff79cad - - default default] TaaS: Handle Delete Port: 0b20ba3c-dd0a-4dbd-ae25-2c584efd9998
2026-04-27 18:00:12.797 8 INFO neutron_taas.services.taas.tap_mirror_plugin [None req-8437dbef-37f5-401a-a2e5-9c309440b3ce 7ed955fcad9443c88cbdd19c3bed5905 b96eabd5ceb146338b0e192fdff79cad - - default default] Tap Mirror: Handle Delete Port: 0b20ba3c-dd0a-4dbd-ae25-2c584efd9998 [pid: 8|app: 0|req: 1611/3222] 10.0.0.29 () {34 vars in 788 bytes} [Mon Apr 27 18:00:12 2026] PUT /v2.0/routers/0210cda8-6e7a-489b-9755-7ae71351e028/remove_router_interface => generated 310 bytes in 953 msecs (HTTP/1.1 200) 4 headers in 157 bytes (1 switches on core 0)
2026-04-27 18:00:14.135 7 INFO neutron.api.v2.resource [None req-f087e96a-f1a8-4a8c-aec9-2f8c949ac258 7ed955fcad9443c88cbdd19c3bed5905 b96eabd5ceb146338b0e192fdff79cad - - default default] remove_router_interface failed (client error): The resource could not be found. [pid: 7|app: 0|req: 1612/3223] 10.0.0.29 () {34 vars in 788 bytes} [Mon Apr 27 18:00:13 2026] PUT /v2.0/routers/0210cda8-6e7a-489b-9755-7ae71351e028/remove_router_interface => generated 198 bytes in 748 msecs (HTTP/1.1 404) 4 headers in 164 bytes (1 switches on core 0)
2026-04-27 18:00:14.329 8 INFO neutron_taas.services.taas.taas_plugin [None req-cb45de9b-b951-412f-a6f8-327e0c34015e 7ed955fcad9443c88cbdd19c3bed5905 b96eabd5ceb146338b0e192fdff79cad - - default default] TaaS: Handle Delete Port: bc181df5-c725-4715-a80d-5d8d6f2f95e2
2026-04-27 18:00:14.333 8 INFO neutron_taas.services.taas.tap_mirror_plugin [None req-cb45de9b-b951-412f-a6f8-327e0c34015e 7ed955fcad9443c88cbdd19c3bed5905 b96eabd5ceb146338b0e192fdff79cad - - default default] Tap Mirror: Handle Delete Port: bc181df5-c725-4715-a80d-5d8d6f2f95e2
2026-04-27 18:00:14.603 8 INFO neutron_taas.services.taas.taas_plugin [None req-cb45de9b-b951-412f-a6f8-327e0c34015e 7ed955fcad9443c88cbdd19c3bed5905 b96eabd5ceb146338b0e192fdff79cad - - default default] TaaS: Handle Delete Port: 064e9106-11e6-42d2-9835-3507ec5442d0
2026-04-27 18:00:14.606 8 INFO neutron_taas.services.taas.tap_mirror_plugin [None req-cb45de9b-b951-412f-a6f8-327e0c34015e 7ed955fcad9443c88cbdd19c3bed5905 b96eabd5ceb146338b0e192fdff79cad - - default default] Tap Mirror: Handle Delete Port: 064e9106-11e6-42d2-9835-3507ec5442d0
2026-04-27 18:00:14.962 8 INFO neutron.services.segments.plugin [-] Segment a95ad21b-6a4a-4140-9d1d-ee07cfd44d18 resource provider aggregate not found
2026-04-27 18:00:14.972 8 INFO neutron.services.segments.plugin [-] Segment a95ad21b-6a4a-4140-9d1d-ee07cfd44d18 resource provider aggregate not found
2026-04-27 18:00:14.982 8 INFO neutron.services.segments.plugin [-] Segment a95ad21b-6a4a-4140-9d1d-ee07cfd44d18 resource provider not found; error: Placement Client Error (4xx): {"errors": [{"status": 404, "title": "Not Found", "detail": "The resource could not be found.\n\n No resource provider with uuid a95ad21b-6a4a-4140-9d1d-ee07cfd44d18 found for delete ", "request_id": "req-1d936f3a-24dd-4448-8082-21efb0bf090f"}]}
2026-04-27 18:00:14.990 8 INFO neutron.services.segments.plugin [-] Segment a95ad21b-6a4a-4140-9d1d-ee07cfd44d18 resource provider not found; error: Placement Client Error (4xx): {"errors": [{"status": 404, "title": "Not Found", "detail": "The resource could not be found.\n\n No resource provider with uuid a95ad21b-6a4a-4140-9d1d-ee07cfd44d18 found for delete ", "request_id": "req-c424f320-08f4-4580-9b76-dcac97124f7f"}]}
2026-04-27 18:00:15.000 8 INFO neutron.db.l3_hamode_db [None req-cb45de9b-b951-412f-a6f8-327e0c34015e 7ed955fcad9443c88cbdd19c3bed5905 b96eabd5ceb146338b0e192fdff79cad - - default default] HA network b10cef46-958b-410b-80fe-a1e0addaa986 was deleted as no HA routers are present in project b96eabd5ceb146338b0e192fdff79cad. [pid: 8|app: 0|req: 1612/3224] 10.0.0.29 () {32 vars in 723 bytes} [Mon Apr 27 18:00:14 2026] DELETE /v2.0/routers/0210cda8-6e7a-489b-9755-7ae71351e028 => generated 0 bytes in 865 msecs (HTTP/1.1 204) 2 headers in 112 bytes (1 switches on core 0)
2026-04-27 18:00:15.028 7 INFO neutron.api.v2.resource [None req-72fa113a-3eed-4c5a-b890-8258593febb2 7ed955fcad9443c88cbdd19c3bed5905 b96eabd5ceb146338b0e192fdff79cad - - default default] show failed (client error): The resource could not be found. [pid: 7|app: 0|req: 1613/3225] 10.0.0.29 () {32 vars in 720 bytes} [Mon Apr 27 18:00:15 2026] GET /v2.0/routers/0210cda8-6e7a-489b-9755-7ae71351e028 => generated 135 bytes in 17 msecs (HTTP/1.1 404) 4 headers in 164 bytes (1 switches on core 0) [pid: 8|app: 0|req: 1613/3226] 10.0.0.29 () {32 vars in 723 bytes} [Mon Apr 27 18:00:15 2026] DELETE /v2.0/subnets/b49822ea-da95-4875-8561-9cbd97db99a6 => generated 0 bytes in 172 msecs (HTTP/1.1 204) 3 headers in 131 bytes (1 switches on core 0)
2026-04-27 18:00:15.235 7 INFO neutron.pecan_wsgi.hooks.translation [None req-b31c03a0-097b-4a74-9c22-32fba66cfcfb 7ed955fcad9443c88cbdd19c3bed5905 b96eabd5ceb146338b0e192fdff79cad - - default default] GET failed (client error): The resource could not be found. [pid: 7|app: 0|req: 1614/3227] 10.0.0.29 () {32 vars in 720 bytes} [Mon Apr 27 18:00:15 2026] GET /v2.0/subnets/b49822ea-da95-4875-8561-9cbd97db99a6 => generated 136 bytes in 18 msecs (HTTP/1.1 404) 4 headers in 164 bytes (1 switches on core 0) [pid: 8|app: 0|req: 1614/3228] 10.0.0.29 () {32 vars in 723 bytes} [Mon Apr 27 18:00:15 2026] DELETE /v2.0/subnets/55750474-84e8-4ead-ab09-3ca85f78dc52 => generated 0 bytes in 168 msecs (HTTP/1.1 204) 3 headers in 131 bytes (1 switches on core 0)
2026-04-27 18:00:15.424 7 INFO neutron.pecan_wsgi.hooks.translation [None req-d4a013c7-7128-4f1a-93e6-528193a21c11 7ed955fcad9443c88cbdd19c3bed5905 b96eabd5ceb146338b0e192fdff79cad - - default default] GET failed (client error): The resource could not be found. [pid: 7|app: 0|req: 1615/3229] 10.0.0.29 () {32 vars in 720 bytes} [Mon Apr 27 18:00:15 2026] GET /v2.0/subnets/55750474-84e8-4ead-ab09-3ca85f78dc52 => generated 136 bytes in 11 msecs (HTTP/1.1 404) 4 headers in 164 bytes (1 switches on core 0)
2026-04-27 18:00:15.532 8 INFO neutron_taas.services.taas.taas_plugin [None req-6b5dd78b-56d9-4791-8d21-e13bbbbd3f39 7ed955fcad9443c88cbdd19c3bed5905 b96eabd5ceb146338b0e192fdff79cad - - default default] TaaS: Handle Delete Port: 59f14ef4-56ac-4b10-99fd-2ad4725d1bbc
2026-04-27 18:00:15.535 8 INFO neutron_taas.services.taas.tap_mirror_plugin [None req-6b5dd78b-56d9-4791-8d21-e13bbbbd3f39 7ed955fcad9443c88cbdd19c3bed5905 b96eabd5ceb146338b0e192fdff79cad - - default default] Tap Mirror: Handle Delete Port: 59f14ef4-56ac-4b10-99fd-2ad4725d1bbc [pid: 8|app: 0|req: 1615/3230] 10.0.0.29 () {32 vars in 725 bytes} [Mon Apr 27 18:00:15 2026] DELETE /v2.0/networks/6c57ae54-0b26-46ec-9bce-b276dbc9f0ca => generated 0 bytes in 289 msecs (HTTP/1.1 204) 3 headers in 131 bytes (1 switches on core 0)
2026-04-27 18:00:15.735 7 INFO neutron.pecan_wsgi.hooks.translation [None req-5f46b01d-d1b2-49ae-bfa5-59deb1138aaf 7ed955fcad9443c88cbdd19c3bed5905 b96eabd5ceb146338b0e192fdff79cad - - default default] GET failed (client error): The resource could not be found. [pid: 7|app: 0|req: 1616/3231] 10.0.0.29 () {32 vars in 722 bytes} [Mon Apr 27 18:00:15 2026] GET /v2.0/networks/6c57ae54-0b26-46ec-9bce-b276dbc9f0ca => generated 138 bytes in 14 msecs (HTTP/1.1 404) 4 headers in 164 bytes (1 switches on core 0) [pid: 8|app: 0|req: 1616/3232] 10.0.0.29 () {32 vars in 723 bytes} [Mon Apr 27 18:00:15 2026] DELETE /v2.0/subnets/9430ba16-a954-4ef9-90ee-26a1f9185f0e => generated 0 bytes in 212 msecs (HTTP/1.1 204) 3 headers in 131 bytes (1 switches on core 0)
2026-04-27 18:00:15.979 7 INFO neutron.pecan_wsgi.hooks.translation [None req-ce3e22d1-0fe1-4b01-8468-4ccd2ef536e0 7ed955fcad9443c88cbdd19c3bed5905 b96eabd5ceb146338b0e192fdff79cad - - default default] GET failed (client error): The resource could not be found. [pid: 7|app: 0|req: 1617/3233] 10.0.0.29 () {32 vars in 720 bytes} [Mon Apr 27 18:00:15 2026] GET /v2.0/subnets/9430ba16-a954-4ef9-90ee-26a1f9185f0e => generated 136 bytes in 18 msecs (HTTP/1.1 404) 4 headers in 164 bytes (1 switches on core 0) [pid: 8|app: 0|req: 1617/3234] 10.0.0.29 () {32 vars in 723 bytes} [Mon Apr 27 18:00:15 2026] DELETE /v2.0/subnets/93ef55d0-a0db-4a7c-98ee-5970b96e506f => generated 0 bytes in 142 msecs (HTTP/1.1 204) 3 headers in 131 bytes (1 switches on core 0)
2026-04-27 18:00:16.152 7 INFO neutron.pecan_wsgi.hooks.translation [None req-5db9e136-a7d5-473a-a1fa-fefc7b02236a 7ed955fcad9443c88cbdd19c3bed5905 b96eabd5ceb146338b0e192fdff79cad - - default default] GET failed (client error): The resource could not be found. [pid: 7|app: 0|req: 1618/3235] 10.0.0.29 () {32 vars in 720 bytes} [Mon Apr 27 18:00:16 2026] GET /v2.0/subnets/93ef55d0-a0db-4a7c-98ee-5970b96e506f => generated 136 bytes in 19 msecs (HTTP/1.1 404) 4 headers in 164 bytes (1 switches on core 0)
2026-04-27 18:00:16.264 8 INFO neutron_taas.services.taas.taas_plugin [None req-41afbc91-ac7b-4e3e-a866-bd1fd5f749dc 7ed955fcad9443c88cbdd19c3bed5905 b96eabd5ceb146338b0e192fdff79cad - - default default] TaaS: Handle Delete Port: 1045fb02-7a56-4651-bb81-18803d0cf4f3
2026-04-27 18:00:16.267 8 INFO neutron_taas.services.taas.tap_mirror_plugin [None req-41afbc91-ac7b-4e3e-a866-bd1fd5f749dc 7ed955fcad9443c88cbdd19c3bed5905 b96eabd5ceb146338b0e192fdff79cad - - default default] Tap Mirror: Handle Delete Port: 1045fb02-7a56-4651-bb81-18803d0cf4f3 [pid: 8|app: 0|req: 1618/3236] 10.0.0.29 () {32 vars in 725 bytes} [Mon Apr 27 18:00:16 2026] DELETE /v2.0/networks/10e73e34-3fa9-4b39-8757-702b5fd18643 => generated 0 bytes in 329 msecs (HTTP/1.1 204) 3 headers in 131 bytes (1 switches on core 0)
2026-04-27 18:00:16.512 7 INFO neutron.pecan_wsgi.hooks.translation [None req-b92083ce-08d8-4d4f-b116-d87ab5e728eb 7ed955fcad9443c88cbdd19c3bed5905 b96eabd5ceb146338b0e192fdff79cad - - default default] GET failed (client error): The resource could not be found. [pid: 7|app: 0|req: 1619/3237] 10.0.0.29 () {32 vars in 722 bytes} [Mon Apr 27 18:00:16 2026] GET /v2.0/networks/10e73e34-3fa9-4b39-8757-702b5fd18643 => generated 138 bytes in 18 msecs (HTTP/1.1 404) 4 headers in 164 bytes (1 switches on core 0) [pid: 8|app: 0|req: 1619/3238] 10.0.0.29 () {32 vars in 723 bytes} [Mon Apr 27 18:00:16 2026] DELETE /v2.0/subnets/3ebea968-70ad-4537-8583-b4cc8b1ee348 => generated 0 bytes in 209 msecs (HTTP/1.1 204) 3 headers in 131 bytes (1 switches on core 0)
2026-04-27 18:00:16.757 7 INFO neutron.pecan_wsgi.hooks.translation [None req-d541361b-4d03-400a-b5f1-1198ddf16cf0 7ed955fcad9443c88cbdd19c3bed5905 b96eabd5ceb146338b0e192fdff79cad - - default default] GET failed (client error): The resource could not be found. [pid: 7|app: 0|req: 1620/3239] 10.0.0.29 () {32 vars in 720 bytes} [Mon Apr 27 18:00:16 2026] GET /v2.0/subnets/3ebea968-70ad-4537-8583-b4cc8b1ee348 => generated 136 bytes in 16 msecs (HTTP/1.1 404) 4 headers in 164 bytes (1 switches on core 0) [pid: 8|app: 0|req: 1620/3240] 10.0.0.29 () {32 vars in 723 bytes} [Mon Apr 27 18:00:16 2026] DELETE /v2.0/subnets/f7113268-fe0e-4e14-b52d-65841cd793c0 => generated 0 bytes in 165 msecs (HTTP/1.1 204) 3 headers in 131 bytes (1 switches on core 0)
2026-04-27 18:00:16.953 7 INFO neutron.pecan_wsgi.hooks.translation [None req-10dc4aa7-45ae-41ed-b0d4-eedd146a70c2 7ed955fcad9443c88cbdd19c3bed5905 b96eabd5ceb146338b0e192fdff79cad - - default default] GET failed (client error): The resource could not be found. [pid: 7|app: 0|req: 1621/3241] 10.0.0.29 () {32 vars in 720 bytes} [Mon Apr 27 18:00:16 2026] GET /v2.0/subnets/f7113268-fe0e-4e14-b52d-65841cd793c0 => generated 136 bytes in 15 msecs (HTTP/1.1 404) 4 headers in 164 bytes (1 switches on core 0)
2026-04-27 18:00:17.013 8 INFO neutron.services.segments.plugin [-] Segment 9c597513-7159-471b-87eb-013d62014fed resource provider aggregate not found
2026-04-27 18:00:17.020 8 INFO neutron.services.segments.plugin [-] Segment 9c597513-7159-471b-87eb-013d62014fed resource provider aggregate not found
2026-04-27 18:00:17.052 8 INFO neutron.services.segments.plugin [-] Segment 9c597513-7159-471b-87eb-013d62014fed resource provider not found; error: Placement Client Error (4xx): {"errors": [{"status": 404, "title": "Not Found", "detail": "The resource could not be found.\n\n No resource provider with uuid 9c597513-7159-471b-87eb-013d62014fed found for delete ", "request_id": "req-2f944f2a-5f9c-4466-94b3-065d3c318b15"}]}
2026-04-27 18:00:17.056 8 INFO neutron.services.segments.plugin [-] Segment 9c597513-7159-471b-87eb-013d62014fed resource provider not found; error: Placement Client Error (4xx): {"errors": [{"status": 404, "title": "Not Found", "detail": "The resource could not be found.\n\n No resource provider with uuid 9c597513-7159-471b-87eb-013d62014fed found for delete ", "request_id": "req-19de651e-6cda-4603-a142-ea7127e3ec56"}]}
2026-04-27 18:00:17.077 8 INFO neutron.services.segments.plugin [-] Segment 22147330-5cf5-4228-b462-240a05a52dc6 resource provider aggregate not found
2026-04-27 18:00:17.077 8 INFO neutron.services.segments.plugin [-] Segment 22147330-5cf5-4228-b462-240a05a52dc6 resource provider aggregate not found
2026-04-27 18:00:17.100 8 INFO neutron.services.segments.plugin [-] Segment 22147330-5cf5-4228-b462-240a05a52dc6 resource provider not found; error: Placement Client Error (4xx): {"errors": [{"status": 404, "title": "Not Found", "detail": "The resource could not be found.\n\n No resource provider with uuid 22147330-5cf5-4228-b462-240a05a52dc6 found for delete ", "request_id": "req-2e5beff7-5a37-466a-ab99-151d1009bc15"}]}
2026-04-27 18:00:17.106 8 INFO neutron.services.segments.plugin [-] Segment 22147330-5cf5-4228-b462-240a05a52dc6 resource provider not found; error: Placement Client Error (4xx): {"errors": [{"status": 404, "title": "Not Found", "detail": "The resource could not be found.\n\n No resource provider with uuid 22147330-5cf5-4228-b462-240a05a52dc6 found for delete ", "request_id": "req-0561fccc-ffb1-4a64-b0d8-5d5338dae6cb"}]}
2026-04-27 18:00:17.124 8 INFO neutron_taas.services.taas.taas_plugin [None req-a241149e-af76-4ce6-a52d-3d03ff1653f5 7ed955fcad9443c88cbdd19c3bed5905 b96eabd5ceb146338b0e192fdff79cad - - default default] TaaS: Handle Delete Port: cedd15b2-2910-48a2-a0e7-285f1c9a9aa8
2026-04-27 18:00:17.127 8 INFO neutron_taas.services.taas.tap_mirror_plugin [None req-a241149e-af76-4ce6-a52d-3d03ff1653f5 7ed955fcad9443c88cbdd19c3bed5905 b96eabd5ceb146338b0e192fdff79cad - - default default] Tap Mirror: Handle Delete Port: cedd15b2-2910-48a2-a0e7-285f1c9a9aa8 [pid: 8|app: 0|req: 1621/3242] 10.0.0.29 () {32 vars in 725 bytes} [Mon Apr 27 18:00:16 2026] DELETE /v2.0/networks/fe27b9af-bdbd-41c0-b503-4a6b0a89389d => generated 0 bytes in 350 msecs (HTTP/1.1 204) 3 headers in 131 bytes (1 switches on core 0)
2026-04-27 18:00:17.334 7 INFO neutron.pecan_wsgi.hooks.translation [None req-36516e09-534e-4c7d-8e0a-a2d0cd1e3ac8 7ed955fcad9443c88cbdd19c3bed5905 b96eabd5ceb146338b0e192fdff79cad - - default default] GET failed (client error): The resource could not be found. [pid: 7|app: 0|req: 1622/3243] 10.0.0.29 () {32 vars in 722 bytes} [Mon Apr 27 18:00:17 2026] GET /v2.0/networks/fe27b9af-bdbd-41c0-b503-4a6b0a89389d => generated 138 bytes in 21 msecs (HTTP/1.1 404) 4 headers in 164 bytes (1 switches on core 0)
2026-04-27 18:00:19.124 8 INFO neutron.services.segments.plugin [-] Segment fed53897-bff9-45a6-9429-452ecd9ecdc8 resource provider aggregate not found
2026-04-27 18:00:19.130 8 INFO neutron.services.segments.plugin [-] Segment fed53897-bff9-45a6-9429-452ecd9ecdc8 resource provider aggregate not found
2026-04-27 18:00:19.147 8 INFO neutron.services.segments.plugin [-] Segment fed53897-bff9-45a6-9429-452ecd9ecdc8 resource provider not found; error: Placement Client Error (4xx): {"errors": [{"status": 404, "title": "Not Found", "detail": "The resource could not be found.\n\n No resource provider with uuid fed53897-bff9-45a6-9429-452ecd9ecdc8 found for delete ", "request_id": "req-d5a93aab-cb0c-482b-aec3-cf5753f181aa"}]}
2026-04-27 18:00:19.158 8 INFO neutron.services.segments.plugin [-] Segment fed53897-bff9-45a6-9429-452ecd9ecdc8 resource provider not found; error: Placement Client Error (4xx): {"errors": [{"status": 404, "title": "Not Found", "detail": "The resource could not be found.\n\n No resource provider with uuid fed53897-bff9-45a6-9429-452ecd9ecdc8 found for delete ", "request_id": "req-0b43a44b-4da0-49c1-8945-02be61a5d13c"}]}
2026-04-27 18:00:19.269 8 WARNING neutron.db.securitygroups_db [None req-8c63cdf3-f134-4b20-957c-65388d622cea 37d61b38b7a343ca871e9ef82e025874 6bb66cd8852e43ad8f5d8aaff296dd4c - - default default] project_id key not found in filters, using tenant_id instead. This support has been deprecated and will be removed in a future release. [pid: 8|app: 0|req: 1623/3246] 10.0.0.29 () {32 vars in 773 bytes} [Mon Apr 27 18:00:19 2026] GET /v2.0/security-groups?tenant_id=b96eabd5ceb146338b0e192fdff79cad&name=default => generated 2925 bytes in 129 msecs (HTTP/1.1 200) 4 headers in 158 bytes (1 switches on core 0) [pid: 7|app: 0|req: 1624/3247] 10.0.0.29 () {32 vars in 739 bytes} [Mon Apr 27 18:00:19 2026] DELETE /v2.0/security-groups/d198bb0a-55a7-4689-aa81-f2c3404aa696 => generated 0 bytes in 136 msecs (HTTP/1.1 204) 2 headers in 112 bytes (1 switches on core 0)
2026-04-27 18:00:19.527 8 WARNING neutron.db.securitygroups_db [None req-6e24ef52-c946-435d-8e32-b22a31b9f0eb 37d61b38b7a343ca871e9ef82e025874 6bb66cd8852e43ad8f5d8aaff296dd4c - - default default] project_id key not found in filters, using tenant_id instead. This support has been deprecated and will be removed in a future release. [pid: 8|app: 0|req: 1624/3248] 10.0.0.29 () {32 vars in 773 bytes} [Mon Apr 27 18:00:19 2026] GET /v2.0/security-groups?tenant_id=f1a5e75caa394fcb892ffd8717fa24b7&name=default => generated 2929 bytes in 140 msecs (HTTP/1.1 200) 4 headers in 158 bytes (1 switches on core 0) [pid: 7|app: 0|req: 1625/3249] 10.0.0.29 () {32 vars in 739 bytes} [Mon Apr 27 18:00:19 2026] DELETE /v2.0/security-groups/a9f8b405-cf04-450b-9fb6-745501b86d8b => generated 0 bytes in 166 msecs (HTTP/1.1 204) 2 headers in 112 bytes (1 switches on core 0)
2026-04-27 18:00:19.928 8 WARNING neutron.db.securitygroups_db [None req-635fbce3-4d13-4a11-8c3c-7c38d1449726 37d61b38b7a343ca871e9ef82e025874 6bb66cd8852e43ad8f5d8aaff296dd4c - - default default] project_id key not found in filters, using tenant_id instead. This support has been deprecated and will be removed in a future release. [pid: 8|app: 0|req: 1625/3250] 10.0.0.29 () {32 vars in 773 bytes} [Mon Apr 27 18:00:19 2026] GET /v2.0/security-groups?tenant_id=7232759d1ab84a9488d6100239fcdee5&name=default => generated 2929 bytes in 152 msecs (HTTP/1.1 200) 4 headers in 158 bytes (1 switches on core 0) [pid: 7|app: 0|req: 1626/3251] 10.0.0.29 () {32 vars in 739 bytes} [Mon Apr 27 18:00:20 2026] DELETE /v2.0/security-groups/0a6a84f8-5958-4d43-833f-ecd4b7ea12c9 => generated 0 bytes in 102 msecs (HTTP/1.1 204) 2 headers in 112 bytes (1 switches on core 0)
2026-04-27 18:00:20.354 8 WARNING neutron.db.securitygroups_db [None req-1d039953-f73e-405b-b82e-e8fba9f9abdb 37d61b38b7a343ca871e9ef82e025874 6bb66cd8852e43ad8f5d8aaff296dd4c - - default default] project_id key not found in filters, using tenant_id instead. This support has been deprecated and will be removed in a future release. [pid: 8|app: 0|req: 1626/3252] 10.0.0.29 () {32 vars in 773 bytes} [Mon Apr 27 18:00:20 2026] GET /v2.0/security-groups?tenant_id=899b8149eaee498291abf1e4526e1da4&name=default => generated 2929 bytes in 127 msecs (HTTP/1.1 200) 4 headers in 158 bytes (1 switches on core 0) [pid: 7|app: 0|req: 1627/3253] 10.0.0.29 () {32 vars in 739 bytes} [Mon Apr 27 18:00:20 2026] DELETE /v2.0/security-groups/828d65d6-0e7c-4e54-a3f5-3bd17bac62da => generated 0 bytes in 88 msecs (HTTP/1.1 204) 2 headers in 112 bytes (1 switches on core 0)
2026-04-27 18:00:20.728 8 WARNING neutron.db.securitygroups_db [None req-a221aefe-c4ba-46ac-845d-966244a505ec 37d61b38b7a343ca871e9ef82e025874 6bb66cd8852e43ad8f5d8aaff296dd4c - - default default] project_id key not found in filters, using tenant_id instead. This support has been deprecated and will be removed in a future release. [pid: 8|app: 0|req: 1627/3254] 10.0.0.29 () {32 vars in 773 bytes} [Mon Apr 27 18:00:20 2026] GET /v2.0/security-groups?tenant_id=6f411fda6e5d4a58abb0cd81ab50eed7&name=default => generated 2929 bytes in 168 msecs (HTTP/1.1 200) 4 headers in 158 bytes (1 switches on core 0) [pid: 7|app: 0|req: 1628/3255] 10.0.0.29 () {32 vars in 739 bytes} [Mon Apr 27 18:00:20 2026] DELETE /v2.0/security-groups/eb30c534-baf1-4af4-8698-5f0b5efa4069 => generated 0 bytes in 91 msecs (HTTP/1.1 204) 2 headers in 112 bytes (1 switches on core 0)
2026-04-27 18:00:21.138 8 WARNING neutron.db.securitygroups_db [None req-b052b51b-36a6-4517-86a9-087d1be9e439 37d61b38b7a343ca871e9ef82e025874 6bb66cd8852e43ad8f5d8aaff296dd4c - - default default] project_id key not found in filters, using tenant_id instead. This support has been deprecated and will be removed in a future release. [pid: 8|app: 0|req: 1628/3256] 10.0.0.29 () {32 vars in 773 bytes} [Mon Apr 27 18:00:21 2026] GET /v2.0/security-groups?tenant_id=cf36c8175bb84dbcb07be56deb3a43f0&name=default => generated 2929 bytes in 121 msecs (HTTP/1.1 200) 4 headers in 158 bytes (1 switches on core 0) [pid: 7|app: 0|req: 1629/3257] 10.0.0.29 () {32 vars in 739 bytes} [Mon Apr 27 18:00:21 2026] DELETE /v2.0/security-groups/639893ff-50bb-4b86-b9e8-e54f8edce328 => generated 0 bytes in 100 msecs (HTTP/1.1 204) 2 headers in 112 bytes (1 switches on core 0)
2026-04-27 18:00:21.488 8 WARNING neutron.db.securitygroups_db [None req-f8bce5d7-c6ca-4cc3-b4ed-83653d327a5c 37d61b38b7a343ca871e9ef82e025874 6bb66cd8852e43ad8f5d8aaff296dd4c - - default default] project_id key not found in filters, using tenant_id instead. This support has been deprecated and will be removed in a future release. [pid: 8|app: 0|req: 1629/3258] 10.0.0.29 () {32 vars in 773 bytes} [Mon Apr 27 18:00:21 2026] GET /v2.0/security-groups?tenant_id=ef8251698c49468fbe5786d97f6f0156&name=default => generated 2929 bytes in 115 msecs (HTTP/1.1 200) 4 headers in 158 bytes (1 switches on core 0) [pid: 7|app: 0|req: 1630/3259] 10.0.0.29 () {32 vars in 739 bytes} [Mon Apr 27 18:00:21 2026] DELETE /v2.0/security-groups/4ef7dfbc-12b6-44ec-9f7e-01eb41921795 => generated 0 bytes in 101 msecs (HTTP/1.1 204) 2 headers in 112 bytes (1 switches on core 0) [pid: 8|app: 0|req: 1630/3260] 10.0.0.29 () {32 vars in 648 bytes} [Mon Apr 27 18:00:24 2026] GET /v2.0/networks => generated 2167 bytes in 177 msecs (HTTP/1.1 200) 4 headers in 158 bytes (1 switches on core 0) [pid: 7|app: 0|req: 1631/3261] 10.0.0.29 () {32 vars in 654 bytes} [Mon Apr 27 18:00:25 2026] GET /v2.0/floatingips => generated 19 bytes in 22 msecs (HTTP/1.1 200) 4 headers in 156 bytes (1 switches on core 0) [pid: 8|app: 0|req: 1631/3262] 10.0.0.29 () {32 vars in 646 bytes} [Mon Apr 27 18:00:25 2026] GET /v2.0/routers => generated 15 bytes in 24 msecs (HTTP/1.1 200) 4 headers in 156 bytes (1 switches on core 0) [pid: 7|app: 0|req: 1632/3263] 10.0.0.29 () {32 vars in 642 bytes} [Mon Apr 27 18:00:25 2026] GET /v2.0/ports => generated 4725 bytes in 49 msecs (HTTP/1.1 200) 4 headers in 158 bytes (1 switches on core 0) [pid: 8|app: 0|req: 1632/3264] 10.0.0.29 () {32 vars in 646 bytes} [Mon Apr 27 18:00:25 2026] GET /v2.0/subnets => generated 1308 bytes in 50 msecs (HTTP/1.1 200) 4 headers in 158 bytes (1 switches on core 0) [pid: 7|app: 0|req: 1633/3265] 10.0.0.29 () {32 vars in 648 bytes} [Mon Apr 27 18:00:25 2026] GET /v2.0/networks => generated 2167 bytes in 61 msecs (HTTP/1.1 200) 4 headers in 158 bytes (1 switches on core 0) [pid: 8|app: 0|req: 1633/3266] 10.0.0.29 () {32 vars in 662 bytes} [Mon Apr 27 18:00:25 2026] GET /v2.0/security-groups => generated 17401 bytes in 34 msecs (HTTP/1.1 200) 4 headers in 159 bytes (1 switches on core 0) [pid: 7|app: 0|req: 1634/3267] 10.0.0.29 () {32 vars in 654 bytes} [Mon Apr 27 18:00:25 2026] GET /v2.0/subnetpools => generated 19 bytes in 10 msecs (HTTP/1.1 200) 4 headers in 156 bytes (1 switches on core 0)