2026-08-05 06:41:46.354 8 INFO placement.requestlog [req-cc74b898-7bc2-4531-b93f-d755f1646733 req-e11d585a-a4e5-4d9a-93a2-8338432f1802 6925a64c407748188c5d0c862f9ba33f 154e4df7ef1d4508ad24b69803916381 - - ea6566f6df7e43179c0c5f685a371020 ea6566f6df7e43179c0c5f685a371020] 199.204.45.35 "GET /allocations/414f1e34-f3b5-4752-a54e-534950294f9e" status: 200 len: 258 microversion: 1.28 [pid: 8|app: 0|req: 442/872] 199.204.45.35 () {34 vars in 862 bytes} [Wed Aug 5 06:41:46 2026] GET /allocations/414f1e34-f3b5-4752-a54e-534950294f9e => generated 258 bytes in 12 msecs (HTTP/1.1 200) 8 headers in 296 bytes (1 switches on core 0)
2026-08-05 06:41:46.376 7 INFO placement.requestlog [req-cc74b898-7bc2-4531-b93f-d755f1646733 req-ea0d234b-9284-4fac-97f8-5317226864b0 6925a64c407748188c5d0c862f9ba33f 154e4df7ef1d4508ad24b69803916381 - - ea6566f6df7e43179c0c5f685a371020 ea6566f6df7e43179c0c5f685a371020] 199.204.45.35 "GET /allocations/5fee743d-950d-44a5-8af2-339440970bad" status: 200 len: 258 microversion: 1.28 [pid: 7|app: 0|req: 431/873] 199.204.45.35 () {34 vars in 862 bytes} [Wed Aug 5 06:41:46 2026] GET /allocations/5fee743d-950d-44a5-8af2-339440970bad => generated 258 bytes in 14 msecs (HTTP/1.1 200) 8 headers in 296 bytes (1 switches on core 0)
2026-08-05 06:41:52.053 8 INFO placement.requestlog [None req-f9b96f05-c18e-405b-aaf0-b091129c7628 - - - - - -] 10.0.0.44 "GET /" status: 200 len: 136 microversion: 1.0
2026-08-05 06:41:52.054 7 INFO placement.requestlog [None req-58d5fe0f-6f3e-4ffc-abaf-64f500d60e52 - - - - - -] 10.0.0.44 "GET /" status: 200 len: 136 microversion: 1.0
2026-08-05 06:41:56.979 8 INFO placement.requestlog [req-575f7918-cdcb-4d87-80fe-c85518a35574 req-dbbddfbe-061f-40cb-b390-75e8a32e1064 6925a64c407748188c5d0c862f9ba33f 154e4df7ef1d4508ad24b69803916381 - - ea6566f6df7e43179c0c5f685a371020 ea6566f6df7e43179c0c5f685a371020] 199.204.45.35 "GET /resource_providers/1482f572-eb36-44f5-83ad-bacc506b2cb7/allocations" status: 200 len: 353 microversion: 1.0 [pid: 8|app: 0|req: 444/876] 199.204.45.35 () {32 vars in 856 bytes} [Wed Aug 5 06:41:56 2026] GET /resource_providers/1482f572-eb36-44f5-83ad-bacc506b2cb7/allocations => generated 353 bytes in 23 msecs (HTTP/1.1 200) 6 headers in 224 bytes (1 switches on core 0)
2026-08-05 06:41:56.997 7 INFO placement.requestlog [req-575f7918-cdcb-4d87-80fe-c85518a35574 req-2e6d55dd-0873-4415-9f92-3cc6e602afd8 6925a64c407748188c5d0c862f9ba33f 154e4df7ef1d4508ad24b69803916381 - - ea6566f6df7e43179c0c5f685a371020 ea6566f6df7e43179c0c5f685a371020] 199.204.45.35 "GET /allocations/b6c8e39f-e201-4d3a-9f4c-32f52e6d2e8e" status: 200 len: 258 microversion: 1.28 [pid: 7|app: 0|req: 433/877] 199.204.45.35 () {34 vars in 862 bytes} [Wed Aug 5 06:41:56 2026] GET /allocations/b6c8e39f-e201-4d3a-9f4c-32f52e6d2e8e => generated 258 bytes in 11 msecs (HTTP/1.1 200) 8 headers in 296 bytes (1 switches on core 0)
2026-08-05 06:41:57.019 8 INFO placement.requestlog [req-575f7918-cdcb-4d87-80fe-c85518a35574 req-2801ceb9-dfa9-46dc-af90-d27413c40fb8 6925a64c407748188c5d0c862f9ba33f 154e4df7ef1d4508ad24b69803916381 - - ea6566f6df7e43179c0c5f685a371020 ea6566f6df7e43179c0c5f685a371020] 199.204.45.35 "GET /allocations/414f1e34-f3b5-4752-a54e-534950294f9e" status: 200 len: 258 microversion: 1.28 [pid: 8|app: 0|req: 445/878] 199.204.45.35 () {34 vars in 862 bytes} [Wed Aug 5 06:41:57 2026] GET /allocations/414f1e34-f3b5-4752-a54e-534950294f9e => generated 258 bytes in 15 msecs (HTTP/1.1 200) 8 headers in 296 bytes (1 switches on core 0)
2026-08-05 06:41:57.033 7 INFO placement.requestlog [req-575f7918-cdcb-4d87-80fe-c85518a35574 req-71738f53-836a-44cd-bc0c-0b12a5d91e50 6925a64c407748188c5d0c862f9ba33f 154e4df7ef1d4508ad24b69803916381 - - ea6566f6df7e43179c0c5f685a371020 ea6566f6df7e43179c0c5f685a371020] 199.204.45.35 "GET /allocations/5fee743d-950d-44a5-8af2-339440970bad" status: 200 len: 258 microversion: 1.28 [pid: 7|app: 0|req: 434/879] 199.204.45.35 () {34 vars in 862 bytes} [Wed Aug 5 06:41:57 2026] GET /allocations/5fee743d-950d-44a5-8af2-339440970bad => generated 258 bytes in 10 msecs (HTTP/1.1 200) 8 headers in 296 bytes (1 switches on core 0)
2026-08-05 06:41:58.081 8 INFO placement.requestlog [req-575f7918-cdcb-4d87-80fe-c85518a35574 req-d9e2eaef-d903-43f4-86b1-4d3134f163cd 6925a64c407748188c5d0c862f9ba33f 154e4df7ef1d4508ad24b69803916381 - - ea6566f6df7e43179c0c5f685a371020 ea6566f6df7e43179c0c5f685a371020] 199.204.45.35 "DELETE /allocations/5fee743d-950d-44a5-8af2-339440970bad" status: 204 len: 0 microversion: 1.0 [pid: 8|app: 0|req: 446/880] 199.204.45.35 () {34 vars in 840 bytes} [Wed Aug 5 06:41:58 2026] DELETE /allocations/5fee743d-950d-44a5-8af2-339440970bad => generated 0 bytes in 27 msecs (HTTP/1.1 204) 5 headers in 198 bytes (1 switches on core 0)
2026-08-05 06:42:00.075 7 INFO placement.requestlog [req-65d91386-1333-4935-b8d3-735a56de1a20 req-4f53b41d-7933-4f51-8613-517adadc0f12 6925a64c407748188c5d0c862f9ba33f 154e4df7ef1d4508ad24b69803916381 - - ea6566f6df7e43179c0c5f685a371020 ea6566f6df7e43179c0c5f685a371020] 10.0.0.212 "GET /allocation_candidates?limit=1000&resources=DISK_GB%3A1%2CMEMORY_MB%3A512%2CVCPU%3A1&root_required=%21COMPUTE_STATUS_DISABLED" status: 200 len: 2445 microversion: 1.36 [pid: 7|app: 0|req: 435/881] 10.0.0.212 () {34 vars in 1012 bytes} [Wed Aug 5 06:42:00 2026] GET /allocation_candidates?limit=1000&resources=DISK_GB%3A1%2CMEMORY_MB%3A512%2CVCPU%3A1&root_required=%21COMPUTE_STATUS_DISABLED => generated 2445 bytes in 50 msecs (HTTP/1.1 200) 8 headers in 297 bytes (1 switches on core 0)
2026-08-05 06:42:00.107 8 INFO placement.requestlog [req-65d91386-1333-4935-b8d3-735a56de1a20 req-264ffaa1-805e-4d00-859e-ab959316eeb3 6925a64c407748188c5d0c862f9ba33f 154e4df7ef1d4508ad24b69803916381 - - ea6566f6df7e43179c0c5f685a371020 ea6566f6df7e43179c0c5f685a371020] 10.0.0.212 "GET /allocations/159d7d04-5c5b-4474-a6ae-e67c12d55b24" status: 200 len: 19 microversion: 1.28 [pid: 8|app: 0|req: 447/882] 10.0.0.212 () {34 vars in 861 bytes} [Wed Aug 5 06:42:00 2026] GET /allocations/159d7d04-5c5b-4474-a6ae-e67c12d55b24 => generated 19 bytes in 16 msecs (HTTP/1.1 200) 8 headers in 295 bytes (1 switches on core 0)
2026-08-05 06:42:00.220 7 INFO placement.requestlog [req-65d91386-1333-4935-b8d3-735a56de1a20 req-4c61e995-5aa1-48b9-bc6f-7dc51915ff1b 6925a64c407748188c5d0c862f9ba33f 154e4df7ef1d4508ad24b69803916381 - - ea6566f6df7e43179c0c5f685a371020 ea6566f6df7e43179c0c5f685a371020] 10.0.0.212 "PUT /allocations/159d7d04-5c5b-4474-a6ae-e67c12d55b24" status: 204 len: 0 microversion: 1.36 [pid: 7|app: 0|req: 436/883] 10.0.0.212 () {38 vars in 914 bytes} [Wed Aug 5 06:42:00 2026] PUT /allocations/159d7d04-5c5b-4474-a6ae-e67c12d55b24 => generated 0 bytes in 105 msecs (HTTP/1.1 204) 5 headers in 199 bytes (1 switches on core 0)
2026-08-05 06:42:01.668 8 INFO placement.requestlog [req-65d91386-1333-4935-b8d3-735a56de1a20 req-1846be4a-baee-4b36-b86b-87ac52774b37 6925a64c407748188c5d0c862f9ba33f 154e4df7ef1d4508ad24b69803916381 - - ea6566f6df7e43179c0c5f685a371020 ea6566f6df7e43179c0c5f685a371020] 199.204.45.35 "GET /allocations/159d7d04-5c5b-4474-a6ae-e67c12d55b24" status: 200 len: 258 microversion: 1.28 [pid: 8|app: 0|req: 448/884] 199.204.45.35 () {34 vars in 862 bytes} [Wed Aug 5 06:42:01 2026] GET /allocations/159d7d04-5c5b-4474-a6ae-e67c12d55b24 => generated 258 bytes in 13 msecs (HTTP/1.1 200) 8 headers in 296 bytes (1 switches on core 0)
2026-08-05 06:42:02.053 7 INFO placement.requestlog [None req-dc46d4cd-fcc1-4cd1-8a88-1a96a6f42337 - - - - - -] 10.0.0.44 "GET /" status: 200 len: 136 microversion: 1.0
2026-08-05 06:42:02.053 8 INFO placement.requestlog [None req-8f2ea1f2-0b37-44b8-b8e9-8470917679f8 - - - - - -] 10.0.0.44 "GET /" status: 200 len: 136 microversion: 1.0
2026-08-05 06:42:02.434 7 INFO placement.requestlog [None req-6a74adb5-ac95-4d38-8076-7dd96b191bd9 92209bffbf974a3ca7198082e96c36c2 154e4df7ef1d4508ad24b69803916381 - - ea6566f6df7e43179c0c5f685a371020 ea6566f6df7e43179c0c5f685a371020] 10.0.0.213 "GET /resource_providers/ea292a77-800a-49be-b0d0-f75ed2f1d62e/aggregates" status: 404 len: 235 microversion: 1.1 [pid: 7|app: 0|req: 438/887] 10.0.0.213 () {32 vars in 816 bytes} [Wed Aug 5 06:42:02 2026] GET /resource_providers/ea292a77-800a-49be-b0d0-f75ed2f1d62e/aggregates => generated 235 bytes in 13 msecs (HTTP/1.1 404) 5 headers in 202 bytes (1 switches on core 0)
2026-08-05 06:42:02.436 8 INFO placement.requestlog [None req-36457712-7944-42b8-b1f3-1db82fc780fe 92209bffbf974a3ca7198082e96c36c2 154e4df7ef1d4508ad24b69803916381 - - ea6566f6df7e43179c0c5f685a371020 ea6566f6df7e43179c0c5f685a371020] 10.0.0.213 "GET /resource_providers/ea292a77-800a-49be-b0d0-f75ed2f1d62e/aggregates" status: 404 len: 235 microversion: 1.1 [pid: 8|app: 0|req: 450/888] 10.0.0.213 () {32 vars in 816 bytes} [Wed Aug 5 06:42:02 2026] GET /resource_providers/ea292a77-800a-49be-b0d0-f75ed2f1d62e/aggregates => generated 235 bytes in 15 msecs (HTTP/1.1 404) 5 headers in 202 bytes (1 switches on core 0)
2026-08-05 06:42:02.459 8 INFO placement.requestlog [None req-a50aded2-62c0-4d28-b155-d71d7cf9f621 92209bffbf974a3ca7198082e96c36c2 154e4df7ef1d4508ad24b69803916381 - - ea6566f6df7e43179c0c5f685a371020 ea6566f6df7e43179c0c5f685a371020] 10.0.0.213 "DELETE /resource_providers/ea292a77-800a-49be-b0d0-f75ed2f1d62e" status: 404 len: 246 microversion: 1.1 [pid: 8|app: 0|req: 451/889] 10.0.0.213 () {34 vars in 816 bytes} [Wed Aug 5 06:42:02 2026] DELETE /resource_providers/ea292a77-800a-49be-b0d0-f75ed2f1d62e => generated 246 bytes in 11 msecs (HTTP/1.1 404) 6 headers in 231 bytes (1 switches on core 0)
2026-08-05 06:42:02.459 7 INFO placement.requestlog [None req-3d8c40d0-0b6d-40b3-a3ed-855ae71da6aa 92209bffbf974a3ca7198082e96c36c2 154e4df7ef1d4508ad24b69803916381 - - ea6566f6df7e43179c0c5f685a371020 ea6566f6df7e43179c0c5f685a371020] 10.0.0.213 "DELETE /resource_providers/ea292a77-800a-49be-b0d0-f75ed2f1d62e" status: 404 len: 246 microversion: 1.1 [pid: 7|app: 0|req: 439/890] 10.0.0.213 () {34 vars in 816 bytes} [Wed Aug 5 06:42:02 2026] DELETE /resource_providers/ea292a77-800a-49be-b0d0-f75ed2f1d62e => generated 246 bytes in 14 msecs (HTTP/1.1 404) 6 headers in 231 bytes (1 switches on core 0)
2026-08-05 06:42:02.709 8 INFO placement.requestlog [req-65d91386-1333-4935-b8d3-735a56de1a20 req-2f34cdee-fba9-49a5-b4d1-7434b4954b47 6925a64c407748188c5d0c862f9ba33f 154e4df7ef1d4508ad24b69803916381 - - ea6566f6df7e43179c0c5f685a371020 ea6566f6df7e43179c0c5f685a371020] 199.204.45.35 "GET /resource_providers/1482f572-eb36-44f5-83ad-bacc506b2cb7/allocations" status: 200 len: 353 microversion: 1.0 [pid: 8|app: 0|req: 452/891] 199.204.45.35 () {32 vars in 856 bytes} [Wed Aug 5 06:42:02 2026] GET /resource_providers/1482f572-eb36-44f5-83ad-bacc506b2cb7/allocations => generated 353 bytes in 16 msecs (HTTP/1.1 200) 6 headers in 224 bytes (1 switches on core 0)
2026-08-05 06:42:02.735 7 INFO placement.requestlog [req-65d91386-1333-4935-b8d3-735a56de1a20 req-2f486013-46c5-4666-807a-cb719fd8c9ad 6925a64c407748188c5d0c862f9ba33f 154e4df7ef1d4508ad24b69803916381 - - ea6566f6df7e43179c0c5f685a371020 ea6566f6df7e43179c0c5f685a371020] 199.204.45.35 "GET /allocations/b6c8e39f-e201-4d3a-9f4c-32f52e6d2e8e" status: 200 len: 258 microversion: 1.28 [pid: 7|app: 0|req: 440/892] 199.204.45.35 () {34 vars in 862 bytes} [Wed Aug 5 06:42:02 2026] GET /allocations/b6c8e39f-e201-4d3a-9f4c-32f52e6d2e8e => generated 258 bytes in 19 msecs (HTTP/1.1 200) 8 headers in 296 bytes (1 switches on core 0)
2026-08-05 06:42:02.753 8 INFO placement.requestlog [req-65d91386-1333-4935-b8d3-735a56de1a20 req-b0d77dfe-93c7-481d-bc0c-472f8dcadc96 6925a64c407748188c5d0c862f9ba33f 154e4df7ef1d4508ad24b69803916381 - - ea6566f6df7e43179c0c5f685a371020 ea6566f6df7e43179c0c5f685a371020] 199.204.45.35 "GET /allocations/414f1e34-f3b5-4752-a54e-534950294f9e" status: 200 len: 258 microversion: 1.28 [pid: 8|app: 0|req: 453/893] 199.204.45.35 () {34 vars in 862 bytes} [Wed Aug 5 06:42:02 2026] GET /allocations/414f1e34-f3b5-4752-a54e-534950294f9e => generated 258 bytes in 14 msecs (HTTP/1.1 200) 8 headers in 296 bytes (1 switches on core 0)
2026-08-05 06:42:02.774 7 INFO placement.requestlog [req-65d91386-1333-4935-b8d3-735a56de1a20 req-01019041-0686-44d6-9345-aadac6ec15fe 6925a64c407748188c5d0c862f9ba33f 154e4df7ef1d4508ad24b69803916381 - - ea6566f6df7e43179c0c5f685a371020 ea6566f6df7e43179c0c5f685a371020] 199.204.45.35 "GET /allocations/159d7d04-5c5b-4474-a6ae-e67c12d55b24" status: 200 len: 258 microversion: 1.28 [pid: 7|app: 0|req: 441/894] 199.204.45.35 () {34 vars in 862 bytes} [Wed Aug 5 06:42:02 2026] GET /allocations/159d7d04-5c5b-4474-a6ae-e67c12d55b24 => generated 258 bytes in 14 msecs (HTTP/1.1 200) 8 headers in 296 bytes (1 switches on core 0)
2026-08-05 06:42:12.054 8 INFO placement.requestlog [None req-5c6ce81f-d67b-419c-94f9-a51e4add6275 - - - - - -] 10.0.0.44 "GET /" status: 200 len: 136 microversion: 1.0
2026-08-05 06:42:12.054 7 INFO placement.requestlog [None req-7965e664-22c4-432d-a61c-3cb7884b6cc5 - - - - - -] 10.0.0.44 "GET /" status: 200 len: 136 microversion: 1.0
2026-08-05 06:42:12.858 8 INFO placement.requestlog [req-266c1ad6-8b6b-4f90-985a-7987bfe0e867 req-023f5509-bb22-4af2-9f9d-0dd946ef3225 6925a64c407748188c5d0c862f9ba33f 154e4df7ef1d4508ad24b69803916381 - - ea6566f6df7e43179c0c5f685a371020 ea6566f6df7e43179c0c5f685a371020] 10.0.0.212 "GET /allocation_candidates?limit=1000&resources=DISK_GB%3A1%2CMEMORY_MB%3A512%2CVCPU%3A1&root_required=%21COMPUTE_STATUS_DISABLED" status: 200 len: 2445 microversion: 1.36 [pid: 8|app: 0|req: 455/897] 10.0.0.212 () {34 vars in 1012 bytes} [Wed Aug 5 06:42:12 2026] GET /allocation_candidates?limit=1000&resources=DISK_GB%3A1%2CMEMORY_MB%3A512%2CVCPU%3A1&root_required=%21COMPUTE_STATUS_DISABLED => generated 2445 bytes in 49 msecs (HTTP/1.1 200) 8 headers in 297 bytes (1 switches on core 0)
2026-08-05 06:42:12.887 7 INFO placement.requestlog [req-266c1ad6-8b6b-4f90-985a-7987bfe0e867 req-b03c4847-fd40-48a6-8e35-9a6db2e5f9b4 6925a64c407748188c5d0c862f9ba33f 154e4df7ef1d4508ad24b69803916381 - - ea6566f6df7e43179c0c5f685a371020 ea6566f6df7e43179c0c5f685a371020] 10.0.0.212 "GET /allocations/65293c20-93ab-406a-8e98-eb9b139fd35e" status: 200 len: 19 microversion: 1.28 [pid: 7|app: 0|req: 443/898] 10.0.0.212 () {34 vars in 861 bytes} [Wed Aug 5 06:42:12 2026] GET /allocations/65293c20-93ab-406a-8e98-eb9b139fd35e => generated 19 bytes in 13 msecs (HTTP/1.1 200) 8 headers in 295 bytes (1 switches on core 0)
2026-08-05 06:42:12.903 8 INFO placement.requestlog [req-d5950f47-c6cb-4ba9-9ec7-af8f9de0e90b req-be73083e-e3e4-460a-90b8-ff797b4f6230 6925a64c407748188c5d0c862f9ba33f 154e4df7ef1d4508ad24b69803916381 - - ea6566f6df7e43179c0c5f685a371020 ea6566f6df7e43179c0c5f685a371020] 199.204.45.35 "GET /resource_providers/1482f572-eb36-44f5-83ad-bacc506b2cb7/allocations" status: 200 len: 353 microversion: 1.0 [pid: 8|app: 0|req: 456/899] 199.204.45.35 () {32 vars in 856 bytes} [Wed Aug 5 06:42:12 2026] GET /resource_providers/1482f572-eb36-44f5-83ad-bacc506b2cb7/allocations => generated 353 bytes in 21 msecs (HTTP/1.1 200) 6 headers in 224 bytes (1 switches on core 0)
2026-08-05 06:42:12.918 8 INFO placement.requestlog [req-d5950f47-c6cb-4ba9-9ec7-af8f9de0e90b req-5b6fa38c-123b-4ea1-a2da-eb68dff0d7e9 6925a64c407748188c5d0c862f9ba33f 154e4df7ef1d4508ad24b69803916381 - - ea6566f6df7e43179c0c5f685a371020 ea6566f6df7e43179c0c5f685a371020] 199.204.45.35 "GET /allocations/b6c8e39f-e201-4d3a-9f4c-32f52e6d2e8e" status: 200 len: 258 microversion: 1.28 [pid: 8|app: 0|req: 457/900] 199.204.45.35 () {34 vars in 862 bytes} [Wed Aug 5 06:42:12 2026] GET /allocations/b6c8e39f-e201-4d3a-9f4c-32f52e6d2e8e => generated 258 bytes in 10 msecs (HTTP/1.1 200) 8 headers in 296 bytes (1 switches on core 0)
2026-08-05 06:42:12.937 8 INFO placement.requestlog [req-d5950f47-c6cb-4ba9-9ec7-af8f9de0e90b req-dc4cb913-b37a-4128-8663-62d820aa9b03 6925a64c407748188c5d0c862f9ba33f 154e4df7ef1d4508ad24b69803916381 - - ea6566f6df7e43179c0c5f685a371020 ea6566f6df7e43179c0c5f685a371020] 199.204.45.35 "GET /allocations/414f1e34-f3b5-4752-a54e-534950294f9e" status: 200 len: 258 microversion: 1.28 [pid: 8|app: 0|req: 458/901] 199.204.45.35 () {34 vars in 862 bytes} [Wed Aug 5 06:42:12 2026] GET /allocations/414f1e34-f3b5-4752-a54e-534950294f9e => generated 258 bytes in 13 msecs (HTTP/1.1 200) 8 headers in 296 bytes (1 switches on core 0)
2026-08-05 06:42:12.943 7 INFO placement.requestlog [req-266c1ad6-8b6b-4f90-985a-7987bfe0e867 req-b004671f-23b9-4c59-b2bc-5e0781d6f00e 6925a64c407748188c5d0c862f9ba33f 154e4df7ef1d4508ad24b69803916381 - - ea6566f6df7e43179c0c5f685a371020 ea6566f6df7e43179c0c5f685a371020] 10.0.0.212 "PUT /allocations/65293c20-93ab-406a-8e98-eb9b139fd35e" status: 204 len: 0 microversion: 1.36 [pid: 7|app: 0|req: 444/902] 10.0.0.212 () {38 vars in 914 bytes} [Wed Aug 5 06:42:12 2026] PUT /allocations/65293c20-93ab-406a-8e98-eb9b139fd35e => generated 0 bytes in 51 msecs (HTTP/1.1 204) 5 headers in 199 bytes (1 switches on core 0)
2026-08-05 06:42:12.957 8 INFO placement.requestlog [req-d5950f47-c6cb-4ba9-9ec7-af8f9de0e90b req-c286aff3-df46-421a-8b01-bceb98ade68e 6925a64c407748188c5d0c862f9ba33f 154e4df7ef1d4508ad24b69803916381 - - ea6566f6df7e43179c0c5f685a371020 ea6566f6df7e43179c0c5f685a371020] 199.204.45.35 "GET /allocations/159d7d04-5c5b-4474-a6ae-e67c12d55b24" status: 200 len: 258 microversion: 1.28 [pid: 8|app: 0|req: 459/903] 199.204.45.35 () {34 vars in 862 bytes} [Wed Aug 5 06:42:12 2026] GET /allocations/159d7d04-5c5b-4474-a6ae-e67c12d55b24 => generated 258 bytes in 15 msecs (HTTP/1.1 200) 8 headers in 296 bytes (1 switches on core 0)
2026-08-05 06:42:14.023 7 INFO placement.requestlog [req-d5950f47-c6cb-4ba9-9ec7-af8f9de0e90b req-01003597-d163-4146-978d-72eb77832ad1 6925a64c407748188c5d0c862f9ba33f 154e4df7ef1d4508ad24b69803916381 - - ea6566f6df7e43179c0c5f685a371020 ea6566f6df7e43179c0c5f685a371020] 199.204.45.35 "DELETE /allocations/b6c8e39f-e201-4d3a-9f4c-32f52e6d2e8e" status: 204 len: 0 microversion: 1.0 [pid: 7|app: 0|req: 445/904] 199.204.45.35 () {34 vars in 840 bytes} [Wed Aug 5 06:42:13 2026] DELETE /allocations/b6c8e39f-e201-4d3a-9f4c-32f52e6d2e8e => generated 0 bytes in 44 msecs (HTTP/1.1 204) 5 headers in 198 bytes (1 switches on core 0)
2026-08-05 06:42:14.456 8 INFO placement.requestlog [req-266c1ad6-8b6b-4f90-985a-7987bfe0e867 req-8eb636df-1e3b-4307-bde5-9be8b6949d1c 6925a64c407748188c5d0c862f9ba33f 154e4df7ef1d4508ad24b69803916381 - - ea6566f6df7e43179c0c5f685a371020 ea6566f6df7e43179c0c5f685a371020] 199.204.45.35 "GET /allocations/65293c20-93ab-406a-8e98-eb9b139fd35e" status: 200 len: 258 microversion: 1.28 [pid: 8|app: 0|req: 460/905] 199.204.45.35 () {34 vars in 862 bytes} [Wed Aug 5 06:42:14 2026] GET /allocations/65293c20-93ab-406a-8e98-eb9b139fd35e => generated 258 bytes in 13 msecs (HTTP/1.1 200) 8 headers in 296 bytes (1 switches on core 0)
2026-08-05 06:42:15.498 7 INFO placement.requestlog [req-266c1ad6-8b6b-4f90-985a-7987bfe0e867 req-8eb1bfcf-bf39-42aa-8284-84b328cdfdef 6925a64c407748188c5d0c862f9ba33f 154e4df7ef1d4508ad24b69803916381 - - ea6566f6df7e43179c0c5f685a371020 ea6566f6df7e43179c0c5f685a371020] 199.204.45.35 "GET /resource_providers/1482f572-eb36-44f5-83ad-bacc506b2cb7/allocations" status: 200 len: 353 microversion: 1.0 [pid: 7|app: 0|req: 446/906] 199.204.45.35 () {32 vars in 856 bytes} [Wed Aug 5 06:42:15 2026] GET /resource_providers/1482f572-eb36-44f5-83ad-bacc506b2cb7/allocations => generated 353 bytes in 15 msecs (HTTP/1.1 200) 6 headers in 224 bytes (1 switches on core 0)
2026-08-05 06:42:15.517 8 INFO placement.requestlog [req-266c1ad6-8b6b-4f90-985a-7987bfe0e867 req-80c9b390-d212-4739-a44b-213d78e656d9 6925a64c407748188c5d0c862f9ba33f 154e4df7ef1d4508ad24b69803916381 - - ea6566f6df7e43179c0c5f685a371020 ea6566f6df7e43179c0c5f685a371020] 199.204.45.35 "GET /allocations/65293c20-93ab-406a-8e98-eb9b139fd35e" status: 200 len: 258 microversion: 1.28 [pid: 8|app: 0|req: 461/907] 199.204.45.35 () {34 vars in 862 bytes} [Wed Aug 5 06:42:15 2026] GET /allocations/65293c20-93ab-406a-8e98-eb9b139fd35e => generated 258 bytes in 14 msecs (HTTP/1.1 200) 8 headers in 296 bytes (1 switches on core 0)
2026-08-05 06:42:15.541 7 INFO placement.requestlog [req-266c1ad6-8b6b-4f90-985a-7987bfe0e867 req-bd0cbe12-f279-45e5-a48b-081ac5190278 6925a64c407748188c5d0c862f9ba33f 154e4df7ef1d4508ad24b69803916381 - - ea6566f6df7e43179c0c5f685a371020 ea6566f6df7e43179c0c5f685a371020] 199.204.45.35 "GET /allocations/414f1e34-f3b5-4752-a54e-534950294f9e" status: 200 len: 258 microversion: 1.28 [pid: 7|app: 0|req: 447/908] 199.204.45.35 () {34 vars in 862 bytes} [Wed Aug 5 06:42:15 2026] GET /allocations/414f1e34-f3b5-4752-a54e-534950294f9e => generated 258 bytes in 16 msecs (HTTP/1.1 200) 8 headers in 296 bytes (1 switches on core 0)
2026-08-05 06:42:15.563 8 INFO placement.requestlog [req-266c1ad6-8b6b-4f90-985a-7987bfe0e867 req-13bf0feb-f7c9-419b-ac5c-897cdf1e111e 6925a64c407748188c5d0c862f9ba33f 154e4df7ef1d4508ad24b69803916381 - - ea6566f6df7e43179c0c5f685a371020 ea6566f6df7e43179c0c5f685a371020] 199.204.45.35 "GET /allocations/159d7d04-5c5b-4474-a6ae-e67c12d55b24" status: 200 len: 258 microversion: 1.28 [pid: 8|app: 0|req: 462/909] 199.204.45.35 () {34 vars in 862 bytes} [Wed Aug 5 06:42:15 2026] GET /allocations/159d7d04-5c5b-4474-a6ae-e67c12d55b24 => generated 258 bytes in 12 msecs (HTTP/1.1 200) 8 headers in 296 bytes (1 switches on core 0)
2026-08-05 06:42:17.784 8 INFO placement.requestlog [None req-80fa7c52-6ecf-4b8a-89c9-a38a52883266 92209bffbf974a3ca7198082e96c36c2 154e4df7ef1d4508ad24b69803916381 - - ea6566f6df7e43179c0c5f685a371020 ea6566f6df7e43179c0c5f685a371020] 10.0.0.213 "GET /resource_providers/08e3fab1-c60c-4d1e-88c1-51707afb9148/aggregates" status: 404 len: 235 microversion: 1.1 [pid: 8|app: 0|req: 463/910] 10.0.0.213 () {32 vars in 816 bytes} [Wed Aug 5 06:42:17 2026] GET /resource_providers/08e3fab1-c60c-4d1e-88c1-51707afb9148/aggregates => generated 235 bytes in 8 msecs (HTTP/1.1 404) 5 headers in 202 bytes (1 switches on core 0)
2026-08-05 06:42:17.787 7 INFO placement.requestlog [None req-0b0ab500-4310-4bbb-bbce-6268d5069f85 92209bffbf974a3ca7198082e96c36c2 154e4df7ef1d4508ad24b69803916381 - - ea6566f6df7e43179c0c5f685a371020 ea6566f6df7e43179c0c5f685a371020] 10.0.0.213 "GET /resource_providers/08e3fab1-c60c-4d1e-88c1-51707afb9148/aggregates" status: 404 len: 235 microversion: 1.1 [pid: 7|app: 0|req: 448/911] 10.0.0.213 () {32 vars in 816 bytes} [Wed Aug 5 06:42:17 2026] GET /resource_providers/08e3fab1-c60c-4d1e-88c1-51707afb9148/aggregates => generated 235 bytes in 11 msecs (HTTP/1.1 404) 5 headers in 202 bytes (1 switches on core 0)
2026-08-05 06:42:17.808 7 INFO placement.requestlog [None req-28ab58a3-0655-4572-9f39-17fe2458967f 92209bffbf974a3ca7198082e96c36c2 154e4df7ef1d4508ad24b69803916381 - - ea6566f6df7e43179c0c5f685a371020 ea6566f6df7e43179c0c5f685a371020] 10.0.0.213 "DELETE /resource_providers/08e3fab1-c60c-4d1e-88c1-51707afb9148" status: 404 len: 246 microversion: 1.1 [pid: 7|app: 0|req: 449/912] 10.0.0.213 () {34 vars in 816 bytes} [Wed Aug 5 06:42:17 2026] DELETE /resource_providers/08e3fab1-c60c-4d1e-88c1-51707afb9148 => generated 246 bytes in 11 msecs (HTTP/1.1 404) 6 headers in 231 bytes (1 switches on core 0)
2026-08-05 06:42:17.812 8 INFO placement.requestlog [None req-d07f965b-7bd9-4d2e-9afb-c3f36fa8d34b 92209bffbf974a3ca7198082e96c36c2 154e4df7ef1d4508ad24b69803916381 - - ea6566f6df7e43179c0c5f685a371020 ea6566f6df7e43179c0c5f685a371020] 10.0.0.213 "DELETE /resource_providers/08e3fab1-c60c-4d1e-88c1-51707afb9148" status: 404 len: 246 microversion: 1.1 [pid: 8|app: 0|req: 464/913] 10.0.0.213 () {34 vars in 816 bytes} [Wed Aug 5 06:42:17 2026] DELETE /resource_providers/08e3fab1-c60c-4d1e-88c1-51707afb9148 => generated 246 bytes in 16 msecs (HTTP/1.1 404) 6 headers in 231 bytes (1 switches on core 0)
2026-08-05 06:42:18.137 7 INFO placement.requestlog [req-51dee81f-787d-4c31-a76d-6efa2b59815b req-e96011ee-3e90-499c-a632-afde1be6508d 6925a64c407748188c5d0c862f9ba33f 154e4df7ef1d4508ad24b69803916381 - - ea6566f6df7e43179c0c5f685a371020 ea6566f6df7e43179c0c5f685a371020] 199.204.45.35 "GET /resource_providers/1482f572-eb36-44f5-83ad-bacc506b2cb7/allocations" status: 200 len: 353 microversion: 1.0 [pid: 7|app: 0|req: 450/914] 199.204.45.35 () {32 vars in 856 bytes} [Wed Aug 5 06:42:18 2026] GET /resource_providers/1482f572-eb36-44f5-83ad-bacc506b2cb7/allocations => generated 353 bytes in 15 msecs (HTTP/1.1 200) 6 headers in 224 bytes (1 switches on core 0)
2026-08-05 06:42:18.161 8 INFO placement.requestlog [req-51dee81f-787d-4c31-a76d-6efa2b59815b req-616aac44-fd37-4b20-9b34-d0df9be4e8d2 6925a64c407748188c5d0c862f9ba33f 154e4df7ef1d4508ad24b69803916381 - - ea6566f6df7e43179c0c5f685a371020 ea6566f6df7e43179c0c5f685a371020] 199.204.45.35 "GET /allocations/65293c20-93ab-406a-8e98-eb9b139fd35e" status: 200 len: 258 microversion: 1.28 [pid: 8|app: 0|req: 465/915] 199.204.45.35 () {34 vars in 862 bytes} [Wed Aug 5 06:42:18 2026] GET /allocations/65293c20-93ab-406a-8e98-eb9b139fd35e => generated 258 bytes in 16 msecs (HTTP/1.1 200) 8 headers in 296 bytes (1 switches on core 0)
2026-08-05 06:42:18.184 7 INFO placement.requestlog [req-51dee81f-787d-4c31-a76d-6efa2b59815b req-62f5e612-78e2-4f3b-a544-7e40fe39f8bc 6925a64c407748188c5d0c862f9ba33f 154e4df7ef1d4508ad24b69803916381 - - ea6566f6df7e43179c0c5f685a371020 ea6566f6df7e43179c0c5f685a371020] 199.204.45.35 "GET /allocations/414f1e34-f3b5-4752-a54e-534950294f9e" status: 200 len: 258 microversion: 1.28 [pid: 7|app: 0|req: 451/916] 199.204.45.35 () {34 vars in 862 bytes} [Wed Aug 5 06:42:18 2026] GET /allocations/414f1e34-f3b5-4752-a54e-534950294f9e => generated 258 bytes in 15 msecs (HTTP/1.1 200) 8 headers in 296 bytes (1 switches on core 0)
2026-08-05 06:42:18.211 8 INFO placement.requestlog [req-51dee81f-787d-4c31-a76d-6efa2b59815b req-b51d0bfc-ca42-4e4a-8f71-964e2c644706 6925a64c407748188c5d0c862f9ba33f 154e4df7ef1d4508ad24b69803916381 - - ea6566f6df7e43179c0c5f685a371020 ea6566f6df7e43179c0c5f685a371020] 199.204.45.35 "GET /allocations/159d7d04-5c5b-4474-a6ae-e67c12d55b24" status: 200 len: 258 microversion: 1.28 [pid: 8|app: 0|req: 466/917] 199.204.45.35 () {34 vars in 862 bytes} [Wed Aug 5 06:42:18 2026] GET /allocations/159d7d04-5c5b-4474-a6ae-e67c12d55b24 => generated 258 bytes in 21 msecs (HTTP/1.1 200) 8 headers in 296 bytes (1 switches on core 0)
2026-08-05 06:42:19.273 7 INFO placement.requestlog [req-51dee81f-787d-4c31-a76d-6efa2b59815b req-c6c80e15-1edf-4801-ac90-dc540addc66f 6925a64c407748188c5d0c862f9ba33f 154e4df7ef1d4508ad24b69803916381 - - ea6566f6df7e43179c0c5f685a371020 ea6566f6df7e43179c0c5f685a371020] 199.204.45.35 "DELETE /allocations/159d7d04-5c5b-4474-a6ae-e67c12d55b24" status: 204 len: 0 microversion: 1.0 [pid: 7|app: 0|req: 452/918] 199.204.45.35 () {34 vars in 840 bytes} [Wed Aug 5 06:42:19 2026] DELETE /allocations/159d7d04-5c5b-4474-a6ae-e67c12d55b24 => generated 0 bytes in 36 msecs (HTTP/1.1 204) 5 headers in 198 bytes (1 switches on core 0)
2026-08-05 06:42:20.063 7 INFO placement.requestlog [None req-297d0d6c-fe9d-455f-be44-3541d718fefb 92209bffbf974a3ca7198082e96c36c2 154e4df7ef1d4508ad24b69803916381 - - ea6566f6df7e43179c0c5f685a371020 ea6566f6df7e43179c0c5f685a371020] 10.0.0.213 "GET /resource_providers/f4f8d687-7fb7-41c0-8470-9f6129c90371/aggregates" status: 404 len: 235 microversion: 1.1 [pid: 7|app: 0|req: 453/919] 10.0.0.213 () {32 vars in 816 bytes} [Wed Aug 5 06:42:20 2026] GET /resource_providers/f4f8d687-7fb7-41c0-8470-9f6129c90371/aggregates => generated 235 bytes in 13 msecs (HTTP/1.1 404) 5 headers in 202 bytes (1 switches on core 0)
2026-08-05 06:42:20.065 8 INFO placement.requestlog [None req-476bbe0e-fdee-4373-822f-6ea648b76d1c 92209bffbf974a3ca7198082e96c36c2 154e4df7ef1d4508ad24b69803916381 - - ea6566f6df7e43179c0c5f685a371020 ea6566f6df7e43179c0c5f685a371020] 10.0.0.213 "GET /resource_providers/f4f8d687-7fb7-41c0-8470-9f6129c90371/aggregates" status: 404 len: 235 microversion: 1.1 [pid: 8|app: 0|req: 467/920] 10.0.0.213 () {32 vars in 816 bytes} [Wed Aug 5 06:42:20 2026] GET /resource_providers/f4f8d687-7fb7-41c0-8470-9f6129c90371/aggregates => generated 235 bytes in 17 msecs (HTTP/1.1 404) 5 headers in 202 bytes (1 switches on core 0)
2026-08-05 06:42:20.085 7 INFO placement.requestlog [None req-ade92bf9-5d02-4068-a3a0-b64206f1aaec 92209bffbf974a3ca7198082e96c36c2 154e4df7ef1d4508ad24b69803916381 - - ea6566f6df7e43179c0c5f685a371020 ea6566f6df7e43179c0c5f685a371020] 10.0.0.213 "DELETE /resource_providers/f4f8d687-7fb7-41c0-8470-9f6129c90371" status: 404 len: 246 microversion: 1.1 [pid: 7|app: 0|req: 454/921] 10.0.0.213 () {34 vars in 816 bytes} [Wed Aug 5 06:42:20 2026] DELETE /resource_providers/f4f8d687-7fb7-41c0-8470-9f6129c90371 => generated 246 bytes in 9 msecs (HTTP/1.1 404) 6 headers in 231 bytes (1 switches on core 0)
2026-08-05 06:42:20.088 8 INFO placement.requestlog [None req-3059b733-cbdb-475b-b3c9-7fc20ca5d133 92209bffbf974a3ca7198082e96c36c2 154e4df7ef1d4508ad24b69803916381 - - ea6566f6df7e43179c0c5f685a371020 ea6566f6df7e43179c0c5f685a371020] 10.0.0.213 "DELETE /resource_providers/f4f8d687-7fb7-41c0-8470-9f6129c90371" status: 404 len: 246 microversion: 1.1 [pid: 8|app: 0|req: 468/922] 10.0.0.213 () {34 vars in 816 bytes} [Wed Aug 5 06:42:20 2026] DELETE /resource_providers/f4f8d687-7fb7-41c0-8470-9f6129c90371 => generated 246 bytes in 12 msecs (HTTP/1.1 404) 6 headers in 231 bytes (1 switches on core 0)
2026-08-05 06:42:22.053 7 INFO placement.requestlog [None req-859405bb-5b6b-47fa-9406-ce029ecc0f25 - - - - - -] 10.0.0.44 "GET /" status: 200 len: 136 microversion: 1.0
2026-08-05 06:42:22.053 8 INFO placement.requestlog [None req-bbd0a960-3bd4-4b8a-8479-c5eb78bc0c17 - - - - - -] 10.0.0.44 "GET /" status: 200 len: 136 microversion: 1.0
2026-08-05 06:42:23.316 8 INFO placement.requestlog [None req-eee6b360-583c-4d60-b5f4-25b09b526fa3 92209bffbf974a3ca7198082e96c36c2 154e4df7ef1d4508ad24b69803916381 - - ea6566f6df7e43179c0c5f685a371020 ea6566f6df7e43179c0c5f685a371020] 10.0.0.213 "GET /resource_providers/5bc78ea1-c51f-4064-bad3-e75395eb7266/aggregates" status: 404 len: 235 microversion: 1.1 [pid: 8|app: 0|req: 470/925] 10.0.0.213 () {32 vars in 816 bytes} [Wed Aug 5 06:42:23 2026] GET /resource_providers/5bc78ea1-c51f-4064-bad3-e75395eb7266/aggregates => generated 235 bytes in 9 msecs (HTTP/1.1 404) 5 headers in 202 bytes (1 switches on core 0)
2026-08-05 06:42:23.320 7 INFO placement.requestlog [None req-61108466-e41f-4de2-bc08-23516abbca44 92209bffbf974a3ca7198082e96c36c2 154e4df7ef1d4508ad24b69803916381 - - ea6566f6df7e43179c0c5f685a371020 ea6566f6df7e43179c0c5f685a371020] 10.0.0.213 "GET /resource_providers/5bc78ea1-c51f-4064-bad3-e75395eb7266/aggregates" status: 404 len: 235 microversion: 1.1 [pid: 7|app: 0|req: 456/926] 10.0.0.213 () {32 vars in 816 bytes} [Wed Aug 5 06:42:23 2026] GET /resource_providers/5bc78ea1-c51f-4064-bad3-e75395eb7266/aggregates => generated 235 bytes in 13 msecs (HTTP/1.1 404) 5 headers in 202 bytes (1 switches on core 0)
2026-08-05 06:42:23.343 8 INFO placement.requestlog [None req-37206413-2370-4e5d-8eb5-9bfbe04ea551 92209bffbf974a3ca7198082e96c36c2 154e4df7ef1d4508ad24b69803916381 - - ea6566f6df7e43179c0c5f685a371020 ea6566f6df7e43179c0c5f685a371020] 10.0.0.213 "DELETE /resource_providers/5bc78ea1-c51f-4064-bad3-e75395eb7266" status: 404 len: 246 microversion: 1.1 [pid: 8|app: 0|req: 471/927] 10.0.0.213 () {34 vars in 816 bytes} [Wed Aug 5 06:42:23 2026] DELETE /resource_providers/5bc78ea1-c51f-4064-bad3-e75395eb7266 => generated 246 bytes in 10 msecs (HTTP/1.1 404) 6 headers in 231 bytes (1 switches on core 0)
2026-08-05 06:42:23.367 7 INFO placement.requestlog [None req-eba72004-69ce-4c20-be7b-1657e95342cd 92209bffbf974a3ca7198082e96c36c2 154e4df7ef1d4508ad24b69803916381 - - ea6566f6df7e43179c0c5f685a371020 ea6566f6df7e43179c0c5f685a371020] 10.0.0.213 "DELETE /resource_providers/5bc78ea1-c51f-4064-bad3-e75395eb7266" status: 404 len: 246 microversion: 1.1 [pid: 7|app: 0|req: 457/928] 10.0.0.213 () {34 vars in 816 bytes} [Wed Aug 5 06:42:23 2026] DELETE /resource_providers/5bc78ea1-c51f-4064-bad3-e75395eb7266 => generated 246 bytes in 9 msecs (HTTP/1.1 404) 6 headers in 231 bytes (1 switches on core 0)
2026-08-05 06:42:32.053 8 INFO placement.requestlog [None req-a9c483c8-3611-4159-a61d-2dc169f69cc8 - - - - - -] 10.0.0.44 "GET /" status: 200 len: 136 microversion: 1.0
2026-08-05 06:42:32.054 7 INFO placement.requestlog [None req-6cfc67e5-6fbd-4252-b90c-9efab612e07f - - - - - -] 10.0.0.44 "GET /" status: 200 len: 136 microversion: 1.0
2026-08-05 06:42:35.691 7 INFO placement.requestlog [None req-63c7731f-fd65-44e7-9c52-737ec85220d3 92209bffbf974a3ca7198082e96c36c2 154e4df7ef1d4508ad24b69803916381 - - ea6566f6df7e43179c0c5f685a371020 ea6566f6df7e43179c0c5f685a371020] 10.0.0.213 "GET /resource_providers/be177332-c6f4-4288-8cde-675e71bb186f/aggregates" status: 404 len: 235 microversion: 1.1 [pid: 7|app: 0|req: 459/931] 10.0.0.213 () {32 vars in 816 bytes} [Wed Aug 5 06:42:35 2026] GET /resource_providers/be177332-c6f4-4288-8cde-675e71bb186f/aggregates => generated 235 bytes in 8 msecs (HTTP/1.1 404) 5 headers in 202 bytes (1 switches on core 0)
2026-08-05 06:42:35.693 8 INFO placement.requestlog [None req-3a5fdf81-9de5-4464-87d5-2e32aebc7d31 92209bffbf974a3ca7198082e96c36c2 154e4df7ef1d4508ad24b69803916381 - - ea6566f6df7e43179c0c5f685a371020 ea6566f6df7e43179c0c5f685a371020] 10.0.0.213 "GET /resource_providers/be177332-c6f4-4288-8cde-675e71bb186f/aggregates" status: 404 len: 235 microversion: 1.1 [pid: 8|app: 0|req: 473/932] 10.0.0.213 () {32 vars in 816 bytes} [Wed Aug 5 06:42:35 2026] GET /resource_providers/be177332-c6f4-4288-8cde-675e71bb186f/aggregates => generated 235 bytes in 10 msecs (HTTP/1.1 404) 5 headers in 202 bytes (1 switches on core 0)
2026-08-05 06:42:35.716 8 INFO placement.requestlog [None req-d138458c-c78e-49cd-857f-59d7340b27cb 92209bffbf974a3ca7198082e96c36c2 154e4df7ef1d4508ad24b69803916381 - - ea6566f6df7e43179c0c5f685a371020 ea6566f6df7e43179c0c5f685a371020] 10.0.0.213 "DELETE /resource_providers/be177332-c6f4-4288-8cde-675e71bb186f" status: 404 len: 246 microversion: 1.1 [pid: 8|app: 0|req: 474/933] 10.0.0.213 () {34 vars in 816 bytes} [Wed Aug 5 06:42:35 2026] DELETE /resource_providers/be177332-c6f4-4288-8cde-675e71bb186f => generated 246 bytes in 12 msecs (HTTP/1.1 404) 6 headers in 231 bytes (1 switches on core 0)
2026-08-05 06:42:35.719 7 INFO placement.requestlog [None req-4f52e088-8806-41e5-8264-a67fc3320161 92209bffbf974a3ca7198082e96c36c2 154e4df7ef1d4508ad24b69803916381 - - ea6566f6df7e43179c0c5f685a371020 ea6566f6df7e43179c0c5f685a371020] 10.0.0.213 "DELETE /resource_providers/be177332-c6f4-4288-8cde-675e71bb186f" status: 404 len: 246 microversion: 1.1 [pid: 7|app: 0|req: 460/934] 10.0.0.213 () {34 vars in 816 bytes} [Wed Aug 5 06:42:35 2026] DELETE /resource_providers/be177332-c6f4-4288-8cde-675e71bb186f => generated 246 bytes in 16 msecs (HTTP/1.1 404) 6 headers in 231 bytes (1 switches on core 0)
2026-08-05 06:42:37.737 7 INFO placement.requestlog [None req-0b5fe6ec-ee8d-45bb-a2e0-a370c13386c0 92209bffbf974a3ca7198082e96c36c2 154e4df7ef1d4508ad24b69803916381 - - ea6566f6df7e43179c0c5f685a371020 ea6566f6df7e43179c0c5f685a371020] 10.0.0.213 "GET /resource_providers/34acb1fe-1819-45f0-9abf-8746aadb65bc/aggregates" status: 404 len: 235 microversion: 1.1 [pid: 7|app: 0|req: 461/935] 10.0.0.213 () {32 vars in 816 bytes} [Wed Aug 5 06:42:37 2026] GET /resource_providers/34acb1fe-1819-45f0-9abf-8746aadb65bc/aggregates => generated 235 bytes in 7 msecs (HTTP/1.1 404) 5 headers in 202 bytes (1 switches on core 0)
2026-08-05 06:42:37.744 8 INFO placement.requestlog [None req-f6032a5a-210c-4aec-b1d8-dd79f8f09d34 92209bffbf974a3ca7198082e96c36c2 154e4df7ef1d4508ad24b69803916381 - - ea6566f6df7e43179c0c5f685a371020 ea6566f6df7e43179c0c5f685a371020] 10.0.0.213 "GET /resource_providers/34acb1fe-1819-45f0-9abf-8746aadb65bc/aggregates" status: 404 len: 235 microversion: 1.1 [pid: 8|app: 0|req: 475/936] 10.0.0.213 () {32 vars in 816 bytes} [Wed Aug 5 06:42:37 2026] GET /resource_providers/34acb1fe-1819-45f0-9abf-8746aadb65bc/aggregates => generated 235 bytes in 14 msecs (HTTP/1.1 404) 5 headers in 202 bytes (1 switches on core 0)
2026-08-05 06:42:37.759 7 INFO placement.requestlog [None req-80fa8fbd-9fd1-489d-900d-8de4de19da1b 92209bffbf974a3ca7198082e96c36c2 154e4df7ef1d4508ad24b69803916381 - - ea6566f6df7e43179c0c5f685a371020 ea6566f6df7e43179c0c5f685a371020] 10.0.0.213 "DELETE /resource_providers/34acb1fe-1819-45f0-9abf-8746aadb65bc" status: 404 len: 246 microversion: 1.1 [pid: 7|app: 0|req: 462/937] 10.0.0.213 () {34 vars in 816 bytes} [Wed Aug 5 06:42:37 2026] DELETE /resource_providers/34acb1fe-1819-45f0-9abf-8746aadb65bc => generated 246 bytes in 10 msecs (HTTP/1.1 404) 6 headers in 231 bytes (1 switches on core 0)
2026-08-05 06:42:37.762 8 INFO placement.requestlog [None req-9cb5422d-6188-435d-99b0-dc1c1c6e8092 92209bffbf974a3ca7198082e96c36c2 154e4df7ef1d4508ad24b69803916381 - - ea6566f6df7e43179c0c5f685a371020 ea6566f6df7e43179c0c5f685a371020] 10.0.0.213 "DELETE /resource_providers/34acb1fe-1819-45f0-9abf-8746aadb65bc" status: 404 len: 246 microversion: 1.1 [pid: 8|app: 0|req: 476/938] 10.0.0.213 () {34 vars in 816 bytes} [Wed Aug 5 06:42:37 2026] DELETE /resource_providers/34acb1fe-1819-45f0-9abf-8746aadb65bc => generated 246 bytes in 8 msecs (HTTP/1.1 404) 6 headers in 231 bytes (1 switches on core 0)
2026-08-05 06:42:37.781 8 INFO placement.requestlog [None req-b7d88d76-a2a8-4aea-a86f-d46c20f1ec29 92209bffbf974a3ca7198082e96c36c2 154e4df7ef1d4508ad24b69803916381 - - ea6566f6df7e43179c0c5f685a371020 ea6566f6df7e43179c0c5f685a371020] 10.0.0.213 "GET /resource_providers/ee6ddf8f-9c9e-4f76-8e72-a248266ce7a0/aggregates" status: 404 len: 235 microversion: 1.1 [pid: 8|app: 0|req: 477/939] 10.0.0.213 () {32 vars in 816 bytes} [Wed Aug 5 06:42:37 2026] GET /resource_providers/ee6ddf8f-9c9e-4f76-8e72-a248266ce7a0/aggregates => generated 235 bytes in 7 msecs (HTTP/1.1 404) 5 headers in 202 bytes (1 switches on core 0)
2026-08-05 06:42:37.783 7 INFO placement.requestlog [None req-66d6c78d-eebf-48a0-ba1f-036e44d8baa2 92209bffbf974a3ca7198082e96c36c2 154e4df7ef1d4508ad24b69803916381 - - ea6566f6df7e43179c0c5f685a371020 ea6566f6df7e43179c0c5f685a371020] 10.0.0.213 "GET /resource_providers/ee6ddf8f-9c9e-4f76-8e72-a248266ce7a0/aggregates" status: 404 len: 235 microversion: 1.1 [pid: 7|app: 0|req: 463/940] 10.0.0.213 () {32 vars in 816 bytes} [Wed Aug 5 06:42:37 2026] GET /resource_providers/ee6ddf8f-9c9e-4f76-8e72-a248266ce7a0/aggregates => generated 235 bytes in 9 msecs (HTTP/1.1 404) 5 headers in 202 bytes (1 switches on core 0)
2026-08-05 06:42:37.799 8 INFO placement.requestlog [None req-77269af6-8adf-4cae-9c47-1c711fbe84b8 92209bffbf974a3ca7198082e96c36c2 154e4df7ef1d4508ad24b69803916381 - - ea6566f6df7e43179c0c5f685a371020 ea6566f6df7e43179c0c5f685a371020] 10.0.0.213 "DELETE /resource_providers/ee6ddf8f-9c9e-4f76-8e72-a248266ce7a0" status: 404 len: 246 microversion: 1.1 [pid: 8|app: 0|req: 478/941] 10.0.0.213 () {34 vars in 816 bytes} [Wed Aug 5 06:42:37 2026] DELETE /resource_providers/ee6ddf8f-9c9e-4f76-8e72-a248266ce7a0 => generated 246 bytes in 6 msecs (HTTP/1.1 404) 6 headers in 231 bytes (1 switches on core 0)
2026-08-05 06:42:37.813 7 INFO placement.requestlog [None req-881166da-e051-4812-a52b-22c7eb127d53 92209bffbf974a3ca7198082e96c36c2 154e4df7ef1d4508ad24b69803916381 - - ea6566f6df7e43179c0c5f685a371020 ea6566f6df7e43179c0c5f685a371020] 10.0.0.213 "DELETE /resource_providers/ee6ddf8f-9c9e-4f76-8e72-a248266ce7a0" status: 404 len: 246 microversion: 1.1 [pid: 7|app: 0|req: 464/942] 10.0.0.213 () {34 vars in 816 bytes} [Wed Aug 5 06:42:37 2026] DELETE /resource_providers/ee6ddf8f-9c9e-4f76-8e72-a248266ce7a0 => generated 246 bytes in 11 msecs (HTTP/1.1 404) 6 headers in 231 bytes (1 switches on core 0)
2026-08-05 06:42:37.817 8 INFO placement.requestlog [None req-350ea741-819b-4d03-9af3-538960f29676 92209bffbf974a3ca7198082e96c36c2 154e4df7ef1d4508ad24b69803916381 - - ea6566f6df7e43179c0c5f685a371020 ea6566f6df7e43179c0c5f685a371020] 10.0.0.213 "GET /resource_providers/b5a6a357-1c5e-4d5c-8dee-63831849b4b4/aggregates" status: 404 len: 235 microversion: 1.1 [pid: 8|app: 0|req: 479/943] 10.0.0.213 () {32 vars in 816 bytes} [Wed Aug 5 06:42:37 2026] GET /resource_providers/b5a6a357-1c5e-4d5c-8dee-63831849b4b4/aggregates => generated 235 bytes in 7 msecs (HTTP/1.1 404) 5 headers in 202 bytes (1 switches on core 0)
2026-08-05 06:42:37.841 7 INFO placement.requestlog [None req-c061b093-84f0-4c12-b408-81d6ba4e1c0b 92209bffbf974a3ca7198082e96c36c2 154e4df7ef1d4508ad24b69803916381 - - ea6566f6df7e43179c0c5f685a371020 ea6566f6df7e43179c0c5f685a371020] 10.0.0.213 "GET /resource_providers/b5a6a357-1c5e-4d5c-8dee-63831849b4b4/aggregates" status: 404 len: 235 microversion: 1.1 [pid: 7|app: 0|req: 465/944] 10.0.0.213 () {32 vars in 816 bytes} [Wed Aug 5 06:42:37 2026] GET /resource_providers/b5a6a357-1c5e-4d5c-8dee-63831849b4b4/aggregates => generated 235 bytes in 12 msecs (HTTP/1.1 404) 5 headers in 202 bytes (1 switches on core 0)
2026-08-05 06:42:37.844 8 INFO placement.requestlog [None req-eccc9734-8bff-4263-9dd8-3c94ee3f9972 92209bffbf974a3ca7198082e96c36c2 154e4df7ef1d4508ad24b69803916381 - - ea6566f6df7e43179c0c5f685a371020 ea6566f6df7e43179c0c5f685a371020] 10.0.0.213 "DELETE /resource_providers/b5a6a357-1c5e-4d5c-8dee-63831849b4b4" status: 404 len: 246 microversion: 1.1 [pid: 8|app: 0|req: 480/945] 10.0.0.213 () {34 vars in 816 bytes} [Wed Aug 5 06:42:37 2026] DELETE /resource_providers/b5a6a357-1c5e-4d5c-8dee-63831849b4b4 => generated 246 bytes in 14 msecs (HTTP/1.1 404) 6 headers in 231 bytes (1 switches on core 0)
2026-08-05 06:42:37.861 7 INFO placement.requestlog [None req-47ae13b4-93a2-4a0a-9e6b-ab6b4a471560 92209bffbf974a3ca7198082e96c36c2 154e4df7ef1d4508ad24b69803916381 - - ea6566f6df7e43179c0c5f685a371020 ea6566f6df7e43179c0c5f685a371020] 10.0.0.213 "DELETE /resource_providers/b5a6a357-1c5e-4d5c-8dee-63831849b4b4" status: 404 len: 246 microversion: 1.1 [pid: 7|app: 0|req: 466/946] 10.0.0.213 () {34 vars in 816 bytes} [Wed Aug 5 06:42:37 2026] DELETE /resource_providers/b5a6a357-1c5e-4d5c-8dee-63831849b4b4 => generated 246 bytes in 10 msecs (HTTP/1.1 404) 6 headers in 231 bytes (1 switches on core 0)
2026-08-05 06:42:37.868 8 INFO placement.requestlog [None req-9688d34f-a11b-46a0-bbdb-e357f06dd134 92209bffbf974a3ca7198082e96c36c2 154e4df7ef1d4508ad24b69803916381 - - ea6566f6df7e43179c0c5f685a371020 ea6566f6df7e43179c0c5f685a371020] 10.0.0.213 "GET /resource_providers/f249c9a0-4e24-4233-93b5-7c4b8495a122/aggregates" status: 404 len: 235 microversion: 1.1 [pid: 8|app: 0|req: 481/947] 10.0.0.213 () {32 vars in 816 bytes} [Wed Aug 5 06:42:37 2026] GET /resource_providers/f249c9a0-4e24-4233-93b5-7c4b8495a122/aggregates => generated 235 bytes in 14 msecs (HTTP/1.1 404) 5 headers in 202 bytes (1 switches on core 0)
2026-08-05 06:42:37.886 8 INFO placement.requestlog [None req-ae7cd06d-cf59-4e54-b640-9e76a252bcad 92209bffbf974a3ca7198082e96c36c2 154e4df7ef1d4508ad24b69803916381 - - ea6566f6df7e43179c0c5f685a371020 ea6566f6df7e43179c0c5f685a371020] 10.0.0.213 "DELETE /resource_providers/f249c9a0-4e24-4233-93b5-7c4b8495a122" status: 404 len: 246 microversion: 1.1 [pid: 8|app: 0|req: 482/948] 10.0.0.213 () {34 vars in 816 bytes} [Wed Aug 5 06:42:37 2026] DELETE /resource_providers/f249c9a0-4e24-4233-93b5-7c4b8495a122 => generated 246 bytes in 10 msecs (HTTP/1.1 404) 6 headers in 231 bytes (1 switches on core 0)
2026-08-05 06:42:37.886 7 INFO placement.requestlog [None req-f96d8955-79b5-40b0-a7ea-4fcb2361fa35 92209bffbf974a3ca7198082e96c36c2 154e4df7ef1d4508ad24b69803916381 - - ea6566f6df7e43179c0c5f685a371020 ea6566f6df7e43179c0c5f685a371020] 10.0.0.213 "GET /resource_providers/f249c9a0-4e24-4233-93b5-7c4b8495a122/aggregates" status: 404 len: 235 microversion: 1.1 [pid: 7|app: 0|req: 467/949] 10.0.0.213 () {32 vars in 816 bytes} [Wed Aug 5 06:42:37 2026] GET /resource_providers/f249c9a0-4e24-4233-93b5-7c4b8495a122/aggregates => generated 235 bytes in 11 msecs (HTTP/1.1 404) 5 headers in 202 bytes (1 switches on core 0)
2026-08-05 06:42:37.907 8 INFO placement.requestlog [None req-3f918995-e125-4864-b054-a3da42d890a5 92209bffbf974a3ca7198082e96c36c2 154e4df7ef1d4508ad24b69803916381 - - ea6566f6df7e43179c0c5f685a371020 ea6566f6df7e43179c0c5f685a371020] 10.0.0.213 "DELETE /resource_providers/f249c9a0-4e24-4233-93b5-7c4b8495a122" status: 404 len: 246 microversion: 1.1 [pid: 8|app: 0|req: 483/950] 10.0.0.213 () {34 vars in 816 bytes} [Wed Aug 5 06:42:37 2026] DELETE /resource_providers/f249c9a0-4e24-4233-93b5-7c4b8495a122 => generated 246 bytes in 9 msecs (HTTP/1.1 404) 6 headers in 231 bytes (1 switches on core 0)
2026-08-05 06:42:39.906 7 INFO placement.requestlog [None req-7cf0751d-56e4-4c87-9fb7-e18cd0df365f 92209bffbf974a3ca7198082e96c36c2 154e4df7ef1d4508ad24b69803916381 - - ea6566f6df7e43179c0c5f685a371020 ea6566f6df7e43179c0c5f685a371020] 10.0.0.213 "GET /resource_providers/0797bce9-b436-4019-8d66-8c74aab9df9d/aggregates" status: 404 len: 235 microversion: 1.1 [pid: 7|app: 0|req: 468/951] 10.0.0.213 () {32 vars in 816 bytes} [Wed Aug 5 06:42:39 2026] GET /resource_providers/0797bce9-b436-4019-8d66-8c74aab9df9d/aggregates => generated 235 bytes in 12 msecs (HTTP/1.1 404) 5 headers in 202 bytes (1 switches on core 0)
2026-08-05 06:42:39.933 8 INFO placement.requestlog [None req-6aeb2717-7e8a-4086-a78f-5ac75a5ce86c 92209bffbf974a3ca7198082e96c36c2 154e4df7ef1d4508ad24b69803916381 - - ea6566f6df7e43179c0c5f685a371020 ea6566f6df7e43179c0c5f685a371020] 10.0.0.213 "DELETE /resource_providers/0797bce9-b436-4019-8d66-8c74aab9df9d" status: 404 len: 246 microversion: 1.1 [pid: 8|app: 0|req: 484/952] 10.0.0.213 () {34 vars in 816 bytes} [Wed Aug 5 06:42:39 2026] DELETE /resource_providers/0797bce9-b436-4019-8d66-8c74aab9df9d => generated 246 bytes in 12 msecs (HTTP/1.1 404) 6 headers in 231 bytes (1 switches on core 0)
2026-08-05 06:42:39.938 7 INFO placement.requestlog [None req-beaaaaf8-9c1b-4bcb-8ac7-f12855297993 92209bffbf974a3ca7198082e96c36c2 154e4df7ef1d4508ad24b69803916381 - - ea6566f6df7e43179c0c5f685a371020 ea6566f6df7e43179c0c5f685a371020] 10.0.0.213 "GET /resource_providers/0797bce9-b436-4019-8d66-8c74aab9df9d/aggregates" status: 404 len: 235 microversion: 1.1 [pid: 7|app: 0|req: 469/953] 10.0.0.213 () {32 vars in 816 bytes} [Wed Aug 5 06:42:39 2026] GET /resource_providers/0797bce9-b436-4019-8d66-8c74aab9df9d/aggregates => generated 235 bytes in 16 msecs (HTTP/1.1 404) 5 headers in 202 bytes (1 switches on core 0)
2026-08-05 06:42:39.958 8 INFO placement.requestlog [None req-c6e56223-9c99-4c6e-b597-6db8e7cf9d63 92209bffbf974a3ca7198082e96c36c2 154e4df7ef1d4508ad24b69803916381 - - ea6566f6df7e43179c0c5f685a371020 ea6566f6df7e43179c0c5f685a371020] 10.0.0.213 "DELETE /resource_providers/0797bce9-b436-4019-8d66-8c74aab9df9d" status: 404 len: 246 microversion: 1.1 [pid: 8|app: 0|req: 485/954] 10.0.0.213 () {34 vars in 816 bytes} [Wed Aug 5 06:42:39 2026] DELETE /resource_providers/0797bce9-b436-4019-8d66-8c74aab9df9d => generated 246 bytes in 11 msecs (HTTP/1.1 404) 6 headers in 231 bytes (1 switches on core 0)
2026-08-05 06:42:42.053 8 INFO placement.requestlog [None req-b46cea9f-ee23-4a20-93f3-3f65ccdb4e6e - - - - - -] 10.0.0.44 "GET /" status: 200 len: 136 microversion: 1.0
2026-08-05 06:42:42.053 7 INFO placement.requestlog [None req-dc846cb8-5c7a-4d64-8d82-8a76862719f8 - - - - - -] 10.0.0.44 "GET /" status: 200 len: 136 microversion: 1.0
2026-08-05 06:42:42.825 7 INFO placement.requestlog [None req-3fd0c878-9d46-4266-a0f9-9d25ab5fc088 92209bffbf974a3ca7198082e96c36c2 154e4df7ef1d4508ad24b69803916381 - - ea6566f6df7e43179c0c5f685a371020 ea6566f6df7e43179c0c5f685a371020] 10.0.0.213 "GET /resource_providers/64312c15-dd1d-4813-84f4-3e8b96b3b60f/aggregates" status: 404 len: 235 microversion: 1.1 [pid: 7|app: 0|req: 471/957] 10.0.0.213 () {32 vars in 816 bytes} [Wed Aug 5 06:42:42 2026] GET /resource_providers/64312c15-dd1d-4813-84f4-3e8b96b3b60f/aggregates => generated 235 bytes in 9 msecs (HTTP/1.1 404) 5 headers in 202 bytes (1 switches on core 0)
2026-08-05 06:42:42.827 8 INFO placement.requestlog [None req-2a84869c-e34a-4ab9-bb72-bcfec4b2f780 92209bffbf974a3ca7198082e96c36c2 154e4df7ef1d4508ad24b69803916381 - - ea6566f6df7e43179c0c5f685a371020 ea6566f6df7e43179c0c5f685a371020] 10.0.0.213 "GET /resource_providers/64312c15-dd1d-4813-84f4-3e8b96b3b60f/aggregates" status: 404 len: 235 microversion: 1.1 [pid: 8|app: 0|req: 487/958] 10.0.0.213 () {32 vars in 816 bytes} [Wed Aug 5 06:42:42 2026] GET /resource_providers/64312c15-dd1d-4813-84f4-3e8b96b3b60f/aggregates => generated 235 bytes in 11 msecs (HTTP/1.1 404) 5 headers in 202 bytes (1 switches on core 0)
2026-08-05 06:42:42.842 7 INFO placement.requestlog [None req-6b24571d-bac3-4704-a0d8-b37715f1b878 92209bffbf974a3ca7198082e96c36c2 154e4df7ef1d4508ad24b69803916381 - - ea6566f6df7e43179c0c5f685a371020 ea6566f6df7e43179c0c5f685a371020] 10.0.0.213 "DELETE /resource_providers/64312c15-dd1d-4813-84f4-3e8b96b3b60f" status: 404 len: 246 microversion: 1.1 [pid: 7|app: 0|req: 472/959] 10.0.0.213 () {34 vars in 816 bytes} [Wed Aug 5 06:42:42 2026] DELETE /resource_providers/64312c15-dd1d-4813-84f4-3e8b96b3b60f => generated 246 bytes in 7 msecs (HTTP/1.1 404) 6 headers in 231 bytes (1 switches on core 0)
