Jul 24 15:32:19.875273 np0000186578 systemd[1]: Starting devstack@n-api-meta.service - Devstack devstack@n-api-meta.service...
Jul 24 15:32:19.880461 np0000186578 devstack@n-api-meta.service[107027]: [uWSGI] getting INI configuration from /etc/nova/nova-metadata-uwsgi.ini
Jul 24 15:32:19.882869 np0000186578 devstack@n-api-meta.service[107027]: *** Starting uWSGI 2.0.24-debian (64bit) on [Fri Jul 24 15:32:19 2026] ***
Jul 24 15:32:19.882869 np0000186578 devstack@n-api-meta.service[107027]: compiled with version: 13.2.0 on 17 April 2024 16:23:48
Jul 24 15:32:19.882869 np0000186578 devstack@n-api-meta.service[107027]: os: Linux-6.8.0-136-generic #136-Ubuntu SMP PREEMPT_DYNAMIC Wed Jul 1 21:53:05 UTC 2026
Jul 24 15:32:19.882869 np0000186578 devstack@n-api-meta.service[107027]: nodename: np0000186578
Jul 24 15:32:19.882869 np0000186578 devstack@n-api-meta.service[107027]: machine: x86_64
Jul 24 15:32:19.882869 np0000186578 devstack@n-api-meta.service[107027]: clock source: unix
Jul 24 15:32:19.882869 np0000186578 devstack@n-api-meta.service[107027]: pcre jit disabled
Jul 24 15:32:19.882869 np0000186578 devstack@n-api-meta.service[107027]: detected number of CPU cores: 16
Jul 24 15:32:19.882869 np0000186578 devstack@n-api-meta.service[107027]: current working directory: /
Jul 24 15:32:19.882869 np0000186578 devstack@n-api-meta.service[107027]: detected binary path: /usr/bin/uwsgi-core
Jul 24 15:32:19.882869 np0000186578 devstack@n-api-meta.service[107027]: your processes number limit is 256916
Jul 24 15:32:19.882869 np0000186578 devstack@n-api-meta.service[107027]: your memory page size is 4096 bytes
Jul 24 15:32:19.882869 np0000186578 devstack@n-api-meta.service[107027]: detected max file descriptor number: 2048
Jul 24 15:32:19.882869 np0000186578 devstack@n-api-meta.service[107027]: lock engine: pthread robust mutexes
Jul 24 15:32:19.883594 np0000186578 devstack@n-api-meta.service[107027]: thunder lock: enabled
Jul 24 15:32:19.883594 np0000186578 devstack@n-api-meta.service[107027]: uWSGI http bound on 0.0.0.0:8775 fd 5
Jul 24 15:32:19.883594 np0000186578 devstack@n-api-meta.service[107027]: uwsgi socket 0 bound to TCP address 127.0.0.1:40375 (port auto-assigned) fd 4
Jul 24 15:32:19.883594 np0000186578 devstack@n-api-meta.service[107027]: Python version: 3.12.3 (main, Jun 19 2026, 12:46:00) [GCC 13.3.0]
Jul 24 15:32:19.883594 np0000186578 devstack@n-api-meta.service[107027]: PEP 405 virtualenv detected: /opt/stack/data/venv
Jul 24 15:32:19.883594 np0000186578 devstack@n-api-meta.service[107027]: Set PythonHome to /opt/stack/data/venv
Jul 24 15:32:19.921424 np0000186578 devstack@n-api-meta.service[107027]: Python main interpreter initialized at 0x71d1278a4668
Jul 24 15:32:19.921424 np0000186578 devstack@n-api-meta.service[107027]: python threads support enabled
Jul 24 15:32:19.921424 np0000186578 devstack@n-api-meta.service[107027]: your server socket listen backlog is limited to 100 connections
Jul 24 15:32:19.921424 np0000186578 devstack@n-api-meta.service[107027]: your mercy for graceful operations on workers is 80 seconds
Jul 24 15:32:19.921998 np0000186578 devstack@n-api-meta.service[107027]: mapped 671795 bytes (656 KB) for 4 cores
Jul 24 15:32:19.922133 np0000186578 devstack@n-api-meta.service[107027]: *** Operational MODE: preforking ***
Jul 24 15:32:19.922285 np0000186578 devstack@n-api-meta.service[107027]: *** uWSGI is running in multiple interpreter mode ***
Jul 24 15:32:19.922285 np0000186578 devstack@n-api-meta.service[107027]: spawned uWSGI master process (pid: 107027)
Jul 24 15:32:19.922495 np0000186578 systemd[1]: Started devstack@n-api-meta.service - Devstack devstack@n-api-meta.service.
Jul 24 15:32:19.922942 np0000186578 devstack@n-api-meta.service[107027]: spawned uWSGI worker 1 (pid: 107028, cores: 1)
Jul 24 15:32:19.923458 np0000186578 devstack@n-api-meta.service[107027]: spawned uWSGI worker 2 (pid: 107029, cores: 1)
Jul 24 15:32:19.923952 np0000186578 devstack@n-api-meta.service[107027]: spawned uWSGI worker 3 (pid: 107030, cores: 1)
Jul 24 15:32:19.924411 np0000186578 devstack@n-api-meta.service[107027]: spawned uWSGI worker 4 (pid: 107031, cores: 1)
Jul 24 15:32:19.925104 np0000186578 devstack@n-api-meta.service[107027]: spawned uWSGI http 1 (pid: 107032)
Jul 24 15:32:19.925104 np0000186578 devstack@n-api-meta.service[107027]: running "unix_signal:15 gracefully_kill_them_all" (master-start)...
Jul 24 15:32:21.598655 np0000186578 devstack@n-api-meta.service[107030]: INFO dbcounter [None req-1cb6cc2b-03f9-4012-8520-5a0ac09ec5af None None] Registered counter for database nova_api
Jul 24 15:32:21.649146 np0000186578 devstack@n-api-meta.service[107030]: DEBUG oslo_db.sqlalchemy.engines [None req-1cb6cc2b-03f9-4012-8520-5a0ac09ec5af None None] MySQL server mode set to STRICT_TRANS_TABLES,STRICT_ALL_TABLES,NO_ZERO_IN_DATE,NO_ZERO_DATE,ERROR_FOR_DIVISION_BY_ZERO,TRADITIONAL,NO_ENGINE_SUBSTITUTION {{(pid=107030) _check_effective_sql_mode /opt/stack/data/venv/lib/python3.12/site-packages/oslo_db/sqlalchemy/engines.py:325}}
Jul 24 15:32:21.665245 np0000186578 devstack@n-api-meta.service[107028]: INFO dbcounter [None req-72940c8b-cc19-4eec-9119-5a45e820c6d7 None None] Registered counter for database nova_api
Jul 24 15:32:21.684670 np0000186578 devstack@n-api-meta.service[107030]: DEBUG dbcounter [-] [107030] Writer thread running {{(pid=107030) stat_writer /opt/stack/data/venv/lib/python3.12/site-packages/dbcounter.py:102}}
Jul 24 15:32:21.687103 np0000186578 devstack@n-api-meta.service[107030]: DEBUG nova.context [None req-1cb6cc2b-03f9-4012-8520-5a0ac09ec5af None None] Found 2 cells: 00000000-0000-0000-0000-000000000000(cell0),4238441e-eeca-4817-91e0-a1010af63dd8(cell1) {{(pid=107030) load_cells /opt/stack/nova/nova/context.py:509}}
Jul 24 15:32:21.687319 np0000186578 devstack@n-api-meta.service[107030]: INFO nova.utils [None req-1cb6cc2b-03f9-4012-8520-5a0ac09ec5af None None] The cell worker thread pool MainProcess.cell_worker is initialized
Jul 24 15:32:21.689202 np0000186578 devstack@n-api-meta.service[107030]: DEBUG oslo_concurrency.lockutils [None req-1cb6cc2b-03f9-4012-8520-5a0ac09ec5af None None] Acquiring lock "00000000-0000-0000-0000-000000000000" by "nova.context.set_target_cell..get_or_set_cached_cell_and_set_connections" {{(pid=107030) inner /opt/stack/data/venv/lib/python3.12/site-packages/oslo_concurrency/lockutils.py:512}}
Jul 24 15:32:21.689308 np0000186578 devstack@n-api-meta.service[107030]: DEBUG oslo_concurrency.lockutils [None req-1cb6cc2b-03f9-4012-8520-5a0ac09ec5af None None] Lock "00000000-0000-0000-0000-000000000000" acquired by "nova.context.set_target_cell..get_or_set_cached_cell_and_set_connections" :: waited 0.000s {{(pid=107030) inner /opt/stack/data/venv/lib/python3.12/site-packages/oslo_concurrency/lockutils.py:525}}
Jul 24 15:32:21.689655 np0000186578 devstack@n-api-meta.service[107030]: DEBUG oslo_concurrency.lockutils [None req-1cb6cc2b-03f9-4012-8520-5a0ac09ec5af None None] Lock "00000000-0000-0000-0000-000000000000" "released" by "nova.context.set_target_cell..get_or_set_cached_cell_and_set_connections" :: held 0.000s {{(pid=107030) inner /opt/stack/data/venv/lib/python3.12/site-packages/oslo_concurrency/lockutils.py:544}}
Jul 24 15:32:21.690724 np0000186578 devstack@n-api-meta.service[107030]: DEBUG oslo_concurrency.lockutils [None req-1cb6cc2b-03f9-4012-8520-5a0ac09ec5af None None] Acquiring lock "4238441e-eeca-4817-91e0-a1010af63dd8" by "nova.context.set_target_cell..get_or_set_cached_cell_and_set_connections" {{(pid=107030) inner /opt/stack/data/venv/lib/python3.12/site-packages/oslo_concurrency/lockutils.py:512}}
Jul 24 15:32:21.690879 np0000186578 devstack@n-api-meta.service[107030]: DEBUG oslo_concurrency.lockutils [None req-1cb6cc2b-03f9-4012-8520-5a0ac09ec5af None None] Lock "4238441e-eeca-4817-91e0-a1010af63dd8" acquired by "nova.context.set_target_cell..get_or_set_cached_cell_and_set_connections" :: waited 0.000s {{(pid=107030) inner /opt/stack/data/venv/lib/python3.12/site-packages/oslo_concurrency/lockutils.py:525}}
Jul 24 15:32:21.691748 np0000186578 devstack@n-api-meta.service[107030]: DEBUG oslo_concurrency.lockutils [None req-1cb6cc2b-03f9-4012-8520-5a0ac09ec5af None None] Lock "4238441e-eeca-4817-91e0-a1010af63dd8" "released" by "nova.context.set_target_cell..get_or_set_cached_cell_and_set_connections" :: held 0.001s {{(pid=107030) inner /opt/stack/data/venv/lib/python3.12/site-packages/oslo_concurrency/lockutils.py:544}}
Jul 24 15:32:21.695990 np0000186578 devstack@n-api-meta.service[107030]: INFO dbcounter [None req-1cb6cc2b-03f9-4012-8520-5a0ac09ec5af None None] Registered counter for database nova_cell0
Jul 24 15:32:21.701837 np0000186578 devstack@n-api-meta.service[107031]: INFO dbcounter [None req-fcad387a-6ff2-4ef2-95a9-83db6e6d82ab None None] Registered counter for database nova_api
Jul 24 15:32:21.703146 np0000186578 devstack@n-api-meta.service[107030]: INFO dbcounter [None req-1cb6cc2b-03f9-4012-8520-5a0ac09ec5af None None] Registered counter for database nova_cell1
Jul 24 15:32:21.715814 np0000186578 devstack@n-api-meta.service[107028]: DEBUG oslo_db.sqlalchemy.engines [None req-72940c8b-cc19-4eec-9119-5a45e820c6d7 None None] MySQL server mode set to STRICT_TRANS_TABLES,STRICT_ALL_TABLES,NO_ZERO_IN_DATE,NO_ZERO_DATE,ERROR_FOR_DIVISION_BY_ZERO,TRADITIONAL,NO_ENGINE_SUBSTITUTION {{(pid=107028) _check_effective_sql_mode /opt/stack/data/venv/lib/python3.12/site-packages/oslo_db/sqlalchemy/engines.py:325}}
Jul 24 15:32:21.733107 np0000186578 devstack@n-api-meta.service[107029]: INFO dbcounter [None req-7d2eb992-c48e-4589-b526-bcf0766c1150 None None] Registered counter for database nova_api
Jul 24 15:32:21.748840 np0000186578 devstack@n-api-meta.service[107031]: DEBUG oslo_db.sqlalchemy.engines [None req-fcad387a-6ff2-4ef2-95a9-83db6e6d82ab None None] MySQL server mode set to STRICT_TRANS_TABLES,STRICT_ALL_TABLES,NO_ZERO_IN_DATE,NO_ZERO_DATE,ERROR_FOR_DIVISION_BY_ZERO,TRADITIONAL,NO_ENGINE_SUBSTITUTION {{(pid=107031) _check_effective_sql_mode /opt/stack/data/venv/lib/python3.12/site-packages/oslo_db/sqlalchemy/engines.py:325}}
Jul 24 15:32:21.753768 np0000186578 devstack@n-api-meta.service[107028]: DEBUG dbcounter [-] [107028] Writer thread running {{(pid=107028) stat_writer /opt/stack/data/venv/lib/python3.12/site-packages/dbcounter.py:102}}
Jul 24 15:32:21.756101 np0000186578 devstack@n-api-meta.service[107028]: DEBUG nova.context [None req-72940c8b-cc19-4eec-9119-5a45e820c6d7 None None] Found 2 cells: 00000000-0000-0000-0000-000000000000(cell0),4238441e-eeca-4817-91e0-a1010af63dd8(cell1) {{(pid=107028) load_cells /opt/stack/nova/nova/context.py:509}}
Jul 24 15:32:21.756327 np0000186578 devstack@n-api-meta.service[107028]: INFO nova.utils [None req-72940c8b-cc19-4eec-9119-5a45e820c6d7 None None] The cell worker thread pool MainProcess.cell_worker is initialized
Jul 24 15:32:21.758234 np0000186578 devstack@n-api-meta.service[107028]: DEBUG oslo_concurrency.lockutils [None req-72940c8b-cc19-4eec-9119-5a45e820c6d7 None None] Acquiring lock "00000000-0000-0000-0000-000000000000" by "nova.context.set_target_cell..get_or_set_cached_cell_and_set_connections" {{(pid=107028) inner /opt/stack/data/venv/lib/python3.12/site-packages/oslo_concurrency/lockutils.py:512}}
Jul 24 15:32:21.758383 np0000186578 devstack@n-api-meta.service[107028]: DEBUG oslo_concurrency.lockutils [None req-72940c8b-cc19-4eec-9119-5a45e820c6d7 None None] Lock "00000000-0000-0000-0000-000000000000" acquired by "nova.context.set_target_cell..get_or_set_cached_cell_and_set_connections" :: waited 0.000s {{(pid=107028) inner /opt/stack/data/venv/lib/python3.12/site-packages/oslo_concurrency/lockutils.py:525}}
Jul 24 15:32:21.758746 np0000186578 devstack@n-api-meta.service[107028]: DEBUG oslo_concurrency.lockutils [None req-72940c8b-cc19-4eec-9119-5a45e820c6d7 None None] Lock "00000000-0000-0000-0000-000000000000" "released" by "nova.context.set_target_cell..get_or_set_cached_cell_and_set_connections" :: held 0.000s {{(pid=107028) inner /opt/stack/data/venv/lib/python3.12/site-packages/oslo_concurrency/lockutils.py:544}}
Jul 24 15:32:21.759431 np0000186578 devstack@n-api-meta.service[107028]: DEBUG oslo_concurrency.lockutils [None req-72940c8b-cc19-4eec-9119-5a45e820c6d7 None None] Acquiring lock "4238441e-eeca-4817-91e0-a1010af63dd8" by "nova.context.set_target_cell..get_or_set_cached_cell_and_set_connections" {{(pid=107028) inner /opt/stack/data/venv/lib/python3.12/site-packages/oslo_concurrency/lockutils.py:512}}
Jul 24 15:32:21.759589 np0000186578 devstack@n-api-meta.service[107028]: DEBUG oslo_concurrency.lockutils [None req-72940c8b-cc19-4eec-9119-5a45e820c6d7 None None] Lock "4238441e-eeca-4817-91e0-a1010af63dd8" acquired by "nova.context.set_target_cell..get_or_set_cached_cell_and_set_connections" :: waited 0.000s {{(pid=107028) inner /opt/stack/data/venv/lib/python3.12/site-packages/oslo_concurrency/lockutils.py:525}}
Jul 24 15:32:21.760908 np0000186578 devstack@n-api-meta.service[107028]: DEBUG oslo_concurrency.lockutils [None req-72940c8b-cc19-4eec-9119-5a45e820c6d7 None None] Lock "4238441e-eeca-4817-91e0-a1010af63dd8" "released" by "nova.context.set_target_cell..get_or_set_cached_cell_and_set_connections" :: held 0.001s {{(pid=107028) inner /opt/stack/data/venv/lib/python3.12/site-packages/oslo_concurrency/lockutils.py:544}}
Jul 24 15:32:21.761797 np0000186578 devstack@n-api-meta.service[107030]: DEBUG oslo_db.sqlalchemy.engines [None req-1cb6cc2b-03f9-4012-8520-5a0ac09ec5af None None] MySQL server mode set to STRICT_TRANS_TABLES,STRICT_ALL_TABLES,NO_ZERO_IN_DATE,NO_ZERO_DATE,ERROR_FOR_DIVISION_BY_ZERO,TRADITIONAL,NO_ENGINE_SUBSTITUTION {{(pid=107030) _check_effective_sql_mode /opt/stack/data/venv/lib/python3.12/site-packages/oslo_db/sqlalchemy/engines.py:325}}
Jul 24 15:32:21.762631 np0000186578 devstack@n-api-meta.service[107028]: INFO dbcounter [None req-72940c8b-cc19-4eec-9119-5a45e820c6d7 None None] Registered counter for database nova_cell0
Jul 24 15:32:21.767571 np0000186578 devstack@n-api-meta.service[107030]: DEBUG oslo_db.sqlalchemy.engines [None req-1cb6cc2b-03f9-4012-8520-5a0ac09ec5af None None] MySQL server mode set to STRICT_TRANS_TABLES,STRICT_ALL_TABLES,NO_ZERO_IN_DATE,NO_ZERO_DATE,ERROR_FOR_DIVISION_BY_ZERO,TRADITIONAL,NO_ENGINE_SUBSTITUTION {{(pid=107030) _check_effective_sql_mode /opt/stack/data/venv/lib/python3.12/site-packages/oslo_db/sqlalchemy/engines.py:325}}
Jul 24 15:32:21.767968 np0000186578 devstack@n-api-meta.service[107028]: INFO dbcounter [None req-72940c8b-cc19-4eec-9119-5a45e820c6d7 None None] Registered counter for database nova_cell1
Jul 24 15:32:21.779492 np0000186578 devstack@n-api-meta.service[107031]: DEBUG dbcounter [-] [107031] Writer thread running {{(pid=107031) stat_writer /opt/stack/data/venv/lib/python3.12/site-packages/dbcounter.py:102}}
Jul 24 15:32:21.779740 np0000186578 devstack@n-api-meta.service[107029]: DEBUG oslo_db.sqlalchemy.engines [None req-7d2eb992-c48e-4589-b526-bcf0766c1150 None None] MySQL server mode set to STRICT_TRANS_TABLES,STRICT_ALL_TABLES,NO_ZERO_IN_DATE,NO_ZERO_DATE,ERROR_FOR_DIVISION_BY_ZERO,TRADITIONAL,NO_ENGINE_SUBSTITUTION {{(pid=107029) _check_effective_sql_mode /opt/stack/data/venv/lib/python3.12/site-packages/oslo_db/sqlalchemy/engines.py:325}}
Jul 24 15:32:21.781780 np0000186578 devstack@n-api-meta.service[107031]: DEBUG nova.context [None req-fcad387a-6ff2-4ef2-95a9-83db6e6d82ab None None] Found 2 cells: 00000000-0000-0000-0000-000000000000(cell0),4238441e-eeca-4817-91e0-a1010af63dd8(cell1) {{(pid=107031) load_cells /opt/stack/nova/nova/context.py:509}}
Jul 24 15:32:21.782014 np0000186578 devstack@n-api-meta.service[107031]: INFO nova.utils [None req-fcad387a-6ff2-4ef2-95a9-83db6e6d82ab None None] The cell worker thread pool MainProcess.cell_worker is initialized
Jul 24 15:32:21.783792 np0000186578 devstack@n-api-meta.service[107031]: DEBUG oslo_concurrency.lockutils [None req-fcad387a-6ff2-4ef2-95a9-83db6e6d82ab None None] Acquiring lock "00000000-0000-0000-0000-000000000000" by "nova.context.set_target_cell..get_or_set_cached_cell_and_set_connections" {{(pid=107031) inner /opt/stack/data/venv/lib/python3.12/site-packages/oslo_concurrency/lockutils.py:512}}
Jul 24 15:32:21.783956 np0000186578 devstack@n-api-meta.service[107031]: DEBUG oslo_concurrency.lockutils [None req-fcad387a-6ff2-4ef2-95a9-83db6e6d82ab None None] Lock "00000000-0000-0000-0000-000000000000" acquired by "nova.context.set_target_cell..get_or_set_cached_cell_and_set_connections" :: waited 0.000s {{(pid=107031) inner /opt/stack/data/venv/lib/python3.12/site-packages/oslo_concurrency/lockutils.py:525}}
Jul 24 15:32:21.784312 np0000186578 devstack@n-api-meta.service[107031]: DEBUG oslo_concurrency.lockutils [None req-fcad387a-6ff2-4ef2-95a9-83db6e6d82ab None None] Lock "00000000-0000-0000-0000-000000000000" "released" by "nova.context.set_target_cell..get_or_set_cached_cell_and_set_connections" :: held 0.000s {{(pid=107031) inner /opt/stack/data/venv/lib/python3.12/site-packages/oslo_concurrency/lockutils.py:544}}
Jul 24 15:32:21.785137 np0000186578 devstack@n-api-meta.service[107031]: DEBUG oslo_concurrency.lockutils [None req-fcad387a-6ff2-4ef2-95a9-83db6e6d82ab None None] Acquiring lock "4238441e-eeca-4817-91e0-a1010af63dd8" by "nova.context.set_target_cell..get_or_set_cached_cell_and_set_connections" {{(pid=107031) inner /opt/stack/data/venv/lib/python3.12/site-packages/oslo_concurrency/lockutils.py:512}}
Jul 24 15:32:21.785272 np0000186578 devstack@n-api-meta.service[107031]: DEBUG oslo_concurrency.lockutils [None req-fcad387a-6ff2-4ef2-95a9-83db6e6d82ab None None] Lock "4238441e-eeca-4817-91e0-a1010af63dd8" acquired by "nova.context.set_target_cell..get_or_set_cached_cell_and_set_connections" :: waited 0.000s {{(pid=107031) inner /opt/stack/data/venv/lib/python3.12/site-packages/oslo_concurrency/lockutils.py:525}}
Jul 24 15:32:21.786163 np0000186578 devstack@n-api-meta.service[107031]: DEBUG oslo_concurrency.lockutils [None req-fcad387a-6ff2-4ef2-95a9-83db6e6d82ab None None] Lock "4238441e-eeca-4817-91e0-a1010af63dd8" "released" by "nova.context.set_target_cell..get_or_set_cached_cell_and_set_connections" :: held 0.001s {{(pid=107031) inner /opt/stack/data/venv/lib/python3.12/site-packages/oslo_concurrency/lockutils.py:544}}
Jul 24 15:32:21.789536 np0000186578 devstack@n-api-meta.service[107031]: INFO dbcounter [None req-fcad387a-6ff2-4ef2-95a9-83db6e6d82ab None None] Registered counter for database nova_cell0
Jul 24 15:32:21.798424 np0000186578 devstack@n-api-meta.service[107031]: INFO dbcounter [None req-fcad387a-6ff2-4ef2-95a9-83db6e6d82ab None None] Registered counter for database nova_cell1
Jul 24 15:32:21.812882 np0000186578 devstack@n-api-meta.service[107029]: DEBUG dbcounter [-] [107029] Writer thread running {{(pid=107029) stat_writer /opt/stack/data/venv/lib/python3.12/site-packages/dbcounter.py:102}}
Jul 24 15:32:21.818990 np0000186578 devstack@n-api-meta.service[107029]: DEBUG nova.context [None req-7d2eb992-c48e-4589-b526-bcf0766c1150 None None] Found 2 cells: 00000000-0000-0000-0000-000000000000(cell0),4238441e-eeca-4817-91e0-a1010af63dd8(cell1) {{(pid=107029) load_cells /opt/stack/nova/nova/context.py:509}}
Jul 24 15:32:21.819377 np0000186578 devstack@n-api-meta.service[107029]: INFO nova.utils [None req-7d2eb992-c48e-4589-b526-bcf0766c1150 None None] The cell worker thread pool MainProcess.cell_worker is initialized
Jul 24 15:32:21.822621 np0000186578 devstack@n-api-meta.service[107029]: DEBUG oslo_concurrency.lockutils [None req-7d2eb992-c48e-4589-b526-bcf0766c1150 None None] Acquiring lock "00000000-0000-0000-0000-000000000000" by "nova.context.set_target_cell..get_or_set_cached_cell_and_set_connections" {{(pid=107029) inner /opt/stack/data/venv/lib/python3.12/site-packages/oslo_concurrency/lockutils.py:512}}
Jul 24 15:32:21.822913 np0000186578 devstack@n-api-meta.service[107029]: DEBUG oslo_concurrency.lockutils [None req-7d2eb992-c48e-4589-b526-bcf0766c1150 None None] Lock "00000000-0000-0000-0000-000000000000" acquired by "nova.context.set_target_cell..get_or_set_cached_cell_and_set_connections" :: waited 0.000s {{(pid=107029) inner /opt/stack/data/venv/lib/python3.12/site-packages/oslo_concurrency/lockutils.py:525}}
Jul 24 15:32:21.823441 np0000186578 devstack@n-api-meta.service[107029]: DEBUG oslo_concurrency.lockutils [None req-7d2eb992-c48e-4589-b526-bcf0766c1150 None None] Lock "00000000-0000-0000-0000-000000000000" "released" by "nova.context.set_target_cell..get_or_set_cached_cell_and_set_connections" :: held 0.001s {{(pid=107029) inner /opt/stack/data/venv/lib/python3.12/site-packages/oslo_concurrency/lockutils.py:544}}
Jul 24 15:32:21.824598 np0000186578 devstack@n-api-meta.service[107029]: DEBUG oslo_concurrency.lockutils [None req-7d2eb992-c48e-4589-b526-bcf0766c1150 None None] Acquiring lock "4238441e-eeca-4817-91e0-a1010af63dd8" by "nova.context.set_target_cell..get_or_set_cached_cell_and_set_connections" {{(pid=107029) inner /opt/stack/data/venv/lib/python3.12/site-packages/oslo_concurrency/lockutils.py:512}}
Jul 24 15:32:21.824845 np0000186578 devstack@n-api-meta.service[107029]: DEBUG oslo_concurrency.lockutils [None req-7d2eb992-c48e-4589-b526-bcf0766c1150 None None] Lock "4238441e-eeca-4817-91e0-a1010af63dd8" acquired by "nova.context.set_target_cell..get_or_set_cached_cell_and_set_connections" :: waited 0.000s {{(pid=107029) inner /opt/stack/data/venv/lib/python3.12/site-packages/oslo_concurrency/lockutils.py:525}}
Jul 24 15:32:21.824919 np0000186578 devstack@n-api-meta.service[107028]: DEBUG oslo_db.sqlalchemy.engines [None req-72940c8b-cc19-4eec-9119-5a45e820c6d7 None None] MySQL server mode set to STRICT_TRANS_TABLES,STRICT_ALL_TABLES,NO_ZERO_IN_DATE,NO_ZERO_DATE,ERROR_FOR_DIVISION_BY_ZERO,TRADITIONAL,NO_ENGINE_SUBSTITUTION {{(pid=107028) _check_effective_sql_mode /opt/stack/data/venv/lib/python3.12/site-packages/oslo_db/sqlalchemy/engines.py:325}}
Jul 24 15:32:21.826113 np0000186578 devstack@n-api-meta.service[107029]: DEBUG oslo_concurrency.lockutils [None req-7d2eb992-c48e-4589-b526-bcf0766c1150 None None] Lock "4238441e-eeca-4817-91e0-a1010af63dd8" "released" by "nova.context.set_target_cell..get_or_set_cached_cell_and_set_connections" :: held 0.001s {{(pid=107029) inner /opt/stack/data/venv/lib/python3.12/site-packages/oslo_concurrency/lockutils.py:544}}
Jul 24 15:32:21.829110 np0000186578 devstack@n-api-meta.service[107029]: INFO dbcounter [None req-7d2eb992-c48e-4589-b526-bcf0766c1150 None None] Registered counter for database nova_cell0
Jul 24 15:32:21.829557 np0000186578 devstack@n-api-meta.service[107028]: DEBUG oslo_db.sqlalchemy.engines [None req-72940c8b-cc19-4eec-9119-5a45e820c6d7 None None] MySQL server mode set to STRICT_TRANS_TABLES,STRICT_ALL_TABLES,NO_ZERO_IN_DATE,NO_ZERO_DATE,ERROR_FOR_DIVISION_BY_ZERO,TRADITIONAL,NO_ENGINE_SUBSTITUTION {{(pid=107028) _check_effective_sql_mode /opt/stack/data/venv/lib/python3.12/site-packages/oslo_db/sqlalchemy/engines.py:325}}
Jul 24 15:32:21.835288 np0000186578 devstack@n-api-meta.service[107029]: INFO dbcounter [None req-7d2eb992-c48e-4589-b526-bcf0766c1150 None None] Registered counter for database nova_cell1
Jul 24 15:32:21.852338 np0000186578 devstack@n-api-meta.service[107031]: DEBUG oslo_db.sqlalchemy.engines [None req-fcad387a-6ff2-4ef2-95a9-83db6e6d82ab None None] MySQL server mode set to STRICT_TRANS_TABLES,STRICT_ALL_TABLES,NO_ZERO_IN_DATE,NO_ZERO_DATE,ERROR_FOR_DIVISION_BY_ZERO,TRADITIONAL,NO_ENGINE_SUBSTITUTION {{(pid=107031) _check_effective_sql_mode /opt/stack/data/venv/lib/python3.12/site-packages/oslo_db/sqlalchemy/engines.py:325}}
Jul 24 15:32:21.860036 np0000186578 devstack@n-api-meta.service[107030]: DEBUG dbcounter [-] [107030] Writer thread running {{(pid=107030) stat_writer /opt/stack/data/venv/lib/python3.12/site-packages/dbcounter.py:102}}
Jul 24 15:32:21.868880 np0000186578 devstack@n-api-meta.service[107031]: DEBUG oslo_db.sqlalchemy.engines [None req-fcad387a-6ff2-4ef2-95a9-83db6e6d82ab None None] MySQL server mode set to STRICT_TRANS_TABLES,STRICT_ALL_TABLES,NO_ZERO_IN_DATE,NO_ZERO_DATE,ERROR_FOR_DIVISION_BY_ZERO,TRADITIONAL,NO_ENGINE_SUBSTITUTION {{(pid=107031) _check_effective_sql_mode /opt/stack/data/venv/lib/python3.12/site-packages/oslo_db/sqlalchemy/engines.py:325}}
Jul 24 15:32:21.869307 np0000186578 devstack@n-api-meta.service[107030]: DEBUG dbcounter [-] [107030] Writer thread running {{(pid=107030) stat_writer /opt/stack/data/venv/lib/python3.12/site-packages/dbcounter.py:102}}
Jul 24 15:32:21.875258 np0000186578 devstack@n-api-meta.service[107030]: INFO dbcounter [None req-1cb6cc2b-03f9-4012-8520-5a0ac09ec5af None None] Registered counter for database nova_cell0
Jul 24 15:32:21.909583 np0000186578 devstack@n-api-meta.service[107029]: DEBUG oslo_db.sqlalchemy.engines [None req-7d2eb992-c48e-4589-b526-bcf0766c1150 None None] MySQL server mode set to STRICT_TRANS_TABLES,STRICT_ALL_TABLES,NO_ZERO_IN_DATE,NO_ZERO_DATE,ERROR_FOR_DIVISION_BY_ZERO,TRADITIONAL,NO_ENGINE_SUBSTITUTION {{(pid=107029) _check_effective_sql_mode /opt/stack/data/venv/lib/python3.12/site-packages/oslo_db/sqlalchemy/engines.py:325}}
Jul 24 15:32:21.914653 np0000186578 devstack@n-api-meta.service[107030]: DEBUG oslo_db.sqlalchemy.engines [None req-1cb6cc2b-03f9-4012-8520-5a0ac09ec5af None None] MySQL server mode set to STRICT_TRANS_TABLES,STRICT_ALL_TABLES,NO_ZERO_IN_DATE,NO_ZERO_DATE,ERROR_FOR_DIVISION_BY_ZERO,TRADITIONAL,NO_ENGINE_SUBSTITUTION {{(pid=107030) _check_effective_sql_mode /opt/stack/data/venv/lib/python3.12/site-packages/oslo_db/sqlalchemy/engines.py:325}}
Jul 24 15:32:21.919109 np0000186578 devstack@n-api-meta.service[107028]: DEBUG dbcounter [-] [107028] Writer thread running {{(pid=107028) stat_writer /opt/stack/data/venv/lib/python3.12/site-packages/dbcounter.py:102}}
Jul 24 15:32:21.924647 np0000186578 devstack@n-api-meta.service[107029]: DEBUG oslo_db.sqlalchemy.engines [None req-7d2eb992-c48e-4589-b526-bcf0766c1150 None None] MySQL server mode set to STRICT_TRANS_TABLES,STRICT_ALL_TABLES,NO_ZERO_IN_DATE,NO_ZERO_DATE,ERROR_FOR_DIVISION_BY_ZERO,TRADITIONAL,NO_ENGINE_SUBSTITUTION {{(pid=107029) _check_effective_sql_mode /opt/stack/data/venv/lib/python3.12/site-packages/oslo_db/sqlalchemy/engines.py:325}}
Jul 24 15:32:21.926466 np0000186578 devstack@n-api-meta.service[107030]: DEBUG dbcounter [-] [107030] Writer thread running {{(pid=107030) stat_writer /opt/stack/data/venv/lib/python3.12/site-packages/dbcounter.py:102}}
Jul 24 15:32:21.927402 np0000186578 devstack@n-api-meta.service[107028]: DEBUG dbcounter [-] [107028] Writer thread running {{(pid=107028) stat_writer /opt/stack/data/venv/lib/python3.12/site-packages/dbcounter.py:102}}
Jul 24 15:32:21.934014 np0000186578 devstack@n-api-meta.service[107028]: INFO dbcounter [None req-72940c8b-cc19-4eec-9119-5a45e820c6d7 None None] Registered counter for database nova_cell0
Jul 24 15:32:21.950915 np0000186578 devstack@n-api-meta.service[107031]: DEBUG dbcounter [-] [107031] Writer thread running {{(pid=107031) stat_writer /opt/stack/data/venv/lib/python3.12/site-packages/dbcounter.py:102}}
Jul 24 15:32:21.962523 np0000186578 devstack@n-api-meta.service[107031]: DEBUG dbcounter [-] [107031] Writer thread running {{(pid=107031) stat_writer /opt/stack/data/venv/lib/python3.12/site-packages/dbcounter.py:102}}
Jul 24 15:32:21.967001 np0000186578 devstack@n-api-meta.service[107031]: INFO dbcounter [None req-fcad387a-6ff2-4ef2-95a9-83db6e6d82ab None None] Registered counter for database nova_cell0
Jul 24 15:32:21.978368 np0000186578 devstack@n-api-meta.service[107030]: WARNING nova.api.metadata.handler [None req-1cb6cc2b-03f9-4012-8520-5a0ac09ec5af None None] metadata_proxy_shared_secret is not configured, the metadata information returned by the proxy cannot be trusted
Jul 24 15:32:21.980789 np0000186578 devstack@n-api-meta.service[107030]: DEBUG nova.api.openstack.wsgi_app [None req-1cb6cc2b-03f9-4012-8520-5a0ac09ec5af None None] ******************************************************************************** {{(pid=107030) log_opt_values /opt/stack/data/venv/lib/python3.12/site-packages/oslo_config/cfg.py:3226}}
Jul 24 15:32:21.980908 np0000186578 devstack@n-api-meta.service[107030]: DEBUG nova.api.openstack.wsgi_app [None req-1cb6cc2b-03f9-4012-8520-5a0ac09ec5af None None] Configuration options gathered from: {{(pid=107030) log_opt_values /opt/stack/data/venv/lib/python3.12/site-packages/oslo_config/cfg.py:3227}}
Jul 24 15:32:21.981033 np0000186578 devstack@n-api-meta.service[107030]: DEBUG nova.api.openstack.wsgi_app [None req-1cb6cc2b-03f9-4012-8520-5a0ac09ec5af None None] command line args: [] {{(pid=107030) log_opt_values /opt/stack/data/venv/lib/python3.12/site-packages/oslo_config/cfg.py:3228}}
Jul 24 15:32:21.981190 np0000186578 devstack@n-api-meta.service[107030]: DEBUG nova.api.openstack.wsgi_app [None req-1cb6cc2b-03f9-4012-8520-5a0ac09ec5af None None] config files: ['/etc/nova/api-paste.ini', '/etc/nova/nova.conf'] {{(pid=107030) log_opt_values /opt/stack/data/venv/lib/python3.12/site-packages/oslo_config/cfg.py:3229}}
Jul 24 15:32:21.981297 np0000186578 devstack@n-api-meta.service[107030]: DEBUG nova.api.openstack.wsgi_app [None req-1cb6cc2b-03f9-4012-8520-5a0ac09ec5af None None] ================================================================================ {{(pid=107030) log_opt_values /opt/stack/data/venv/lib/python3.12/site-packages/oslo_config/cfg.py:3234}}
Jul 24 15:32:21.981477 np0000186578 devstack@n-api-meta.service[107030]: DEBUG nova.api.openstack.wsgi_app [None req-1cb6cc2b-03f9-4012-8520-5a0ac09ec5af None None] allow_resize_to_same_host = True {{(pid=107030) log_opt_values /opt/stack/data/venv/lib/python3.12/site-packages/oslo_config/cfg.py:3242}}
Jul 24 15:32:21.981611 np0000186578 devstack@n-api-meta.service[107030]: DEBUG nova.api.openstack.wsgi_app [None req-1cb6cc2b-03f9-4012-8520-5a0ac09ec5af None None] arq_binding_timeout = 300 {{(pid=107030) log_opt_values /opt/stack/data/venv/lib/python3.12/site-packages/oslo_config/cfg.py:3242}}
Jul 24 15:32:21.981745 np0000186578 devstack@n-api-meta.service[107030]: DEBUG nova.api.openstack.wsgi_app [None req-1cb6cc2b-03f9-4012-8520-5a0ac09ec5af None None] block_device_allocate_retries = 60 {{(pid=107030) log_opt_values /opt/stack/data/venv/lib/python3.12/site-packages/oslo_config/cfg.py:3242}}
Jul 24 15:32:21.981898 np0000186578 devstack@n-api-meta.service[107030]: DEBUG nova.api.openstack.wsgi_app [None req-1cb6cc2b-03f9-4012-8520-5a0ac09ec5af None None] block_device_allocate_retries_interval = 3 {{(pid=107030) log_opt_values /opt/stack/data/venv/lib/python3.12/site-packages/oslo_config/cfg.py:3242}}
Jul 24 15:32:21.982034 np0000186578 devstack@n-api-meta.service[107030]: DEBUG nova.api.openstack.wsgi_app [None req-1cb6cc2b-03f9-4012-8520-5a0ac09ec5af None None] cell_worker_thread_pool_size = 5 {{(pid=107030) log_opt_values /opt/stack/data/venv/lib/python3.12/site-packages/oslo_config/cfg.py:3242}}
Jul 24 15:32:21.982101 np0000186578 devstack@n-api-meta.service[107028]: DEBUG oslo_db.sqlalchemy.engines [None req-72940c8b-cc19-4eec-9119-5a45e820c6d7 None None] MySQL server mode set to STRICT_TRANS_TABLES,STRICT_ALL_TABLES,NO_ZERO_IN_DATE,NO_ZERO_DATE,ERROR_FOR_DIVISION_BY_ZERO,TRADITIONAL,NO_ENGINE_SUBSTITUTION {{(pid=107028) _check_effective_sql_mode /opt/stack/data/venv/lib/python3.12/site-packages/oslo_db/sqlalchemy/engines.py:325}}
Jul 24 15:32:21.982172 np0000186578 devstack@n-api-meta.service[107030]: DEBUG nova.api.openstack.wsgi_app [None req-1cb6cc2b-03f9-4012-8520-5a0ac09ec5af None None] cert = self.pem {{(pid=107030) log_opt_values /opt/stack/data/venv/lib/python3.12/site-packages/oslo_config/cfg.py:3242}}
Jul 24 15:32:21.982304 np0000186578 devstack@n-api-meta.service[107030]: DEBUG nova.api.openstack.wsgi_app [None req-1cb6cc2b-03f9-4012-8520-5a0ac09ec5af None None] compute_driver = libvirt.LibvirtDriver {{(pid=107030) log_opt_values /opt/stack/data/venv/lib/python3.12/site-packages/oslo_config/cfg.py:3242}}
Jul 24 15:32:21.982438 np0000186578 devstack@n-api-meta.service[107030]: DEBUG nova.api.openstack.wsgi_app [None req-1cb6cc2b-03f9-4012-8520-5a0ac09ec5af None None] compute_monitors = [] {{(pid=107030) log_opt_values /opt/stack/data/venv/lib/python3.12/site-packages/oslo_config/cfg.py:3242}}
Jul 24 15:32:21.982582 np0000186578 devstack@n-api-meta.service[107030]: DEBUG nova.api.openstack.wsgi_app [None req-1cb6cc2b-03f9-4012-8520-5a0ac09ec5af None None] concurrency_backend = auto {{(pid=107030) log_opt_values /opt/stack/data/venv/lib/python3.12/site-packages/oslo_config/cfg.py:3242}}
Jul 24 15:32:21.982715 np0000186578 devstack@n-api-meta.service[107030]: DEBUG nova.api.openstack.wsgi_app [None req-1cb6cc2b-03f9-4012-8520-5a0ac09ec5af None None] config_dir = [] {{(pid=107030) log_opt_values /opt/stack/data/venv/lib/python3.12/site-packages/oslo_config/cfg.py:3242}}
Jul 24 15:32:21.982870 np0000186578 devstack@n-api-meta.service[107030]: DEBUG nova.api.openstack.wsgi_app [None req-1cb6cc2b-03f9-4012-8520-5a0ac09ec5af None None] config_drive_format = iso9660 {{(pid=107030) log_opt_values /opt/stack/data/venv/lib/python3.12/site-packages/oslo_config/cfg.py:3242}}
Jul 24 15:32:21.982976 np0000186578 devstack@n-api-meta.service[107030]: DEBUG nova.api.openstack.wsgi_app [None req-1cb6cc2b-03f9-4012-8520-5a0ac09ec5af None None] config_file = ['/etc/nova/api-paste.ini', '/etc/nova/nova.conf'] {{(pid=107030) log_opt_values /opt/stack/data/venv/lib/python3.12/site-packages/oslo_config/cfg.py:3242}}
Jul 24 15:32:21.983107 np0000186578 devstack@n-api-meta.service[107030]: DEBUG nova.api.openstack.wsgi_app [None req-1cb6cc2b-03f9-4012-8520-5a0ac09ec5af None None] config_source = [] {{(pid=107030) log_opt_values /opt/stack/data/venv/lib/python3.12/site-packages/oslo_config/cfg.py:3242}}
Jul 24 15:32:21.983243 np0000186578 devstack@n-api-meta.service[107030]: DEBUG nova.api.openstack.wsgi_app [None req-1cb6cc2b-03f9-4012-8520-5a0ac09ec5af None None] console_host = np0000186578 {{(pid=107030) log_opt_values /opt/stack/data/venv/lib/python3.12/site-packages/oslo_config/cfg.py:3242}}
Jul 24 15:32:21.983378 np0000186578 devstack@n-api-meta.service[107030]: DEBUG nova.api.openstack.wsgi_app [None req-1cb6cc2b-03f9-4012-8520-5a0ac09ec5af None None] control_exchange = nova {{(pid=107030) log_opt_values /opt/stack/data/venv/lib/python3.12/site-packages/oslo_config/cfg.py:3242}}
Jul 24 15:32:21.983506 np0000186578 devstack@n-api-meta.service[107030]: DEBUG nova.api.openstack.wsgi_app [None req-1cb6cc2b-03f9-4012-8520-5a0ac09ec5af None None] cpu_allocation_ratio = None {{(pid=107030) log_opt_values /opt/stack/data/venv/lib/python3.12/site-packages/oslo_config/cfg.py:3242}}
Jul 24 15:32:21.983638 np0000186578 devstack@n-api-meta.service[107030]: DEBUG nova.api.openstack.wsgi_app [None req-1cb6cc2b-03f9-4012-8520-5a0ac09ec5af None None] daemon = False {{(pid=107030) log_opt_values /opt/stack/data/venv/lib/python3.12/site-packages/oslo_config/cfg.py:3242}}
Jul 24 15:32:21.983795 np0000186578 devstack@n-api-meta.service[107030]: DEBUG nova.api.openstack.wsgi_app [None req-1cb6cc2b-03f9-4012-8520-5a0ac09ec5af None None] debug = True {{(pid=107030) log_opt_values /opt/stack/data/venv/lib/python3.12/site-packages/oslo_config/cfg.py:3242}}
Jul 24 15:32:21.983924 np0000186578 devstack@n-api-meta.service[107030]: DEBUG nova.api.openstack.wsgi_app [None req-1cb6cc2b-03f9-4012-8520-5a0ac09ec5af None None] default_access_ip_network_name = None {{(pid=107030) log_opt_values /opt/stack/data/venv/lib/python3.12/site-packages/oslo_config/cfg.py:3242}}
Jul 24 15:32:21.984060 np0000186578 devstack@n-api-meta.service[107030]: DEBUG nova.api.openstack.wsgi_app [None req-1cb6cc2b-03f9-4012-8520-5a0ac09ec5af None None] default_availability_zone = nova {{(pid=107030) log_opt_values /opt/stack/data/venv/lib/python3.12/site-packages/oslo_config/cfg.py:3242}}
Jul 24 15:32:21.984204 np0000186578 devstack@n-api-meta.service[107030]: DEBUG nova.api.openstack.wsgi_app [None req-1cb6cc2b-03f9-4012-8520-5a0ac09ec5af None None] default_ephemeral_format = ext4 {{(pid=107030) log_opt_values /opt/stack/data/venv/lib/python3.12/site-packages/oslo_config/cfg.py:3242}}
Jul 24 15:32:21.984324 np0000186578 devstack@n-api-meta.service[107030]: DEBUG nova.api.openstack.wsgi_app [None req-1cb6cc2b-03f9-4012-8520-5a0ac09ec5af None None] default_green_pool_size = 1000 {{(pid=107030) log_opt_values /opt/stack/data/venv/lib/python3.12/site-packages/oslo_config/cfg.py:3242}}
Jul 24 15:32:21.984550 np0000186578 devstack@n-api-meta.service[107030]: DEBUG nova.api.openstack.wsgi_app [None req-1cb6cc2b-03f9-4012-8520-5a0ac09ec5af None None] default_log_levels = ['amqp=WARN', 'boto=WARN', 'sqlalchemy=WARN', 'suds=INFO', 'oslo.messaging=INFO', 'oslo_messaging=INFO', 'iso8601=WARN', 'requests.packages.urllib3.connectionpool=WARN', 'urllib3.connectionpool=WARN', 'websocket=WARN', 'requests.packages.urllib3.util.retry=WARN', 'urllib3.util.retry=WARN', 'keystonemiddleware=WARN', 'routes.middleware=WARN', 'stevedore=WARN', 'taskflow=WARN', 'keystoneauth=WARN', 'oslo.cache=INFO', 'oslo_policy=INFO', 'dogpile.core.dogpile=INFO', 'glanceclient=WARN', 'oslo.privsep.daemon=INFO'] {{(pid=107030) log_opt_values /opt/stack/data/venv/lib/python3.12/site-packages/oslo_config/cfg.py:3242}}
Jul 24 15:32:21.984708 np0000186578 devstack@n-api-meta.service[107030]: DEBUG nova.api.openstack.wsgi_app [None req-1cb6cc2b-03f9-4012-8520-5a0ac09ec5af None None] default_schedule_zone = None {{(pid=107030) log_opt_values /opt/stack/data/venv/lib/python3.12/site-packages/oslo_config/cfg.py:3242}}
Jul 24 15:32:21.984847 np0000186578 devstack@n-api-meta.service[107030]: DEBUG nova.api.openstack.wsgi_app [None req-1cb6cc2b-03f9-4012-8520-5a0ac09ec5af None None] default_thread_pool_size = 10 {{(pid=107030) log_opt_values /opt/stack/data/venv/lib/python3.12/site-packages/oslo_config/cfg.py:3242}}
Jul 24 15:32:21.984965 np0000186578 devstack@n-api-meta.service[107030]: DEBUG nova.api.openstack.wsgi_app [None req-1cb6cc2b-03f9-4012-8520-5a0ac09ec5af None None] disk_allocation_ratio = None {{(pid=107030) log_opt_values /opt/stack/data/venv/lib/python3.12/site-packages/oslo_config/cfg.py:3242}}
Jul 24 15:32:21.985088 np0000186578 devstack@n-api-meta.service[107030]: DEBUG nova.api.openstack.wsgi_app [None req-1cb6cc2b-03f9-4012-8520-5a0ac09ec5af None None] enable_new_services = True {{(pid=107030) log_opt_values /opt/stack/data/venv/lib/python3.12/site-packages/oslo_config/cfg.py:3242}}
Jul 24 15:32:21.985228 np0000186578 devstack@n-api-meta.service[107030]: DEBUG nova.api.openstack.wsgi_app [None req-1cb6cc2b-03f9-4012-8520-5a0ac09ec5af None None] flat_injected = False {{(pid=107030) log_opt_values /opt/stack/data/venv/lib/python3.12/site-packages/oslo_config/cfg.py:3242}}
Jul 24 15:32:21.985346 np0000186578 devstack@n-api-meta.service[107030]: DEBUG nova.api.openstack.wsgi_app [None req-1cb6cc2b-03f9-4012-8520-5a0ac09ec5af None None] force_config_drive = False {{(pid=107030) log_opt_values /opt/stack/data/venv/lib/python3.12/site-packages/oslo_config/cfg.py:3242}}
Jul 24 15:32:21.985495 np0000186578 devstack@n-api-meta.service[107030]: DEBUG nova.api.openstack.wsgi_app [None req-1cb6cc2b-03f9-4012-8520-5a0ac09ec5af None None] force_raw_images = True {{(pid=107030) log_opt_values /opt/stack/data/venv/lib/python3.12/site-packages/oslo_config/cfg.py:3242}}
Jul 24 15:32:21.985636 np0000186578 devstack@n-api-meta.service[107030]: DEBUG nova.api.openstack.wsgi_app [None req-1cb6cc2b-03f9-4012-8520-5a0ac09ec5af None None] graceful_shutdown_timeout = 5 {{(pid=107030) log_opt_values /opt/stack/data/venv/lib/python3.12/site-packages/oslo_config/cfg.py:3242}}
Jul 24 15:32:21.985830 np0000186578 devstack@n-api-meta.service[107030]: DEBUG nova.api.openstack.wsgi_app [None req-1cb6cc2b-03f9-4012-8520-5a0ac09ec5af None None] heal_instance_info_cache_interval = -1 {{(pid=107030) log_opt_values /opt/stack/data/venv/lib/python3.12/site-packages/oslo_config/cfg.py:3242}}
Jul 24 15:32:21.986101 np0000186578 devstack@n-api-meta.service[107030]: DEBUG nova.api.openstack.wsgi_app [None req-1cb6cc2b-03f9-4012-8520-5a0ac09ec5af None None] host = np0000186578 {{(pid=107030) log_opt_values /opt/stack/data/venv/lib/python3.12/site-packages/oslo_config/cfg.py:3242}}
Jul 24 15:32:21.986320 np0000186578 devstack@n-api-meta.service[107030]: DEBUG nova.api.openstack.wsgi_app [None req-1cb6cc2b-03f9-4012-8520-5a0ac09ec5af None None] initial_cpu_allocation_ratio = 4.0 {{(pid=107030) log_opt_values /opt/stack/data/venv/lib/python3.12/site-packages/oslo_config/cfg.py:3242}}
Jul 24 15:32:21.986573 np0000186578 devstack@n-api-meta.service[107030]: DEBUG nova.api.openstack.wsgi_app [None req-1cb6cc2b-03f9-4012-8520-5a0ac09ec5af None None] initial_disk_allocation_ratio = 1.0 {{(pid=107030) log_opt_values /opt/stack/data/venv/lib/python3.12/site-packages/oslo_config/cfg.py:3242}}
Jul 24 15:32:21.986715 np0000186578 devstack@n-api-meta.service[107030]: DEBUG nova.api.openstack.wsgi_app [None req-1cb6cc2b-03f9-4012-8520-5a0ac09ec5af None None] initial_ram_allocation_ratio = 1.0 {{(pid=107030) log_opt_values /opt/stack/data/venv/lib/python3.12/site-packages/oslo_config/cfg.py:3242}}
Jul 24 15:32:21.986972 np0000186578 devstack@n-api-meta.service[107030]: DEBUG nova.api.openstack.wsgi_app [None req-1cb6cc2b-03f9-4012-8520-5a0ac09ec5af None None] injected_network_template = /opt/stack/nova/nova/virt/interfaces.template {{(pid=107030) log_opt_values /opt/stack/data/venv/lib/python3.12/site-packages/oslo_config/cfg.py:3242}}
Jul 24 15:32:21.987101 np0000186578 devstack@n-api-meta.service[107030]: DEBUG nova.api.openstack.wsgi_app [None req-1cb6cc2b-03f9-4012-8520-5a0ac09ec5af None None] instance_build_timeout = 0 {{(pid=107030) log_opt_values /opt/stack/data/venv/lib/python3.12/site-packages/oslo_config/cfg.py:3242}}
Jul 24 15:32:21.987232 np0000186578 devstack@n-api-meta.service[107030]: DEBUG nova.api.openstack.wsgi_app [None req-1cb6cc2b-03f9-4012-8520-5a0ac09ec5af None None] instance_delete_interval = 300 {{(pid=107030) log_opt_values /opt/stack/data/venv/lib/python3.12/site-packages/oslo_config/cfg.py:3242}}
Jul 24 15:32:21.987378 np0000186578 devstack@n-api-meta.service[107030]: DEBUG nova.api.openstack.wsgi_app [None req-1cb6cc2b-03f9-4012-8520-5a0ac09ec5af None None] instance_format = [instance: %(uuid)s] {{(pid=107030) log_opt_values /opt/stack/data/venv/lib/python3.12/site-packages/oslo_config/cfg.py:3242}}
Jul 24 15:32:21.987510 np0000186578 devstack@n-api-meta.service[107030]: DEBUG nova.api.openstack.wsgi_app [None req-1cb6cc2b-03f9-4012-8520-5a0ac09ec5af None None] instance_name_template = instance-%08x {{(pid=107030) log_opt_values /opt/stack/data/venv/lib/python3.12/site-packages/oslo_config/cfg.py:3242}}
Jul 24 15:32:21.987638 np0000186578 devstack@n-api-meta.service[107030]: DEBUG nova.api.openstack.wsgi_app [None req-1cb6cc2b-03f9-4012-8520-5a0ac09ec5af None None] instance_usage_audit = False {{(pid=107030) log_opt_values /opt/stack/data/venv/lib/python3.12/site-packages/oslo_config/cfg.py:3242}}
Jul 24 15:32:21.987799 np0000186578 devstack@n-api-meta.service[107030]: DEBUG nova.api.openstack.wsgi_app [None req-1cb6cc2b-03f9-4012-8520-5a0ac09ec5af None None] instance_usage_audit_period = month {{(pid=107030) log_opt_values /opt/stack/data/venv/lib/python3.12/site-packages/oslo_config/cfg.py:3242}}
Jul 24 15:32:21.987934 np0000186578 devstack@n-api-meta.service[107030]: DEBUG nova.api.openstack.wsgi_app [None req-1cb6cc2b-03f9-4012-8520-5a0ac09ec5af None None] instance_uuid_format = [instance: %(uuid)s] {{(pid=107030) log_opt_values /opt/stack/data/venv/lib/python3.12/site-packages/oslo_config/cfg.py:3242}}
Jul 24 15:32:21.988149 np0000186578 devstack@n-api-meta.service[107030]: DEBUG nova.api.openstack.wsgi_app [None req-1cb6cc2b-03f9-4012-8520-5a0ac09ec5af None None] instances_path = /opt/stack/data/nova/instances {{(pid=107030) log_opt_values /opt/stack/data/venv/lib/python3.12/site-packages/oslo_config/cfg.py:3242}}
Jul 24 15:32:21.988376 np0000186578 devstack@n-api-meta.service[107030]: DEBUG nova.api.openstack.wsgi_app [None req-1cb6cc2b-03f9-4012-8520-5a0ac09ec5af None None] internal_service_availability_zone = internal {{(pid=107030) log_opt_values /opt/stack/data/venv/lib/python3.12/site-packages/oslo_config/cfg.py:3242}}
Jul 24 15:32:21.988562 np0000186578 devstack@n-api-meta.service[107030]: DEBUG nova.api.openstack.wsgi_app [None req-1cb6cc2b-03f9-4012-8520-5a0ac09ec5af None None] key = None {{(pid=107030) log_opt_values /opt/stack/data/venv/lib/python3.12/site-packages/oslo_config/cfg.py:3242}}
Jul 24 15:32:21.988752 np0000186578 devstack@n-api-meta.service[107030]: DEBUG nova.api.openstack.wsgi_app [None req-1cb6cc2b-03f9-4012-8520-5a0ac09ec5af None None] live_migration_retry_count = 30 {{(pid=107030) log_opt_values /opt/stack/data/venv/lib/python3.12/site-packages/oslo_config/cfg.py:3242}}
Jul 24 15:32:21.988909 np0000186578 devstack@n-api-meta.service[107030]: DEBUG nova.api.openstack.wsgi_app [None req-1cb6cc2b-03f9-4012-8520-5a0ac09ec5af None None] log_color = False {{(pid=107030) log_opt_values /opt/stack/data/venv/lib/python3.12/site-packages/oslo_config/cfg.py:3242}}
Jul 24 15:32:21.989045 np0000186578 devstack@n-api-meta.service[107030]: DEBUG nova.api.openstack.wsgi_app [None req-1cb6cc2b-03f9-4012-8520-5a0ac09ec5af None None] log_config_append = None {{(pid=107030) log_opt_values /opt/stack/data/venv/lib/python3.12/site-packages/oslo_config/cfg.py:3242}}
Jul 24 15:32:21.989180 np0000186578 devstack@n-api-meta.service[107030]: DEBUG nova.api.openstack.wsgi_app [None req-1cb6cc2b-03f9-4012-8520-5a0ac09ec5af None None] log_date_format = %Y-%m-%d %H:%M:%S {{(pid=107030) log_opt_values /opt/stack/data/venv/lib/python3.12/site-packages/oslo_config/cfg.py:3242}}
Jul 24 15:32:21.989311 np0000186578 devstack@n-api-meta.service[107030]: DEBUG nova.api.openstack.wsgi_app [None req-1cb6cc2b-03f9-4012-8520-5a0ac09ec5af None None] log_dir = None {{(pid=107030) log_opt_values /opt/stack/data/venv/lib/python3.12/site-packages/oslo_config/cfg.py:3242}}
Jul 24 15:32:21.989438 np0000186578 devstack@n-api-meta.service[107030]: DEBUG nova.api.openstack.wsgi_app [None req-1cb6cc2b-03f9-4012-8520-5a0ac09ec5af None None] log_file = None {{(pid=107030) log_opt_values /opt/stack/data/venv/lib/python3.12/site-packages/oslo_config/cfg.py:3242}}
Jul 24 15:32:21.989541 np0000186578 devstack@n-api-meta.service[107030]: DEBUG nova.api.openstack.wsgi_app [None req-1cb6cc2b-03f9-4012-8520-5a0ac09ec5af None None] log_options = True {{(pid=107030) log_opt_values /opt/stack/data/venv/lib/python3.12/site-packages/oslo_config/cfg.py:3242}}
Jul 24 15:32:21.989671 np0000186578 devstack@n-api-meta.service[107030]: DEBUG nova.api.openstack.wsgi_app [None req-1cb6cc2b-03f9-4012-8520-5a0ac09ec5af None None] log_rotate_interval = 1 {{(pid=107030) log_opt_values /opt/stack/data/venv/lib/python3.12/site-packages/oslo_config/cfg.py:3242}}
Jul 24 15:32:21.989827 np0000186578 devstack@n-api-meta.service[107030]: DEBUG nova.api.openstack.wsgi_app [None req-1cb6cc2b-03f9-4012-8520-5a0ac09ec5af None None] log_rotate_interval_type = days {{(pid=107030) log_opt_values /opt/stack/data/venv/lib/python3.12/site-packages/oslo_config/cfg.py:3242}}
Jul 24 15:32:21.989961 np0000186578 devstack@n-api-meta.service[107030]: DEBUG nova.api.openstack.wsgi_app [None req-1cb6cc2b-03f9-4012-8520-5a0ac09ec5af None None] log_rotation_type = none {{(pid=107030) log_opt_values /opt/stack/data/venv/lib/python3.12/site-packages/oslo_config/cfg.py:3242}}
Jul 24 15:32:21.990067 np0000186578 devstack@n-api-meta.service[107030]: DEBUG nova.api.openstack.wsgi_app [None req-1cb6cc2b-03f9-4012-8520-5a0ac09ec5af None None] logging_context_format_string = %(color)s%(levelname)s %(name)s [%(global_request_id)s %(request_id)s %(project_name)s %(user_name)s%(color)s] %(instance)s%(color)s%(message)s {{(pid=107030) log_opt_values /opt/stack/data/venv/lib/python3.12/site-packages/oslo_config/cfg.py:3242}}
Jul 24 15:32:21.990167 np0000186578 devstack@n-api-meta.service[107030]: DEBUG nova.api.openstack.wsgi_app [None req-1cb6cc2b-03f9-4012-8520-5a0ac09ec5af None None] logging_debug_format_suffix = {{(pid=%(process)d) %(funcName)s %(pathname)s:%(lineno)d}} {{(pid=107030) log_opt_values /opt/stack/data/venv/lib/python3.12/site-packages/oslo_config/cfg.py:3242}}
Jul 24 15:32:21.990303 np0000186578 devstack@n-api-meta.service[107030]: DEBUG nova.api.openstack.wsgi_app [None req-1cb6cc2b-03f9-4012-8520-5a0ac09ec5af None None] logging_default_format_string = %(color)s%(levelname)s %(name)s [-%(color)s] %(instance)s%(color)s%(message)s {{(pid=107030) log_opt_values /opt/stack/data/venv/lib/python3.12/site-packages/oslo_config/cfg.py:3242}}
Jul 24 15:32:21.990436 np0000186578 devstack@n-api-meta.service[107030]: DEBUG nova.api.openstack.wsgi_app [None req-1cb6cc2b-03f9-4012-8520-5a0ac09ec5af None None] logging_exception_prefix = ERROR %(name)s %(instance)s {{(pid=107030) log_opt_values /opt/stack/data/venv/lib/python3.12/site-packages/oslo_config/cfg.py:3242}}
Jul 24 15:32:21.990539 np0000186578 devstack@n-api-meta.service[107030]: DEBUG nova.api.openstack.wsgi_app [None req-1cb6cc2b-03f9-4012-8520-5a0ac09ec5af None None] logging_user_identity_format = %(user)s %(project)s %(domain)s %(system_scope)s %(user_domain)s %(project_domain)s {{(pid=107030) log_opt_values /opt/stack/data/venv/lib/python3.12/site-packages/oslo_config/cfg.py:3242}}
Jul 24 15:32:21.990666 np0000186578 devstack@n-api-meta.service[107030]: DEBUG nova.api.openstack.wsgi_app [None req-1cb6cc2b-03f9-4012-8520-5a0ac09ec5af None None] long_rpc_timeout = 1800 {{(pid=107030) log_opt_values /opt/stack/data/venv/lib/python3.12/site-packages/oslo_config/cfg.py:3242}}
