May 09 01:33:43.352913 np0000172843 systemd[1]: Starting devstack@n-api-meta.service - Devstack devstack@n-api-meta.service...
May 09 01:33:43.359989 np0000172843 devstack@n-api-meta.service[108359]: [uWSGI] getting INI configuration from /etc/nova/nova-metadata-uwsgi.ini
May 09 01:33:43.362660 np0000172843 devstack@n-api-meta.service[108359]: *** Starting uWSGI 2.0.24-debian (64bit) on [Sat May 9 01:33:43 2026] ***
May 09 01:33:43.362660 np0000172843 devstack@n-api-meta.service[108359]: compiled with version: 13.2.0 on 17 April 2024 16:23:48
May 09 01:33:43.362660 np0000172843 devstack@n-api-meta.service[108359]: os: Linux-6.8.0-111-generic #111-Ubuntu SMP PREEMPT_DYNAMIC Sat Apr 11 23:16:02 UTC 2026
May 09 01:33:43.362660 np0000172843 devstack@n-api-meta.service[108359]: nodename: np0000172843
May 09 01:33:43.362660 np0000172843 devstack@n-api-meta.service[108359]: machine: x86_64
May 09 01:33:43.362660 np0000172843 devstack@n-api-meta.service[108359]: clock source: unix
May 09 01:33:43.362660 np0000172843 devstack@n-api-meta.service[108359]: pcre jit disabled
May 09 01:33:43.362660 np0000172843 devstack@n-api-meta.service[108359]: detected number of CPU cores: 16
May 09 01:33:43.362660 np0000172843 devstack@n-api-meta.service[108359]: current working directory: /
May 09 01:33:43.362660 np0000172843 devstack@n-api-meta.service[108359]: detected binary path: /usr/bin/uwsgi-core
May 09 01:33:43.362660 np0000172843 devstack@n-api-meta.service[108359]: your processes number limit is 256917
May 09 01:33:43.362660 np0000172843 devstack@n-api-meta.service[108359]: your memory page size is 4096 bytes
May 09 01:33:43.362660 np0000172843 devstack@n-api-meta.service[108359]: detected max file descriptor number: 2048
May 09 01:33:43.362660 np0000172843 devstack@n-api-meta.service[108359]: lock engine: pthread robust mutexes
May 09 01:33:43.363429 np0000172843 devstack@n-api-meta.service[108359]: thunder lock: enabled
May 09 01:33:43.363429 np0000172843 devstack@n-api-meta.service[108359]: uWSGI http bound on 0.0.0.0:8775 fd 5
May 09 01:33:43.363429 np0000172843 devstack@n-api-meta.service[108359]: uwsgi socket 0 bound to TCP address 127.0.0.1:44203 (port auto-assigned) fd 4
May 09 01:33:43.363429 np0000172843 devstack@n-api-meta.service[108359]: Python version: 3.12.3 (main, Mar 23 2026, 19:04:32) [GCC 13.3.0]
May 09 01:33:43.363429 np0000172843 devstack@n-api-meta.service[108359]: PEP 405 virtualenv detected: /opt/stack/data/venv
May 09 01:33:43.363429 np0000172843 devstack@n-api-meta.service[108359]: Set PythonHome to /opt/stack/data/venv
May 09 01:33:43.397809 np0000172843 devstack@n-api-meta.service[108359]: Python main interpreter initialized at 0x7260728a3668
May 09 01:33:43.397809 np0000172843 devstack@n-api-meta.service[108359]: python threads support enabled
May 09 01:33:43.397809 np0000172843 devstack@n-api-meta.service[108359]: your server socket listen backlog is limited to 100 connections
May 09 01:33:43.397809 np0000172843 devstack@n-api-meta.service[108359]: your mercy for graceful operations on workers is 80 seconds
May 09 01:33:43.398362 np0000172843 devstack@n-api-meta.service[108359]: mapped 671795 bytes (656 KB) for 4 cores
May 09 01:33:43.398700 np0000172843 devstack@n-api-meta.service[108359]: *** Operational MODE: preforking ***
May 09 01:33:43.398923 np0000172843 devstack@n-api-meta.service[108359]: *** uWSGI is running in multiple interpreter mode ***
May 09 01:33:43.398923 np0000172843 devstack@n-api-meta.service[108359]: spawned uWSGI master process (pid: 108359)
May 09 01:33:43.399056 np0000172843 systemd[1]: Started devstack@n-api-meta.service - Devstack devstack@n-api-meta.service.
May 09 01:33:43.399729 np0000172843 devstack@n-api-meta.service[108359]: spawned uWSGI worker 1 (pid: 108360, cores: 1)
May 09 01:33:43.400557 np0000172843 devstack@n-api-meta.service[108359]: spawned uWSGI worker 2 (pid: 108361, cores: 1)
May 09 01:33:43.401134 np0000172843 devstack@n-api-meta.service[108359]: spawned uWSGI worker 3 (pid: 108362, cores: 1)
May 09 01:33:43.401827 np0000172843 devstack@n-api-meta.service[108359]: spawned uWSGI worker 4 (pid: 108363, cores: 1)
May 09 01:33:43.402285 np0000172843 devstack@n-api-meta.service[108359]: spawned uWSGI http 1 (pid: 108364)
May 09 01:33:43.402285 np0000172843 devstack@n-api-meta.service[108359]: running "unix_signal:15 gracefully_kill_them_all" (master-start)...
May 09 01:33:43.702004 np0000172843 devstack@n-api-meta.service[108361]: /opt/stack/data/venv/lib/python3.12/site-packages/oslo_concurrency/lockutils.py:41: EventletDeprecationWarning:
May 09 01:33:43.702004 np0000172843 devstack@n-api-meta.service[108361]: Eventlet is deprecated. It is currently being maintained in bugfix mode, and
May 09 01:33:43.702004 np0000172843 devstack@n-api-meta.service[108361]: we strongly recommend against using it for new projects.
May 09 01:33:43.702004 np0000172843 devstack@n-api-meta.service[108361]: If you are already using Eventlet, we recommend migrating to a different
May 09 01:33:43.702004 np0000172843 devstack@n-api-meta.service[108361]: framework. For more detail see
May 09 01:33:43.702004 np0000172843 devstack@n-api-meta.service[108361]: https://eventlet.readthedocs.io/en/latest/asyncio/migration.html
May 09 01:33:43.702004 np0000172843 devstack@n-api-meta.service[108361]: import eventlet
May 09 01:33:43.703251 np0000172843 devstack@n-api-meta.service[108362]: /opt/stack/data/venv/lib/python3.12/site-packages/oslo_concurrency/lockutils.py:41: EventletDeprecationWarning:
May 09 01:33:43.703251 np0000172843 devstack@n-api-meta.service[108362]: Eventlet is deprecated. It is currently being maintained in bugfix mode, and
May 09 01:33:43.703251 np0000172843 devstack@n-api-meta.service[108362]: we strongly recommend against using it for new projects.
May 09 01:33:43.703251 np0000172843 devstack@n-api-meta.service[108362]: If you are already using Eventlet, we recommend migrating to a different
May 09 01:33:43.703251 np0000172843 devstack@n-api-meta.service[108362]: framework. For more detail see
May 09 01:33:43.703251 np0000172843 devstack@n-api-meta.service[108362]: https://eventlet.readthedocs.io/en/latest/asyncio/migration.html
May 09 01:33:43.703251 np0000172843 devstack@n-api-meta.service[108362]: import eventlet
May 09 01:33:43.708645 np0000172843 devstack@n-api-meta.service[108363]: /opt/stack/data/venv/lib/python3.12/site-packages/oslo_concurrency/lockutils.py:41: EventletDeprecationWarning:
May 09 01:33:43.708645 np0000172843 devstack@n-api-meta.service[108363]: Eventlet is deprecated. It is currently being maintained in bugfix mode, and
May 09 01:33:43.708645 np0000172843 devstack@n-api-meta.service[108363]: we strongly recommend against using it for new projects.
May 09 01:33:43.708645 np0000172843 devstack@n-api-meta.service[108363]: If you are already using Eventlet, we recommend migrating to a different
May 09 01:33:43.708645 np0000172843 devstack@n-api-meta.service[108363]: framework. For more detail see
May 09 01:33:43.708645 np0000172843 devstack@n-api-meta.service[108363]: https://eventlet.readthedocs.io/en/latest/asyncio/migration.html
May 09 01:33:43.708645 np0000172843 devstack@n-api-meta.service[108363]: import eventlet
May 09 01:33:43.747518 np0000172843 devstack@n-api-meta.service[108362]: Service is starting with native threading. This is currently experimental. Do not use it in production without first testing it in pre-production.
May 09 01:33:43.748766 np0000172843 devstack@n-api-meta.service[108361]: Service is starting with native threading. This is currently experimental. Do not use it in production without first testing it in pre-production.
May 09 01:33:43.754240 np0000172843 devstack@n-api-meta.service[108363]: Service is starting with native threading. This is currently experimental. Do not use it in production without first testing it in pre-production.
May 09 01:33:43.796497 np0000172843 devstack@n-api-meta.service[108360]: /opt/stack/data/venv/lib/python3.12/site-packages/oslo_concurrency/lockutils.py:41: EventletDeprecationWarning:
May 09 01:33:43.796497 np0000172843 devstack@n-api-meta.service[108360]: Eventlet is deprecated. It is currently being maintained in bugfix mode, and
May 09 01:33:43.796497 np0000172843 devstack@n-api-meta.service[108360]: we strongly recommend against using it for new projects.
May 09 01:33:43.796497 np0000172843 devstack@n-api-meta.service[108360]: If you are already using Eventlet, we recommend migrating to a different
May 09 01:33:43.796497 np0000172843 devstack@n-api-meta.service[108360]: framework. For more detail see
May 09 01:33:43.796497 np0000172843 devstack@n-api-meta.service[108360]: https://eventlet.readthedocs.io/en/latest/asyncio/migration.html
May 09 01:33:43.796497 np0000172843 devstack@n-api-meta.service[108360]: import eventlet
May 09 01:33:43.843999 np0000172843 devstack@n-api-meta.service[108360]: Service is starting with native threading. This is currently experimental. Do not use it in production without first testing it in pre-production.
May 09 01:33:45.116000 np0000172843 devstack@n-api-meta.service[108362]: INFO dbcounter [None req-83c4bb73-4c76-4435-92cb-d0b38378db69 None None] Registered counter for database nova_api
May 09 01:33:45.134562 np0000172843 devstack@n-api-meta.service[108362]: DEBUG oslo_db.sqlalchemy.engines [None req-83c4bb73-4c76-4435-92cb-d0b38378db69 None None] MySQL server mode set to STRICT_TRANS_TABLES,STRICT_ALL_TABLES,NO_ZERO_IN_DATE,NO_ZERO_DATE,ERROR_FOR_DIVISION_BY_ZERO,TRADITIONAL,NO_ENGINE_SUBSTITUTION {{(pid=108362) _check_effective_sql_mode /opt/stack/data/venv/lib/python3.12/site-packages/oslo_db/sqlalchemy/engines.py:325}}
May 09 01:33:45.155490 np0000172843 devstack@n-api-meta.service[108363]: INFO dbcounter [None req-df2e35ae-414c-4c39-9f77-210e12f430d1 None None] Registered counter for database nova_api
May 09 01:33:45.165901 np0000172843 devstack@n-api-meta.service[108361]: INFO dbcounter [None req-449596b3-191e-4528-b2bc-0ba843286c8c None None] Registered counter for database nova_api
May 09 01:33:45.170405 np0000172843 devstack@n-api-meta.service[108362]: DEBUG dbcounter [-] [108362] Writer thread running {{(pid=108362) stat_writer /opt/stack/data/venv/lib/python3.12/site-packages/dbcounter.py:102}}
May 09 01:33:45.171704 np0000172843 devstack@n-api-meta.service[108362]: DEBUG nova.context [None req-83c4bb73-4c76-4435-92cb-d0b38378db69 None None] Found 2 cells: 00000000-0000-0000-0000-000000000000(cell0),f3c648fd-d79c-4e5c-a3c0-f3a354406c34(cell1) {{(pid=108362) load_cells /opt/stack/nova/nova/context.py:509}}
May 09 01:33:45.171909 np0000172843 devstack@n-api-meta.service[108362]: INFO nova.utils [None req-83c4bb73-4c76-4435-92cb-d0b38378db69 None None] The cell worker thread pool MainProcess.cell_worker is initialized
May 09 01:33:45.173039 np0000172843 devstack@n-api-meta.service[108363]: DEBUG oslo_db.sqlalchemy.engines [None req-df2e35ae-414c-4c39-9f77-210e12f430d1 None None] MySQL server mode set to STRICT_TRANS_TABLES,STRICT_ALL_TABLES,NO_ZERO_IN_DATE,NO_ZERO_DATE,ERROR_FOR_DIVISION_BY_ZERO,TRADITIONAL,NO_ENGINE_SUBSTITUTION {{(pid=108363) _check_effective_sql_mode /opt/stack/data/venv/lib/python3.12/site-packages/oslo_db/sqlalchemy/engines.py:325}}
May 09 01:33:45.173914 np0000172843 devstack@n-api-meta.service[108362]: DEBUG oslo_concurrency.lockutils [None req-83c4bb73-4c76-4435-92cb-d0b38378db69 None None] Acquiring lock "00000000-0000-0000-0000-000000000000" by "nova.context.set_target_cell..get_or_set_cached_cell_and_set_connections" {{(pid=108362) inner /opt/stack/data/venv/lib/python3.12/site-packages/oslo_concurrency/lockutils.py:506}}
May 09 01:33:45.174134 np0000172843 devstack@n-api-meta.service[108362]: DEBUG oslo_concurrency.lockutils [None req-83c4bb73-4c76-4435-92cb-d0b38378db69 None None] Lock "00000000-0000-0000-0000-000000000000" acquired by "nova.context.set_target_cell..get_or_set_cached_cell_and_set_connections" :: waited 0.000s {{(pid=108362) inner /opt/stack/data/venv/lib/python3.12/site-packages/oslo_concurrency/lockutils.py:519}}
May 09 01:33:45.174613 np0000172843 devstack@n-api-meta.service[108362]: DEBUG oslo_concurrency.lockutils [None req-83c4bb73-4c76-4435-92cb-d0b38378db69 None None] Lock "00000000-0000-0000-0000-000000000000" "released" by "nova.context.set_target_cell..get_or_set_cached_cell_and_set_connections" :: held 0.000s {{(pid=108362) inner /opt/stack/data/venv/lib/python3.12/site-packages/oslo_concurrency/lockutils.py:538}}
May 09 01:33:45.175347 np0000172843 devstack@n-api-meta.service[108362]: DEBUG oslo_concurrency.lockutils [None req-83c4bb73-4c76-4435-92cb-d0b38378db69 None None] Acquiring lock "f3c648fd-d79c-4e5c-a3c0-f3a354406c34" by "nova.context.set_target_cell..get_or_set_cached_cell_and_set_connections" {{(pid=108362) inner /opt/stack/data/venv/lib/python3.12/site-packages/oslo_concurrency/lockutils.py:506}}
May 09 01:33:45.175596 np0000172843 devstack@n-api-meta.service[108362]: DEBUG oslo_concurrency.lockutils [None req-83c4bb73-4c76-4435-92cb-d0b38378db69 None None] Lock "f3c648fd-d79c-4e5c-a3c0-f3a354406c34" acquired by "nova.context.set_target_cell..get_or_set_cached_cell_and_set_connections" :: waited 0.000s {{(pid=108362) inner /opt/stack/data/venv/lib/python3.12/site-packages/oslo_concurrency/lockutils.py:519}}
May 09 01:33:45.176657 np0000172843 devstack@n-api-meta.service[108362]: DEBUG oslo_concurrency.lockutils [None req-83c4bb73-4c76-4435-92cb-d0b38378db69 None None] Lock "f3c648fd-d79c-4e5c-a3c0-f3a354406c34" "released" by "nova.context.set_target_cell..get_or_set_cached_cell_and_set_connections" :: held 0.001s {{(pid=108362) inner /opt/stack/data/venv/lib/python3.12/site-packages/oslo_concurrency/lockutils.py:538}}
May 09 01:33:45.179801 np0000172843 devstack@n-api-meta.service[108362]: INFO dbcounter [None req-83c4bb73-4c76-4435-92cb-d0b38378db69 None None] Registered counter for database nova_cell0
May 09 01:33:45.182729 np0000172843 devstack@n-api-meta.service[108361]: DEBUG oslo_db.sqlalchemy.engines [None req-449596b3-191e-4528-b2bc-0ba843286c8c None None] MySQL server mode set to STRICT_TRANS_TABLES,STRICT_ALL_TABLES,NO_ZERO_IN_DATE,NO_ZERO_DATE,ERROR_FOR_DIVISION_BY_ZERO,TRADITIONAL,NO_ENGINE_SUBSTITUTION {{(pid=108361) _check_effective_sql_mode /opt/stack/data/venv/lib/python3.12/site-packages/oslo_db/sqlalchemy/engines.py:325}}
May 09 01:33:45.185297 np0000172843 devstack@n-api-meta.service[108362]: INFO dbcounter [None req-83c4bb73-4c76-4435-92cb-d0b38378db69 None None] Registered counter for database nova_cell1
May 09 01:33:45.198596 np0000172843 devstack@n-api-meta.service[108362]: DEBUG oslo_db.sqlalchemy.engines [None req-83c4bb73-4c76-4435-92cb-d0b38378db69 None None] MySQL server mode set to STRICT_TRANS_TABLES,STRICT_ALL_TABLES,NO_ZERO_IN_DATE,NO_ZERO_DATE,ERROR_FOR_DIVISION_BY_ZERO,TRADITIONAL,NO_ENGINE_SUBSTITUTION {{(pid=108362) _check_effective_sql_mode /opt/stack/data/venv/lib/python3.12/site-packages/oslo_db/sqlalchemy/engines.py:325}}
May 09 01:33:45.207283 np0000172843 devstack@n-api-meta.service[108363]: DEBUG dbcounter [-] [108363] Writer thread running {{(pid=108363) stat_writer /opt/stack/data/venv/lib/python3.12/site-packages/dbcounter.py:102}}
May 09 01:33:45.209537 np0000172843 devstack@n-api-meta.service[108363]: DEBUG nova.context [None req-df2e35ae-414c-4c39-9f77-210e12f430d1 None None] Found 2 cells: 00000000-0000-0000-0000-000000000000(cell0),f3c648fd-d79c-4e5c-a3c0-f3a354406c34(cell1) {{(pid=108363) load_cells /opt/stack/nova/nova/context.py:509}}
May 09 01:33:45.209754 np0000172843 devstack@n-api-meta.service[108363]: INFO nova.utils [None req-df2e35ae-414c-4c39-9f77-210e12f430d1 None None] The cell worker thread pool MainProcess.cell_worker is initialized
May 09 01:33:45.210273 np0000172843 devstack@n-api-meta.service[108362]: DEBUG oslo_db.sqlalchemy.engines [None req-83c4bb73-4c76-4435-92cb-d0b38378db69 None None] MySQL server mode set to STRICT_TRANS_TABLES,STRICT_ALL_TABLES,NO_ZERO_IN_DATE,NO_ZERO_DATE,ERROR_FOR_DIVISION_BY_ZERO,TRADITIONAL,NO_ENGINE_SUBSTITUTION {{(pid=108362) _check_effective_sql_mode /opt/stack/data/venv/lib/python3.12/site-packages/oslo_db/sqlalchemy/engines.py:325}}
May 09 01:33:45.212496 np0000172843 devstack@n-api-meta.service[108363]: DEBUG oslo_concurrency.lockutils [None req-df2e35ae-414c-4c39-9f77-210e12f430d1 None None] Acquiring lock "00000000-0000-0000-0000-000000000000" by "nova.context.set_target_cell..get_or_set_cached_cell_and_set_connections" {{(pid=108363) inner /opt/stack/data/venv/lib/python3.12/site-packages/oslo_concurrency/lockutils.py:506}}
May 09 01:33:45.212496 np0000172843 devstack@n-api-meta.service[108363]: DEBUG oslo_concurrency.lockutils [None req-df2e35ae-414c-4c39-9f77-210e12f430d1 None None] Lock "00000000-0000-0000-0000-000000000000" acquired by "nova.context.set_target_cell..get_or_set_cached_cell_and_set_connections" :: waited 0.000s {{(pid=108363) inner /opt/stack/data/venv/lib/python3.12/site-packages/oslo_concurrency/lockutils.py:519}}
May 09 01:33:45.212496 np0000172843 devstack@n-api-meta.service[108363]: DEBUG oslo_concurrency.lockutils [None req-df2e35ae-414c-4c39-9f77-210e12f430d1 None None] Lock "00000000-0000-0000-0000-000000000000" "released" by "nova.context.set_target_cell..get_or_set_cached_cell_and_set_connections" :: held 0.000s {{(pid=108363) inner /opt/stack/data/venv/lib/python3.12/site-packages/oslo_concurrency/lockutils.py:538}}
May 09 01:33:45.213301 np0000172843 devstack@n-api-meta.service[108363]: DEBUG oslo_concurrency.lockutils [None req-df2e35ae-414c-4c39-9f77-210e12f430d1 None None] Acquiring lock "f3c648fd-d79c-4e5c-a3c0-f3a354406c34" by "nova.context.set_target_cell..get_or_set_cached_cell_and_set_connections" {{(pid=108363) inner /opt/stack/data/venv/lib/python3.12/site-packages/oslo_concurrency/lockutils.py:506}}
May 09 01:33:45.213468 np0000172843 devstack@n-api-meta.service[108363]: DEBUG oslo_concurrency.lockutils [None req-df2e35ae-414c-4c39-9f77-210e12f430d1 None None] Lock "f3c648fd-d79c-4e5c-a3c0-f3a354406c34" acquired by "nova.context.set_target_cell..get_or_set_cached_cell_and_set_connections" :: waited 0.000s {{(pid=108363) inner /opt/stack/data/venv/lib/python3.12/site-packages/oslo_concurrency/lockutils.py:519}}
May 09 01:33:45.214266 np0000172843 devstack@n-api-meta.service[108363]: DEBUG oslo_concurrency.lockutils [None req-df2e35ae-414c-4c39-9f77-210e12f430d1 None None] Lock "f3c648fd-d79c-4e5c-a3c0-f3a354406c34" "released" by "nova.context.set_target_cell..get_or_set_cached_cell_and_set_connections" :: held 0.001s {{(pid=108363) inner /opt/stack/data/venv/lib/python3.12/site-packages/oslo_concurrency/lockutils.py:538}}
May 09 01:33:45.215862 np0000172843 devstack@n-api-meta.service[108361]: DEBUG dbcounter [-] [108361] Writer thread running {{(pid=108361) stat_writer /opt/stack/data/venv/lib/python3.12/site-packages/dbcounter.py:102}}
May 09 01:33:45.218040 np0000172843 devstack@n-api-meta.service[108361]: DEBUG nova.context [None req-449596b3-191e-4528-b2bc-0ba843286c8c None None] Found 2 cells: 00000000-0000-0000-0000-000000000000(cell0),f3c648fd-d79c-4e5c-a3c0-f3a354406c34(cell1) {{(pid=108361) load_cells /opt/stack/nova/nova/context.py:509}}
May 09 01:33:45.218267 np0000172843 devstack@n-api-meta.service[108361]: INFO nova.utils [None req-449596b3-191e-4528-b2bc-0ba843286c8c None None] The cell worker thread pool MainProcess.cell_worker is initialized
May 09 01:33:45.218705 np0000172843 devstack@n-api-meta.service[108363]: INFO dbcounter [None req-df2e35ae-414c-4c39-9f77-210e12f430d1 None None] Registered counter for database nova_cell0
May 09 01:33:45.220022 np0000172843 devstack@n-api-meta.service[108361]: DEBUG oslo_concurrency.lockutils [None req-449596b3-191e-4528-b2bc-0ba843286c8c None None] Acquiring lock "00000000-0000-0000-0000-000000000000" by "nova.context.set_target_cell..get_or_set_cached_cell_and_set_connections" {{(pid=108361) inner /opt/stack/data/venv/lib/python3.12/site-packages/oslo_concurrency/lockutils.py:506}}
May 09 01:33:45.220190 np0000172843 devstack@n-api-meta.service[108361]: DEBUG oslo_concurrency.lockutils [None req-449596b3-191e-4528-b2bc-0ba843286c8c None None] Lock "00000000-0000-0000-0000-000000000000" acquired by "nova.context.set_target_cell..get_or_set_cached_cell_and_set_connections" :: waited 0.000s {{(pid=108361) inner /opt/stack/data/venv/lib/python3.12/site-packages/oslo_concurrency/lockutils.py:519}}
May 09 01:33:45.220565 np0000172843 devstack@n-api-meta.service[108361]: DEBUG oslo_concurrency.lockutils [None req-449596b3-191e-4528-b2bc-0ba843286c8c None None] Lock "00000000-0000-0000-0000-000000000000" "released" by "nova.context.set_target_cell..get_or_set_cached_cell_and_set_connections" :: held 0.000s {{(pid=108361) inner /opt/stack/data/venv/lib/python3.12/site-packages/oslo_concurrency/lockutils.py:538}}
May 09 01:33:45.221173 np0000172843 devstack@n-api-meta.service[108361]: DEBUG oslo_concurrency.lockutils [None req-449596b3-191e-4528-b2bc-0ba843286c8c None None] Acquiring lock "f3c648fd-d79c-4e5c-a3c0-f3a354406c34" by "nova.context.set_target_cell..get_or_set_cached_cell_and_set_connections" {{(pid=108361) inner /opt/stack/data/venv/lib/python3.12/site-packages/oslo_concurrency/lockutils.py:506}}
May 09 01:33:45.221333 np0000172843 devstack@n-api-meta.service[108361]: DEBUG oslo_concurrency.lockutils [None req-449596b3-191e-4528-b2bc-0ba843286c8c None None] Lock "f3c648fd-d79c-4e5c-a3c0-f3a354406c34" acquired by "nova.context.set_target_cell..get_or_set_cached_cell_and_set_connections" :: waited 0.000s {{(pid=108361) inner /opt/stack/data/venv/lib/python3.12/site-packages/oslo_concurrency/lockutils.py:519}}
May 09 01:33:45.222180 np0000172843 devstack@n-api-meta.service[108361]: DEBUG oslo_concurrency.lockutils [None req-449596b3-191e-4528-b2bc-0ba843286c8c None None] Lock "f3c648fd-d79c-4e5c-a3c0-f3a354406c34" "released" by "nova.context.set_target_cell..get_or_set_cached_cell_and_set_connections" :: held 0.001s {{(pid=108361) inner /opt/stack/data/venv/lib/python3.12/site-packages/oslo_concurrency/lockutils.py:538}}
May 09 01:33:45.224511 np0000172843 devstack@n-api-meta.service[108361]: INFO dbcounter [None req-449596b3-191e-4528-b2bc-0ba843286c8c None None] Registered counter for database nova_cell0
May 09 01:33:45.224633 np0000172843 devstack@n-api-meta.service[108363]: INFO dbcounter [None req-df2e35ae-414c-4c39-9f77-210e12f430d1 None None] Registered counter for database nova_cell1
May 09 01:33:45.229794 np0000172843 devstack@n-api-meta.service[108361]: INFO dbcounter [None req-449596b3-191e-4528-b2bc-0ba843286c8c None None] Registered counter for database nova_cell1
May 09 01:33:45.236226 np0000172843 devstack@n-api-meta.service[108363]: DEBUG oslo_db.sqlalchemy.engines [None req-df2e35ae-414c-4c39-9f77-210e12f430d1 None None] MySQL server mode set to STRICT_TRANS_TABLES,STRICT_ALL_TABLES,NO_ZERO_IN_DATE,NO_ZERO_DATE,ERROR_FOR_DIVISION_BY_ZERO,TRADITIONAL,NO_ENGINE_SUBSTITUTION {{(pid=108363) _check_effective_sql_mode /opt/stack/data/venv/lib/python3.12/site-packages/oslo_db/sqlalchemy/engines.py:325}}
May 09 01:33:45.248531 np0000172843 devstack@n-api-meta.service[108363]: DEBUG oslo_db.sqlalchemy.engines [None req-df2e35ae-414c-4c39-9f77-210e12f430d1 None None] MySQL server mode set to STRICT_TRANS_TABLES,STRICT_ALL_TABLES,NO_ZERO_IN_DATE,NO_ZERO_DATE,ERROR_FOR_DIVISION_BY_ZERO,TRADITIONAL,NO_ENGINE_SUBSTITUTION {{(pid=108363) _check_effective_sql_mode /opt/stack/data/venv/lib/python3.12/site-packages/oslo_db/sqlalchemy/engines.py:325}}
May 09 01:33:45.249208 np0000172843 devstack@n-api-meta.service[108361]: DEBUG oslo_db.sqlalchemy.engines [None req-449596b3-191e-4528-b2bc-0ba843286c8c None None] MySQL server mode set to STRICT_TRANS_TABLES,STRICT_ALL_TABLES,NO_ZERO_IN_DATE,NO_ZERO_DATE,ERROR_FOR_DIVISION_BY_ZERO,TRADITIONAL,NO_ENGINE_SUBSTITUTION {{(pid=108361) _check_effective_sql_mode /opt/stack/data/venv/lib/python3.12/site-packages/oslo_db/sqlalchemy/engines.py:325}}
May 09 01:33:45.249419 np0000172843 devstack@n-api-meta.service[108360]: INFO dbcounter [None req-e69e3328-4b7b-45f8-84e3-6758b446fc82 None None] Registered counter for database nova_api
May 09 01:33:45.255205 np0000172843 devstack@n-api-meta.service[108361]: DEBUG oslo_db.sqlalchemy.engines [None req-449596b3-191e-4528-b2bc-0ba843286c8c None None] MySQL server mode set to STRICT_TRANS_TABLES,STRICT_ALL_TABLES,NO_ZERO_IN_DATE,NO_ZERO_DATE,ERROR_FOR_DIVISION_BY_ZERO,TRADITIONAL,NO_ENGINE_SUBSTITUTION {{(pid=108361) _check_effective_sql_mode /opt/stack/data/venv/lib/python3.12/site-packages/oslo_db/sqlalchemy/engines.py:325}}
May 09 01:33:45.267346 np0000172843 devstack@n-api-meta.service[108360]: DEBUG oslo_db.sqlalchemy.engines [None req-e69e3328-4b7b-45f8-84e3-6758b446fc82 None None] MySQL server mode set to STRICT_TRANS_TABLES,STRICT_ALL_TABLES,NO_ZERO_IN_DATE,NO_ZERO_DATE,ERROR_FOR_DIVISION_BY_ZERO,TRADITIONAL,NO_ENGINE_SUBSTITUTION {{(pid=108360) _check_effective_sql_mode /opt/stack/data/venv/lib/python3.12/site-packages/oslo_db/sqlalchemy/engines.py:325}}
May 09 01:33:45.297150 np0000172843 devstack@n-api-meta.service[108360]: DEBUG dbcounter [-] [108360] Writer thread running {{(pid=108360) stat_writer /opt/stack/data/venv/lib/python3.12/site-packages/dbcounter.py:102}}
May 09 01:33:45.300145 np0000172843 devstack@n-api-meta.service[108362]: DEBUG dbcounter [-] [108362] Writer thread running {{(pid=108362) stat_writer /opt/stack/data/venv/lib/python3.12/site-packages/dbcounter.py:102}}
May 09 01:33:45.300239 np0000172843 devstack@n-api-meta.service[108360]: DEBUG nova.context [None req-e69e3328-4b7b-45f8-84e3-6758b446fc82 None None] Found 2 cells: 00000000-0000-0000-0000-000000000000(cell0),f3c648fd-d79c-4e5c-a3c0-f3a354406c34(cell1) {{(pid=108360) load_cells /opt/stack/nova/nova/context.py:509}}
May 09 01:33:45.300658 np0000172843 devstack@n-api-meta.service[108360]: INFO nova.utils [None req-e69e3328-4b7b-45f8-84e3-6758b446fc82 None None] The cell worker thread pool MainProcess.cell_worker is initialized
May 09 01:33:45.300797 np0000172843 devstack@n-api-meta.service[108362]: DEBUG dbcounter [-] [108362] Writer thread running {{(pid=108362) stat_writer /opt/stack/data/venv/lib/python3.12/site-packages/dbcounter.py:102}}
May 09 01:33:45.302945 np0000172843 devstack@n-api-meta.service[108360]: DEBUG oslo_concurrency.lockutils [None req-e69e3328-4b7b-45f8-84e3-6758b446fc82 None None] Acquiring lock "00000000-0000-0000-0000-000000000000" by "nova.context.set_target_cell..get_or_set_cached_cell_and_set_connections" {{(pid=108360) inner /opt/stack/data/venv/lib/python3.12/site-packages/oslo_concurrency/lockutils.py:506}}
May 09 01:33:45.303179 np0000172843 devstack@n-api-meta.service[108360]: DEBUG oslo_concurrency.lockutils [None req-e69e3328-4b7b-45f8-84e3-6758b446fc82 None None] Lock "00000000-0000-0000-0000-000000000000" acquired by "nova.context.set_target_cell..get_or_set_cached_cell_and_set_connections" :: waited 0.000s {{(pid=108360) inner /opt/stack/data/venv/lib/python3.12/site-packages/oslo_concurrency/lockutils.py:519}}
May 09 01:33:45.303734 np0000172843 devstack@n-api-meta.service[108360]: DEBUG oslo_concurrency.lockutils [None req-e69e3328-4b7b-45f8-84e3-6758b446fc82 None None] Lock "00000000-0000-0000-0000-000000000000" "released" by "nova.context.set_target_cell..get_or_set_cached_cell_and_set_connections" :: held 0.001s {{(pid=108360) inner /opt/stack/data/venv/lib/python3.12/site-packages/oslo_concurrency/lockutils.py:538}}
May 09 01:33:45.304602 np0000172843 devstack@n-api-meta.service[108360]: DEBUG oslo_concurrency.lockutils [None req-e69e3328-4b7b-45f8-84e3-6758b446fc82 None None] Acquiring lock "f3c648fd-d79c-4e5c-a3c0-f3a354406c34" by "nova.context.set_target_cell..get_or_set_cached_cell_and_set_connections" {{(pid=108360) inner /opt/stack/data/venv/lib/python3.12/site-packages/oslo_concurrency/lockutils.py:506}}
May 09 01:33:45.304812 np0000172843 devstack@n-api-meta.service[108360]: DEBUG oslo_concurrency.lockutils [None req-e69e3328-4b7b-45f8-84e3-6758b446fc82 None None] Lock "f3c648fd-d79c-4e5c-a3c0-f3a354406c34" acquired by "nova.context.set_target_cell..get_or_set_cached_cell_and_set_connections" :: waited 0.000s {{(pid=108360) inner /opt/stack/data/venv/lib/python3.12/site-packages/oslo_concurrency/lockutils.py:519}}
May 09 01:33:45.306024 np0000172843 devstack@n-api-meta.service[108360]: DEBUG oslo_concurrency.lockutils [None req-e69e3328-4b7b-45f8-84e3-6758b446fc82 None None] Lock "f3c648fd-d79c-4e5c-a3c0-f3a354406c34" "released" by "nova.context.set_target_cell..get_or_set_cached_cell_and_set_connections" :: held 0.001s {{(pid=108360) inner /opt/stack/data/venv/lib/python3.12/site-packages/oslo_concurrency/lockutils.py:538}}
May 09 01:33:45.306854 np0000172843 devstack@n-api-meta.service[108362]: INFO dbcounter [None req-83c4bb73-4c76-4435-92cb-d0b38378db69 None None] Registered counter for database nova_cell0
May 09 01:33:45.308336 np0000172843 devstack@n-api-meta.service[108360]: INFO dbcounter [None req-e69e3328-4b7b-45f8-84e3-6758b446fc82 None None] Registered counter for database nova_cell0
May 09 01:33:45.313589 np0000172843 devstack@n-api-meta.service[108360]: INFO dbcounter [None req-e69e3328-4b7b-45f8-84e3-6758b446fc82 None None] Registered counter for database nova_cell1
May 09 01:33:45.315405 np0000172843 devstack@n-api-meta.service[108362]: DEBUG oslo_db.sqlalchemy.engines [None req-83c4bb73-4c76-4435-92cb-d0b38378db69 None None] MySQL server mode set to STRICT_TRANS_TABLES,STRICT_ALL_TABLES,NO_ZERO_IN_DATE,NO_ZERO_DATE,ERROR_FOR_DIVISION_BY_ZERO,TRADITIONAL,NO_ENGINE_SUBSTITUTION {{(pid=108362) _check_effective_sql_mode /opt/stack/data/venv/lib/python3.12/site-packages/oslo_db/sqlalchemy/engines.py:325}}
May 09 01:33:45.321675 np0000172843 devstack@n-api-meta.service[108362]: DEBUG dbcounter [-] [108362] Writer thread running {{(pid=108362) stat_writer /opt/stack/data/venv/lib/python3.12/site-packages/dbcounter.py:102}}
May 09 01:33:45.323536 np0000172843 devstack@n-api-meta.service[108360]: DEBUG oslo_db.sqlalchemy.engines [None req-e69e3328-4b7b-45f8-84e3-6758b446fc82 None None] MySQL server mode set to STRICT_TRANS_TABLES,STRICT_ALL_TABLES,NO_ZERO_IN_DATE,NO_ZERO_DATE,ERROR_FOR_DIVISION_BY_ZERO,TRADITIONAL,NO_ENGINE_SUBSTITUTION {{(pid=108360) _check_effective_sql_mode /opt/stack/data/venv/lib/python3.12/site-packages/oslo_db/sqlalchemy/engines.py:325}}
May 09 01:33:45.328480 np0000172843 devstack@n-api-meta.service[108360]: DEBUG oslo_db.sqlalchemy.engines [None req-e69e3328-4b7b-45f8-84e3-6758b446fc82 None None] MySQL server mode set to STRICT_TRANS_TABLES,STRICT_ALL_TABLES,NO_ZERO_IN_DATE,NO_ZERO_DATE,ERROR_FOR_DIVISION_BY_ZERO,TRADITIONAL,NO_ENGINE_SUBSTITUTION {{(pid=108360) _check_effective_sql_mode /opt/stack/data/venv/lib/python3.12/site-packages/oslo_db/sqlalchemy/engines.py:325}}
May 09 01:33:45.335176 np0000172843 devstack@n-api-meta.service[108363]: DEBUG dbcounter [-] [108363] Writer thread running {{(pid=108363) stat_writer /opt/stack/data/venv/lib/python3.12/site-packages/dbcounter.py:102}}
May 09 01:33:45.336051 np0000172843 devstack@n-api-meta.service[108363]: DEBUG dbcounter [-] [108363] Writer thread running {{(pid=108363) stat_writer /opt/stack/data/venv/lib/python3.12/site-packages/dbcounter.py:102}}
May 09 01:33:45.341271 np0000172843 devstack@n-api-meta.service[108361]: DEBUG dbcounter [-] [108361] Writer thread running {{(pid=108361) stat_writer /opt/stack/data/venv/lib/python3.12/site-packages/dbcounter.py:102}}
May 09 01:33:45.342345 np0000172843 devstack@n-api-meta.service[108363]: INFO dbcounter [None req-df2e35ae-414c-4c39-9f77-210e12f430d1 None None] Registered counter for database nova_cell0
May 09 01:33:45.348447 np0000172843 devstack@n-api-meta.service[108361]: DEBUG dbcounter [-] [108361] Writer thread running {{(pid=108361) stat_writer /opt/stack/data/venv/lib/python3.12/site-packages/dbcounter.py:102}}
May 09 01:33:45.350413 np0000172843 devstack@n-api-meta.service[108363]: DEBUG oslo_db.sqlalchemy.engines [None req-df2e35ae-414c-4c39-9f77-210e12f430d1 None None] MySQL server mode set to STRICT_TRANS_TABLES,STRICT_ALL_TABLES,NO_ZERO_IN_DATE,NO_ZERO_DATE,ERROR_FOR_DIVISION_BY_ZERO,TRADITIONAL,NO_ENGINE_SUBSTITUTION {{(pid=108363) _check_effective_sql_mode /opt/stack/data/venv/lib/python3.12/site-packages/oslo_db/sqlalchemy/engines.py:325}}
May 09 01:33:45.352331 np0000172843 devstack@n-api-meta.service[108361]: INFO dbcounter [None req-449596b3-191e-4528-b2bc-0ba843286c8c None None] Registered counter for database nova_cell0
May 09 01:33:45.356769 np0000172843 devstack@n-api-meta.service[108363]: DEBUG dbcounter [-] [108363] Writer thread running {{(pid=108363) stat_writer /opt/stack/data/venv/lib/python3.12/site-packages/dbcounter.py:102}}
May 09 01:33:45.359239 np0000172843 devstack@n-api-meta.service[108362]: WARNING nova.api.metadata.handler [None req-83c4bb73-4c76-4435-92cb-d0b38378db69 None None] metadata_proxy_shared_secret is not configured, the metadata information returned by the proxy cannot be trusted
May 09 01:33:45.361333 np0000172843 devstack@n-api-meta.service[108362]: DEBUG nova.api.openstack.wsgi_app [None req-83c4bb73-4c76-4435-92cb-d0b38378db69 None None] ******************************************************************************** {{(pid=108362) log_opt_values /opt/stack/data/venv/lib/python3.12/site-packages/oslo_config/cfg.py:2979}}
May 09 01:33:45.361542 np0000172843 devstack@n-api-meta.service[108362]: DEBUG nova.api.openstack.wsgi_app [None req-83c4bb73-4c76-4435-92cb-d0b38378db69 None None] Configuration options gathered from: {{(pid=108362) log_opt_values /opt/stack/data/venv/lib/python3.12/site-packages/oslo_config/cfg.py:2980}}
May 09 01:33:45.361637 np0000172843 devstack@n-api-meta.service[108362]: DEBUG nova.api.openstack.wsgi_app [None req-83c4bb73-4c76-4435-92cb-d0b38378db69 None None] command line args: [] {{(pid=108362) log_opt_values /opt/stack/data/venv/lib/python3.12/site-packages/oslo_config/cfg.py:2981}}
May 09 01:33:45.361785 np0000172843 devstack@n-api-meta.service[108362]: DEBUG nova.api.openstack.wsgi_app [None req-83c4bb73-4c76-4435-92cb-d0b38378db69 None None] config files: ['/etc/nova/api-paste.ini', '/etc/nova/nova.conf'] {{(pid=108362) log_opt_values /opt/stack/data/venv/lib/python3.12/site-packages/oslo_config/cfg.py:2982}}
May 09 01:33:45.361884 np0000172843 devstack@n-api-meta.service[108362]: DEBUG nova.api.openstack.wsgi_app [None req-83c4bb73-4c76-4435-92cb-d0b38378db69 None None] ================================================================================ {{(pid=108362) log_opt_values /opt/stack/data/venv/lib/python3.12/site-packages/oslo_config/cfg.py:2987}}
May 09 01:33:45.362060 np0000172843 devstack@n-api-meta.service[108362]: DEBUG nova.api.openstack.wsgi_app [None req-83c4bb73-4c76-4435-92cb-d0b38378db69 None None] allow_resize_to_same_host = True {{(pid=108362) log_opt_values /opt/stack/data/venv/lib/python3.12/site-packages/oslo_config/cfg.py:2995}}
May 09 01:33:45.362200 np0000172843 devstack@n-api-meta.service[108362]: DEBUG nova.api.openstack.wsgi_app [None req-83c4bb73-4c76-4435-92cb-d0b38378db69 None None] arq_binding_timeout = 300 {{(pid=108362) log_opt_values /opt/stack/data/venv/lib/python3.12/site-packages/oslo_config/cfg.py:2995}}
May 09 01:33:45.362320 np0000172843 devstack@n-api-meta.service[108362]: DEBUG nova.api.openstack.wsgi_app [None req-83c4bb73-4c76-4435-92cb-d0b38378db69 None None] block_device_allocate_retries = 60 {{(pid=108362) log_opt_values /opt/stack/data/venv/lib/python3.12/site-packages/oslo_config/cfg.py:2995}}
May 09 01:33:45.362465 np0000172843 devstack@n-api-meta.service[108362]: DEBUG nova.api.openstack.wsgi_app [None req-83c4bb73-4c76-4435-92cb-d0b38378db69 None None] block_device_allocate_retries_interval = 3 {{(pid=108362) log_opt_values /opt/stack/data/venv/lib/python3.12/site-packages/oslo_config/cfg.py:2995}}
May 09 01:33:45.362592 np0000172843 devstack@n-api-meta.service[108362]: DEBUG nova.api.openstack.wsgi_app [None req-83c4bb73-4c76-4435-92cb-d0b38378db69 None None] cell_worker_thread_pool_size = 5 {{(pid=108362) log_opt_values /opt/stack/data/venv/lib/python3.12/site-packages/oslo_config/cfg.py:2995}}
May 09 01:33:45.362726 np0000172843 devstack@n-api-meta.service[108362]: DEBUG nova.api.openstack.wsgi_app [None req-83c4bb73-4c76-4435-92cb-d0b38378db69 None None] cert = self.pem {{(pid=108362) log_opt_values /opt/stack/data/venv/lib/python3.12/site-packages/oslo_config/cfg.py:2995}}
May 09 01:33:45.362858 np0000172843 devstack@n-api-meta.service[108362]: DEBUG nova.api.openstack.wsgi_app [None req-83c4bb73-4c76-4435-92cb-d0b38378db69 None None] compute_driver = libvirt.LibvirtDriver {{(pid=108362) log_opt_values /opt/stack/data/venv/lib/python3.12/site-packages/oslo_config/cfg.py:2995}}
May 09 01:33:45.362986 np0000172843 devstack@n-api-meta.service[108362]: DEBUG nova.api.openstack.wsgi_app [None req-83c4bb73-4c76-4435-92cb-d0b38378db69 None None] compute_monitors = [] {{(pid=108362) log_opt_values /opt/stack/data/venv/lib/python3.12/site-packages/oslo_config/cfg.py:2995}}
May 09 01:33:45.363116 np0000172843 devstack@n-api-meta.service[108362]: DEBUG nova.api.openstack.wsgi_app [None req-83c4bb73-4c76-4435-92cb-d0b38378db69 None None] config_dir = [] {{(pid=108362) log_opt_values /opt/stack/data/venv/lib/python3.12/site-packages/oslo_config/cfg.py:2995}}
May 09 01:33:45.363250 np0000172843 devstack@n-api-meta.service[108362]: DEBUG nova.api.openstack.wsgi_app [None req-83c4bb73-4c76-4435-92cb-d0b38378db69 None None] config_drive_format = iso9660 {{(pid=108362) log_opt_values /opt/stack/data/venv/lib/python3.12/site-packages/oslo_config/cfg.py:2995}}
May 09 01:33:45.363355 np0000172843 devstack@n-api-meta.service[108362]: DEBUG nova.api.openstack.wsgi_app [None req-83c4bb73-4c76-4435-92cb-d0b38378db69 None None] config_file = ['/etc/nova/api-paste.ini', '/etc/nova/nova.conf'] {{(pid=108362) log_opt_values /opt/stack/data/venv/lib/python3.12/site-packages/oslo_config/cfg.py:2995}}
May 09 01:33:45.363502 np0000172843 devstack@n-api-meta.service[108361]: DEBUG oslo_db.sqlalchemy.engines [None req-449596b3-191e-4528-b2bc-0ba843286c8c None None] MySQL server mode set to STRICT_TRANS_TABLES,STRICT_ALL_TABLES,NO_ZERO_IN_DATE,NO_ZERO_DATE,ERROR_FOR_DIVISION_BY_ZERO,TRADITIONAL,NO_ENGINE_SUBSTITUTION {{(pid=108361) _check_effective_sql_mode /opt/stack/data/venv/lib/python3.12/site-packages/oslo_db/sqlalchemy/engines.py:325}}
May 09 01:33:45.363550 np0000172843 devstack@n-api-meta.service[108362]: DEBUG nova.api.openstack.wsgi_app [None req-83c4bb73-4c76-4435-92cb-d0b38378db69 None None] config_source = [] {{(pid=108362) log_opt_values /opt/stack/data/venv/lib/python3.12/site-packages/oslo_config/cfg.py:2995}}
May 09 01:33:45.363660 np0000172843 devstack@n-api-meta.service[108362]: DEBUG nova.api.openstack.wsgi_app [None req-83c4bb73-4c76-4435-92cb-d0b38378db69 None None] console_host = np0000172843 {{(pid=108362) log_opt_values /opt/stack/data/venv/lib/python3.12/site-packages/oslo_config/cfg.py:2995}}
May 09 01:33:45.363796 np0000172843 devstack@n-api-meta.service[108362]: DEBUG nova.api.openstack.wsgi_app [None req-83c4bb73-4c76-4435-92cb-d0b38378db69 None None] control_exchange = nova {{(pid=108362) log_opt_values /opt/stack/data/venv/lib/python3.12/site-packages/oslo_config/cfg.py:2995}}
May 09 01:33:45.363920 np0000172843 devstack@n-api-meta.service[108362]: DEBUG nova.api.openstack.wsgi_app [None req-83c4bb73-4c76-4435-92cb-d0b38378db69 None None] cpu_allocation_ratio = None {{(pid=108362) log_opt_values /opt/stack/data/venv/lib/python3.12/site-packages/oslo_config/cfg.py:2995}}
May 09 01:33:45.364032 np0000172843 devstack@n-api-meta.service[108362]: DEBUG nova.api.openstack.wsgi_app [None req-83c4bb73-4c76-4435-92cb-d0b38378db69 None None] daemon = False {{(pid=108362) log_opt_values /opt/stack/data/venv/lib/python3.12/site-packages/oslo_config/cfg.py:2995}}
May 09 01:33:45.364168 np0000172843 devstack@n-api-meta.service[108362]: DEBUG nova.api.openstack.wsgi_app [None req-83c4bb73-4c76-4435-92cb-d0b38378db69 None None] debug = True {{(pid=108362) log_opt_values /opt/stack/data/venv/lib/python3.12/site-packages/oslo_config/cfg.py:2995}}
May 09 01:33:45.364291 np0000172843 devstack@n-api-meta.service[108362]: DEBUG nova.api.openstack.wsgi_app [None req-83c4bb73-4c76-4435-92cb-d0b38378db69 None None] default_access_ip_network_name = None {{(pid=108362) log_opt_values /opt/stack/data/venv/lib/python3.12/site-packages/oslo_config/cfg.py:2995}}
May 09 01:33:45.364437 np0000172843 devstack@n-api-meta.service[108362]: DEBUG nova.api.openstack.wsgi_app [None req-83c4bb73-4c76-4435-92cb-d0b38378db69 None None] default_availability_zone = nova {{(pid=108362) log_opt_values /opt/stack/data/venv/lib/python3.12/site-packages/oslo_config/cfg.py:2995}}
May 09 01:33:45.364567 np0000172843 devstack@n-api-meta.service[108362]: DEBUG nova.api.openstack.wsgi_app [None req-83c4bb73-4c76-4435-92cb-d0b38378db69 None None] default_ephemeral_format = ext4 {{(pid=108362) log_opt_values /opt/stack/data/venv/lib/python3.12/site-packages/oslo_config/cfg.py:2995}}
May 09 01:33:45.364694 np0000172843 devstack@n-api-meta.service[108362]: DEBUG nova.api.openstack.wsgi_app [None req-83c4bb73-4c76-4435-92cb-d0b38378db69 None None] default_green_pool_size = 1000 {{(pid=108362) log_opt_values /opt/stack/data/venv/lib/python3.12/site-packages/oslo_config/cfg.py:2995}}
May 09 01:33:45.364898 np0000172843 devstack@n-api-meta.service[108362]: DEBUG nova.api.openstack.wsgi_app [None req-83c4bb73-4c76-4435-92cb-d0b38378db69 None None] default_log_levels = ['amqp=WARN', 'boto=WARN', 'sqlalchemy=WARN', 'suds=INFO', 'oslo.messaging=INFO', 'oslo_messaging=INFO', 'iso8601=WARN', 'requests.packages.urllib3.connectionpool=WARN', 'urllib3.connectionpool=WARN', 'websocket=WARN', 'requests.packages.urllib3.util.retry=WARN', 'urllib3.util.retry=WARN', 'keystonemiddleware=WARN', 'routes.middleware=WARN', 'stevedore=WARN', 'taskflow=WARN', 'keystoneauth=WARN', 'oslo.cache=INFO', 'oslo_policy=INFO', 'dogpile.core.dogpile=INFO', 'glanceclient=WARN', 'oslo.privsep.daemon=INFO'] {{(pid=108362) log_opt_values /opt/stack/data/venv/lib/python3.12/site-packages/oslo_config/cfg.py:2995}}
May 09 01:33:45.365006 np0000172843 devstack@n-api-meta.service[108362]: DEBUG nova.api.openstack.wsgi_app [None req-83c4bb73-4c76-4435-92cb-d0b38378db69 None None] default_schedule_zone = None {{(pid=108362) log_opt_values /opt/stack/data/venv/lib/python3.12/site-packages/oslo_config/cfg.py:2995}}
May 09 01:33:45.365135 np0000172843 devstack@n-api-meta.service[108362]: DEBUG nova.api.openstack.wsgi_app [None req-83c4bb73-4c76-4435-92cb-d0b38378db69 None None] default_thread_pool_size = 10 {{(pid=108362) log_opt_values /opt/stack/data/venv/lib/python3.12/site-packages/oslo_config/cfg.py:2995}}
May 09 01:33:45.365258 np0000172843 devstack@n-api-meta.service[108362]: DEBUG nova.api.openstack.wsgi_app [None req-83c4bb73-4c76-4435-92cb-d0b38378db69 None None] disk_allocation_ratio = None {{(pid=108362) log_opt_values /opt/stack/data/venv/lib/python3.12/site-packages/oslo_config/cfg.py:2995}}
May 09 01:33:45.365403 np0000172843 devstack@n-api-meta.service[108362]: DEBUG nova.api.openstack.wsgi_app [None req-83c4bb73-4c76-4435-92cb-d0b38378db69 None None] enable_new_services = True {{(pid=108362) log_opt_values /opt/stack/data/venv/lib/python3.12/site-packages/oslo_config/cfg.py:2995}}
May 09 01:33:45.365528 np0000172843 devstack@n-api-meta.service[108362]: DEBUG nova.api.openstack.wsgi_app [None req-83c4bb73-4c76-4435-92cb-d0b38378db69 None None] flat_injected = False {{(pid=108362) log_opt_values /opt/stack/data/venv/lib/python3.12/site-packages/oslo_config/cfg.py:2995}}
May 09 01:33:45.365654 np0000172843 devstack@n-api-meta.service[108362]: DEBUG nova.api.openstack.wsgi_app [None req-83c4bb73-4c76-4435-92cb-d0b38378db69 None None] force_config_drive = False {{(pid=108362) log_opt_values /opt/stack/data/venv/lib/python3.12/site-packages/oslo_config/cfg.py:2995}}
May 09 01:33:45.365777 np0000172843 devstack@n-api-meta.service[108362]: DEBUG nova.api.openstack.wsgi_app [None req-83c4bb73-4c76-4435-92cb-d0b38378db69 None None] force_raw_images = True {{(pid=108362) log_opt_values /opt/stack/data/venv/lib/python3.12/site-packages/oslo_config/cfg.py:2995}}
May 09 01:33:45.365907 np0000172843 devstack@n-api-meta.service[108362]: DEBUG nova.api.openstack.wsgi_app [None req-83c4bb73-4c76-4435-92cb-d0b38378db69 None None] graceful_shutdown_timeout = 5 {{(pid=108362) log_opt_values /opt/stack/data/venv/lib/python3.12/site-packages/oslo_config/cfg.py:2995}}
May 09 01:33:45.366034 np0000172843 devstack@n-api-meta.service[108362]: DEBUG nova.api.openstack.wsgi_app [None req-83c4bb73-4c76-4435-92cb-d0b38378db69 None None] heal_instance_info_cache_interval = -1 {{(pid=108362) log_opt_values /opt/stack/data/venv/lib/python3.12/site-packages/oslo_config/cfg.py:2995}}
May 09 01:33:45.366200 np0000172843 devstack@n-api-meta.service[108362]: DEBUG nova.api.openstack.wsgi_app [None req-83c4bb73-4c76-4435-92cb-d0b38378db69 None None] host = np0000172843 {{(pid=108362) log_opt_values /opt/stack/data/venv/lib/python3.12/site-packages/oslo_config/cfg.py:2995}}
May 09 01:33:45.366338 np0000172843 devstack@n-api-meta.service[108362]: DEBUG nova.api.openstack.wsgi_app [None req-83c4bb73-4c76-4435-92cb-d0b38378db69 None None] initial_cpu_allocation_ratio = 4.0 {{(pid=108362) log_opt_values /opt/stack/data/venv/lib/python3.12/site-packages/oslo_config/cfg.py:2995}}
May 09 01:33:45.366481 np0000172843 devstack@n-api-meta.service[108362]: DEBUG nova.api.openstack.wsgi_app [None req-83c4bb73-4c76-4435-92cb-d0b38378db69 None None] initial_disk_allocation_ratio = 1.0 {{(pid=108362) log_opt_values /opt/stack/data/venv/lib/python3.12/site-packages/oslo_config/cfg.py:2995}}
May 09 01:33:45.366606 np0000172843 devstack@n-api-meta.service[108362]: DEBUG nova.api.openstack.wsgi_app [None req-83c4bb73-4c76-4435-92cb-d0b38378db69 None None] initial_ram_allocation_ratio = 1.0 {{(pid=108362) log_opt_values /opt/stack/data/venv/lib/python3.12/site-packages/oslo_config/cfg.py:2995}}
May 09 01:33:45.366777 np0000172843 devstack@n-api-meta.service[108362]: DEBUG nova.api.openstack.wsgi_app [None req-83c4bb73-4c76-4435-92cb-d0b38378db69 None None] injected_network_template = /opt/stack/nova/nova/virt/interfaces.template {{(pid=108362) log_opt_values /opt/stack/data/venv/lib/python3.12/site-packages/oslo_config/cfg.py:2995}}
May 09 01:33:45.366902 np0000172843 devstack@n-api-meta.service[108362]: DEBUG nova.api.openstack.wsgi_app [None req-83c4bb73-4c76-4435-92cb-d0b38378db69 None None] instance_build_timeout = 0 {{(pid=108362) log_opt_values /opt/stack/data/venv/lib/python3.12/site-packages/oslo_config/cfg.py:2995}}
May 09 01:33:45.367029 np0000172843 devstack@n-api-meta.service[108362]: DEBUG nova.api.openstack.wsgi_app [None req-83c4bb73-4c76-4435-92cb-d0b38378db69 None None] instance_delete_interval = 300 {{(pid=108362) log_opt_values /opt/stack/data/venv/lib/python3.12/site-packages/oslo_config/cfg.py:2995}}
May 09 01:33:45.367158 np0000172843 devstack@n-api-meta.service[108362]: DEBUG nova.api.openstack.wsgi_app [None req-83c4bb73-4c76-4435-92cb-d0b38378db69 None None] instance_format = [instance: %(uuid)s] {{(pid=108362) log_opt_values /opt/stack/data/venv/lib/python3.12/site-packages/oslo_config/cfg.py:2995}}
May 09 01:33:45.367286 np0000172843 devstack@n-api-meta.service[108362]: DEBUG nova.api.openstack.wsgi_app [None req-83c4bb73-4c76-4435-92cb-d0b38378db69 None None] instance_name_template = instance-%08x {{(pid=108362) log_opt_values /opt/stack/data/venv/lib/python3.12/site-packages/oslo_config/cfg.py:2995}}
May 09 01:33:45.367426 np0000172843 devstack@n-api-meta.service[108362]: DEBUG nova.api.openstack.wsgi_app [None req-83c4bb73-4c76-4435-92cb-d0b38378db69 None None] instance_usage_audit = False {{(pid=108362) log_opt_values /opt/stack/data/venv/lib/python3.12/site-packages/oslo_config/cfg.py:2995}}
May 09 01:33:45.367559 np0000172843 devstack@n-api-meta.service[108362]: DEBUG nova.api.openstack.wsgi_app [None req-83c4bb73-4c76-4435-92cb-d0b38378db69 None None] instance_usage_audit_period = month {{(pid=108362) log_opt_values /opt/stack/data/venv/lib/python3.12/site-packages/oslo_config/cfg.py:2995}}
May 09 01:33:45.367709 np0000172843 devstack@n-api-meta.service[108362]: DEBUG nova.api.openstack.wsgi_app [None req-83c4bb73-4c76-4435-92cb-d0b38378db69 None None] instance_uuid_format = [instance: %(uuid)s] {{(pid=108362) log_opt_values /opt/stack/data/venv/lib/python3.12/site-packages/oslo_config/cfg.py:2995}}
May 09 01:33:45.367829 np0000172843 devstack@n-api-meta.service[108362]: DEBUG nova.api.openstack.wsgi_app [None req-83c4bb73-4c76-4435-92cb-d0b38378db69 None None] instances_path = /opt/stack/data/nova/instances {{(pid=108362) log_opt_values /opt/stack/data/venv/lib/python3.12/site-packages/oslo_config/cfg.py:2995}}
May 09 01:33:45.367957 np0000172843 devstack@n-api-meta.service[108362]: DEBUG nova.api.openstack.wsgi_app [None req-83c4bb73-4c76-4435-92cb-d0b38378db69 None None] internal_service_availability_zone = internal {{(pid=108362) log_opt_values /opt/stack/data/venv/lib/python3.12/site-packages/oslo_config/cfg.py:2995}}
May 09 01:33:45.368078 np0000172843 devstack@n-api-meta.service[108362]: DEBUG nova.api.openstack.wsgi_app [None req-83c4bb73-4c76-4435-92cb-d0b38378db69 None None] key = None {{(pid=108362) log_opt_values /opt/stack/data/venv/lib/python3.12/site-packages/oslo_config/cfg.py:2995}}
May 09 01:33:45.368203 np0000172843 devstack@n-api-meta.service[108362]: DEBUG nova.api.openstack.wsgi_app [None req-83c4bb73-4c76-4435-92cb-d0b38378db69 None None] live_migration_retry_count = 30 {{(pid=108362) log_opt_values /opt/stack/data/venv/lib/python3.12/site-packages/oslo_config/cfg.py:2995}}
