Aug 14 09:08:04.975546 np0000189554 devstack@neutron-api.service[101556]: DEBUG neutron.api.extensions [None req-1a2007f7-1e49-44be-bb79-bf54d52344fc None None] Loading extension file: flavors.py {{(pid=101556) _load_all_extensions_from_path /opt/stack/neutron/neutron/api/extensions.py:449}}
Aug 14 09:08:04.975839 np0000189554 devstack@neutron-api.service[101556]: DEBUG neutron.api.extensions [None req-1a2007f7-1e49-44be-bb79-bf54d52344fc None None] Ext name="Neutron Service Flavors" alias="flavors" description="Flavor specification for Neutron advanced services." updated="2015-09-17T10:00:00-00:00" {{(pid=101556) _check_extension /opt/stack/neutron/neutron/api/extensions.py:415}}
Aug 14 09:08:04.976013 np0000189554 devstack@neutron-api.service[101556]: INFO neutron.api.extensions [None req-1a2007f7-1e49-44be-bb79-bf54d52344fc None None] Loaded extension: flavors
Aug 14 09:08:04.976097 np0000189554 devstack@neutron-api.service[101556]: DEBUG neutron.api.extensions [None req-1a2007f7-1e49-44be-bb79-bf54d52344fc None None] Loading extension file: floating_ip_port_forwarding.py {{(pid=101556) _load_all_extensions_from_path /opt/stack/neutron/neutron/api/extensions.py:449}}
Aug 14 09:08:04.976480 np0000189554 devstack@neutron-api.service[101556]: DEBUG neutron.api.extensions [None req-1a2007f7-1e49-44be-bb79-bf54d52344fc None None] Ext name="Floating IP Port Forwarding" alias="floating-ip-port-forwarding" description="Allow port forwarding from floating IP port to an internal port" updated="2018-01-19T10:00:00-00:00" {{(pid=101556) _check_extension /opt/stack/neutron/neutron/api/extensions.py:415}}
Aug 14 09:08:04.976645 np0000189554 devstack@neutron-api.service[101556]: INFO neutron.api.extensions [None req-1a2007f7-1e49-44be-bb79-bf54d52344fc None None] Extension floating-ip-port-forwarding not supported by any of loaded plugins
Aug 14 09:08:04.976741 np0000189554 devstack@neutron-api.service[101556]: DEBUG neutron.api.extensions [None req-1a2007f7-1e49-44be-bb79-bf54d52344fc None None] Loading extension file: floatingip_pools.py {{(pid=101556) _load_all_extensions_from_path /opt/stack/neutron/neutron/api/extensions.py:449}}
Aug 14 09:08:04.977020 np0000189554 devstack@neutron-api.service[101556]: DEBUG neutron.api.extensions [None req-1a2007f7-1e49-44be-bb79-bf54d52344fc None None] Ext name="Floating IP Pools Extension" alias="floatingip-pools" description="Provides a floating IP pools API." updated="2018-03-21T10:00:00-00:00" {{(pid=101556) _check_extension /opt/stack/neutron/neutron/api/extensions.py:415}}
Aug 14 09:08:04.977206 np0000189554 devstack@neutron-api.service[101556]: INFO neutron.api.extensions [None req-1a2007f7-1e49-44be-bb79-bf54d52344fc None None] Loaded extension: floatingip-pools
Aug 14 09:08:04.977330 np0000189554 devstack@neutron-api.service[101556]: DEBUG neutron.api.extensions [None req-1a2007f7-1e49-44be-bb79-bf54d52344fc None None] Loading extension file: ip_allocation.py {{(pid=101556) _load_all_extensions_from_path /opt/stack/neutron/neutron/api/extensions.py:449}}
Aug 14 09:08:04.977569 np0000189554 devstack@neutron-api.service[101556]: DEBUG neutron.api.extensions [None req-1a2007f7-1e49-44be-bb79-bf54d52344fc None None] Ext name="IP Allocation" alias="ip_allocation" description="IP allocation extension." updated="2016-06-10T23:00:00-00:00" {{(pid=101556) _check_extension /opt/stack/neutron/neutron/api/extensions.py:415}}
Aug 14 09:08:04.977758 np0000189554 devstack@neutron-api.service[101556]: INFO neutron.api.extensions [None req-1a2007f7-1e49-44be-bb79-bf54d52344fc None None] Extension ip_allocation not supported by any of loaded plugins
Aug 14 09:08:04.977851 np0000189554 devstack@neutron-api.service[101556]: DEBUG neutron.api.extensions [None req-1a2007f7-1e49-44be-bb79-bf54d52344fc None None] Loading extension file: ip_substring_port_filtering.py {{(pid=101556) _load_all_extensions_from_path /opt/stack/neutron/neutron/api/extensions.py:449}}
Aug 14 09:08:04.978083 np0000189554 devstack@neutron-api.service[101556]: DEBUG neutron.api.extensions [None req-1a2007f7-1e49-44be-bb79-bf54d52344fc None None] Ext name="IP address substring filtering" alias="ip-substring-filtering" description="Provides IP address substring filtering when listing ports" updated="2017-11-28T09:00:00-00:00" {{(pid=101556) _check_extension /opt/stack/neutron/neutron/api/extensions.py:415}}
Aug 14 09:08:04.978294 np0000189554 devstack@neutron-api.service[101556]: INFO neutron.api.extensions [None req-1a2007f7-1e49-44be-bb79-bf54d52344fc None None] Extension ip-substring-filtering not supported by any of loaded plugins
Aug 14 09:08:04.978392 np0000189554 devstack@neutron-api.service[101556]: DEBUG neutron.api.extensions [None req-1a2007f7-1e49-44be-bb79-bf54d52344fc None None] Loading extension file: l2_adjacency.py {{(pid=101556) _load_all_extensions_from_path /opt/stack/neutron/neutron/api/extensions.py:449}}
Aug 14 09:08:04.978628 np0000189554 devstack@neutron-api.service[101556]: DEBUG neutron.api.extensions [None req-1a2007f7-1e49-44be-bb79-bf54d52344fc None None] Ext name="L2 Adjacency" alias="l2_adjacency" description="Display L2 Adjacency for Neutron Networks." updated="2016-04-12T16:00:00-00:00" {{(pid=101556) _check_extension /opt/stack/neutron/neutron/api/extensions.py:415}}
Aug 14 09:08:04.978801 np0000189554 devstack@neutron-api.service[101556]: INFO neutron.api.extensions [None req-1a2007f7-1e49-44be-bb79-bf54d52344fc None None] Extension l2_adjacency not supported by any of loaded plugins
Aug 14 09:08:04.978915 np0000189554 devstack@neutron-api.service[101556]: DEBUG neutron.api.extensions [None req-1a2007f7-1e49-44be-bb79-bf54d52344fc None None] Loading extension file: l3.py {{(pid=101556) _load_all_extensions_from_path /opt/stack/neutron/neutron/api/extensions.py:449}}
Aug 14 09:08:04.979490 np0000189554 devstack@neutron-api.service[101556]: DEBUG neutron.api.extensions [None req-1a2007f7-1e49-44be-bb79-bf54d52344fc None None] Ext name="Neutron L3 Router" alias="router" description="Router abstraction for basic L3 forwarding between L2 Neutron networks and access to external networks via a NAT gateway." updated="2012-07-20T10:00:00-00:00" {{(pid=101556) _check_extension /opt/stack/neutron/neutron/api/extensions.py:415}}
Aug 14 09:08:04.979670 np0000189554 devstack@neutron-api.service[101556]: INFO neutron.api.extensions [None req-1a2007f7-1e49-44be-bb79-bf54d52344fc None None] Loaded extension: router
Aug 14 09:08:04.979815 np0000189554 devstack@neutron-api.service[101556]: DEBUG neutron.api.extensions [None req-1a2007f7-1e49-44be-bb79-bf54d52344fc None None] Loading extension file: l3_agent_scheduler_ha_chassis_priority.py {{(pid=101556) _load_all_extensions_from_path /opt/stack/neutron/neutron/api/extensions.py:449}}
Aug 14 09:08:04.980055 np0000189554 devstack@neutron-api.service[101556]: DEBUG neutron.api.extensions [None req-1a2007f7-1e49-44be-bb79-bf54d52344fc None None] Ext name="L3 Agent Scheduler HA Chassis Priority" alias="l3-agent-scheduler-ha-chassis-priority" description="Exposes the HA_Chassis priority in the L3 Agent Scheduler API responses and allows setting priority when scheduling a router to a chassis." updated="2026-03-31T00:00:00-00:00" {{(pid=101556) _check_extension /opt/stack/neutron/neutron/api/extensions.py:415}}
Aug 14 09:08:04.980232 np0000189554 devstack@neutron-api.service[101556]: INFO neutron.api.extensions [None req-1a2007f7-1e49-44be-bb79-bf54d52344fc None None] Loaded extension: l3-agent-scheduler-ha-chassis-priority
Aug 14 09:08:04.980350 np0000189554 devstack@neutron-api.service[101556]: DEBUG neutron.api.extensions [None req-1a2007f7-1e49-44be-bb79-bf54d52344fc None None] Loading extension file: l3_conntrack_helper.py {{(pid=101556) _load_all_extensions_from_path /opt/stack/neutron/neutron/api/extensions.py:449}}
Aug 14 09:08:04.981211 np0000189554 devstack@neutron-api.service[101555]: INFO neutron.plugins.ml2.drivers.type_vlan [None req-da7f8841-3ff1-459a-8494-48941c422260 None None] VlanTypeDriver initialization complete
Aug 14 09:08:04.981211 np0000189554 devstack@neutron-api.service[101555]: INFO neutron.plugins.ml2.managers [None req-da7f8841-3ff1-459a-8494-48941c422260 None None] Initializing extension driver 'port_security'
Aug 14 09:08:04.981211 np0000189554 devstack@neutron-api.service[101555]: INFO neutron.plugins.ml2.extensions.port_security [None req-da7f8841-3ff1-459a-8494-48941c422260 None None] PortSecurityExtensionDriver initialization complete
Aug 14 09:08:04.981211 np0000189554 devstack@neutron-api.service[101555]: INFO neutron.plugins.ml2.managers [None req-da7f8841-3ff1-459a-8494-48941c422260 None None] Initializing extension driver 'qos'
Aug 14 09:08:04.981625 np0000189554 devstack@neutron-api.service[101556]: DEBUG neutron.api.extensions [None req-1a2007f7-1e49-44be-bb79-bf54d52344fc None None] Ext name="L3 Conntrack helper" alias="l3-conntrack-helper" description="Allow adding CT target rules for conntrack helper" updated="2019-04-04T10:00:00-00:00" {{(pid=101556) _check_extension /opt/stack/neutron/neutron/api/extensions.py:415}}
Aug 14 09:08:04.981749 np0000189554 devstack@neutron-api.service[101555]: DEBUG neutron.plugins.ml2.extensions.qos [None req-da7f8841-3ff1-459a-8494-48941c422260 None None] QosExtensionDriver initialization complete {{(pid=101555) initialize /opt/stack/neutron/neutron/plugins/ml2/extensions/qos.py:31}}
Aug 14 09:08:04.981749 np0000189554 devstack@neutron-api.service[101555]: INFO neutron.plugins.ml2.managers [None req-da7f8841-3ff1-459a-8494-48941c422260 None None] Initializing mechanism driver 'ovn'
Aug 14 09:08:04.982067 np0000189554 devstack@neutron-api.service[101556]: INFO neutron.api.extensions [None req-1a2007f7-1e49-44be-bb79-bf54d52344fc None None] Extension l3-conntrack-helper not supported by any of loaded plugins
Aug 14 09:08:04.982188 np0000189554 devstack@neutron-api.service[101555]: INFO neutron.plugins.ml2.drivers.ovn.mech_driver.mech_driver [None req-da7f8841-3ff1-459a-8494-48941c422260 None None] Starting OVNMechanismDriver
Aug 14 09:08:04.982302 np0000189554 devstack@neutron-api.service[101556]: DEBUG neutron.api.extensions [None req-1a2007f7-1e49-44be-bb79-bf54d52344fc None None] Loading extension file: l3_enable_default_route_bfd.py {{(pid=101556) _load_all_extensions_from_path /opt/stack/neutron/neutron/api/extensions.py:449}}
Aug 14 09:08:04.982302 np0000189554 devstack@neutron-api.service[101556]: DEBUG neutron.api.extensions [None req-1a2007f7-1e49-44be-bb79-bf54d52344fc None None] Ext name="Enable Default Route BFD" alias="enable-default-route-bfd" description="Enables configurable BFD behavior for default routes" updated="2023-02-27T00:00:00-00:00" {{(pid=101556) _check_extension /opt/stack/neutron/neutron/api/extensions.py:415}}
Aug 14 09:08:04.982302 np0000189554 devstack@neutron-api.service[101556]: INFO neutron.api.extensions [None req-1a2007f7-1e49-44be-bb79-bf54d52344fc None None] Loaded extension: enable-default-route-bfd
Aug 14 09:08:04.982302 np0000189554 devstack@neutron-api.service[101556]: DEBUG neutron.api.extensions [None req-1a2007f7-1e49-44be-bb79-bf54d52344fc None None] Loading extension file: l3_enable_default_route_ecmp.py {{(pid=101556) _load_all_extensions_from_path /opt/stack/neutron/neutron/api/extensions.py:449}}
Aug 14 09:08:04.982591 np0000189554 devstack@neutron-api.service[101556]: DEBUG neutron.api.extensions [None req-1a2007f7-1e49-44be-bb79-bf54d52344fc None None] Ext name="Enable Default Route ECMP" alias="enable-default-route-ecmp" description="Enables configurable ECMP behavior for default routes" updated="2023-02-27T00:00:00-00:00" {{(pid=101556) _check_extension /opt/stack/neutron/neutron/api/extensions.py:415}}
Aug 14 09:08:04.982591 np0000189554 devstack@neutron-api.service[101556]: INFO neutron.api.extensions [None req-1a2007f7-1e49-44be-bb79-bf54d52344fc None None] Loaded extension: enable-default-route-ecmp
Aug 14 09:08:04.982824 np0000189554 devstack@neutron-api.service[101556]: DEBUG neutron.api.extensions [None req-1a2007f7-1e49-44be-bb79-bf54d52344fc None None] Loading extension file: l3_ext_gw_mode.py {{(pid=101556) _load_all_extensions_from_path /opt/stack/neutron/neutron/api/extensions.py:449}}
Aug 14 09:08:04.982893 np0000189554 devstack@neutron-api.service[101556]: DEBUG neutron.api.extensions [None req-1a2007f7-1e49-44be-bb79-bf54d52344fc None None] Ext name="Neutron L3 Configurable external gateway mode" alias="ext-gw-mode" description="Extension of the router abstraction for specifying whether SNAT should occur on the external gateway" updated="2013-03-28T10:00:00-00:00" {{(pid=101556) _check_extension /opt/stack/neutron/neutron/api/extensions.py:415}}
Aug 14 09:08:04.983107 np0000189554 devstack@neutron-api.service[101556]: INFO neutron.api.extensions [None req-1a2007f7-1e49-44be-bb79-bf54d52344fc None None] Loaded extension: ext-gw-mode
Aug 14 09:08:04.983107 np0000189554 devstack@neutron-api.service[101556]: DEBUG neutron.api.extensions [None req-1a2007f7-1e49-44be-bb79-bf54d52344fc None None] Loading extension file: l3_ext_ha_mode.py {{(pid=101556) _load_all_extensions_from_path /opt/stack/neutron/neutron/api/extensions.py:449}}
Aug 14 09:08:04.983233 np0000189554 devstack@neutron-api.service[101555]: DEBUG neutron_lib.callbacks.manager [None req-da7f8841-3ff1-459a-8494-48941c422260 None None] Subscribe: > process before_spawn 55550000, False {{(pid=101555) subscribe /opt/stack/data/venv/lib/python3.12/site-packages/neutron_lib/callbacks/manager.py:52}}
Aug 14 09:08:04.983385 np0000189554 devstack@neutron-api.service[101555]: DEBUG neutron_lib.callbacks.manager [None req-da7f8841-3ff1-459a-8494-48941c422260 None None] Subscribe: > process after_init 55550000, True {{(pid=101555) subscribe /opt/stack/data/venv/lib/python3.12/site-packages/neutron_lib/callbacks/manager.py:52}}
Aug 14 09:08:04.983428 np0000189554 devstack@neutron-api.service[101556]: DEBUG neutron.api.extensions [None req-1a2007f7-1e49-44be-bb79-bf54d52344fc None None] Ext name="HA Router extension" alias="l3-ha" description="Adds HA capability to routers." updated="2014-04-26T00:00:00-00:00" {{(pid=101556) _check_extension /opt/stack/neutron/neutron/api/extensions.py:415}}
Aug 14 09:08:04.983496 np0000189554 devstack@neutron-api.service[101555]: DEBUG neutron_lib.callbacks.manager [None req-da7f8841-3ff1-459a-8494-48941c422260 None None] Subscribe: > segment after_create 55550000, False {{(pid=101555) subscribe /opt/stack/data/venv/lib/python3.12/site-packages/neutron_lib/callbacks/manager.py:52}}
Aug 14 09:08:04.983546 np0000189554 devstack@neutron-api.service[101556]: INFO neutron.api.extensions [None req-1a2007f7-1e49-44be-bb79-bf54d52344fc None None] Loaded extension: l3-ha
Aug 14 09:08:04.983683 np0000189554 devstack@neutron-api.service[101555]: DEBUG neutron_lib.callbacks.manager [None req-da7f8841-3ff1-459a-8494-48941c422260 None None] Subscribe: > segment after_create 55550000, False {{(pid=101555) subscribe /opt/stack/data/venv/lib/python3.12/site-packages/neutron_lib/callbacks/manager.py:52}}
Aug 14 09:08:04.983793 np0000189554 devstack@neutron-api.service[101556]: DEBUG neutron.api.extensions [None req-1a2007f7-1e49-44be-bb79-bf54d52344fc None None] Loading extension file: l3_ext_ndp_proxy.py {{(pid=101556) _load_all_extensions_from_path /opt/stack/neutron/neutron/api/extensions.py:449}}
Aug 14 09:08:04.983888 np0000189554 devstack@neutron-api.service[101555]: DEBUG neutron_lib.callbacks.manager [None req-da7f8841-3ff1-459a-8494-48941c422260 None None] Subscribe: > segment after_delete 55550000, False {{(pid=101555) subscribe /opt/stack/data/venv/lib/python3.12/site-packages/neutron_lib/callbacks/manager.py:52}}
Aug 14 09:08:04.983888 np0000189554 devstack@neutron-api.service[101555]: DEBUG neutron_lib.callbacks.manager [None req-da7f8841-3ff1-459a-8494-48941c422260 None None] Subscribe: > allowed_address_pair before_create 55550000, False {{(pid=101555) subscribe /opt/stack/data/venv/lib/python3.12/site-packages/neutron_lib/callbacks/manager.py:52}}
Aug 14 09:08:04.984042 np0000189554 devstack@neutron-api.service[101556]: DEBUG neutron.api.extensions [None req-1a2007f7-1e49-44be-bb79-bf54d52344fc None None] Ext name="Router support to enable NDP proxy" alias="l3-ext-ndp-proxy" description="Router extension to enable ndp proxy" updated="2020-08-25T00:00:00-00:00" {{(pid=101556) _check_extension /opt/stack/neutron/neutron/api/extensions.py:415}}
Aug 14 09:08:04.984157 np0000189554 devstack@neutron-api.service[101555]: DEBUG neutron_lib.callbacks.manager [None req-da7f8841-3ff1-459a-8494-48941c422260 None None] Subscribe: > security_group precommit_create 55550000, False {{(pid=101555) subscribe /opt/stack/data/venv/lib/python3.12/site-packages/neutron_lib/callbacks/manager.py:52}}
Aug 14 09:08:04.984157 np0000189554 devstack@neutron-api.service[101555]: DEBUG neutron_lib.callbacks.manager [None req-da7f8841-3ff1-459a-8494-48941c422260 None None] Subscribe: > security_group after_update 55550000, False {{(pid=101555) subscribe /opt/stack/data/venv/lib/python3.12/site-packages/neutron_lib/callbacks/manager.py:52}}
Aug 14 09:08:04.984349 np0000189554 devstack@neutron-api.service[101556]: INFO neutron.api.extensions [None req-1a2007f7-1e49-44be-bb79-bf54d52344fc None None] Extension l3-ext-ndp-proxy not supported by any of loaded plugins
Aug 14 09:08:04.984349 np0000189554 devstack@neutron-api.service[101556]: DEBUG neutron.api.extensions [None req-1a2007f7-1e49-44be-bb79-bf54d52344fc None None] Loading extension file: l3_extra_gws.py {{(pid=101556) _load_all_extensions_from_path /opt/stack/neutron/neutron/api/extensions.py:449}}
Aug 14 09:08:04.984518 np0000189554 devstack@neutron-api.service[101555]: DEBUG neutron_lib.callbacks.manager [None req-da7f8841-3ff1-459a-8494-48941c422260 None None] Subscribe: > security_group after_create 55550000, False {{(pid=101555) subscribe /opt/stack/data/venv/lib/python3.12/site-packages/neutron_lib/callbacks/manager.py:52}}
Aug 14 09:08:04.984518 np0000189554 devstack@neutron-api.service[101555]: DEBUG neutron_lib.callbacks.manager [None req-da7f8841-3ff1-459a-8494-48941c422260 None None] Subscribe: > security_group precommit_delete 55550000, False {{(pid=101555) subscribe /opt/stack/data/venv/lib/python3.12/site-packages/neutron_lib/callbacks/manager.py:52}}
Aug 14 09:08:04.984518 np0000189554 devstack@neutron-api.service[101555]: DEBUG neutron_lib.callbacks.manager [None req-da7f8841-3ff1-459a-8494-48941c422260 None None] Subscribe: > security_group after_delete 55550000, False {{(pid=101555) subscribe /opt/stack/data/venv/lib/python3.12/site-packages/neutron_lib/callbacks/manager.py:52}}
Aug 14 09:08:04.984754 np0000189554 devstack@neutron-api.service[101556]: DEBUG neutron.api.extensions [None req-1a2007f7-1e49-44be-bb79-bf54d52344fc None None] Ext name="Neutron L3 External Gateway Multihoming" alias="external-gateway-multihoming" description="Allow multiple external gateway ports per router" updated="2023-01-18T00:00:00-00:00" {{(pid=101556) _check_extension /opt/stack/neutron/neutron/api/extensions.py:415}}
Aug 14 09:08:04.984926 np0000189554 devstack@neutron-api.service[101555]: DEBUG neutron_lib.callbacks.manager [None req-da7f8841-3ff1-459a-8494-48941c422260 None None] Subscribe: > security_group_rule precommit_create 55550000, False {{(pid=101555) subscribe /opt/stack/data/venv/lib/python3.12/site-packages/neutron_lib/callbacks/manager.py:52}}
Aug 14 09:08:04.984926 np0000189554 devstack@neutron-api.service[101555]: DEBUG neutron_lib.callbacks.manager [None req-da7f8841-3ff1-459a-8494-48941c422260 None None] Subscribe: > security_group_rule after_create 55550000, False {{(pid=101555) subscribe /opt/stack/data/venv/lib/python3.12/site-packages/neutron_lib/callbacks/manager.py:52}}
Aug 14 09:08:04.985154 np0000189554 devstack@neutron-api.service[101556]: INFO neutron.api.extensions [None req-1a2007f7-1e49-44be-bb79-bf54d52344fc None None] Loaded extension: external-gateway-multihoming
Aug 14 09:08:04.985154 np0000189554 devstack@neutron-api.service[101556]: DEBUG neutron.api.extensions [None req-1a2007f7-1e49-44be-bb79-bf54d52344fc None None] Loading extension file: l3_flavors.py {{(pid=101556) _load_all_extensions_from_path /opt/stack/neutron/neutron/api/extensions.py:449}}
Aug 14 09:08:04.985335 np0000189554 devstack@neutron-api.service[101555]: DEBUG neutron_lib.callbacks.manager [None req-da7f8841-3ff1-459a-8494-48941c422260 None None] Subscribe: > security_group_rule before_delete 55550000, False {{(pid=101555) subscribe /opt/stack/data/venv/lib/python3.12/site-packages/neutron_lib/callbacks/manager.py:52}}
Aug 14 09:08:04.985335 np0000189554 devstack@neutron-api.service[101555]: DEBUG neutron_lib.callbacks.manager [None req-da7f8841-3ff1-459a-8494-48941c422260 None None] Subscribe: > address_group after_create 55550000, False {{(pid=101555) subscribe /opt/stack/data/venv/lib/python3.12/site-packages/neutron_lib/callbacks/manager.py:52}}
Aug 14 09:08:04.985335 np0000189554 devstack@neutron-api.service[101555]: DEBUG neutron_lib.callbacks.manager [None req-da7f8841-3ff1-459a-8494-48941c422260 None None] Subscribe: > address_group after_update 55550000, False {{(pid=101555) subscribe /opt/stack/data/venv/lib/python3.12/site-packages/neutron_lib/callbacks/manager.py:52}}
Aug 14 09:08:04.985566 np0000189554 devstack@neutron-api.service[101556]: DEBUG neutron.api.extensions [None req-1a2007f7-1e49-44be-bb79-bf54d52344fc None None] Ext name="Router Flavor Extension" alias="l3-flavors" description="Flavor support for routers." updated="2016-05-17T00:00:00-00:00" {{(pid=101556) _check_extension /opt/stack/neutron/neutron/api/extensions.py:415}}
Aug 14 09:08:04.985685 np0000189554 devstack@neutron-api.service[101555]: DEBUG neutron_lib.callbacks.manager [None req-da7f8841-3ff1-459a-8494-48941c422260 None None] Subscribe: > address_group after_delete 55550000, False {{(pid=101555) subscribe /opt/stack/data/venv/lib/python3.12/site-packages/neutron_lib/callbacks/manager.py:52}}
Aug 14 09:08:04.985800 np0000189554 devstack@neutron-api.service[101556]: INFO neutron.api.extensions [None req-1a2007f7-1e49-44be-bb79-bf54d52344fc None None] Loaded extension: l3-flavors
Aug 14 09:08:04.985800 np0000189554 devstack@neutron-api.service[101556]: DEBUG neutron.api.extensions [None req-1a2007f7-1e49-44be-bb79-bf54d52344fc None None] Loading extension file: l3_ndp_proxy.py {{(pid=101556) _load_all_extensions_from_path /opt/stack/neutron/neutron/api/extensions.py:449}}
Aug 14 09:08:04.985915 np0000189554 devstack@neutron-api.service[101555]: DEBUG neutron_lib.callbacks.manager [None req-da7f8841-3ff1-459a-8494-48941c422260 None None] Subscribe: > qos_plugin after_init 55550000, False {{(pid=101555) subscribe /opt/stack/data/venv/lib/python3.12/site-packages/neutron_lib/callbacks/manager.py:52}}
Aug 14 09:08:04.985915 np0000189554 devstack@neutron-api.service[101555]: DEBUG neutron_lib.callbacks.manager [None req-da7f8841-3ff1-459a-8494-48941c422260 None None] Subscribe: > trunk_plugin after_init 55550000, False {{(pid=101555) subscribe /opt/stack/data/venv/lib/python3.12/site-packages/neutron_lib/callbacks/manager.py:52}}
Aug 14 09:08:04.986050 np0000189554 devstack@neutron-api.service[101556]: DEBUG neutron.api.extensions [None req-1a2007f7-1e49-44be-bb79-bf54d52344fc None None] Ext name="name" alias="l3-ndp-proxy" description="description" updated="2021-06-29T10:00:00-00:00" {{(pid=101556) _check_extension /opt/stack/neutron/neutron/api/extensions.py:415}}
Aug 14 09:08:04.986143 np0000189554 devstack@neutron-api.service[101555]: DEBUG neutron_lib.callbacks.manager [None req-da7f8841-3ff1-459a-8494-48941c422260 None None] Subscribe: > logging-plugin after_init 55550000, False {{(pid=101555) subscribe /opt/stack/data/venv/lib/python3.12/site-packages/neutron_lib/callbacks/manager.py:52}}
Aug 14 09:08:04.986233 np0000189554 devstack@neutron-api.service[101556]: INFO neutron.api.extensions [None req-1a2007f7-1e49-44be-bb79-bf54d52344fc None None] Extension l3-ndp-proxy not supported by any of loaded plugins
Aug 14 09:08:04.986233 np0000189554 devstack@neutron-api.service[101556]: DEBUG neutron.api.extensions [None req-1a2007f7-1e49-44be-bb79-bf54d52344fc None None] Loading extension file: l3_port_ip_change_not_allowed.py {{(pid=101556) _load_all_extensions_from_path /opt/stack/neutron/neutron/api/extensions.py:449}}
Aug 14 09:08:04.986357 np0000189554 devstack@neutron-api.service[101555]: INFO neutron.services.logapi.drivers.ovn.driver [None req-da7f8841-3ff1-459a-8494-48941c422260 None None] OVN logging driver registered
Aug 14 09:08:04.986357 np0000189554 devstack@neutron-api.service[101555]: DEBUG neutron_lib.callbacks.manager [None req-da7f8841-3ff1-459a-8494-48941c422260 None None] Subscribe: ._register_pvlan_driver at 0x7885fd2d07c0> pvlan_plugin before_spawn 55550000, False {{(pid=101555) subscribe /opt/stack/data/venv/lib/python3.12/site-packages/neutron_lib/callbacks/manager.py:52}}
Aug 14 09:08:04.986357 np0000189554 devstack@neutron-api.service[101555]: DEBUG neutron_lib.callbacks.manager [None req-da7f8841-3ff1-459a-8494-48941c422260 None None] Subscribe: process after_init 55550000, False {{(pid=101555) subscribe /opt/stack/data/venv/lib/python3.12/site-packages/neutron_lib/callbacks/manager.py:52}}
Aug 14 09:08:04.987660 np0000189554 devstack@neutron-api.service[101555]: DEBUG neutron.plugins.ml2.plugin [None req-da7f8841-3ff1-459a-8494-48941c422260 None None] neutron.plugins.ml2.plugin.Ml2Plugin method _start_rpc_notifiers called with arguments () {} {{(pid=101555) wrapper /opt/stack/data/venv/lib/python3.12/site-packages/oslo_log/helpers.py:77}}
Aug 14 09:08:04.987955 np0000189554 devstack@neutron-api.service[101555]: DEBUG neutron_lib.callbacks.manager [None req-da7f8841-3ff1-459a-8494-48941c422260 None None] Subscribe: > port after_create 55550000, False {{(pid=101555) subscribe /opt/stack/data/venv/lib/python3.12/site-packages/neutron_lib/callbacks/manager.py:52}}
Aug 14 09:08:04.988069 np0000189554 devstack@neutron-api.service[101555]: DEBUG neutron_lib.callbacks.manager [None req-da7f8841-3ff1-459a-8494-48941c422260 None None] Subscribe: > port after_update 55550000, False {{(pid=101555) subscribe /opt/stack/data/venv/lib/python3.12/site-packages/neutron_lib/callbacks/manager.py:52}}
Aug 14 09:08:04.988343 np0000189554 devstack@neutron-api.service[101555]: DEBUG neutron_lib.callbacks.manager [None req-da7f8841-3ff1-459a-8494-48941c422260 None None] Subscribe: > port after_delete 55550000, False {{(pid=101555) subscribe /opt/stack/data/venv/lib/python3.12/site-packages/neutron_lib/callbacks/manager.py:52}}
Aug 14 09:08:04.988343 np0000189554 devstack@neutron-api.service[101555]: DEBUG neutron_lib.callbacks.manager [None req-da7f8841-3ff1-459a-8494-48941c422260 None None] Subscribe: > subnet after_create 55550000, False {{(pid=101555) subscribe /opt/stack/data/venv/lib/python3.12/site-packages/neutron_lib/callbacks/manager.py:52}}
Aug 14 09:08:04.988493 np0000189554 devstack@neutron-api.service[101555]: DEBUG neutron_lib.callbacks.manager [None req-da7f8841-3ff1-459a-8494-48941c422260 None None] Subscribe: > subnet after_update 55550000, False {{(pid=101555) subscribe /opt/stack/data/venv/lib/python3.12/site-packages/neutron_lib/callbacks/manager.py:52}}
Aug 14 09:08:04.988493 np0000189554 devstack@neutron-api.service[101555]: DEBUG neutron_lib.callbacks.manager [None req-da7f8841-3ff1-459a-8494-48941c422260 None None] Subscribe: > subnet after_delete 55550000, False {{(pid=101555) subscribe /opt/stack/data/venv/lib/python3.12/site-packages/neutron_lib/callbacks/manager.py:52}}
Aug 14 09:08:04.988649 np0000189554 devstack@neutron-api.service[101555]: DEBUG neutron_lib.callbacks.manager [None req-da7f8841-3ff1-459a-8494-48941c422260 None None] Subscribe: > network after_create 55550000, False {{(pid=101555) subscribe /opt/stack/data/venv/lib/python3.12/site-packages/neutron_lib/callbacks/manager.py:52}}
Aug 14 09:08:04.988739 np0000189554 devstack@neutron-api.service[101555]: DEBUG neutron_lib.callbacks.manager [None req-da7f8841-3ff1-459a-8494-48941c422260 None None] Subscribe: > network after_update 55550000, False {{(pid=101555) subscribe /opt/stack/data/venv/lib/python3.12/site-packages/neutron_lib/callbacks/manager.py:52}}
Aug 14 09:08:04.988828 np0000189554 devstack@neutron-api.service[101555]: DEBUG neutron_lib.callbacks.manager [None req-da7f8841-3ff1-459a-8494-48941c422260 None None] Subscribe: > network after_delete 55550000, False {{(pid=101555) subscribe /opt/stack/data/venv/lib/python3.12/site-packages/neutron_lib/callbacks/manager.py:52}}
Aug 14 09:08:04.988866 np0000189554 devstack@neutron-api.service[101555]: DEBUG neutron_lib.callbacks.manager [None req-da7f8841-3ff1-459a-8494-48941c422260 None None] Subscribe: > security_group after_create 55550000, False {{(pid=101555) subscribe /opt/stack/data/venv/lib/python3.12/site-packages/neutron_lib/callbacks/manager.py:52}}
Aug 14 09:08:04.989021 np0000189554 devstack@neutron-api.service[101555]: DEBUG neutron_lib.callbacks.manager [None req-da7f8841-3ff1-459a-8494-48941c422260 None None] Subscribe: > security_group after_update 55550000, False {{(pid=101555) subscribe /opt/stack/data/venv/lib/python3.12/site-packages/neutron_lib/callbacks/manager.py:52}}
Aug 14 09:08:04.989127 np0000189554 devstack@neutron-api.service[101555]: DEBUG neutron_lib.callbacks.manager [None req-da7f8841-3ff1-459a-8494-48941c422260 None None] Subscribe: > security_group after_delete 55550000, False {{(pid=101555) subscribe /opt/stack/data/venv/lib/python3.12/site-packages/neutron_lib/callbacks/manager.py:52}}
Aug 14 09:08:04.989216 np0000189554 devstack@neutron-api.service[101555]: DEBUG neutron_lib.callbacks.manager [None req-da7f8841-3ff1-459a-8494-48941c422260 None None] Subscribe: > security_group_rule after_create 55550000, False {{(pid=101555) subscribe /opt/stack/data/venv/lib/python3.12/site-packages/neutron_lib/callbacks/manager.py:52}}
Aug 14 09:08:04.989332 np0000189554 devstack@neutron-api.service[101555]: DEBUG neutron_lib.callbacks.manager [None req-da7f8841-3ff1-459a-8494-48941c422260 None None] Subscribe: > security_group_rule after_update 55550000, False {{(pid=101555) subscribe /opt/stack/data/venv/lib/python3.12/site-packages/neutron_lib/callbacks/manager.py:52}}
Aug 14 09:08:04.989408 np0000189554 devstack@neutron-api.service[101555]: DEBUG neutron_lib.callbacks.manager [None req-da7f8841-3ff1-459a-8494-48941c422260 None None] Subscribe: > security_group_rule after_delete 55550000, False {{(pid=101555) subscribe /opt/stack/data/venv/lib/python3.12/site-packages/neutron_lib/callbacks/manager.py:52}}
Aug 14 09:08:04.989504 np0000189554 devstack@neutron-api.service[101555]: DEBUG neutron_lib.callbacks.manager [None req-da7f8841-3ff1-459a-8494-48941c422260 None None] Subscribe: > address_group after_create 55550000, False {{(pid=101555) subscribe /opt/stack/data/venv/lib/python3.12/site-packages/neutron_lib/callbacks/manager.py:52}}
Aug 14 09:08:04.989607 np0000189554 devstack@neutron-api.service[101555]: DEBUG neutron_lib.callbacks.manager [None req-da7f8841-3ff1-459a-8494-48941c422260 None None] Subscribe: > address_group after_update 55550000, False {{(pid=101555) subscribe /opt/stack/data/venv/lib/python3.12/site-packages/neutron_lib/callbacks/manager.py:52}}
Aug 14 09:08:04.989644 np0000189554 devstack@neutron-api.service[101555]: DEBUG neutron_lib.callbacks.manager [None req-da7f8841-3ff1-459a-8494-48941c422260 None None] Subscribe: > address_group after_delete 55550000, False {{(pid=101555) subscribe /opt/stack/data/venv/lib/python3.12/site-packages/neutron_lib/callbacks/manager.py:52}}
Aug 14 09:08:04.989798 np0000189554 devstack@neutron-api.service[101555]: DEBUG neutron.plugins.ml2.ovo_rpc [None req-da7f8841-3ff1-459a-8494-48941c422260 None None] ML2 OVO RPC backend initialized. {{(pid=101555) __init__ /opt/stack/neutron/neutron/plugins/ml2/ovo_rpc.py:117}}
Aug 14 09:08:04.990846 np0000189554 devstack@neutron-api.service[101555]: INFO neutron.quota [None req-da7f8841-3ff1-459a-8494-48941c422260 None None] Loaded quota_driver: .
Aug 14 09:08:04.990846 np0000189554 devstack@neutron-api.service[101555]: INFO neutron.plugins.ml2.plugin [None req-da7f8841-3ff1-459a-8494-48941c422260 None None] Modular L2 Plugin initialization complete
Aug 14 09:08:04.990846 np0000189554 devstack@neutron-api.service[101555]: DEBUG neutron.manager [None req-da7f8841-3ff1-459a-8494-48941c422260 None None] Loading services supported by the core plugin {{(pid=101555) _load_services_from_core_plugin /opt/stack/neutron/neutron/manager.py:167}}
Aug 14 09:08:04.990846 np0000189554 devstack@neutron-api.service[101555]: INFO neutron.plugins.ml2.managers [None req-da7f8841-3ff1-459a-8494-48941c422260 None None] Got port-security extension from driver 'port_security'
Aug 14 09:08:04.991906 np0000189554 devstack@neutron-api.service[101555]: DEBUG neutron.manager [None req-da7f8841-3ff1-459a-8494-48941c422260 None None] Loading service plugins: ['ovn-router', 'auto_allocate', 'tag', 'timestamp', 'network_ip_availability', 'flavors', 'revisions'] {{(pid=101555) _load_service_plugins /opt/stack/neutron/neutron/manager.py:192}}
Aug 14 09:08:04.991906 np0000189554 devstack@neutron-api.service[101555]: INFO neutron.manager [None req-da7f8841-3ff1-459a-8494-48941c422260 None None] Loading Plugin: ovn-router
Aug 14 09:08:05.000737 np0000189554 devstack@neutron-api.service[101555]: DEBUG neutron_lib.callbacks.manager [None req-da7f8841-3ff1-459a-8494-48941c422260 None None] Subscribe: > router before_delete 55550000, False {{(pid=101555) subscribe /opt/stack/data/venv/lib/python3.12/site-packages/neutron_lib/callbacks/manager.py:52}}
Aug 14 09:08:05.000859 np0000189554 devstack@neutron-api.service[101555]: DEBUG neutron_lib.callbacks.manager [None req-da7f8841-3ff1-459a-8494-48941c422260 None None] Subscribe: port before_update 55550000, False {{(pid=101555) subscribe /opt/stack/data/venv/lib/python3.12/site-packages/neutron_lib/callbacks/manager.py:52}}
Aug 14 09:08:05.000995 np0000189554 devstack@neutron-api.service[101555]: DEBUG neutron_lib.callbacks.manager [None req-da7f8841-3ff1-459a-8494-48941c422260 None None] Subscribe: port after_update 55550000, False {{(pid=101555) subscribe /opt/stack/data/venv/lib/python3.12/site-packages/neutron_lib/callbacks/manager.py:52}}
Aug 14 09:08:05.000995 np0000189554 devstack@neutron-api.service[101555]: DEBUG neutron_lib.callbacks.manager [None req-da7f8841-3ff1-459a-8494-48941c422260 None None] Subscribe: > port precommit_delete 55550000, False {{(pid=101555) subscribe /opt/stack/data/venv/lib/python3.12/site-packages/neutron_lib/callbacks/manager.py:52}}
Aug 14 09:08:05.001169 np0000189554 devstack@neutron-api.service[101555]: DEBUG neutron_lib.callbacks.manager [None req-da7f8841-3ff1-459a-8494-48941c422260 None None] Subscribe: port before_update 55550000, False {{(pid=101555) subscribe /opt/stack/data/venv/lib/python3.12/site-packages/neutron_lib/callbacks/manager.py:52}}
Aug 14 09:08:05.001306 np0000189554 devstack@neutron-api.service[101555]: DEBUG neutron_lib.callbacks.manager [None req-da7f8841-3ff1-459a-8494-48941c422260 None None] Subscribe: port before_delete 55550000, False {{(pid=101555) subscribe /opt/stack/data/venv/lib/python3.12/site-packages/neutron_lib/callbacks/manager.py:52}}
Aug 14 09:08:05.001306 np0000189554 devstack@neutron-api.service[101555]: DEBUG neutron_lib.callbacks.manager [None req-da7f8841-3ff1-459a-8494-48941c422260 None None] Subscribe: > router precommit_create 55550000, False {{(pid=101555) subscribe /opt/stack/data/venv/lib/python3.12/site-packages/neutron_lib/callbacks/manager.py:52}}
Aug 14 09:08:05.001484 np0000189554 devstack@neutron-api.service[101555]: DEBUG neutron_lib.callbacks.manager [None req-da7f8841-3ff1-459a-8494-48941c422260 None None] Subscribe: > router precommit_create 55550000, False {{(pid=101555) subscribe /opt/stack/data/venv/lib/python3.12/site-packages/neutron_lib/callbacks/manager.py:52}}
Aug 14 09:08:05.001638 np0000189554 devstack@neutron-api.service[101555]: DEBUG neutron_lib.callbacks.manager [None req-da7f8841-3ff1-459a-8494-48941c422260 None None] Subscribe: > router precommit_update 55550000, False {{(pid=101555) subscribe /opt/stack/data/venv/lib/python3.12/site-packages/neutron_lib/callbacks/manager.py:52}}
Aug 14 09:08:05.001638 np0000189554 devstack@neutron-api.service[101555]: DEBUG neutron_lib.callbacks.manager [None req-da7f8841-3ff1-459a-8494-48941c422260 None None] Subscribe: subnet after_update 55550000, False {{(pid=101555) subscribe /opt/stack/data/venv/lib/python3.12/site-packages/neutron_lib/callbacks/manager.py:52}}
Aug 14 09:08:05.001903 np0000189554 devstack@neutron-api.service[101555]: DEBUG neutron.quota.resource_registry [None req-da7f8841-3ff1-459a-8494-48941c422260 None None] Tracking information for resource: router configured {{(pid=101555) set_tracked_resource /opt/stack/neutron/neutron/quota/resource_registry.py:203}}
Aug 14 09:08:05.001903 np0000189554 devstack@neutron-api.service[101555]: DEBUG neutron.quota.resource_registry [None req-da7f8841-3ff1-459a-8494-48941c422260 None None] Tracking information for resource: floatingip configured {{(pid=101555) set_tracked_resource /opt/stack/neutron/neutron/quota/resource_registry.py:203}}
Aug 14 09:08:05.002131 np0000189554 devstack@neutron-api.service[101555]: INFO neutron.services.ovn_l3.plugin [None req-da7f8841-3ff1-459a-8494-48941c422260 None None] Starting OVNL3RouterPlugin
Aug 14 09:08:05.002259 np0000189554 devstack@neutron-api.service[101555]: DEBUG neutron_lib.callbacks.manager [None req-da7f8841-3ff1-459a-8494-48941c422260 None None] Subscribe: > port_forwarding_plugin after_init 55550000, False {{(pid=101555) subscribe /opt/stack/data/venv/lib/python3.12/site-packages/neutron_lib/callbacks/manager.py:52}}
Aug 14 09:08:05.002524 np0000189554 devstack@neutron-api.service[101555]: DEBUG neutron_lib.callbacks.manager [None req-da7f8841-3ff1-459a-8494-48941c422260 None None] Subscribe: > router before_create 55550100, False {{(pid=101555) subscribe /opt/stack/data/venv/lib/python3.12/site-packages/neutron_lib/callbacks/manager.py:52}}
Aug 14 09:08:05.002524 np0000189554 devstack@neutron-api.service[101555]: DEBUG neutron_lib.callbacks.manager [None req-da7f8841-3ff1-459a-8494-48941c422260 None None] Subscribe: > router precommit_delete 55550100, False {{(pid=101555) subscribe /opt/stack/data/venv/lib/python3.12/site-packages/neutron_lib/callbacks/manager.py:52}}
Aug 14 09:08:05.002698 np0000189554 devstack@neutron-api.service[101555]: DEBUG neutron_lib.callbacks.manager [None req-da7f8841-3ff1-459a-8494-48941c422260 None None] Subscribe: > router precommit_create 55550100, False {{(pid=101555) subscribe /opt/stack/data/venv/lib/python3.12/site-packages/neutron_lib/callbacks/manager.py:52}}
Aug 14 09:08:05.002698 np0000189554 devstack@neutron-api.service[101555]: DEBUG neutron_lib.callbacks.manager [None req-da7f8841-3ff1-459a-8494-48941c422260 None None] Subscribe: > router precommit_update 55550100, False {{(pid=101555) subscribe /opt/stack/data/venv/lib/python3.12/site-packages/neutron_lib/callbacks/manager.py:52}}
Aug 14 09:08:05.006175 np0000189554 devstack@neutron-api.service[101555]: DEBUG neutron.services.provider_configuration [None req-da7f8841-3ff1-459a-8494-48941c422260 None None] Service providers = [] {{(pid=101555) parse_service_provider_opt /opt/stack/neutron/neutron/services/provider_configuration.py:170}}
Aug 14 09:08:05.006508 np0000189554 devstack@neutron-api.service[101555]: DEBUG neutron.db.servicetype_db [None req-da7f8841-3ff1-459a-8494-48941c422260 None None] Adding provider configuration for service L3_ROUTER_NAT {{(pid=101555) add_provider_configuration /opt/stack/neutron/neutron/db/servicetype_db.py:45}}
Aug 14 09:08:05.007452 np0000189554 devstack@neutron-api.service[101555]: DEBUG neutron_lib.callbacks.manager [None req-da7f8841-3ff1-459a-8494-48941c422260 None None] Subscribe: > router precommit_create 55549900, False {{(pid=101555) subscribe /opt/stack/data/venv/lib/python3.12/site-packages/neutron_lib/callbacks/manager.py:52}}
Aug 14 09:08:05.007452 np0000189554 devstack@neutron-api.service[101555]: DEBUG neutron_lib.callbacks.manager [None req-da7f8841-3ff1-459a-8494-48941c422260 None None] Subscribe: > router_interface after_create 55550000, False {{(pid=101555) subscribe /opt/stack/data/venv/lib/python3.12/site-packages/neutron_lib/callbacks/manager.py:52}}
Aug 14 09:08:05.007631 np0000189554 devstack@neutron-api.service[101555]: DEBUG neutron_lib.callbacks.manager [None req-da7f8841-3ff1-459a-8494-48941c422260 None None] Subscribe: > floatingip after_create 55550000, False {{(pid=101555) subscribe /opt/stack/data/venv/lib/python3.12/site-packages/neutron_lib/callbacks/manager.py:52}}
Aug 14 09:08:05.007784 np0000189554 devstack@neutron-api.service[101555]: DEBUG neutron_lib.callbacks.manager [None req-da7f8841-3ff1-459a-8494-48941c422260 None None] Subscribe: > floatingip precommit_create 55550000, False {{(pid=101555) subscribe /opt/stack/data/venv/lib/python3.12/site-packages/neutron_lib/callbacks/manager.py:52}}
Aug 14 09:08:05.007784 np0000189554 devstack@neutron-api.service[101555]: DEBUG neutron_lib.callbacks.manager [None req-da7f8841-3ff1-459a-8494-48941c422260 None None] Subscribe: > floatingip precommit_update 55550000, False {{(pid=101555) subscribe /opt/stack/data/venv/lib/python3.12/site-packages/neutron_lib/callbacks/manager.py:52}}
Aug 14 09:08:05.007936 np0000189554 devstack@neutron-api.service[101555]: DEBUG neutron_lib.callbacks.manager [None req-da7f8841-3ff1-459a-8494-48941c422260 None None] Subscribe: > floatingip after_delete 55550000, False {{(pid=101555) subscribe /opt/stack/data/venv/lib/python3.12/site-packages/neutron_lib/callbacks/manager.py:52}}
Aug 14 09:08:05.008044 np0000189554 devstack@neutron-api.service[101555]: DEBUG neutron_lib.callbacks.manager [None req-da7f8841-3ff1-459a-8494-48941c422260 None None] Subscribe: > floatingip after_status_update 55550000, False {{(pid=101555) subscribe /opt/stack/data/venv/lib/python3.12/site-packages/neutron_lib/callbacks/manager.py:52}}
Aug 14 09:08:05.008163 np0000189554 devstack@neutron-api.service[101555]: DEBUG neutron_lib.callbacks.manager [None req-da7f8841-3ff1-459a-8494-48941c422260 None None] Subscribe: > floatingip after_update 55550000, False {{(pid=101555) subscribe /opt/stack/data/venv/lib/python3.12/site-packages/neutron_lib/callbacks/manager.py:52}}
Aug 14 09:08:05.008396 np0000189554 devstack@neutron-api.service[101555]: DEBUG neutron_lib.callbacks.manager [None req-da7f8841-3ff1-459a-8494-48941c422260 None None] Subscribe: > port_forwarding after_create 55550000, False {{(pid=101555) subscribe /opt/stack/data/venv/lib/python3.12/site-packages/neutron_lib/callbacks/manager.py:52}}
Aug 14 09:08:05.008396 np0000189554 devstack@neutron-api.service[101555]: DEBUG neutron_lib.callbacks.manager [None req-da7f8841-3ff1-459a-8494-48941c422260 None None] Subscribe: > router_interface after_delete 55550000, False {{(pid=101555) subscribe /opt/stack/data/venv/lib/python3.12/site-packages/neutron_lib/callbacks/manager.py:52}}
Aug 14 09:08:05.008396 np0000189554 devstack@neutron-api.service[101555]: DEBUG neutron_lib.callbacks.manager [None req-da7f8841-3ff1-459a-8494-48941c422260 None None] Subscribe: > router after_create 55550000, False {{(pid=101555) subscribe /opt/stack/data/venv/lib/python3.12/site-packages/neutron_lib/callbacks/manager.py:52}}
Aug 14 09:08:05.008606 np0000189554 devstack@neutron-api.service[101555]: DEBUG neutron_lib.callbacks.manager [None req-da7f8841-3ff1-459a-8494-48941c422260 None None] Subscribe: > router precommit_create 55550000, False {{(pid=101555) subscribe /opt/stack/data/venv/lib/python3.12/site-packages/neutron_lib/callbacks/manager.py:52}}
Aug 14 09:08:05.008606 np0000189554 devstack@neutron-api.service[101555]: DEBUG neutron_lib.callbacks.manager [None req-da7f8841-3ff1-459a-8494-48941c422260 None None] Subscribe: > router after_delete 55550000, False {{(pid=101555) subscribe /opt/stack/data/venv/lib/python3.12/site-packages/neutron_lib/callbacks/manager.py:52}}
Aug 14 09:08:05.008783 np0000189554 devstack@neutron-api.service[101555]: DEBUG neutron_lib.callbacks.manager [None req-da7f8841-3ff1-459a-8494-48941c422260 None None] Subscribe: > router after_update 55550000, False {{(pid=101555) subscribe /opt/stack/data/venv/lib/python3.12/site-packages/neutron_lib/callbacks/manager.py:52}}
Aug 14 09:08:05.008783 np0000189554 devstack@neutron-api.service[101555]: DEBUG neutron.services.service_base [None req-da7f8841-3ff1-459a-8494-48941c422260 None None] Loaded 'neutron.services.ovn_l3.service_providers.ovn.OvnDriver' provider for service L3_ROUTER_NAT {{(pid=101555) load_drivers /opt/stack/neutron/neutron/services/service_base.py:49}}
Aug 14 09:08:05.008991 np0000189554 devstack@neutron-api.service[101555]: DEBUG neutron_lib.callbacks.manager [None req-da7f8841-3ff1-459a-8494-48941c422260 None None] Subscribe: > process after_init 55550001, True {{(pid=101555) subscribe /opt/stack/data/venv/lib/python3.12/site-packages/neutron_lib/callbacks/manager.py:52}}
Aug 14 09:08:05.009104 np0000189554 devstack@neutron-api.service[101555]: DEBUG neutron.manager [None req-da7f8841-3ff1-459a-8494-48941c422260 None None] Successfully loaded L3_ROUTER_NAT plugin. Description: L3 Router Service Plugin for basic L3 forwarding using OVN {{(pid=101555) _create_and_add_service_plugin /opt/stack/neutron/neutron/manager.py:236}}
Aug 14 09:08:05.009104 np0000189554 devstack@neutron-api.service[101555]: INFO neutron.manager [None req-da7f8841-3ff1-459a-8494-48941c422260 None None] Loading Plugin: auto_allocate
Aug 14 09:08:05.010027 np0000189554 devstack@neutron-api.service[101555]: DEBUG neutron_lib.callbacks.manager [None req-da7f8841-3ff1-459a-8494-48941c422260 None None] Subscribe: network precommit_update 55550000, False {{(pid=101555) subscribe /opt/stack/data/venv/lib/python3.12/site-packages/neutron_lib/callbacks/manager.py:52}}
Aug 14 09:08:05.010128 np0000189554 devstack@neutron-api.service[101555]: DEBUG neutron_lib.callbacks.manager [None req-da7f8841-3ff1-459a-8494-48941c422260 None None] Subscribe: network precommit_create 55550000, False {{(pid=101555) subscribe /opt/stack/data/venv/lib/python3.12/site-packages/neutron_lib/callbacks/manager.py:52}}
Aug 14 09:08:05.010360 np0000189554 devstack@neutron-api.service[101555]: DEBUG neutron.manager [None req-da7f8841-3ff1-459a-8494-48941c422260 None None] Successfully loaded auto-allocated-topology plugin. Description: Auto Allocated Topology - aka get me a network. {{(pid=101555) _create_and_add_service_plugin /opt/stack/neutron/neutron/manager.py:236}}
Aug 14 09:08:05.010456 np0000189554 devstack@neutron-api.service[101555]: INFO neutron.manager [None req-da7f8841-3ff1-459a-8494-48941c422260 None None] Loading Plugin: tag
Aug 14 09:08:05.013729 np0000189554 devstack@neutron-api.service[101555]: DEBUG neutron.manager [None req-da7f8841-3ff1-459a-8494-48941c422260 None None] Successfully loaded TAG plugin. Description: Tag support {{(pid=101555) _create_and_add_service_plugin /opt/stack/neutron/neutron/manager.py:236}}
Aug 14 09:08:05.013729 np0000189554 devstack@neutron-api.service[101555]: INFO neutron.manager [None req-da7f8841-3ff1-459a-8494-48941c422260 None None] Loading Plugin: timestamp
Aug 14 09:08:05.015076 np0000189554 devstack@neutron-api.service[101555]: DEBUG neutron.manager [None req-da7f8841-3ff1-459a-8494-48941c422260 None None] Successfully loaded timestamp plugin. Description: Adds timestamps to Neutron resources with standard attributes {{(pid=101555) _create_and_add_service_plugin /opt/stack/neutron/neutron/manager.py:236}}
Aug 14 09:08:05.015076 np0000189554 devstack@neutron-api.service[101555]: INFO neutron.manager [None req-da7f8841-3ff1-459a-8494-48941c422260 None None] Loading Plugin: network_ip_availability
Aug 14 09:08:05.016367 np0000189554 devstack@neutron-api.service[101555]: DEBUG neutron.manager [None req-da7f8841-3ff1-459a-8494-48941c422260 None None] Successfully loaded network-ip-availability plugin. Description: Provides IP availability data for each network and subnet. {{(pid=101555) _create_and_add_service_plugin /opt/stack/neutron/neutron/manager.py:236}}
Aug 14 09:08:05.016367 np0000189554 devstack@neutron-api.service[101555]: INFO neutron.manager [None req-da7f8841-3ff1-459a-8494-48941c422260 None None] Loading Plugin: flavors
Aug 14 09:08:05.017213 np0000189554 devstack@neutron-api.service[101555]: DEBUG neutron.manager [None req-da7f8841-3ff1-459a-8494-48941c422260 None None] Successfully loaded FLAVORS plugin. Description: Neutron Flavors and Service Profiles manager plugin {{(pid=101555) _create_and_add_service_plugin /opt/stack/neutron/neutron/manager.py:236}}
Aug 14 09:08:05.017213 np0000189554 devstack@neutron-api.service[101555]: INFO neutron.manager [None req-da7f8841-3ff1-459a-8494-48941c422260 None None] Loading Plugin: revisions
Aug 14 09:08:05.018309 np0000189554 devstack@neutron-api.service[101555]: DEBUG neutron.manager [None req-da7f8841-3ff1-459a-8494-48941c422260 None None] Successfully loaded revision_plugin plugin. Description: Adds revision numbers to resources. {{(pid=101555) _create_and_add_service_plugin /opt/stack/neutron/neutron/manager.py:236}}
Aug 14 09:08:05.018309 np0000189554 devstack@neutron-api.service[101555]: DEBUG oslo_concurrency.lockutils [None req-da7f8841-3ff1-459a-8494-48941c422260 None None] Lock "manager" "released" by "neutron.manager.NeutronManager._create_instance" :: held 4.921s {{(pid=101555) inner /opt/stack/data/venv/lib/python3.12/site-packages/oslo_concurrency/lockutils.py:544}}
