Aug 14 09:08:05.506464 np0000189554 devstack@neutron-api.service[101557]: DEBUG oslo_concurrency.processutils [None req-c99087d4-74a5-426c-8f86-5c11620d0142 None None] Running cmd (subprocess): ovsdb-client transact ssl:199.19.213.21:6641 --timeout 180 -p /opt/stack/data/CA/int-ca/private/devstack-cert.key -c /opt/stack/data/CA/int-ca/devstack-cert.crt -C /opt/stack/data/CA/int-ca/ca-chain.pem ["OVN_Northbound", {"op": "wait", "timeout": 0, "table": "Port_Group", "where": [["name", "==", "pvlan_pg_drop"]], "until": "==", "rows": []}, {"op": "insert", "table": "ACL", "row": {"action": "drop", "direction": "to-lport", "match": "outport == @pvlan_pg_drop && ip", "priority": 1010}, "uuid-name": "pvlandroptoport"}, {"op": "insert", "table": "ACL", "row": {"action": "drop", "direction": "from-lport", "match": "inport == @pvlan_pg_drop && ip", "priority": 1010}, "uuid-name": "pvlandropfromport"}, {"op": "insert", "table": "Port_Group", "row": {"name": "pvlan_pg_drop", "acls": ["set", [["named-uuid", "pvlandroptoport"], ["named-uuid", "pvlandropfromport"]]]}}] {{(pid=101557) execute /opt/stack/data/venv/lib/python3.12/site-packages/oslo_concurrency/processutils.py:440}}
Aug 14 09:08:05.507670 np0000189554 devstack@neutron-api.service[101555]: WSGI app 0 (mountpoint='') ready in 7 seconds on interpreter 0x7886054a4668 pid: 101555 (default app)
Aug 14 09:08:05.538666 np0000189554 devstack@neutron-api.service[101556]: DEBUG neutron.common.ovn.hash_ring_manager [None req-1a2007f7-1e49-44be-bb79-bf54d52344fc None None] Allow caching, nodes 4>=4 {{(pid=101556) _wait_startup_before_caching /opt/stack/neutron/neutron/common/ovn/hash_ring_manager.py:71}}
Aug 14 09:08:05.543989 np0000189554 devstack@neutron-api.service[101557]: DEBUG oslo_concurrency.processutils [None req-c99087d4-74a5-426c-8f86-5c11620d0142 None None] CMD "ovsdb-client transact ssl:199.19.213.21:6641 --timeout 180 -p /opt/stack/data/CA/int-ca/private/devstack-cert.key -c /opt/stack/data/CA/int-ca/devstack-cert.crt -C /opt/stack/data/CA/int-ca/ca-chain.pem ["OVN_Northbound", {"op": "wait", "timeout": 0, "table": "Port_Group", "where": [["name", "==", "pvlan_pg_drop"]], "until": "==", "rows": []}, {"op": "insert", "table": "ACL", "row": {"action": "drop", "direction": "to-lport", "match": "outport == @pvlan_pg_drop && ip", "priority": 1010}, "uuid-name": "pvlandroptoport"}, {"op": "insert", "table": "ACL", "row": {"action": "drop", "direction": "from-lport", "match": "inport == @pvlan_pg_drop && ip", "priority": 1010}, "uuid-name": "pvlandropfromport"}, {"op": "insert", "table": "Port_Group", "row": {"name": "pvlan_pg_drop", "acls": ["set", [["named-uuid", "pvlandroptoport"], ["named-uuid", "pvlandropfromport"]]]}}]" returned: 0 in 0.037s {{(pid=101557) execute /opt/stack/data/venv/lib/python3.12/site-packages/oslo_concurrency/processutils.py:468}}
Aug 14 09:08:05.544242 np0000189554 devstack@neutron-api.service[101556]: DEBUG neutron.common.ovn.hash_ring_manager [None req-1a2007f7-1e49-44be-bb79-bf54d52344fc None None] Hash Ring loaded. 4 active nodes. 0 offline nodes {{(pid=101556) _load_hash_ring /opt/stack/neutron/neutron/common/ovn/hash_ring_manager.py:110}}
Aug 14 09:08:05.544626 np0000189554 devstack@neutron-api.service[101556]: DEBUG neutron.plugins.ml2.drivers.ovn.mech_driver.ovsdb.ovsdb_monitor [None req-1a2007f7-1e49-44be-bb79-bf54d52344fc None None] Hash Ring: Node be601e3c392a5b00b81a403b1a0bea88 (host: np0000189554) handling event "create" for row af99585e-016e-41d4-9533-f9da3ce622f8 (table: ACL) {{(pid=101556) notify /opt/stack/neutron/neutron/plugins/ml2/drivers/ovn/mech_driver/ovsdb/ovsdb_monitor.py:1099}}
Aug 14 09:08:05.546269 np0000189554 devstack@neutron-api.service[101556]: INFO neutron.plugins.ml2.drivers.ovn.mech_driver.ovsdb.impl_idl_ovn [None req-1a2007f7-1e49-44be-bb79-bf54d52344fc None None] Getting OvsdbSbOvnIdl for WorkerService with retry
Aug 14 09:08:05.548035 np0000189554 devstack@neutron-api.service[101557]: WSGI app 0 (mountpoint='') ready in 7 seconds on interpreter 0x7886054a4668 pid: 101557 (default app)
Aug 14 09:08:05.577174 np0000189554 devstack@neutron-api.service[101556]: DEBUG ovsdbapp.backend.ovs_idl [None req-1a2007f7-1e49-44be-bb79-bf54d52344fc None None] Created lookup_table index Chassis.name {{(pid=101556) autocreate_indices /opt/stack/data/venv/lib/python3.12/site-packages/ovsdbapp/backend/ovs_idl/__init__.py:87}}
Aug 14 09:08:05.577329 np0000189554 devstack@neutron-api.service[101556]: DEBUG ovsdbapp.backend.ovs_idl [None req-1a2007f7-1e49-44be-bb79-bf54d52344fc None None] Created lookup_table index Port_Binding.logical_port {{(pid=101556) autocreate_indices /opt/stack/data/venv/lib/python3.12/site-packages/ovsdbapp/backend/ovs_idl/__init__.py:87}}
Aug 14 09:08:05.577423 np0000189554 devstack@neutron-api.service[101556]: DEBUG ovsdbapp.backend.ovs_idl [None req-1a2007f7-1e49-44be-bb79-bf54d52344fc None None] Created schema index Chassis_Private.name {{(pid=101556) autocreate_indices /opt/stack/data/venv/lib/python3.12/site-packages/ovsdbapp/backend/ovs_idl/__init__.py:106}}
Aug 14 09:08:05.577558 np0000189554 devstack@neutron-api.service[101556]: DEBUG ovsdbapp.backend.ovs_idl [None req-1a2007f7-1e49-44be-bb79-bf54d52344fc None None] Created schema index Datapath_Binding.tunnel_key {{(pid=101556) autocreate_indices /opt/stack/data/venv/lib/python3.12/site-packages/ovsdbapp/backend/ovs_idl/__init__.py:106}}
Aug 14 09:08:05.579717 np0000189554 devstack@neutron-api.service[101556]: INFO ovsdbapp.backend.ovs_idl.vlog [None req-1a2007f7-1e49-44be-bb79-bf54d52344fc None None] ssl:199.19.213.21:6642: connecting...
Aug 14 09:08:05.583623 np0000189554 devstack@neutron-api.service[101556]: INFO ovsdbapp.backend.ovs_idl.vlog [None req-1a2007f7-1e49-44be-bb79-bf54d52344fc None None] ssl:199.19.213.21:6642: connected
Aug 14 09:08:05.611167 np0000189554 devstack@neutron-api.service[101556]: DEBUG neutron.common.ovn.hash_ring_manager [None req-1a2007f7-1e49-44be-bb79-bf54d52344fc None None] Allow caching, nodes 4>=4 {{(pid=101556) _wait_startup_before_caching /opt/stack/neutron/neutron/common/ovn/hash_ring_manager.py:71}}
Aug 14 09:08:05.615323 np0000189554 devstack@neutron-api.service[101556]: DEBUG neutron.common.ovn.hash_ring_manager [None req-1a2007f7-1e49-44be-bb79-bf54d52344fc None None] Hash Ring loaded. 4 active nodes. 0 offline nodes {{(pid=101556) _load_hash_ring /opt/stack/neutron/neutron/common/ovn/hash_ring_manager.py:110}}
Aug 14 09:08:05.615788 np0000189554 devstack@neutron-api.service[101556]: DEBUG ovsdbapp.backend.ovs_idl.event [None req-1a2007f7-1e49-44be-bb79-bf54d52344fc None None] Matched CREATE: ChassisAgentWriteEvent(events=('create', 'update'), table='Chassis_Private', conditions=None, old_conditions=None), priority=20 to row=Chassis_Private(uuid=9a05d676-0caa-4949-9cd1-6a4ee97c52a0, chassis=f3cc8895-8c6b-41e4-8372-94c467a5b435, external_ids={'neutron:ovn-bridge': 'br-int', 'neutron:ovn-neutron-agent-id': '701eeead-bb47-5697-8056-b0a46c981118', 'neutron:ovn-neutron-agent-sb-cfg': '0'}, name='f9b2e590-5976-438a-8b3b-1f85ce8e41db', nb_cfg=0, nb_cfg_timestamp=0) old= {{(pid=101556) matches /opt/stack/data/venv/lib/python3.12/site-packages/ovsdbapp/backend/ovs_idl/event.py:55}}
Aug 14 09:08:05.616180 np0000189554 devstack@neutron-api.service[101556]: DEBUG ovsdbapp.backend.ovs_idl.event [None req-1a2007f7-1e49-44be-bb79-bf54d52344fc None None] Matched CREATE: ChassisOVNAgentWriteEvent(events=('create', 'update'), table='Chassis_Private', conditions=None, old_conditions=None), priority=20 to row=Chassis_Private(uuid=9a05d676-0caa-4949-9cd1-6a4ee97c52a0, chassis=f3cc8895-8c6b-41e4-8372-94c467a5b435, external_ids={'neutron:ovn-bridge': 'br-int', 'neutron:ovn-neutron-agent-id': '701eeead-bb47-5697-8056-b0a46c981118', 'neutron:ovn-neutron-agent-sb-cfg': '0'}, name='f9b2e590-5976-438a-8b3b-1f85ce8e41db', nb_cfg=0, nb_cfg_timestamp=0) old= {{(pid=101556) matches /opt/stack/data/venv/lib/python3.12/site-packages/ovsdbapp/backend/ovs_idl/event.py:55}}
Aug 14 09:08:05.616490 np0000189554 devstack@neutron-api.service[101556]: DEBUG neutron.plugins.ml2.drivers.ovn.mech_driver.ovsdb.ovsdb_monitor [None req-1a2007f7-1e49-44be-bb79-bf54d52344fc None None] Hash Ring: Node be601e3c392a5b00b81a403b1a0bea88 (host: np0000189554) handling event "create" for row 3bc684b6-0de6-44be-8e1a-37cd6519e519 (table: Encap) {{(pid=101556) notify /opt/stack/neutron/neutron/plugins/ml2/drivers/ovn/mech_driver/ovsdb/ovsdb_monitor.py:1099}}
Aug 14 09:08:05.619178 np0000189554 devstack@neutron-api.service[101556]: INFO neutron.plugins.ml2.drivers.ovn.mech_driver.mech_driver [None req-1a2007f7-1e49-44be-bb79-bf54d52344fc None None] WorkerService process has finished the post initialization
Aug 14 09:08:05.619594 np0000189554 devstack@neutron-api.service[101556]: DEBUG oslo_concurrency.processutils [None req-1a2007f7-1e49-44be-bb79-bf54d52344fc None None] Running cmd (subprocess): ovsdb-client transact ssl:199.19.213.21:6641 --timeout 180 -p /opt/stack/data/CA/int-ca/private/devstack-cert.key -c /opt/stack/data/CA/int-ca/devstack-cert.crt -C /opt/stack/data/CA/int-ca/ca-chain.pem ["OVN_Northbound", {"op": "wait", "timeout": 0, "table": "Port_Group", "where": [["name", "==", "pvlan_pg_drop"]], "until": "==", "rows": []}, {"op": "insert", "table": "ACL", "row": {"action": "drop", "direction": "to-lport", "match": "outport == @pvlan_pg_drop && ip", "priority": 1010}, "uuid-name": "pvlandroptoport"}, {"op": "insert", "table": "ACL", "row": {"action": "drop", "direction": "from-lport", "match": "inport == @pvlan_pg_drop && ip", "priority": 1010}, "uuid-name": "pvlandropfromport"}, {"op": "insert", "table": "Port_Group", "row": {"name": "pvlan_pg_drop", "acls": ["set", [["named-uuid", "pvlandroptoport"], ["named-uuid", "pvlandropfromport"]]]}}] {{(pid=101556) execute /opt/stack/data/venv/lib/python3.12/site-packages/oslo_concurrency/processutils.py:440}}
Aug 14 09:08:05.658653 np0000189554 devstack@neutron-api.service[101556]: DEBUG oslo_concurrency.processutils [None req-1a2007f7-1e49-44be-bb79-bf54d52344fc None None] CMD "ovsdb-client transact ssl:199.19.213.21:6641 --timeout 180 -p /opt/stack/data/CA/int-ca/private/devstack-cert.key -c /opt/stack/data/CA/int-ca/devstack-cert.crt -C /opt/stack/data/CA/int-ca/ca-chain.pem ["OVN_Northbound", {"op": "wait", "timeout": 0, "table": "Port_Group", "where": [["name", "==", "pvlan_pg_drop"]], "until": "==", "rows": []}, {"op": "insert", "table": "ACL", "row": {"action": "drop", "direction": "to-lport", "match": "outport == @pvlan_pg_drop && ip", "priority": 1010}, "uuid-name": "pvlandroptoport"}, {"op": "insert", "table": "ACL", "row": {"action": "drop", "direction": "from-lport", "match": "inport == @pvlan_pg_drop && ip", "priority": 1010}, "uuid-name": "pvlandropfromport"}, {"op": "insert", "table": "Port_Group", "row": {"name": "pvlan_pg_drop", "acls": ["set", [["named-uuid", "pvlandroptoport"], ["named-uuid", "pvlandropfromport"]]]}}]" returned: 0 in 0.038s {{(pid=101556) execute /opt/stack/data/venv/lib/python3.12/site-packages/oslo_concurrency/processutils.py:468}}
Aug 14 09:08:05.662211 np0000189554 devstack@neutron-api.service[101556]: WSGI app 0 (mountpoint='') ready in 7 seconds on interpreter 0x7886054a4668 pid: 101556 (default app)
Aug 14 09:08:06.890186 np0000189554 devstack@neutron-api.service[101558]: DEBUG neutron.common.ovn.hash_ring_manager [-] Allow caching, nodes 4>=4 {{(pid=101558) _wait_startup_before_caching /opt/stack/neutron/neutron/common/ovn/hash_ring_manager.py:71}}
Aug 14 09:08:06.890571 np0000189554 devstack@neutron-api.service[101558]: DEBUG neutron.plugins.ml2.drivers.ovn.mech_driver.ovsdb.ovsdb_monitor [-] Hash Ring: Node d5d7486cdd4e54ccb2bd000157bdc584 (host: np0000189554) handling event "update" for row 2158c446-687a-4074-8337-1619a187c09e (table: Connection) {{(pid=101558) notify /opt/stack/neutron/neutron/plugins/ml2/drivers/ovn/mech_driver/ovsdb/ovsdb_monitor.py:1099}}
Aug 14 09:08:06.894197 np0000189554 devstack@neutron-api.service[101557]: DEBUG neutron.common.ovn.hash_ring_manager [-] Allow caching, nodes 4>=4 {{(pid=101557) _wait_startup_before_caching /opt/stack/neutron/neutron/common/ovn/hash_ring_manager.py:71}}
Aug 14 09:08:06.894446 np0000189554 devstack@neutron-api.service[101557]: DEBUG neutron.plugins.ml2.drivers.ovn.mech_driver.ovsdb.ovsdb_monitor [-] Hash Ring: Node bdd29b46026e5e4aba960c18003f1dd7 (host: np0000189554) handling event "update" for row 2158c446-687a-4074-8337-1619a187c09e (table: Connection) {{(pid=101557) notify /opt/stack/neutron/neutron/plugins/ml2/drivers/ovn/mech_driver/ovsdb/ovsdb_monitor.py:1099}}
Aug 14 09:08:06.896474 np0000189554 devstack@neutron-api.service[101555]: DEBUG neutron.common.ovn.hash_ring_manager [-] Allow caching, nodes 4>=4 {{(pid=101555) _wait_startup_before_caching /opt/stack/neutron/neutron/common/ovn/hash_ring_manager.py:71}}
Aug 14 09:08:09.386749 np0000189554 devstack@neutron-api.service[101558]: DEBUG neutron.plugins.ml2.drivers.ovn.mech_driver.ovsdb.ovsdb_monitor [-] Hash Ring: Node d5d7486cdd4e54ccb2bd000157bdc584 (host: np0000189554) handling event "update" for row 2158c446-687a-4074-8337-1619a187c09e (table: Connection) {{(pid=101558) notify /opt/stack/neutron/neutron/plugins/ml2/drivers/ovn/mech_driver/ovsdb/ovsdb_monitor.py:1099}}
Aug 14 09:08:09.388911 np0000189554 devstack@neutron-api.service[101557]: DEBUG neutron.plugins.ml2.drivers.ovn.mech_driver.ovsdb.ovsdb_monitor [-] Hash Ring: Node bdd29b46026e5e4aba960c18003f1dd7 (host: np0000189554) handling event "update" for row 2158c446-687a-4074-8337-1619a187c09e (table: Connection) {{(pid=101557) notify /opt/stack/neutron/neutron/plugins/ml2/drivers/ovn/mech_driver/ovsdb/ovsdb_monitor.py:1099}}
Aug 14 09:08:11.979001 np0000189554 devstack@neutron-api.service[101558]: DEBUG neutron.api.wsgi [None req-744b22ff-b41c-40f4-afb8-1e9a1fc8c21e admin admin] Missing Content-Type {{(pid=101558) get_content_type /opt/stack/neutron/neutron/api/wsgi.py:80}}
Aug 14 09:08:11.979858 np0000189554 devstack@neutron-api.service[101558]: DEBUG neutron.api.wsgi [None req-744b22ff-b41c-40f4-afb8-1e9a1fc8c21e admin admin] https://199.19.213.21/networking/v2.0/extensions returned with HTTP 200 {{(pid=101558) __call__ /opt/stack/neutron/neutron/api/wsgi.py:540}}
Aug 14 09:08:11.979858 np0000189554 devstack@neutron-api.service[101558]: [pid: 101558|app: 0|req: 2/2] 199.19.213.21 () {64 vars in 1316 bytes} [Fri Aug 14 09:08:11 2026] GET /networking/v2.0/extensions => generated 16171 bytes in 546 msecs (HTTP/1.1 200) 4 headers in 159 bytes (1 switches on core 0)
Aug 14 09:08:12.398999 np0000189554 devstack@neutron-api.service[101555]: DEBUG neutron.api.v2.base [None req-26c5bd0d-57a9-487f-a0ab-1de6702c144c admin admin] Request body: {'subnetpool': {'prefixes': ['10.1.0.0/20'], 'shared': True, 'name': 'shared-default-subnetpool-v4', 'default_prefixlen': 26, 'is_default': True}} {{(pid=101555) prepare_request_body /opt/stack/neutron/neutron/api/v2/base.py:727}}
Aug 14 09:08:12.591135 np0000189554 devstack@neutron-api.service[101555]: DEBUG neutron.policy [None req-26c5bd0d-57a9-487f-a0ab-1de6702c144c admin admin] Loaded default policies from ['neutron'] under neutron.policies entry points {{(pid=101555) register_rules /opt/stack/neutron/neutron/policy.py:65}}
Aug 14 09:08:12.742771 np0000189554 devstack@neutron-api.service[101555]: DEBUG neutron_lib.callbacks.manager [None req-26c5bd0d-57a9-487f-a0ab-1de6702c144c admin admin] Publish callbacks ['neutron.objects.securitygroup.RbacNeutronDbObjectMixin.validate_rbac_policy_change-1827229786095', 'neutron.objects.address_group.RbacNeutronDbObjectMixin.validate_rbac_policy_change-1827229677763', 'neutron.objects.network.RbacNeutronDbObjectMixin.validate_rbac_policy_change-1827229806726', 'neutron.objects.qos.policy.RbacNeutronDbObjectMixin.validate_rbac_policy_change-1827229821376', 'neutron.objects.subnetpool.RbacNeutronDbObjectMixin.validate_rbac_policy_change-1827229822394', 'neutron.objects.address_scope.RbacNeutronDbObjectMixin.validate_rbac_policy_change-1827229847748', 'neutron.plugins.ml2.plugin.External_net_db_mixin._process_ext_policy_create-288976', 'neutron.plugins.ml2.plugin.NeutronDbPluginV2.validate_network_rbac_policy_change-295100'] for rbac-policy (None), before_create {{(pid=101555) _notify_loop /opt/stack/data/venv/lib/python3.12/site-packages/neutron_lib/callbacks/manager.py:184}}
Aug 14 09:08:12.791219 np0000189554 devstack@neutron-api.service[101555]: DEBUG neutron_lib.callbacks.manager [None req-26c5bd0d-57a9-487f-a0ab-1de6702c144c admin admin] Publish callbacks [] for subnetpool (None), before_response {{(pid=101555) _notify_loop /opt/stack/data/venv/lib/python3.12/site-packages/neutron_lib/callbacks/manager.py:184}}
Aug 14 09:08:12.791843 np0000189554 devstack@neutron-api.service[101555]: [pid: 101555|app: 0|req: 1/3] 199.19.213.21 () {68 vars in 1360 bytes} [Fri Aug 14 09:08:12 2026] POST /networking/v2.0/subnetpools => generated 533 bytes in 508 msecs (HTTP/1.1 201) 4 headers in 162 bytes (1 switches on core 0)
Aug 14 09:08:13.133574 np0000189554 devstack@neutron-api.service[101557]: DEBUG neutron.api.v2.base [None req-30eb158e-7da8-4288-82f6-e7c5d0a8b027 admin admin] Request body: {'subnetpool': {'prefixes': ['fd1a:669d:0d64::/56'], 'shared': True, 'name': 'shared-default-subnetpool-v6', 'default_prefixlen': 64, 'is_default': True}} {{(pid=101557) prepare_request_body /opt/stack/neutron/neutron/api/v2/base.py:727}}
Aug 14 09:08:13.296927 np0000189554 devstack@neutron-api.service[101557]: DEBUG neutron.policy [None req-30eb158e-7da8-4288-82f6-e7c5d0a8b027 admin admin] Loaded default policies from ['neutron'] under neutron.policies entry points {{(pid=101557) register_rules /opt/stack/neutron/neutron/policy.py:65}}
Aug 14 09:08:13.445139 np0000189554 devstack@neutron-api.service[101557]: DEBUG neutron_lib.callbacks.manager [None req-30eb158e-7da8-4288-82f6-e7c5d0a8b027 admin admin] Publish callbacks ['neutron.objects.securitygroup.RbacNeutronDbObjectMixin.validate_rbac_policy_change-1827229852487', 'neutron.objects.address_group.RbacNeutronDbObjectMixin.validate_rbac_policy_change-1827229841983', 'neutron.objects.network.RbacNeutronDbObjectMixin.validate_rbac_policy_change-1827229888979', 'neutron.objects.qos.policy.RbacNeutronDbObjectMixin.validate_rbac_policy_change-1827229891806', 'neutron.objects.subnetpool.RbacNeutronDbObjectMixin.validate_rbac_policy_change-1827229859913', 'neutron.objects.address_scope.RbacNeutronDbObjectMixin.validate_rbac_policy_change-1827229862636', 'neutron.plugins.ml2.plugin.External_net_db_mixin._process_ext_policy_create-36118', 'neutron.plugins.ml2.plugin.NeutronDbPluginV2.validate_network_rbac_policy_change-36882'] for rbac-policy (None), before_create {{(pid=101557) _notify_loop /opt/stack/data/venv/lib/python3.12/site-packages/neutron_lib/callbacks/manager.py:184}}
Aug 14 09:08:13.498432 np0000189554 devstack@neutron-api.service[101557]: DEBUG neutron_lib.callbacks.manager [None req-30eb158e-7da8-4288-82f6-e7c5d0a8b027 admin admin] Publish callbacks [] for subnetpool (None), before_response {{(pid=101557) _notify_loop /opt/stack/data/venv/lib/python3.12/site-packages/neutron_lib/callbacks/manager.py:184}}
Aug 14 09:08:13.499371 np0000189554 devstack@neutron-api.service[101557]: [pid: 101557|app: 0|req: 1/4] 199.19.213.21 () {68 vars in 1360 bytes} [Fri Aug 14 09:08:13 2026] POST /networking/v2.0/subnetpools => generated 542 bytes in 487 msecs (HTTP/1.1 201) 4 headers in 162 bytes (1 switches on core 0)
Aug 14 09:08:13.943422 np0000189554 devstack@neutron-api.service[101556]: DEBUG neutron.api.v2.base [None req-f06ca701-95db-4721-86eb-b33f4ecd7415 admin admin] Request body: {'network': {'admin_state_up': True, 'name': 'private'}} {{(pid=101556) prepare_request_body /opt/stack/neutron/neutron/api/v2/base.py:727}}
Aug 14 09:08:13.981057 np0000189554 devstack@neutron-api.service[101556]: DEBUG neutron.pecan_wsgi.hooks.quota_enforcement [None req-f06ca701-95db-4721-86eb-b33f4ecd7415 admin admin] Made reservation on behalf of 06b1bce8c5514038bcb2bd65c74ab279 for: {'network': 1} {{(pid=101556) before /opt/stack/neutron/neutron/pecan_wsgi/hooks/quota_enforcement.py:66}}
Aug 14 09:08:14.152874 np0000189554 devstack@neutron-api.service[101556]: DEBUG neutron.policy [None req-f06ca701-95db-4721-86eb-b33f4ecd7415 admin admin] Loaded default policies from ['neutron'] under neutron.policies entry points {{(pid=101556) register_rules /opt/stack/neutron/neutron/policy.py:65}}
Aug 14 09:08:14.254594 np0000189554 devstack@neutron-api.service[101556]: DEBUG neutron_lib.callbacks.manager [None req-f06ca701-95db-4721-86eb-b33f4ecd7415 admin admin] Publish callbacks ['neutron.plugins.ml2.plugin.SecurityGroupDbMixin._ensure_default_security_group_handler-116818'] for network (None), before_create {{(pid=101556) _notify_loop /opt/stack/data/venv/lib/python3.12/site-packages/neutron_lib/callbacks/manager.py:184}}
Aug 14 09:08:14.276571 np0000189554 devstack@neutron-api.service[101556]: DEBUG neutron_lib.callbacks.manager [None req-f06ca701-95db-4721-86eb-b33f4ecd7415 admin admin] Publish callbacks [] for security_group (None), before_create {{(pid=101556) _notify_loop /opt/stack/data/venv/lib/python3.12/site-packages/neutron_lib/callbacks/manager.py:184}}
Aug 14 09:08:14.376342 np0000189554 devstack@neutron-api.service[101556]: DEBUG neutron_lib.callbacks.manager [None req-f06ca701-95db-4721-86eb-b33f4ecd7415 admin admin] Publish callbacks ['neutron.plugins.ml2.drivers.ovn.mech_driver.mech_driver.OVNMechanismDriver._create_security_group_precommit-180966'] for security_group (d5c8c30a-9281-4c41-9352-be1371dde664), precommit_create {{(pid=101556) _notify_loop /opt/stack/data/venv/lib/python3.12/site-packages/neutron_lib/callbacks/manager.py:184}}
Aug 14 09:08:14.376698 np0000189554 devstack@neutron-api.service[101556]: DEBUG neutron.db.ovn_revision_numbers_db [None req-f06ca701-95db-4721-86eb-b33f4ecd7415 admin admin] create_initial_revision uuid=d5c8c30a-9281-4c41-9352-be1371dde664, type=security_groups, rev=-1 {{(pid=101556) create_initial_revision /opt/stack/neutron/neutron/db/ovn_revision_numbers_db.py:98}}
Aug 14 09:08:14.378973 np0000189554 devstack@neutron-api.service[101556]: DEBUG neutron.db.ovn_revision_numbers_db [None req-f06ca701-95db-4721-86eb-b33f4ecd7415 admin admin] create_initial_revision uuid=055db1b9-3cb1-461b-ae0e-f4479af08cb0, type=security_group_rules, rev=-1 {{(pid=101556) create_initial_revision /opt/stack/neutron/neutron/db/ovn_revision_numbers_db.py:98}}
Aug 14 09:08:14.380134 np0000189554 devstack@neutron-api.service[101556]: DEBUG neutron.db.ovn_revision_numbers_db [None req-f06ca701-95db-4721-86eb-b33f4ecd7415 admin admin] create_initial_revision uuid=705d9dd1-4caf-4efc-8ad3-0e63384194e6, type=security_group_rules, rev=-1 {{(pid=101556) create_initial_revision /opt/stack/neutron/neutron/db/ovn_revision_numbers_db.py:98}}
Aug 14 09:08:14.381175 np0000189554 devstack@neutron-api.service[101556]: DEBUG neutron.db.ovn_revision_numbers_db [None req-f06ca701-95db-4721-86eb-b33f4ecd7415 admin admin] create_initial_revision uuid=de46c37f-0761-4a4a-89e5-e73890cfb967, type=security_group_rules, rev=-1 {{(pid=101556) create_initial_revision /opt/stack/neutron/neutron/db/ovn_revision_numbers_db.py:98}}
Aug 14 09:08:14.382311 np0000189554 devstack@neutron-api.service[101556]: DEBUG neutron.db.ovn_revision_numbers_db [None req-f06ca701-95db-4721-86eb-b33f4ecd7415 admin admin] create_initial_revision uuid=f4cbb2db-3140-4642-a0f1-d8c2f8d1108b, type=security_group_rules, rev=-1 {{(pid=101556) create_initial_revision /opt/stack/neutron/neutron/db/ovn_revision_numbers_db.py:98}}
Aug 14 09:08:14.389686 np0000189554 devstack@neutron-api.service[101556]: DEBUG neutron_lib.callbacks.manager [None req-f06ca701-95db-4721-86eb-b33f4ecd7415 admin admin] Publish callbacks ['neutron.plugins.ml2.drivers.ovn.mech_driver.mech_driver.OVNMechanismDriver._create_security_group-180972', 'neutron.plugins.ml2.ovo_rpc._ObjectChangeHandler.handle_event-3023682'] for security_group (d5c8c30a-9281-4c41-9352-be1371dde664), after_create {{(pid=101556) _notify_loop /opt/stack/data/venv/lib/python3.12/site-packages/neutron_lib/callbacks/manager.py:184}}
Aug 14 09:08:14.390022 np0000189554 devstack@neutron-api.service[101556]: INFO neutron.plugins.ml2.drivers.ovn.mech_driver.ovsdb.extensions.qos [None req-f06ca701-95db-4721-86eb-b33f4ecd7415 admin admin] Starting OVNClientQosExtension
Aug 14 09:08:14.390328 np0000189554 devstack@neutron-api.service[101556]: INFO neutron.plugins.ml2.drivers.ovn.mech_driver.ovsdb.extensions.placement [None req-f06ca701-95db-4721-86eb-b33f4ecd7415 admin admin] Starting OVNClientPlacementExtension
Aug 14 09:08:14.392041 np0000189554 devstack@neutron-api.service[101556]: DEBUG ovsdbapp.backend.ovs_idl.transaction [-] Running txn n=1 command(idx=0): PgAddCommand(_result=None, name=pg_d5c8c30a_9281_4c41_9352_be1371dde664, may_exist=False, columns={'acls': [], 'external_ids': {'neutron:security_group_id': 'd5c8c30a-9281-4c41-9352-be1371dde664'}}) {{(pid=101556) do_commit /opt/stack/data/venv/lib/python3.12/site-packages/ovsdbapp/backend/ovs_idl/transaction.py:89}}
Aug 14 09:08:14.393948 np0000189554 devstack@neutron-api.service[101556]: DEBUG ovsdbapp.backend.ovs_idl.transaction [-] Running txn n=1 command(idx=1): PgAclAddCommand(_result=None, entity=pg_d5c8c30a_9281_4c41_9352_be1371dde664, direction=to-lport, priority=1002, match=outport == @pg_d5c8c30a_9281_4c41_9352_be1371dde664 && ip6 && ip6.src == $pg_d5c8c30a_9281_4c41_9352_be1371dde664_ip6, action=allow-related, log=False, may_exist=True, severity=[], name=[], meter=[], external_ids={'neutron:security_group_rule_id': '055db1b9-3cb1-461b-ae0e-f4479af08cb0'}) {{(pid=101556) do_commit /opt/stack/data/venv/lib/python3.12/site-packages/ovsdbapp/backend/ovs_idl/transaction.py:89}}
Aug 14 09:08:14.394405 np0000189554 devstack@neutron-api.service[101556]: DEBUG ovsdbapp.backend.ovs_idl.transaction [-] Running txn n=1 command(idx=2): PgAclAddCommand(_result=None, entity=pg_d5c8c30a_9281_4c41_9352_be1371dde664, direction=from-lport, priority=1002, match=inport == @pg_d5c8c30a_9281_4c41_9352_be1371dde664 && ip4, action=allow-related, log=False, may_exist=True, severity=[], name=[], meter=[], external_ids={'neutron:security_group_rule_id': '705d9dd1-4caf-4efc-8ad3-0e63384194e6'}) {{(pid=101556) do_commit /opt/stack/data/venv/lib/python3.12/site-packages/ovsdbapp/backend/ovs_idl/transaction.py:89}}
Aug 14 09:08:14.394782 np0000189554 devstack@neutron-api.service[101556]: DEBUG ovsdbapp.backend.ovs_idl.transaction [-] Running txn n=1 command(idx=3): PgAclAddCommand(_result=None, entity=pg_d5c8c30a_9281_4c41_9352_be1371dde664, direction=from-lport, priority=1002, match=inport == @pg_d5c8c30a_9281_4c41_9352_be1371dde664 && ip6, action=allow-related, log=False, may_exist=True, severity=[], name=[], meter=[], external_ids={'neutron:security_group_rule_id': 'de46c37f-0761-4a4a-89e5-e73890cfb967'}) {{(pid=101556) do_commit /opt/stack/data/venv/lib/python3.12/site-packages/ovsdbapp/backend/ovs_idl/transaction.py:89}}
Aug 14 09:08:14.395060 np0000189554 devstack@neutron-api.service[101556]: DEBUG ovsdbapp.backend.ovs_idl.transaction [-] Running txn n=1 command(idx=4): PgAclAddCommand(_result=None, entity=pg_d5c8c30a_9281_4c41_9352_be1371dde664, direction=to-lport, priority=1002, match=outport == @pg_d5c8c30a_9281_4c41_9352_be1371dde664 && ip4 && ip4.src == $pg_d5c8c30a_9281_4c41_9352_be1371dde664_ip4, action=allow-related, log=False, may_exist=True, severity=[], name=[], meter=[], external_ids={'neutron:security_group_rule_id': 'f4cbb2db-3140-4642-a0f1-d8c2f8d1108b'}) {{(pid=101556) do_commit /opt/stack/data/venv/lib/python3.12/site-packages/ovsdbapp/backend/ovs_idl/transaction.py:89}}
Aug 14 09:08:14.403089 np0000189554 devstack@neutron-api.service[101556]: DEBUG neutron.plugins.ml2.drivers.ovn.mech_driver.ovsdb.ovsdb_monitor [-] Hash Ring: Node be601e3c392a5b00b81a403b1a0bea88 (host: np0000189554) handling event "create" for row 90848148-b506-41b8-a981-b97c975e4644 (table: ACL) {{(pid=101556) notify /opt/stack/neutron/neutron/plugins/ml2/drivers/ovn/mech_driver/ovsdb/ovsdb_monitor.py:1099}}
Aug 14 09:08:14.403528 np0000189554 devstack@neutron-api.service[101556]: DEBUG neutron.plugins.ml2.drivers.ovn.mech_driver.ovsdb.ovsdb_monitor [-] Hash Ring: Node be601e3c392a5b00b81a403b1a0bea88 (host: np0000189554) handling event "create" for row 96fb84d2-e469-4429-b7de-c6bf8de49ceb (table: ACL) {{(pid=101556) notify /opt/stack/neutron/neutron/plugins/ml2/drivers/ovn/mech_driver/ovsdb/ovsdb_monitor.py:1099}}
Aug 14 09:08:14.406177 np0000189554 devstack@neutron-api.service[101555]: DEBUG neutron.plugins.ml2.drivers.ovn.mech_driver.ovsdb.ovsdb_monitor [-] Hash Ring: Node cc7a773898055c98a5fc23e32c0bac9d (host: np0000189554) handling event "create" for row 6b37a350-8bc8-4c3e-9d8e-6ee1c088f5be (table: ACL) {{(pid=101555) notify /opt/stack/neutron/neutron/plugins/ml2/drivers/ovn/mech_driver/ovsdb/ovsdb_monitor.py:1099}}
Aug 14 09:08:14.406610 np0000189554 devstack@neutron-api.service[101555]: DEBUG neutron.plugins.ml2.drivers.ovn.mech_driver.ovsdb.ovsdb_monitor [-] Hash Ring: Node cc7a773898055c98a5fc23e32c0bac9d (host: np0000189554) handling event "create" for row 96fb84d2-e469-4429-b7de-c6bf8de49ceb (table: ACL) {{(pid=101555) notify /opt/stack/neutron/neutron/plugins/ml2/drivers/ovn/mech_driver/ovsdb/ovsdb_monitor.py:1099}}
Aug 14 09:08:14.408449 np0000189554 devstack@neutron-api.service[101558]: DEBUG neutron.plugins.ml2.drivers.ovn.mech_driver.ovsdb.ovsdb_monitor [-] Hash Ring: Node d5d7486cdd4e54ccb2bd000157bdc584 (host: np0000189554) handling event "create" for row 664dd048-fb2e-4d25-a872-2d1ab4ff4141 (table: ACL) {{(pid=101558) notify /opt/stack/neutron/neutron/plugins/ml2/drivers/ovn/mech_driver/ovsdb/ovsdb_monitor.py:1099}}
Aug 14 09:08:14.408778 np0000189554 devstack@neutron-api.service[101557]: DEBUG neutron.plugins.ml2.drivers.ovn.mech_driver.ovsdb.ovsdb_monitor [-] Hash Ring: Node bdd29b46026e5e4aba960c18003f1dd7 (host: np0000189554) handling event "create" for row 90848148-b506-41b8-a981-b97c975e4644 (table: ACL) {{(pid=101557) notify /opt/stack/neutron/neutron/plugins/ml2/drivers/ovn/mech_driver/ovsdb/ovsdb_monitor.py:1099}}
Aug 14 09:08:14.409079 np0000189554 devstack@neutron-api.service[101558]: DEBUG neutron.plugins.ml2.drivers.ovn.mech_driver.ovsdb.ovsdb_monitor [-] Hash Ring: Node d5d7486cdd4e54ccb2bd000157bdc584 (host: np0000189554) handling event "create" for row 6b37a350-8bc8-4c3e-9d8e-6ee1c088f5be (table: ACL) {{(pid=101558) notify /opt/stack/neutron/neutron/plugins/ml2/drivers/ovn/mech_driver/ovsdb/ovsdb_monitor.py:1099}}
Aug 14 09:08:14.409079 np0000189554 devstack@neutron-api.service[101558]: DEBUG neutron.plugins.ml2.drivers.ovn.mech_driver.ovsdb.ovsdb_monitor [-] Hash Ring: Node d5d7486cdd4e54ccb2bd000157bdc584 (host: np0000189554) handling event "create" for row 90848148-b506-41b8-a981-b97c975e4644 (table: ACL) {{(pid=101558) notify /opt/stack/neutron/neutron/plugins/ml2/drivers/ovn/mech_driver/ovsdb/ovsdb_monitor.py:1099}}
Aug 14 09:08:14.409079 np0000189554 devstack@neutron-api.service[101558]: DEBUG neutron.plugins.ml2.drivers.ovn.mech_driver.ovsdb.ovsdb_monitor [-] Hash Ring: Node d5d7486cdd4e54ccb2bd000157bdc584 (host: np0000189554) handling event "create" for row 96fb84d2-e469-4429-b7de-c6bf8de49ceb (table: ACL) {{(pid=101558) notify /opt/stack/neutron/neutron/plugins/ml2/drivers/ovn/mech_driver/ovsdb/ovsdb_monitor.py:1099}}
Aug 14 09:08:14.409079 np0000189554 devstack@neutron-api.service[101558]: DEBUG neutron.plugins.ml2.drivers.ovn.mech_driver.ovsdb.ovsdb_monitor [-] Hash Ring: Node d5d7486cdd4e54ccb2bd000157bdc584 (host: np0000189554) handling event "create" for row 783e6919-ad4e-48c3-9d00-33f4a8189839 (table: Port_Group) {{(pid=101558) notify /opt/stack/neutron/neutron/plugins/ml2/drivers/ovn/mech_driver/ovsdb/ovsdb_monitor.py:1099}}
Aug 14 09:08:14.433964 np0000189554 devstack@neutron-api.service[101556]: INFO neutron.db.ovn_revision_numbers_db [None req-f06ca701-95db-4721-86eb-b33f4ecd7415 admin admin] Successfully bumped revision number for resource d5c8c30a-9281-4c41-9352-be1371dde664 (type: security_groups) to 1
Aug 14 09:08:14.452454 np0000189554 devstack@neutron-api.service[101556]: INFO neutron.db.ovn_revision_numbers_db [None req-f06ca701-95db-4721-86eb-b33f4ecd7415 admin admin] Successfully bumped revision number for resource 055db1b9-3cb1-461b-ae0e-f4479af08cb0 (type: security_group_rules) to 0
Aug 14 09:08:14.467158 np0000189554 devstack@neutron-api.service[101556]: INFO neutron.db.ovn_revision_numbers_db [None req-f06ca701-95db-4721-86eb-b33f4ecd7415 admin admin] Successfully bumped revision number for resource 705d9dd1-4caf-4efc-8ad3-0e63384194e6 (type: security_group_rules) to 0
Aug 14 09:08:14.480344 np0000189554 devstack@neutron-api.service[101556]: INFO neutron.db.ovn_revision_numbers_db [None req-f06ca701-95db-4721-86eb-b33f4ecd7415 admin admin] Successfully bumped revision number for resource de46c37f-0761-4a4a-89e5-e73890cfb967 (type: security_group_rules) to 0
Aug 14 09:08:14.494405 np0000189554 devstack@neutron-api.service[101556]: INFO neutron.db.ovn_revision_numbers_db [None req-f06ca701-95db-4721-86eb-b33f4ecd7415 admin admin] Successfully bumped revision number for resource f4cbb2db-3140-4642-a0f1-d8c2f8d1108b (type: security_group_rules) to 0
Aug 14 09:08:14.520372 np0000189554 devstack@neutron-api.service[101556]: DEBUG neutron.api.rpc.handlers.resources_rpc [None req-f06ca701-95db-4721-86eb-b33f4ecd7415 admin admin] Pushing event updated for resources: {'SecurityGroup': ['ID=d5c8c30a-9281-4c41-9352-be1371dde664,revision_number=1']} {{(pid=101556) push /opt/stack/neutron/neutron/api/rpc/handlers/resources_rpc.py:237}}
Aug 14 09:08:14.527759 np0000189554 devstack@neutron-api.service[101556]: DEBUG ovsdbapp.backend.ovs_idl.transaction [-] Running txn n=1 command(idx=0): CheckLivenessCommand(_result=None) {{(pid=101556) do_commit /opt/stack/data/venv/lib/python3.12/site-packages/ovsdbapp/backend/ovs_idl/transaction.py:89}}
Aug 14 09:08:14.531736 np0000189554 devstack@neutron-api.service[101558]: DEBUG neutron.plugins.ml2.drivers.ovn.mech_driver.ovsdb.ovsdb_monitor [-] Hash Ring: Node d5d7486cdd4e54ccb2bd000157bdc584 (host: np0000189554) handling event "update" for row 842b35a8-97cb-41c9-8bcd-70e56ae06b67 (table: NB_Global) {{(pid=101558) notify /opt/stack/neutron/neutron/plugins/ml2/drivers/ovn/mech_driver/ovsdb/ovsdb_monitor.py:1099}}
Aug 14 09:08:14.533815 np0000189554 devstack@neutron-api.service[101556]: DEBUG neutron.api.rpc.callbacks.version_manager [None req-f06ca701-95db-4721-86eb-b33f4ecd7415 admin admin] Tracked resource versions report:
Aug 14 09:08:14.533815 np0000189554 devstack@neutron-api.service[101556]: pushed versions:
Aug 14 09:08:14.533815 np0000189554 devstack@neutron-api.service[101556]: { 'AddressGroup': {'1.2'},
Aug 14 09:08:14.533815 np0000189554 devstack@neutron-api.service[101556]: 'Agent': {'1.1'},
Aug 14 09:08:14.533815 np0000189554 devstack@neutron-api.service[101556]: 'ConntrackHelper': {'1.0'},
Aug 14 09:08:14.533815 np0000189554 devstack@neutron-api.service[101556]: 'LocalIPAssociation': {'1.0'},
Aug 14 09:08:14.533815 np0000189554 devstack@neutron-api.service[101556]: 'Log': {'1.0'},
Aug 14 09:08:14.533815 np0000189554 devstack@neutron-api.service[101556]: 'NDPProxy': {'1.0'},
Aug 14 09:08:14.533815 np0000189554 devstack@neutron-api.service[101556]: 'Network': {'1.3'},
Aug 14 09:08:14.533815 np0000189554 devstack@neutron-api.service[101556]: 'Port': {'1.11'},
Aug 14 09:08:14.533815 np0000189554 devstack@neutron-api.service[101556]: 'PortForwarding': {'1.3'},
Aug 14 09:08:14.533815 np0000189554 devstack@neutron-api.service[101556]: 'QosPolicy': {'1.10'},
Aug 14 09:08:14.533815 np0000189554 devstack@neutron-api.service[101556]: 'SecurityGroup': {'1.6'},
Aug 14 09:08:14.533815 np0000189554 devstack@neutron-api.service[101556]: 'SecurityGroupRule': {'1.3'},
Aug 14 09:08:14.533815 np0000189554 devstack@neutron-api.service[101556]: 'SubPort': {'1.0'},
Aug 14 09:08:14.533815 np0000189554 devstack@neutron-api.service[101556]: 'Subnet': {'1.2'},
Aug 14 09:08:14.533815 np0000189554 devstack@neutron-api.service[101556]: 'Trunk': {'1.1'}}
Aug 14 09:08:14.533815 np0000189554 devstack@neutron-api.service[101556]: consumer versions:
Aug 14 09:08:14.533815 np0000189554 devstack@neutron-api.service[101556]: {}
Aug 14 09:08:14.533815 np0000189554 devstack@neutron-api.service[101556]: {{(pid=101556) report /opt/stack/neutron/neutron/api/rpc/callbacks/version_manager.py:183}}
Aug 14 09:08:14.535311 np0000189554 devstack@neutron-api.service[101558]: DEBUG neutron.plugins.ml2.drivers.ovn.mech_driver.ovsdb.ovsdb_monitor [-] Hash Ring: Node d5d7486cdd4e54ccb2bd000157bdc584 (host: np0000189554) handling event "update" for row 842b35a8-97cb-41c9-8bcd-70e56ae06b67 (table: NB_Global) {{(pid=101558) notify /opt/stack/neutron/neutron/plugins/ml2/drivers/ovn/mech_driver/ovsdb/ovsdb_monitor.py:1099}}
Aug 14 09:08:14.536452 np0000189554 devstack@neutron-api.service[101557]: DEBUG ovsdbapp.backend.ovs_idl.event [-] Matched UPDATE: ChassisAgentWriteEvent(events=('create', 'update'), table='Chassis_Private', conditions=None, old_conditions=None), priority=20 to row=Chassis_Private(uuid=9a05d676-0caa-4949-9cd1-6a4ee97c52a0, chassis=f3cc8895-8c6b-41e4-8372-94c467a5b435, external_ids={'neutron:ovn-bridge': 'br-int', 'neutron:ovn-neutron-agent-id': '701eeead-bb47-5697-8056-b0a46c981118', 'neutron:ovn-neutron-agent-sb-cfg': '0'}, name='f9b2e590-5976-438a-8b3b-1f85ce8e41db', nb_cfg=1, nb_cfg_timestamp=1786698494531) old=Chassis_Private(uuid=9a05d676-0caa-4949-9cd1-6a4ee97c52a0, nb_cfg=0, nb_cfg_timestamp=0) {{(pid=101557) matches /opt/stack/data/venv/lib/python3.12/site-packages/ovsdbapp/backend/ovs_idl/event.py:55}}
Aug 14 09:08:14.536452 np0000189554 devstack@neutron-api.service[101557]: DEBUG neutron.plugins.ml2.drivers.ovn.mech_driver.ovsdb.ovsdb_monitor [-] Hash Ring: Node bdd29b46026e5e4aba960c18003f1dd7 (host: np0000189554) handling event "update" for row 9a05d676-0caa-4949-9cd1-6a4ee97c52a0 (table: Chassis_Private) {{(pid=101557) notify /opt/stack/neutron/neutron/plugins/ml2/drivers/ovn/mech_driver/ovsdb/ovsdb_monitor.py:1099}}
Aug 14 09:08:14.539232 np0000189554 devstack@neutron-api.service[101558]: DEBUG ovsdbapp.backend.ovs_idl.event [-] Matched UPDATE: ChassisAgentWriteEvent(events=('create', 'update'), table='Chassis_Private', conditions=None, old_conditions=None), priority=20 to row=Chassis_Private(uuid=9a05d676-0caa-4949-9cd1-6a4ee97c52a0, chassis=f3cc8895-8c6b-41e4-8372-94c467a5b435, external_ids={'neutron:ovn-bridge': 'br-int', 'neutron:ovn-neutron-agent-id': '701eeead-bb47-5697-8056-b0a46c981118', 'neutron:ovn-neutron-agent-sb-cfg': '0'}, name='f9b2e590-5976-438a-8b3b-1f85ce8e41db', nb_cfg=1, nb_cfg_timestamp=1786698494531) old=Chassis_Private(uuid=9a05d676-0caa-4949-9cd1-6a4ee97c52a0, nb_cfg=0, nb_cfg_timestamp=0) {{(pid=101558) matches /opt/stack/data/venv/lib/python3.12/site-packages/ovsdbapp/backend/ovs_idl/event.py:55}}
Aug 14 09:08:14.541965 np0000189554 devstack@neutron-api.service[101556]: DEBUG ovsdbapp.backend.ovs_idl.event [-] Matched UPDATE: ChassisAgentWriteEvent(events=('create', 'update'), table='Chassis_Private', conditions=None, old_conditions=None), priority=20 to row=Chassis_Private(uuid=9a05d676-0caa-4949-9cd1-6a4ee97c52a0, chassis=f3cc8895-8c6b-41e4-8372-94c467a5b435, external_ids={'neutron:ovn-bridge': 'br-int', 'neutron:ovn-neutron-agent-id': '701eeead-bb47-5697-8056-b0a46c981118', 'neutron:ovn-neutron-agent-sb-cfg': '0'}, name='f9b2e590-5976-438a-8b3b-1f85ce8e41db', nb_cfg=1, nb_cfg_timestamp=1786698494531) old=Chassis_Private(uuid=9a05d676-0caa-4949-9cd1-6a4ee97c52a0, nb_cfg=0, nb_cfg_timestamp=0) {{(pid=101556) matches /opt/stack/data/venv/lib/python3.12/site-packages/ovsdbapp/backend/ovs_idl/event.py:55}}
Aug 14 09:08:14.543884 np0000189554 devstack@neutron-api.service[101558]: DEBUG neutron.plugins.ml2.drivers.ovn.mech_driver.ovsdb.ovsdb_monitor [-] Hash Ring: Node d5d7486cdd4e54ccb2bd000157bdc584 (host: np0000189554) handling event "update" for row 842b35a8-97cb-41c9-8bcd-70e56ae06b67 (table: NB_Global) {{(pid=101558) notify /opt/stack/neutron/neutron/plugins/ml2/drivers/ovn/mech_driver/ovsdb/ovsdb_monitor.py:1099}}
Aug 14 09:08:14.544784 np0000189554 devstack@neutron-api.service[101556]: DEBUG ovsdbapp.backend.ovs_idl.event [-] Matched UPDATE: ChassisOVNAgentWriteEvent(events=('create', 'update'), table='Chassis_Private', conditions=None, old_conditions=None), priority=20 to row=Chassis_Private(uuid=9a05d676-0caa-4949-9cd1-6a4ee97c52a0, chassis=f3cc8895-8c6b-41e4-8372-94c467a5b435, external_ids={'neutron:ovn-bridge': 'br-int', 'neutron:ovn-neutron-agent-id': '701eeead-bb47-5697-8056-b0a46c981118', 'neutron:ovn-neutron-agent-sb-cfg': '1'}, name='f9b2e590-5976-438a-8b3b-1f85ce8e41db', nb_cfg=1, nb_cfg_timestamp=1786698494531) old=Chassis_Private(uuid=9a05d676-0caa-4949-9cd1-6a4ee97c52a0, external_ids={'neutron:ovn-bridge': 'br-int', 'neutron:ovn-neutron-agent-id': '701eeead-bb47-5697-8056-b0a46c981118', 'neutron:ovn-neutron-agent-sb-cfg': '0'}) {{(pid=101556) matches /opt/stack/data/venv/lib/python3.12/site-packages/ovsdbapp/backend/ovs_idl/event.py:55}}
Aug 14 09:08:14.545150 np0000189554 devstack@neutron-api.service[101557]: DEBUG ovsdbapp.backend.ovs_idl.event [-] Matched UPDATE: ChassisOVNAgentWriteEvent(events=('create', 'update'), table='Chassis_Private', conditions=None, old_conditions=None), priority=20 to row=Chassis_Private(uuid=9a05d676-0caa-4949-9cd1-6a4ee97c52a0, chassis=f3cc8895-8c6b-41e4-8372-94c467a5b435, external_ids={'neutron:ovn-bridge': 'br-int', 'neutron:ovn-neutron-agent-id': '701eeead-bb47-5697-8056-b0a46c981118', 'neutron:ovn-neutron-agent-sb-cfg': '1'}, name='f9b2e590-5976-438a-8b3b-1f85ce8e41db', nb_cfg=1, nb_cfg_timestamp=1786698494531) old=Chassis_Private(uuid=9a05d676-0caa-4949-9cd1-6a4ee97c52a0, external_ids={'neutron:ovn-bridge': 'br-int', 'neutron:ovn-neutron-agent-id': '701eeead-bb47-5697-8056-b0a46c981118', 'neutron:ovn-neutron-agent-sb-cfg': '0'}) {{(pid=101557) matches /opt/stack/data/venv/lib/python3.12/site-packages/ovsdbapp/backend/ovs_idl/event.py:55}}
Aug 14 09:08:14.545312 np0000189554 devstack@neutron-api.service[101558]: DEBUG neutron.plugins.ml2.drivers.ovn.mech_driver.ovsdb.ovsdb_monitor [-] Hash Ring: Node d5d7486cdd4e54ccb2bd000157bdc584 (host: np0000189554) handling event "update" for row 842b35a8-97cb-41c9-8bcd-70e56ae06b67 (table: NB_Global) {{(pid=101558) notify /opt/stack/neutron/neutron/plugins/ml2/drivers/ovn/mech_driver/ovsdb/ovsdb_monitor.py:1099}}
Aug 14 09:08:14.546060 np0000189554 devstack@neutron-api.service[101555]: DEBUG ovsdbapp.backend.ovs_idl.event [-] Matched UPDATE: ChassisAgentWriteEvent(events=('create', 'update'), table='Chassis_Private', conditions=None, old_conditions=None), priority=20 to row=Chassis_Private(uuid=9a05d676-0caa-4949-9cd1-6a4ee97c52a0, chassis=f3cc8895-8c6b-41e4-8372-94c467a5b435, external_ids={'neutron:ovn-bridge': 'br-int', 'neutron:ovn-neutron-agent-id': '701eeead-bb47-5697-8056-b0a46c981118', 'neutron:ovn-neutron-agent-sb-cfg': '0'}, name='f9b2e590-5976-438a-8b3b-1f85ce8e41db', nb_cfg=1, nb_cfg_timestamp=1786698494531) old=Chassis_Private(uuid=9a05d676-0caa-4949-9cd1-6a4ee97c52a0, nb_cfg=0, nb_cfg_timestamp=0) {{(pid=101555) matches /opt/stack/data/venv/lib/python3.12/site-packages/ovsdbapp/backend/ovs_idl/event.py:55}}
Aug 14 09:08:14.546687 np0000189554 devstack@neutron-api.service[101557]: DEBUG neutron.plugins.ml2.drivers.ovn.mech_driver.ovsdb.ovsdb_monitor [-] Hash Ring: Node bdd29b46026e5e4aba960c18003f1dd7 (host: np0000189554) handling event "update" for row 9a05d676-0caa-4949-9cd1-6a4ee97c52a0 (table: Chassis_Private) {{(pid=101557) notify /opt/stack/neutron/neutron/plugins/ml2/drivers/ovn/mech_driver/ovsdb/ovsdb_monitor.py:1099}}
Aug 14 09:08:14.547581 np0000189554 devstack@neutron-api.service[101558]: DEBUG neutron.common.ovn.hash_ring_manager [-] Allow caching, nodes 4>=4 {{(pid=101558) _wait_startup_before_caching /opt/stack/neutron/neutron/common/ovn/hash_ring_manager.py:71}}
Aug 14 09:08:14.547787 np0000189554 devstack@neutron-api.service[101558]: DEBUG neutron.plugins.ml2.drivers.ovn.mech_driver.ovsdb.ovsdb_monitor [-] Hash Ring: Node d5d7486cdd4e54ccb2bd000157bdc584 (host: np0000189554) handling event "update" for row 9a05d676-0caa-4949-9cd1-6a4ee97c52a0 (table: Chassis_Private) {{(pid=101558) notify /opt/stack/neutron/neutron/plugins/ml2/drivers/ovn/mech_driver/ovsdb/ovsdb_monitor.py:1099}}
Aug 14 09:08:14.548686 np0000189554 devstack@neutron-api.service[101555]: DEBUG ovsdbapp.backend.ovs_idl.event [-] Matched UPDATE: ChassisOVNAgentWriteEvent(events=('create', 'update'), table='Chassis_Private', conditions=None, old_conditions=None), priority=20 to row=Chassis_Private(uuid=9a05d676-0caa-4949-9cd1-6a4ee97c52a0, chassis=f3cc8895-8c6b-41e4-8372-94c467a5b435, external_ids={'neutron:ovn-bridge': 'br-int', 'neutron:ovn-neutron-agent-id': '701eeead-bb47-5697-8056-b0a46c981118', 'neutron:ovn-neutron-agent-sb-cfg': '1'}, name='f9b2e590-5976-438a-8b3b-1f85ce8e41db', nb_cfg=1, nb_cfg_timestamp=1786698494531) old=Chassis_Private(uuid=9a05d676-0caa-4949-9cd1-6a4ee97c52a0, external_ids={'neutron:ovn-bridge': 'br-int', 'neutron:ovn-neutron-agent-id': '701eeead-bb47-5697-8056-b0a46c981118', 'neutron:ovn-neutron-agent-sb-cfg': '0'}) {{(pid=101555) matches /opt/stack/data/venv/lib/python3.12/site-packages/ovsdbapp/backend/ovs_idl/event.py:55}}
Aug 14 09:08:14.549540 np0000189554 devstack@neutron-api.service[101558]: DEBUG ovsdbapp.backend.ovs_idl.event [-] Matched UPDATE: ChassisOVNAgentWriteEvent(events=('create', 'update'), table='Chassis_Private', conditions=None, old_conditions=None), priority=20 to row=Chassis_Private(uuid=9a05d676-0caa-4949-9cd1-6a4ee97c52a0, chassis=f3cc8895-8c6b-41e4-8372-94c467a5b435, external_ids={'neutron:ovn-bridge': 'br-int', 'neutron:ovn-neutron-agent-id': '701eeead-bb47-5697-8056-b0a46c981118', 'neutron:ovn-neutron-agent-sb-cfg': '1'}, name='f9b2e590-5976-438a-8b3b-1f85ce8e41db', nb_cfg=1, nb_cfg_timestamp=1786698494531) old=Chassis_Private(uuid=9a05d676-0caa-4949-9cd1-6a4ee97c52a0, external_ids={'neutron:ovn-bridge': 'br-int', 'neutron:ovn-neutron-agent-id': '701eeead-bb47-5697-8056-b0a46c981118', 'neutron:ovn-neutron-agent-sb-cfg': '0'}) {{(pid=101558) matches /opt/stack/data/venv/lib/python3.12/site-packages/ovsdbapp/backend/ovs_idl/event.py:55}}
Aug 14 09:08:14.549975 np0000189554 devstack@neutron-api.service[101558]: DEBUG neutron.plugins.ml2.drivers.ovn.mech_driver.ovsdb.ovsdb_monitor [-] Hash Ring: Node d5d7486cdd4e54ccb2bd000157bdc584 (host: np0000189554) handling event "update" for row 9a05d676-0caa-4949-9cd1-6a4ee97c52a0 (table: Chassis_Private) {{(pid=101558) notify /opt/stack/neutron/neutron/plugins/ml2/drivers/ovn/mech_driver/ovsdb/ovsdb_monitor.py:1099}}
Aug 14 09:08:14.605404 np0000189554 devstack@neutron-api.service[101556]: DEBUG neutron.plugins.ml2.drivers.helpers [None req-f06ca701-95db-4721-86eb-b33f4ecd7415 admin admin] geneve segment allocate from pool success with {'geneve_vni': 15301} {{(pid=101556) allocate_partially_specified_segment /opt/stack/neutron/neutron/plugins/ml2/drivers/helpers.py:142}}
Aug 14 09:08:14.617987 np0000189554 devstack@neutron-api.service[101556]: DEBUG neutron_lib.callbacks.manager [None req-f06ca701-95db-4721-86eb-b33f4ecd7415 admin admin] Publish callbacks ['neutron.services.segments.db._add_segment_host_mapping_for_segment-8282305972828', 'neutron.plugins.ml2.plugin.Ml2Plugin._handle_segment_change-362952'] for segment (d48e8f54-57c1-470d-9771-da7ddfde778e), precommit_create {{(pid=101556) _notify_loop /opt/stack/data/venv/lib/python3.12/site-packages/neutron_lib/callbacks/manager.py:184}}
Aug 14 09:08:14.618170 np0000189554 devstack@neutron-api.service[101556]: INFO neutron.db.segments_db [None req-f06ca701-95db-4721-86eb-b33f4ecd7415 admin admin] Added segment d48e8f54-57c1-470d-9771-da7ddfde778e of type geneve for network 4744b370-f3fe-44f2-a6bc-28782e503794
Aug 14 09:08:14.661911 np0000189554 devstack@neutron-api.service[101556]: DEBUG neutron_lib.callbacks.manager [None req-f06ca701-95db-4721-86eb-b33f4ecd7415 admin admin] Publish callbacks ['neutron.services.auto_allocate.db._ensure_external_network_default_value_callback-8282303906136'] for network (4744b370-f3fe-44f2-a6bc-28782e503794), precommit_create {{(pid=101556) _notify_loop /opt/stack/data/venv/lib/python3.12/site-packages/neutron_lib/callbacks/manager.py:184}}
Aug 14 09:08:14.678088 np0000189554 devstack@neutron-api.service[101556]: DEBUG neutron.plugins.ml2.drivers.ovn.mech_driver.mech_driver [None req-f06ca701-95db-4721-86eb-b33f4ecd7415 admin admin] Validating network segment with type geneve, segmentation ID 15301, physical network None {{(pid=101556) _validate_network_segments /opt/stack/neutron/neutron/plugins/ml2/drivers/ovn/mech_driver/mech_driver.py:624}}
Aug 14 09:08:14.678275 np0000189554 devstack@neutron-api.service[101556]: DEBUG neutron.db.ovn_revision_numbers_db [None req-f06ca701-95db-4721-86eb-b33f4ecd7415 admin admin] create_initial_revision uuid=4744b370-f3fe-44f2-a6bc-28782e503794, type=networks, rev=-1 {{(pid=101556) create_initial_revision /opt/stack/neutron/neutron/db/ovn_revision_numbers_db.py:98}}
Aug 14 09:08:14.697682 np0000189554 devstack@neutron-api.service[101556]: DEBUG neutron_lib.callbacks.manager [None req-f06ca701-95db-4721-86eb-b33f4ecd7415 admin admin] Publish callbacks ['neutron.plugins.ml2.ovo_rpc._ObjectChangeHandler.handle_event-3023711'] for network (4744b370-f3fe-44f2-a6bc-28782e503794), after_create {{(pid=101556) _notify_loop /opt/stack/data/venv/lib/python3.12/site-packages/neutron_lib/callbacks/manager.py:184}}
