Apr 15 08:49:34.450077 np0000166426 nova-scheduler[109153]: DEBUG cotyledon.oslo_config_glue [-] vnc.server_proxyclient_address = 127.0.0.1 {{(pid=109153) log_opt_values /opt/stack/data/venv/lib/python3.12/site-packages/oslo_config/cfg.py:3006}}
Apr 15 08:49:34.450077 np0000166426 nova-scheduler[109153]: DEBUG cotyledon.oslo_config_glue [-] vnc.vencrypt_ca_certs = None {{(pid=109153) log_opt_values /opt/stack/data/venv/lib/python3.12/site-packages/oslo_config/cfg.py:3006}}
Apr 15 08:49:34.450077 np0000166426 nova-scheduler[109153]: DEBUG cotyledon.oslo_config_glue [-] vnc.vencrypt_client_cert = None {{(pid=109153) log_opt_values /opt/stack/data/venv/lib/python3.12/site-packages/oslo_config/cfg.py:3006}}
Apr 15 08:49:34.450077 np0000166426 nova-scheduler[109153]: DEBUG cotyledon.oslo_config_glue [-] vnc.vencrypt_client_key = None {{(pid=109153) log_opt_values /opt/stack/data/venv/lib/python3.12/site-packages/oslo_config/cfg.py:3006}}
Apr 15 08:49:34.450077 np0000166426 nova-scheduler[109153]: DEBUG cotyledon.oslo_config_glue [-] workarounds.disable_compute_service_check_for_ffu = False {{(pid=109153) log_opt_values /opt/stack/data/venv/lib/python3.12/site-packages/oslo_config/cfg.py:3006}}
Apr 15 08:49:34.450280 np0000166426 nova-scheduler[109153]: DEBUG cotyledon.oslo_config_glue [-] workarounds.disable_deep_image_inspection = False {{(pid=109153) log_opt_values /opt/stack/data/venv/lib/python3.12/site-packages/oslo_config/cfg.py:3006}}
Apr 15 08:49:34.450280 np0000166426 nova-scheduler[109153]: DEBUG cotyledon.oslo_config_glue [-] workarounds.disable_fallback_pcpu_query = False {{(pid=109153) log_opt_values /opt/stack/data/venv/lib/python3.12/site-packages/oslo_config/cfg.py:3006}}
Apr 15 08:49:34.450280 np0000166426 nova-scheduler[109153]: DEBUG cotyledon.oslo_config_glue [-] workarounds.disable_group_policy_check_upcall = False {{(pid=109153) log_opt_values /opt/stack/data/venv/lib/python3.12/site-packages/oslo_config/cfg.py:3006}}
Apr 15 08:49:34.450280 np0000166426 nova-scheduler[109153]: DEBUG cotyledon.oslo_config_glue [-] workarounds.disable_libvirt_livesnapshot = False {{(pid=109153) log_opt_values /opt/stack/data/venv/lib/python3.12/site-packages/oslo_config/cfg.py:3006}}
Apr 15 08:49:34.450280 np0000166426 nova-scheduler[109153]: DEBUG cotyledon.oslo_config_glue [-] workarounds.disable_rootwrap = False {{(pid=109153) log_opt_values /opt/stack/data/venv/lib/python3.12/site-packages/oslo_config/cfg.py:3006}}
Apr 15 08:49:34.450280 np0000166426 nova-scheduler[109153]: DEBUG cotyledon.oslo_config_glue [-] workarounds.enable_numa_live_migration = False {{(pid=109153) log_opt_values /opt/stack/data/venv/lib/python3.12/site-packages/oslo_config/cfg.py:3006}}
Apr 15 08:49:34.450280 np0000166426 nova-scheduler[109153]: DEBUG cotyledon.oslo_config_glue [-] workarounds.enable_qemu_monitor_announce_self = False {{(pid=109153) log_opt_values /opt/stack/data/venv/lib/python3.12/site-packages/oslo_config/cfg.py:3006}}
Apr 15 08:49:34.450280 np0000166426 nova-scheduler[109153]: DEBUG cotyledon.oslo_config_glue [-] workarounds.ensure_libvirt_rbd_instance_dir_cleanup = False {{(pid=109153) log_opt_values /opt/stack/data/venv/lib/python3.12/site-packages/oslo_config/cfg.py:3006}}
Apr 15 08:49:34.450280 np0000166426 nova-scheduler[109153]: DEBUG cotyledon.oslo_config_glue [-] workarounds.handle_virt_lifecycle_events = True {{(pid=109153) log_opt_values /opt/stack/data/venv/lib/python3.12/site-packages/oslo_config/cfg.py:3006}}
Apr 15 08:49:34.450501 np0000166426 nova-scheduler[109153]: DEBUG cotyledon.oslo_config_glue [-] workarounds.libvirt_disable_apic = False {{(pid=109153) log_opt_values /opt/stack/data/venv/lib/python3.12/site-packages/oslo_config/cfg.py:3006}}
Apr 15 08:49:34.450501 np0000166426 nova-scheduler[109153]: DEBUG cotyledon.oslo_config_glue [-] workarounds.never_download_image_if_on_rbd = False {{(pid=109153) log_opt_values /opt/stack/data/venv/lib/python3.12/site-packages/oslo_config/cfg.py:3006}}
Apr 15 08:49:34.450501 np0000166426 nova-scheduler[109153]: DEBUG cotyledon.oslo_config_glue [-] workarounds.qemu_monitor_announce_self_count = 3 {{(pid=109153) log_opt_values /opt/stack/data/venv/lib/python3.12/site-packages/oslo_config/cfg.py:3006}}
Apr 15 08:49:34.450501 np0000166426 nova-scheduler[109153]: DEBUG cotyledon.oslo_config_glue [-] workarounds.qemu_monitor_announce_self_interval = 1 {{(pid=109153) log_opt_values /opt/stack/data/venv/lib/python3.12/site-packages/oslo_config/cfg.py:3006}}
Apr 15 08:49:34.450501 np0000166426 nova-scheduler[109153]: DEBUG cotyledon.oslo_config_glue [-] workarounds.reserve_disk_resource_for_image_cache = False {{(pid=109153) log_opt_values /opt/stack/data/venv/lib/python3.12/site-packages/oslo_config/cfg.py:3006}}
Apr 15 08:49:34.450501 np0000166426 nova-scheduler[109153]: DEBUG cotyledon.oslo_config_glue [-] workarounds.skip_cpu_compare_at_startup = False {{(pid=109153) log_opt_values /opt/stack/data/venv/lib/python3.12/site-packages/oslo_config/cfg.py:3006}}
Apr 15 08:49:34.450501 np0000166426 nova-scheduler[109153]: DEBUG cotyledon.oslo_config_glue [-] workarounds.skip_cpu_compare_on_dest = False {{(pid=109153) log_opt_values /opt/stack/data/venv/lib/python3.12/site-packages/oslo_config/cfg.py:3006}}
Apr 15 08:49:34.450501 np0000166426 nova-scheduler[109153]: DEBUG cotyledon.oslo_config_glue [-] workarounds.skip_hypervisor_version_check_on_lm = False {{(pid=109153) log_opt_values /opt/stack/data/venv/lib/python3.12/site-packages/oslo_config/cfg.py:3006}}
Apr 15 08:49:34.450501 np0000166426 nova-scheduler[109153]: DEBUG cotyledon.oslo_config_glue [-] workarounds.skip_reserve_in_use_ironic_nodes = False {{(pid=109153) log_opt_values /opt/stack/data/venv/lib/python3.12/site-packages/oslo_config/cfg.py:3006}}
Apr 15 08:49:34.450746 np0000166426 nova-scheduler[109153]: DEBUG cotyledon.oslo_config_glue [-] workarounds.unified_limits_count_pcpu_as_vcpu = False {{(pid=109153) log_opt_values /opt/stack/data/venv/lib/python3.12/site-packages/oslo_config/cfg.py:3006}}
Apr 15 08:49:34.450746 np0000166426 nova-scheduler[109153]: DEBUG cotyledon.oslo_config_glue [-] workarounds.wait_for_vif_plugged_event_during_hard_reboot = [] {{(pid=109153) log_opt_values /opt/stack/data/venv/lib/python3.12/site-packages/oslo_config/cfg.py:3006}}
Apr 15 08:49:34.450746 np0000166426 nova-scheduler[109153]: DEBUG cotyledon.oslo_config_glue [-] wsgi.api_paste_config = /etc/nova/api-paste.ini {{(pid=109153) log_opt_values /opt/stack/data/venv/lib/python3.12/site-packages/oslo_config/cfg.py:3006}}
Apr 15 08:49:34.450746 np0000166426 nova-scheduler[109153]: DEBUG cotyledon.oslo_config_glue [-] wsgi.secure_proxy_ssl_header = None {{(pid=109153) log_opt_values /opt/stack/data/venv/lib/python3.12/site-packages/oslo_config/cfg.py:3006}}
Apr 15 08:49:34.450746 np0000166426 nova-scheduler[109153]: DEBUG cotyledon.oslo_config_glue [-] zvm.ca_file = None {{(pid=109153) log_opt_values /opt/stack/data/venv/lib/python3.12/site-packages/oslo_config/cfg.py:3006}}
Apr 15 08:49:34.450746 np0000166426 nova-scheduler[109153]: DEBUG cotyledon.oslo_config_glue [-] zvm.cloud_connector_url = None {{(pid=109153) log_opt_values /opt/stack/data/venv/lib/python3.12/site-packages/oslo_config/cfg.py:3006}}
Apr 15 08:49:34.450746 np0000166426 nova-scheduler[109153]: DEBUG cotyledon.oslo_config_glue [-] zvm.image_tmp_path = /opt/stack/data/nova/images {{(pid=109153) log_opt_values /opt/stack/data/venv/lib/python3.12/site-packages/oslo_config/cfg.py:3006}}
Apr 15 08:49:34.450746 np0000166426 nova-scheduler[109153]: DEBUG cotyledon.oslo_config_glue [-] zvm.reachable_timeout = 300 {{(pid=109153) log_opt_values /opt/stack/data/venv/lib/python3.12/site-packages/oslo_config/cfg.py:3006}}
Apr 15 08:49:34.450746 np0000166426 nova-scheduler[109153]: DEBUG cotyledon.oslo_config_glue [-] oslo_versionedobjects.fatal_exception_format_errors = False {{(pid=109153) log_opt_values /opt/stack/data/venv/lib/python3.12/site-packages/oslo_config/cfg.py:3006}}
Apr 15 08:49:34.450957 np0000166426 nova-scheduler[109153]: DEBUG cotyledon.oslo_config_glue [-] oslo_middleware.http_basic_auth_user_file = /etc/htpasswd {{(pid=109153) log_opt_values /opt/stack/data/venv/lib/python3.12/site-packages/oslo_config/cfg.py:3006}}
Apr 15 08:49:34.450957 np0000166426 nova-scheduler[109153]: DEBUG cotyledon.oslo_config_glue [-] oslo_messaging_metrics.metrics_buffer_size = 1000 {{(pid=109153) log_opt_values /opt/stack/data/venv/lib/python3.12/site-packages/oslo_config/cfg.py:3006}}
Apr 15 08:49:34.450957 np0000166426 nova-scheduler[109153]: DEBUG cotyledon.oslo_config_glue [-] oslo_messaging_metrics.metrics_enabled = False {{(pid=109153) log_opt_values /opt/stack/data/venv/lib/python3.12/site-packages/oslo_config/cfg.py:3006}}
Apr 15 08:49:34.450957 np0000166426 nova-scheduler[109153]: DEBUG cotyledon.oslo_config_glue [-] oslo_messaging_metrics.metrics_process_name = {{(pid=109153) log_opt_values /opt/stack/data/venv/lib/python3.12/site-packages/oslo_config/cfg.py:3006}}
Apr 15 08:49:34.450957 np0000166426 nova-scheduler[109153]: DEBUG cotyledon.oslo_config_glue [-] oslo_messaging_metrics.metrics_socket_file = /var/tmp/metrics_collector.sock {{(pid=109153) log_opt_values /opt/stack/data/venv/lib/python3.12/site-packages/oslo_config/cfg.py:3006}}
Apr 15 08:49:34.450957 np0000166426 nova-scheduler[109153]: DEBUG cotyledon.oslo_config_glue [-] oslo_messaging_metrics.metrics_thread_stop_timeout = 10 {{(pid=109153) log_opt_values /opt/stack/data/venv/lib/python3.12/site-packages/oslo_config/cfg.py:3006}}
Apr 15 08:49:34.450957 np0000166426 nova-scheduler[109153]: DEBUG cotyledon.oslo_config_glue [-] profiler.connection_string = messaging:// {{(pid=109153) log_opt_values /opt/stack/data/venv/lib/python3.12/site-packages/oslo_config/cfg.py:3006}}
Apr 15 08:49:34.450957 np0000166426 nova-scheduler[109153]: DEBUG cotyledon.oslo_config_glue [-] profiler.enabled = False {{(pid=109153) log_opt_values /opt/stack/data/venv/lib/python3.12/site-packages/oslo_config/cfg.py:3006}}
Apr 15 08:49:34.451143 np0000166426 nova-scheduler[109153]: DEBUG cotyledon.oslo_config_glue [-] profiler.es_doc_type = notification {{(pid=109153) log_opt_values /opt/stack/data/venv/lib/python3.12/site-packages/oslo_config/cfg.py:3006}}
Apr 15 08:49:34.451143 np0000166426 nova-scheduler[109153]: DEBUG cotyledon.oslo_config_glue [-] profiler.es_scroll_size = 10000 {{(pid=109153) log_opt_values /opt/stack/data/venv/lib/python3.12/site-packages/oslo_config/cfg.py:3006}}
Apr 15 08:49:34.451143 np0000166426 nova-scheduler[109153]: DEBUG cotyledon.oslo_config_glue [-] profiler.es_scroll_time = 2m {{(pid=109153) log_opt_values /opt/stack/data/venv/lib/python3.12/site-packages/oslo_config/cfg.py:3006}}
Apr 15 08:49:34.451143 np0000166426 nova-scheduler[109153]: DEBUG cotyledon.oslo_config_glue [-] profiler.filter_error_trace = False {{(pid=109153) log_opt_values /opt/stack/data/venv/lib/python3.12/site-packages/oslo_config/cfg.py:3006}}
Apr 15 08:49:34.451143 np0000166426 nova-scheduler[109153]: DEBUG cotyledon.oslo_config_glue [-] profiler.hmac_keys = **** {{(pid=109153) log_opt_values /opt/stack/data/venv/lib/python3.12/site-packages/oslo_config/cfg.py:3006}}
Apr 15 08:49:34.451143 np0000166426 nova-scheduler[109153]: DEBUG cotyledon.oslo_config_glue [-] profiler.sentinel_service_name = mymaster {{(pid=109153) log_opt_values /opt/stack/data/venv/lib/python3.12/site-packages/oslo_config/cfg.py:3006}}
Apr 15 08:49:34.451143 np0000166426 nova-scheduler[109153]: DEBUG cotyledon.oslo_config_glue [-] profiler.socket_timeout = 0.1 {{(pid=109153) log_opt_values /opt/stack/data/venv/lib/python3.12/site-packages/oslo_config/cfg.py:3006}}
Apr 15 08:49:34.451143 np0000166426 nova-scheduler[109153]: DEBUG cotyledon.oslo_config_glue [-] profiler.trace_requests = False {{(pid=109153) log_opt_values /opt/stack/data/venv/lib/python3.12/site-packages/oslo_config/cfg.py:3006}}
Apr 15 08:49:34.451143 np0000166426 nova-scheduler[109153]: DEBUG cotyledon.oslo_config_glue [-] profiler.trace_sqlalchemy = False {{(pid=109153) log_opt_values /opt/stack/data/venv/lib/python3.12/site-packages/oslo_config/cfg.py:3006}}
Apr 15 08:49:34.451337 np0000166426 nova-scheduler[109153]: DEBUG cotyledon.oslo_config_glue [-] profiler_jaeger.process_tags = {} {{(pid=109153) log_opt_values /opt/stack/data/venv/lib/python3.12/site-packages/oslo_config/cfg.py:3006}}
Apr 15 08:49:34.451337 np0000166426 nova-scheduler[109153]: DEBUG cotyledon.oslo_config_glue [-] profiler_jaeger.service_name_prefix = None {{(pid=109153) log_opt_values /opt/stack/data/venv/lib/python3.12/site-packages/oslo_config/cfg.py:3006}}
Apr 15 08:49:34.451337 np0000166426 nova-scheduler[109153]: DEBUG cotyledon.oslo_config_glue [-] profiler_otlp.service_name_prefix = None {{(pid=109153) log_opt_values /opt/stack/data/venv/lib/python3.12/site-packages/oslo_config/cfg.py:3006}}
Apr 15 08:49:34.451337 np0000166426 nova-scheduler[109153]: DEBUG cotyledon.oslo_config_glue [-] oslo_messaging_rabbit.amqp_auto_delete = False {{(pid=109153) log_opt_values /opt/stack/data/venv/lib/python3.12/site-packages/oslo_config/cfg.py:3006}}
Apr 15 08:49:34.451337 np0000166426 nova-scheduler[109153]: DEBUG cotyledon.oslo_config_glue [-] oslo_messaging_rabbit.amqp_durable_queues = False {{(pid=109153) log_opt_values /opt/stack/data/venv/lib/python3.12/site-packages/oslo_config/cfg.py:3006}}
Apr 15 08:49:34.451337 np0000166426 nova-scheduler[109153]: DEBUG cotyledon.oslo_config_glue [-] oslo_messaging_rabbit.conn_pool_min_size = 2 {{(pid=109153) log_opt_values /opt/stack/data/venv/lib/python3.12/site-packages/oslo_config/cfg.py:3006}}
Apr 15 08:49:34.451337 np0000166426 nova-scheduler[109153]: DEBUG cotyledon.oslo_config_glue [-] oslo_messaging_rabbit.conn_pool_ttl = 1200 {{(pid=109153) log_opt_values /opt/stack/data/venv/lib/python3.12/site-packages/oslo_config/cfg.py:3006}}
Apr 15 08:49:34.451337 np0000166426 nova-scheduler[109153]: DEBUG cotyledon.oslo_config_glue [-] oslo_messaging_rabbit.direct_mandatory_flag = True {{(pid=109153) log_opt_values /opt/stack/data/venv/lib/python3.12/site-packages/oslo_config/cfg.py:3006}}
Apr 15 08:49:34.451337 np0000166426 nova-scheduler[109153]: DEBUG cotyledon.oslo_config_glue [-] oslo_messaging_rabbit.enable_cancel_on_failover = False {{(pid=109153) log_opt_values /opt/stack/data/venv/lib/python3.12/site-packages/oslo_config/cfg.py:3006}}
Apr 15 08:49:34.451534 np0000166426 nova-scheduler[109153]: DEBUG cotyledon.oslo_config_glue [-] oslo_messaging_rabbit.heartbeat_in_pthread = False {{(pid=109153) log_opt_values /opt/stack/data/venv/lib/python3.12/site-packages/oslo_config/cfg.py:3006}}
Apr 15 08:49:34.451534 np0000166426 nova-scheduler[109153]: DEBUG cotyledon.oslo_config_glue [-] oslo_messaging_rabbit.heartbeat_rate = 3 {{(pid=109153) log_opt_values /opt/stack/data/venv/lib/python3.12/site-packages/oslo_config/cfg.py:3006}}
Apr 15 08:49:34.451534 np0000166426 nova-scheduler[109153]: DEBUG cotyledon.oslo_config_glue [-] oslo_messaging_rabbit.heartbeat_timeout_threshold = 60 {{(pid=109153) log_opt_values /opt/stack/data/venv/lib/python3.12/site-packages/oslo_config/cfg.py:3006}}
Apr 15 08:49:34.451534 np0000166426 nova-scheduler[109153]: DEBUG cotyledon.oslo_config_glue [-] oslo_messaging_rabbit.hostname = np0000166426 {{(pid=109153) log_opt_values /opt/stack/data/venv/lib/python3.12/site-packages/oslo_config/cfg.py:3006}}
Apr 15 08:49:34.451534 np0000166426 nova-scheduler[109153]: DEBUG cotyledon.oslo_config_glue [-] oslo_messaging_rabbit.kombu_compression = None {{(pid=109153) log_opt_values /opt/stack/data/venv/lib/python3.12/site-packages/oslo_config/cfg.py:3006}}
Apr 15 08:49:34.451534 np0000166426 nova-scheduler[109153]: DEBUG cotyledon.oslo_config_glue [-] oslo_messaging_rabbit.kombu_failover_strategy = round-robin {{(pid=109153) log_opt_values /opt/stack/data/venv/lib/python3.12/site-packages/oslo_config/cfg.py:3006}}
Apr 15 08:49:34.451534 np0000166426 nova-scheduler[109153]: DEBUG cotyledon.oslo_config_glue [-] oslo_messaging_rabbit.kombu_missing_consumer_retry_timeout = 60 {{(pid=109153) log_opt_values /opt/stack/data/venv/lib/python3.12/site-packages/oslo_config/cfg.py:3006}}
Apr 15 08:49:34.451534 np0000166426 nova-scheduler[109153]: DEBUG cotyledon.oslo_config_glue [-] oslo_messaging_rabbit.kombu_reconnect_delay = 1.0 {{(pid=109153) log_opt_values /opt/stack/data/venv/lib/python3.12/site-packages/oslo_config/cfg.py:3006}}
Apr 15 08:49:34.451722 np0000166426 nova-scheduler[109145]: DEBUG oslo_db.sqlalchemy.engines [None req-d48e40d5-56ae-4f6b-b0e0-6ecb37a47c0c None None] MySQL server mode set to STRICT_TRANS_TABLES,STRICT_ALL_TABLES,NO_ZERO_IN_DATE,NO_ZERO_DATE,ERROR_FOR_DIVISION_BY_ZERO,TRADITIONAL,NO_ENGINE_SUBSTITUTION {{(pid=109145) _check_effective_sql_mode /opt/stack/data/venv/lib/python3.12/site-packages/oslo_db/sqlalchemy/engines.py:325}}
Apr 15 08:49:34.451753 np0000166426 nova-scheduler[109153]: DEBUG cotyledon.oslo_config_glue [-] oslo_messaging_rabbit.kombu_reconnect_splay = 0.0 {{(pid=109153) log_opt_values /opt/stack/data/venv/lib/python3.12/site-packages/oslo_config/cfg.py:3006}}
Apr 15 08:49:34.451753 np0000166426 nova-scheduler[109153]: DEBUG cotyledon.oslo_config_glue [-] oslo_messaging_rabbit.processname = nova-scheduler {{(pid=109153) log_opt_values /opt/stack/data/venv/lib/python3.12/site-packages/oslo_config/cfg.py:3006}}
Apr 15 08:49:34.451753 np0000166426 nova-scheduler[109153]: DEBUG cotyledon.oslo_config_glue [-] oslo_messaging_rabbit.rabbit_ha_queues = False {{(pid=109153) log_opt_values /opt/stack/data/venv/lib/python3.12/site-packages/oslo_config/cfg.py:3006}}
Apr 15 08:49:34.451753 np0000166426 nova-scheduler[109153]: DEBUG cotyledon.oslo_config_glue [-] oslo_messaging_rabbit.rabbit_interval_max = 30 {{(pid=109153) log_opt_values /opt/stack/data/venv/lib/python3.12/site-packages/oslo_config/cfg.py:3006}}
Apr 15 08:49:34.451753 np0000166426 nova-scheduler[109153]: DEBUG cotyledon.oslo_config_glue [-] oslo_messaging_rabbit.rabbit_login_method = AMQPLAIN {{(pid=109153) log_opt_values /opt/stack/data/venv/lib/python3.12/site-packages/oslo_config/cfg.py:3006}}
Apr 15 08:49:34.451753 np0000166426 nova-scheduler[109153]: DEBUG cotyledon.oslo_config_glue [-] oslo_messaging_rabbit.rabbit_qos_prefetch_count = 0 {{(pid=109153) log_opt_values /opt/stack/data/venv/lib/python3.12/site-packages/oslo_config/cfg.py:3006}}
Apr 15 08:49:34.451753 np0000166426 nova-scheduler[109153]: DEBUG cotyledon.oslo_config_glue [-] oslo_messaging_rabbit.rabbit_quorum_delivery_limit = 0 {{(pid=109153) log_opt_values /opt/stack/data/venv/lib/python3.12/site-packages/oslo_config/cfg.py:3006}}
Apr 15 08:49:34.451753 np0000166426 nova-scheduler[109153]: DEBUG cotyledon.oslo_config_glue [-] oslo_messaging_rabbit.rabbit_quorum_max_memory_bytes = 0 {{(pid=109153) log_opt_values /opt/stack/data/venv/lib/python3.12/site-packages/oslo_config/cfg.py:3006}}
Apr 15 08:49:34.451926 np0000166426 nova-scheduler[109153]: DEBUG cotyledon.oslo_config_glue [-] oslo_messaging_rabbit.rabbit_quorum_max_memory_length = 0 {{(pid=109153) log_opt_values /opt/stack/data/venv/lib/python3.12/site-packages/oslo_config/cfg.py:3006}}
Apr 15 08:49:34.451926 np0000166426 nova-scheduler[109153]: DEBUG cotyledon.oslo_config_glue [-] oslo_messaging_rabbit.rabbit_quorum_queue = False {{(pid=109153) log_opt_values /opt/stack/data/venv/lib/python3.12/site-packages/oslo_config/cfg.py:3006}}
Apr 15 08:49:34.451926 np0000166426 nova-scheduler[109153]: DEBUG cotyledon.oslo_config_glue [-] oslo_messaging_rabbit.rabbit_retry_backoff = 2 {{(pid=109153) log_opt_values /opt/stack/data/venv/lib/python3.12/site-packages/oslo_config/cfg.py:3006}}
Apr 15 08:49:34.451926 np0000166426 nova-scheduler[109153]: DEBUG cotyledon.oslo_config_glue [-] oslo_messaging_rabbit.rabbit_retry_interval = 1 {{(pid=109153) log_opt_values /opt/stack/data/venv/lib/python3.12/site-packages/oslo_config/cfg.py:3006}}
Apr 15 08:49:34.451926 np0000166426 nova-scheduler[109153]: DEBUG cotyledon.oslo_config_glue [-] oslo_messaging_rabbit.rabbit_stream_fanout = False {{(pid=109153) log_opt_values /opt/stack/data/venv/lib/python3.12/site-packages/oslo_config/cfg.py:3006}}
Apr 15 08:49:34.451926 np0000166426 nova-scheduler[109153]: DEBUG cotyledon.oslo_config_glue [-] oslo_messaging_rabbit.rabbit_transient_queues_ttl = 1800 {{(pid=109153) log_opt_values /opt/stack/data/venv/lib/python3.12/site-packages/oslo_config/cfg.py:3006}}
Apr 15 08:49:34.451926 np0000166426 nova-scheduler[109153]: DEBUG cotyledon.oslo_config_glue [-] oslo_messaging_rabbit.rabbit_transient_quorum_queue = False {{(pid=109153) log_opt_values /opt/stack/data/venv/lib/python3.12/site-packages/oslo_config/cfg.py:3006}}
Apr 15 08:49:34.451926 np0000166426 nova-scheduler[109153]: DEBUG cotyledon.oslo_config_glue [-] oslo_messaging_rabbit.rpc_conn_pool_size = 30 {{(pid=109153) log_opt_values /opt/stack/data/venv/lib/python3.12/site-packages/oslo_config/cfg.py:3006}}
Apr 15 08:49:34.451926 np0000166426 nova-scheduler[109153]: DEBUG cotyledon.oslo_config_glue [-] oslo_messaging_rabbit.ssl = False {{(pid=109153) log_opt_values /opt/stack/data/venv/lib/python3.12/site-packages/oslo_config/cfg.py:3006}}
Apr 15 08:49:34.452183 np0000166426 nova-scheduler[109153]: DEBUG cotyledon.oslo_config_glue [-] oslo_messaging_rabbit.ssl_ca_file = {{(pid=109153) log_opt_values /opt/stack/data/venv/lib/python3.12/site-packages/oslo_config/cfg.py:3006}}
Apr 15 08:49:34.452183 np0000166426 nova-scheduler[109153]: DEBUG cotyledon.oslo_config_glue [-] oslo_messaging_rabbit.ssl_cert_file = {{(pid=109153) log_opt_values /opt/stack/data/venv/lib/python3.12/site-packages/oslo_config/cfg.py:3006}}
Apr 15 08:49:34.452183 np0000166426 nova-scheduler[109153]: DEBUG cotyledon.oslo_config_glue [-] oslo_messaging_rabbit.ssl_enforce_fips_mode = False {{(pid=109153) log_opt_values /opt/stack/data/venv/lib/python3.12/site-packages/oslo_config/cfg.py:3006}}
Apr 15 08:49:34.452183 np0000166426 nova-scheduler[109153]: DEBUG cotyledon.oslo_config_glue [-] oslo_messaging_rabbit.ssl_key_file = {{(pid=109153) log_opt_values /opt/stack/data/venv/lib/python3.12/site-packages/oslo_config/cfg.py:3006}}
Apr 15 08:49:34.452183 np0000166426 nova-scheduler[109153]: DEBUG cotyledon.oslo_config_glue [-] oslo_messaging_rabbit.ssl_version = {{(pid=109153) log_opt_values /opt/stack/data/venv/lib/python3.12/site-packages/oslo_config/cfg.py:3006}}
Apr 15 08:49:34.452183 np0000166426 nova-scheduler[109153]: DEBUG cotyledon.oslo_config_glue [-] oslo_messaging_rabbit.use_queue_manager = False {{(pid=109153) log_opt_values /opt/stack/data/venv/lib/python3.12/site-packages/oslo_config/cfg.py:3006}}
Apr 15 08:49:34.452183 np0000166426 nova-scheduler[109153]: DEBUG cotyledon.oslo_config_glue [-] oslo_messaging_notifications.driver = ['messagingv2'] {{(pid=109153) log_opt_values /opt/stack/data/venv/lib/python3.12/site-packages/oslo_config/cfg.py:3006}}
Apr 15 08:49:34.452183 np0000166426 nova-scheduler[109153]: DEBUG cotyledon.oslo_config_glue [-] oslo_messaging_notifications.retry = -1 {{(pid=109153) log_opt_values /opt/stack/data/venv/lib/python3.12/site-packages/oslo_config/cfg.py:3006}}
Apr 15 08:49:34.452183 np0000166426 nova-scheduler[109153]: DEBUG cotyledon.oslo_config_glue [-] oslo_messaging_notifications.topics = ['notifications'] {{(pid=109153) log_opt_values /opt/stack/data/venv/lib/python3.12/site-packages/oslo_config/cfg.py:3006}}
Apr 15 08:49:34.452448 np0000166426 nova-scheduler[109153]: DEBUG cotyledon.oslo_config_glue [-] oslo_messaging_notifications.transport_url = **** {{(pid=109153) log_opt_values /opt/stack/data/venv/lib/python3.12/site-packages/oslo_config/cfg.py:3006}}
Apr 15 08:49:34.452448 np0000166426 nova-scheduler[109153]: DEBUG cotyledon.oslo_config_glue [-] oslo_limit.auth_section = None {{(pid=109153) log_opt_values /opt/stack/data/venv/lib/python3.12/site-packages/oslo_config/cfg.py:3006}}
Apr 15 08:49:34.452448 np0000166426 nova-scheduler[109153]: DEBUG cotyledon.oslo_config_glue [-] oslo_limit.auth_type = None {{(pid=109153) log_opt_values /opt/stack/data/venv/lib/python3.12/site-packages/oslo_config/cfg.py:3006}}
Apr 15 08:49:34.452448 np0000166426 nova-scheduler[109153]: DEBUG cotyledon.oslo_config_glue [-] oslo_limit.cafile = None {{(pid=109153) log_opt_values /opt/stack/data/venv/lib/python3.12/site-packages/oslo_config/cfg.py:3006}}
Apr 15 08:49:34.452448 np0000166426 nova-scheduler[109153]: DEBUG cotyledon.oslo_config_glue [-] oslo_limit.certfile = None {{(pid=109153) log_opt_values /opt/stack/data/venv/lib/python3.12/site-packages/oslo_config/cfg.py:3006}}
Apr 15 08:49:34.452448 np0000166426 nova-scheduler[109153]: DEBUG cotyledon.oslo_config_glue [-] oslo_limit.collect_timing = False {{(pid=109153) log_opt_values /opt/stack/data/venv/lib/python3.12/site-packages/oslo_config/cfg.py:3006}}
Apr 15 08:49:34.452448 np0000166426 nova-scheduler[109153]: DEBUG cotyledon.oslo_config_glue [-] oslo_limit.connect_retries = None {{(pid=109153) log_opt_values /opt/stack/data/venv/lib/python3.12/site-packages/oslo_config/cfg.py:3006}}
Apr 15 08:49:34.452448 np0000166426 nova-scheduler[109153]: DEBUG cotyledon.oslo_config_glue [-] oslo_limit.connect_retry_delay = None {{(pid=109153) log_opt_values /opt/stack/data/venv/lib/python3.12/site-packages/oslo_config/cfg.py:3006}}
Apr 15 08:49:34.452448 np0000166426 nova-scheduler[109153]: DEBUG cotyledon.oslo_config_glue [-] oslo_limit.endpoint_id = None {{(pid=109153) log_opt_values /opt/stack/data/venv/lib/python3.12/site-packages/oslo_config/cfg.py:3006}}
Apr 15 08:49:34.452678 np0000166426 nova-scheduler[109153]: DEBUG cotyledon.oslo_config_glue [-] oslo_limit.endpoint_interface = public {{(pid=109153) log_opt_values /opt/stack/data/venv/lib/python3.12/site-packages/oslo_config/cfg.py:3006}}
Apr 15 08:49:34.452678 np0000166426 nova-scheduler[109153]: DEBUG cotyledon.oslo_config_glue [-] oslo_limit.endpoint_override = None {{(pid=109153) log_opt_values /opt/stack/data/venv/lib/python3.12/site-packages/oslo_config/cfg.py:3006}}
Apr 15 08:49:34.452678 np0000166426 nova-scheduler[109153]: DEBUG cotyledon.oslo_config_glue [-] oslo_limit.endpoint_region_name = None {{(pid=109153) log_opt_values /opt/stack/data/venv/lib/python3.12/site-packages/oslo_config/cfg.py:3006}}
Apr 15 08:49:34.452678 np0000166426 nova-scheduler[109153]: DEBUG cotyledon.oslo_config_glue [-] oslo_limit.endpoint_service_name = None {{(pid=109153) log_opt_values /opt/stack/data/venv/lib/python3.12/site-packages/oslo_config/cfg.py:3006}}
Apr 15 08:49:34.452678 np0000166426 nova-scheduler[109153]: DEBUG cotyledon.oslo_config_glue [-] oslo_limit.endpoint_service_type = None {{(pid=109153) log_opt_values /opt/stack/data/venv/lib/python3.12/site-packages/oslo_config/cfg.py:3006}}
Apr 15 08:49:34.452678 np0000166426 nova-scheduler[109153]: DEBUG cotyledon.oslo_config_glue [-] oslo_limit.insecure = False {{(pid=109153) log_opt_values /opt/stack/data/venv/lib/python3.12/site-packages/oslo_config/cfg.py:3006}}
Apr 15 08:49:34.452678 np0000166426 nova-scheduler[109153]: DEBUG cotyledon.oslo_config_glue [-] oslo_limit.keyfile = None {{(pid=109153) log_opt_values /opt/stack/data/venv/lib/python3.12/site-packages/oslo_config/cfg.py:3006}}
Apr 15 08:49:34.452678 np0000166426 nova-scheduler[109153]: DEBUG cotyledon.oslo_config_glue [-] oslo_limit.max_version = None {{(pid=109153) log_opt_values /opt/stack/data/venv/lib/python3.12/site-packages/oslo_config/cfg.py:3006}}
Apr 15 08:49:34.452678 np0000166426 nova-scheduler[109153]: DEBUG cotyledon.oslo_config_glue [-] oslo_limit.min_version = None {{(pid=109153) log_opt_values /opt/stack/data/venv/lib/python3.12/site-packages/oslo_config/cfg.py:3006}}
Apr 15 08:49:34.452883 np0000166426 nova-scheduler[109153]: DEBUG cotyledon.oslo_config_glue [-] oslo_limit.region_name = None {{(pid=109153) log_opt_values /opt/stack/data/venv/lib/python3.12/site-packages/oslo_config/cfg.py:3006}}
Apr 15 08:49:34.452883 np0000166426 nova-scheduler[109153]: DEBUG cotyledon.oslo_config_glue [-] oslo_limit.retriable_status_codes = None {{(pid=109153) log_opt_values /opt/stack/data/venv/lib/python3.12/site-packages/oslo_config/cfg.py:3006}}
Apr 15 08:49:34.452883 np0000166426 nova-scheduler[109153]: DEBUG cotyledon.oslo_config_glue [-] oslo_limit.service_name = None {{(pid=109153) log_opt_values /opt/stack/data/venv/lib/python3.12/site-packages/oslo_config/cfg.py:3006}}
Apr 15 08:49:34.452883 np0000166426 nova-scheduler[109153]: DEBUG cotyledon.oslo_config_glue [-] oslo_limit.service_type = None {{(pid=109153) log_opt_values /opt/stack/data/venv/lib/python3.12/site-packages/oslo_config/cfg.py:3006}}
Apr 15 08:49:34.452883 np0000166426 nova-scheduler[109153]: DEBUG cotyledon.oslo_config_glue [-] oslo_limit.split_loggers = False {{(pid=109153) log_opt_values /opt/stack/data/venv/lib/python3.12/site-packages/oslo_config/cfg.py:3006}}
Apr 15 08:49:34.452883 np0000166426 nova-scheduler[109153]: DEBUG cotyledon.oslo_config_glue [-] oslo_limit.status_code_retries = None {{(pid=109153) log_opt_values /opt/stack/data/venv/lib/python3.12/site-packages/oslo_config/cfg.py:3006}}
Apr 15 08:49:34.452883 np0000166426 nova-scheduler[109153]: DEBUG cotyledon.oslo_config_glue [-] oslo_limit.status_code_retry_delay = None {{(pid=109153) log_opt_values /opt/stack/data/venv/lib/python3.12/site-packages/oslo_config/cfg.py:3006}}
Apr 15 08:49:34.452883 np0000166426 nova-scheduler[109153]: DEBUG cotyledon.oslo_config_glue [-] oslo_limit.timeout = None {{(pid=109153) log_opt_values /opt/stack/data/venv/lib/python3.12/site-packages/oslo_config/cfg.py:3006}}
Apr 15 08:49:34.452883 np0000166426 nova-scheduler[109153]: DEBUG cotyledon.oslo_config_glue [-] oslo_limit.valid_interfaces = None {{(pid=109153) log_opt_values /opt/stack/data/venv/lib/python3.12/site-packages/oslo_config/cfg.py:3006}}
Apr 15 08:49:34.453085 np0000166426 nova-scheduler[109153]: DEBUG cotyledon.oslo_config_glue [-] oslo_limit.version = None {{(pid=109153) log_opt_values /opt/stack/data/venv/lib/python3.12/site-packages/oslo_config/cfg.py:3006}}
Apr 15 08:49:34.453085 np0000166426 nova-scheduler[109153]: DEBUG cotyledon.oslo_config_glue [-] oslo_reports.file_event_handler = None {{(pid=109153) log_opt_values /opt/stack/data/venv/lib/python3.12/site-packages/oslo_config/cfg.py:3006}}
Apr 15 08:49:34.453085 np0000166426 nova-scheduler[109153]: DEBUG cotyledon.oslo_config_glue [-] oslo_reports.file_event_handler_interval = 1 {{(pid=109153) log_opt_values /opt/stack/data/venv/lib/python3.12/site-packages/oslo_config/cfg.py:3006}}
Apr 15 08:49:34.453085 np0000166426 nova-scheduler[109153]: DEBUG cotyledon.oslo_config_glue [-] oslo_reports.log_dir = None {{(pid=109153) log_opt_values /opt/stack/data/venv/lib/python3.12/site-packages/oslo_config/cfg.py:3006}}
Apr 15 08:49:34.453085 np0000166426 nova-scheduler[109153]: DEBUG cotyledon.oslo_config_glue [-] ******************************************************************************** {{(pid=109153) log_opt_values /opt/stack/data/venv/lib/python3.12/site-packages/oslo_config/cfg.py:3013}}
Apr 15 08:49:34.453085 np0000166426 nova-scheduler[109153]: DEBUG cotyledon._service_worker [-] Run service ServiceWrapper(3) [109153] {{(pid=109153) wait_forever /opt/stack/data/venv/lib/python3.12/site-packages/cotyledon/_service_worker.py:218}}
Apr 15 08:49:34.453085 np0000166426 nova-scheduler[109153]: INFO nova.service [-] Starting scheduler node (version 33.1.0)
Apr 15 08:49:34.453239 np0000166426 nova-scheduler[109138]: DEBUG oslo_db.sqlalchemy.engines [None req-b6c9b16a-af66-4081-a2c7-e01242eb0603 None None] MySQL server mode set to STRICT_TRANS_TABLES,STRICT_ALL_TABLES,NO_ZERO_IN_DATE,NO_ZERO_DATE,ERROR_FOR_DIVISION_BY_ZERO,TRADITIONAL,NO_ENGINE_SUBSTITUTION {{(pid=109138) _check_effective_sql_mode /opt/stack/data/venv/lib/python3.12/site-packages/oslo_db/sqlalchemy/engines.py:325}}
Apr 15 08:49:34.453269 np0000166426 nova-scheduler[109129]: DEBUG nova.service [None req-8ba4ce13-c437-42fc-880e-1dda9a8bb615 None None] Creating RPC server for service: nova-scheduler on topic: scheduler {{(pid=109129) start /opt/stack/nova/nova/service.py:195}}
Apr 15 08:49:34.453296 np0000166426 nova-scheduler[109153]: INFO dbcounter [None req-94a883ed-f983-41ea-af1d-87a055a4a3dd None None] Registered counter for database nova_cell0
Apr 15 08:49:34.453319 np0000166426 nova-scheduler[109145]: DEBUG dbcounter [-] [109145] Writer thread running {{(pid=109145) stat_writer /opt/stack/data/venv/lib/python3.12/site-packages/dbcounter.py:102}}
Apr 15 08:49:34.453319 np0000166426 nova-scheduler[109145]: DEBUG nova.service [None req-d48e40d5-56ae-4f6b-b0e0-6ecb37a47c0c None None] Creating RPC server for service: nova-scheduler on topic: scheduler {{(pid=109145) start /opt/stack/nova/nova/service.py:195}}
Apr 15 08:49:34.453366 np0000166426 nova-scheduler[109138]: DEBUG dbcounter [-] [109138] Writer thread running {{(pid=109138) stat_writer /opt/stack/data/venv/lib/python3.12/site-packages/dbcounter.py:102}}
Apr 15 08:49:34.453366 np0000166426 nova-scheduler[109138]: DEBUG nova.service [None req-b6c9b16a-af66-4081-a2c7-e01242eb0603 None None] Creating RPC server for service: nova-scheduler on topic: scheduler {{(pid=109138) start /opt/stack/nova/nova/service.py:195}}
Apr 15 08:49:34.453435 np0000166426 nova-scheduler[109153]: DEBUG oslo_db.sqlalchemy.engines [None req-94a883ed-f983-41ea-af1d-87a055a4a3dd None None] MySQL server mode set to STRICT_TRANS_TABLES,STRICT_ALL_TABLES,NO_ZERO_IN_DATE,NO_ZERO_DATE,ERROR_FOR_DIVISION_BY_ZERO,TRADITIONAL,NO_ENGINE_SUBSTITUTION {{(pid=109153) _check_effective_sql_mode /opt/stack/data/venv/lib/python3.12/site-packages/oslo_db/sqlalchemy/engines.py:325}}
Apr 15 08:49:34.465543 np0000166426 nova-scheduler[109129]: DEBUG nova.service [None req-8ba4ce13-c437-42fc-880e-1dda9a8bb615 None None] Join ServiceGroup membership for this service scheduler {{(pid=109129) start /opt/stack/nova/nova/service.py:221}}
Apr 15 08:49:34.465840 np0000166426 nova-scheduler[109129]: DEBUG nova.servicegroup.drivers.db [None req-8ba4ce13-c437-42fc-880e-1dda9a8bb615 None None] DB_Driver: join new ServiceGroup member np0000166426 to the scheduler group, service = {{(pid=109129) join /opt/stack/nova/nova/servicegroup/drivers/db.py:44}}
Apr 15 08:49:34.466018 np0000166426 nova-scheduler[109153]: DEBUG dbcounter [-] [109153] Writer thread running {{(pid=109153) stat_writer /opt/stack/data/venv/lib/python3.12/site-packages/dbcounter.py:102}}
Apr 15 08:49:34.469856 np0000166426 nova-scheduler[109153]: DEBUG nova.service [None req-94a883ed-f983-41ea-af1d-87a055a4a3dd None None] Creating RPC server for service: nova-scheduler on topic: scheduler {{(pid=109153) start /opt/stack/nova/nova/service.py:195}}
Apr 15 08:49:34.471741 np0000166426 nova-scheduler[109145]: DEBUG nova.service [None req-d48e40d5-56ae-4f6b-b0e0-6ecb37a47c0c None None] Join ServiceGroup membership for this service scheduler {{(pid=109145) start /opt/stack/nova/nova/service.py:221}}
Apr 15 08:49:34.471955 np0000166426 nova-scheduler[109145]: DEBUG nova.servicegroup.drivers.db [None req-d48e40d5-56ae-4f6b-b0e0-6ecb37a47c0c None None] DB_Driver: join new ServiceGroup member np0000166426 to the scheduler group, service = {{(pid=109145) join /opt/stack/nova/nova/servicegroup/drivers/db.py:44}}
Apr 15 08:49:34.474212 np0000166426 nova-scheduler[109138]: DEBUG nova.service [None req-b6c9b16a-af66-4081-a2c7-e01242eb0603 None None] Join ServiceGroup membership for this service scheduler {{(pid=109138) start /opt/stack/nova/nova/service.py:221}}
Apr 15 08:49:34.474458 np0000166426 nova-scheduler[109138]: DEBUG nova.servicegroup.drivers.db [None req-b6c9b16a-af66-4081-a2c7-e01242eb0603 None None] DB_Driver: join new ServiceGroup member np0000166426 to the scheduler group, service = {{(pid=109138) join /opt/stack/nova/nova/servicegroup/drivers/db.py:44}}
Apr 15 08:49:34.491368 np0000166426 nova-scheduler[109153]: DEBUG nova.service [None req-94a883ed-f983-41ea-af1d-87a055a4a3dd None None] Join ServiceGroup membership for this service scheduler {{(pid=109153) start /opt/stack/nova/nova/service.py:221}}
Apr 15 08:49:34.491630 np0000166426 nova-scheduler[109153]: DEBUG nova.servicegroup.drivers.db [None req-94a883ed-f983-41ea-af1d-87a055a4a3dd None None] DB_Driver: join new ServiceGroup member np0000166426 to the scheduler group, service = {{(pid=109153) join /opt/stack/nova/nova/servicegroup/drivers/db.py:44}}
Apr 15 08:49:39.491818 np0000166426 nova-scheduler[109129]: DEBUG oslo.service.backend._threading.loopingcall [-] Fixed interval looping call 'nova.servicegroup.drivers.db.DbDriver._report_state' sleeping for 119.98 seconds {{(pid=109129) _run_loop /opt/stack/data/venv/lib/python3.12/site-packages/oslo_service/backend/_threading/loopingcall.py:125}}
Apr 15 08:49:39.492344 np0000166426 nova-scheduler[109145]: DEBUG oslo.service.backend._threading.loopingcall [-] Fixed interval looping call 'nova.servicegroup.drivers.db.DbDriver._report_state' sleeping for 119.98 seconds {{(pid=109145) _run_loop /opt/stack/data/venv/lib/python3.12/site-packages/oslo_service/backend/_threading/loopingcall.py:125}}
Apr 15 08:49:39.492708 np0000166426 nova-scheduler[109138]: DEBUG oslo.service.backend._threading.loopingcall [-] Fixed interval looping call 'nova.servicegroup.drivers.db.DbDriver._report_state' sleeping for 119.98 seconds {{(pid=109138) _run_loop /opt/stack/data/venv/lib/python3.12/site-packages/oslo_service/backend/_threading/loopingcall.py:125}}
Apr 15 08:49:39.506828 np0000166426 nova-scheduler[109153]: DEBUG oslo.service.backend._threading.loopingcall [-] Fixed interval looping call 'nova.servicegroup.drivers.db.DbDriver._report_state' sleeping for 119.99 seconds {{(pid=109153) _run_loop /opt/stack/data/venv/lib/python3.12/site-packages/oslo_service/backend/_threading/loopingcall.py:125}}
Apr 15 08:49:43.069755 np0000166426 nova-scheduler[108366]: DEBUG dbcounter [-] [108366] Writing DB stats nova_api:SELECT=3 {{(pid=108366) stat_writer /opt/stack/data/venv/lib/python3.12/site-packages/dbcounter.py:115}}
Apr 15 08:49:43.164001 np0000166426 nova-scheduler[108366]: DEBUG dbcounter [-] [108366] Writing DB stats nova_cell0:SELECT=1 {{(pid=108366) stat_writer /opt/stack/data/venv/lib/python3.12/site-packages/dbcounter.py:115}}
Apr 15 08:49:43.170518 np0000166426 nova-scheduler[108366]: DEBUG dbcounter [-] [108366] Writing DB stats nova_cell1:SELECT=1 {{(pid=108366) stat_writer /opt/stack/data/venv/lib/python3.12/site-packages/dbcounter.py:115}}
Apr 15 08:49:45.469480 np0000166426 nova-scheduler[109129]: DEBUG oslo.service.backend._threading.loopingcall [None req-0c3f6ce5-bec8-4362-bd6e-6836250f142e None None] Dynamic interval looping call 'nova.service.Service.periodic_tasks' sleeping for 60.00 seconds {{(pid=109129) _run_loop /opt/stack/data/venv/lib/python3.12/site-packages/oslo_service/backend/_threading/loopingcall.py:125}}
Apr 15 08:49:49.484113 np0000166426 nova-scheduler[109129]: DEBUG dbcounter [-] [109129] Writing DB stats nova_cell0:SELECT=4,nova_cell0:INSERT=1,nova_cell0:UPDATE=1 {{(pid=109129) stat_writer /opt/stack/data/venv/lib/python3.12/site-packages/dbcounter.py:115}}
Apr 15 08:49:49.489238 np0000166426 nova-scheduler[109145]: DEBUG dbcounter [-] [109145] Writing DB stats nova_cell0:SELECT=3,nova_cell0:UPDATE=1 {{(pid=109145) stat_writer /opt/stack/data/venv/lib/python3.12/site-packages/dbcounter.py:115}}
Apr 15 08:49:49.490451 np0000166426 nova-scheduler[109138]: DEBUG dbcounter [-] [109138] Writing DB stats nova_cell0:SELECT=3,nova_cell0:UPDATE=1 {{(pid=109138) stat_writer /opt/stack/data/venv/lib/python3.12/site-packages/dbcounter.py:115}}
Apr 15 08:49:49.504045 np0000166426 nova-scheduler[109153]: DEBUG dbcounter [-] [109153] Writing DB stats nova_cell0:SELECT=3 {{(pid=109153) stat_writer /opt/stack/data/venv/lib/python3.12/site-packages/dbcounter.py:115}}
Apr 15 08:49:54.477586 np0000166426 nova-scheduler[109138]: DEBUG oslo.service.backend._threading.loopingcall [None req-4d64cd8f-a224-49c5-90e3-27c61b5720e7 None None] Dynamic interval looping call 'nova.service.Service.periodic_tasks' sleeping for 60.00 seconds {{(pid=109138) _run_loop /opt/stack/data/venv/lib/python3.12/site-packages/oslo_service/backend/_threading/loopingcall.py:125}}
Apr 15 08:50:08.494443 np0000166426 nova-scheduler[109153]: DEBUG oslo.service.backend._threading.loopingcall [None req-047a53f8-7597-4d3a-9308-085d4778d64d None None] Dynamic interval looping call 'nova.service.Service.periodic_tasks' sleeping for 60.00 seconds {{(pid=109153) _run_loop /opt/stack/data/venv/lib/python3.12/site-packages/oslo_service/backend/_threading/loopingcall.py:125}}
Apr 15 08:50:23.474518 np0000166426 nova-scheduler[109145]: DEBUG oslo.service.backend._threading.loopingcall [None req-edb7a5fd-c28d-4492-a8c0-b3bba2cb8f93 None None] Dynamic interval looping call 'nova.service.Service.periodic_tasks' sleeping for 60.00 seconds {{(pid=109145) _run_loop /opt/stack/data/venv/lib/python3.12/site-packages/oslo_service/backend/_threading/loopingcall.py:125}}
Apr 15 08:50:45.470445 np0000166426 nova-scheduler[109129]: DEBUG oslo.service.backend._threading.loopingcall [None req-0c3f6ce5-bec8-4362-bd6e-6836250f142e None None] Dynamic interval looping call 'nova.service.Service.periodic_tasks' sleeping for 60.00 seconds {{(pid=109129) _run_loop /opt/stack/data/venv/lib/python3.12/site-packages/oslo_service/backend/_threading/loopingcall.py:125}}
Apr 15 08:50:54.478508 np0000166426 nova-scheduler[109138]: DEBUG oslo.service.backend._threading.loopingcall [None req-4d64cd8f-a224-49c5-90e3-27c61b5720e7 None None] Dynamic interval looping call 'nova.service.Service.periodic_tasks' sleeping for 60.00 seconds {{(pid=109138) _run_loop /opt/stack/data/venv/lib/python3.12/site-packages/oslo_service/backend/_threading/loopingcall.py:125}}
Apr 15 08:51:08.495552 np0000166426 nova-scheduler[109153]: DEBUG oslo.service.backend._threading.loopingcall [None req-047a53f8-7597-4d3a-9308-085d4778d64d None None] Dynamic interval looping call 'nova.service.Service.periodic_tasks' sleeping for 60.00 seconds {{(pid=109153) _run_loop /opt/stack/data/venv/lib/python3.12/site-packages/oslo_service/backend/_threading/loopingcall.py:125}}
Apr 15 08:51:23.475342 np0000166426 nova-scheduler[109145]: DEBUG oslo.service.backend._threading.loopingcall [None req-edb7a5fd-c28d-4492-a8c0-b3bba2cb8f93 None None] Dynamic interval looping call 'nova.service.Service.periodic_tasks' sleeping for 60.00 seconds {{(pid=109145) _run_loop /opt/stack/data/venv/lib/python3.12/site-packages/oslo_service/backend/_threading/loopingcall.py:125}}
Apr 15 08:51:39.484193 np0000166426 nova-scheduler[109129]: DEBUG oslo.service.backend._threading.loopingcall [-] Fixed interval looping call 'nova.servicegroup.drivers.db.DbDriver._report_state' sleeping for 119.99 seconds {{(pid=109129) _run_loop /opt/stack/data/venv/lib/python3.12/site-packages/oslo_service/backend/_threading/loopingcall.py:125}}
Apr 15 08:51:39.485283 np0000166426 nova-scheduler[109138]: DEBUG oslo.service.backend._threading.loopingcall [-] Fixed interval looping call 'nova.servicegroup.drivers.db.DbDriver._report_state' sleeping for 119.99 seconds {{(pid=109138) _run_loop /opt/stack/data/venv/lib/python3.12/site-packages/oslo_service/backend/_threading/loopingcall.py:125}}
Apr 15 08:51:39.485948 np0000166426 nova-scheduler[109145]: DEBUG oslo.service.backend._threading.loopingcall [-] Fixed interval looping call 'nova.servicegroup.drivers.db.DbDriver._report_state' sleeping for 119.99 seconds {{(pid=109145) _run_loop /opt/stack/data/venv/lib/python3.12/site-packages/oslo_service/backend/_threading/loopingcall.py:125}}
Apr 15 08:51:39.502595 np0000166426 nova-scheduler[109153]: DEBUG oslo.service.backend._threading.loopingcall [-] Fixed interval looping call 'nova.servicegroup.drivers.db.DbDriver._report_state' sleeping for 119.99 seconds {{(pid=109153) _run_loop /opt/stack/data/venv/lib/python3.12/site-packages/oslo_service/backend/_threading/loopingcall.py:125}}
Apr 15 08:51:45.471063 np0000166426 nova-scheduler[109129]: DEBUG oslo.service.backend._threading.loopingcall [None req-0c3f6ce5-bec8-4362-bd6e-6836250f142e None None] Dynamic interval looping call 'nova.service.Service.periodic_tasks' sleeping for 60.00 seconds {{(pid=109129) _run_loop /opt/stack/data/venv/lib/python3.12/site-packages/oslo_service/backend/_threading/loopingcall.py:125}}
Apr 15 08:51:49.478250 np0000166426 nova-scheduler[109145]: DEBUG dbcounter [-] [109145] Writing DB stats nova_cell0:SELECT=1,nova_cell0:UPDATE=1 {{(pid=109145) stat_writer /opt/stack/data/venv/lib/python3.12/site-packages/dbcounter.py:115}}
Apr 15 08:51:49.478991 np0000166426 nova-scheduler[109129]: DEBUG dbcounter [-] [109129] Writing DB stats nova_cell0:SELECT=1,nova_cell0:UPDATE=1 {{(pid=109129) stat_writer /opt/stack/data/venv/lib/python3.12/site-packages/dbcounter.py:115}}
Apr 15 08:51:49.479372 np0000166426 nova-scheduler[109138]: DEBUG dbcounter [-] [109138] Writing DB stats nova_cell0:SELECT=1,nova_cell0:UPDATE=1 {{(pid=109138) stat_writer /opt/stack/data/venv/lib/python3.12/site-packages/dbcounter.py:115}}
Apr 15 08:51:49.500009 np0000166426 nova-scheduler[109153]: DEBUG dbcounter [-] [109153] Writing DB stats nova_cell0:SELECT=1 {{(pid=109153) stat_writer /opt/stack/data/venv/lib/python3.12/site-packages/dbcounter.py:115}}
Apr 15 08:51:54.479220 np0000166426 nova-scheduler[109138]: DEBUG oslo.service.backend._threading.loopingcall [None req-4d64cd8f-a224-49c5-90e3-27c61b5720e7 None None] Dynamic interval looping call 'nova.service.Service.periodic_tasks' sleeping for 60.00 seconds {{(pid=109138) _run_loop /opt/stack/data/venv/lib/python3.12/site-packages/oslo_service/backend/_threading/loopingcall.py:125}}
Apr 15 08:52:08.496193 np0000166426 nova-scheduler[109153]: DEBUG oslo.service.backend._threading.loopingcall [None req-047a53f8-7597-4d3a-9308-085d4778d64d None None] Dynamic interval looping call 'nova.service.Service.periodic_tasks' sleeping for 60.00 seconds {{(pid=109153) _run_loop /opt/stack/data/venv/lib/python3.12/site-packages/oslo_service/backend/_threading/loopingcall.py:125}}
Apr 15 08:52:23.476103 np0000166426 nova-scheduler[109145]: DEBUG oslo.service.backend._threading.loopingcall [None req-edb7a5fd-c28d-4492-a8c0-b3bba2cb8f93 None None] Dynamic interval looping call 'nova.service.Service.periodic_tasks' sleeping for 60.00 seconds {{(pid=109145) _run_loop /opt/stack/data/venv/lib/python3.12/site-packages/oslo_service/backend/_threading/loopingcall.py:125}}
Apr 15 08:52:45.471712 np0000166426 nova-scheduler[109129]: DEBUG oslo.service.backend._threading.loopingcall [None req-0c3f6ce5-bec8-4362-bd6e-6836250f142e None None] Dynamic interval looping call 'nova.service.Service.periodic_tasks' sleeping for 60.00 seconds {{(pid=109129) _run_loop /opt/stack/data/venv/lib/python3.12/site-packages/oslo_service/backend/_threading/loopingcall.py:125}}
Apr 15 08:52:54.479602 np0000166426 nova-scheduler[109138]: DEBUG oslo.service.backend._threading.loopingcall [None req-4d64cd8f-a224-49c5-90e3-27c61b5720e7 None None] Dynamic interval looping call 'nova.service.Service.periodic_tasks' sleeping for 60.00 seconds {{(pid=109138) _run_loop /opt/stack/data/venv/lib/python3.12/site-packages/oslo_service/backend/_threading/loopingcall.py:125}}
Apr 15 08:53:08.496929 np0000166426 nova-scheduler[109153]: DEBUG oslo.service.backend._threading.loopingcall [None req-047a53f8-7597-4d3a-9308-085d4778d64d None None] Dynamic interval looping call 'nova.service.Service.periodic_tasks' sleeping for 60.00 seconds {{(pid=109153) _run_loop /opt/stack/data/venv/lib/python3.12/site-packages/oslo_service/backend/_threading/loopingcall.py:125}}
Apr 15 08:53:23.478133 np0000166426 nova-scheduler[109145]: DEBUG oslo.service.backend._threading.loopingcall [None req-edb7a5fd-c28d-4492-a8c0-b3bba2cb8f93 None None] Dynamic interval looping call 'nova.service.Service.periodic_tasks' sleeping for 60.00 seconds {{(pid=109145) _run_loop /opt/stack/data/venv/lib/python3.12/site-packages/oslo_service/backend/_threading/loopingcall.py:125}}
Apr 15 08:53:39.484853 np0000166426 nova-scheduler[109129]: DEBUG oslo.service.backend._threading.loopingcall [-] Fixed interval looping call 'nova.servicegroup.drivers.db.DbDriver._report_state' sleeping for 119.99 seconds {{(pid=109129) _run_loop /opt/stack/data/venv/lib/python3.12/site-packages/oslo_service/backend/_threading/loopingcall.py:125}}
Apr 15 08:53:39.485501 np0000166426 nova-scheduler[109138]: DEBUG oslo.service.backend._threading.loopingcall [-] Fixed interval looping call 'nova.servicegroup.drivers.db.DbDriver._report_state' sleeping for 119.99 seconds {{(pid=109138) _run_loop /opt/stack/data/venv/lib/python3.12/site-packages/oslo_service/backend/_threading/loopingcall.py:125}}
Apr 15 08:53:39.486042 np0000166426 nova-scheduler[109145]: DEBUG oslo.service.backend._threading.loopingcall [-] Fixed interval looping call 'nova.servicegroup.drivers.db.DbDriver._report_state' sleeping for 119.99 seconds {{(pid=109145) _run_loop /opt/stack/data/venv/lib/python3.12/site-packages/oslo_service/backend/_threading/loopingcall.py:125}}
Apr 15 08:53:39.496333 np0000166426 nova-scheduler[109153]: DEBUG oslo.service.backend._threading.loopingcall [-] Fixed interval looping call 'nova.servicegroup.drivers.db.DbDriver._report_state' sleeping for 120.00 seconds {{(pid=109153) _run_loop /opt/stack/data/venv/lib/python3.12/site-packages/oslo_service/backend/_threading/loopingcall.py:125}}
Apr 15 08:53:45.472579 np0000166426 nova-scheduler[109129]: DEBUG oslo.service.backend._threading.loopingcall [None req-0c3f6ce5-bec8-4362-bd6e-6836250f142e None None] Dynamic interval looping call 'nova.service.Service.periodic_tasks' sleeping for 60.00 seconds {{(pid=109129) _run_loop /opt/stack/data/venv/lib/python3.12/site-packages/oslo_service/backend/_threading/loopingcall.py:125}}
