Jun 03 00:59:01.440282 np0000178243 nova-conductor[110600]: DEBUG cotyledon.oslo_config_glue [-] workarounds.disable_group_policy_check_upcall = False {{(pid=110600) log_opt_values /opt/stack/data/venv/lib/python3.12/site-packages/oslo_config/cfg.py:3256}}
Jun 03 00:59:01.440282 np0000178243 nova-conductor[110600]: DEBUG cotyledon.oslo_config_glue [-] workarounds.disable_libvirt_livesnapshot = False {{(pid=110600) log_opt_values /opt/stack/data/venv/lib/python3.12/site-packages/oslo_config/cfg.py:3256}}
Jun 03 00:59:01.440282 np0000178243 nova-conductor[110600]: DEBUG cotyledon.oslo_config_glue [-] workarounds.disable_rootwrap = False {{(pid=110600) log_opt_values /opt/stack/data/venv/lib/python3.12/site-packages/oslo_config/cfg.py:3256}}
Jun 03 00:59:01.440559 np0000178243 nova-conductor[110600]: DEBUG cotyledon.oslo_config_glue [-] workarounds.enable_numa_live_migration = False {{(pid=110600) log_opt_values /opt/stack/data/venv/lib/python3.12/site-packages/oslo_config/cfg.py:3256}}
Jun 03 00:59:01.440559 np0000178243 nova-conductor[110600]: DEBUG cotyledon.oslo_config_glue [-] workarounds.enable_qemu_monitor_announce_self = False {{(pid=110600) log_opt_values /opt/stack/data/venv/lib/python3.12/site-packages/oslo_config/cfg.py:3256}}
Jun 03 00:59:01.440559 np0000178243 nova-conductor[110600]: DEBUG cotyledon.oslo_config_glue [-] workarounds.ensure_libvirt_rbd_instance_dir_cleanup = False {{(pid=110600) log_opt_values /opt/stack/data/venv/lib/python3.12/site-packages/oslo_config/cfg.py:3256}}
Jun 03 00:59:01.440559 np0000178243 nova-conductor[110600]: DEBUG cotyledon.oslo_config_glue [-] workarounds.handle_virt_lifecycle_events = True {{(pid=110600) log_opt_values /opt/stack/data/venv/lib/python3.12/site-packages/oslo_config/cfg.py:3256}}
Jun 03 00:59:01.440559 np0000178243 nova-conductor[110600]: DEBUG cotyledon.oslo_config_glue [-] workarounds.libvirt_disable_apic = False {{(pid=110600) log_opt_values /opt/stack/data/venv/lib/python3.12/site-packages/oslo_config/cfg.py:3256}}
Jun 03 00:59:01.440559 np0000178243 nova-conductor[110600]: DEBUG cotyledon.oslo_config_glue [-] workarounds.never_download_image_if_on_rbd = False {{(pid=110600) log_opt_values /opt/stack/data/venv/lib/python3.12/site-packages/oslo_config/cfg.py:3256}}
Jun 03 00:59:01.440559 np0000178243 nova-conductor[110600]: DEBUG cotyledon.oslo_config_glue [-] workarounds.qemu_monitor_announce_self_count = 3 {{(pid=110600) log_opt_values /opt/stack/data/venv/lib/python3.12/site-packages/oslo_config/cfg.py:3256}}
Jun 03 00:59:01.440559 np0000178243 nova-conductor[110600]: DEBUG cotyledon.oslo_config_glue [-] workarounds.qemu_monitor_announce_self_interval = 1 {{(pid=110600) log_opt_values /opt/stack/data/venv/lib/python3.12/site-packages/oslo_config/cfg.py:3256}}
Jun 03 00:59:01.440559 np0000178243 nova-conductor[110600]: DEBUG cotyledon.oslo_config_glue [-] workarounds.reserve_disk_resource_for_image_cache = False {{(pid=110600) log_opt_values /opt/stack/data/venv/lib/python3.12/site-packages/oslo_config/cfg.py:3256}}
Jun 03 00:59:01.440776 np0000178243 nova-conductor[110600]: DEBUG cotyledon.oslo_config_glue [-] workarounds.skip_cpu_compare_at_startup = False {{(pid=110600) log_opt_values /opt/stack/data/venv/lib/python3.12/site-packages/oslo_config/cfg.py:3256}}
Jun 03 00:59:01.440776 np0000178243 nova-conductor[110600]: DEBUG cotyledon.oslo_config_glue [-] workarounds.skip_cpu_compare_on_dest = False {{(pid=110600) log_opt_values /opt/stack/data/venv/lib/python3.12/site-packages/oslo_config/cfg.py:3256}}
Jun 03 00:59:01.440776 np0000178243 nova-conductor[110600]: DEBUG cotyledon.oslo_config_glue [-] workarounds.skip_hypervisor_version_check_on_lm = False {{(pid=110600) log_opt_values /opt/stack/data/venv/lib/python3.12/site-packages/oslo_config/cfg.py:3256}}
Jun 03 00:59:01.440776 np0000178243 nova-conductor[110600]: DEBUG cotyledon.oslo_config_glue [-] workarounds.skip_reserve_in_use_ironic_nodes = False {{(pid=110600) log_opt_values /opt/stack/data/venv/lib/python3.12/site-packages/oslo_config/cfg.py:3256}}
Jun 03 00:59:01.440776 np0000178243 nova-conductor[110600]: DEBUG cotyledon.oslo_config_glue [-] workarounds.unified_limits_count_pcpu_as_vcpu = False {{(pid=110600) log_opt_values /opt/stack/data/venv/lib/python3.12/site-packages/oslo_config/cfg.py:3256}}
Jun 03 00:59:01.440776 np0000178243 nova-conductor[110600]: DEBUG cotyledon.oslo_config_glue [-] workarounds.wait_for_vif_plugged_event_during_hard_reboot = [] {{(pid=110600) log_opt_values /opt/stack/data/venv/lib/python3.12/site-packages/oslo_config/cfg.py:3256}}
Jun 03 00:59:01.440776 np0000178243 nova-conductor[110600]: DEBUG cotyledon.oslo_config_glue [-] wsgi.api_paste_config = /etc/nova/api-paste.ini {{(pid=110600) log_opt_values /opt/stack/data/venv/lib/python3.12/site-packages/oslo_config/cfg.py:3256}}
Jun 03 00:59:01.440776 np0000178243 nova-conductor[110600]: DEBUG cotyledon.oslo_config_glue [-] wsgi.secure_proxy_ssl_header = None {{(pid=110600) log_opt_values /opt/stack/data/venv/lib/python3.12/site-packages/oslo_config/cfg.py:3256}}
Jun 03 00:59:01.440776 np0000178243 nova-conductor[110600]: DEBUG cotyledon.oslo_config_glue [-] zvm.ca_file = None {{(pid=110600) log_opt_values /opt/stack/data/venv/lib/python3.12/site-packages/oslo_config/cfg.py:3256}}
Jun 03 00:59:01.441004 np0000178243 nova-conductor[110600]: DEBUG cotyledon.oslo_config_glue [-] zvm.cloud_connector_url = None {{(pid=110600) log_opt_values /opt/stack/data/venv/lib/python3.12/site-packages/oslo_config/cfg.py:3256}}
Jun 03 00:59:01.441004 np0000178243 nova-conductor[110600]: DEBUG cotyledon.oslo_config_glue [-] zvm.image_tmp_path = /opt/stack/data/nova/images {{(pid=110600) log_opt_values /opt/stack/data/venv/lib/python3.12/site-packages/oslo_config/cfg.py:3256}}
Jun 03 00:59:01.441004 np0000178243 nova-conductor[110600]: DEBUG cotyledon.oslo_config_glue [-] zvm.reachable_timeout = 300 {{(pid=110600) log_opt_values /opt/stack/data/venv/lib/python3.12/site-packages/oslo_config/cfg.py:3256}}
Jun 03 00:59:01.441004 np0000178243 nova-conductor[110600]: DEBUG cotyledon.oslo_config_glue [-] oslo_versionedobjects.fatal_exception_format_errors = False {{(pid=110600) log_opt_values /opt/stack/data/venv/lib/python3.12/site-packages/oslo_config/cfg.py:3256}}
Jun 03 00:59:01.441004 np0000178243 nova-conductor[110600]: DEBUG cotyledon.oslo_config_glue [-] oslo_middleware.http_basic_auth_user_file = /etc/htpasswd {{(pid=110600) log_opt_values /opt/stack/data/venv/lib/python3.12/site-packages/oslo_config/cfg.py:3256}}
Jun 03 00:59:01.441004 np0000178243 nova-conductor[110600]: DEBUG cotyledon.oslo_config_glue [-] profiler.connection_string = messaging:// {{(pid=110600) log_opt_values /opt/stack/data/venv/lib/python3.12/site-packages/oslo_config/cfg.py:3256}}
Jun 03 00:59:01.441004 np0000178243 nova-conductor[110600]: DEBUG cotyledon.oslo_config_glue [-] profiler.enabled = False {{(pid=110600) log_opt_values /opt/stack/data/venv/lib/python3.12/site-packages/oslo_config/cfg.py:3256}}
Jun 03 00:59:01.441004 np0000178243 nova-conductor[110600]: DEBUG cotyledon.oslo_config_glue [-] profiler.es_doc_type = notification {{(pid=110600) log_opt_values /opt/stack/data/venv/lib/python3.12/site-packages/oslo_config/cfg.py:3256}}
Jun 03 00:59:01.441004 np0000178243 nova-conductor[110600]: DEBUG cotyledon.oslo_config_glue [-] profiler.es_scroll_size = 10000 {{(pid=110600) log_opt_values /opt/stack/data/venv/lib/python3.12/site-packages/oslo_config/cfg.py:3256}}
Jun 03 00:59:01.441203 np0000178243 nova-conductor[110600]: DEBUG cotyledon.oslo_config_glue [-] profiler.es_scroll_time = 2m {{(pid=110600) log_opt_values /opt/stack/data/venv/lib/python3.12/site-packages/oslo_config/cfg.py:3256}}
Jun 03 00:59:01.441203 np0000178243 nova-conductor[110600]: DEBUG cotyledon.oslo_config_glue [-] profiler.filter_error_trace = False {{(pid=110600) log_opt_values /opt/stack/data/venv/lib/python3.12/site-packages/oslo_config/cfg.py:3256}}
Jun 03 00:59:01.441203 np0000178243 nova-conductor[110600]: DEBUG cotyledon.oslo_config_glue [-] profiler.hmac_keys = **** {{(pid=110600) log_opt_values /opt/stack/data/venv/lib/python3.12/site-packages/oslo_config/cfg.py:3256}}
Jun 03 00:59:01.441203 np0000178243 nova-conductor[110600]: DEBUG cotyledon.oslo_config_glue [-] profiler.sentinel_service_name = mymaster {{(pid=110600) log_opt_values /opt/stack/data/venv/lib/python3.12/site-packages/oslo_config/cfg.py:3256}}
Jun 03 00:59:01.441203 np0000178243 nova-conductor[110600]: DEBUG cotyledon.oslo_config_glue [-] profiler.socket_timeout = 0.1 {{(pid=110600) log_opt_values /opt/stack/data/venv/lib/python3.12/site-packages/oslo_config/cfg.py:3256}}
Jun 03 00:59:01.441203 np0000178243 nova-conductor[110600]: DEBUG cotyledon.oslo_config_glue [-] profiler.trace_requests = False {{(pid=110600) log_opt_values /opt/stack/data/venv/lib/python3.12/site-packages/oslo_config/cfg.py:3256}}
Jun 03 00:59:01.441203 np0000178243 nova-conductor[110600]: DEBUG cotyledon.oslo_config_glue [-] profiler.trace_sqlalchemy = False {{(pid=110600) log_opt_values /opt/stack/data/venv/lib/python3.12/site-packages/oslo_config/cfg.py:3256}}
Jun 03 00:59:01.441203 np0000178243 nova-conductor[110600]: DEBUG cotyledon.oslo_config_glue [-] profiler_jaeger.process_tags = {} {{(pid=110600) log_opt_values /opt/stack/data/venv/lib/python3.12/site-packages/oslo_config/cfg.py:3256}}
Jun 03 00:59:01.441203 np0000178243 nova-conductor[110600]: DEBUG cotyledon.oslo_config_glue [-] profiler_jaeger.service_name_prefix = None {{(pid=110600) log_opt_values /opt/stack/data/venv/lib/python3.12/site-packages/oslo_config/cfg.py:3256}}
Jun 03 00:59:01.441418 np0000178243 nova-conductor[110600]: DEBUG cotyledon.oslo_config_glue [-] profiler_otlp.service_name_prefix = None {{(pid=110600) log_opt_values /opt/stack/data/venv/lib/python3.12/site-packages/oslo_config/cfg.py:3256}}
Jun 03 00:59:01.441418 np0000178243 nova-conductor[110600]: DEBUG cotyledon.oslo_config_glue [-] oslo_messaging_rabbit.amqp_auto_delete = False {{(pid=110600) log_opt_values /opt/stack/data/venv/lib/python3.12/site-packages/oslo_config/cfg.py:3256}}
Jun 03 00:59:01.441418 np0000178243 nova-conductor[110600]: DEBUG cotyledon.oslo_config_glue [-] oslo_messaging_rabbit.amqp_durable_queues = False {{(pid=110600) log_opt_values /opt/stack/data/venv/lib/python3.12/site-packages/oslo_config/cfg.py:3256}}
Jun 03 00:59:01.441418 np0000178243 nova-conductor[110600]: DEBUG cotyledon.oslo_config_glue [-] oslo_messaging_rabbit.conn_pool_min_size = 2 {{(pid=110600) log_opt_values /opt/stack/data/venv/lib/python3.12/site-packages/oslo_config/cfg.py:3256}}
Jun 03 00:59:01.441418 np0000178243 nova-conductor[110600]: DEBUG cotyledon.oslo_config_glue [-] oslo_messaging_rabbit.conn_pool_ttl = 1200 {{(pid=110600) log_opt_values /opt/stack/data/venv/lib/python3.12/site-packages/oslo_config/cfg.py:3256}}
Jun 03 00:59:01.441418 np0000178243 nova-conductor[110600]: DEBUG cotyledon.oslo_config_glue [-] oslo_messaging_rabbit.direct_mandatory_flag = True {{(pid=110600) log_opt_values /opt/stack/data/venv/lib/python3.12/site-packages/oslo_config/cfg.py:3256}}
Jun 03 00:59:01.441418 np0000178243 nova-conductor[110600]: DEBUG cotyledon.oslo_config_glue [-] oslo_messaging_rabbit.enable_cancel_on_failover = False {{(pid=110600) log_opt_values /opt/stack/data/venv/lib/python3.12/site-packages/oslo_config/cfg.py:3256}}
Jun 03 00:59:01.441418 np0000178243 nova-conductor[110600]: DEBUG cotyledon.oslo_config_glue [-] oslo_messaging_rabbit.heartbeat_rate = 3 {{(pid=110600) log_opt_values /opt/stack/data/venv/lib/python3.12/site-packages/oslo_config/cfg.py:3256}}
Jun 03 00:59:01.441418 np0000178243 nova-conductor[110600]: DEBUG cotyledon.oslo_config_glue [-] oslo_messaging_rabbit.heartbeat_timeout_threshold = 60 {{(pid=110600) log_opt_values /opt/stack/data/venv/lib/python3.12/site-packages/oslo_config/cfg.py:3256}}
Jun 03 00:59:01.441628 np0000178243 nova-conductor[110600]: DEBUG cotyledon.oslo_config_glue [-] oslo_messaging_rabbit.hostname = np0000178243 {{(pid=110600) log_opt_values /opt/stack/data/venv/lib/python3.12/site-packages/oslo_config/cfg.py:3256}}
Jun 03 00:59:01.441628 np0000178243 nova-conductor[110600]: DEBUG cotyledon.oslo_config_glue [-] oslo_messaging_rabbit.kombu_compression = None {{(pid=110600) log_opt_values /opt/stack/data/venv/lib/python3.12/site-packages/oslo_config/cfg.py:3256}}
Jun 03 00:59:01.441628 np0000178243 nova-conductor[110600]: DEBUG cotyledon.oslo_config_glue [-] oslo_messaging_rabbit.kombu_failover_strategy = round-robin {{(pid=110600) log_opt_values /opt/stack/data/venv/lib/python3.12/site-packages/oslo_config/cfg.py:3256}}
Jun 03 00:59:01.441628 np0000178243 nova-conductor[110600]: DEBUG cotyledon.oslo_config_glue [-] oslo_messaging_rabbit.kombu_missing_consumer_retry_timeout = 60 {{(pid=110600) log_opt_values /opt/stack/data/venv/lib/python3.12/site-packages/oslo_config/cfg.py:3256}}
Jun 03 00:59:01.441628 np0000178243 nova-conductor[110600]: DEBUG cotyledon.oslo_config_glue [-] oslo_messaging_rabbit.kombu_reconnect_delay = 1.0 {{(pid=110600) log_opt_values /opt/stack/data/venv/lib/python3.12/site-packages/oslo_config/cfg.py:3256}}
Jun 03 00:59:01.441628 np0000178243 nova-conductor[110600]: DEBUG cotyledon.oslo_config_glue [-] oslo_messaging_rabbit.kombu_reconnect_splay = 0.0 {{(pid=110600) log_opt_values /opt/stack/data/venv/lib/python3.12/site-packages/oslo_config/cfg.py:3256}}
Jun 03 00:59:01.441628 np0000178243 nova-conductor[110600]: DEBUG cotyledon.oslo_config_glue [-] oslo_messaging_rabbit.processname = nova-conductor {{(pid=110600) log_opt_values /opt/stack/data/venv/lib/python3.12/site-packages/oslo_config/cfg.py:3256}}
Jun 03 00:59:01.441628 np0000178243 nova-conductor[110600]: DEBUG cotyledon.oslo_config_glue [-] oslo_messaging_rabbit.rabbit_ha_queues = False {{(pid=110600) log_opt_values /opt/stack/data/venv/lib/python3.12/site-packages/oslo_config/cfg.py:3256}}
Jun 03 00:59:01.441628 np0000178243 nova-conductor[110600]: DEBUG cotyledon.oslo_config_glue [-] oslo_messaging_rabbit.rabbit_interval_max = 30 {{(pid=110600) log_opt_values /opt/stack/data/venv/lib/python3.12/site-packages/oslo_config/cfg.py:3256}}
Jun 03 00:59:01.441844 np0000178243 nova-conductor[110600]: DEBUG cotyledon.oslo_config_glue [-] oslo_messaging_rabbit.rabbit_login_method = AMQPLAIN {{(pid=110600) log_opt_values /opt/stack/data/venv/lib/python3.12/site-packages/oslo_config/cfg.py:3256}}
Jun 03 00:59:01.441844 np0000178243 nova-conductor[110600]: DEBUG cotyledon.oslo_config_glue [-] oslo_messaging_rabbit.rabbit_qos_prefetch_count = 0 {{(pid=110600) log_opt_values /opt/stack/data/venv/lib/python3.12/site-packages/oslo_config/cfg.py:3256}}
Jun 03 00:59:01.441844 np0000178243 nova-conductor[110600]: DEBUG cotyledon.oslo_config_glue [-] oslo_messaging_rabbit.rabbit_quorum_delivery_limit = 0 {{(pid=110600) log_opt_values /opt/stack/data/venv/lib/python3.12/site-packages/oslo_config/cfg.py:3256}}
Jun 03 00:59:01.441844 np0000178243 nova-conductor[110600]: DEBUG cotyledon.oslo_config_glue [-] oslo_messaging_rabbit.rabbit_quorum_max_memory_bytes = 0 {{(pid=110600) log_opt_values /opt/stack/data/venv/lib/python3.12/site-packages/oslo_config/cfg.py:3256}}
Jun 03 00:59:01.441844 np0000178243 nova-conductor[110600]: DEBUG cotyledon.oslo_config_glue [-] oslo_messaging_rabbit.rabbit_quorum_max_memory_length = 0 {{(pid=110600) log_opt_values /opt/stack/data/venv/lib/python3.12/site-packages/oslo_config/cfg.py:3256}}
Jun 03 00:59:01.441844 np0000178243 nova-conductor[110600]: DEBUG cotyledon.oslo_config_glue [-] oslo_messaging_rabbit.rabbit_quorum_queue = False {{(pid=110600) log_opt_values /opt/stack/data/venv/lib/python3.12/site-packages/oslo_config/cfg.py:3256}}
Jun 03 00:59:01.441844 np0000178243 nova-conductor[110600]: DEBUG cotyledon.oslo_config_glue [-] oslo_messaging_rabbit.rabbit_retry_backoff = 2 {{(pid=110600) log_opt_values /opt/stack/data/venv/lib/python3.12/site-packages/oslo_config/cfg.py:3256}}
Jun 03 00:59:01.441844 np0000178243 nova-conductor[110600]: DEBUG cotyledon.oslo_config_glue [-] oslo_messaging_rabbit.rabbit_retry_interval = 1 {{(pid=110600) log_opt_values /opt/stack/data/venv/lib/python3.12/site-packages/oslo_config/cfg.py:3256}}
Jun 03 00:59:01.442046 np0000178243 nova-conductor[110600]: DEBUG cotyledon.oslo_config_glue [-] oslo_messaging_rabbit.rabbit_stream_fanout = False {{(pid=110600) log_opt_values /opt/stack/data/venv/lib/python3.12/site-packages/oslo_config/cfg.py:3256}}
Jun 03 00:59:01.442046 np0000178243 nova-conductor[110600]: DEBUG cotyledon.oslo_config_glue [-] oslo_messaging_rabbit.rabbit_transient_queues_ttl = 1800 {{(pid=110600) log_opt_values /opt/stack/data/venv/lib/python3.12/site-packages/oslo_config/cfg.py:3256}}
Jun 03 00:59:01.442046 np0000178243 nova-conductor[110600]: DEBUG cotyledon.oslo_config_glue [-] oslo_messaging_rabbit.rabbit_transient_quorum_queue = False {{(pid=110600) log_opt_values /opt/stack/data/venv/lib/python3.12/site-packages/oslo_config/cfg.py:3256}}
Jun 03 00:59:01.442046 np0000178243 nova-conductor[110600]: DEBUG cotyledon.oslo_config_glue [-] oslo_messaging_rabbit.rpc_conn_pool_size = 30 {{(pid=110600) log_opt_values /opt/stack/data/venv/lib/python3.12/site-packages/oslo_config/cfg.py:3256}}
Jun 03 00:59:01.442046 np0000178243 nova-conductor[110600]: DEBUG cotyledon.oslo_config_glue [-] oslo_messaging_rabbit.ssl = False {{(pid=110600) log_opt_values /opt/stack/data/venv/lib/python3.12/site-packages/oslo_config/cfg.py:3256}}
Jun 03 00:59:01.442046 np0000178243 nova-conductor[110600]: DEBUG cotyledon.oslo_config_glue [-] oslo_messaging_rabbit.ssl_ca_file = {{(pid=110600) log_opt_values /opt/stack/data/venv/lib/python3.12/site-packages/oslo_config/cfg.py:3256}}
Jun 03 00:59:01.442046 np0000178243 nova-conductor[110600]: DEBUG cotyledon.oslo_config_glue [-] oslo_messaging_rabbit.ssl_cert_file = {{(pid=110600) log_opt_values /opt/stack/data/venv/lib/python3.12/site-packages/oslo_config/cfg.py:3256}}
Jun 03 00:59:01.442046 np0000178243 nova-conductor[110600]: DEBUG cotyledon.oslo_config_glue [-] oslo_messaging_rabbit.ssl_enforce_fips_mode = False {{(pid=110600) log_opt_values /opt/stack/data/venv/lib/python3.12/site-packages/oslo_config/cfg.py:3256}}
Jun 03 00:59:01.442046 np0000178243 nova-conductor[110600]: DEBUG cotyledon.oslo_config_glue [-] oslo_messaging_rabbit.ssl_enforce_hostname_verification = True {{(pid=110600) log_opt_values /opt/stack/data/venv/lib/python3.12/site-packages/oslo_config/cfg.py:3256}}
Jun 03 00:59:01.442250 np0000178243 nova-conductor[110600]: DEBUG cotyledon.oslo_config_glue [-] oslo_messaging_rabbit.ssl_key_file = {{(pid=110600) log_opt_values /opt/stack/data/venv/lib/python3.12/site-packages/oslo_config/cfg.py:3256}}
Jun 03 00:59:01.442250 np0000178243 nova-conductor[110600]: DEBUG cotyledon.oslo_config_glue [-] oslo_messaging_rabbit.ssl_version = {{(pid=110600) log_opt_values /opt/stack/data/venv/lib/python3.12/site-packages/oslo_config/cfg.py:3256}}
Jun 03 00:59:01.442250 np0000178243 nova-conductor[110600]: DEBUG cotyledon.oslo_config_glue [-] oslo_messaging_rabbit.use_queue_manager = False {{(pid=110600) log_opt_values /opt/stack/data/venv/lib/python3.12/site-packages/oslo_config/cfg.py:3256}}
Jun 03 00:59:01.442250 np0000178243 nova-conductor[110600]: DEBUG cotyledon.oslo_config_glue [-] oslo_messaging_notifications.driver = ['messagingv2'] {{(pid=110600) log_opt_values /opt/stack/data/venv/lib/python3.12/site-packages/oslo_config/cfg.py:3256}}
Jun 03 00:59:01.442250 np0000178243 nova-conductor[110600]: DEBUG cotyledon.oslo_config_glue [-] oslo_messaging_notifications.retry = -1 {{(pid=110600) log_opt_values /opt/stack/data/venv/lib/python3.12/site-packages/oslo_config/cfg.py:3256}}
Jun 03 00:59:01.442250 np0000178243 nova-conductor[110600]: DEBUG cotyledon.oslo_config_glue [-] oslo_messaging_notifications.topics = ['notifications'] {{(pid=110600) log_opt_values /opt/stack/data/venv/lib/python3.12/site-packages/oslo_config/cfg.py:3256}}
Jun 03 00:59:01.442250 np0000178243 nova-conductor[110600]: DEBUG cotyledon.oslo_config_glue [-] oslo_messaging_notifications.transport_url = **** {{(pid=110600) log_opt_values /opt/stack/data/venv/lib/python3.12/site-packages/oslo_config/cfg.py:3256}}
Jun 03 00:59:01.442250 np0000178243 nova-conductor[110600]: DEBUG cotyledon.oslo_config_glue [-] oslo_limit.auth_section = None {{(pid=110600) log_opt_values /opt/stack/data/venv/lib/python3.12/site-packages/oslo_config/cfg.py:3256}}
Jun 03 00:59:01.442250 np0000178243 nova-conductor[110600]: DEBUG cotyledon.oslo_config_glue [-] oslo_limit.auth_type = None {{(pid=110600) log_opt_values /opt/stack/data/venv/lib/python3.12/site-packages/oslo_config/cfg.py:3256}}
Jun 03 00:59:01.442456 np0000178243 nova-conductor[110600]: DEBUG cotyledon.oslo_config_glue [-] oslo_limit.cafile = None {{(pid=110600) log_opt_values /opt/stack/data/venv/lib/python3.12/site-packages/oslo_config/cfg.py:3256}}
Jun 03 00:59:01.442456 np0000178243 nova-conductor[110600]: DEBUG cotyledon.oslo_config_glue [-] oslo_limit.certfile = None {{(pid=110600) log_opt_values /opt/stack/data/venv/lib/python3.12/site-packages/oslo_config/cfg.py:3256}}
Jun 03 00:59:01.442456 np0000178243 nova-conductor[110600]: DEBUG cotyledon.oslo_config_glue [-] oslo_limit.collect_timing = False {{(pid=110600) log_opt_values /opt/stack/data/venv/lib/python3.12/site-packages/oslo_config/cfg.py:3256}}
Jun 03 00:59:01.442456 np0000178243 nova-conductor[110600]: DEBUG cotyledon.oslo_config_glue [-] oslo_limit.connect_retries = None {{(pid=110600) log_opt_values /opt/stack/data/venv/lib/python3.12/site-packages/oslo_config/cfg.py:3256}}
Jun 03 00:59:01.442456 np0000178243 nova-conductor[110600]: DEBUG cotyledon.oslo_config_glue [-] oslo_limit.connect_retry_delay = None {{(pid=110600) log_opt_values /opt/stack/data/venv/lib/python3.12/site-packages/oslo_config/cfg.py:3256}}
Jun 03 00:59:01.442456 np0000178243 nova-conductor[110600]: DEBUG cotyledon.oslo_config_glue [-] oslo_limit.endpoint_id = None {{(pid=110600) log_opt_values /opt/stack/data/venv/lib/python3.12/site-packages/oslo_config/cfg.py:3256}}
Jun 03 00:59:01.442456 np0000178243 nova-conductor[110600]: DEBUG cotyledon.oslo_config_glue [-] oslo_limit.endpoint_interface = public {{(pid=110600) log_opt_values /opt/stack/data/venv/lib/python3.12/site-packages/oslo_config/cfg.py:3256}}
Jun 03 00:59:01.442456 np0000178243 nova-conductor[110600]: DEBUG cotyledon.oslo_config_glue [-] oslo_limit.endpoint_override = None {{(pid=110600) log_opt_values /opt/stack/data/venv/lib/python3.12/site-packages/oslo_config/cfg.py:3256}}
Jun 03 00:59:01.442456 np0000178243 nova-conductor[110600]: DEBUG cotyledon.oslo_config_glue [-] oslo_limit.endpoint_region_name = None {{(pid=110600) log_opt_values /opt/stack/data/venv/lib/python3.12/site-packages/oslo_config/cfg.py:3256}}
Jun 03 00:59:01.442661 np0000178243 nova-conductor[110600]: DEBUG cotyledon.oslo_config_glue [-] oslo_limit.endpoint_service_name = None {{(pid=110600) log_opt_values /opt/stack/data/venv/lib/python3.12/site-packages/oslo_config/cfg.py:3256}}
Jun 03 00:59:01.442661 np0000178243 nova-conductor[110600]: DEBUG cotyledon.oslo_config_glue [-] oslo_limit.endpoint_service_type = None {{(pid=110600) log_opt_values /opt/stack/data/venv/lib/python3.12/site-packages/oslo_config/cfg.py:3256}}
Jun 03 00:59:01.442661 np0000178243 nova-conductor[110600]: DEBUG cotyledon.oslo_config_glue [-] oslo_limit.insecure = False {{(pid=110600) log_opt_values /opt/stack/data/venv/lib/python3.12/site-packages/oslo_config/cfg.py:3256}}
Jun 03 00:59:01.442661 np0000178243 nova-conductor[110600]: DEBUG cotyledon.oslo_config_glue [-] oslo_limit.keyfile = None {{(pid=110600) log_opt_values /opt/stack/data/venv/lib/python3.12/site-packages/oslo_config/cfg.py:3256}}
Jun 03 00:59:01.442661 np0000178243 nova-conductor[110600]: DEBUG cotyledon.oslo_config_glue [-] oslo_limit.max_version = None {{(pid=110600) log_opt_values /opt/stack/data/venv/lib/python3.12/site-packages/oslo_config/cfg.py:3256}}
Jun 03 00:59:01.442661 np0000178243 nova-conductor[110600]: DEBUG cotyledon.oslo_config_glue [-] oslo_limit.min_version = None {{(pid=110600) log_opt_values /opt/stack/data/venv/lib/python3.12/site-packages/oslo_config/cfg.py:3256}}
Jun 03 00:59:01.442661 np0000178243 nova-conductor[110600]: DEBUG cotyledon.oslo_config_glue [-] oslo_limit.region_name = None {{(pid=110600) log_opt_values /opt/stack/data/venv/lib/python3.12/site-packages/oslo_config/cfg.py:3256}}
Jun 03 00:59:01.442661 np0000178243 nova-conductor[110600]: DEBUG cotyledon.oslo_config_glue [-] oslo_limit.retriable_status_codes = None {{(pid=110600) log_opt_values /opt/stack/data/venv/lib/python3.12/site-packages/oslo_config/cfg.py:3256}}
Jun 03 00:59:01.442661 np0000178243 nova-conductor[110600]: DEBUG cotyledon.oslo_config_glue [-] oslo_limit.service_name = None {{(pid=110600) log_opt_values /opt/stack/data/venv/lib/python3.12/site-packages/oslo_config/cfg.py:3256}}
Jun 03 00:59:01.442880 np0000178243 nova-conductor[110600]: DEBUG cotyledon.oslo_config_glue [-] oslo_limit.service_type = None {{(pid=110600) log_opt_values /opt/stack/data/venv/lib/python3.12/site-packages/oslo_config/cfg.py:3256}}
Jun 03 00:59:01.442880 np0000178243 nova-conductor[110600]: DEBUG cotyledon.oslo_config_glue [-] oslo_limit.split_loggers = False {{(pid=110600) log_opt_values /opt/stack/data/venv/lib/python3.12/site-packages/oslo_config/cfg.py:3256}}
Jun 03 00:59:01.442880 np0000178243 nova-conductor[110600]: DEBUG cotyledon.oslo_config_glue [-] oslo_limit.status_code_retries = None {{(pid=110600) log_opt_values /opt/stack/data/venv/lib/python3.12/site-packages/oslo_config/cfg.py:3256}}
Jun 03 00:59:01.442880 np0000178243 nova-conductor[110600]: DEBUG cotyledon.oslo_config_glue [-] oslo_limit.status_code_retry_delay = None {{(pid=110600) log_opt_values /opt/stack/data/venv/lib/python3.12/site-packages/oslo_config/cfg.py:3256}}
Jun 03 00:59:01.442880 np0000178243 nova-conductor[110600]: DEBUG cotyledon.oslo_config_glue [-] oslo_limit.timeout = None {{(pid=110600) log_opt_values /opt/stack/data/venv/lib/python3.12/site-packages/oslo_config/cfg.py:3256}}
Jun 03 00:59:01.442880 np0000178243 nova-conductor[110600]: DEBUG cotyledon.oslo_config_glue [-] oslo_limit.valid_interfaces = None {{(pid=110600) log_opt_values /opt/stack/data/venv/lib/python3.12/site-packages/oslo_config/cfg.py:3256}}
Jun 03 00:59:01.442880 np0000178243 nova-conductor[110600]: DEBUG cotyledon.oslo_config_glue [-] oslo_limit.version = None {{(pid=110600) log_opt_values /opt/stack/data/venv/lib/python3.12/site-packages/oslo_config/cfg.py:3256}}
Jun 03 00:59:01.442880 np0000178243 nova-conductor[110600]: DEBUG cotyledon.oslo_config_glue [-] oslo_reports.file_event_handler = None {{(pid=110600) log_opt_values /opt/stack/data/venv/lib/python3.12/site-packages/oslo_config/cfg.py:3256}}
Jun 03 00:59:01.442880 np0000178243 nova-conductor[110600]: DEBUG cotyledon.oslo_config_glue [-] oslo_reports.file_event_handler_interval = 1 {{(pid=110600) log_opt_values /opt/stack/data/venv/lib/python3.12/site-packages/oslo_config/cfg.py:3256}}
Jun 03 00:59:01.443074 np0000178243 nova-conductor[110600]: DEBUG cotyledon.oslo_config_glue [-] oslo_reports.log_dir = None {{(pid=110600) log_opt_values /opt/stack/data/venv/lib/python3.12/site-packages/oslo_config/cfg.py:3256}}
Jun 03 00:59:01.443074 np0000178243 nova-conductor[110600]: DEBUG cotyledon.oslo_config_glue [-] ******************************************************************************** {{(pid=110600) log_opt_values /opt/stack/data/venv/lib/python3.12/site-packages/oslo_config/cfg.py:3263}}
Jun 03 00:59:01.443074 np0000178243 nova-conductor[110600]: DEBUG cotyledon._service_worker [-] Run service ServiceWrapper(3) [110600] {{(pid=110600) wait_forever /opt/stack/data/venv/lib/python3.12/site-packages/cotyledon/_service_worker.py:218}}
Jun 03 00:59:01.443074 np0000178243 nova-conductor[110600]: INFO nova.service [-] Starting conductor node (version 33.1.0)
Jun 03 00:59:01.443074 np0000178243 nova-conductor[110600]: INFO dbcounter [None req-fdcccb14-b91c-4cb7-9f9c-5a90c9465b20 None None] Registered counter for database nova_cell0
Jun 03 00:59:01.443188 np0000178243 nova-conductor[110574]: DEBUG oslo_db.sqlalchemy.engines [None req-3acf0be2-42eb-4911-8aef-43c364ab113a None None] MySQL server mode set to STRICT_TRANS_TABLES,STRICT_ALL_TABLES,NO_ZERO_IN_DATE,NO_ZERO_DATE,ERROR_FOR_DIVISION_BY_ZERO,TRADITIONAL,NO_ENGINE_SUBSTITUTION {{(pid=110574) _check_effective_sql_mode /opt/stack/data/venv/lib/python3.12/site-packages/oslo_db/sqlalchemy/engines.py:325}}
Jun 03 00:59:01.443188 np0000178243 nova-conductor[110574]: DEBUG dbcounter [-] [110574] Writer thread running {{(pid=110574) stat_writer /opt/stack/data/venv/lib/python3.12/site-packages/dbcounter.py:102}}
Jun 03 00:59:01.443247 np0000178243 nova-conductor[110589]: DEBUG oslo_db.sqlalchemy.engines [None req-330cf879-5001-420b-bd1c-06f05cce0e72 None None] MySQL server mode set to STRICT_TRANS_TABLES,STRICT_ALL_TABLES,NO_ZERO_IN_DATE,NO_ZERO_DATE,ERROR_FOR_DIVISION_BY_ZERO,TRADITIONAL,NO_ENGINE_SUBSTITUTION {{(pid=110589) _check_effective_sql_mode /opt/stack/data/venv/lib/python3.12/site-packages/oslo_db/sqlalchemy/engines.py:325}}
Jun 03 00:59:01.443278 np0000178243 nova-conductor[110580]: DEBUG oslo_db.sqlalchemy.engines [None req-2c05c282-f255-4556-b7cd-9aa6230eaf69 None None] MySQL server mode set to STRICT_TRANS_TABLES,STRICT_ALL_TABLES,NO_ZERO_IN_DATE,NO_ZERO_DATE,ERROR_FOR_DIVISION_BY_ZERO,TRADITIONAL,NO_ENGINE_SUBSTITUTION {{(pid=110580) _check_effective_sql_mode /opt/stack/data/venv/lib/python3.12/site-packages/oslo_db/sqlalchemy/engines.py:325}}
Jun 03 00:59:01.443308 np0000178243 nova-conductor[110574]: DEBUG nova.service [None req-3acf0be2-42eb-4911-8aef-43c364ab113a None None] Creating RPC server for service: nova-conductor on topic: conductor {{(pid=110574) start /opt/stack/nova/nova/service.py:195}}
Jun 03 00:59:01.443334 np0000178243 nova-conductor[110589]: DEBUG dbcounter [-] [110589] Writer thread running {{(pid=110589) stat_writer /opt/stack/data/venv/lib/python3.12/site-packages/dbcounter.py:102}}
Jun 03 00:59:01.446021 np0000178243 nova-conductor[110589]: DEBUG nova.service [None req-330cf879-5001-420b-bd1c-06f05cce0e72 None None] Creating RPC server for service: nova-conductor on topic: conductor {{(pid=110589) start /opt/stack/nova/nova/service.py:195}}
Jun 03 00:59:01.447377 np0000178243 nova-conductor[110580]: DEBUG dbcounter [-] [110580] Writer thread running {{(pid=110580) stat_writer /opt/stack/data/venv/lib/python3.12/site-packages/dbcounter.py:102}}
Jun 03 00:59:01.450361 np0000178243 nova-conductor[110580]: DEBUG nova.service [None req-2c05c282-f255-4556-b7cd-9aa6230eaf69 None None] Creating RPC server for service: nova-conductor on topic: conductor {{(pid=110580) start /opt/stack/nova/nova/service.py:195}}
Jun 03 00:59:01.450569 np0000178243 nova-conductor[110600]: DEBUG oslo_db.sqlalchemy.engines [None req-fdcccb14-b91c-4cb7-9f9c-5a90c9465b20 None None] MySQL server mode set to STRICT_TRANS_TABLES,STRICT_ALL_TABLES,NO_ZERO_IN_DATE,NO_ZERO_DATE,ERROR_FOR_DIVISION_BY_ZERO,TRADITIONAL,NO_ENGINE_SUBSTITUTION {{(pid=110600) _check_effective_sql_mode /opt/stack/data/venv/lib/python3.12/site-packages/oslo_db/sqlalchemy/engines.py:325}}
Jun 03 00:59:01.454670 np0000178243 nova-conductor[110574]: DEBUG nova.service [None req-3acf0be2-42eb-4911-8aef-43c364ab113a None None] Join ServiceGroup membership for this service conductor {{(pid=110574) start /opt/stack/nova/nova/service.py:221}}
Jun 03 00:59:01.454905 np0000178243 nova-conductor[110574]: DEBUG nova.servicegroup.drivers.db [None req-3acf0be2-42eb-4911-8aef-43c364ab113a None None] DB_Driver: join new ServiceGroup member np0000178243 to the conductor group, service = {{(pid=110574) join /opt/stack/nova/nova/servicegroup/drivers/db.py:44}}
Jun 03 00:59:01.460812 np0000178243 nova-conductor[110600]: DEBUG dbcounter [-] [110600] Writer thread running {{(pid=110600) stat_writer /opt/stack/data/venv/lib/python3.12/site-packages/dbcounter.py:102}}
Jun 03 00:59:01.463694 np0000178243 nova-conductor[110600]: DEBUG nova.service [None req-fdcccb14-b91c-4cb7-9f9c-5a90c9465b20 None None] Creating RPC server for service: nova-conductor on topic: conductor {{(pid=110600) start /opt/stack/nova/nova/service.py:195}}
Jun 03 00:59:01.463905 np0000178243 nova-conductor[110589]: DEBUG nova.service [None req-330cf879-5001-420b-bd1c-06f05cce0e72 None None] Join ServiceGroup membership for this service conductor {{(pid=110589) start /opt/stack/nova/nova/service.py:221}}
Jun 03 00:59:01.464109 np0000178243 nova-conductor[110589]: DEBUG nova.servicegroup.drivers.db [None req-330cf879-5001-420b-bd1c-06f05cce0e72 None None] DB_Driver: join new ServiceGroup member np0000178243 to the conductor group, service = {{(pid=110589) join /opt/stack/nova/nova/servicegroup/drivers/db.py:44}}
Jun 03 00:59:01.470902 np0000178243 nova-conductor[110580]: DEBUG nova.service [None req-2c05c282-f255-4556-b7cd-9aa6230eaf69 None None] Join ServiceGroup membership for this service conductor {{(pid=110580) start /opt/stack/nova/nova/service.py:221}}
Jun 03 00:59:01.471510 np0000178243 nova-conductor[110580]: DEBUG nova.servicegroup.drivers.db [None req-2c05c282-f255-4556-b7cd-9aa6230eaf69 None None] DB_Driver: join new ServiceGroup member np0000178243 to the conductor group, service = {{(pid=110580) join /opt/stack/nova/nova/servicegroup/drivers/db.py:44}}
Jun 03 00:59:01.479610 np0000178243 nova-conductor[110600]: DEBUG nova.service [None req-fdcccb14-b91c-4cb7-9f9c-5a90c9465b20 None None] Join ServiceGroup membership for this service conductor {{(pid=110600) start /opt/stack/nova/nova/service.py:221}}
Jun 03 00:59:01.479872 np0000178243 nova-conductor[110600]: DEBUG nova.servicegroup.drivers.db [None req-fdcccb14-b91c-4cb7-9f9c-5a90c9465b20 None None] DB_Driver: join new ServiceGroup member np0000178243 to the conductor group, service = {{(pid=110600) join /opt/stack/nova/nova/servicegroup/drivers/db.py:44}}
Jun 03 00:59:03.457393 np0000178243 nova-conductor[110574]: DEBUG oslo.service.backend._threading.loopingcall [None req-4131d33f-ade1-44ce-81e8-67fd759e7128 None None] Dynamic interval looping call 'nova.service.Service.periodic_tasks' sleeping for 60.00 seconds {{(pid=110574) _run_loop /opt/stack/data/venv/lib/python3.12/site-packages/oslo_service/backend/_threading/loopingcall.py:125}}
Jun 03 00:59:05.482845 np0000178243 nova-conductor[110600]: DEBUG oslo.service.backend._threading.loopingcall [None req-275b2afa-fc96-4206-9057-c2d288e964ec None None] Dynamic interval looping call 'nova.service.Service.periodic_tasks' sleeping for 60.00 seconds {{(pid=110600) _run_loop /opt/stack/data/venv/lib/python3.12/site-packages/oslo_service/backend/_threading/loopingcall.py:125}}
Jun 03 00:59:06.474024 np0000178243 nova-conductor[110574]: DEBUG oslo.service.backend._threading.loopingcall [-] Fixed interval looping call 'nova.servicegroup.drivers.db.DbDriver._report_state' sleeping for 119.98 seconds {{(pid=110574) _run_loop /opt/stack/data/venv/lib/python3.12/site-packages/oslo_service/backend/_threading/loopingcall.py:125}}
Jun 03 00:59:06.479335 np0000178243 nova-conductor[110589]: DEBUG oslo.service.backend._threading.loopingcall [-] Fixed interval looping call 'nova.servicegroup.drivers.db.DbDriver._report_state' sleeping for 119.99 seconds {{(pid=110589) _run_loop /opt/stack/data/venv/lib/python3.12/site-packages/oslo_service/backend/_threading/loopingcall.py:125}}
Jun 03 00:59:06.486596 np0000178243 nova-conductor[110580]: DEBUG oslo.service.backend._threading.loopingcall [-] Fixed interval looping call 'nova.servicegroup.drivers.db.DbDriver._report_state' sleeping for 119.99 seconds {{(pid=110580) _run_loop /opt/stack/data/venv/lib/python3.12/site-packages/oslo_service/backend/_threading/loopingcall.py:125}}
Jun 03 00:59:06.491682 np0000178243 nova-conductor[110600]: DEBUG oslo.service.backend._threading.loopingcall [-] Fixed interval looping call 'nova.servicegroup.drivers.db.DbDriver._report_state' sleeping for 119.99 seconds {{(pid=110600) _run_loop /opt/stack/data/venv/lib/python3.12/site-packages/oslo_service/backend/_threading/loopingcall.py:125}}
Jun 03 00:59:09.953225 np0000178243 nova-conductor[109787]: DEBUG dbcounter [-] [109787] Writing DB stats nova_api:SELECT=1 {{(pid=109787) stat_writer /opt/stack/data/venv/lib/python3.12/site-packages/dbcounter.py:115}}
Jun 03 00:59:10.099929 np0000178243 nova-conductor[109787]: DEBUG dbcounter [-] [109787] Writing DB stats nova_cell0:SELECT=1 {{(pid=109787) stat_writer /opt/stack/data/venv/lib/python3.12/site-packages/dbcounter.py:115}}
Jun 03 00:59:10.109623 np0000178243 nova-conductor[109787]: DEBUG dbcounter [-] [109787] Writing DB stats nova_cell1:SELECT=1 {{(pid=109787) stat_writer /opt/stack/data/venv/lib/python3.12/site-packages/dbcounter.py:115}}
Jun 03 00:59:16.466624 np0000178243 nova-conductor[110574]: DEBUG dbcounter [-] [110574] Writing DB stats nova_cell0:SELECT=4,nova_cell0:INSERT=1,nova_cell0:UPDATE=1 {{(pid=110574) stat_writer /opt/stack/data/venv/lib/python3.12/site-packages/dbcounter.py:115}}
Jun 03 00:59:16.476231 np0000178243 nova-conductor[110589]: DEBUG dbcounter [-] [110589] Writing DB stats nova_cell0:SELECT=3 {{(pid=110589) stat_writer /opt/stack/data/venv/lib/python3.12/site-packages/dbcounter.py:115}}
Jun 03 00:59:16.483182 np0000178243 nova-conductor[110580]: DEBUG dbcounter [-] [110580] Writing DB stats nova_cell0:SELECT=3 {{(pid=110580) stat_writer /opt/stack/data/venv/lib/python3.12/site-packages/dbcounter.py:115}}
Jun 03 00:59:16.488700 np0000178243 nova-conductor[110600]: DEBUG dbcounter [-] [110600] Writing DB stats nova_cell0:SELECT=3 {{(pid=110600) stat_writer /opt/stack/data/venv/lib/python3.12/site-packages/dbcounter.py:115}}
Jun 03 00:59:20.474166 np0000178243 nova-conductor[110580]: DEBUG oslo.service.backend._threading.loopingcall [None req-580cfc2c-0f75-45d2-96b4-f40394226a3c None None] Dynamic interval looping call 'nova.service.Service.periodic_tasks' sleeping for 60.00 seconds {{(pid=110580) _run_loop /opt/stack/data/venv/lib/python3.12/site-packages/oslo_service/backend/_threading/loopingcall.py:125}}
Jun 03 00:59:34.468052 np0000178243 nova-conductor[110589]: DEBUG oslo.service.backend._threading.loopingcall [None req-cb3fd26d-a252-4990-bf89-7182c41415db None None] Dynamic interval looping call 'nova.service.Service.periodic_tasks' sleeping for 60.00 seconds {{(pid=110589) _run_loop /opt/stack/data/venv/lib/python3.12/site-packages/oslo_service/backend/_threading/loopingcall.py:125}}
Jun 03 01:00:03.459809 np0000178243 nova-conductor[110574]: DEBUG oslo.service.backend._threading.loopingcall [None req-4131d33f-ade1-44ce-81e8-67fd759e7128 None None] Dynamic interval looping call 'nova.service.Service.periodic_tasks' sleeping for 60.00 seconds {{(pid=110574) _run_loop /opt/stack/data/venv/lib/python3.12/site-packages/oslo_service/backend/_threading/loopingcall.py:125}}
Jun 03 01:00:05.485203 np0000178243 nova-conductor[110600]: DEBUG oslo.service.backend._threading.loopingcall [None req-275b2afa-fc96-4206-9057-c2d288e964ec None None] Dynamic interval looping call 'nova.service.Service.periodic_tasks' sleeping for 60.00 seconds {{(pid=110600) _run_loop /opt/stack/data/venv/lib/python3.12/site-packages/oslo_service/backend/_threading/loopingcall.py:125}}