2026-06-10 09:46:59.643 7 WARNING neutron.api.rpc.agentnotifiers.dhcp_rpc_agent_api [None req-29f33461-73e2-475e-b446-9139cd8c1073 8647288f530e4420aeb134efc0e81a61 f264edf67bd84d70b96b34e06fa95f15 - - default default] Unable to schedule network c440cd8c-71eb-4d1c-b603-a8fbfca70d57: no agents available; will retry on subsequent port and subnet creation events.
2026-06-10 09:46:59.689 8 INFO neutron.plugins.ml2.drivers.ovn.mech_driver.mech_driver [None req-68e31a82-9bf8-4d4b-9bf5-d7eb50937c13 - - - - - -] OVN reports status down for port: 43e0c6f5-dfee-4c55-90d1-2dc5012d09f9
2026-06-10 09:46:59.731 7 INFO neutron.db.ovn_revision_numbers_db [None req-29f33461-73e2-475e-b446-9139cd8c1073 8647288f530e4420aeb134efc0e81a61 f264edf67bd84d70b96b34e06fa95f15 - - default default] Successfully bumped revision number for resource 43e0c6f5-dfee-4c55-90d1-2dc5012d09f9 (type: ports) to 1 [pid: 7|app: 0|req: 1225/2598] 10.0.0.47 () {34 vars in 669 bytes} [Wed Jun 10 09:46:59 2026] POST /v2.0/networks => generated 651 bytes in 549 msecs (HTTP/1.1 201) 4 headers in 162 bytes (1 switches on core 0)
2026-06-10 09:46:59.934 8 WARNING neutron.scheduler.dhcp_agent_scheduler [None req-c0e48329-07c0-4a9c-afd3-0e12b11009b4 8647288f530e4420aeb134efc0e81a61 f264edf67bd84d70b96b34e06fa95f15 - - default default] No more DHCP agents
2026-06-10 09:46:59.936 8 WARNING neutron.api.rpc.agentnotifiers.dhcp_rpc_agent_api [None req-c0e48329-07c0-4a9c-afd3-0e12b11009b4 8647288f530e4420aeb134efc0e81a61 f264edf67bd84d70b96b34e06fa95f15 - - default default] Unable to schedule network c440cd8c-71eb-4d1c-b603-a8fbfca70d57: no agents available; will retry on subsequent port and subnet creation events. [pid: 7|app: 0|req: 1226/2599] 10.0.0.28 () {34 vars in 989 bytes} [Wed Jun 10 09:46:59 2026] GET /v2.0/ports?device_id=7aeda0d4-75a7-41a5-8f07-69f2143e1894 => generated 1008 bytes in 41 msecs (HTTP/1.1 200) 4 headers in 158 bytes (1 switches on core 0) [pid: 7|app: 0|req: 1227/2600] 10.0.0.28 () {34 vars in 1119 bytes} [Wed Jun 10 09:46:59 2026] GET /v2.0/security-groups?id=116f483b-33e7-426d-8f02-bd8dae826982&id=560811ea-3bcf-4c4e-961c-73edc10b508e&fields=id&fields=name => generated 206 bytes in 39 msecs (HTTP/1.1 200) 4 headers in 157 bytes (1 switches on core 0)
2026-06-10 09:47:00.331 8 INFO neutron.db.ovn_revision_numbers_db [None req-eee1e31e-8ade-4561-994c-c48cbced1747 - - - - - -] Successfully bumped revision number for resource 43e0c6f5-dfee-4c55-90d1-2dc5012d09f9 (type: ports) to 2
2026-06-10 09:47:00.364 8 INFO neutron.db.ovn_revision_numbers_db [None req-eee1e31e-8ade-4561-994c-c48cbced1747 - - - - - -] Successfully bumped revision number for resource 76a2f7e7-c76a-46f5-ae24-95f28adfde71 (type: subnets) to 0 [pid: 8|app: 0|req: 1374/2601] 10.0.0.47 () {34 vars in 668 bytes} [Wed Jun 10 09:46:59 2026] POST /v2.0/subnets => generated 629 bytes in 610 msecs (HTTP/1.1 201) 4 headers in 162 bytes (1 switches on core 0)
2026-06-10 09:47:00.853 7 WARNING neutron.scheduler.dhcp_agent_scheduler [None req-7caa83ed-14ad-4a77-ad23-e456522c76df 8647288f530e4420aeb134efc0e81a61 f264edf67bd84d70b96b34e06fa95f15 - - default default] No more DHCP agents
2026-06-10 09:47:00.855 7 WARNING neutron.api.rpc.agentnotifiers.dhcp_rpc_agent_api [None req-7caa83ed-14ad-4a77-ad23-e456522c76df 8647288f530e4420aeb134efc0e81a61 f264edf67bd84d70b96b34e06fa95f15 - - default default] Unable to schedule network 00f25ed3-fbbb-4d5e-8eb9-624dc29348a0: no agents available; will retry on subsequent port and subnet creation events.
2026-06-10 09:47:00.984 7 INFO neutron.db.ovn_revision_numbers_db [None req-7caa83ed-14ad-4a77-ad23-e456522c76df 8647288f530e4420aeb134efc0e81a61 f264edf67bd84d70b96b34e06fa95f15 - - default default] Successfully bumped revision number for resource ab4cd408-94d3-4c84-8a82-b4ca39cb17fe (type: ports) to 1 [pid: 8|app: 0|req: 1375/2602] 10.0.0.28 () {34 vars in 989 bytes} [Wed Jun 10 09:47:01 2026] GET /v2.0/ports?device_id=7aeda0d4-75a7-41a5-8f07-69f2143e1894 => generated 1008 bytes in 68 msecs (HTTP/1.1 200) 4 headers in 158 bytes (1 switches on core 0) [pid: 8|app: 0|req: 1376/2603] 10.0.0.28 () {34 vars in 1119 bytes} [Wed Jun 10 09:47:01 2026] GET /v2.0/security-groups?id=116f483b-33e7-426d-8f02-bd8dae826982&id=560811ea-3bcf-4c4e-961c-73edc10b508e&fields=id&fields=name => generated 206 bytes in 30 msecs (HTTP/1.1 200) 4 headers in 157 bytes (1 switches on core 0)
2026-06-10 09:47:01.582 7 INFO neutron.plugins.ml2.drivers.ovn.mech_driver.ovsdb.commands [None req-11936420-5f58-4d86-a841-97efb9349dfe - - - - - -] Schedule LRP lrp-ab4cd408-94d3-4c84-8a82-b4ca39cb17fe on gateway ccb617d1-e352-4a59-a648-2bd5436adf83 with priority 1
2026-06-10 09:47:01.636 7 INFO neutron.db.ovn_revision_numbers_db [None req-7caa83ed-14ad-4a77-ad23-e456522c76df 8647288f530e4420aeb134efc0e81a61 f264edf67bd84d70b96b34e06fa95f15 - - default default] Successfully bumped revision number for resource ab4cd408-94d3-4c84-8a82-b4ca39cb17fe (type: router_ports) to 1
2026-06-10 09:47:01.728 7 INFO neutron.db.ovn_revision_numbers_db [None req-7caa83ed-14ad-4a77-ad23-e456522c76df 8647288f530e4420aeb134efc0e81a61 f264edf67bd84d70b96b34e06fa95f15 - - default default] Successfully bumped revision number for resource 837d780e-c688-4ce0-abb5-95a803d5e920 (type: routers) to 2 [pid: 7|app: 0|req: 1228/2604] 10.0.0.47 () {34 vars in 668 bytes} [Wed Jun 10 09:47:00 2026] POST /v2.0/routers => generated 937 bytes in 1360 msecs (HTTP/1.1 201) 4 headers in 162 bytes (1 switches on core 0)
2026-06-10 09:47:01.823 7 WARNING neutron.plugins.ml2.drivers.ovn.mech_driver.ovsdb.ovn_client [None req-76fe3033-ac4e-4279-b8cf-dc6cffb9002f - - - - - -] No hosting information found for port 8f2f9a3e-ae0f-4ebd-94d8-b5a5805a4ae3: RuntimeError: No hosting information found for port 8f2f9a3e-ae0f-4ebd-94d8-b5a5805a4ae3
2026-06-10 09:47:01.823 7 INFO neutron.plugins.ml2.drivers.ovn.mech_driver.mech_driver [None req-76fe3033-ac4e-4279-b8cf-dc6cffb9002f - - - - - -] OVN reports status down for port: 421fdfd8-f3a7-46d1-8f80-5dc989d1b131
2026-06-10 09:47:01.878 7 WARNING neutron.plugins.ml2.drivers.ovn.mech_driver.ovsdb.ovn_client [None req-76fe3033-ac4e-4279-b8cf-dc6cffb9002f - - - - - -] Logical_Switch_Port %s host information not removed, the port state is up
2026-06-10 09:47:01.878 7 INFO neutron.plugins.ml2.drivers.ovn.mech_driver.mech_driver [None req-76fe3033-ac4e-4279-b8cf-dc6cffb9002f - - - - - -] OVN reports status down for port: b8ba7496-8b6e-4d88-8ebb-918937026e6a
2026-06-10 09:47:01.949 7 WARNING neutron.plugins.ml2.drivers.ovn.mech_driver.ovsdb.ovn_client [None req-76fe3033-ac4e-4279-b8cf-dc6cffb9002f - - - - - -] Logical_Switch_Port %s host information not removed, the port state is up
2026-06-10 09:47:01.949 7 INFO neutron.plugins.ml2.drivers.ovn.mech_driver.mech_driver [None req-76fe3033-ac4e-4279-b8cf-dc6cffb9002f - - - - - -] OVN reports status up for port: c9f3b0e0-c6e6-4ecb-9a71-a90bc1416cd8
2026-06-10 09:47:01.960 7 INFO neutron.plugins.ml2.plugin [None req-76fe3033-ac4e-4279-b8cf-dc6cffb9002f - - - - - -] Attempt 1 to provision port c9f3b0e0-c6e6-4ecb-9a71-a90bc1416cd8
2026-06-10 09:47:01.982 7 INFO neutron.notifiers.nova [-] Nova event matching ['req-ca46f40a-2038-4fbb-b329-cc1250dd2c74'] response: {'server_uuid': '7aeda0d4-75a7-41a5-8f07-69f2143e1894', 'name': 'network-vif-unplugged', 'status': 'completed', 'tag': 'b8ba7496-8b6e-4d88-8ebb-918937026e6a', 'code': 200}
2026-06-10 09:47:02.220 7 INFO neutron.db.ovn_revision_numbers_db [None req-76fe3033-ac4e-4279-b8cf-dc6cffb9002f - - - - - -] Successfully bumped revision number for resource c9f3b0e0-c6e6-4ecb-9a71-a90bc1416cd8 (type: ports) to 4 [pid: 7|app: 0|req: 1229/2605] 10.0.0.28 () {34 vars in 989 bytes} [Wed Jun 10 09:47:02 2026] GET /v2.0/ports?device_id=78284c93-df84-4609-8b0d-f12ad2890912 => generated 1190 bytes in 144 msecs (HTTP/1.1 200) 4 headers in 158 bytes (1 switches on core 0)
2026-06-10 09:47:02.336 8 WARNING neutron.scheduler.dhcp_agent_scheduler [None req-3699b17d-a405-47a7-b6cf-9a14d1728fc9 8647288f530e4420aeb134efc0e81a61 f264edf67bd84d70b96b34e06fa95f15 - - default default] No more DHCP agents
2026-06-10 09:47:02.337 8 WARNING neutron.api.rpc.agentnotifiers.dhcp_rpc_agent_api [None req-3699b17d-a405-47a7-b6cf-9a14d1728fc9 8647288f530e4420aeb134efc0e81a61 f264edf67bd84d70b96b34e06fa95f15 - - default default] Unable to schedule network c440cd8c-71eb-4d1c-b603-a8fbfca70d57: no agents available; will retry on subsequent port and subnet creation events. [pid: 7|app: 0|req: 1230/2606] 10.0.0.28 () {34 vars in 989 bytes} [Wed Jun 10 09:47:02 2026] GET /v2.0/ports?device_id=7aeda0d4-75a7-41a5-8f07-69f2143e1894 => generated 1008 bytes in 57 msecs (HTTP/1.1 200) 4 headers in 158 bytes (1 switches on core 0)
2026-06-10 09:47:02.400 7 INFO neutron.plugins.ml2.drivers.ovn.mech_driver.mech_driver [None req-54e05224-b040-475d-968d-40c70c77769a - - - - - -] OVN reports status up for port: 421fdfd8-f3a7-46d1-8f80-5dc989d1b131 [pid: 7|app: 0|req: 1231/2607] 10.0.0.28 () {34 vars in 1039 bytes} [Wed Jun 10 09:47:02 2026] GET /v2.0/security-groups?id=acf480e1-8e9b-44eb-9ba4-a33a9c14e93f&fields=id&fields=name => generated 111 bytes in 57 msecs (HTTP/1.1 200) 4 headers in 157 bytes (1 switches on core 0)
2026-06-10 09:47:02.428 7 INFO neutron.plugins.ml2.plugin [None req-54e05224-b040-475d-968d-40c70c77769a - - - - - -] Attempt 1 to provision port 421fdfd8-f3a7-46d1-8f80-5dc989d1b131
2026-06-10 09:47:02.475 8 INFO neutron.db.ovn_revision_numbers_db [None req-3699b17d-a405-47a7-b6cf-9a14d1728fc9 8647288f530e4420aeb134efc0e81a61 f264edf67bd84d70b96b34e06fa95f15 - - default default] Successfully bumped revision number for resource 47d26b38-ccd1-4e60-bc43-fb1f5c14048d (type: ports) to 1 [pid: 7|app: 0|req: 1232/2608] 10.0.0.28 () {34 vars in 1119 bytes} [Wed Jun 10 09:47:02 2026] GET /v2.0/security-groups?id=116f483b-33e7-426d-8f02-bd8dae826982&id=560811ea-3bcf-4c4e-961c-73edc10b508e&fields=id&fields=name => generated 206 bytes in 97 msecs (HTTP/1.1 200) 4 headers in 157 bytes (1 switches on core 0)
2026-06-10 09:47:02.909 7 INFO neutron.db.ovn_revision_numbers_db [None req-54e05224-b040-475d-968d-40c70c77769a - - - - - -] Successfully bumped revision number for resource 421fdfd8-f3a7-46d1-8f80-5dc989d1b131 (type: ports) to 2
2026-06-10 09:47:03.165 8 WARNING neutron.scheduler.dhcp_agent_scheduler [None req-3699b17d-a405-47a7-b6cf-9a14d1728fc9 8647288f530e4420aeb134efc0e81a61 f264edf67bd84d70b96b34e06fa95f15 - - default default] No more DHCP agents
2026-06-10 09:47:03.167 8 WARNING neutron.api.rpc.agentnotifiers.dhcp_rpc_agent_api [None req-3699b17d-a405-47a7-b6cf-9a14d1728fc9 8647288f530e4420aeb134efc0e81a61 f264edf67bd84d70b96b34e06fa95f15 - - default default] Unable to schedule network c440cd8c-71eb-4d1c-b603-a8fbfca70d57: no agents available; will retry on subsequent port and subnet creation events.
2026-06-10 09:47:03.562 8 INFO neutron.db.ovn_revision_numbers_db [None req-3699b17d-a405-47a7-b6cf-9a14d1728fc9 8647288f530e4420aeb134efc0e81a61 f264edf67bd84d70b96b34e06fa95f15 - - default default] Successfully bumped revision number for resource 47d26b38-ccd1-4e60-bc43-fb1f5c14048d (type: router_ports) to 1 [pid: 8|app: 0|req: 1377/2611] 10.0.0.47 () {34 vars in 782 bytes} [Wed Jun 10 09:47:01 2026] PUT /v2.0/routers/837d780e-c688-4ce0-abb5-95a803d5e920/add_router_interface => generated 309 bytes in 1821 msecs (HTTP/1.1 200) 4 headers in 157 bytes (1 switches on core 0) [pid: 8|app: 0|req: 1378/2612] 10.0.0.28 () {34 vars in 989 bytes} [Wed Jun 10 09:47:03 2026] GET /v2.0/ports?device_id=7aeda0d4-75a7-41a5-8f07-69f2143e1894 => generated 1008 bytes in 52 msecs (HTTP/1.1 200) 4 headers in 158 bytes (1 switches on core 0) [pid: 8|app: 0|req: 1379/2613] 10.0.0.28 () {34 vars in 1119 bytes} [Wed Jun 10 09:47:03 2026] GET /v2.0/security-groups?id=116f483b-33e7-426d-8f02-bd8dae826982&id=560811ea-3bcf-4c4e-961c-73edc10b508e&fields=id&fields=name => generated 206 bytes in 31 msecs (HTTP/1.1 200) 4 headers in 157 bytes (1 switches on core 0)
2026-06-10 09:47:03.992 7 WARNING neutron.scheduler.dhcp_agent_scheduler [None req-ffdf6202-a669-4e43-b600-e34679cd11a8 - - - - - -] No more DHCP agents
2026-06-10 09:47:03.993 7 WARNING neutron.api.rpc.agentnotifiers.dhcp_rpc_agent_api [None req-ffdf6202-a669-4e43-b600-e34679cd11a8 - - - - - -] Unable to schedule network 00f25ed3-fbbb-4d5e-8eb9-624dc29348a0: no agents available; will retry on subsequent port and subnet creation events.
2026-06-10 09:47:04.113 7 INFO neutron.db.ovn_revision_numbers_db [None req-ffdf6202-a669-4e43-b600-e34679cd11a8 - - - - - -] Successfully bumped revision number for resource c1a488d0-968d-4197-a7ad-f905b2335a91 (type: ports) to 1
2026-06-10 09:47:04.324 7 INFO neutron.db.ovn_revision_numbers_db [None req-ffdf6202-a669-4e43-b600-e34679cd11a8 - - - - - -] Successfully bumped revision number for resource c1a488d0-968d-4197-a7ad-f905b2335a91 (type: ports) to 3
2026-06-10 09:47:04.385 7 INFO neutron.db.segments_db [None req-ffdf6202-a669-4e43-b600-e34679cd11a8 - - - - - -] Added segment f1e3741f-3653-4c88-aa5e-f930a175fa79 of type geneve for network f277c148-6d92-4125-a6e3-5e1d15ee2a19
2026-06-10 09:47:04.504 7 INFO neutron.db.ovn_revision_numbers_db [None req-e7396a85-841a-4364-8c87-d780a4b684c8 - - - - - -] Successfully bumped revision number for resource f277c148-6d92-4125-a6e3-5e1d15ee2a19 (type: networks) to 1
2026-06-10 09:47:04.661 7 WARNING neutron.scheduler.dhcp_agent_scheduler [None req-e7396a85-841a-4364-8c87-d780a4b684c8 - - - - - -] No more DHCP agents
2026-06-10 09:47:04.663 7 WARNING neutron.api.rpc.agentnotifiers.dhcp_rpc_agent_api [None req-e7396a85-841a-4364-8c87-d780a4b684c8 - - - - - -] Unable to schedule network f277c148-6d92-4125-a6e3-5e1d15ee2a19: no agents available; will retry on subsequent port and subnet creation events.
2026-06-10 09:47:04.700 8 INFO neutron.plugins.ml2.drivers.ovn.mech_driver.mech_driver [None req-68e31a82-9bf8-4d4b-9bf5-d7eb50937c13 - - - - - -] OVN reports status down for port: bee89ff0-104b-4aaa-8a66-0e4c1eb9be39
2026-06-10 09:47:04.733 7 INFO neutron.db.ovn_revision_numbers_db [None req-e7396a85-841a-4364-8c87-d780a4b684c8 - - - - - -] Successfully bumped revision number for resource bee89ff0-104b-4aaa-8a66-0e4c1eb9be39 (type: ports) to 1
2026-06-10 09:47:04.853 7 WARNING neutron.scheduler.dhcp_agent_scheduler [None req-e7396a85-841a-4364-8c87-d780a4b684c8 - - - - - -] No more DHCP agents
2026-06-10 09:47:04.854 7 WARNING neutron.api.rpc.agentnotifiers.dhcp_rpc_agent_api [None req-e7396a85-841a-4364-8c87-d780a4b684c8 - - - - - -] Unable to schedule network f277c148-6d92-4125-a6e3-5e1d15ee2a19: no agents available; will retry on subsequent port and subnet creation events.
2026-06-10 09:47:04.872 7 INFO neutron.db.ovn_revision_numbers_db [None req-e7396a85-841a-4364-8c87-d780a4b684c8 - - - - - -] Successfully bumped revision number for resource dc960708-fa8c-4d75-8d94-2ac8fe330874 (type: subnets) to 0 [pid: 8|app: 0|req: 1380/2614] 10.0.0.28 () {34 vars in 989 bytes} [Wed Jun 10 09:47:04 2026] GET /v2.0/ports?device_id=7aeda0d4-75a7-41a5-8f07-69f2143e1894 => generated 1008 bytes in 36 msecs (HTTP/1.1 200) 4 headers in 158 bytes (1 switches on core 0) [pid: 8|app: 0|req: 1381/2615] 10.0.0.28 () {34 vars in 1119 bytes} [Wed Jun 10 09:47:04 2026] GET /v2.0/security-groups?id=116f483b-33e7-426d-8f02-bd8dae826982&id=560811ea-3bcf-4c4e-961c-73edc10b508e&fields=id&fields=name => generated 206 bytes in 37 msecs (HTTP/1.1 200) 4 headers in 157 bytes (1 switches on core 0)
2026-06-10 09:47:05.221 7 WARNING neutron.scheduler.dhcp_agent_scheduler [None req-e7396a85-841a-4364-8c87-d780a4b684c8 - - - - - -] No more DHCP agents
2026-06-10 09:47:05.223 7 WARNING neutron.api.rpc.agentnotifiers.dhcp_rpc_agent_api [None req-e7396a85-841a-4364-8c87-d780a4b684c8 - - - - - -] Unable to schedule network f277c148-6d92-4125-a6e3-5e1d15ee2a19: no agents available; will retry on subsequent port and subnet creation events.
2026-06-10 09:47:05.354 7 INFO neutron.db.ovn_revision_numbers_db [None req-e7396a85-841a-4364-8c87-d780a4b684c8 - - - - - -] Successfully bumped revision number for resource 8c2f3f57-0339-47bc-b6a5-9d1d529feea9 (type: ports) to 1
2026-06-10 09:47:06.050 7 WARNING neutron.scheduler.dhcp_agent_scheduler [None req-e7396a85-841a-4364-8c87-d780a4b684c8 - - - - - -] No more DHCP agents
2026-06-10 09:47:06.051 7 WARNING neutron.api.rpc.agentnotifiers.dhcp_rpc_agent_api [None req-e7396a85-841a-4364-8c87-d780a4b684c8 - - - - - -] Unable to schedule network f277c148-6d92-4125-a6e3-5e1d15ee2a19: no agents available; will retry on subsequent port and subnet creation events. [pid: 8|app: 0|req: 1382/2616] 10.0.0.28 () {34 vars in 989 bytes} [Wed Jun 10 09:47:06 2026] GET /v2.0/ports?device_id=7aeda0d4-75a7-41a5-8f07-69f2143e1894 => generated 1008 bytes in 40 msecs (HTTP/1.1 200) 4 headers in 158 bytes (1 switches on core 0) [pid: 8|app: 0|req: 1383/2617] 10.0.0.28 () {34 vars in 1119 bytes} [Wed Jun 10 09:47:06 2026] GET /v2.0/security-groups?id=116f483b-33e7-426d-8f02-bd8dae826982&id=560811ea-3bcf-4c4e-961c-73edc10b508e&fields=id&fields=name => generated 206 bytes in 29 msecs (HTTP/1.1 200) 4 headers in 157 bytes (1 switches on core 0)
2026-06-10 09:47:06.587 7 INFO neutron.db.ovn_revision_numbers_db [None req-e7396a85-841a-4364-8c87-d780a4b684c8 - - - - - -] Successfully bumped revision number for resource 8c2f3f57-0339-47bc-b6a5-9d1d529feea9 (type: router_ports) to 1
2026-06-10 09:47:06.790 7 WARNING neutron.scheduler.dhcp_agent_scheduler [None req-e7396a85-841a-4364-8c87-d780a4b684c8 - - - - - -] No more DHCP agents
2026-06-10 09:47:06.791 7 WARNING neutron.api.rpc.agentnotifiers.dhcp_rpc_agent_api [None req-e7396a85-841a-4364-8c87-d780a4b684c8 - - - - - -] Unable to schedule network f277c148-6d92-4125-a6e3-5e1d15ee2a19: no agents available; will retry on subsequent port and subnet creation events.
2026-06-10 09:47:06.902 8 INFO neutron.plugins.ml2.drivers.ovn.mech_driver.mech_driver [None req-68e31a82-9bf8-4d4b-9bf5-d7eb50937c13 - - - - - -] OVN reports status down for port: 0cf549ac-4e5a-4828-aedc-45fa6f979373
2026-06-10 09:47:06.930 7 INFO neutron.db.ovn_revision_numbers_db [None req-e7396a85-841a-4364-8c87-d780a4b684c8 - - - - - -] Successfully bumped revision number for resource 0cf549ac-4e5a-4828-aedc-45fa6f979373 (type: ports) to 1
2026-06-10 09:47:07.145 7 INFO neutron.db.ovn_revision_numbers_db [None req-e7396a85-841a-4364-8c87-d780a4b684c8 - - - - - -] Successfully bumped revision number for resource 0cf549ac-4e5a-4828-aedc-45fa6f979373 (type: ports) to 3 [pid: 8|app: 0|req: 1384/2618] 10.0.0.28 () {34 vars in 989 bytes} [Wed Jun 10 09:47:07 2026] GET /v2.0/ports?device_id=7aeda0d4-75a7-41a5-8f07-69f2143e1894 => generated 1008 bytes in 79 msecs (HTTP/1.1 200) 4 headers in 158 bytes (1 switches on core 0) [pid: 7|app: 0|req: 1235/2619] 10.0.0.47 () {34 vars in 684 bytes} [Wed Jun 10 09:47:03 2026] POST /v2.0/vpn/vpnservices => generated 459 bytes in 3747 msecs (HTTP/1.1 201) 4 headers in 162 bytes (1 switches on core 0) [pid: 8|app: 0|req: 1385/2620] 10.0.0.28 () {34 vars in 1119 bytes} [Wed Jun 10 09:47:07 2026] GET /v2.0/security-groups?id=116f483b-33e7-426d-8f02-bd8dae826982&id=560811ea-3bcf-4c4e-961c-73edc10b508e&fields=id&fields=name => generated 206 bytes in 35 msecs (HTTP/1.1 200) 4 headers in 157 bytes (1 switches on core 0) [pid: 7|app: 0|req: 1236/2621] 10.0.0.47 () {32 vars in 662 bytes} [Wed Jun 10 09:47:07 2026] GET /v2.0/vpn/vpnservices => generated 1306 bytes in 14 msecs (HTTP/1.1 200) 4 headers in 158 bytes (1 switches on core 0) [pid: 7|app: 0|req: 1237/2622] 10.0.0.28 () {34 vars in 989 bytes} [Wed Jun 10 09:47:07 2026] GET /v2.0/ports?device_id=78284c93-df84-4609-8b0d-f12ad2890912 => generated 1190 bytes in 88 msecs (HTTP/1.1 200) 4 headers in 158 bytes (1 switches on core 0) [pid: 7|app: 0|req: 1238/2623] 10.0.0.28 () {34 vars in 1039 bytes} [Wed Jun 10 09:47:07 2026] GET /v2.0/security-groups?id=acf480e1-8e9b-44eb-9ba4-a33a9c14e93f&fields=id&fields=name => generated 111 bytes in 35 msecs (HTTP/1.1 200) 4 headers in 157 bytes (1 switches on core 0)
2026-06-10 09:47:07.660 8 INFO neutron_taas.services.taas.taas_plugin [None req-7ef5be46-4f5e-4340-b0d6-35966e53a8e1 8647288f530e4420aeb134efc0e81a61 f264edf67bd84d70b96b34e06fa95f15 - - default default] TaaS: Handle Delete Port: c1a488d0-968d-4197-a7ad-f905b2335a91
2026-06-10 09:47:07.663 8 INFO neutron_taas.services.taas.tap_mirror_plugin [None req-7ef5be46-4f5e-4340-b0d6-35966e53a8e1 8647288f530e4420aeb134efc0e81a61 f264edf67bd84d70b96b34e06fa95f15 - - default default] Tap Mirror: Handle Delete Port: c1a488d0-968d-4197-a7ad-f905b2335a91
2026-06-10 09:47:07.909 8 INFO neutron_taas.services.taas.taas_plugin [None req-5a81ad86-eb3a-4da9-8342-962e211c5b33 - - - - - -] TaaS: Handle Delete Port: 0cf549ac-4e5a-4828-aedc-45fa6f979373
2026-06-10 09:47:07.912 8 INFO neutron_taas.services.taas.tap_mirror_plugin [None req-5a81ad86-eb3a-4da9-8342-962e211c5b33 - - - - - -] Tap Mirror: Handle Delete Port: 0cf549ac-4e5a-4828-aedc-45fa6f979373
2026-06-10 09:47:08.264 8 INFO neutron_taas.services.taas.taas_plugin [None req-8cfe259d-032b-48f3-9911-213c651d1779 - - - - - -] TaaS: Handle Delete Port: 8c2f3f57-0339-47bc-b6a5-9d1d529feea9
2026-06-10 09:47:08.267 8 INFO neutron_taas.services.taas.tap_mirror_plugin [None req-8cfe259d-032b-48f3-9911-213c651d1779 - - - - - -] Tap Mirror: Handle Delete Port: 8c2f3f57-0339-47bc-b6a5-9d1d529feea9
2026-06-10 09:47:08.287 7 WARNING neutron.plugins.ml2.drivers.ovn.mech_driver.ovsdb.ovn_client [None req-9263177c-c267-4a01-ba41-f7a9120a7452 - - - - - -] No hosting information found for port 421fdfd8-f3a7-46d1-8f80-5dc989d1b131: RuntimeError: No hosting information found for port 421fdfd8-f3a7-46d1-8f80-5dc989d1b131
2026-06-10 09:47:08.377 7 INFO neutron.db.ovn_revision_numbers_db [None req-9263177c-c267-4a01-ba41-f7a9120a7452 - - - - - -] Successfully bumped revision number for resource 421fdfd8-f3a7-46d1-8f80-5dc989d1b131 (type: router_ports) to 2
2026-06-10 09:47:08.378 7 INFO neutron.plugins.ml2.drivers.ovn.mech_driver.mech_driver [None req-9263177c-c267-4a01-ba41-f7a9120a7452 - - - - - -] OVN reports status down for port: ff2a13f2-9e5d-4c00-be7b-045aa005df7e
2026-06-10 09:47:08.489 7 WARNING neutron.plugins.ml2.drivers.ovn.mech_driver.ovsdb.ovn_client [None req-9263177c-c267-4a01-ba41-f7a9120a7452 - - - - - -] Logical_Switch_Port %s host information not removed, the port state is up
2026-06-10 09:47:08.556 7 INFO neutron.notifiers.nova [-] Nova event matching ['req-fd666496-db5d-4b84-9ea6-8c980f38a423'] response: {'server_uuid': '78284c93-df84-4609-8b0d-f12ad2890912', 'name': 'network-vif-unplugged', 'status': 'completed', 'tag': 'ff2a13f2-9e5d-4c00-be7b-045aa005df7e', 'code': 200}
2026-06-10 09:47:08.600 7 INFO neutron.plugins.ml2.drivers.ovn.mech_driver.mech_driver [None req-9263177c-c267-4a01-ba41-f7a9120a7452 - - - - - -] OVN reports status down for port: c2333432-cb18-4433-9457-d2a7d97842a5 [pid: 7|app: 0|req: 1239/2624] 10.0.0.28 () {34 vars in 989 bytes} [Wed Jun 10 09:47:08 2026] GET /v2.0/ports?device_id=7aeda0d4-75a7-41a5-8f07-69f2143e1894 => generated 1008 bytes in 211 msecs (HTTP/1.1 200) 4 headers in 158 bytes (1 switches on core 0)
2026-06-10 09:47:08.618 7 INFO neutron.plugins.ml2.drivers.ovn.mech_driver.mech_driver [None req-9263177c-c267-4a01-ba41-f7a9120a7452 - - - - - -] OVN reports status up for port: b8ba7496-8b6e-4d88-8ebb-918937026e6a
2026-06-10 09:47:08.638 7 INFO neutron.plugins.ml2.plugin [None req-9263177c-c267-4a01-ba41-f7a9120a7452 - - - - - -] Attempt 1 to provision port b8ba7496-8b6e-4d88-8ebb-918937026e6a [pid: 7|app: 0|req: 1240/2625] 10.0.0.28 () {34 vars in 1119 bytes} [Wed Jun 10 09:47:08 2026] GET /v2.0/security-groups?id=116f483b-33e7-426d-8f02-bd8dae826982&id=560811ea-3bcf-4c4e-961c-73edc10b508e&fields=id&fields=name => generated 206 bytes in 71 msecs (HTTP/1.1 200) 4 headers in 157 bytes (1 switches on core 0)
2026-06-10 09:47:08.948 7 INFO neutron.db.ovn_revision_numbers_db [None req-9263177c-c267-4a01-ba41-f7a9120a7452 - - - - - -] Successfully bumped revision number for resource b8ba7496-8b6e-4d88-8ebb-918937026e6a (type: ports) to 5
2026-06-10 09:47:09.026 7 INFO neutron.plugins.ml2.drivers.ovn.mech_driver.mech_driver [None req-af3d4b98-8a71-479c-8ad5-074cb0f91533 - - - - - -] OVN reports status up for port: ff2a13f2-9e5d-4c00-be7b-045aa005df7e
2026-06-10 09:47:09.041 7 INFO neutron.plugins.ml2.plugin [None req-af3d4b98-8a71-479c-8ad5-074cb0f91533 - - - - - -] Attempt 1 to provision port ff2a13f2-9e5d-4c00-be7b-045aa005df7e
2026-06-10 09:47:09.077 8 INFO neutron_taas.services.taas.taas_plugin [None req-8cfe259d-032b-48f3-9911-213c651d1779 - - - - - -] TaaS: Handle Delete Port: bee89ff0-104b-4aaa-8a66-0e4c1eb9be39
2026-06-10 09:47:09.082 8 INFO neutron_taas.services.taas.tap_mirror_plugin [None req-8cfe259d-032b-48f3-9911-213c651d1779 - - - - - -] Tap Mirror: Handle Delete Port: bee89ff0-104b-4aaa-8a66-0e4c1eb9be39
2026-06-10 09:47:09.261 8 INFO neutron.services.segments.plugin [-] Segment f1e3741f-3653-4c88-aa5e-f930a175fa79 resource provider aggregate not found
2026-06-10 09:47:09.269 8 INFO neutron.services.segments.plugin [-] Segment f1e3741f-3653-4c88-aa5e-f930a175fa79 resource provider aggregate not found
2026-06-10 09:47:09.284 7 INFO neutron.db.ovn_revision_numbers_db [None req-af3d4b98-8a71-479c-8ad5-074cb0f91533 - - - - - -] Successfully bumped revision number for resource ff2a13f2-9e5d-4c00-be7b-045aa005df7e (type: ports) to 5
2026-06-10 09:47:09.290 8 INFO neutron.services.segments.plugin [-] Segment f1e3741f-3653-4c88-aa5e-f930a175fa79 resource provider not found; error: Placement Client Error (4xx): {"errors": [{"status": 404, "title": "Not Found", "detail": "The resource could not be found.\n\n No resource provider with uuid f1e3741f-3653-4c88-aa5e-f930a175fa79 found for delete ", "request_id": "req-bf4ccdc7-e607-4ae5-b1f1-50d64846f13e"}]}
2026-06-10 09:47:09.298 8 INFO neutron.services.segments.plugin [-] Segment f1e3741f-3653-4c88-aa5e-f930a175fa79 resource provider not found; error: Placement Client Error (4xx): {"errors": [{"status": 404, "title": "Not Found", "detail": "The resource could not be found.\n\n No resource provider with uuid f1e3741f-3653-4c88-aa5e-f930a175fa79 found for delete ", "request_id": "req-1be31cd5-305e-45a5-ba2f-c4d6418205f3"}]} [pid: 8|app: 0|req: 1386/2626] 10.0.0.47 () {32 vars in 739 bytes} [Wed Jun 10 09:47:07 2026] DELETE /v2.0/vpn/vpnservices/3fc1f515-e934-4849-8a05-e92bb06c4102 => generated 0 bytes in 1973 msecs (HTTP/1.1 204) 2 headers in 112 bytes (1 switches on core 0) /var/lib/openstack/lib/python3.12/site-packages/pycadf/identifier.py:70: UserWarning: Invalid uuid: neutron. To ensure interoperability, identifiers should be a valid uuid. warnings.warn(('Invalid uuid: %s. To ensure interoperability, ' [pid: 7|app: 0|req: 1241/2627] 10.0.0.47 () {32 vars in 662 bytes} [Wed Jun 10 09:47:09 2026] GET /v2.0/vpn/vpnservices => generated 861 bytes in 24 msecs (HTTP/1.1 200) 4 headers in 157 bytes (1 switches on core 0) /var/lib/openstack/lib/python3.12/site-packages/pycadf/identifier.py:70: UserWarning: Invalid uuid: neutron. To ensure interoperability, identifiers should be a valid uuid. warnings.warn(('Invalid uuid: %s. To ensure interoperability, '
2026-06-10 09:47:09.378 7 INFO neutron.plugins.ml2.drivers.ovn.mech_driver.mech_driver [None req-28e16bb8-fec1-413b-88df-7c6b9f803f19 - - - - - -] OVN reports status down for port: ab4cd408-94d3-4c84-8a82-b4ca39cb17fe
2026-06-10 09:47:09.471 7 WARNING neutron.plugins.ml2.drivers.ovn.mech_driver.ovsdb.ovn_client [None req-28e16bb8-fec1-413b-88df-7c6b9f803f19 - - - - - -] Logical_Switch_Port %s host information not removed, the port state is up
2026-06-10 09:47:09.471 7 INFO neutron.plugins.ml2.drivers.ovn.mech_driver.mech_driver [None req-28e16bb8-fec1-413b-88df-7c6b9f803f19 - - - - - -] OVN reports status up for port: ab4cd408-94d3-4c84-8a82-b4ca39cb17fe
2026-06-10 09:47:09.476 8 INFO neutron.api.v2.resource [None req-afbad479-bd55-46ba-8a12-2bbabb6346fd 8647288f530e4420aeb134efc0e81a61 f264edf67bd84d70b96b34e06fa95f15 - - default default] create failed (client error): The server could not comply with the request since it is either malformed or otherwise incorrect. [pid: 8|app: 0|req: 1387/2628] 10.0.0.47 () {34 vars in 706 bytes} [Wed Jun 10 09:47:09 2026] POST /v2.0/vpn/ipsec-site-connections => generated 127 bytes in 124 msecs (HTTP/1.1 400) 4 headers in 166 bytes (1 switches on core 0)
2026-06-10 09:47:09.511 7 INFO neutron.plugins.ml2.plugin [None req-28e16bb8-fec1-413b-88df-7c6b9f803f19 - - - - - -] Attempt 1 to provision port ab4cd408-94d3-4c84-8a82-b4ca39cb17fe
2026-06-10 09:47:09.601 7 INFO neutron.api.v2.resource [None req-4077efd5-c662-410c-b0bb-0c6ddbc6445e 8647288f530e4420aeb134efc0e81a61 f264edf67bd84d70b96b34e06fa95f15 - - default default] create failed (client error): The server could not comply with the request since it is either malformed or otherwise incorrect. [pid: 7|app: 0|req: 1242/2629] 10.0.0.47 () {34 vars in 706 bytes} [Wed Jun 10 09:47:09 2026] POST /v2.0/vpn/ipsec-site-connections => generated 136 bytes in 119 msecs (HTTP/1.1 400) 4 headers in 166 bytes (1 switches on core 0)
2026-06-10 09:47:09.619 8 WARNING neutron.api.v2.base [None req-4d5b403b-d491-42d1-af18-bbc0141151cf 8647288f530e4420aeb134efc0e81a61 f264edf67bd84d70b96b34e06fa95f15 - - default default] An exception happened while processing the request body. The exception message is [Invalid input for dpd. Reason: '59' is not a dictionary.].: webob.exc.HTTPBadRequest: Invalid input for dpd. Reason: '59' is not a dictionary.
2026-06-10 09:47:09.619 8 INFO neutron.api.v2.resource [None req-4d5b403b-d491-42d1-af18-bbc0141151cf 8647288f530e4420aeb134efc0e81a61 f264edf67bd84d70b96b34e06fa95f15 - - default default] create failed (client error): Invalid input for dpd. Reason: '59' is not a dictionary. [pid: 8|app: 0|req: 1388/2630] 10.0.0.47 () {34 vars in 706 bytes} [Wed Jun 10 09:47:09 2026] POST /v2.0/vpn/ipsec-site-connections => generated 129 bytes in 9 msecs (HTTP/1.1 400) 4 headers in 166 bytes (1 switches on core 0) [pid: 7|app: 0|req: 1243/2631] 10.0.0.47 () {34 vars in 692 bytes} [Wed Jun 10 09:47:09 2026] POST /v2.0/vpn/endpoint-groups => generated 293 bytes in 51 msecs (HTTP/1.1 201) 4 headers in 162 bytes (1 switches on core 0)
2026-06-10 09:47:09.729 8 INFO neutron.api.v2.resource [None req-6db61c05-a629-42ac-bdea-4e5900200481 8647288f530e4420aeb134efc0e81a61 f264edf67bd84d70b96b34e06fa95f15 - - default default] create failed (client error): The server could not comply with the request since it is either malformed or otherwise incorrect. [pid: 8|app: 0|req: 1389/2632] 10.0.0.47 () {34 vars in 706 bytes} [Wed Jun 10 09:47:09 2026] POST /v2.0/vpn/ipsec-site-connections => generated 149 bytes in 47 msecs (HTTP/1.1 400) 4 headers in 166 bytes (1 switches on core 0) [pid: 7|app: 0|req: 1244/2633] 10.0.0.47 () {32 vars in 670 bytes} [Wed Jun 10 09:47:09 2026] GET /v2.0/vpn/endpoint-groups => generated 906 bytes in 33 msecs (HTTP/1.1 200) 4 headers in 157 bytes (1 switches on core 0) [pid: 7|app: 0|req: 1245/2634] 10.0.0.47 () {32 vars in 747 bytes} [Wed Jun 10 09:47:09 2026] DELETE /v2.0/vpn/endpoint-groups/6016b360-b712-4a5e-a040-f5c3c536cf81 => generated 0 bytes in 26 msecs (HTTP/1.1 204) 2 headers in 112 bytes (1 switches on core 0) [pid: 8|app: 0|req: 1390/2635] 10.0.0.28 () {34 vars in 989 bytes} [Wed Jun 10 09:47:09 2026] GET /v2.0/ports?device_id=7aeda0d4-75a7-41a5-8f07-69f2143e1894 => generated 1010 bytes in 49 msecs (HTTP/1.1 200) 4 headers in 158 bytes (1 switches on core 0) [pid: 7|app: 0|req: 1246/2636] 10.0.0.47 () {32 vars in 670 bytes} [Wed Jun 10 09:47:09 2026] GET /v2.0/vpn/endpoint-groups => generated 631 bytes in 11 msecs (HTTP/1.1 200) 4 headers in 157 bytes (1 switches on core 0) [pid: 8|app: 0|req: 1391/2637] 10.0.0.28 () {34 vars in 1119 bytes} [Wed Jun 10 09:47:09 2026] GET /v2.0/security-groups?id=116f483b-33e7-426d-8f02-bd8dae826982&id=560811ea-3bcf-4c4e-961c-73edc10b508e&fields=id&fields=name => generated 206 bytes in 41 msecs (HTTP/1.1 200) 4 headers in 157 bytes (1 switches on core 0) [pid: 7|app: 0|req: 1247/2638] 10.0.0.47 () {34 vars in 692 bytes} [Wed Jun 10 09:47:09 2026] POST /v2.0/vpn/endpoint-groups => generated 302 bytes in 77 msecs (HTTP/1.1 201) 4 headers in 162 bytes (1 switches on core 0)
2026-06-10 09:47:09.949 8 INFO neutron.api.v2.resource [None req-220381d6-9cf1-4438-915f-02259c8509df 8647288f530e4420aeb134efc0e81a61 f264edf67bd84d70b96b34e06fa95f15 - - default default] create failed (client error): The server could not comply with the request since it is either malformed or otherwise incorrect. [pid: 8|app: 0|req: 1392/2639] 10.0.0.47 () {34 vars in 706 bytes} [Wed Jun 10 09:47:09 2026] POST /v2.0/vpn/ipsec-site-connections => generated 148 bytes in 46 msecs (HTTP/1.1 400) 4 headers in 166 bytes (1 switches on core 0) [pid: 7|app: 0|req: 1248/2640] 10.0.0.47 () {32 vars in 670 bytes} [Wed Jun 10 09:47:09 2026] GET /v2.0/vpn/endpoint-groups => generated 915 bytes in 14 msecs (HTTP/1.1 200) 4 headers in 157 bytes (1 switches on core 0) [pid: 8|app: 0|req: 1393/2641] 10.0.0.47 () {32 vars in 747 bytes} [Wed Jun 10 09:47:09 2026] DELETE /v2.0/vpn/endpoint-groups/a827f034-ef76-4ed9-921d-1b1b419ab44d => generated 0 bytes in 30 msecs (HTTP/1.1 204) 2 headers in 112 bytes (1 switches on core 0) [pid: 7|app: 0|req: 1249/2642] 10.0.0.47 () {32 vars in 670 bytes} [Wed Jun 10 09:47:10 2026] GET /v2.0/vpn/endpoint-groups => generated 631 bytes in 14 msecs (HTTP/1.1 200) 4 headers in 157 bytes (1 switches on core 0)
2026-06-10 09:47:10.036 8 WARNING neutron.api.v2.base [None req-34c984c3-e9a7-4eaf-9c71-fb226ab9b62a 8647288f530e4420aeb134efc0e81a61 f264edf67bd84d70b96b34e06fa95f15 - - default default] An exception happened while processing the request body. The exception message is [Invalid input for peer_cidrs. Reason: '1.0.0.0/33' is not a valid IP subnet.].: webob.exc.HTTPBadRequest: Invalid input for peer_cidrs. Reason: '1.0.0.0/33' is not a valid IP subnet.
2026-06-10 09:47:10.037 8 INFO neutron.api.v2.resource [None req-34c984c3-e9a7-4eaf-9c71-fb226ab9b62a 8647288f530e4420aeb134efc0e81a61 f264edf67bd84d70b96b34e06fa95f15 - - default default] create failed (client error): Invalid input for peer_cidrs. Reason: '1.0.0.0/33' is not a valid IP subnet. [pid: 8|app: 0|req: 1394/2643] 10.0.0.47 () {34 vars in 706 bytes} [Wed Jun 10 09:47:10 2026] POST /v2.0/vpn/ipsec-site-connections => generated 149 bytes in 10 msecs (HTTP/1.1 400) 4 headers in 166 bytes (1 switches on core 0)
2026-06-10 09:47:10.127 7 INFO neutron.db.segments_db [None req-aee56ec9-11aa-4174-b4a7-741f84078e12 8647288f530e4420aeb134efc0e81a61 f264edf67bd84d70b96b34e06fa95f15 - - default default] Added segment a9b9e479-581c-4e9b-8628-07d73f50d7a1 of type geneve for network e44b0c84-3d20-48be-83b5-28a909314083
2026-06-10 09:47:10.233 7 INFO neutron.db.ovn_revision_numbers_db [None req-aee56ec9-11aa-4174-b4a7-741f84078e12 8647288f530e4420aeb134efc0e81a61 f264edf67bd84d70b96b34e06fa95f15 - - default default] Successfully bumped revision number for resource e44b0c84-3d20-48be-83b5-28a909314083 (type: networks) to 1
2026-06-10 09:47:10.410 7 WARNING neutron.scheduler.dhcp_agent_scheduler [None req-aee56ec9-11aa-4174-b4a7-741f84078e12 8647288f530e4420aeb134efc0e81a61 f264edf67bd84d70b96b34e06fa95f15 - - default default] No more DHCP agents
2026-06-10 09:47:10.411 7 WARNING neutron.api.rpc.agentnotifiers.dhcp_rpc_agent_api [None req-aee56ec9-11aa-4174-b4a7-741f84078e12 8647288f530e4420aeb134efc0e81a61 f264edf67bd84d70b96b34e06fa95f15 - - default default] Unable to schedule network e44b0c84-3d20-48be-83b5-28a909314083: no agents available; will retry on subsequent port and subnet creation events.
2026-06-10 09:47:10.505 7 INFO neutron.db.ovn_revision_numbers_db [None req-aee56ec9-11aa-4174-b4a7-741f84078e12 8647288f530e4420aeb134efc0e81a61 f264edf67bd84d70b96b34e06fa95f15 - - default default] Successfully bumped revision number for resource 3e8d0583-6d07-43b5-8452-df26cae82f10 (type: ports) to 1 [pid: 7|app: 0|req: 1250/2644] 10.0.0.47 () {34 vars in 669 bytes} [Wed Jun 10 09:47:10 2026] POST /v2.0/networks => generated 651 bytes in 488 msecs (HTTP/1.1 201) 4 headers in 162 bytes (1 switches on core 0)
2026-06-10 09:47:10.602 7 INFO neutron.notifiers.nova [-] Nova event matching ['req-5ddeb61a-45b1-4f10-868f-57b48e61bf14'] response: {'server_uuid': '7aeda0d4-75a7-41a5-8f07-69f2143e1894', 'name': 'network-vif-plugged', 'status': 'completed', 'tag': 'b8ba7496-8b6e-4d88-8ebb-918937026e6a', 'code': 200}
2026-06-10 09:47:10.603 7 INFO neutron.notifiers.nova [-] Nova event matching ['req-5ddeb61a-45b1-4f10-868f-57b48e61bf14'] response: {'server_uuid': '7aeda0d4-75a7-41a5-8f07-69f2143e1894', 'name': 'network-vif-plugged', 'status': 'completed', 'tag': 'b8ba7496-8b6e-4d88-8ebb-918937026e6a', 'code': 200}
2026-06-10 09:47:10.603 7 INFO neutron.notifiers.nova [-] Nova event matching ['req-5ddeb61a-45b1-4f10-868f-57b48e61bf14'] response: {'server_uuid': '78284c93-df84-4609-8b0d-f12ad2890912', 'name': 'network-vif-plugged', 'status': 'completed', 'tag': 'ff2a13f2-9e5d-4c00-be7b-045aa005df7e', 'code': 200}
2026-06-10 09:47:10.603 7 INFO neutron.notifiers.nova [-] Nova event matching ['req-5ddeb61a-45b1-4f10-868f-57b48e61bf14'] response: {'server_uuid': '78284c93-df84-4609-8b0d-f12ad2890912', 'name': 'network-vif-plugged', 'status': 'completed', 'tag': 'ff2a13f2-9e5d-4c00-be7b-045aa005df7e', 'code': 200}
2026-06-10 09:47:10.766 8 WARNING neutron.scheduler.dhcp_agent_scheduler [None req-2d58efb2-720d-4091-96d3-fc40c6391f32 8647288f530e4420aeb134efc0e81a61 f264edf67bd84d70b96b34e06fa95f15 - - default default] No more DHCP agents
2026-06-10 09:47:10.767 8 WARNING neutron.api.rpc.agentnotifiers.dhcp_rpc_agent_api [None req-2d58efb2-720d-4091-96d3-fc40c6391f32 8647288f530e4420aeb134efc0e81a61 f264edf67bd84d70b96b34e06fa95f15 - - default default] Unable to schedule network e44b0c84-3d20-48be-83b5-28a909314083: no agents available; will retry on subsequent port and subnet creation events. [pid: 7|app: 0|req: 1251/2645] 10.0.0.28 () {34 vars in 989 bytes} [Wed Jun 10 09:47:10 2026] GET /v2.0/ports?device_id=7aeda0d4-75a7-41a5-8f07-69f2143e1894 => generated 1010 bytes in 59 msecs (HTTP/1.1 200) 4 headers in 158 bytes (1 switches on core 0) [pid: 7|app: 0|req: 1252/2646] 10.0.0.28 () {34 vars in 1119 bytes} [Wed Jun 10 09:47:10 2026] GET /v2.0/security-groups?id=116f483b-33e7-426d-8f02-bd8dae826982&id=560811ea-3bcf-4c4e-961c-73edc10b508e&fields=id&fields=name => generated 206 bytes in 54 msecs (HTTP/1.1 200) 4 headers in 157 bytes (1 switches on core 0)
2026-06-10 09:47:11.296 8 INFO neutron.db.ovn_revision_numbers_db [None req-19e6f7c8-6ff7-4618-bdcf-c780bee08718 - - - - - -] Successfully bumped revision number for resource 3e8d0583-6d07-43b5-8452-df26cae82f10 (type: ports) to 2
2026-06-10 09:47:11.329 8 INFO neutron.db.ovn_revision_numbers_db [None req-19e6f7c8-6ff7-4618-bdcf-c780bee08718 - - - - - -] Successfully bumped revision number for resource 62d46b9f-b8c7-450f-9148-03e0d2d67c4c (type: subnets) to 0 [pid: 8|app: 0|req: 1395/2647] 10.0.0.47 () {34 vars in 668 bytes} [Wed Jun 10 09:47:10 2026] POST /v2.0/subnets => generated 629 bytes in 811 msecs (HTTP/1.1 201) 4 headers in 162 bytes (1 switches on core 0)
2026-06-10 09:47:11.810 7 WARNING neutron.scheduler.dhcp_agent_scheduler [None req-2e45a58f-d14e-4477-8634-dc878e478f7b 8647288f530e4420aeb134efc0e81a61 f264edf67bd84d70b96b34e06fa95f15 - - default default] No more DHCP agents
2026-06-10 09:47:11.812 7 WARNING neutron.api.rpc.agentnotifiers.dhcp_rpc_agent_api [None req-2e45a58f-d14e-4477-8634-dc878e478f7b 8647288f530e4420aeb134efc0e81a61 f264edf67bd84d70b96b34e06fa95f15 - - default default] Unable to schedule network 00f25ed3-fbbb-4d5e-8eb9-624dc29348a0: no agents available; will retry on subsequent port and subnet creation events.
2026-06-10 09:47:11.966 7 INFO neutron.db.ovn_revision_numbers_db [None req-2e45a58f-d14e-4477-8634-dc878e478f7b 8647288f530e4420aeb134efc0e81a61 f264edf67bd84d70b96b34e06fa95f15 - - default default] Successfully bumped revision number for resource 429e1d9a-755c-4713-a43d-f98b2978b251 (type: ports) to 1 [pid: 8|app: 0|req: 1396/2648] 10.0.0.28 () {34 vars in 989 bytes} [Wed Jun 10 09:47:12 2026] GET /v2.0/ports?device_id=7aeda0d4-75a7-41a5-8f07-69f2143e1894 => generated 1010 bytes in 41 msecs (HTTP/1.1 200) 4 headers in 158 bytes (1 switches on core 0) [pid: 8|app: 0|req: 1397/2649] 10.0.0.28 () {34 vars in 1119 bytes} [Wed Jun 10 09:47:12 2026] GET /v2.0/security-groups?id=116f483b-33e7-426d-8f02-bd8dae826982&id=560811ea-3bcf-4c4e-961c-73edc10b508e&fields=id&fields=name => generated 206 bytes in 43 msecs (HTTP/1.1 200) 4 headers in 157 bytes (1 switches on core 0) [pid: 8|app: 0|req: 1398/2650] 10.0.0.28 () {34 vars in 989 bytes} [Wed Jun 10 09:47:12 2026] GET /v2.0/ports?device_id=7aeda0d4-75a7-41a5-8f07-69f2143e1894 => generated 1010 bytes in 81 msecs (HTTP/1.1 200) 4 headers in 158 bytes (1 switches on core 0)
2026-06-10 09:47:12.635 7 INFO neutron.plugins.ml2.drivers.ovn.mech_driver.ovsdb.commands [None req-11936420-5f58-4d86-a841-97efb9349dfe - - - - - -] Schedule LRP lrp-429e1d9a-755c-4713-a43d-f98b2978b251 on gateway ccb617d1-e352-4a59-a648-2bd5436adf83 with priority 1
2026-06-10 09:47:12.722 7 INFO neutron.db.ovn_revision_numbers_db [None req-2e45a58f-d14e-4477-8634-dc878e478f7b 8647288f530e4420aeb134efc0e81a61 f264edf67bd84d70b96b34e06fa95f15 - - default default] Successfully bumped revision number for resource 429e1d9a-755c-4713-a43d-f98b2978b251 (type: router_ports) to 1
2026-06-10 09:47:12.793 7 INFO neutron.db.ovn_revision_numbers_db [None req-2e45a58f-d14e-4477-8634-dc878e478f7b 8647288f530e4420aeb134efc0e81a61 f264edf67bd84d70b96b34e06fa95f15 - - default default] Successfully bumped revision number for resource 86803de8-306a-4aa8-be10-b604aa8253f5 (type: routers) to 2 [pid: 7|app: 0|req: 1253/2651] 10.0.0.47 () {34 vars in 668 bytes} [Wed Jun 10 09:47:11 2026] POST /v2.0/routers => generated 937 bytes in 1461 msecs (HTTP/1.1 201) 4 headers in 162 bytes (1 switches on core 0) [pid: 7|app: 0|req: 1254/2652] 10.0.0.28 () {34 vars in 989 bytes} [Wed Jun 10 09:47:12 2026] GET /v2.0/ports?device_id=78284c93-df84-4609-8b0d-f12ad2890912 => generated 1192 bytes in 73 msecs (HTTP/1.1 200) 4 headers in 158 bytes (1 switches on core 0)
2026-06-10 09:47:12.967 7 INFO neutron.api.v2.resource [None req-991555a5-3a74-4332-8d57-c5b536df0091 1f9b477ebb254e2a9dd7a9e7e02a076b e19fcbc6477c40a99fc65194818b0b72 - - default default] create failed (client error): The server could not comply with the request since it is either malformed or otherwise incorrect. [pid: 7|app: 0|req: 1255/2653] 10.0.0.47 () {34 vars in 684 bytes} [Wed Jun 10 09:47:12 2026] POST /v2.0/vpn/vpnservices => generated 194 bytes in 83 msecs (HTTP/1.1 400) 4 headers in 166 bytes (1 switches on core 0) [pid: 7|app: 0|req: 1256/2654] 10.0.0.28 () {34 vars in 1039 bytes} [Wed Jun 10 09:47:12 2026] GET /v2.0/security-groups?id=acf480e1-8e9b-44eb-9ba4-a33a9c14e93f&fields=id&fields=name => generated 111 bytes in 25 msecs (HTTP/1.1 200) 4 headers in 157 bytes (1 switches on core 0)
2026-06-10 09:47:13.102 7 INFO neutron_taas.services.taas.taas_plugin [None req-3c2115aa-c685-4182-b100-cd28b6bb4852 1f9b477ebb254e2a9dd7a9e7e02a076b e19fcbc6477c40a99fc65194818b0b72 - - default default] TaaS: Handle Delete Port: 3e8d0583-6d07-43b5-8452-df26cae82f10
2026-06-10 09:47:13.104 7 INFO neutron_taas.services.taas.tap_mirror_plugin [None req-3c2115aa-c685-4182-b100-cd28b6bb4852 1f9b477ebb254e2a9dd7a9e7e02a076b e19fcbc6477c40a99fc65194818b0b72 - - default default] Tap Mirror: Handle Delete Port: 3e8d0583-6d07-43b5-8452-df26cae82f10
2026-06-10 09:47:13.400 7 INFO neutron.services.segments.plugin [-] Segment a9b9e479-581c-4e9b-8628-07d73f50d7a1 resource provider aggregate not found
2026-06-10 09:47:13.405 7 INFO neutron.services.segments.plugin [-] Segment a9b9e479-581c-4e9b-8628-07d73f50d7a1 resource provider aggregate not found
2026-06-10 09:47:13.423 7 INFO neutron.services.segments.plugin [-] Segment a9b9e479-581c-4e9b-8628-07d73f50d7a1 resource provider not found; error: Placement Client Error (4xx): {"errors": [{"status": 404, "title": "Not Found", "detail": "The resource could not be found.\n\n No resource provider with uuid a9b9e479-581c-4e9b-8628-07d73f50d7a1 found for delete ", "request_id": "req-babb6875-d291-4ee9-837b-41cc68f2df2d"}]}
2026-06-10 09:47:13.423 7 INFO neutron.services.segments.plugin [-] Segment a9b9e479-581c-4e9b-8628-07d73f50d7a1 resource provider not found; error: Placement Client Error (4xx): {"errors": [{"status": 404, "title": "Not Found", "detail": "The resource could not be found.\n\n No resource provider with uuid a9b9e479-581c-4e9b-8628-07d73f50d7a1 found for delete ", "request_id": "req-0d61fd64-7cb8-4854-92be-f8c9962c0c83"}]} [pid: 7|app: 0|req: 1257/2655] 10.0.0.47 () {32 vars in 725 bytes} [Wed Jun 10 09:47:12 2026] DELETE /v2.0/networks/e44b0c84-3d20-48be-83b5-28a909314083 => generated 0 bytes in 464 msecs (HTTP/1.1 204) 3 headers in 131 bytes (1 switches on core 0) [pid: 7|app: 0|req: 1258/2656] 10.0.0.47 () {32 vars in 817 bytes} [Wed Jun 10 09:47:13 2026] GET /v2.0/ports?network_id=9f4dbcbf-86df-4dca-b719-4613a1e95d23&mac_address=fa%3A16%3A3e%3Ab4%3Aa4%3Afb => generated 1192 bytes in 71 msecs (HTTP/1.1 200) 4 headers in 158 bytes (1 switches on core 0)
2026-06-10 09:47:13.754 8 INFO neutron.db.ovn_revision_numbers_db [None req-04e276a0-e717-41f0-8850-bfc52d5bc617 a92f38fe42b04f89b2dc1f49f878eb10 988a39ea856e4b3fb5d6425d72ca347e - - default default] Successfully bumped revision number for resource a64898c9-2a96-4ecb-945a-48f437f05b2f (type: floatingips) to 1
2026-06-10 09:47:13.858 7 INFO neutron_taas.services.taas.taas_plugin [None req-61a0b1b2-62cc-4575-b459-bdf167f94cc1 1f9b477ebb254e2a9dd7a9e7e02a076b e19fcbc6477c40a99fc65194818b0b72 - - default default] TaaS: Handle Delete Port: 429e1d9a-755c-4713-a43d-f98b2978b251
2026-06-10 09:47:13.861 7 INFO neutron_taas.services.taas.tap_mirror_plugin [None req-61a0b1b2-62cc-4575-b459-bdf167f94cc1 1f9b477ebb254e2a9dd7a9e7e02a076b e19fcbc6477c40a99fc65194818b0b72 - - default default] Tap Mirror: Handle Delete Port: 429e1d9a-755c-4713-a43d-f98b2978b251
2026-06-10 09:47:13.861 8 INFO neutron.db.ovn_revision_numbers_db [None req-04e276a0-e717-41f0-8850-bfc52d5bc617 a92f38fe42b04f89b2dc1f49f878eb10 988a39ea856e4b3fb5d6425d72ca347e - - default default] Successfully bumped revision number for resource a64898c9-2a96-4ecb-945a-48f437f05b2f (type: floatingips) to 2
2026-06-10 09:47:13.861 8 INFO neutron.db.l3_db [None req-04e276a0-e717-41f0-8850-bfc52d5bc617 a92f38fe42b04f89b2dc1f49f878eb10 988a39ea856e4b3fb5d6425d72ca347e - - default default] Floating IP a64898c9-2a96-4ecb-945a-48f437f05b2f associated. External IP: 10.96.250.217, port: b8ba7496-8b6e-4d88-8ebb-918937026e6a. [pid: 8|app: 0|req: 1399/2657] 10.0.0.47 () {34 vars in 748 bytes} [Wed Jun 10 09:47:12 2026] PUT /v2.0/floatingips/a64898c9-2a96-4ecb-945a-48f437f05b2f => generated 855 bytes in 1516 msecs (HTTP/1.1 200) 4 headers in 157 bytes (1 switches on core 0)
2026-06-10 09:47:13.930 8 INFO neutron.notifiers.nova [-] Nova event matching ['req-d3899a28-8393-4987-9182-cd43a0a5cd5a'] response: {'name': 'network-changed', 'server_uuid': '7aeda0d4-75a7-41a5-8f07-69f2143e1894', 'tag': 'b8ba7496-8b6e-4d88-8ebb-918937026e6a', 'status': 'completed', 'code': 200}
2026-06-10 09:47:14.135 8 WARNING neutron.scheduler.dhcp_agent_scheduler [None req-deed9517-f05c-46b9-876a-9a90bd792b1f 862efc86bbb44566b1e885b5d8ab6823 53083a3476f44903b7954e3c6415a149 - - default default] No more DHCP agents
2026-06-10 09:47:14.136 8 WARNING neutron.api.rpc.agentnotifiers.dhcp_rpc_agent_api [None req-deed9517-f05c-46b9-876a-9a90bd792b1f 862efc86bbb44566b1e885b5d8ab6823 53083a3476f44903b7954e3c6415a149 - - default default] Unable to schedule network 00f25ed3-fbbb-4d5e-8eb9-624dc29348a0: no agents available; will retry on subsequent port and subnet creation events.
2026-06-10 09:47:14.999 7 WARNING neutron.plugins.ml2.drivers.ovn.mech_driver.ovsdb.ovn_client [None req-28e16bb8-fec1-413b-88df-7c6b9f803f19 - - - - - -] No hosting information found for port ab4cd408-94d3-4c84-8a82-b4ca39cb17fe: RuntimeError: No hosting information found for port ab4cd408-94d3-4c84-8a82-b4ca39cb17fe
2026-06-10 09:47:15.000 7 INFO neutron.plugins.ml2.drivers.ovn.mech_driver.mech_driver [None req-28e16bb8-fec1-413b-88df-7c6b9f803f19 - - - - - -] OVN reports status down for port: 47d26b38-ccd1-4e60-bc43-fb1f5c14048d
2026-06-10 09:47:15.043 8 INFO neutron.db.ovn_revision_numbers_db [None req-deed9517-f05c-46b9-876a-9a90bd792b1f 862efc86bbb44566b1e885b5d8ab6823 53083a3476f44903b7954e3c6415a149 - - default default] Successfully bumped revision number for resource b9457612-6616-4ba7-9cf3-0cd8aae88537 (type: floatingips) to 1
2026-06-10 09:47:15.043 8 INFO neutron.db.l3_db [None req-deed9517-f05c-46b9-876a-9a90bd792b1f 862efc86bbb44566b1e885b5d8ab6823 53083a3476f44903b7954e3c6415a149 - - default default] Floating IP b9457612-6616-4ba7-9cf3-0cd8aae88537 associated. External IP: 10.96.250.214, port: ff2a13f2-9e5d-4c00-be7b-045aa005df7e. [pid: 8|app: 0|req: 1400/2658] 10.0.0.47 () {34 vars in 676 bytes} [Wed Jun 10 09:47:13 2026] POST /v2.0/floatingips => generated 854 bytes in 1207 msecs (HTTP/1.1 201) 4 headers in 162 bytes (1 switches on core 0) [pid: 7|app: 0|req: 1259/2659] 10.0.0.47 () {32 vars in 723 bytes} [Wed Jun 10 09:47:13 2026] DELETE /v2.0/routers/86803de8-306a-4aa8-be10-b604aa8253f5 => generated 0 bytes in 1571 msecs (HTTP/1.1 204) 2 headers in 112 bytes (1 switches on core 0)
