2026-06-10 09:40:30.397 8 INFO placement.requestlog [req-b901ea8d-f5bf-490a-9991-e6953e1120eb req-9aa5e6c7-78c1-4a9d-8054-5ca09430cd40 512e33f96f2f4fd493537c92c765f52c b39c40e8eaf04b4ebdc3dc469a265467 - - b23f8f9f13c248798f9b22a09594e429 b23f8f9f13c248798f9b22a09594e429] 199.19.213.9 "GET /resource_providers/f31b55bb-0bae-4885-8ed8-a5bc783f54de/allocations" status: 200 len: 54 microversion: 1.0 [pid: 8|app: 0|req: 291/582] 199.19.213.9 () {32 vars in 855 bytes} [Wed Jun 10 09:40:30 2026] GET /resource_providers/f31b55bb-0bae-4885-8ed8-a5bc783f54de/allocations => generated 54 bytes in 126 msecs (HTTP/1.1 200) 6 headers in 223 bytes (1 switches on core 0)
2026-06-10 09:40:30.423 7 INFO placement.requestlog [req-b901ea8d-f5bf-490a-9991-e6953e1120eb req-e5ffb0dc-1f1f-4061-896e-16aafabaff6d 512e33f96f2f4fd493537c92c765f52c b39c40e8eaf04b4ebdc3dc469a265467 - - b23f8f9f13c248798f9b22a09594e429 b23f8f9f13c248798f9b22a09594e429] 199.19.213.9 "GET /resource_providers?in_tree=f31b55bb-0bae-4885-8ed8-a5bc783f54de" status: 200 len: 797 microversion: 1.14 [pid: 7|app: 0|req: 292/583] 199.19.213.9 () {34 vars in 890 bytes} [Wed Jun 10 09:40:30 2026] GET /resource_providers?in_tree=f31b55bb-0bae-4885-8ed8-a5bc783f54de => generated 797 bytes in 20 msecs (HTTP/1.1 200) 6 headers in 225 bytes (1 switches on core 0)
2026-06-10 09:40:30.442 8 INFO placement.requestlog [req-b901ea8d-f5bf-490a-9991-e6953e1120eb req-a56fd9b5-d519-477d-96b2-b44ef5ddcb1b 512e33f96f2f4fd493537c92c765f52c b39c40e8eaf04b4ebdc3dc469a265467 - - b23f8f9f13c248798f9b22a09594e429 b23f8f9f13c248798f9b22a09594e429] 199.19.213.9 "GET /resource_providers/f31b55bb-0bae-4885-8ed8-a5bc783f54de/inventories" status: 200 len: 400 microversion: 1.0 [pid: 8|app: 0|req: 292/584] 199.19.213.9 () {32 vars in 855 bytes} [Wed Jun 10 09:40:30 2026] GET /resource_providers/f31b55bb-0bae-4885-8ed8-a5bc783f54de/inventories => generated 400 bytes in 14 msecs (HTTP/1.1 200) 6 headers in 224 bytes (1 switches on core 0)
2026-06-10 09:40:30.459 7 INFO placement.requestlog [req-b901ea8d-f5bf-490a-9991-e6953e1120eb req-e81252fc-44bd-4a11-b870-72f7f2cb5e83 512e33f96f2f4fd493537c92c765f52c b39c40e8eaf04b4ebdc3dc469a265467 - - b23f8f9f13c248798f9b22a09594e429 b23f8f9f13c248798f9b22a09594e429] 199.19.213.9 "GET /resource_providers/f31b55bb-0bae-4885-8ed8-a5bc783f54de/aggregates" status: 200 len: 53 microversion: 1.19 [pid: 7|app: 0|req: 293/585] 199.19.213.9 () {34 vars in 897 bytes} [Wed Jun 10 09:40:30 2026] GET /resource_providers/f31b55bb-0bae-4885-8ed8-a5bc783f54de/aggregates => generated 53 bytes in 10 msecs (HTTP/1.1 200) 8 headers in 295 bytes (1 switches on core 0)
2026-06-10 09:40:30.488 8 INFO placement.requestlog [req-b901ea8d-f5bf-490a-9991-e6953e1120eb req-25b3f6db-100d-4d98-8156-96936b97b545 512e33f96f2f4fd493537c92c765f52c b39c40e8eaf04b4ebdc3dc469a265467 - - b23f8f9f13c248798f9b22a09594e429 b23f8f9f13c248798f9b22a09594e429] 199.19.213.9 "GET /resource_providers/f31b55bb-0bae-4885-8ed8-a5bc783f54de/traits" status: 200 len: 2316 microversion: 1.6 [pid: 8|app: 0|req: 293/586] 199.19.213.9 () {34 vars in 888 bytes} [Wed Jun 10 09:40:30 2026] GET /resource_providers/f31b55bb-0bae-4885-8ed8-a5bc783f54de/traits => generated 2316 bytes in 23 msecs (HTTP/1.1 200) 6 headers in 225 bytes (1 switches on core 0)
2026-06-10 09:40:30.508 7 INFO placement.requestlog [req-b901ea8d-f5bf-490a-9991-e6953e1120eb req-2ce59fda-530c-47bf-8b16-3d48688c417b 512e33f96f2f4fd493537c92c765f52c b39c40e8eaf04b4ebdc3dc469a265467 - - b23f8f9f13c248798f9b22a09594e429 b23f8f9f13c248798f9b22a09594e429] 199.19.213.9 "GET /resource_providers/f31b55bb-0bae-4885-8ed8-a5bc783f54de/allocations" status: 200 len: 54 microversion: 1.0 [pid: 7|app: 0|req: 294/587] 199.19.213.9 () {32 vars in 855 bytes} [Wed Jun 10 09:40:30 2026] GET /resource_providers/f31b55bb-0bae-4885-8ed8-a5bc783f54de/allocations => generated 54 bytes in 15 msecs (HTTP/1.1 200) 6 headers in 223 bytes (1 switches on core 0)
2026-06-10 09:40:33.802 8 INFO placement.requestlog [None req-2311339d-0ad4-47d4-9c5e-afe24715bf00 - - - - - -] 10.0.0.174 "GET /" status: 200 len: 136 microversion: 1.0
2026-06-10 09:40:33.802 7 INFO placement.requestlog [None req-4f3b371a-a402-4efa-8246-6af0b136e52a - - - - - -] 10.0.0.174 "GET /" status: 200 len: 136 microversion: 1.0
2026-06-10 09:40:43.801 7 INFO placement.requestlog [None req-618a6951-6bfd-4ffd-8fe1-60459710a4ca - - - - - -] 10.0.0.174 "GET /" status: 200 len: 136 microversion: 1.0
2026-06-10 09:40:43.801 8 INFO placement.requestlog [None req-0809adda-8212-4dbe-b7c6-78753e2f2782 - - - - - -] 10.0.0.174 "GET /" status: 200 len: 136 microversion: 1.0
2026-06-10 09:40:53.802 7 INFO placement.requestlog [None req-dc668f9e-839b-43e1-997a-6caeb73275e3 - - - - - -] 10.0.0.174 "GET /" status: 200 len: 136 microversion: 1.0
2026-06-10 09:40:53.802 8 INFO placement.requestlog [None req-f636e3a5-b7b3-4b2d-a174-be557fd4401d - - - - - -] 10.0.0.174 "GET /" status: 200 len: 136 microversion: 1.0
2026-06-10 09:41:03.802 7 INFO placement.requestlog [None req-cb67b2a4-9909-4479-8815-a98dbc5f7406 - - - - - -] 10.0.0.174 "GET /" status: 200 len: 136 microversion: 1.0
2026-06-10 09:41:03.802 8 INFO placement.requestlog [None req-54531e89-a5dd-49a0-b342-22dafcdfb33c - - - - - -] 10.0.0.174 "GET /" status: 200 len: 136 microversion: 1.0
2026-06-10 09:41:13.802 7 INFO placement.requestlog [None req-9fd11221-92a0-4588-a975-76386b181f4a - - - - - -] 10.0.0.174 "GET /" status: 200 len: 136 microversion: 1.0
2026-06-10 09:41:13.802 8 INFO placement.requestlog [None req-78aa9847-e42b-4053-ab42-886dc2b261ae - - - - - -] 10.0.0.174 "GET /" status: 200 len: 136 microversion: 1.0
2026-06-10 09:41:23.801 7 INFO placement.requestlog [None req-54ffbebb-a632-479d-bdbd-14f9334e8f0b - - - - - -] 10.0.0.174 "GET /" status: 200 len: 136 microversion: 1.0
2026-06-10 09:41:23.802 8 INFO placement.requestlog [None req-15fd7c51-f61f-461f-a6a7-4bcac94e90c2 - - - - - -] 10.0.0.174 "GET /" status: 200 len: 136 microversion: 1.0
2026-06-10 09:41:31.399 7 INFO placement.requestlog [req-adbfa1fa-225e-47b1-b93b-cefab163cdea req-254fd515-d42b-4c2f-a954-cfc8f7eef4c8 512e33f96f2f4fd493537c92c765f52c b39c40e8eaf04b4ebdc3dc469a265467 - - b23f8f9f13c248798f9b22a09594e429 b23f8f9f13c248798f9b22a09594e429] 199.19.213.9 "GET /resource_providers/f31b55bb-0bae-4885-8ed8-a5bc783f54de/allocations" status: 200 len: 54 microversion: 1.0 [pid: 7|app: 0|req: 301/600] 199.19.213.9 () {32 vars in 855 bytes} [Wed Jun 10 09:41:31 2026] GET /resource_providers/f31b55bb-0bae-4885-8ed8-a5bc783f54de/allocations => generated 54 bytes in 18 msecs (HTTP/1.1 200) 6 headers in 223 bytes (1 switches on core 0)
2026-06-10 09:41:31.420 8 INFO placement.requestlog [req-adbfa1fa-225e-47b1-b93b-cefab163cdea req-c43eeb8e-4033-403a-a226-72d82d5db05c 512e33f96f2f4fd493537c92c765f52c b39c40e8eaf04b4ebdc3dc469a265467 - - b23f8f9f13c248798f9b22a09594e429 b23f8f9f13c248798f9b22a09594e429] 199.19.213.9 "GET /resource_providers/f31b55bb-0bae-4885-8ed8-a5bc783f54de/allocations" status: 200 len: 54 microversion: 1.0 [pid: 8|app: 0|req: 300/601] 199.19.213.9 () {32 vars in 855 bytes} [Wed Jun 10 09:41:31 2026] GET /resource_providers/f31b55bb-0bae-4885-8ed8-a5bc783f54de/allocations => generated 54 bytes in 15 msecs (HTTP/1.1 200) 6 headers in 223 bytes (1 switches on core 0)
2026-06-10 09:41:33.802 8 INFO placement.requestlog [None req-cd1c2ccb-1b66-48c3-b8ea-3e721c384f30 - - - - - -] 10.0.0.174 "GET /" status: 200 len: 136 microversion: 1.0
2026-06-10 09:41:33.802 7 INFO placement.requestlog [None req-3704c758-baee-40ed-96aa-82302a3d3983 - - - - - -] 10.0.0.174 "GET /" status: 200 len: 136 microversion: 1.0
2026-06-10 09:41:43.801 8 INFO placement.requestlog [None req-a62c3784-1292-4f59-b8ea-3676bf20ae62 - - - - - -] 10.0.0.174 "GET /" status: 200 len: 136 microversion: 1.0
2026-06-10 09:41:43.801 7 INFO placement.requestlog [None req-5e819661-5e27-4ded-856b-83cd95c64d04 - - - - - -] 10.0.0.174 "GET /" status: 200 len: 136 microversion: 1.0
2026-06-10 09:41:53.802 7 INFO placement.requestlog [None req-5b21ac11-eb5c-4432-90a6-05cfb27553db - - - - - -] 10.0.0.174 "GET /" status: 200 len: 136 microversion: 1.0
2026-06-10 09:41:53.802 8 INFO placement.requestlog [None req-b5614c80-cfcd-4736-9ced-54a9a9136990 - - - - - -] 10.0.0.174 "GET /" status: 200 len: 136 microversion: 1.0
2026-06-10 09:42:03.802 7 INFO placement.requestlog [None req-c7837624-8d85-4c2a-a4df-0260e068d393 - - - - - -] 10.0.0.174 "GET /" status: 200 len: 136 microversion: 1.0
2026-06-10 09:42:03.802 8 INFO placement.requestlog [None req-e9ca0b6b-a3ed-438d-a7a7-6e16def70687 - - - - - -] 10.0.0.174 "GET /" status: 200 len: 136 microversion: 1.0
2026-06-10 09:42:13.801 7 INFO placement.requestlog [None req-0ea67ce6-81e0-4d86-a12f-f23052eb491d - - - - - -] 10.0.0.174 "GET /" status: 200 len: 136 microversion: 1.0
2026-06-10 09:42:13.802 8 INFO placement.requestlog [None req-93325953-0dea-4caf-ba89-7023e41af2ed - - - - - -] 10.0.0.174 "GET /" status: 200 len: 136 microversion: 1.0
2026-06-10 09:42:23.802 7 INFO placement.requestlog [None req-7e4afb06-10b2-4284-8ffb-ce22f0367336 - - - - - -] 10.0.0.174 "GET /" status: 200 len: 136 microversion: 1.0
2026-06-10 09:42:23.802 8 INFO placement.requestlog [None req-b94afd8d-999c-4858-978e-74af866b1a5a - - - - - -] 10.0.0.174 "GET /" status: 200 len: 136 microversion: 1.0
2026-06-10 09:42:27.105 7 INFO placement.requestlog [req-1fb91062-aafb-4b0f-a36b-95e840c1a0f5 req-dab0bf5a-741c-4fc5-8a83-fbc3887043ba 512e33f96f2f4fd493537c92c765f52c b39c40e8eaf04b4ebdc3dc469a265467 - - b23f8f9f13c248798f9b22a09594e429 b23f8f9f13c248798f9b22a09594e429] 10.0.0.127 "GET /allocation_candidates?limit=1000&resources=DISK_GB%3A1%2CMEMORY_MB%3A512%2CVCPU%3A1&root_required=%21COMPUTE_STATUS_DISABLED" status: 200 len: 2781 microversion: 1.36 [pid: 7|app: 0|req: 308/614] 10.0.0.127 () {34 vars in 1012 bytes} [Wed Jun 10 09:42:26 2026] GET /allocation_candidates?limit=1000&resources=DISK_GB%3A1%2CMEMORY_MB%3A512%2CVCPU%3A1&root_required=%21COMPUTE_STATUS_DISABLED => generated 2781 bytes in 179 msecs (HTTP/1.1 200) 8 headers in 297 bytes (1 switches on core 0)
2026-06-10 09:42:27.151 8 INFO placement.requestlog [req-1fb91062-aafb-4b0f-a36b-95e840c1a0f5 req-481eaccd-ad29-4b1d-8ccd-ad71e23db1ac 512e33f96f2f4fd493537c92c765f52c b39c40e8eaf04b4ebdc3dc469a265467 - - b23f8f9f13c248798f9b22a09594e429 b23f8f9f13c248798f9b22a09594e429] 10.0.0.127 "GET /allocations/01011270-3f76-42fe-b36a-5c014d4ea127" status: 200 len: 19 microversion: 1.28 [pid: 8|app: 0|req: 307/615] 10.0.0.127 () {34 vars in 861 bytes} [Wed Jun 10 09:42:27 2026] GET /allocations/01011270-3f76-42fe-b36a-5c014d4ea127 => generated 19 bytes in 14 msecs (HTTP/1.1 200) 8 headers in 295 bytes (1 switches on core 0)
2026-06-10 09:42:27.238 7 INFO placement.requestlog [req-1fb91062-aafb-4b0f-a36b-95e840c1a0f5 req-e48fa452-277f-4492-a9c6-da5ecad57aa7 512e33f96f2f4fd493537c92c765f52c b39c40e8eaf04b4ebdc3dc469a265467 - - b23f8f9f13c248798f9b22a09594e429 b23f8f9f13c248798f9b22a09594e429] 10.0.0.127 "PUT /allocations/01011270-3f76-42fe-b36a-5c014d4ea127" status: 204 len: 0 microversion: 1.36 [pid: 7|app: 0|req: 309/616] 10.0.0.127 () {38 vars in 914 bytes} [Wed Jun 10 09:42:27 2026] PUT /allocations/01011270-3f76-42fe-b36a-5c014d4ea127 => generated 0 bytes in 79 msecs (HTTP/1.1 204) 5 headers in 199 bytes (1 switches on core 0)
2026-06-10 09:42:28.765 8 INFO placement.requestlog [req-1fb91062-aafb-4b0f-a36b-95e840c1a0f5 req-8eb40b60-ebf3-4851-851c-77689ea7986d 512e33f96f2f4fd493537c92c765f52c b39c40e8eaf04b4ebdc3dc469a265467 - - b23f8f9f13c248798f9b22a09594e429 b23f8f9f13c248798f9b22a09594e429] 199.19.213.9 "GET /allocations/01011270-3f76-42fe-b36a-5c014d4ea127" status: 200 len: 257 microversion: 1.28 [pid: 8|app: 0|req: 308/617] 199.19.213.9 () {34 vars in 861 bytes} [Wed Jun 10 09:42:28 2026] GET /allocations/01011270-3f76-42fe-b36a-5c014d4ea127 => generated 257 bytes in 15 msecs (HTTP/1.1 200) 8 headers in 296 bytes (1 switches on core 0)
2026-06-10 09:42:29.808 7 INFO placement.requestlog [req-1fb91062-aafb-4b0f-a36b-95e840c1a0f5 req-96dfe7bf-6e76-43cb-a0a1-09f313153f44 512e33f96f2f4fd493537c92c765f52c b39c40e8eaf04b4ebdc3dc469a265467 - - b23f8f9f13c248798f9b22a09594e429 b23f8f9f13c248798f9b22a09594e429] 199.19.213.9 "GET /resource_providers/f31b55bb-0bae-4885-8ed8-a5bc783f54de/allocations" status: 200 len: 152 microversion: 1.0 [pid: 7|app: 0|req: 310/618] 199.19.213.9 () {32 vars in 855 bytes} [Wed Jun 10 09:42:29 2026] GET /resource_providers/f31b55bb-0bae-4885-8ed8-a5bc783f54de/allocations => generated 152 bytes in 17 msecs (HTTP/1.1 200) 6 headers in 224 bytes (1 switches on core 0)
2026-06-10 09:42:29.825 8 INFO placement.requestlog [req-1fb91062-aafb-4b0f-a36b-95e840c1a0f5 req-4b9609d0-2d47-4353-984b-51bdabb6715e 512e33f96f2f4fd493537c92c765f52c b39c40e8eaf04b4ebdc3dc469a265467 - - b23f8f9f13c248798f9b22a09594e429 b23f8f9f13c248798f9b22a09594e429] 199.19.213.9 "GET /allocations/01011270-3f76-42fe-b36a-5c014d4ea127" status: 200 len: 257 microversion: 1.28 [pid: 8|app: 0|req: 309/619] 199.19.213.9 () {34 vars in 861 bytes} [Wed Jun 10 09:42:29 2026] GET /allocations/01011270-3f76-42fe-b36a-5c014d4ea127 => generated 257 bytes in 11 msecs (HTTP/1.1 200) 8 headers in 296 bytes (1 switches on core 0)
2026-06-10 09:42:31.694 8 INFO placement.requestlog [None req-91a42356-9899-4a0a-bf5b-d28a3786c8ab ebb805c82bfb4eee97783df6c7f287dc b39c40e8eaf04b4ebdc3dc469a265467 - - b23f8f9f13c248798f9b22a09594e429 b23f8f9f13c248798f9b22a09594e429] 10.0.0.246 "GET /resource_providers/e0a23eab-13ed-42e6-ad78-e5ca46379219/aggregates" status: 404 len: 235 microversion: 1.1 [pid: 8|app: 0|req: 310/620] 10.0.0.246 () {32 vars in 816 bytes} [Wed Jun 10 09:42:31 2026] GET /resource_providers/e0a23eab-13ed-42e6-ad78-e5ca46379219/aggregates => generated 235 bytes in 149 msecs (HTTP/1.1 404) 5 headers in 202 bytes (1 switches on core 0)
2026-06-10 09:42:31.712 7 INFO placement.requestlog [None req-89081a00-d9a5-46c2-b900-fef1ef631651 ebb805c82bfb4eee97783df6c7f287dc b39c40e8eaf04b4ebdc3dc469a265467 - - b23f8f9f13c248798f9b22a09594e429 b23f8f9f13c248798f9b22a09594e429] 10.0.0.246 "GET /resource_providers/e0a23eab-13ed-42e6-ad78-e5ca46379219/aggregates" status: 404 len: 235 microversion: 1.1 [pid: 7|app: 0|req: 311/621] 10.0.0.246 () {32 vars in 816 bytes} [Wed Jun 10 09:42:31 2026] GET /resource_providers/e0a23eab-13ed-42e6-ad78-e5ca46379219/aggregates => generated 235 bytes in 178 msecs (HTTP/1.1 404) 5 headers in 202 bytes (1 switches on core 0)
2026-06-10 09:42:31.717 8 INFO placement.requestlog [None req-b8a75a6e-51a2-404c-ab5a-22bbc7ff04cd ebb805c82bfb4eee97783df6c7f287dc b39c40e8eaf04b4ebdc3dc469a265467 - - b23f8f9f13c248798f9b22a09594e429 b23f8f9f13c248798f9b22a09594e429] 10.0.0.246 "DELETE /resource_providers/e0a23eab-13ed-42e6-ad78-e5ca46379219" status: 404 len: 246 microversion: 1.1 [pid: 8|app: 0|req: 311/622] 10.0.0.246 () {34 vars in 816 bytes} [Wed Jun 10 09:42:31 2026] DELETE /resource_providers/e0a23eab-13ed-42e6-ad78-e5ca46379219 => generated 246 bytes in 9 msecs (HTTP/1.1 404) 6 headers in 231 bytes (1 switches on core 0)
2026-06-10 09:42:31.734 7 INFO placement.requestlog [None req-8e1b51e9-5b75-450f-80c3-9b98f78cc781 ebb805c82bfb4eee97783df6c7f287dc b39c40e8eaf04b4ebdc3dc469a265467 - - b23f8f9f13c248798f9b22a09594e429 b23f8f9f13c248798f9b22a09594e429] 10.0.0.246 "DELETE /resource_providers/e0a23eab-13ed-42e6-ad78-e5ca46379219" status: 404 len: 246 microversion: 1.1 [pid: 7|app: 0|req: 312/623] 10.0.0.246 () {34 vars in 816 bytes} [Wed Jun 10 09:42:31 2026] DELETE /resource_providers/e0a23eab-13ed-42e6-ad78-e5ca46379219 => generated 246 bytes in 10 msecs (HTTP/1.1 404) 6 headers in 231 bytes (1 switches on core 0)
2026-06-10 09:42:32.955 8 INFO placement.requestlog [req-95584e2d-8f10-4c96-9b8e-ab65cffb89f0 req-fb97bfa8-fca2-4ffb-8542-eaacd35cc530 512e33f96f2f4fd493537c92c765f52c b39c40e8eaf04b4ebdc3dc469a265467 - - b23f8f9f13c248798f9b22a09594e429 b23f8f9f13c248798f9b22a09594e429] 199.19.213.9 "GET /resource_providers/f31b55bb-0bae-4885-8ed8-a5bc783f54de/allocations" status: 200 len: 152 microversion: 1.0 [pid: 8|app: 0|req: 312/624] 199.19.213.9 () {32 vars in 855 bytes} [Wed Jun 10 09:42:32 2026] GET /resource_providers/f31b55bb-0bae-4885-8ed8-a5bc783f54de/allocations => generated 152 bytes in 23 msecs (HTTP/1.1 200) 6 headers in 224 bytes (1 switches on core 0)
2026-06-10 09:42:32.985 7 INFO placement.requestlog [req-95584e2d-8f10-4c96-9b8e-ab65cffb89f0 req-176d6454-8c73-4fc1-bbff-ac729d1f097b 512e33f96f2f4fd493537c92c765f52c b39c40e8eaf04b4ebdc3dc469a265467 - - b23f8f9f13c248798f9b22a09594e429 b23f8f9f13c248798f9b22a09594e429] 199.19.213.9 "GET /resource_providers/f31b55bb-0bae-4885-8ed8-a5bc783f54de/allocations" status: 200 len: 152 microversion: 1.0 [pid: 7|app: 0|req: 313/625] 199.19.213.9 () {32 vars in 855 bytes} [Wed Jun 10 09:42:32 2026] GET /resource_providers/f31b55bb-0bae-4885-8ed8-a5bc783f54de/allocations => generated 152 bytes in 25 msecs (HTTP/1.1 200) 6 headers in 224 bytes (1 switches on core 0)
2026-06-10 09:42:33.005 8 INFO placement.requestlog [req-95584e2d-8f10-4c96-9b8e-ab65cffb89f0 req-4b835c81-e4f1-4c04-8c00-0a36de5accf7 512e33f96f2f4fd493537c92c765f52c b39c40e8eaf04b4ebdc3dc469a265467 - - b23f8f9f13c248798f9b22a09594e429 b23f8f9f13c248798f9b22a09594e429] 199.19.213.9 "GET /allocations/01011270-3f76-42fe-b36a-5c014d4ea127" status: 200 len: 257 microversion: 1.28 [pid: 8|app: 0|req: 313/626] 199.19.213.9 () {34 vars in 861 bytes} [Wed Jun 10 09:42:32 2026] GET /allocations/01011270-3f76-42fe-b36a-5c014d4ea127 => generated 257 bytes in 14 msecs (HTTP/1.1 200) 8 headers in 296 bytes (1 switches on core 0)
2026-06-10 09:42:33.521 8 INFO placement.requestlog [None req-0e039013-c492-4919-b922-f6d834926af1 ebb805c82bfb4eee97783df6c7f287dc b39c40e8eaf04b4ebdc3dc469a265467 - - b23f8f9f13c248798f9b22a09594e429 b23f8f9f13c248798f9b22a09594e429] 10.0.0.246 "GET /resource_providers/fe117408-2487-4af8-a2ad-af946b83ae11/aggregates" status: 404 len: 235 microversion: 1.1 [pid: 8|app: 0|req: 314/627] 10.0.0.246 () {32 vars in 816 bytes} [Wed Jun 10 09:42:33 2026] GET /resource_providers/fe117408-2487-4af8-a2ad-af946b83ae11/aggregates => generated 235 bytes in 185 msecs (HTTP/1.1 404) 5 headers in 202 bytes (1 switches on core 0)
2026-06-10 09:42:33.548 7 INFO placement.requestlog [None req-6a63fb3a-1ca0-4079-b2b2-e556db3ed364 ebb805c82bfb4eee97783df6c7f287dc b39c40e8eaf04b4ebdc3dc469a265467 - - b23f8f9f13c248798f9b22a09594e429 b23f8f9f13c248798f9b22a09594e429] 10.0.0.246 "GET /resource_providers/fe117408-2487-4af8-a2ad-af946b83ae11/aggregates" status: 404 len: 235 microversion: 1.1 [pid: 7|app: 0|req: 314/628] 10.0.0.246 () {32 vars in 816 bytes} [Wed Jun 10 09:42:33 2026] GET /resource_providers/fe117408-2487-4af8-a2ad-af946b83ae11/aggregates => generated 235 bytes in 239 msecs (HTTP/1.1 404) 5 headers in 202 bytes (1 switches on core 0)
2026-06-10 09:42:33.549 8 INFO placement.requestlog [None req-f1668d15-3919-43df-b9d8-98a677e00736 ebb805c82bfb4eee97783df6c7f287dc b39c40e8eaf04b4ebdc3dc469a265467 - - b23f8f9f13c248798f9b22a09594e429 b23f8f9f13c248798f9b22a09594e429] 10.0.0.246 "DELETE /resource_providers/fe117408-2487-4af8-a2ad-af946b83ae11" status: 404 len: 246 microversion: 1.1 [pid: 8|app: 0|req: 315/629] 10.0.0.246 () {34 vars in 816 bytes} [Wed Jun 10 09:42:33 2026] DELETE /resource_providers/fe117408-2487-4af8-a2ad-af946b83ae11 => generated 246 bytes in 20 msecs (HTTP/1.1 404) 6 headers in 231 bytes (1 switches on core 0)
2026-06-10 09:42:33.573 7 INFO placement.requestlog [None req-8f5ca7a8-19c4-4b90-9fd6-f59fab95aa55 ebb805c82bfb4eee97783df6c7f287dc b39c40e8eaf04b4ebdc3dc469a265467 - - b23f8f9f13c248798f9b22a09594e429 b23f8f9f13c248798f9b22a09594e429] 10.0.0.246 "DELETE /resource_providers/fe117408-2487-4af8-a2ad-af946b83ae11" status: 404 len: 246 microversion: 1.1 [pid: 7|app: 0|req: 315/630] 10.0.0.246 () {34 vars in 816 bytes} [Wed Jun 10 09:42:33 2026] DELETE /resource_providers/fe117408-2487-4af8-a2ad-af946b83ae11 => generated 246 bytes in 14 msecs (HTTP/1.1 404) 6 headers in 231 bytes (1 switches on core 0)
2026-06-10 09:42:33.802 7 INFO placement.requestlog [None req-2d241161-d67c-4c9d-9adc-5942a559a917 - - - - - -] 10.0.0.174 "GET /" status: 200 len: 136 microversion: 1.0
2026-06-10 09:42:33.802 8 INFO placement.requestlog [None req-0008e155-4011-4b6b-b229-25caf580dfaa - - - - - -] 10.0.0.174 "GET /" status: 200 len: 136 microversion: 1.0
2026-06-10 09:42:43.802 7 INFO placement.requestlog [None req-099f071c-f06a-4bfd-949a-6c5f1f7ec195 - - - - - -] 10.0.0.174 "GET /" status: 200 len: 136 microversion: 1.0
2026-06-10 09:42:43.802 8 INFO placement.requestlog [None req-c144ceef-9205-4c42-a85b-b27da52a5dd9 - - - - - -] 10.0.0.174 "GET /" status: 200 len: 136 microversion: 1.0
2026-06-10 09:42:45.182 7 INFO placement.requestlog [req-eff96156-b4a5-427d-bb9a-40a71afd8882 req-47b447ab-3db5-405c-8c6d-80e95a8023d5 512e33f96f2f4fd493537c92c765f52c b39c40e8eaf04b4ebdc3dc469a265467 - - b23f8f9f13c248798f9b22a09594e429 b23f8f9f13c248798f9b22a09594e429] 10.0.0.127 "GET /allocation_candidates?limit=1000&resources=DISK_GB%3A1%2CMEMORY_MB%3A512%2CVCPU%3A1&root_required=%21COMPUTE_STATUS_DISABLED" status: 200 len: 2783 microversion: 1.36 [pid: 7|app: 0|req: 318/635] 10.0.0.127 () {34 vars in 1012 bytes} [Wed Jun 10 09:42:45 2026] GET /allocation_candidates?limit=1000&resources=DISK_GB%3A1%2CMEMORY_MB%3A512%2CVCPU%3A1&root_required=%21COMPUTE_STATUS_DISABLED => generated 2783 bytes in 38 msecs (HTTP/1.1 200) 8 headers in 297 bytes (1 switches on core 0)
2026-06-10 09:42:45.227 8 INFO placement.requestlog [req-eff96156-b4a5-427d-bb9a-40a71afd8882 req-0cca6801-6e8f-4f5e-a392-8927f213a9d6 512e33f96f2f4fd493537c92c765f52c b39c40e8eaf04b4ebdc3dc469a265467 - - b23f8f9f13c248798f9b22a09594e429 b23f8f9f13c248798f9b22a09594e429] 10.0.0.127 "GET /allocations/f74fab48-cbc4-46af-990e-2a7ae889d646" status: 200 len: 19 microversion: 1.28 [pid: 8|app: 0|req: 318/636] 10.0.0.127 () {34 vars in 861 bytes} [Wed Jun 10 09:42:45 2026] GET /allocations/f74fab48-cbc4-46af-990e-2a7ae889d646 => generated 19 bytes in 12 msecs (HTTP/1.1 200) 8 headers in 295 bytes (1 switches on core 0)
2026-06-10 09:42:45.305 7 INFO placement.requestlog [req-eff96156-b4a5-427d-bb9a-40a71afd8882 req-8e9d35fb-ccb1-46a1-b2ad-0fb9493ae12e 512e33f96f2f4fd493537c92c765f52c b39c40e8eaf04b4ebdc3dc469a265467 - - b23f8f9f13c248798f9b22a09594e429 b23f8f9f13c248798f9b22a09594e429] 10.0.0.127 "PUT /allocations/f74fab48-cbc4-46af-990e-2a7ae889d646" status: 204 len: 0 microversion: 1.36 [pid: 7|app: 0|req: 319/637] 10.0.0.127 () {38 vars in 914 bytes} [Wed Jun 10 09:42:45 2026] PUT /allocations/f74fab48-cbc4-46af-990e-2a7ae889d646 => generated 0 bytes in 72 msecs (HTTP/1.1 204) 5 headers in 199 bytes (1 switches on core 0)
2026-06-10 09:42:45.902 8 INFO placement.requestlog [req-f8a5a166-0038-4949-81cb-121eb269bc21 req-ecc1d015-4bff-45c1-bca2-97a24c2f1a0a 512e33f96f2f4fd493537c92c765f52c b39c40e8eaf04b4ebdc3dc469a265467 - - b23f8f9f13c248798f9b22a09594e429 b23f8f9f13c248798f9b22a09594e429] 10.0.0.127 "GET /allocation_candidates?limit=1000&resources=DISK_GB%3A1%2CMEMORY_MB%3A512%2CVCPU%3A1&root_required=%21COMPUTE_STATUS_DISABLED" status: 200 len: 2784 microversion: 1.36 [pid: 8|app: 0|req: 319/638] 10.0.0.127 () {34 vars in 1012 bytes} [Wed Jun 10 09:42:45 2026] GET /allocation_candidates?limit=1000&resources=DISK_GB%3A1%2CMEMORY_MB%3A512%2CVCPU%3A1&root_required=%21COMPUTE_STATUS_DISABLED => generated 2784 bytes in 61 msecs (HTTP/1.1 200) 8 headers in 297 bytes (1 switches on core 0)
2026-06-10 09:42:45.934 7 INFO placement.requestlog [req-f8a5a166-0038-4949-81cb-121eb269bc21 req-c3c3c323-cb46-49e6-89f7-9f70841760f7 512e33f96f2f4fd493537c92c765f52c b39c40e8eaf04b4ebdc3dc469a265467 - - b23f8f9f13c248798f9b22a09594e429 b23f8f9f13c248798f9b22a09594e429] 10.0.0.127 "GET /allocations/c7777719-eea5-42c7-ac9c-f5cfa752d6a9" status: 200 len: 19 microversion: 1.28 [pid: 7|app: 0|req: 320/639] 10.0.0.127 () {34 vars in 861 bytes} [Wed Jun 10 09:42:45 2026] GET /allocations/c7777719-eea5-42c7-ac9c-f5cfa752d6a9 => generated 19 bytes in 13 msecs (HTTP/1.1 200) 8 headers in 295 bytes (1 switches on core 0)
2026-06-10 09:42:46.047 8 INFO placement.requestlog [req-f8a5a166-0038-4949-81cb-121eb269bc21 req-8e6fc805-4ee7-4547-88b9-4b2bc3a1dcd4 512e33f96f2f4fd493537c92c765f52c b39c40e8eaf04b4ebdc3dc469a265467 - - b23f8f9f13c248798f9b22a09594e429 b23f8f9f13c248798f9b22a09594e429] 10.0.0.127 "PUT /allocations/c7777719-eea5-42c7-ac9c-f5cfa752d6a9" status: 204 len: 0 microversion: 1.36 [pid: 8|app: 0|req: 320/640] 10.0.0.127 () {38 vars in 914 bytes} [Wed Jun 10 09:42:45 2026] PUT /allocations/c7777719-eea5-42c7-ac9c-f5cfa752d6a9 => generated 0 bytes in 107 msecs (HTTP/1.1 204) 5 headers in 199 bytes (1 switches on core 0)
2026-06-10 09:42:46.797 7 INFO placement.requestlog [req-eff96156-b4a5-427d-bb9a-40a71afd8882 req-484ea32a-abf6-4d1d-9f72-2f1f81a7e4b1 512e33f96f2f4fd493537c92c765f52c b39c40e8eaf04b4ebdc3dc469a265467 - - b23f8f9f13c248798f9b22a09594e429 b23f8f9f13c248798f9b22a09594e429] 199.19.213.9 "GET /allocations/f74fab48-cbc4-46af-990e-2a7ae889d646" status: 200 len: 257 microversion: 1.28 [pid: 7|app: 0|req: 321/641] 199.19.213.9 () {34 vars in 861 bytes} [Wed Jun 10 09:42:46 2026] GET /allocations/f74fab48-cbc4-46af-990e-2a7ae889d646 => generated 257 bytes in 12 msecs (HTTP/1.1 200) 8 headers in 296 bytes (1 switches on core 0)
2026-06-10 09:42:47.523 8 INFO placement.requestlog [req-f8a5a166-0038-4949-81cb-121eb269bc21 req-a32784b7-afc8-4d71-b154-fc12ac81b6b1 512e33f96f2f4fd493537c92c765f52c b39c40e8eaf04b4ebdc3dc469a265467 - - b23f8f9f13c248798f9b22a09594e429 b23f8f9f13c248798f9b22a09594e429] 199.19.213.9 "GET /allocations/c7777719-eea5-42c7-ac9c-f5cfa752d6a9" status: 200 len: 257 microversion: 1.28 [pid: 8|app: 0|req: 321/642] 199.19.213.9 () {34 vars in 861 bytes} [Wed Jun 10 09:42:47 2026] GET /allocations/c7777719-eea5-42c7-ac9c-f5cfa752d6a9 => generated 257 bytes in 14 msecs (HTTP/1.1 200) 8 headers in 296 bytes (1 switches on core 0)
2026-06-10 09:42:47.834 7 INFO placement.requestlog [req-eff96156-b4a5-427d-bb9a-40a71afd8882 req-562c4571-4b6c-4249-8466-aee5e91d0ee7 512e33f96f2f4fd493537c92c765f52c b39c40e8eaf04b4ebdc3dc469a265467 - - b23f8f9f13c248798f9b22a09594e429 b23f8f9f13c248798f9b22a09594e429] 199.19.213.9 "GET /resource_providers/f31b55bb-0bae-4885-8ed8-a5bc783f54de/allocations" status: 200 len: 352 microversion: 1.0 [pid: 7|app: 0|req: 322/643] 199.19.213.9 () {32 vars in 855 bytes} [Wed Jun 10 09:42:47 2026] GET /resource_providers/f31b55bb-0bae-4885-8ed8-a5bc783f54de/allocations => generated 352 bytes in 15 msecs (HTTP/1.1 200) 6 headers in 224 bytes (1 switches on core 0)
2026-06-10 09:42:47.853 8 INFO placement.requestlog [req-eff96156-b4a5-427d-bb9a-40a71afd8882 req-31066255-33e2-4f63-ac84-e093c61f3bb3 512e33f96f2f4fd493537c92c765f52c b39c40e8eaf04b4ebdc3dc469a265467 - - b23f8f9f13c248798f9b22a09594e429 b23f8f9f13c248798f9b22a09594e429] 199.19.213.9 "GET /allocations/01011270-3f76-42fe-b36a-5c014d4ea127" status: 200 len: 257 microversion: 1.28 [pid: 8|app: 0|req: 322/644] 199.19.213.9 () {34 vars in 861 bytes} [Wed Jun 10 09:42:47 2026] GET /allocations/01011270-3f76-42fe-b36a-5c014d4ea127 => generated 257 bytes in 13 msecs (HTTP/1.1 200) 8 headers in 296 bytes (1 switches on core 0)
2026-06-10 09:42:47.874 7 INFO placement.requestlog [req-eff96156-b4a5-427d-bb9a-40a71afd8882 req-ba32eb9f-6936-4861-8f92-d6b9c2bf8c51 512e33f96f2f4fd493537c92c765f52c b39c40e8eaf04b4ebdc3dc469a265467 - - b23f8f9f13c248798f9b22a09594e429 b23f8f9f13c248798f9b22a09594e429] 199.19.213.9 "GET /allocations/c7777719-eea5-42c7-ac9c-f5cfa752d6a9" status: 200 len: 257 microversion: 1.28 [pid: 7|app: 0|req: 323/645] 199.19.213.9 () {34 vars in 861 bytes} [Wed Jun 10 09:42:47 2026] GET /allocations/c7777719-eea5-42c7-ac9c-f5cfa752d6a9 => generated 257 bytes in 15 msecs (HTTP/1.1 200) 8 headers in 296 bytes (1 switches on core 0)
2026-06-10 09:42:47.893 8 INFO placement.requestlog [req-eff96156-b4a5-427d-bb9a-40a71afd8882 req-f5adb545-3509-4693-8c85-ee68361ba1a0 512e33f96f2f4fd493537c92c765f52c b39c40e8eaf04b4ebdc3dc469a265467 - - b23f8f9f13c248798f9b22a09594e429 b23f8f9f13c248798f9b22a09594e429] 199.19.213.9 "GET /allocations/f74fab48-cbc4-46af-990e-2a7ae889d646" status: 200 len: 257 microversion: 1.28 [pid: 8|app: 0|req: 323/646] 199.19.213.9 () {34 vars in 861 bytes} [Wed Jun 10 09:42:47 2026] GET /allocations/f74fab48-cbc4-46af-990e-2a7ae889d646 => generated 257 bytes in 12 msecs (HTTP/1.1 200) 8 headers in 296 bytes (1 switches on core 0)
2026-06-10 09:42:49.959 7 INFO placement.requestlog [req-f8a5a166-0038-4949-81cb-121eb269bc21 req-3c96466a-8ce3-41d9-bbe1-237931fd0492 512e33f96f2f4fd493537c92c765f52c b39c40e8eaf04b4ebdc3dc469a265467 - - b23f8f9f13c248798f9b22a09594e429 b23f8f9f13c248798f9b22a09594e429] 199.19.213.9 "GET /resource_providers/f31b55bb-0bae-4885-8ed8-a5bc783f54de/allocations" status: 200 len: 352 microversion: 1.0 [pid: 7|app: 0|req: 324/647] 199.19.213.9 () {32 vars in 855 bytes} [Wed Jun 10 09:42:49 2026] GET /resource_providers/f31b55bb-0bae-4885-8ed8-a5bc783f54de/allocations => generated 352 bytes in 17 msecs (HTTP/1.1 200) 6 headers in 224 bytes (1 switches on core 0)
2026-06-10 09:42:49.976 8 INFO placement.requestlog [req-f8a5a166-0038-4949-81cb-121eb269bc21 req-05e9e391-6b3e-4dd5-bb59-289a22349f35 512e33f96f2f4fd493537c92c765f52c b39c40e8eaf04b4ebdc3dc469a265467 - - b23f8f9f13c248798f9b22a09594e429 b23f8f9f13c248798f9b22a09594e429] 199.19.213.9 "GET /allocations/01011270-3f76-42fe-b36a-5c014d4ea127" status: 200 len: 257 microversion: 1.28 [pid: 8|app: 0|req: 324/648] 199.19.213.9 () {34 vars in 861 bytes} [Wed Jun 10 09:42:49 2026] GET /allocations/01011270-3f76-42fe-b36a-5c014d4ea127 => generated 257 bytes in 12 msecs (HTTP/1.1 200) 8 headers in 296 bytes (1 switches on core 0)
2026-06-10 09:42:49.992 7 INFO placement.requestlog [req-f8a5a166-0038-4949-81cb-121eb269bc21 req-615cf079-a717-43f8-9c98-c42597093e25 512e33f96f2f4fd493537c92c765f52c b39c40e8eaf04b4ebdc3dc469a265467 - - b23f8f9f13c248798f9b22a09594e429 b23f8f9f13c248798f9b22a09594e429] 199.19.213.9 "GET /allocations/c7777719-eea5-42c7-ac9c-f5cfa752d6a9" status: 200 len: 257 microversion: 1.28 [pid: 7|app: 0|req: 325/649] 199.19.213.9 () {34 vars in 861 bytes} [Wed Jun 10 09:42:49 2026] GET /allocations/c7777719-eea5-42c7-ac9c-f5cfa752d6a9 => generated 257 bytes in 11 msecs (HTTP/1.1 200) 8 headers in 296 bytes (1 switches on core 0)
2026-06-10 09:42:50.014 8 INFO placement.requestlog [req-f8a5a166-0038-4949-81cb-121eb269bc21 req-93daa2dc-1fb0-43ca-b755-7ebf3aaf361c 512e33f96f2f4fd493537c92c765f52c b39c40e8eaf04b4ebdc3dc469a265467 - - b23f8f9f13c248798f9b22a09594e429 b23f8f9f13c248798f9b22a09594e429] 199.19.213.9 "GET /allocations/f74fab48-cbc4-46af-990e-2a7ae889d646" status: 200 len: 257 microversion: 1.28 [pid: 8|app: 0|req: 325/650] 199.19.213.9 () {34 vars in 861 bytes} [Wed Jun 10 09:42:49 2026] GET /allocations/f74fab48-cbc4-46af-990e-2a7ae889d646 => generated 257 bytes in 16 msecs (HTTP/1.1 200) 8 headers in 296 bytes (1 switches on core 0)
2026-06-10 09:42:51.066 7 INFO placement.requestlog [req-91b04697-4b1e-4cd7-8952-dbee0947b979 req-708cfa99-46d0-4ddb-803f-a8cc673874fb 512e33f96f2f4fd493537c92c765f52c b39c40e8eaf04b4ebdc3dc469a265467 - - b23f8f9f13c248798f9b22a09594e429 b23f8f9f13c248798f9b22a09594e429] 199.19.213.9 "GET /resource_providers/f31b55bb-0bae-4885-8ed8-a5bc783f54de/allocations" status: 200 len: 352 microversion: 1.0 [pid: 7|app: 0|req: 326/651] 199.19.213.9 () {32 vars in 855 bytes} [Wed Jun 10 09:42:51 2026] GET /resource_providers/f31b55bb-0bae-4885-8ed8-a5bc783f54de/allocations => generated 352 bytes in 22 msecs (HTTP/1.1 200) 6 headers in 224 bytes (1 switches on core 0)
2026-06-10 09:42:51.087 8 INFO placement.requestlog [req-91b04697-4b1e-4cd7-8952-dbee0947b979 req-929ff6bb-59b4-4442-8ae9-e04c5c483ca0 512e33f96f2f4fd493537c92c765f52c b39c40e8eaf04b4ebdc3dc469a265467 - - b23f8f9f13c248798f9b22a09594e429 b23f8f9f13c248798f9b22a09594e429] 199.19.213.9 "GET /allocations/01011270-3f76-42fe-b36a-5c014d4ea127" status: 200 len: 257 microversion: 1.28 [pid: 8|app: 0|req: 326/652] 199.19.213.9 () {34 vars in 861 bytes} [Wed Jun 10 09:42:51 2026] GET /allocations/01011270-3f76-42fe-b36a-5c014d4ea127 => generated 257 bytes in 14 msecs (HTTP/1.1 200) 8 headers in 296 bytes (1 switches on core 0)
2026-06-10 09:42:51.104 7 INFO placement.requestlog [req-91b04697-4b1e-4cd7-8952-dbee0947b979 req-f8015db1-aeac-4582-b4ae-77b6842ea167 512e33f96f2f4fd493537c92c765f52c b39c40e8eaf04b4ebdc3dc469a265467 - - b23f8f9f13c248798f9b22a09594e429 b23f8f9f13c248798f9b22a09594e429] 199.19.213.9 "GET /allocations/c7777719-eea5-42c7-ac9c-f5cfa752d6a9" status: 200 len: 257 microversion: 1.28 [pid: 7|app: 0|req: 327/653] 199.19.213.9 () {34 vars in 861 bytes} [Wed Jun 10 09:42:51 2026] GET /allocations/c7777719-eea5-42c7-ac9c-f5cfa752d6a9 => generated 257 bytes in 12 msecs (HTTP/1.1 200) 8 headers in 296 bytes (1 switches on core 0)
2026-06-10 09:42:51.123 8 INFO placement.requestlog [req-91b04697-4b1e-4cd7-8952-dbee0947b979 req-f5c63e04-273c-4418-bc57-34206198cd50 512e33f96f2f4fd493537c92c765f52c b39c40e8eaf04b4ebdc3dc469a265467 - - b23f8f9f13c248798f9b22a09594e429 b23f8f9f13c248798f9b22a09594e429] 199.19.213.9 "GET /allocations/f74fab48-cbc4-46af-990e-2a7ae889d646" status: 200 len: 257 microversion: 1.28 [pid: 8|app: 0|req: 327/654] 199.19.213.9 () {34 vars in 861 bytes} [Wed Jun 10 09:42:51 2026] GET /allocations/f74fab48-cbc4-46af-990e-2a7ae889d646 => generated 257 bytes in 13 msecs (HTTP/1.1 200) 8 headers in 296 bytes (1 switches on core 0)
2026-06-10 09:42:52.176 7 INFO placement.requestlog [req-91b04697-4b1e-4cd7-8952-dbee0947b979 req-04d5e194-985b-4a9f-983c-2a096fb986c4 512e33f96f2f4fd493537c92c765f52c b39c40e8eaf04b4ebdc3dc469a265467 - - b23f8f9f13c248798f9b22a09594e429 b23f8f9f13c248798f9b22a09594e429] 199.19.213.9 "DELETE /allocations/01011270-3f76-42fe-b36a-5c014d4ea127" status: 204 len: 0 microversion: 1.0 [pid: 7|app: 0|req: 328/655] 199.19.213.9 () {34 vars in 839 bytes} [Wed Jun 10 09:42:52 2026] DELETE /allocations/01011270-3f76-42fe-b36a-5c014d4ea127 => generated 0 bytes in 25 msecs (HTTP/1.1 204) 5 headers in 198 bytes (1 switches on core 0)
2026-06-10 09:42:53.802 7 INFO placement.requestlog [None req-9c56c94d-48ce-4d2b-b8ef-60cc792dd826 - - - - - -] 10.0.0.174 "GET /" status: 200 len: 136 microversion: 1.0
2026-06-10 09:42:53.802 8 INFO placement.requestlog [None req-a913cae0-4a6d-431f-9454-de856794119d - - - - - -] 10.0.0.174 "GET /" status: 200 len: 136 microversion: 1.0
2026-06-10 09:42:56.121 7 INFO placement.requestlog [None req-eb4e8e33-545b-4a3e-b777-79f958d4c463 ebb805c82bfb4eee97783df6c7f287dc b39c40e8eaf04b4ebdc3dc469a265467 - - b23f8f9f13c248798f9b22a09594e429 b23f8f9f13c248798f9b22a09594e429] 10.0.0.246 "GET /resource_providers/7b7ff424-797c-494d-ba3e-9cabb62666da/aggregates" status: 404 len: 235 microversion: 1.1 [pid: 7|app: 0|req: 330/658] 10.0.0.246 () {32 vars in 816 bytes} [Wed Jun 10 09:42:56 2026] GET /resource_providers/7b7ff424-797c-494d-ba3e-9cabb62666da/aggregates => generated 235 bytes in 13 msecs (HTTP/1.1 404) 5 headers in 202 bytes (1 switches on core 0)
2026-06-10 09:42:56.556 8 INFO placement.requestlog [None req-aa9fec0a-2554-4b71-94e6-2034e87ce3e3 ebb805c82bfb4eee97783df6c7f287dc b39c40e8eaf04b4ebdc3dc469a265467 - - b23f8f9f13c248798f9b22a09594e429 b23f8f9f13c248798f9b22a09594e429] 10.0.0.246 "GET /resource_providers/7b7ff424-797c-494d-ba3e-9cabb62666da/aggregates" status: 404 len: 235 microversion: 1.1 [pid: 8|app: 0|req: 329/659] 10.0.0.246 () {32 vars in 816 bytes} [Wed Jun 10 09:42:56 2026] GET /resource_providers/7b7ff424-797c-494d-ba3e-9cabb62666da/aggregates => generated 235 bytes in 10 msecs (HTTP/1.1 404) 5 headers in 202 bytes (1 switches on core 0)
2026-06-10 09:42:56.610 7 INFO placement.requestlog [None req-8e9f2c38-15f6-488b-a808-b0c7bece6042 ebb805c82bfb4eee97783df6c7f287dc b39c40e8eaf04b4ebdc3dc469a265467 - - b23f8f9f13c248798f9b22a09594e429 b23f8f9f13c248798f9b22a09594e429] 10.0.0.246 "DELETE /resource_providers/7b7ff424-797c-494d-ba3e-9cabb62666da" status: 404 len: 246 microversion: 1.1 [pid: 7|app: 0|req: 331/660] 10.0.0.246 () {34 vars in 816 bytes} [Wed Jun 10 09:42:56 2026] DELETE /resource_providers/7b7ff424-797c-494d-ba3e-9cabb62666da => generated 246 bytes in 17 msecs (HTTP/1.1 404) 6 headers in 231 bytes (1 switches on core 0)
2026-06-10 09:42:56.623 8 INFO placement.requestlog [None req-6bcfa01c-7d7d-4004-b586-8ee48e5fbd8a ebb805c82bfb4eee97783df6c7f287dc b39c40e8eaf04b4ebdc3dc469a265467 - - b23f8f9f13c248798f9b22a09594e429 b23f8f9f13c248798f9b22a09594e429] 10.0.0.246 "DELETE /resource_providers/7b7ff424-797c-494d-ba3e-9cabb62666da" status: 404 len: 246 microversion: 1.1 [pid: 8|app: 0|req: 330/661] 10.0.0.246 () {34 vars in 816 bytes} [Wed Jun 10 09:42:56 2026] DELETE /resource_providers/7b7ff424-797c-494d-ba3e-9cabb62666da => generated 246 bytes in 15 msecs (HTTP/1.1 404) 6 headers in 231 bytes (1 switches on core 0)
2026-06-10 09:43:03.802 7 INFO placement.requestlog [None req-03d4b9ff-accf-4f87-a72f-901b9a5436bf - - - - - -] 10.0.0.174 "GET /" status: 200 len: 136 microversion: 1.0
2026-06-10 09:43:03.802 8 INFO placement.requestlog [None req-286d49c8-f09e-4564-b508-80f0ce44f2ef - - - - - -] 10.0.0.174 "GET /" status: 200 len: 136 microversion: 1.0
2026-06-10 09:43:05.242 7 INFO placement.requestlog [None req-21d2360b-bd6f-4316-b0a2-0600cc7bf9d8 ebb805c82bfb4eee97783df6c7f287dc b39c40e8eaf04b4ebdc3dc469a265467 - - b23f8f9f13c248798f9b22a09594e429 b23f8f9f13c248798f9b22a09594e429] 10.0.0.246 "GET /resource_providers/7cbccc3f-a659-4103-9d62-91cdb6cb9a80/aggregates" status: 404 len: 235 microversion: 1.1 [pid: 7|app: 0|req: 333/664] 10.0.0.246 () {32 vars in 816 bytes} [Wed Jun 10 09:43:05 2026] GET /resource_providers/7cbccc3f-a659-4103-9d62-91cdb6cb9a80/aggregates => generated 235 bytes in 15 msecs (HTTP/1.1 404) 5 headers in 202 bytes (1 switches on core 0)
2026-06-10 09:43:05.244 8 INFO placement.requestlog [None req-7aeb1eb7-97d2-48f0-8eb1-8e24c6b9207b ebb805c82bfb4eee97783df6c7f287dc b39c40e8eaf04b4ebdc3dc469a265467 - - b23f8f9f13c248798f9b22a09594e429 b23f8f9f13c248798f9b22a09594e429] 10.0.0.246 "GET /resource_providers/7cbccc3f-a659-4103-9d62-91cdb6cb9a80/aggregates" status: 404 len: 235 microversion: 1.1 [pid: 8|app: 0|req: 332/665] 10.0.0.246 () {32 vars in 816 bytes} [Wed Jun 10 09:43:05 2026] GET /resource_providers/7cbccc3f-a659-4103-9d62-91cdb6cb9a80/aggregates => generated 235 bytes in 11 msecs (HTTP/1.1 404) 5 headers in 202 bytes (1 switches on core 0)
2026-06-10 09:43:05.268 8 INFO placement.requestlog [None req-3cc31f2c-ae4d-4f2f-82a3-ab1e859ecc71 ebb805c82bfb4eee97783df6c7f287dc b39c40e8eaf04b4ebdc3dc469a265467 - - b23f8f9f13c248798f9b22a09594e429 b23f8f9f13c248798f9b22a09594e429] 10.0.0.246 "DELETE /resource_providers/7cbccc3f-a659-4103-9d62-91cdb6cb9a80" status: 404 len: 246 microversion: 1.1 [pid: 8|app: 0|req: 333/666] 10.0.0.246 () {34 vars in 816 bytes} [Wed Jun 10 09:43:05 2026] DELETE /resource_providers/7cbccc3f-a659-4103-9d62-91cdb6cb9a80 => generated 246 bytes in 11 msecs (HTTP/1.1 404) 6 headers in 231 bytes (1 switches on core 0)
2026-06-10 09:43:05.270 7 INFO placement.requestlog [None req-fa194700-0482-49c0-9b25-7ad253a89671 ebb805c82bfb4eee97783df6c7f287dc b39c40e8eaf04b4ebdc3dc469a265467 - - b23f8f9f13c248798f9b22a09594e429 b23f8f9f13c248798f9b22a09594e429] 10.0.0.246 "DELETE /resource_providers/7cbccc3f-a659-4103-9d62-91cdb6cb9a80" status: 404 len: 246 microversion: 1.1 [pid: 7|app: 0|req: 334/667] 10.0.0.246 () {34 vars in 816 bytes} [Wed Jun 10 09:43:05 2026] DELETE /resource_providers/7cbccc3f-a659-4103-9d62-91cdb6cb9a80 => generated 246 bytes in 15 msecs (HTTP/1.1 404) 6 headers in 231 bytes (1 switches on core 0)
2026-06-10 09:43:05.994 8 INFO placement.requestlog [req-ecb041ca-7eef-4c1e-8543-0cebdbbdae64 req-7862e413-948d-46f3-a8ef-df1b799fb5f3 512e33f96f2f4fd493537c92c765f52c b39c40e8eaf04b4ebdc3dc469a265467 - - b23f8f9f13c248798f9b22a09594e429 b23f8f9f13c248798f9b22a09594e429] 199.19.213.9 "GET /resource_providers/f31b55bb-0bae-4885-8ed8-a5bc783f54de/allocations" status: 200 len: 252 microversion: 1.0 [pid: 8|app: 0|req: 334/668] 199.19.213.9 () {32 vars in 855 bytes} [Wed Jun 10 09:43:05 2026] GET /resource_providers/f31b55bb-0bae-4885-8ed8-a5bc783f54de/allocations => generated 252 bytes in 32 msecs (HTTP/1.1 200) 6 headers in 224 bytes (1 switches on core 0)
2026-06-10 09:43:06.018 7 INFO placement.requestlog [req-ecb041ca-7eef-4c1e-8543-0cebdbbdae64 req-6d16358e-15f4-4a1a-82b9-2dfec061a094 512e33f96f2f4fd493537c92c765f52c b39c40e8eaf04b4ebdc3dc469a265467 - - b23f8f9f13c248798f9b22a09594e429 b23f8f9f13c248798f9b22a09594e429] 199.19.213.9 "GET /allocations/c7777719-eea5-42c7-ac9c-f5cfa752d6a9" status: 200 len: 257 microversion: 1.28 [pid: 7|app: 0|req: 335/669] 199.19.213.9 () {34 vars in 861 bytes} [Wed Jun 10 09:43:06 2026] GET /allocations/c7777719-eea5-42c7-ac9c-f5cfa752d6a9 => generated 257 bytes in 16 msecs (HTTP/1.1 200) 8 headers in 296 bytes (1 switches on core 0)
2026-06-10 09:43:06.039 8 INFO placement.requestlog [req-ecb041ca-7eef-4c1e-8543-0cebdbbdae64 req-8b75f35d-244e-42e8-b565-f7b89f397fd7 512e33f96f2f4fd493537c92c765f52c b39c40e8eaf04b4ebdc3dc469a265467 - - b23f8f9f13c248798f9b22a09594e429 b23f8f9f13c248798f9b22a09594e429] 199.19.213.9 "GET /allocations/f74fab48-cbc4-46af-990e-2a7ae889d646" status: 200 len: 257 microversion: 1.28 [pid: 8|app: 0|req: 335/670] 199.19.213.9 () {34 vars in 861 bytes} [Wed Jun 10 09:43:06 2026] GET /allocations/f74fab48-cbc4-46af-990e-2a7ae889d646 => generated 257 bytes in 13 msecs (HTTP/1.1 200) 8 headers in 296 bytes (1 switches on core 0)
2026-06-10 09:43:07.089 7 INFO placement.requestlog [req-ecb041ca-7eef-4c1e-8543-0cebdbbdae64 req-fe7c8fd7-9ad9-436c-9e29-813b7bdcd62c 512e33f96f2f4fd493537c92c765f52c b39c40e8eaf04b4ebdc3dc469a265467 - - b23f8f9f13c248798f9b22a09594e429 b23f8f9f13c248798f9b22a09594e429] 199.19.213.9 "DELETE /allocations/f74fab48-cbc4-46af-990e-2a7ae889d646" status: 204 len: 0 microversion: 1.0 [pid: 7|app: 0|req: 336/671] 199.19.213.9 () {34 vars in 839 bytes} [Wed Jun 10 09:43:07 2026] DELETE /allocations/f74fab48-cbc4-46af-990e-2a7ae889d646 => generated 0 bytes in 23 msecs (HTTP/1.1 204) 5 headers in 198 bytes (1 switches on core 0)
2026-06-10 09:43:10.025 8 INFO placement.requestlog [None req-00f6dcef-a42f-4bd3-b4c9-2121b9fd4a7b ebb805c82bfb4eee97783df6c7f287dc b39c40e8eaf04b4ebdc3dc469a265467 - - b23f8f9f13c248798f9b22a09594e429 b23f8f9f13c248798f9b22a09594e429] 10.0.0.246 "GET /resource_providers/c65267de-d85c-42cc-ac4b-8ef134d701cb/aggregates" status: 404 len: 235 microversion: 1.1 [pid: 8|app: 0|req: 336/672] 10.0.0.246 () {32 vars in 816 bytes} [Wed Jun 10 09:43:10 2026] GET /resource_providers/c65267de-d85c-42cc-ac4b-8ef134d701cb/aggregates => generated 235 bytes in 7 msecs (HTTP/1.1 404) 5 headers in 202 bytes (1 switches on core 0)
2026-06-10 09:43:10.035 7 INFO placement.requestlog [None req-90ea634c-bf7d-475f-bc19-a64b950a3ae5 ebb805c82bfb4eee97783df6c7f287dc b39c40e8eaf04b4ebdc3dc469a265467 - - b23f8f9f13c248798f9b22a09594e429 b23f8f9f13c248798f9b22a09594e429] 10.0.0.246 "GET /resource_providers/c65267de-d85c-42cc-ac4b-8ef134d701cb/aggregates" status: 404 len: 235 microversion: 1.1 [pid: 7|app: 0|req: 337/673] 10.0.0.246 () {32 vars in 816 bytes} [Wed Jun 10 09:43:10 2026] GET /resource_providers/c65267de-d85c-42cc-ac4b-8ef134d701cb/aggregates => generated 235 bytes in 10 msecs (HTTP/1.1 404) 5 headers in 202 bytes (1 switches on core 0)
2026-06-10 09:43:10.048 8 INFO placement.requestlog [None req-6aabf36a-790d-4d8a-bb79-d05ced77a3e1 ebb805c82bfb4eee97783df6c7f287dc b39c40e8eaf04b4ebdc3dc469a265467 - - b23f8f9f13c248798f9b22a09594e429 b23f8f9f13c248798f9b22a09594e429] 10.0.0.246 "DELETE /resource_providers/c65267de-d85c-42cc-ac4b-8ef134d701cb" status: 404 len: 246 microversion: 1.1 [pid: 8|app: 0|req: 337/674] 10.0.0.246 () {34 vars in 816 bytes} [Wed Jun 10 09:43:10 2026] DELETE /resource_providers/c65267de-d85c-42cc-ac4b-8ef134d701cb => generated 246 bytes in 10 msecs (HTTP/1.1 404) 6 headers in 231 bytes (1 switches on core 0)
2026-06-10 09:43:10.054 7 INFO placement.requestlog [None req-f67d0d4f-ea1f-492c-a40e-d6a218b53330 ebb805c82bfb4eee97783df6c7f287dc b39c40e8eaf04b4ebdc3dc469a265467 - - b23f8f9f13c248798f9b22a09594e429 b23f8f9f13c248798f9b22a09594e429] 10.0.0.246 "DELETE /resource_providers/c65267de-d85c-42cc-ac4b-8ef134d701cb" status: 404 len: 246 microversion: 1.1 [pid: 7|app: 0|req: 338/675] 10.0.0.246 () {34 vars in 816 bytes} [Wed Jun 10 09:43:10 2026] DELETE /resource_providers/c65267de-d85c-42cc-ac4b-8ef134d701cb => generated 246 bytes in 8 msecs (HTTP/1.1 404) 6 headers in 231 bytes (1 switches on core 0)
2026-06-10 09:43:10.533 7 INFO placement.requestlog [None req-1c010289-f303-4743-a504-ca93ce1ba9a3 ebb805c82bfb4eee97783df6c7f287dc b39c40e8eaf04b4ebdc3dc469a265467 - - b23f8f9f13c248798f9b22a09594e429 b23f8f9f13c248798f9b22a09594e429] 10.0.0.246 "GET /resource_providers/75590bef-5c53-4555-ad59-7b293d7e663d/aggregates" status: 404 len: 235 microversion: 1.1
2026-06-10 09:43:10.533 8 INFO placement.requestlog [None req-4a51958c-e631-42b9-a126-52da5a618d3f ebb805c82bfb4eee97783df6c7f287dc b39c40e8eaf04b4ebdc3dc469a265467 - - b23f8f9f13c248798f9b22a09594e429 b23f8f9f13c248798f9b22a09594e429] 10.0.0.246 "GET /resource_providers/75590bef-5c53-4555-ad59-7b293d7e663d/aggregates" status: 404 len: 235 microversion: 1.1 [pid: 7|app: 0|req: 339/676] 10.0.0.246 () {32 vars in 816 bytes} [Wed Jun 10 09:43:10 2026] GET /resource_providers/75590bef-5c53-4555-ad59-7b293d7e663d/aggregates => generated 235 bytes in 10 msecs (HTTP/1.1 404) 5 headers in 202 bytes (1 switches on core 0) [pid: 8|app: 0|req: 338/677] 10.0.0.246 () {32 vars in 816 bytes} [Wed Jun 10 09:43:10 2026] GET /resource_providers/75590bef-5c53-4555-ad59-7b293d7e663d/aggregates => generated 235 bytes in 10 msecs (HTTP/1.1 404) 5 headers in 202 bytes (1 switches on core 0)
2026-06-10 09:43:10.560 7 INFO placement.requestlog [None req-47cf3b57-3807-4322-868c-b6ff239424e1 ebb805c82bfb4eee97783df6c7f287dc b39c40e8eaf04b4ebdc3dc469a265467 - - b23f8f9f13c248798f9b22a09594e429 b23f8f9f13c248798f9b22a09594e429] 10.0.0.246 "DELETE /resource_providers/75590bef-5c53-4555-ad59-7b293d7e663d" status: 404 len: 246 microversion: 1.1 [pid: 7|app: 0|req: 340/678] 10.0.0.246 () {34 vars in 816 bytes} [Wed Jun 10 09:43:10 2026] DELETE /resource_providers/75590bef-5c53-4555-ad59-7b293d7e663d => generated 246 bytes in 8 msecs (HTTP/1.1 404) 6 headers in 231 bytes (1 switches on core 0)
2026-06-10 09:43:10.562 8 INFO placement.requestlog [None req-2abade64-c9f2-405b-859a-b1530a01d89d ebb805c82bfb4eee97783df6c7f287dc b39c40e8eaf04b4ebdc3dc469a265467 - - b23f8f9f13c248798f9b22a09594e429 b23f8f9f13c248798f9b22a09594e429] 10.0.0.246 "DELETE /resource_providers/75590bef-5c53-4555-ad59-7b293d7e663d" status: 404 len: 246 microversion: 1.1 [pid: 8|app: 0|req: 339/679] 10.0.0.246 () {34 vars in 816 bytes} [Wed Jun 10 09:43:10 2026] DELETE /resource_providers/75590bef-5c53-4555-ad59-7b293d7e663d => generated 246 bytes in 8 msecs (HTTP/1.1 404) 6 headers in 231 bytes (1 switches on core 0)
2026-06-10 09:43:12.594 7 INFO placement.requestlog [None req-6c70ac7f-984d-424b-b725-9495aa0779d3 ebb805c82bfb4eee97783df6c7f287dc b39c40e8eaf04b4ebdc3dc469a265467 - - b23f8f9f13c248798f9b22a09594e429 b23f8f9f13c248798f9b22a09594e429] 10.0.0.246 "GET /resource_providers/b08be76a-fc71-4781-acec-8ce034a30064/aggregates" status: 404 len: 235 microversion: 1.1
2026-06-10 09:43:12.594 8 INFO placement.requestlog [None req-bb8f630c-63aa-494b-b864-b61f01f32d53 ebb805c82bfb4eee97783df6c7f287dc b39c40e8eaf04b4ebdc3dc469a265467 - - b23f8f9f13c248798f9b22a09594e429 b23f8f9f13c248798f9b22a09594e429] 10.0.0.246 "GET /resource_providers/b08be76a-fc71-4781-acec-8ce034a30064/aggregates" status: 404 len: 235 microversion: 1.1 [pid: 8|app: 0|req: 340/680] 10.0.0.246 () {32 vars in 816 bytes} [Wed Jun 10 09:43:12 2026] GET /resource_providers/b08be76a-fc71-4781-acec-8ce034a30064/aggregates => generated 235 bytes in 16 msecs (HTTP/1.1 404) 5 headers in 202 bytes (1 switches on core 0) [pid: 7|app: 0|req: 341/681] 10.0.0.246 () {32 vars in 816 bytes} [Wed Jun 10 09:43:12 2026] GET /resource_providers/b08be76a-fc71-4781-acec-8ce034a30064/aggregates => generated 235 bytes in 17 msecs (HTTP/1.1 404) 5 headers in 202 bytes (1 switches on core 0)
2026-06-10 09:43:12.609 7 INFO placement.requestlog [None req-2bd721c1-0309-4a2f-8a2c-c9b3d3d936fa ebb805c82bfb4eee97783df6c7f287dc b39c40e8eaf04b4ebdc3dc469a265467 - - b23f8f9f13c248798f9b22a09594e429 b23f8f9f13c248798f9b22a09594e429] 10.0.0.246 "DELETE /resource_providers/b08be76a-fc71-4781-acec-8ce034a30064" status: 404 len: 246 microversion: 1.1 [pid: 7|app: 0|req: 342/682] 10.0.0.246 () {34 vars in 816 bytes} [Wed Jun 10 09:43:12 2026] DELETE /resource_providers/b08be76a-fc71-4781-acec-8ce034a30064 => generated 246 bytes in 7 msecs (HTTP/1.1 404) 6 headers in 231 bytes (1 switches on core 0)
2026-06-10 09:43:12.610 8 INFO placement.requestlog [None req-82c67570-7cf0-4cbc-a012-a3606f74a9e5 ebb805c82bfb4eee97783df6c7f287dc b39c40e8eaf04b4ebdc3dc469a265467 - - b23f8f9f13c248798f9b22a09594e429 b23f8f9f13c248798f9b22a09594e429] 10.0.0.246 "DELETE /resource_providers/b08be76a-fc71-4781-acec-8ce034a30064" status: 404 len: 246 microversion: 1.1 [pid: 8|app: 0|req: 341/683] 10.0.0.246 () {34 vars in 816 bytes} [Wed Jun 10 09:43:12 2026] DELETE /resource_providers/b08be76a-fc71-4781-acec-8ce034a30064 => generated 246 bytes in 9 msecs (HTTP/1.1 404) 6 headers in 231 bytes (1 switches on core 0)
