+ COMMAND=start + start + for KEYSTONE_WSGI_SCRIPT in keystone-wsgi-public ++ type -p keystone-wsgi-public + cp -a /var/lib/openstack/bin/keystone-wsgi-public /var/www/cgi-bin/keystone/ + '[' -f /etc/apache2/envvars ']' + source /etc/apache2/envvars ++ unset HOME ++ '[' '' '!=' '' ']' ++ SUFFIX= ++ export APACHE_RUN_USER=www-data ++ APACHE_RUN_USER=www-data ++ export APACHE_RUN_GROUP=www-data ++ APACHE_RUN_GROUP=www-data ++ export APACHE_PID_FILE=/var/run/apache2/apache2.pid ++ APACHE_PID_FILE=/var/run/apache2/apache2.pid ++ export APACHE_RUN_DIR=/var/run/apache2 ++ APACHE_RUN_DIR=/var/run/apache2 ++ export APACHE_LOCK_DIR=/var/lock/apache2 ++ APACHE_LOCK_DIR=/var/lock/apache2 ++ export APACHE_LOG_DIR=/var/log/apache2 ++ APACHE_LOG_DIR=/var/log/apache2 ++ export LANG=C ++ LANG=C ++ export LANG + '[' -f /var/run/apache2/apache2.pid ']' + exec apache2 -DFOREGROUND AH00558: apache2: Could not reliably determine the server's fully qualified domain name, using 10.0.0.108. Set the 'ServerName' directive globally to suppress this message AH00558: apache2: Could not reliably determine the server's fully qualified domain name, using 10.0.0.108. Set the 'ServerName' directive globally to suppress this message
[Thu Sep 10 18:07:07.454908 2026] [mpm_event:notice] [pid 1:tid 140001456715648] AH00489: Apache/2.4.58 (Ubuntu) mod_wsgi/5.0.0 Python/3.12 configured -- resuming normal operations
[Thu Sep 10 18:07:07.455007 2026] [core:notice] [pid 1:tid 140001456715648] AH00094: Command line: 'apache2 -D FOREGROUND'
[Thu Sep 10 18:08:02.437083 2026] [wsgi:error] [pid 11:tid 140000819943104] /var/lib/openstack/lib/python3.12/site-packages/oslo_utils/importutils.py:77: EventletDeprecationWarning:
[Thu Sep 10 18:08:02.437120 2026] [wsgi:error] [pid 11:tid 140000819943104] Eventlet is deprecated. It is currently being maintained in bugfix mode, and
[Thu Sep 10 18:08:02.437123 2026] [wsgi:error] [pid 11:tid 140000819943104] we strongly recommend against using it for new projects.
[Thu Sep 10 18:08:02.437124 2026] [wsgi:error] [pid 11:tid 140000819943104]
[Thu Sep 10 18:08:02.437125 2026] [wsgi:error] [pid 11:tid 140000819943104] If you are already using Eventlet, we recommend migrating to a different
[Thu Sep 10 18:08:02.437126 2026] [wsgi:error] [pid 11:tid 140000819943104] framework. For more detail see
[Thu Sep 10 18:08:02.437127 2026] [wsgi:error] [pid 11:tid 140000819943104] https://eventlet.readthedocs.io/en/latest/asyncio/migration.html
[Thu Sep 10 18:08:02.437128 2026] [wsgi:error] [pid 11:tid 140000819943104]
[Thu Sep 10 18:08:02.437129 2026] [wsgi:error] [pid 11:tid 140000819943104] __import__(import_str)
[Thu Sep 10 18:08:02.448358 2026] [wsgi:error] [pid 9:tid 140000819943104] /var/lib/openstack/lib/python3.12/site-packages/oslo_utils/importutils.py:77: EventletDeprecationWarning:
[Thu Sep 10 18:08:02.448396 2026] [wsgi:error] [pid 9:tid 140000819943104] Eventlet is deprecated. It is currently being maintained in bugfix mode, and
[Thu Sep 10 18:08:02.448398 2026] [wsgi:error] [pid 9:tid 140000819943104] we strongly recommend against using it for new projects.
[Thu Sep 10 18:08:02.448399 2026] [wsgi:error] [pid 9:tid 140000819943104]
[Thu Sep 10 18:08:02.448400 2026] [wsgi:error] [pid 9:tid 140000819943104] If you are already using Eventlet, we recommend migrating to a different
[Thu Sep 10 18:08:02.448401 2026] [wsgi:error] [pid 9:tid 140000819943104] framework. For more detail see
[Thu Sep 10 18:08:02.448402 2026] [wsgi:error] [pid 9:tid 140000819943104] https://eventlet.readthedocs.io/en/latest/asyncio/migration.html
[Thu Sep 10 18:08:02.448403 2026] [wsgi:error] [pid 9:tid 140000819943104]
[Thu Sep 10 18:08:02.448404 2026] [wsgi:error] [pid 9:tid 140000819943104] __import__(import_str) 10.0.0.44 - - [10/Sep/2026:18:08:01 +0000] "GET /v3/ HTTP/1.1" 200 250 10.0.0.44 - - [10/Sep/2026:18:08:01 +0000] "GET /v3/ HTTP/1.1" 200 250
[Thu Sep 10 18:08:07.938284 2026] [wsgi:error] [pid 12:tid 140000819943104] /var/lib/openstack/lib/python3.12/site-packages/oslo_utils/importutils.py:77: EventletDeprecationWarning:
[Thu Sep 10 18:08:07.938327 2026] [wsgi:error] [pid 12:tid 140000819943104] Eventlet is deprecated. It is currently being maintained in bugfix mode, and
[Thu Sep 10 18:08:07.938328 2026] [wsgi:error] [pid 12:tid 140000819943104] we strongly recommend against using it for new projects.
[Thu Sep 10 18:08:07.938330 2026] [wsgi:error] [pid 12:tid 140000819943104]
[Thu Sep 10 18:08:07.938331 2026] [wsgi:error] [pid 12:tid 140000819943104] If you are already using Eventlet, we recommend migrating to a different
[Thu Sep 10 18:08:07.938332 2026] [wsgi:error] [pid 12:tid 140000819943104] framework. For more detail see
[Thu Sep 10 18:08:07.938333 2026] [wsgi:error] [pid 12:tid 140000819943104] https://eventlet.readthedocs.io/en/latest/asyncio/migration.html
[Thu Sep 10 18:08:07.938334 2026] [wsgi:error] [pid 12:tid 140000819943104]
[Thu Sep 10 18:08:07.938335 2026] [wsgi:error] [pid 12:tid 140000819943104] __import__(import_str) 10.0.0.44 - - [10/Sep/2026:18:08:07 +0000] "GET /v3/ HTTP/1.1" 200 250
[Thu Sep 10 18:08:15.702687 2026] [wsgi:error] [pid 10:tid 140000819943104] /var/lib/openstack/lib/python3.12/site-packages/oslo_utils/importutils.py:77: EventletDeprecationWarning:
[Thu Sep 10 18:08:15.702741 2026] [wsgi:error] [pid 10:tid 140000819943104] Eventlet is deprecated. It is currently being maintained in bugfix mode, and
[Thu Sep 10 18:08:15.702743 2026] [wsgi:error] [pid 10:tid 140000819943104] we strongly recommend against using it for new projects.
[Thu Sep 10 18:08:15.702744 2026] [wsgi:error] [pid 10:tid 140000819943104]
[Thu Sep 10 18:08:15.702745 2026] [wsgi:error] [pid 10:tid 140000819943104] If you are already using Eventlet, we recommend migrating to a different
[Thu Sep 10 18:08:15.702746 2026] [wsgi:error] [pid 10:tid 140000819943104] framework. For more detail see
[Thu Sep 10 18:08:15.702747 2026] [wsgi:error] [pid 10:tid 140000819943104] https://eventlet.readthedocs.io/en/latest/asyncio/migration.html
[Thu Sep 10 18:08:15.702749 2026] [wsgi:error] [pid 10:tid 140000819943104]
[Thu Sep 10 18:08:15.702749 2026] [wsgi:error] [pid 10:tid 140000819943104] __import__(import_str) 10.0.0.115 - - [10/Sep/2026:18:08:14 +0000] "GET / HTTP/1.1" 300 295
[Thu Sep 10 18:08:20.723458 2026] [wsgi:error] [pid 9:tid 140000819943104] [remote 10.0.0.115:55420] 2026-09-10 18:08:20.720 9 WARNING keystone.identity.core [None req-dd6def17-b2f6-4551-af5d-ce718ed1f202 - - - - - -] Invalid domain name (atmosphere) found in config file name: keystone.exception.DomainNotFound: Could not find domain: atmosphere.
[Thu Sep 10 18:08:20.773626 2026] [wsgi:error] [pid 9:tid 140000819943104] [remote 10.0.0.115:55420] 2026-09-10 18:08:20.773 9 WARNING keystone.common.password_hashing [None req-dd6def17-b2f6-4551-af5d-ce718ed1f202 - - - - - -] Truncating password to algorithm specific maximum length 72 characters.
[Thu Sep 10 18:08:21.066755 2026] [wsgi:error] [pid 9:tid 140000819943104] [remote 10.0.0.115:55420] 2026-09-10 18:08:21.066 9 WARNING keystone.common.fernet_utils [None req-dd6def17-b2f6-4551-af5d-ce718ed1f202 - - - - - -] key_repository is world readable: /etc/keystone/fernet-keys/ 10.0.0.115 - - [10/Sep/2026:18:08:20 +0000] "POST /v3/auth/tokens HTTP/1.1" 201 1360
[Thu Sep 10 18:08:21.474139 2026] [wsgi:error] [pid 11:tid 140000819943104] [remote 10.0.0.115:55420] 2026-09-10 18:08:21.471 11 WARNING keystone.identity.core [None req-3091876e-1e3f-466e-8431-94f240049531 - - - - - -] Invalid domain name (atmosphere) found in config file name: keystone.exception.DomainNotFound: Could not find domain: atmosphere. 10.0.0.115 - - [10/Sep/2026:18:08:21 +0000] "POST /v3/domains HTTP/1.1" 201 261 10.0.0.174 - - [10/Sep/2026:18:08:33 +0000] "GET / HTTP/1.1" 300 295
[Thu Sep 10 18:08:34.277173 2026] [wsgi:error] [pid 10:tid 140000819943104] [remote 10.0.0.174:36078] 2026-09-10 18:08:34.276 10 WARNING keystone.common.password_hashing [None req-38df23dc-2bd1-4499-9690-0618738f67f3 - - - - - -] Truncating password to algorithm specific maximum length 72 characters.
[Thu Sep 10 18:08:34.559344 2026] [wsgi:error] [pid 10:tid 140000819943104] [remote 10.0.0.174:36078] 2026-09-10 18:08:34.558 10 WARNING keystone.common.fernet_utils [None req-38df23dc-2bd1-4499-9690-0618738f67f3 - - - - - -] key_repository is world readable: /etc/keystone/fernet-keys/ 10.0.0.174 - - [10/Sep/2026:18:08:33 +0000] "POST /v3/auth/tokens HTTP/1.1" 201 1360 10.0.0.174 - - [10/Sep/2026:18:08:34 +0000] "GET /v3/roles/admin HTTP/1.1" 404 83
[Thu Sep 10 18:08:34.857714 2026] [wsgi:error] [pid 11:tid 140000819943104] [remote 10.0.0.174:36078] 2026-09-10 18:08:34.857 11 WARNING keystone.common.rbac_enforcer.enforcer [None req-44dd55ef-3084-4f79-98f7-0b7878a6b6c0 dc900ba356bf4043a6427b1ee8c9901f 7ddb061adf8a4b7b8243899567b4ab0c - - default default] Deprecated policy rules found. Use oslopolicy-policy-generator and oslopolicy-policy-upgrade to detect and resolve deprecated policies in your configuration. 10.0.0.174 - - [10/Sep/2026:18:08:34 +0000] "GET /v3/roles?name=admin HTTP/1.1" 200 389
[Thu Sep 10 18:08:35.515604 2026] [wsgi:error] [pid 12:tid 140000819943104] [remote 10.0.0.174:36078] 2026-09-10 18:08:35.515 12 WARNING keystone.common.rbac_enforcer.enforcer [None req-1c6783ad-82d2-4182-a34e-4466dcdbc18d dc900ba356bf4043a6427b1ee8c9901f 7ddb061adf8a4b7b8243899567b4ab0c - - default default] Deprecated policy rules found. Use oslopolicy-policy-generator and oslopolicy-policy-upgrade to detect and resolve deprecated policies in your configuration. 10.0.0.174 - - [10/Sep/2026:18:08:35 +0000] "GET /v3/users/admin-RegionOne HTTP/1.1" 404 93
[Thu Sep 10 18:08:35.696055 2026] [wsgi:error] [pid 10:tid 140000819943104] [remote 10.0.0.174:36078] 2026-09-10 18:08:35.695 10 WARNING keystone.common.rbac_enforcer.enforcer [None req-84ad7023-b1d1-4489-904b-7fddf225e25a dc900ba356bf4043a6427b1ee8c9901f 7ddb061adf8a4b7b8243899567b4ab0c - - default default] Deprecated policy rules found. Use oslopolicy-policy-generator and oslopolicy-policy-upgrade to detect and resolve deprecated policies in your configuration. 10.0.0.174 - - [10/Sep/2026:18:08:35 +0000] "GET /v3/users?name=admin-RegionOne HTTP/1.1" 200 422
[Thu Sep 10 18:08:36.025477 2026] [wsgi:error] [pid 9:tid 140000819943104] [remote 10.0.0.174:36078] 2026-09-10 18:08:36.025 9 WARNING keystone.common.rbac_enforcer.enforcer [None req-a52dcbcd-f237-418d-9e10-b3d037422771 dc900ba356bf4043a6427b1ee8c9901f 7ddb061adf8a4b7b8243899567b4ab0c - - default default] Deprecated policy rules found. Use oslopolicy-policy-generator and oslopolicy-policy-upgrade to detect and resolve deprecated policies in your configuration. 10.0.0.174 - - [10/Sep/2026:18:08:35 +0000] "GET /v3/domains/default HTTP/1.1" 200 224 10.0.0.174 - - [10/Sep/2026:18:08:36 +0000] "PUT /v3/domains/default/users/dc900ba356bf4043a6427b1ee8c9901f/roles/508eb039eaf84ebdb33d7ecc5246f23a HTTP/1.1" 204 - 10.0.0.44 - - [10/Sep/2026:18:08:46 +0000] "GET / HTTP/1.1" 300 281 10.0.0.44 - - [10/Sep/2026:18:08:47 +0000] "GET /v3 HTTP/1.1" 200 266
[Thu Sep 10 18:08:47.912194 2026] [wsgi:error] [pid 9:tid 140000819943104] [remote 10.0.0.44:35508] 2026-09-10 18:08:47.911 9 WARNING keystone.common.password_hashing [None req-5e87369c-e955-4574-bae1-4ba8e3d58932 - - - - - -] Truncating password to algorithm specific maximum length 72 characters.
[Thu Sep 10 18:08:48.233099 2026] [wsgi:error] [pid 9:tid 140000819943104] [remote 10.0.0.44:35508] 2026-09-10 18:08:48.232 9 WARNING keystone.common.fernet_utils [None req-5e87369c-e955-4574-bae1-4ba8e3d58932 - - - - - -] key_repository is world readable: /etc/keystone/fernet-keys/ 10.0.0.44 - - [10/Sep/2026:18:08:47 +0000] "POST /v3/auth/tokens HTTP/1.1" 201 1360 10.0.0.44 - - [10/Sep/2026:18:08:48 +0000] "GET / HTTP/1.1" 300 281 10.0.0.44 - - [10/Sep/2026:18:08:48 +0000] "GET /v3/domains/atmosphere HTTP/1.1" 404 90 10.0.0.44 - - [10/Sep/2026:18:08:48 +0000] "GET /v3/domains?name=atmosphere HTTP/1.1" 200 370 10.0.0.44 - - [10/Sep/2026:18:08:48 +0000] "GET /v3/domains/97e69afc565b4a6c88a2b96895d9b4a6 HTTP/1.1" 200 247 10.0.0.44 - - [10/Sep/2026:18:08:49 +0000] "GET /v3 HTTP/1.1" 200 266
[Thu Sep 10 18:08:49.518037 2026] [wsgi:error] [pid 12:tid 140000819943104] [remote 10.0.0.44:35524] 2026-09-10 18:08:49.517 12 WARNING keystone.common.password_hashing [None req-d5e3d0ae-be24-49c1-a256-4aa97f8167c0 - - - - - -] Truncating password to algorithm specific maximum length 72 characters.
[Thu Sep 10 18:08:49.811832 2026] [wsgi:error] [pid 12:tid 140000819943104] [remote 10.0.0.44:35524] 2026-09-10 18:08:49.811 12 WARNING keystone.common.fernet_utils [None req-d5e3d0ae-be24-49c1-a256-4aa97f8167c0 - - - - - -] key_repository is world readable: /etc/keystone/fernet-keys/ 10.0.0.44 - - [10/Sep/2026:18:08:49 +0000] "POST /v3/auth/tokens HTTP/1.1" 201 1360 10.0.0.44 - - [10/Sep/2026:18:08:49 +0000] "GET / HTTP/1.1" 300 281 10.0.0.44 - - [10/Sep/2026:18:08:49 +0000] "GET /v3/OS-FEDERATION/identity_providers/atmosphere HTTP/1.1" 404 101 10.0.0.44 - - [10/Sep/2026:18:08:49 +0000] "GET /v3/OS-FEDERATION/identity_providers HTTP/1.1" 200 156 10.0.0.44 - - [10/Sep/2026:18:08:49 +0000] "PUT /v3/OS-FEDERATION/identity_providers/atmosphere HTTP/1.1" 201 342 10.0.0.44 - - [10/Sep/2026:18:08:50 +0000] "GET /v3 HTTP/1.1" 200 266
[Thu Sep 10 18:08:50.741743 2026] [wsgi:error] [pid 9:tid 140000819943104] [remote 10.0.0.44:35508] 2026-09-10 18:08:50.741 9 WARNING keystone.common.password_hashing [None req-66d44e40-7527-4713-9b8c-faab72d75543 - - - - - -] Truncating password to algorithm specific maximum length 72 characters.
[Thu Sep 10 18:08:51.040964 2026] [wsgi:error] [pid 9:tid 140000819943104] [remote 10.0.0.44:35508] 2026-09-10 18:08:51.040 9 WARNING keystone.common.fernet_utils [None req-66d44e40-7527-4713-9b8c-faab72d75543 - - - - - -] key_repository is world readable: /etc/keystone/fernet-keys/ 10.0.0.44 - - [10/Sep/2026:18:08:50 +0000] "POST /v3/auth/tokens HTTP/1.1" 201 1360 10.0.0.44 - - [10/Sep/2026:18:08:51 +0000] "GET / HTTP/1.1" 300 281 10.0.0.44 - - [10/Sep/2026:18:08:51 +0000] "GET /v3/OS-FEDERATION/mappings/atmosphere-openid HTTP/1.1" 404 98 10.0.0.44 - - [10/Sep/2026:18:08:51 +0000] "GET /v3/OS-FEDERATION/mappings HTTP/1.1" 200 136 10.0.0.44 - - [10/Sep/2026:18:08:51 +0000] "PUT /v3/OS-FEDERATION/mappings/atmosphere-openid HTTP/1.1" 201 357 10.0.0.44 - - [10/Sep/2026:18:08:51 +0000] "GET /v3 HTTP/1.1" 200 266
[Thu Sep 10 18:08:51.907640 2026] [wsgi:error] [pid 12:tid 140000819943104] [remote 10.0.0.44:35508] 2026-09-10 18:08:51.907 12 WARNING keystone.common.password_hashing [None req-556d7c42-b8e0-408c-9ad1-8b6c4c5283cd - - - - - -] Truncating password to algorithm specific maximum length 72 characters.
[Thu Sep 10 18:08:52.205375 2026] [wsgi:error] [pid 12:tid 140000819943104] [remote 10.0.0.44:35508] 2026-09-10 18:08:52.205 12 WARNING keystone.common.fernet_utils [None req-556d7c42-b8e0-408c-9ad1-8b6c4c5283cd - - - - - -] key_repository is world readable: /etc/keystone/fernet-keys/ 10.0.0.44 - - [10/Sep/2026:18:08:51 +0000] "POST /v3/auth/tokens HTTP/1.1" 201 1360 10.0.0.44 - - [10/Sep/2026:18:08:52 +0000] "GET / HTTP/1.1" 300 281 10.0.0.44 - - [10/Sep/2026:18:08:52 +0000] "GET /v3/OS-FEDERATION/identity_providers/atmosphere/protocols/openid?idp_id=atmosphere HTTP/1.1" 404 131 10.0.0.44 - - [10/Sep/2026:18:08:52 +0000] "GET /v3/OS-FEDERATION/identity_providers/atmosphere/protocols HTTP/1.1" 200 168 10.0.0.44 - - [10/Sep/2026:18:08:52 +0000] "PUT /v3/OS-FEDERATION/identity_providers/atmosphere/protocols/openid HTTP/1.1" 201 224 10.0.0.44 - - [10/Sep/2026:18:09:01 +0000] "GET /v3/ HTTP/1.1" 200 250 10.0.0.44 - - [10/Sep/2026:18:09:01 +0000] "GET /v3/ HTTP/1.1" 200 250 10.0.0.44 - - [10/Sep/2026:18:10:01 +0000] "GET /v3/ HTTP/1.1" 200 250 10.0.0.44 - - [10/Sep/2026:18:10:01 +0000] "GET /v3/ HTTP/1.1" 200 250 10.0.0.227 - - [10/Sep/2026:18:10:22 +0000] "GET / HTTP/1.1" 300 295
[Thu Sep 10 18:10:22.252451 2026] [wsgi:error] [pid 9:tid 140000819943104] [remote 10.0.0.227:38316] 2026-09-10 18:10:22.252 9 WARNING keystone.common.password_hashing [None req-97887bca-e639-48bd-922d-37c2e5212a19 - - - - - -] Truncating password to algorithm specific maximum length 72 characters.
[Thu Sep 10 18:10:22.558155 2026] [wsgi:error] [pid 9:tid 140000819943104] [remote 10.0.0.227:38316] 2026-09-10 18:10:22.557 9 WARNING keystone.common.fernet_utils [None req-97887bca-e639-48bd-922d-37c2e5212a19 - - - - - -] key_repository is world readable: /etc/keystone/fernet-keys/ 10.0.0.227 - - [10/Sep/2026:18:10:22 +0000] "POST /v3/auth/tokens HTTP/1.1" 201 1360 10.0.0.227 - - [10/Sep/2026:18:10:22 +0000] "GET /v3/services HTTP/1.1" 200 355 10.0.0.227 - - [10/Sep/2026:18:10:26 +0000] "GET / HTTP/1.1" 300 295
[Thu Sep 10 18:10:26.558703 2026] [wsgi:error] [pid 10:tid 140000819943104] [remote 10.0.0.227:38318] 2026-09-10 18:10:26.558 10 WARNING keystone.common.password_hashing [None req-70ab3846-d1e1-434c-a18b-e596bd185ca4 - - - - - -] Truncating password to algorithm specific maximum length 72 characters.
[Thu Sep 10 18:10:26.852352 2026] [wsgi:error] [pid 10:tid 140000819943104] [remote 10.0.0.227:38318] 2026-09-10 18:10:26.852 10 WARNING keystone.common.fernet_utils [None req-70ab3846-d1e1-434c-a18b-e596bd185ca4 - - - - - -] key_repository is world readable: /etc/keystone/fernet-keys/ 10.0.0.227 - - [10/Sep/2026:18:10:26 +0000] "POST /v3/auth/tokens HTTP/1.1" 201 1360 10.0.0.227 - - [10/Sep/2026:18:10:26 +0000] "GET /v3/services HTTP/1.1" 200 355 10.0.0.227 - - [10/Sep/2026:18:10:30 +0000] "GET / HTTP/1.1" 300 295
[Thu Sep 10 18:10:30.724512 2026] [wsgi:error] [pid 12:tid 140000819943104] [remote 10.0.0.227:38334] 2026-09-10 18:10:30.724 12 WARNING keystone.common.password_hashing [None req-9f83ac27-3c79-4440-bebf-ac40011ee63b - - - - - -] Truncating password to algorithm specific maximum length 72 characters.
[Thu Sep 10 18:10:30.997192 2026] [wsgi:error] [pid 12:tid 140000819943104] [remote 10.0.0.227:38334] 2026-09-10 18:10:30.996 12 WARNING keystone.common.fernet_utils [None req-9f83ac27-3c79-4440-bebf-ac40011ee63b - - - - - -] key_repository is world readable: /etc/keystone/fernet-keys/ 10.0.0.227 - - [10/Sep/2026:18:10:30 +0000] "POST /v3/auth/tokens HTTP/1.1" 201 1360 10.0.0.227 - - [10/Sep/2026:18:10:31 +0000] "GET /v3/services HTTP/1.1" 200 355 10.0.0.227 - - [10/Sep/2026:18:10:34 +0000] "GET / HTTP/1.1" 300 295
[Thu Sep 10 18:10:34.921623 2026] [wsgi:error] [pid 11:tid 140000819943104] [remote 10.0.0.227:41622] 2026-09-10 18:10:34.920 11 WARNING keystone.common.password_hashing [None req-12f3819b-86d7-42ab-8321-dfba3e7a08d6 - - - - - -] Truncating password to algorithm specific maximum length 72 characters.
[Thu Sep 10 18:10:35.218483 2026] [wsgi:error] [pid 11:tid 140000819943104] [remote 10.0.0.227:41622] 2026-09-10 18:10:35.218 11 WARNING keystone.common.fernet_utils [None req-12f3819b-86d7-42ab-8321-dfba3e7a08d6 - - - - - -] key_repository is world readable: /etc/keystone/fernet-keys/ 10.0.0.227 - - [10/Sep/2026:18:10:34 +0000] "POST /v3/auth/tokens HTTP/1.1" 201 1360 10.0.0.227 - - [10/Sep/2026:18:10:35 +0000] "POST /v3/services HTTP/1.1" 201 296 10.0.0.42 - - [10/Sep/2026:18:10:46 +0000] "GET / HTTP/1.1" 300 295
[Thu Sep 10 18:10:46.383858 2026] [wsgi:error] [pid 9:tid 140000819943104] [remote 10.0.0.42:40332] 2026-09-10 18:10:46.383 9 WARNING keystone.common.password_hashing [None req-1b862add-f658-4f50-b206-7c2e1cb57f19 - - - - - -] Truncating password to algorithm specific maximum length 72 characters. 10.0.0.42 - - [10/Sep/2026:18:10:46 +0000] "GET / HTTP/1.1" 300 295
[Thu Sep 10 18:10:46.677250 2026] [wsgi:error] [pid 12:tid 140000819943104] [remote 10.0.0.42:40342] 2026-09-10 18:10:46.676 12 WARNING keystone.common.password_hashing [None req-e2553dfe-2e12-4f3b-850a-6b230210b1f3 - - - - - -] Truncating password to algorithm specific maximum length 72 characters.
[Thu Sep 10 18:10:46.678849 2026] [wsgi:error] [pid 9:tid 140000819943104] [remote 10.0.0.42:40332] 2026-09-10 18:10:46.678 9 WARNING keystone.common.fernet_utils [None req-1b862add-f658-4f50-b206-7c2e1cb57f19 - - - - - -] key_repository is world readable: /etc/keystone/fernet-keys/ 10.0.0.42 - - [10/Sep/2026:18:10:46 +0000] "POST /v3/auth/tokens HTTP/1.1" 201 1464 10.0.0.42 - - [10/Sep/2026:18:10:46 +0000] "GET / HTTP/1.1" 300 295
[Thu Sep 10 18:10:46.766235 2026] [wsgi:error] [pid 11:tid 140000819943104] [remote 10.0.0.42:40344] 2026-09-10 18:10:46.765 11 WARNING keystone.common.password_hashing [None req-7fdf8eb2-bdd7-48ec-b84c-986ad058a239 - - - - - -] Truncating password to algorithm specific maximum length 72 characters. 10.0.0.42 - - [10/Sep/2026:18:10:46 +0000] "GET /v3/services HTTP/1.1" 200 639
[Thu Sep 10 18:10:46.950740 2026] [wsgi:error] [pid 12:tid 140000819943104] [remote 10.0.0.42:40342] 2026-09-10 18:10:46.950 12 WARNING keystone.common.fernet_utils [None req-e2553dfe-2e12-4f3b-850a-6b230210b1f3 - - - - - -] key_repository is world readable: /etc/keystone/fernet-keys/ 10.0.0.42 - - [10/Sep/2026:18:10:46 +0000] "POST /v3/auth/tokens HTTP/1.1" 201 1464
[Thu Sep 10 18:10:47.070335 2026] [wsgi:error] [pid 11:tid 140000819943104] [remote 10.0.0.42:40344] 2026-09-10 18:10:47.070 11 WARNING keystone.common.fernet_utils [None req-7fdf8eb2-bdd7-48ec-b84c-986ad058a239 - - - - - -] key_repository is world readable: /etc/keystone/fernet-keys/ 10.0.0.42 - - [10/Sep/2026:18:10:46 +0000] "POST /v3/auth/tokens HTTP/1.1" 201 1464 10.0.0.42 - - [10/Sep/2026:18:10:47 +0000] "GET /v3/services HTTP/1.1" 200 639 10.0.0.42 - - [10/Sep/2026:18:10:47 +0000] "GET /v3/services HTTP/1.1" 200 639 10.0.0.42 - - [10/Sep/2026:18:10:48 +0000] "GET / HTTP/1.1" 300 295
[Thu Sep 10 18:10:48.528191 2026] [wsgi:error] [pid 11:tid 140000819943104] [remote 10.0.0.42:40360] 2026-09-10 18:10:48.527 11 WARNING keystone.common.password_hashing [None req-053a3c3e-f02b-4040-a680-fc76f78dd6ca - - - - - -] Truncating password to algorithm specific maximum length 72 characters.
[Thu Sep 10 18:10:48.859419 2026] [wsgi:error] [pid 11:tid 140000819943104] [remote 10.0.0.42:40360] 2026-09-10 18:10:48.859 11 WARNING keystone.common.fernet_utils [None req-053a3c3e-f02b-4040-a680-fc76f78dd6ca - - - - - -] key_repository is world readable: /etc/keystone/fernet-keys/ 10.0.0.42 - - [10/Sep/2026:18:10:48 +0000] "POST /v3/auth/tokens HTTP/1.1" 201 1464 10.0.0.42 - - [10/Sep/2026:18:10:48 +0000] "GET / HTTP/1.1" 300 295
[Thu Sep 10 18:10:48.926936 2026] [wsgi:error] [pid 9:tid 140000819943104] [remote 10.0.0.42:40374] 2026-09-10 18:10:48.926 9 WARNING keystone.common.password_hashing [None req-86de4f5b-3d08-4cfa-9d3e-21a05e259e4f - - - - - -] Truncating password to algorithm specific maximum length 72 characters. 10.0.0.42 - - [10/Sep/2026:18:10:48 +0000] "GET /v3/endpoints HTTP/1.1" 200 1227 10.0.0.42 - - [10/Sep/2026:18:10:49 +0000] "GET /v3/services/ef1bf39e1f724375805e0ecb3b16e48a HTTP/1.1" 200 233 10.0.0.42 - - [10/Sep/2026:18:10:49 +0000] "GET / HTTP/1.1" 300 295 10.0.0.42 - - [10/Sep/2026:18:10:49 +0000] "GET /v3/services/ef1bf39e1f724375805e0ecb3b16e48a HTTP/1.1" 200 233
[Thu Sep 10 18:10:49.116136 2026] [wsgi:error] [pid 11:tid 140000819943104] [remote 10.0.0.42:40382] 2026-09-10 18:10:49.115 11 WARNING keystone.common.password_hashing [None req-8a9e6511-21c1-4f87-99db-8914c52b093a - - - - - -] Truncating password to algorithm specific maximum length 72 characters. 10.0.0.42 - - [10/Sep/2026:18:10:49 +0000] "GET /v3/services/ef1bf39e1f724375805e0ecb3b16e48a HTTP/1.1" 200 233
[Thu Sep 10 18:10:49.236986 2026] [wsgi:error] [pid 9:tid 140000819943104] [remote 10.0.0.42:40374] 2026-09-10 18:10:49.236 9 WARNING keystone.common.fernet_utils [None req-86de4f5b-3d08-4cfa-9d3e-21a05e259e4f - - - - - -] key_repository is world readable: /etc/keystone/fernet-keys/ 10.0.0.42 - - [10/Sep/2026:18:10:48 +0000] "POST /v3/auth/tokens HTTP/1.1" 201 1464 10.0.0.42 - - [10/Sep/2026:18:10:49 +0000] "GET /v3/endpoints HTTP/1.1" 200 1227 10.0.0.42 - - [10/Sep/2026:18:10:49 +0000] "GET /v3/services/ef1bf39e1f724375805e0ecb3b16e48a HTTP/1.1" 200 233 10.0.0.42 - - [10/Sep/2026:18:10:49 +0000] "GET /v3/services/ef1bf39e1f724375805e0ecb3b16e48a HTTP/1.1" 200 233
[Thu Sep 10 18:10:49.429443 2026] [wsgi:error] [pid 11:tid 140000819943104] [remote 10.0.0.42:40382] 2026-09-10 18:10:49.429 11 WARNING keystone.common.fernet_utils [None req-8a9e6511-21c1-4f87-99db-8914c52b093a - - - - - -] key_repository is world readable: /etc/keystone/fernet-keys/ 10.0.0.42 - - [10/Sep/2026:18:10:49 +0000] "POST /v3/auth/tokens HTTP/1.1" 201 1464 10.0.0.42 - - [10/Sep/2026:18:10:49 +0000] "GET /v3/services/ef1bf39e1f724375805e0ecb3b16e48a HTTP/1.1" 200 233 10.0.0.42 - - [10/Sep/2026:18:10:49 +0000] "GET /v3/endpoints HTTP/1.1" 200 1227 10.0.0.42 - - [10/Sep/2026:18:10:49 +0000] "GET /v3/services/ef1bf39e1f724375805e0ecb3b16e48a HTTP/1.1" 200 233 10.0.0.42 - - [10/Sep/2026:18:10:49 +0000] "GET /v3/services/ef1bf39e1f724375805e0ecb3b16e48a HTTP/1.1" 200 233 10.0.0.42 - - [10/Sep/2026:18:10:49 +0000] "GET /v3/services/ef1bf39e1f724375805e0ecb3b16e48a HTTP/1.1" 200 233 10.0.0.42 - - [10/Sep/2026:18:10:50 +0000] "GET / HTTP/1.1" 300 295
[Thu Sep 10 18:10:50.697920 2026] [wsgi:error] [pid 9:tid 140000819943104] [remote 10.0.0.42:40384] 2026-09-10 18:10:50.697 9 WARNING keystone.common.password_hashing [None req-829f3402-1f41-4be0-ac62-23f03cb6d215 - - - - - -] Truncating password to algorithm specific maximum length 72 characters.
[Thu Sep 10 18:10:50.971294 2026] [wsgi:error] [pid 9:tid 140000819943104] [remote 10.0.0.42:40384] 2026-09-10 18:10:50.971 9 WARNING keystone.common.fernet_utils [None req-829f3402-1f41-4be0-ac62-23f03cb6d215 - - - - - -] key_repository is world readable: /etc/keystone/fernet-keys/ 10.0.0.42 - - [10/Sep/2026:18:10:50 +0000] "POST /v3/auth/tokens HTTP/1.1" 201 1464 10.0.0.42 - - [10/Sep/2026:18:10:51 +0000] "GET / HTTP/1.1" 300 295
[Thu Sep 10 18:10:51.076538 2026] [wsgi:error] [pid 10:tid 140000819943104] [remote 10.0.0.42:40396] 2026-09-10 18:10:51.076 10 WARNING keystone.common.password_hashing [None req-0258700a-9eea-4f89-b087-dbcde18a955c - - - - - -] Truncating password to algorithm specific maximum length 72 characters. 10.0.0.42 - - [10/Sep/2026:18:10:51 +0000] "GET /v3/services/8ca78a1bd6404d71bdac32f32ddcdd9f HTTP/1.1" 200 296 10.0.0.42 - - [10/Sep/2026:18:10:51 +0000] "GET /v3/regions/RegionOne HTTP/1.1" 200 173 10.0.0.42 - - [10/Sep/2026:18:10:51 +0000] "POST /v3/endpoints HTTP/1.1" 201 380 10.0.0.42 - - [10/Sep/2026:18:10:51 +0000] "GET / HTTP/1.1" 300 295
[Thu Sep 10 18:10:51.249201 2026] [wsgi:error] [pid 9:tid 140000819943104] [remote 10.0.0.42:40404] 2026-09-10 18:10:51.249 9 WARNING keystone.common.password_hashing [None req-e9c11a56-1c62-485d-b99f-a894d9600de4 - - - - - -] Truncating password to algorithm specific maximum length 72 characters.
[Thu Sep 10 18:10:51.367857 2026] [wsgi:error] [pid 10:tid 140000819943104] [remote 10.0.0.42:40396] 2026-09-10 18:10:51.367 10 WARNING keystone.common.fernet_utils [None req-0258700a-9eea-4f89-b087-dbcde18a955c - - - - - -] key_repository is world readable: /etc/keystone/fernet-keys/ 10.0.0.42 - - [10/Sep/2026:18:10:51 +0000] "POST /v3/auth/tokens HTTP/1.1" 201 1641
[Thu Sep 10 18:10:51.519574 2026] [wsgi:error] [pid 9:tid 140000819943104] [remote 10.0.0.42:40404] 2026-09-10 18:10:51.519 9 WARNING keystone.common.fernet_utils [None req-e9c11a56-1c62-485d-b99f-a894d9600de4 - - - - - -] key_repository is world readable: /etc/keystone/fernet-keys/ 10.0.0.42 - - [10/Sep/2026:18:10:51 +0000] "POST /v3/auth/tokens HTTP/1.1" 201 1641 10.0.0.42 - - [10/Sep/2026:18:10:51 +0000] "GET /v3/services/8ca78a1bd6404d71bdac32f32ddcdd9f HTTP/1.1" 200 296 10.0.0.42 - - [10/Sep/2026:18:10:51 +0000] "GET /v3/regions/RegionOne HTTP/1.1" 200 173 10.0.0.42 - - [10/Sep/2026:18:10:51 +0000] "GET /v3/services/8ca78a1bd6404d71bdac32f32ddcdd9f HTTP/1.1" 200 296 10.0.0.42 - - [10/Sep/2026:18:10:51 +0000] "GET /v3/regions/RegionOne HTTP/1.1" 200 173 10.0.0.42 - - [10/Sep/2026:18:10:51 +0000] "POST /v3/endpoints HTTP/1.1" 201 383 10.0.0.42 - - [10/Sep/2026:18:10:51 +0000] "POST /v3/endpoints HTTP/1.1" 201 370 10.0.0.42 - - [10/Sep/2026:18:10:52 +0000] "GET / HTTP/1.1" 300 295
[Thu Sep 10 18:10:52.702093 2026] [wsgi:error] [pid 11:tid 140000819943104] [remote 10.0.0.42:36442] 2026-09-10 18:10:52.701 11 WARNING keystone.common.password_hashing [None req-d597bc1f-b25b-468c-81a5-616e9e2e678c - - - - - -] Truncating password to algorithm specific maximum length 72 characters.
[Thu Sep 10 18:10:53.016482 2026] [wsgi:error] [pid 11:tid 140000819943104] [remote 10.0.0.42:36442] 2026-09-10 18:10:53.016 11 WARNING keystone.common.fernet_utils [None req-d597bc1f-b25b-468c-81a5-616e9e2e678c - - - - - -] key_repository is world readable: /etc/keystone/fernet-keys/ 10.0.0.42 - - [10/Sep/2026:18:10:52 +0000] "POST /v3/auth/tokens HTTP/1.1" 201 1992 10.0.0.42 - - [10/Sep/2026:18:10:53 +0000] "GET /v3/endpoints/7c61004e82a1468e9783a5a45ae62b6c HTTP/1.1" 200 380 10.0.0.42 - - [10/Sep/2026:18:10:53 +0000] "GET /v3/services/8ca78a1bd6404d71bdac32f32ddcdd9f HTTP/1.1" 200 296 10.0.0.42 - - [10/Sep/2026:18:10:53 +0000] "GET / HTTP/1.1" 300 295
[Thu Sep 10 18:10:53.480825 2026] [wsgi:error] [pid 11:tid 140000819943104] [remote 10.0.0.42:36448] 2026-09-10 18:10:53.480 11 WARNING keystone.common.password_hashing [None req-57088cfd-d2e5-45b0-b603-738fd5af3c89 - - - - - -] Truncating password to algorithm specific maximum length 72 characters. 10.0.0.42 - - [10/Sep/2026:18:10:53 +0000] "GET / HTTP/1.1" 300 295
[Thu Sep 10 18:10:53.568059 2026] [wsgi:error] [pid 10:tid 140000819943104] [remote 10.0.0.42:36450] 2026-09-10 18:10:53.567 10 WARNING keystone.common.password_hashing [None req-7ec8778e-703e-4d70-814a-774561f66e91 - - - - - -] Truncating password to algorithm specific maximum length 72 characters.
[Thu Sep 10 18:10:53.809974 2026] [wsgi:error] [pid 11:tid 140000819943104] [remote 10.0.0.42:36448] 2026-09-10 18:10:53.809 11 WARNING keystone.common.fernet_utils [None req-57088cfd-d2e5-45b0-b603-738fd5af3c89 - - - - - -] key_repository is world readable: /etc/keystone/fernet-keys/ 10.0.0.42 - - [10/Sep/2026:18:10:53 +0000] "POST /v3/auth/tokens HTTP/1.1" 201 1992
[Thu Sep 10 18:10:53.865851 2026] [wsgi:error] [pid 10:tid 140000819943104] [remote 10.0.0.42:36450] 2026-09-10 18:10:53.865 10 WARNING keystone.common.fernet_utils [None req-7ec8778e-703e-4d70-814a-774561f66e91 - - - - - -] key_repository is world readable: /etc/keystone/fernet-keys/ 10.0.0.42 - - [10/Sep/2026:18:10:53 +0000] "POST /v3/auth/tokens HTTP/1.1" 201 1992 10.0.0.42 - - [10/Sep/2026:18:10:53 +0000] "GET /v3/endpoints/18d002cafdec424695a744ec487eac1d HTTP/1.1" 200 383 10.0.0.42 - - [10/Sep/2026:18:10:54 +0000] "GET /v3/services/8ca78a1bd6404d71bdac32f32ddcdd9f HTTP/1.1" 200 296 10.0.0.42 - - [10/Sep/2026:18:10:53 +0000] "GET /v3/endpoints/3ae93a9010004f7cbe121aca54bd4be4 HTTP/1.1" 200 370 10.0.0.42 - - [10/Sep/2026:18:10:54 +0000] "GET /v3/services/8ca78a1bd6404d71bdac32f32ddcdd9f HTTP/1.1" 200 296 10.0.0.44 - - [10/Sep/2026:18:11:01 +0000] "GET /v3/ HTTP/1.1" 200 250 10.0.0.44 - - [10/Sep/2026:18:11:01 +0000] "GET /v3/ HTTP/1.1" 200 250 10.0.0.54 - - [10/Sep/2026:18:11:06 +0000] "GET / HTTP/1.1" 300 295
[Thu Sep 10 18:11:06.589387 2026] [wsgi:error] [pid 10:tid 140000819943104] [remote 10.0.0.54:45392] 2026-09-10 18:11:06.588 10 WARNING keystone.common.password_hashing [None req-4929cf0e-17d1-414b-840e-df7c7cb98eee - - - - - -] Truncating password to algorithm specific maximum length 72 characters.
[Thu Sep 10 18:11:06.880584 2026] [wsgi:error] [pid 10:tid 140000819943104] [remote 10.0.0.54:45392] 2026-09-10 18:11:06.880 10 WARNING keystone.common.fernet_utils [None req-4929cf0e-17d1-414b-840e-df7c7cb98eee - - - - - -] key_repository is world readable: /etc/keystone/fernet-keys/ 10.0.0.54 - - [10/Sep/2026:18:11:06 +0000] "POST /v3/auth/tokens HTTP/1.1" 201 1992 10.0.0.54 - - [10/Sep/2026:18:11:07 +0000] "POST /v3/domains HTTP/1.1" 201 284 10.0.0.54 - - [10/Sep/2026:18:11:08 +0000] "GET / HTTP/1.1" 300 295
[Thu Sep 10 18:11:08.809828 2026] [wsgi:error] [pid 12:tid 140000819943104] [remote 10.0.0.54:45398] 2026-09-10 18:11:08.809 12 WARNING keystone.common.password_hashing [None req-44363290-49db-45ad-8b77-2c3a1df8704f - - - - - -] Truncating password to algorithm specific maximum length 72 characters.
[Thu Sep 10 18:11:09.137765 2026] [wsgi:error] [pid 12:tid 140000819943104] [remote 10.0.0.54:45398] 2026-09-10 18:11:09.137 12 WARNING keystone.common.fernet_utils [None req-44363290-49db-45ad-8b77-2c3a1df8704f - - - - - -] key_repository is world readable: /etc/keystone/fernet-keys/ 10.0.0.54 - - [10/Sep/2026:18:11:08 +0000] "POST /v3/auth/tokens HTTP/1.1" 201 1992
[Thu Sep 10 18:11:09.375981 2026] [wsgi:error] [pid 10:tid 140000819943104] [remote 10.0.0.54:45398] 2026-09-10 18:11:09.349 10 ERROR keystone.server.flask.application [None req-0fa2ab26-3ed1-4727-a26c-08d47943cd6b dc900ba356bf4043a6427b1ee8c9901f 7ddb061adf8a4b7b8243899567b4ab0c - - default default] Conflict occurred attempting to store project - it is not permitted to have two projects acting as domains with the same name: service.: keystone.exception.Conflict: Conflict occurred attempting to store project - it is not permitted to have two projects acting as domains with the same name: service.
[Thu Sep 10 18:11:09.376007 2026] [wsgi:error] [pid 10:tid 140000819943104] [remote 10.0.0.54:45398] 2026-09-10 18:11:09.349 10 ERROR keystone.server.flask.application
Traceback (most recent call last):
[Thu Sep 10 18:11:09.376010 2026] [wsgi:error] [pid 10:tid 140000819943104] [remote 10.0.0.54:45398] 2026-09-10 18:11:09.349 10 ERROR keystone.server.flask.application
File "/var/lib/openstack/lib/python3.12/site-packages/sqlalchemy/engine/base.py", line 1969, in _exec_single_context
[Thu Sep 10 18:11:09.376013 2026] [wsgi:error] [pid 10:tid 140000819943104] [remote 10.0.0.54:45398] 2026-09-10 18:11:09.349 10 ERROR keystone.server.flask.application self.dialect.do_execute(
[Thu Sep 10 18:11:09.376015 2026] [wsgi:error] [pid 10:tid 140000819943104] [remote 10.0.0.54:45398] 2026-09-10 18:11:09.349 10 ERROR keystone.server.flask.application
File "/var/lib/openstack/lib/python3.12/site-packages/sqlalchemy/engine/default.py", line 952, in do_execute
[Thu Sep 10 18:11:09.376018 2026] [wsgi:error] [pid 10:tid 140000819943104] [remote 10.0.0.54:45398] 2026-09-10 18:11:09.349 10 ERROR keystone.server.flask.application cursor.execute(statement, parameters)
[Thu Sep 10 18:11:09.376020 2026] [wsgi:error] [pid 10:tid 140000819943104] [remote 10.0.0.54:45398] 2026-09-10 18:11:09.349 10 ERROR keystone.server.flask.application
File "/var/lib/openstack/lib/python3.12/site-packages/pymysql/cursors.py", line 159, in execute
[Thu Sep 10 18:11:09.376022 2026] [wsgi:error] [pid 10:tid 140000819943104] [remote 10.0.0.54:45398] 2026-09-10 18:11:09.349 10 ERROR keystone.server.flask.application result = self._query(query)
[Thu Sep 10 18:11:09.376024 2026] [wsgi:error] [pid 10:tid 140000819943104] [remote 10.0.0.54:45398] 2026-09-10 18:11:09.349 10 ERROR keystone.server.flask.application ^^^^^^^^^^^^^^^^^^
[Thu Sep 10 18:11:09.376026 2026] [wsgi:error] [pid 10:tid 140000819943104] [remote 10.0.0.54:45398] 2026-09-10 18:11:09.349 10 ERROR keystone.server.flask.application
File "/var/lib/openstack/lib/python3.12/site-packages/pymysql/cursors.py", line 330, in _query
[Thu Sep 10 18:11:09.376028 2026] [wsgi:error] [pid 10:tid 140000819943104] [remote 10.0.0.54:45398] 2026-09-10 18:11:09.349 10 ERROR keystone.server.flask.application conn.query(q)
[Thu Sep 10 18:11:09.376030 2026] [wsgi:error] [pid 10:tid 140000819943104] [remote 10.0.0.54:45398] 2026-09-10 18:11:09.349 10 ERROR keystone.server.flask.application
File "/var/lib/openstack/lib/python3.12/site-packages/pymysql/connections.py", line 582, in query
[Thu Sep 10 18:11:09.376033 2026] [wsgi:error] [pid 10:tid 140000819943104] [remote 10.0.0.54:45398] 2026-09-10 18:11:09.349 10 ERROR keystone.server.flask.application self._affected_rows = self._read_query_result(unbuffered=unbuffered)
[Thu Sep 10 18:11:09.376035 2026] [wsgi:error] [pid 10:tid 140000819943104] [remote 10.0.0.54:45398] 2026-09-10 18:11:09.349 10 ERROR keystone.server.flask.application ^^^^^^^^^^^^^^^^^^^^^^^^^^^^^^^^^^^^^^^^^^^^^^
[Thu Sep 10 18:11:09.376037 2026] [wsgi:error] [pid 10:tid 140000819943104] [remote 10.0.0.54:45398] 2026-09-10 18:11:09.349 10 ERROR keystone.server.flask.application
File "/var/lib/openstack/lib/python3.12/site-packages/pymysql/connections.py", line 847, in _read_query_result
[Thu Sep 10 18:11:09.376039 2026] [wsgi:error] [pid 10:tid 140000819943104] [remote 10.0.0.54:45398] 2026-09-10 18:11:09.349 10 ERROR keystone.server.flask.application result.read()
[Thu Sep 10 18:11:09.376043 2026] [wsgi:error] [pid 10:tid 140000819943104] [remote 10.0.0.54:45398] 2026-09-10 18:11:09.349 10 ERROR keystone.server.flask.application
File "/var/lib/openstack/lib/python3.12/site-packages/pymysql/connections.py", line 1245, in read
[Thu Sep 10 18:11:09.376045 2026] [wsgi:error] [pid 10:tid 140000819943104] [remote 10.0.0.54:45398] 2026-09-10 18:11:09.349 10 ERROR keystone.server.flask.application first_packet = self.connection._read_packet()
[Thu Sep 10 18:11:09.376047 2026] [wsgi:error] [pid 10:tid 140000819943104] [remote 10.0.0.54:45398] 2026-09-10 18:11:09.349 10 ERROR keystone.server.flask.application ^^^^^^^^^^^^^^^^^^^^^^^^^^^^^^
[Thu Sep 10 18:11:09.376049 2026] [wsgi:error] [pid 10:tid 140000819943104] [remote 10.0.0.54:45398] 2026-09-10 18:11:09.349 10 ERROR keystone.server.flask.application
File "/var/lib/openstack/lib/python3.12/site-packages/pymysql/connections.py", line 803, in _read_packet
[Thu Sep 10 18:11:09.376052 2026] [wsgi:error] [pid 10:tid 140000819943104] [remote 10.0.0.54:45398] 2026-09-10 18:11:09.349 10 ERROR keystone.server.flask.application packet.raise_for_error()
[Thu Sep 10 18:11:09.376054 2026] [wsgi:error] [pid 10:tid 140000819943104] [remote 10.0.0.54:45398] 2026-09-10 18:11:09.349 10 ERROR keystone.server.flask.application
File "/var/lib/openstack/lib/python3.12/site-packages/pymysql/protocol.py", line 219, in raise_for_error
[Thu Sep 10 18:11:09.376056 2026] [wsgi:error] [pid 10:tid 140000819943104] [remote 10.0.0.54:45398] 2026-09-10 18:11:09.349 10 ERROR keystone.server.flask.application err.raise_mysql_exception(self._data)
[Thu Sep 10 18:11:09.376058 2026] [wsgi:error] [pid 10:tid 140000819943104] [remote 10.0.0.54:45398] 2026-09-10 18:11:09.349 10 ERROR keystone.server.flask.application
File "/var/lib/openstack/lib/python3.12/site-packages/pymysql/err.py", line 154, in raise_mysql_exception
[Thu Sep 10 18:11:09.376060 2026] [wsgi:error] [pid 10:tid 140000819943104] [remote 10.0.0.54:45398] 2026-09-10 18:11:09.349 10 ERROR keystone.server.flask.application raise errorclass(errno, errval, sqlstate=sqlstate)
[Thu Sep 10 18:11:09.376063 2026] [wsgi:error] [pid 10:tid 140000819943104] [remote 10.0.0.54:45398] 2026-09-10 18:11:09.349 10 ERROR keystone.server.flask.application pymysql.err.IntegrityError: (1062, "Duplicate entry '<>-service' for key 'project.ixu_project_name_domain_id'")
[Thu Sep 10 18:11:09.376065 2026] [wsgi:error] [pid 10:tid 140000819943104] [remote 10.0.0.54:45398] 2026-09-10 18:11:09.349 10 ERROR keystone.server.flask.application
[Thu Sep 10 18:11:09.376067 2026] [wsgi:error] [pid 10:tid 140000819943104] [remote 10.0.0.54:45398] 2026-09-10 18:11:09.349 10 ERROR keystone.server.flask.application The above exception was the direct cause of the following exception:
[Thu Sep 10 18:11:09.376069 2026] [wsgi:error] [pid 10:tid 140000819943104] [remote 10.0.0.54:45398] 2026-09-10 18:11:09.349 10 ERROR keystone.server.flask.application
[Thu Sep 10 18:11:09.376071 2026] [wsgi:error] [pid 10:tid 140000819943104] [remote 10.0.0.54:45398] 2026-09-10 18:11:09.349 10 ERROR keystone.server.flask.application
Traceback (most recent call last):
[Thu Sep 10 18:11:09.376073 2026] [wsgi:error] [pid 10:tid 140000819943104] [remote 10.0.0.54:45398] 2026-09-10 18:11:09.349 10 ERROR keystone.server.flask.application
File "/var/lib/openstack/lib/python3.12/site-packages/keystone/common/sql/core.py", line 575, in wrapper
[Thu Sep 10 18:11:09.376075 2026] [wsgi:error] [pid 10:tid 140000819943104] [remote 10.0.0.54:45398] 2026-09-10 18:11:09.349 10 ERROR keystone.server.flask.application return method(*args, **kwargs)
[Thu Sep 10 18:11:09.376077 2026] [wsgi:error] [pid 10:tid 140000819943104] [remote 10.0.0.54:45398] 2026-09-10 18:11:09.349 10 ERROR keystone.server.flask.application ^^^^^^^^^^^^^^^^^^^^^^^
[Thu Sep 10 18:11:09.376080 2026] [wsgi:error] [pid 10:tid 140000819943104] [remote 10.0.0.54:45398] 2026-09-10 18:11:09.349 10 ERROR keystone.server.flask.application
File "/var/lib/openstack/lib/python3.12/site-packages/keystone/resource/backends/sql.py", line 278, in create_project
[Thu Sep 10 18:11:09.376083 2026] [wsgi:error] [pid 10:tid 140000819943104] [remote 10.0.0.54:45398] 2026-09-10 18:11:09.349 10 ERROR keystone.server.flask.application with sql.session_for_write() as session:
[Thu Sep 10 18:11:09.376085 2026] [wsgi:error] [pid 10:tid 140000819943104] [remote 10.0.0.54:45398] 2026-09-10 18:11:09.349 10 ERROR keystone.server.flask.application
File "/usr/lib/python3.12/contextlib.py", line 144, in __exit__
[Thu Sep 10 18:11:09.376102 2026] [wsgi:error] [pid 10:tid 140000819943104] [remote 10.0.0.54:45398] 2026-09-10 18:11:09.349 10 ERROR keystone.server.flask.application next(self.gen)
[Thu Sep 10 18:11:09.376104 2026] [wsgi:error] [pid 10:tid 140000819943104] [remote 10.0.0.54:45398] 2026-09-10 18:11:09.349 10 ERROR keystone.server.flask.application
File "/var/lib/openstack/lib/python3.12/site-packages/oslo_db/sqlalchemy/enginefacade.py", line 1175, in _transaction_scope
[Thu Sep 10 18:11:09.376106 2026] [wsgi:error] [pid 10:tid 140000819943104] [remote 10.0.0.54:45398] 2026-09-10 18:11:09.349 10 ERROR keystone.server.flask.application with current._produce_block(
[Thu Sep 10 18:11:09.376108 2026] [wsgi:error] [pid 10:tid 140000819943104] [remote 10.0.0.54:45398] 2026-09-10 18:11:09.349 10 ERROR keystone.server.flask.application
File "/usr/lib/python3.12/contextlib.py", line 144, in __exit__
[Thu Sep 10 18:11:09.376111 2026] [wsgi:error] [pid 10:tid 140000819943104] [remote 10.0.0.54:45398] 2026-09-10 18:11:09.349 10 ERROR keystone.server.flask.application next(self.gen)
[Thu Sep 10 18:11:09.376113 2026] [wsgi:error] [pid 10:tid 140000819943104] [remote 10.0.0.54:45398] 2026-09-10 18:11:09.349 10 ERROR keystone.server.flask.application
File "/var/lib/openstack/lib/python3.12/site-packages/oslo_db/sqlalchemy/enginefacade.py", line 837, in _session
[Thu Sep 10 18:11:09.376115 2026] [wsgi:error] [pid 10:tid 140000819943104] [remote 10.0.0.54:45398] 2026-09-10 18:11:09.349 10 ERROR keystone.server.flask.application with excutils.save_and_reraise_exception():
[Thu Sep 10 18:11:09.376117 2026] [wsgi:error] [pid 10:tid 140000819943104] [remote 10.0.0.54:45398] 2026-09-10 18:11:09.349 10 ERROR keystone.server.flask.application
File "/var/lib/openstack/lib/python3.12/site-packages/oslo_utils/excutils.py", line 266, in __exit__
[Thu Sep 10 18:11:09.376119 2026] [wsgi:error] [pid 10:tid 140000819943104] [remote 10.0.0.54:45398] 2026-09-10 18:11:09.349 10 ERROR keystone.server.flask.application self.force_reraise()
[Thu Sep 10 18:11:09.376121 2026] [wsgi:error] [pid 10:tid 140000819943104] [remote 10.0.0.54:45398] 2026-09-10 18:11:09.349 10 ERROR keystone.server.flask.application
File "/var/lib/openstack/lib/python3.12/site-packages/oslo_utils/excutils.py", line 232, in force_reraise
[Thu Sep 10 18:11:09.376123 2026] [wsgi:error] [pid 10:tid 140000819943104] [remote 10.0.0.54:45398] 2026-09-10 18:11:09.349 10 ERROR keystone.server.flask.application raise self.value
[Thu Sep 10 18:11:09.376125 2026] [wsgi:error] [pid 10:tid 140000819943104] [remote 10.0.0.54:45398] 2026-09-10 18:11:09.349 10 ERROR keystone.server.flask.application
File "/var/lib/openstack/lib/python3.12/site-packages/oslo_db/sqlalchemy/enginefacade.py", line 835, in _session
[Thu Sep 10 18:11:09.376127 2026] [wsgi:error] [pid 10:tid 140000819943104] [remote 10.0.0.54:45398] 2026-09-10 18:11:09.349 10 ERROR keystone.server.flask.application self._end_session_transaction(self.session)
[Thu Sep 10 18:11:09.376129 2026] [wsgi:error] [pid 10:tid 140000819943104] [remote 10.0.0.54:45398] 2026-09-10 18:11:09.349 10 ERROR keystone.server.flask.application
File "/var/lib/openstack/lib/python3.12/site-packages/oslo_db/sqlalchemy/enginefacade.py", line 748, in _end_session_transaction
[Thu Sep 10 18:11:09.376132 2026] [wsgi:error] [pid 10:tid 140000819943104] [remote 10.0.0.54:45398] 2026-09-10 18:11:09.349 10 ERROR keystone.server.flask.application session.commit()
[Thu Sep 10 18:11:09.376134 2026] [wsgi:error] [pid 10:tid 140000819943104] [remote 10.0.0.54:45398] 2026-09-10 18:11:09.349 10 ERROR keystone.server.flask.application
File "/var/lib/openstack/lib/python3.12/site-packages/sqlalchemy/orm/session.py", line 2034, in commit
[Thu Sep 10 18:11:09.376136 2026] [wsgi:error] [pid 10:tid 140000819943104] [remote 10.0.0.54:45398] 2026-09-10 18:11:09.349 10 ERROR keystone.server.flask.application trans.commit(_to_root=True)
[Thu Sep 10 18:11:09.376139 2026] [wsgi:error] [pid 10:tid 140000819943104] [remote 10.0.0.54:45398] 2026-09-10 18:11:09.349 10 ERROR keystone.server.flask.application File "", line 2, in commit
[Thu Sep 10 18:11:09.376141 2026] [wsgi:error] [pid 10:tid 140000819943104] [remote 10.0.0.54:45398] 2026-09-10 18:11:09.349 10 ERROR keystone.server.flask.application
File "/var/lib/openstack/lib/python3.12/site-packages/sqlalchemy/orm/state_changes.py", line 137, in _go
[Thu Sep 10 18:11:09.376154 2026] [wsgi:error] [pid 10:tid 140000819943104] [remote 10.0.0.54:45398] 2026-09-10 18:11:09.349 10 ERROR keystone.server.flask.application ret_value = fn(self, *arg, **kw)
[Thu Sep 10 18:11:09.376156 2026] [wsgi:error] [pid 10:tid 140000819943104] [remote 10.0.0.54:45398] 2026-09-10 18:11:09.349 10 ERROR keystone.server.flask.application ^^^^^^^^^^^^^^^^^^^^
[Thu Sep 10 18:11:09.376158 2026] [wsgi:error] [pid 10:tid 140000819943104] [remote 10.0.0.54:45398] 2026-09-10 18:11:09.349 10 ERROR keystone.server.flask.application
File "/var/lib/openstack/lib/python3.12/site-packages/sqlalchemy/orm/session.py", line 1315, in commit
[Thu Sep 10 18:11:09.376160 2026] [wsgi:error] [pid 10:tid 140000819943104] [remote 10.0.0.54:45398] 2026-09-10 18:11:09.349 10 ERROR keystone.server.flask.application self._prepare_impl()
[Thu Sep 10 18:11:09.376162 2026] [wsgi:error] [pid 10:tid 140000819943104] [remote 10.0.0.54:45398] 2026-09-10 18:11:09.349 10 ERROR keystone.server.flask.application File "", line 2, in _prepare_impl
[Thu Sep 10 18:11:09.376164 2026] [wsgi:error] [pid 10:tid 140000819943104] [remote 10.0.0.54:45398] 2026-09-10 18:11:09.349 10 ERROR keystone.server.flask.application
File "/var/lib/openstack/lib/python3.12/site-packages/sqlalchemy/orm/state_changes.py", line 137, in _go
[Thu Sep 10 18:11:09.376166 2026] [wsgi:error] [pid 10:tid 140000819943104] [remote 10.0.0.54:45398] 2026-09-10 18:11:09.349 10 ERROR keystone.server.flask.application ret_value = fn(self, *arg, **kw)
[Thu Sep 10 18:11:09.376168 2026] [wsgi:error] [pid 10:tid 140000819943104] [remote 10.0.0.54:45398] 2026-09-10 18:11:09.349 10 ERROR keystone.server.flask.application ^^^^^^^^^^^^^^^^^^^^
[Thu Sep 10 18:11:09.376170 2026] [wsgi:error] [pid 10:tid 140000819943104] [remote 10.0.0.54:45398] 2026-09-10 18:11:09.349 10 ERROR keystone.server.flask.application
File "/var/lib/openstack/lib/python3.12/site-packages/sqlalchemy/orm/session.py", line 1290, in _prepare_impl
[Thu Sep 10 18:11:09.376173 2026] [wsgi:error] [pid 10:tid 140000819943104] [remote 10.0.0.54:45398] 2026-09-10 18:11:09.349 10 ERROR keystone.server.flask.application self.session.flush()
[Thu Sep 10 18:11:09.376175 2026] [wsgi:error] [pid 10:tid 140000819943104] [remote 10.0.0.54:45398] 2026-09-10 18:11:09.349 10 ERROR keystone.server.flask.application
File "/var/lib/openstack/lib/python3.12/site-packages/sqlalchemy/orm/session.py", line 4352, in flush
[Thu Sep 10 18:11:09.376177 2026] [wsgi:error] [pid 10:tid 140000819943104] [remote 10.0.0.54:45398] 2026-09-10 18:11:09.349 10 ERROR keystone.server.flask.application self._flush(objects)
[Thu Sep 10 18:11:09.376179 2026] [wsgi:error] [pid 10:tid 140000819943104] [remote 10.0.0.54:45398] 2026-09-10 18:11:09.349 10 ERROR keystone.server.flask.application
File "/var/lib/openstack/lib/python3.12/site-packages/sqlalchemy/orm/session.py", line 4487, in _flush
[Thu Sep 10 18:11:09.376182 2026] [wsgi:error] [pid 10:tid 140000819943104] [remote 10.0.0.54:45398] 2026-09-10 18:11:09.349 10 ERROR keystone.server.flask.application with util.safe_reraise():
[Thu Sep 10 18:11:09.376184 2026] [wsgi:error] [pid 10:tid 140000819943104] [remote 10.0.0.54:45398] 2026-09-10 18:11:09.349 10 ERROR keystone.server.flask.application
File "/var/lib/openstack/lib/python3.12/site-packages/sqlalchemy/util/langhelpers.py", line 122, in __exit__
[Thu Sep 10 18:11:09.376187 2026] [wsgi:error] [pid 10:tid 140000819943104] [remote 10.0.0.54:45398] 2026-09-10 18:11:09.349 10 ERROR keystone.server.flask.application raise exc_value.with_traceback(exc_tb)
[Thu Sep 10 18:11:09.376189 2026] [wsgi:error] [pid 10:tid 140000819943104] [remote 10.0.0.54:45398] 2026-09-10 18:11:09.349 10 ERROR keystone.server.flask.application
File "/var/lib/openstack/lib/python3.12/site-packages/sqlalchemy/orm/session.py", line 4448, in _flush
[Thu Sep 10 18:11:09.376191 2026] [wsgi:error] [pid 10:tid 140000819943104] [remote 10.0.0.54:45398] 2026-09-10 18:11:09.349 10 ERROR keystone.server.flask.application flush_context.execute()
[Thu Sep 10 18:11:09.376193 2026] [wsgi:error] [pid 10:tid 140000819943104] [remote 10.0.0.54:45398] 2026-09-10 18:11:09.349 10 ERROR keystone.server.flask.application
