2026-08-13 19:43:58.979 8 INFO neutron.plugins.ml2.drivers.ovn.mech_driver.mech_driver [None req-c4e2ae50-7231-43ee-80b7-5231032f3306 - - - - - -] OVN reports status up for port: 4f92f8ed-4866-4cf1-bb7c-c2a5f8f9b256 [pid: 8|app: 0|req: 1342/2747] 10.0.0.99 () {28 vars in 580 bytes} [Thu Aug 13 19:43:58 2026] GET /v2.0/agents => generated 1214 bytes in 25 msecs (HTTP/1.1 200) 4 headers in 158 bytes (1 switches on core 0)
2026-08-13 19:43:59.000 8 INFO neutron.plugins.ml2.plugin [None req-c4e2ae50-7231-43ee-80b7-5231032f3306 - - - - - -] Attempt 1 to provision port 4f92f8ed-4866-4cf1-bb7c-c2a5f8f9b256
2026-08-13 19:43:59.056 7 WARNING neutron.scheduler.dhcp_agent_scheduler [None req-c91cea4a-48e7-4f09-9656-c797c2f1006e 55a9d578215947caaa381aef51843f2f 070797272731476fbc2e8851ac078dc4 - - default default] No more DHCP agents
2026-08-13 19:43:59.058 7 WARNING neutron.api.rpc.agentnotifiers.dhcp_rpc_agent_api [None req-c91cea4a-48e7-4f09-9656-c797c2f1006e 55a9d578215947caaa381aef51843f2f 070797272731476fbc2e8851ac078dc4 - - default default] Unable to schedule network b2e951a2-a685-4c62-b730-681a4317d6d1: no agents available; will retry on subsequent port and subnet creation events.
2026-08-13 19:43:59.336 8 INFO neutron.db.ovn_revision_numbers_db [None req-c4e2ae50-7231-43ee-80b7-5231032f3306 - - - - - -] Successfully bumped revision number for resource 4f92f8ed-4866-4cf1-bb7c-c2a5f8f9b256 (type: ports) to 2
2026-08-13 19:43:59.395 7 INFO neutron.db.ovn_revision_numbers_db [None req-c91cea4a-48e7-4f09-9656-c797c2f1006e 55a9d578215947caaa381aef51843f2f 070797272731476fbc2e8851ac078dc4 - - default default] Successfully bumped revision number for resource 4f92f8ed-4866-4cf1-bb7c-c2a5f8f9b256 (type: router_ports) to 1 [pid: 7|app: 0|req: 1406/2748] 10.0.0.241 () {34 vars in 783 bytes} [Thu Aug 13 19:43:56 2026] PUT /v2.0/routers/b971a06d-f579-4220-97d1-87d5ff60557e/add_router_interface => generated 309 bytes in 2777 msecs (HTTP/1.1 200) 4 headers in 157 bytes (1 switches on core 0)
2026-08-13 19:43:59.728 8 INFO neutron.db.ovn_revision_numbers_db [None req-bf1eac69-f78b-4a82-96c1-bd19e9a2fdc1 - - - - - -] Successfully bumped revision number for resource 4f92f8ed-4866-4cf1-bb7c-c2a5f8f9b256 (type: router_ports) to 2
2026-08-13 19:44:00.144 8 WARNING neutron.scheduler.dhcp_agent_scheduler [None req-1387b3cf-e131-483d-83b3-a36a1d60f35d 55a9d578215947caaa381aef51843f2f 070797272731476fbc2e8851ac078dc4 - - default default] No more DHCP agents
2026-08-13 19:44:00.146 8 WARNING neutron.api.rpc.agentnotifiers.dhcp_rpc_agent_api [None req-1387b3cf-e131-483d-83b3-a36a1d60f35d 55a9d578215947caaa381aef51843f2f 070797272731476fbc2e8851ac078dc4 - - default default] Unable to schedule network 3c313923-d2e4-4f73-9b54-da90ab30e21c: no agents available; will retry on subsequent port and subnet creation events.
2026-08-13 19:44:00.268 7 INFO neutron.plugins.ml2.drivers.ovn.mech_driver.mech_driver [None req-b21bca6f-6adb-4e05-9d6f-c48cd2403a86 - - - - - -] OVN reports status down for port: 192e6ebb-cd19-41b0-a71f-b309bc4a1e7d
2026-08-13 19:44:00.270 8 INFO neutron.db.ovn_revision_numbers_db [None req-1387b3cf-e131-483d-83b3-a36a1d60f35d 55a9d578215947caaa381aef51843f2f 070797272731476fbc2e8851ac078dc4 - - default default] Successfully bumped revision number for resource 192e6ebb-cd19-41b0-a71f-b309bc4a1e7d (type: ports) to 1
2026-08-13 19:44:00.438 7 INFO neutron.db.ovn_revision_numbers_db [None req-6e419fce-5548-4b51-bb70-6be9e9660c34 5e44c037bbd34f0686db3c1f423d7d88 0f7848ca155443b6a0d5f235e142bd60 - - default default] Successfully bumped revision number for resource 240078da-086a-4a89-a650-d49aeb0ec76c (type: security_groups) to 1
2026-08-13 19:44:00.453 7 INFO neutron.db.ovn_revision_numbers_db [None req-6e419fce-5548-4b51-bb70-6be9e9660c34 5e44c037bbd34f0686db3c1f423d7d88 0f7848ca155443b6a0d5f235e142bd60 - - default default] Successfully bumped revision number for resource 43de31aa-8a0b-4cd8-a06d-c060145b3596 (type: security_group_rules) to 0
2026-08-13 19:44:00.477 7 INFO neutron.db.ovn_revision_numbers_db [None req-6e419fce-5548-4b51-bb70-6be9e9660c34 5e44c037bbd34f0686db3c1f423d7d88 0f7848ca155443b6a0d5f235e142bd60 - - default default] Successfully bumped revision number for resource 847351bc-9c94-4e40-8e2c-aef827b2cfc2 (type: security_group_rules) to 0
2026-08-13 19:44:00.493 7 INFO neutron.db.ovn_revision_numbers_db [None req-6e419fce-5548-4b51-bb70-6be9e9660c34 5e44c037bbd34f0686db3c1f423d7d88 0f7848ca155443b6a0d5f235e142bd60 - - default default] Successfully bumped revision number for resource 93a6e158-0cf9-4d13-9014-cf117a89d7f3 (type: security_group_rules) to 0
2026-08-13 19:44:00.506 7 INFO neutron.db.ovn_revision_numbers_db [None req-6e419fce-5548-4b51-bb70-6be9e9660c34 5e44c037bbd34f0686db3c1f423d7d88 0f7848ca155443b6a0d5f235e142bd60 - - default default] Successfully bumped revision number for resource b6d5a108-8c1b-4c7b-a4c1-8b3e83b919e1 (type: security_group_rules) to 0
2026-08-13 19:44:00.581 7 INFO neutron.db.segments_db [None req-6e419fce-5548-4b51-bb70-6be9e9660c34 5e44c037bbd34f0686db3c1f423d7d88 0f7848ca155443b6a0d5f235e142bd60 - - default default] Added segment 54c5ea4e-2fa1-46b9-80cd-420da946ce89 of type geneve for network 7a453993-b787-4202-bc9d-82eb27c15e03
2026-08-13 19:44:00.709 7 INFO neutron.db.ovn_revision_numbers_db [None req-6e419fce-5548-4b51-bb70-6be9e9660c34 5e44c037bbd34f0686db3c1f423d7d88 0f7848ca155443b6a0d5f235e142bd60 - - default default] Successfully bumped revision number for resource 7a453993-b787-4202-bc9d-82eb27c15e03 (type: networks) to 1
2026-08-13 19:44:00.872 7 WARNING neutron.scheduler.dhcp_agent_scheduler [None req-6e419fce-5548-4b51-bb70-6be9e9660c34 5e44c037bbd34f0686db3c1f423d7d88 0f7848ca155443b6a0d5f235e142bd60 - - default default] No more DHCP agents
2026-08-13 19:44:00.874 7 WARNING neutron.api.rpc.agentnotifiers.dhcp_rpc_agent_api [None req-6e419fce-5548-4b51-bb70-6be9e9660c34 5e44c037bbd34f0686db3c1f423d7d88 0f7848ca155443b6a0d5f235e142bd60 - - default default] Unable to schedule network 7a453993-b787-4202-bc9d-82eb27c15e03: no agents available; will retry on subsequent port and subnet creation events.
2026-08-13 19:44:00.917 7 INFO neutron.plugins.ml2.drivers.ovn.mech_driver.mech_driver [None req-b21bca6f-6adb-4e05-9d6f-c48cd2403a86 - - - - - -] OVN reports status down for port: ab50e4e5-f2fb-43da-b8e3-7a21a0c2e0bb
2026-08-13 19:44:00.986 7 INFO neutron.db.ovn_revision_numbers_db [None req-6e419fce-5548-4b51-bb70-6be9e9660c34 5e44c037bbd34f0686db3c1f423d7d88 0f7848ca155443b6a0d5f235e142bd60 - - default default] Successfully bumped revision number for resource ab50e4e5-f2fb-43da-b8e3-7a21a0c2e0bb (type: ports) to 1 [pid: 7|app: 0|req: 1407/2749] 10.0.0.241 () {34 vars in 670 bytes} [Thu Aug 13 19:44:00 2026] POST /v2.0/networks => generated 631 bytes in 963 msecs (HTTP/1.1 201) 4 headers in 162 bytes (1 switches on core 0)
2026-08-13 19:44:01.030 8 WARNING neutron.scheduler.dhcp_agent_scheduler [None req-1387b3cf-e131-483d-83b3-a36a1d60f35d 55a9d578215947caaa381aef51843f2f 070797272731476fbc2e8851ac078dc4 - - default default] No more DHCP agents
2026-08-13 19:44:01.031 8 WARNING neutron.api.rpc.agentnotifiers.dhcp_rpc_agent_api [None req-1387b3cf-e131-483d-83b3-a36a1d60f35d 55a9d578215947caaa381aef51843f2f 070797272731476fbc2e8851ac078dc4 - - default default] Unable to schedule network 3c313923-d2e4-4f73-9b54-da90ab30e21c: no agents available; will retry on subsequent port and subnet creation events.
2026-08-13 19:44:01.054 7 INFO neutron.plugins.ml2.drivers.ovn.mech_driver.mech_driver [None req-b21bca6f-6adb-4e05-9d6f-c48cd2403a86 - - - - - -] OVN reports status up for port: 192e6ebb-cd19-41b0-a71f-b309bc4a1e7d
2026-08-13 19:44:01.075 7 INFO neutron.plugins.ml2.plugin [None req-b21bca6f-6adb-4e05-9d6f-c48cd2403a86 - - - - - -] Attempt 1 to provision port 192e6ebb-cd19-41b0-a71f-b309bc4a1e7d
2026-08-13 19:44:01.351 8 INFO neutron.db.ovn_revision_numbers_db [None req-1387b3cf-e131-483d-83b3-a36a1d60f35d 55a9d578215947caaa381aef51843f2f 070797272731476fbc2e8851ac078dc4 - - default default] Successfully bumped revision number for resource 192e6ebb-cd19-41b0-a71f-b309bc4a1e7d (type: router_ports) to 1 [pid: 8|app: 0|req: 1343/2750] 10.0.0.241 () {34 vars in 783 bytes} [Thu Aug 13 19:43:59 2026] PUT /v2.0/routers/b971a06d-f579-4220-97d1-87d5ff60557e/add_router_interface => generated 309 bytes in 1948 msecs (HTTP/1.1 200) 4 headers in 157 bytes (1 switches on core 0)
2026-08-13 19:44:01.519 7 WARNING neutron.scheduler.dhcp_agent_scheduler [None req-040fc3cb-be59-4854-9618-0d7856a634e1 5e44c037bbd34f0686db3c1f423d7d88 0f7848ca155443b6a0d5f235e142bd60 - - default default] No more DHCP agents
2026-08-13 19:44:01.525 7 WARNING neutron.api.rpc.agentnotifiers.dhcp_rpc_agent_api [None req-040fc3cb-be59-4854-9618-0d7856a634e1 5e44c037bbd34f0686db3c1f423d7d88 0f7848ca155443b6a0d5f235e142bd60 - - default default] Unable to schedule network 7a453993-b787-4202-bc9d-82eb27c15e03: no agents available; will retry on subsequent port and subnet creation events.
2026-08-13 19:44:01.603 8 INFO neutron.plugins.ml2.drivers.ovn.mech_driver.mech_driver [None req-bf1eac69-f78b-4a82-96c1-bd19e9a2fdc1 - - - - - -] OVN reports status down for port: d6e7505e-5cf2-4b49-82b7-244a116cacc2
2026-08-13 19:44:01.684 7 INFO neutron.db.ovn_revision_numbers_db [None req-040fc3cb-be59-4854-9618-0d7856a634e1 5e44c037bbd34f0686db3c1f423d7d88 0f7848ca155443b6a0d5f235e142bd60 - - default default] Successfully bumped revision number for resource d6e7505e-5cf2-4b49-82b7-244a116cacc2 (type: ports) to 1 [pid: 7|app: 0|req: 1408/2751] 10.0.0.241 () {34 vars in 664 bytes} [Thu Aug 13 19:44:01 2026] POST /v2.0/ports => generated 743 bytes in 774 msecs (HTTP/1.1 201) 4 headers in 162 bytes (1 switches on core 0) /var/lib/openstack/lib/python3.12/site-packages/pycadf/identifier.py:70: UserWarning: Invalid uuid: neutron. To ensure interoperability, identifiers should be a valid uuid. warnings.warn(('Invalid uuid: %s. To ensure interoperability, '
2026-08-13 19:44:02.007 8 WARNING neutron.scheduler.dhcp_agent_scheduler [None req-bd1231e1-de80-4206-9d32-cf7da3bb734c 55a9d578215947caaa381aef51843f2f 070797272731476fbc2e8851ac078dc4 - - default default] No more DHCP agents
2026-08-13 19:44:02.008 8 WARNING neutron.api.rpc.agentnotifiers.dhcp_rpc_agent_api [None req-bd1231e1-de80-4206-9d32-cf7da3bb734c 55a9d578215947caaa381aef51843f2f 070797272731476fbc2e8851ac078dc4 - - default default] Unable to schedule network bdcdd62a-3abe-42e5-b809-bc0fbc74ed8a: no agents available; will retry on subsequent port and subnet creation events.
2026-08-13 19:44:02.012 7 INFO neutron.db.ovn_revision_numbers_db [None req-b21bca6f-6adb-4e05-9d6f-c48cd2403a86 - - - - - -] Successfully bumped revision number for resource 192e6ebb-cd19-41b0-a71f-b309bc4a1e7d (type: ports) to 2
2026-08-13 19:44:02.105 8 INFO neutron.plugins.ml2.drivers.ovn.mech_driver.mech_driver [None req-bf1eac69-f78b-4a82-96c1-bd19e9a2fdc1 - - - - - -] OVN reports status down for port: cfdbe6d3-edd0-4390-a315-6db00c423cbe [pid: 7|app: 0|req: 1409/2752] 10.0.0.241 () {34 vars in 666 bytes} [Thu Aug 13 19:44:01 2026] POST /v2.0/trunks => generated 409 bytes in 346 msecs (HTTP/1.1 201) 4 headers in 162 bytes (1 switches on core 0)
2026-08-13 19:44:02.168 8 INFO neutron.db.ovn_revision_numbers_db [None req-bd1231e1-de80-4206-9d32-cf7da3bb734c 55a9d578215947caaa381aef51843f2f 070797272731476fbc2e8851ac078dc4 - - default default] Successfully bumped revision number for resource cfdbe6d3-edd0-4390-a315-6db00c423cbe (type: ports) to 1 [pid: 7|app: 0|req: 1410/2753] 10.0.0.241 () {34 vars in 749 bytes} [Thu Aug 13 19:44:02 2026] PUT /v2.0/trunks/e53b3be1-75f6-4098-8be8-f5d9493b4b0e/tags => generated 25 bytes in 67 msecs (HTTP/1.1 200) 4 headers in 156 bytes (1 switches on core 0) [pid: 7|app: 0|req: 1411/2754] 10.0.0.241 () {32 vars in 729 bytes} [Thu Aug 13 19:44:02 2026] GET /v2.0/trunks/e53b3be1-75f6-4098-8be8-f5d9493b4b0e/tags => generated 25 bytes in 53 msecs (HTTP/1.1 200) 4 headers in 156 bytes (1 switches on core 0)
2026-08-13 19:44:02.289 7 INFO neutron.db.ovn_revision_numbers_db [None req-f2f7715f-9864-4a83-8266-d0788c49153b - - - - - -] Successfully bumped revision number for resource 192e6ebb-cd19-41b0-a71f-b309bc4a1e7d (type: router_ports) to 2 [pid: 7|app: 0|req: 1412/2755] 10.0.0.241 () {34 vars in 760 bytes} [Thu Aug 13 19:44:02 2026] PUT /v2.0/trunks/e53b3be1-75f6-4098-8be8-f5d9493b4b0e/tags/green => generated 4 bytes in 74 msecs (HTTP/1.1 201) 4 headers in 160 bytes (1 switches on core 0) [pid: 7|app: 0|req: 1413/2756] 10.0.0.241 () {32 vars in 729 bytes} [Thu Aug 13 19:44:02 2026] GET /v2.0/trunks/e53b3be1-75f6-4098-8be8-f5d9493b4b0e/tags => generated 34 bytes in 23 msecs (HTTP/1.1 200) 4 headers in 156 bytes (1 switches on core 0) [pid: 7|app: 0|req: 1414/2757] 10.0.0.241 () {34 vars in 756 bytes} [Thu Aug 13 19:44:02 2026] PUT /v2.0/trunks/e53b3be1-75f6-4098-8be8-f5d9493b4b0e/tags/red => generated 4 bytes in 29 msecs (HTTP/1.1 201) 4 headers in 160 bytes (1 switches on core 0) [pid: 7|app: 0|req: 1415/2758] 10.0.0.241 () {32 vars in 729 bytes} [Thu Aug 13 19:44:02 2026] GET /v2.0/trunks/e53b3be1-75f6-4098-8be8-f5d9493b4b0e/tags => generated 34 bytes in 17 msecs (HTTP/1.1 200) 4 headers in 156 bytes (1 switches on core 0) [pid: 7|app: 0|req: 1416/2759] 10.0.0.241 () {34 vars in 778 bytes} [Thu Aug 13 19:44:02 2026] PUT /v2.0/trunks/e53b3be1-75f6-4098-8be8-f5d9493b4b0e/tags/black.or.white => generated 4 bytes in 58 msecs (HTTP/1.1 201) 4 headers in 160 bytes (1 switches on core 0) [pid: 7|app: 0|req: 1417/2760] 10.0.0.241 () {32 vars in 729 bytes} [Thu Aug 13 19:44:02 2026] GET /v2.0/trunks/e53b3be1-75f6-4098-8be8-f5d9493b4b0e/tags => generated 52 bytes in 29 msecs (HTTP/1.1 200) 4 headers in 156 bytes (1 switches on core 0) [pid: 7|app: 0|req: 1418/2761] 10.0.0.241 () {34 vars in 749 bytes} [Thu Aug 13 19:44:02 2026] PUT /v2.0/trunks/e53b3be1-75f6-4098-8be8-f5d9493b4b0e/tags => generated 37 bytes in 39 msecs (HTTP/1.1 200) 4 headers in 156 bytes (1 switches on core 0) [pid: 7|app: 0|req: 1419/2762] 10.0.0.241 () {32 vars in 729 bytes} [Thu Aug 13 19:44:02 2026] GET /v2.0/trunks/e53b3be1-75f6-4098-8be8-f5d9493b4b0e/tags => generated 37 bytes in 25 msecs (HTTP/1.1 200) 4 headers in 156 bytes (1 switches on core 0) [pid: 7|app: 0|req: 1420/2763] 10.0.0.241 () {32 vars in 737 bytes} [Thu Aug 13 19:44:02 2026] GET /v2.0/trunks/e53b3be1-75f6-4098-8be8-f5d9493b4b0e/tags/red => generated 0 bytes in 16 msecs (HTTP/1.1 204) 2 headers in 112 bytes (1 switches on core 0)
2026-08-13 19:44:02.666 7 INFO neutron.api.v2.resource [None req-78b68345-387b-4098-9e74-7b90bd65d3aa 5e44c037bbd34f0686db3c1f423d7d88 0f7848ca155443b6a0d5f235e142bd60 - - default default] show failed (client error): The resource could not be found. [pid: 7|app: 0|req: 1421/2764] 10.0.0.241 () {32 vars in 741 bytes} [Thu Aug 13 19:44:02 2026] GET /v2.0/trunks/e53b3be1-75f6-4098-8be8-f5d9493b4b0e/tags/green => generated 99 bytes in 19 msecs (HTTP/1.1 404) 4 headers in 163 bytes (1 switches on core 0) [pid: 7|app: 0|req: 1422/2765] 10.0.0.241 () {32 vars in 740 bytes} [Thu Aug 13 19:44:02 2026] DELETE /v2.0/trunks/e53b3be1-75f6-4098-8be8-f5d9493b4b0e/tags/red => generated 0 bytes in 28 msecs (HTTP/1.1 204) 2 headers in 112 bytes (1 switches on core 0) [pid: 7|app: 0|req: 1423/2766] 10.0.0.241 () {32 vars in 729 bytes} [Thu Aug 13 19:44:02 2026] GET /v2.0/trunks/e53b3be1-75f6-4098-8be8-f5d9493b4b0e/tags => generated 30 bytes in 17 msecs (HTTP/1.1 200) 4 headers in 156 bytes (1 switches on core 0)
2026-08-13 19:44:02.744 7 INFO neutron.api.v2.resource [None req-f39f83cc-f6ee-4e56-80e8-444bb76520bd 5e44c037bbd34f0686db3c1f423d7d88 0f7848ca155443b6a0d5f235e142bd60 - - default default] delete failed (client error): The resource could not be found. [pid: 7|app: 0|req: 1424/2767] 10.0.0.241 () {32 vars in 744 bytes} [Thu Aug 13 19:44:02 2026] DELETE /v2.0/trunks/e53b3be1-75f6-4098-8be8-f5d9493b4b0e/tags/green => generated 99 bytes in 21 msecs (HTTP/1.1 404) 4 headers in 163 bytes (1 switches on core 0) [pid: 7|app: 0|req: 1425/2768] 10.0.0.241 () {32 vars in 732 bytes} [Thu Aug 13 19:44:02 2026] DELETE /v2.0/trunks/e53b3be1-75f6-4098-8be8-f5d9493b4b0e/tags => generated 0 bytes in 30 msecs (HTTP/1.1 204) 2 headers in 112 bytes (1 switches on core 0) [pid: 7|app: 0|req: 1426/2769] 10.0.0.241 () {32 vars in 729 bytes} [Thu Aug 13 19:44:02 2026] GET /v2.0/trunks/e53b3be1-75f6-4098-8be8-f5d9493b4b0e/tags => generated 12 bytes in 15 msecs (HTTP/1.1 200) 4 headers in 156 bytes (1 switches on core 0) [pid: 7|app: 0|req: 1427/2770] 10.0.0.241 () {32 vars in 719 bytes} [Thu Aug 13 19:44:02 2026] GET /v2.0/trunks/e53b3be1-75f6-4098-8be8-f5d9493b4b0e => generated 409 bytes in 12 msecs (HTTP/1.1 200) 4 headers in 157 bytes (1 switches on core 0) [pid: 7|app: 0|req: 1428/2771] 10.0.0.241 () {32 vars in 717 bytes} [Thu Aug 13 19:44:02 2026] GET /v2.0/ports/d6e7505e-5cf2-4b49-82b7-244a116cacc2 => generated 826 bytes in 47 msecs (HTTP/1.1 200) 4 headers in 157 bytes (1 switches on core 0)
2026-08-13 19:44:02.952 8 INFO neutron.plugins.ml2.drivers.ovn.mech_driver.mech_driver [None req-bf1eac69-f78b-4a82-96c1-bd19e9a2fdc1 - - - - - -] OVN reports status up for port: cfdbe6d3-edd0-4390-a315-6db00c423cbe [pid: 7|app: 0|req: 1429/2772] 10.0.0.241 () {32 vars in 722 bytes} [Thu Aug 13 19:44:02 2026] DELETE /v2.0/trunks/e53b3be1-75f6-4098-8be8-f5d9493b4b0e => generated 0 bytes in 77 msecs (HTTP/1.1 204) 2 headers in 112 bytes (1 switches on core 0)
2026-08-13 19:44:02.994 8 INFO neutron.plugins.ml2.plugin [None req-bf1eac69-f78b-4a82-96c1-bd19e9a2fdc1 - - - - - -] Attempt 1 to provision port cfdbe6d3-edd0-4390-a315-6db00c423cbe
2026-08-13 19:44:03.099 7 INFO neutron_taas.services.taas.taas_plugin [None req-5f7cec66-059c-4b1c-8718-7c363693d384 5e44c037bbd34f0686db3c1f423d7d88 0f7848ca155443b6a0d5f235e142bd60 - - default default] TaaS: Handle Delete Port: d6e7505e-5cf2-4b49-82b7-244a116cacc2
2026-08-13 19:44:03.101 8 WARNING neutron.scheduler.dhcp_agent_scheduler [None req-bd1231e1-de80-4206-9d32-cf7da3bb734c 55a9d578215947caaa381aef51843f2f 070797272731476fbc2e8851ac078dc4 - - default default] No more DHCP agents
2026-08-13 19:44:03.102 7 INFO neutron_taas.services.taas.tap_mirror_plugin [None req-5f7cec66-059c-4b1c-8718-7c363693d384 5e44c037bbd34f0686db3c1f423d7d88 0f7848ca155443b6a0d5f235e142bd60 - - default default] Tap Mirror: Handle Delete Port: d6e7505e-5cf2-4b49-82b7-244a116cacc2
2026-08-13 19:44:03.104 8 WARNING neutron.api.rpc.agentnotifiers.dhcp_rpc_agent_api [None req-bd1231e1-de80-4206-9d32-cf7da3bb734c 55a9d578215947caaa381aef51843f2f 070797272731476fbc2e8851ac078dc4 - - default default] Unable to schedule network bdcdd62a-3abe-42e5-b809-bc0fbc74ed8a: no agents available; will retry on subsequent port and subnet creation events. [pid: 7|app: 0|req: 1430/2773] 10.0.0.241 () {32 vars in 720 bytes} [Thu Aug 13 19:44:02 2026] DELETE /v2.0/ports/d6e7505e-5cf2-4b49-82b7-244a116cacc2 => generated 0 bytes in 246 msecs (HTTP/1.1 204) 3 headers in 131 bytes (1 switches on core 0)
2026-08-13 19:44:03.346 7 INFO neutron_taas.services.taas.taas_plugin [None req-38bde224-b792-4cd7-afc1-af4448eaaba3 5e44c037bbd34f0686db3c1f423d7d88 0f7848ca155443b6a0d5f235e142bd60 - - default default] TaaS: Handle Delete Port: ab50e4e5-f2fb-43da-b8e3-7a21a0c2e0bb
2026-08-13 19:44:03.349 7 INFO neutron_taas.services.taas.tap_mirror_plugin [None req-38bde224-b792-4cd7-afc1-af4448eaaba3 5e44c037bbd34f0686db3c1f423d7d88 0f7848ca155443b6a0d5f235e142bd60 - - default default] Tap Mirror: Handle Delete Port: ab50e4e5-f2fb-43da-b8e3-7a21a0c2e0bb
2026-08-13 19:44:03.537 7 INFO neutron.services.segments.plugin [-] Segment 54c5ea4e-2fa1-46b9-80cd-420da946ce89 resource provider aggregate not found
2026-08-13 19:44:03.543 7 INFO neutron.services.segments.plugin [-] Segment 54c5ea4e-2fa1-46b9-80cd-420da946ce89 resource provider aggregate not found
2026-08-13 19:44:03.565 7 INFO neutron.services.segments.plugin [-] Client error retrieving segment 54c5ea4e-2fa1-46b9-80cd-420da946ce89 resource provider; error: Placement Client Error (4xx): {"errors": [{"status": 404, "title": "Not Found", "detail": "The resource could not be found.\n\n No resource provider with uuid 54c5ea4e-2fa1-46b9-80cd-420da946ce89 found for delete ", "request_id": "req-a4183a88-48f9-409b-848e-479c19b21544"}]}
2026-08-13 19:44:03.566 7 INFO neutron.services.segments.plugin [-] Client error retrieving segment 54c5ea4e-2fa1-46b9-80cd-420da946ce89 resource provider; error: Placement Client Error (4xx): {"errors": [{"status": 404, "title": "Not Found", "detail": "The resource could not be found.\n\n No resource provider with uuid 54c5ea4e-2fa1-46b9-80cd-420da946ce89 found for delete ", "request_id": "req-f3ccaca8-543e-4bbd-aad6-4042673e26df"}]} [pid: 7|app: 0|req: 1431/2774] 10.0.0.241 () {32 vars in 726 bytes} [Thu Aug 13 19:44:03 2026] DELETE /v2.0/networks/7a453993-b787-4202-bc9d-82eb27c15e03 => generated 0 bytes in 373 msecs (HTTP/1.1 204) 3 headers in 131 bytes (1 switches on core 0)
2026-08-13 19:44:03.777 8 INFO neutron.db.ovn_revision_numbers_db [None req-bf1eac69-f78b-4a82-96c1-bd19e9a2fdc1 - - - - - -] Successfully bumped revision number for resource cfdbe6d3-edd0-4390-a315-6db00c423cbe (type: ports) to 2
2026-08-13 19:44:03.956 8 INFO neutron.db.ovn_revision_numbers_db [None req-bd1231e1-de80-4206-9d32-cf7da3bb734c 55a9d578215947caaa381aef51843f2f 070797272731476fbc2e8851ac078dc4 - - default default] Successfully bumped revision number for resource cfdbe6d3-edd0-4390-a315-6db00c423cbe (type: router_ports) to 1 [pid: 8|app: 0|req: 1344/2775] 10.0.0.241 () {34 vars in 783 bytes} [Thu Aug 13 19:44:01 2026] PUT /v2.0/routers/b971a06d-f579-4220-97d1-87d5ff60557e/add_router_interface => generated 309 bytes in 2608 msecs (HTTP/1.1 200) 4 headers in 157 bytes (1 switches on core 0)
2026-08-13 19:44:04.014 8 INFO neutron.db.ovn_revision_numbers_db [None req-b46812ec-75e8-482a-b379-6158e094ff6c - - - - - -] Successfully bumped revision number for resource cfdbe6d3-edd0-4390-a315-6db00c423cbe (type: router_ports) to 2
2026-08-13 19:44:04.157 7 INFO neutron.db.ovn_revision_numbers_db [None req-3b0e1f2e-2b82-451d-a09d-c9ba48cc3813 55a9d578215947caaa381aef51843f2f 070797272731476fbc2e8851ac078dc4 - - default default] Successfully bumped revision number for resource 1e44b14a-77a9-4b21-b875-74636e997ca7 (type: security_groups) to 1
2026-08-13 19:44:04.167 7 INFO neutron.db.ovn_revision_numbers_db [None req-3b0e1f2e-2b82-451d-a09d-c9ba48cc3813 55a9d578215947caaa381aef51843f2f 070797272731476fbc2e8851ac078dc4 - - default default] Successfully bumped revision number for resource 11fe9f6f-fe6d-4ab9-bdc8-9c4b55084067 (type: security_group_rules) to 0
2026-08-13 19:44:04.179 7 INFO neutron.db.ovn_revision_numbers_db [None req-3b0e1f2e-2b82-451d-a09d-c9ba48cc3813 55a9d578215947caaa381aef51843f2f 070797272731476fbc2e8851ac078dc4 - - default default] Successfully bumped revision number for resource 688c70fd-4477-4f7e-bdd9-16ae8c47f586 (type: security_group_rules) to 0 [pid: 7|app: 0|req: 1432/2776] 10.0.0.241 () {34 vars in 684 bytes} [Thu Aug 13 19:44:04 2026] POST /v2.0/security-groups => generated 1630 bytes in 194 msecs (HTTP/1.1 201) 4 headers in 163 bytes (1 switches on core 0)
2026-08-13 19:44:04.354 8 INFO neutron.db.ovn_revision_numbers_db [None req-90562337-2ee6-4d98-b704-961f1ddca39e 55a9d578215947caaa381aef51843f2f 070797272731476fbc2e8851ac078dc4 - - default default] Successfully bumped revision number for resource cacafa58-236d-435f-bded-0dbe9588f6b3 (type: security_group_rules) to 0 [pid: 8|app: 0|req: 1345/2777] 10.0.0.241 () {34 vars in 695 bytes} [Thu Aug 13 19:44:04 2026] POST /v2.0/security-group-rules => generated 597 bytes in 164 msecs (HTTP/1.1 201) 4 headers in 162 bytes (1 switches on core 0) [pid: 7|app: 0|req: 1433/2778] 10.0.0.241 () {32 vars in 774 bytes} [Thu Aug 13 19:44:04 2026] GET /v2.0/security-groups?tenant_id=0f7848ca155443b6a0d5f235e142bd60&name=default => generated 2929 bytes in 116 msecs (HTTP/1.1 200) 4 headers in 158 bytes (1 switches on core 0)
2026-08-13 19:44:04.535 8 INFO neutron.db.ovn_revision_numbers_db [None req-8ac44edc-df10-4184-a84f-9a40170066f7 55a9d578215947caaa381aef51843f2f 070797272731476fbc2e8851ac078dc4 - - default default] Successfully bumped revision number for resource 5aa4bc97-b588-411c-9883-dba4fde2ac9a (type: security_group_rules) to 0 [pid: 8|app: 0|req: 1346/2779] 10.0.0.241 () {34 vars in 695 bytes} [Thu Aug 13 19:44:04 2026] POST /v2.0/security-group-rules => generated 597 bytes in 194 msecs (HTTP/1.1 201) 4 headers in 162 bytes (1 switches on core 0) [pid: 7|app: 0|req: 1434/2780] 10.0.0.241 () {32 vars in 740 bytes} [Thu Aug 13 19:44:04 2026] DELETE /v2.0/security-groups/240078da-086a-4a89-a650-d49aeb0ec76c => generated 0 bytes in 254 msecs (HTTP/1.1 204) 2 headers in 112 bytes (1 switches on core 0)
2026-08-13 19:44:04.725 8 INFO neutron.db.ovn_revision_numbers_db [None req-577d3efc-ba38-47c1-9600-61f7a0cf3881 55a9d578215947caaa381aef51843f2f 070797272731476fbc2e8851ac078dc4 - - default default] Successfully bumped revision number for resource 0debb2d3-f240-43ea-a8df-2163cab37258 (type: security_group_rules) to 0 [pid: 8|app: 0|req: 1347/2781] 10.0.0.241 () {34 vars in 695 bytes} [Thu Aug 13 19:44:04 2026] POST /v2.0/security-group-rules => generated 599 bytes in 161 msecs (HTTP/1.1 201) 4 headers in 162 bytes (1 switches on core 0)
2026-08-13 19:44:04.890 8 INFO neutron.db.ovn_revision_numbers_db [None req-87b88f5f-c958-4a9a-a88a-6f6ade02f533 93afeb5cd2c544b0b2bfea9dbf39cef9 d33eb3e73b334f6b8075a332407e4046 - - default default] Successfully bumped revision number for resource de701d47-3ad8-497b-9e3d-783045f19948 (type: security_groups) to 1
2026-08-13 19:44:04.902 8 INFO neutron.db.ovn_revision_numbers_db [None req-87b88f5f-c958-4a9a-a88a-6f6ade02f533 93afeb5cd2c544b0b2bfea9dbf39cef9 d33eb3e73b334f6b8075a332407e4046 - - default default] Successfully bumped revision number for resource 5324d036-123f-43bc-b296-1638fe633b4a (type: security_group_rules) to 0
2026-08-13 19:44:04.912 7 INFO neutron.db.ovn_revision_numbers_db [None req-7bf01527-45b9-49a4-9ae3-109af7d00b95 55a9d578215947caaa381aef51843f2f 070797272731476fbc2e8851ac078dc4 - - default default] Successfully bumped revision number for resource 9262d3bf-ab1c-4776-84cc-2dbba01f3c01 (type: security_group_rules) to 0
2026-08-13 19:44:04.913 8 INFO neutron.db.ovn_revision_numbers_db [None req-87b88f5f-c958-4a9a-a88a-6f6ade02f533 93afeb5cd2c544b0b2bfea9dbf39cef9 d33eb3e73b334f6b8075a332407e4046 - - default default] Successfully bumped revision number for resource 863d3c12-c299-471d-974b-2de7a5b06924 (type: security_group_rules) to 0
2026-08-13 19:44:04.925 8 INFO neutron.db.ovn_revision_numbers_db [None req-87b88f5f-c958-4a9a-a88a-6f6ade02f533 93afeb5cd2c544b0b2bfea9dbf39cef9 d33eb3e73b334f6b8075a332407e4046 - - default default] Successfully bumped revision number for resource 8a22fcca-beb7-46fb-ba8a-1fb9f67905b5 (type: security_group_rules) to 0
2026-08-13 19:44:04.935 8 INFO neutron.db.ovn_revision_numbers_db [None req-87b88f5f-c958-4a9a-a88a-6f6ade02f533 93afeb5cd2c544b0b2bfea9dbf39cef9 d33eb3e73b334f6b8075a332407e4046 - - default default] Successfully bumped revision number for resource c1b997b8-b156-49af-98fa-15ff6857f0c4 (type: security_group_rules) to 0 [pid: 7|app: 0|req: 1435/2782] 10.0.0.241 () {34 vars in 695 bytes} [Thu Aug 13 19:44:04 2026] POST /v2.0/security-group-rules => generated 601 bytes in 177 msecs (HTTP/1.1 201) 4 headers in 162 bytes (1 switches on core 0) [pid: 8|app: 0|req: 1348/2783] 10.0.0.241 () {32 vars in 774 bytes} [Thu Aug 13 19:44:04 2026] GET /v2.0/security-groups?tenant_id=2e9a3a91f2654180a6d555392f904ae7&name=default => generated 2929 bytes in 197 msecs (HTTP/1.1 200) 4 headers in 158 bytes (1 switches on core 0)
2026-08-13 19:44:05.076 7 INFO neutron.db.ovn_revision_numbers_db [None req-4a4f8d89-d4db-4156-9378-019689e0b32d 55a9d578215947caaa381aef51843f2f 070797272731476fbc2e8851ac078dc4 - - default default] Successfully bumped revision number for resource 9aa3fd5a-ba38-4f2d-87d2-2a5222965724 (type: security_group_rules) to 0 [pid: 7|app: 0|req: 1436/2784] 10.0.0.241 () {34 vars in 695 bytes} [Thu Aug 13 19:44:04 2026] POST /v2.0/security-group-rules => generated 601 bytes in 159 msecs (HTTP/1.1 201) 4 headers in 162 bytes (1 switches on core 0) [pid: 8|app: 0|req: 1349/2785] 10.0.0.241 () {32 vars in 740 bytes} [Thu Aug 13 19:44:04 2026] DELETE /v2.0/security-groups/de701d47-3ad8-497b-9e3d-783045f19948 => generated 0 bytes in 209 msecs (HTTP/1.1 204) 2 headers in 112 bytes (1 switches on core 0)
2026-08-13 19:44:05.258 7 INFO neutron.db.ovn_revision_numbers_db [None req-99916071-55ee-4964-a5ba-1f48edfd5bbb 55a9d578215947caaa381aef51843f2f 070797272731476fbc2e8851ac078dc4 - - default default] Successfully bumped revision number for resource a0417fe9-2286-43f1-89e6-a5210c8d266f (type: security_group_rules) to 0 [pid: 7|app: 0|req: 1437/2786] 10.0.0.241 () {34 vars in 695 bytes} [Thu Aug 13 19:44:05 2026] POST /v2.0/security-group-rules => generated 597 bytes in 193 msecs (HTTP/1.1 201) 4 headers in 162 bytes (1 switches on core 0)
2026-08-13 19:44:05.456 8 INFO neutron.db.ovn_revision_numbers_db [None req-01265edf-36ee-4b04-86cc-7a00b75e0832 55a9d578215947caaa381aef51843f2f 070797272731476fbc2e8851ac078dc4 - - default default] Successfully bumped revision number for resource 87390c80-d849-4516-b910-cf9025ecf733 (type: security_group_rules) to 0 [pid: 8|app: 0|req: 1350/2787] 10.0.0.241 () {34 vars in 695 bytes} [Thu Aug 13 19:44:05 2026] POST /v2.0/security-group-rules => generated 597 bytes in 195 msecs (HTTP/1.1 201) 4 headers in 162 bytes (1 switches on core 0)
2026-08-13 19:44:05.726 7 INFO neutron.db.ovn_revision_numbers_db [None req-d920880f-f33e-407d-84b6-daf715e891e4 55a9d578215947caaa381aef51843f2f 070797272731476fbc2e8851ac078dc4 - - default default] Successfully bumped revision number for resource b2b67070-4011-4490-a76d-07fbe1ab7d69 (type: security_group_rules) to 0 [pid: 7|app: 0|req: 1438/2788] 10.0.0.241 () {34 vars in 695 bytes} [Thu Aug 13 19:44:05 2026] POST /v2.0/security-group-rules => generated 597 bytes in 245 msecs (HTTP/1.1 201) 4 headers in 162 bytes (1 switches on core 0)
2026-08-13 19:44:05.987 8 INFO neutron.db.ovn_revision_numbers_db [None req-40c50cad-bc98-4507-96fd-b43af33bdce8 55a9d578215947caaa381aef51843f2f 070797272731476fbc2e8851ac078dc4 - - default default] Successfully bumped revision number for resource cbefeb4a-dbdd-4a8d-bc89-1c15fb87536b (type: security_group_rules) to 0 [pid: 8|app: 0|req: 1351/2789] 10.0.0.241 () {34 vars in 695 bytes} [Thu Aug 13 19:44:05 2026] POST /v2.0/security-group-rules => generated 599 bytes in 288 msecs (HTTP/1.1 201) 4 headers in 162 bytes (1 switches on core 0)
2026-08-13 19:44:06.295 7 INFO neutron.db.ovn_revision_numbers_db [None req-08e6e408-42e3-48f5-b971-c0c1b47a62f3 55a9d578215947caaa381aef51843f2f 070797272731476fbc2e8851ac078dc4 - - default default] Successfully bumped revision number for resource 1ca611c8-d2d7-42cd-9dae-0ee24b984895 (type: security_group_rules) to 0 [pid: 7|app: 0|req: 1439/2790] 10.0.0.241 () {34 vars in 695 bytes} [Thu Aug 13 19:44:06 2026] POST /v2.0/security-group-rules => generated 601 bytes in 284 msecs (HTTP/1.1 201) 4 headers in 162 bytes (1 switches on core 0)
2026-08-13 19:44:06.659 8 INFO neutron.db.ovn_revision_numbers_db [None req-6e86cda8-86e3-480f-b844-1b83e24f0202 55a9d578215947caaa381aef51843f2f 070797272731476fbc2e8851ac078dc4 - - default default] Successfully bumped revision number for resource 23141fba-b0d8-4858-91c5-81ee76247d09 (type: security_group_rules) to 0 [pid: 8|app: 0|req: 1352/2791] 10.0.0.241 () {34 vars in 695 bytes} [Thu Aug 13 19:44:06 2026] POST /v2.0/security-group-rules => generated 597 bytes in 366 msecs (HTTP/1.1 201) 4 headers in 162 bytes (1 switches on core 0) [pid: 7|app: 0|req: 1440/2792] 10.0.0.147 () {34 vars in 1096 bytes} [Thu Aug 13 19:44:07 2026] GET /v2.0/security-groups?name=tempest-lb_member_SG-1536293313&fields=id&tenant_id=070797272731476fbc2e8851ac078dc4 => generated 69 bytes in 35 msecs (HTTP/1.1 200) 4 headers in 156 bytes (1 switches on core 0) [pid: 8|app: 0|req: 1353/2793] 10.0.0.147 () {34 vars in 982 bytes} [Thu Aug 13 19:44:07 2026] GET /v2.0/networks?id=3c313923-d2e4-4f73-9b54-da90ab30e21c => generated 705 bytes in 45 msecs (HTTP/1.1 200) 4 headers in 157 bytes (1 switches on core 0) [pid: 7|app: 0|req: 1441/2794] 10.0.0.147 () {34 vars in 965 bytes} [Thu Aug 13 19:44:07 2026] GET /v2.0/quotas/070797272731476fbc2e8851ac078dc4 => generated 292 bytes in 15 msecs (HTTP/1.1 200) 4 headers in 157 bytes (1 switches on core 0) [pid: 8|app: 0|req: 1354/2795] 10.0.0.147 () {34 vars in 1002 bytes} [Thu Aug 13 19:44:07 2026] GET /v2.0/ports?tenant_id=070797272731476fbc2e8851ac078dc4&fields=id => generated 287 bytes in 159 msecs (HTTP/1.1 200) 4 headers in 157 bytes (1 switches on core 0) [pid: 7|app: 0|req: 1442/2796] 10.0.0.147 () {34 vars in 1008 bytes} [Thu Aug 13 19:44:07 2026] GET /v2.0/networks/3c313923-d2e4-4f73-9b54-da90ab30e21c?fields=segments => generated 14 bytes in 164 msecs (HTTP/1.1 200) 4 headers in 156 bytes (1 switches on core 0) [pid: 8|app: 0|req: 1355/2797] 10.0.0.147 () {34 vars in 1108 bytes} [Thu Aug 13 19:44:07 2026] GET /v2.0/networks/3c313923-d2e4-4f73-9b54-da90ab30e21c?fields=provider%3Aphysical_network&fields=provider%3Anetwork_type => generated 79 bytes in 51 msecs (HTTP/1.1 200) 4 headers in 156 bytes (1 switches on core 0) [pid: 7|app: 0|req: 1443/2798] 10.0.0.147 () {34 vars in 990 bytes} [Thu Aug 13 19:44:08 2026] GET /v2.0/ports?device_id=253f4408-e876-40cb-b64b-187fe4de422a => generated 12 bytes in 258 msecs (HTTP/1.1 200) 4 headers in 156 bytes (1 switches on core 0)
2026-08-13 19:44:08.876 8 INFO neutron.db.ovn_revision_numbers_db [None req-8880cbc0-530a-4619-a235-76cdab13a6d2 32dba5547e9d48e584a4fdff2b479c65 45299da9812c4ce1b82d3c002b7be748 - - default default] Successfully bumped revision number for resource 1a09c25c-1027-4bc7-86cb-d65c1679f5d6 (type: security_groups) to 1
2026-08-13 19:44:08.887 8 INFO neutron.db.ovn_revision_numbers_db [None req-8880cbc0-530a-4619-a235-76cdab13a6d2 32dba5547e9d48e584a4fdff2b479c65 45299da9812c4ce1b82d3c002b7be748 - - default default] Successfully bumped revision number for resource bca8fe16-ea6d-4c86-bfcc-e6cbd8d9070f (type: security_group_rules) to 0
2026-08-13 19:44:08.900 8 INFO neutron.db.ovn_revision_numbers_db [None req-8880cbc0-530a-4619-a235-76cdab13a6d2 32dba5547e9d48e584a4fdff2b479c65 45299da9812c4ce1b82d3c002b7be748 - - default default] Successfully bumped revision number for resource c890a2b1-6d9d-4d68-b7f4-1ff8e2d83214 (type: security_group_rules) to 0
2026-08-13 19:44:08.912 8 INFO neutron.db.ovn_revision_numbers_db [None req-8880cbc0-530a-4619-a235-76cdab13a6d2 32dba5547e9d48e584a4fdff2b479c65 45299da9812c4ce1b82d3c002b7be748 - - default default] Successfully bumped revision number for resource ed9d88da-b5a1-4ece-b648-4976c2489445 (type: security_group_rules) to 0
2026-08-13 19:44:08.924 8 INFO neutron.db.ovn_revision_numbers_db [None req-8880cbc0-530a-4619-a235-76cdab13a6d2 32dba5547e9d48e584a4fdff2b479c65 45299da9812c4ce1b82d3c002b7be748 - - default default] Successfully bumped revision number for resource f37073b8-07d2-42ea-943a-ce49ef6bec48 (type: security_group_rules) to 0
2026-08-13 19:44:08.998 8 INFO neutron.db.segments_db [None req-8880cbc0-530a-4619-a235-76cdab13a6d2 32dba5547e9d48e584a4fdff2b479c65 45299da9812c4ce1b82d3c002b7be748 - - default default] Added segment 09dc5df0-012f-4893-952c-0d5a1ddc4e3e of type geneve for network 76505423-5c2d-4565-961e-7fc441edd911
2026-08-13 19:44:09.100 8 INFO neutron.db.ovn_revision_numbers_db [None req-8880cbc0-530a-4619-a235-76cdab13a6d2 32dba5547e9d48e584a4fdff2b479c65 45299da9812c4ce1b82d3c002b7be748 - - default default] Successfully bumped revision number for resource 76505423-5c2d-4565-961e-7fc441edd911 (type: networks) to 1
2026-08-13 19:44:09.258 8 WARNING neutron.scheduler.dhcp_agent_scheduler [None req-8880cbc0-530a-4619-a235-76cdab13a6d2 32dba5547e9d48e584a4fdff2b479c65 45299da9812c4ce1b82d3c002b7be748 - - default default] No more DHCP agents
2026-08-13 19:44:09.260 8 WARNING neutron.api.rpc.agentnotifiers.dhcp_rpc_agent_api [None req-8880cbc0-530a-4619-a235-76cdab13a6d2 32dba5547e9d48e584a4fdff2b479c65 45299da9812c4ce1b82d3c002b7be748 - - default default] Unable to schedule network 76505423-5c2d-4565-961e-7fc441edd911: no agents available; will retry on subsequent port and subnet creation events.
2026-08-13 19:44:09.308 8 INFO neutron.plugins.ml2.drivers.ovn.mech_driver.mech_driver [None req-b46812ec-75e8-482a-b379-6158e094ff6c - - - - - -] OVN reports status down for port: c6be536d-9ec5-4c8e-b2dd-2f2c8179e410
2026-08-13 19:44:09.369 8 INFO neutron.db.ovn_revision_numbers_db [None req-8880cbc0-530a-4619-a235-76cdab13a6d2 32dba5547e9d48e584a4fdff2b479c65 45299da9812c4ce1b82d3c002b7be748 - - default default] Successfully bumped revision number for resource c6be536d-9ec5-4c8e-b2dd-2f2c8179e410 (type: ports) to 1 [pid: 8|app: 0|req: 1356/2799] 10.0.0.241 () {34 vars in 670 bytes} [Thu Aug 13 19:44:08 2026] POST /v2.0/networks => generated 627 bytes in 726 msecs (HTTP/1.1 201) 4 headers in 162 bytes (1 switches on core 0)
2026-08-13 19:44:09.632 7 WARNING neutron.scheduler.dhcp_agent_scheduler [None req-53a4ebd1-6d3a-4b44-bcdd-1e8f45006b5a 32dba5547e9d48e584a4fdff2b479c65 45299da9812c4ce1b82d3c002b7be748 - - default default] No more DHCP agents
2026-08-13 19:44:09.634 7 WARNING neutron.api.rpc.agentnotifiers.dhcp_rpc_agent_api [None req-53a4ebd1-6d3a-4b44-bcdd-1e8f45006b5a 32dba5547e9d48e584a4fdff2b479c65 45299da9812c4ce1b82d3c002b7be748 - - default default] Unable to schedule network 76505423-5c2d-4565-961e-7fc441edd911: no agents available; will retry on subsequent port and subnet creation events.
2026-08-13 19:44:10.015 7 INFO neutron.db.ovn_revision_numbers_db [None req-509fdb13-fd4a-445a-9898-14696f24dfca - - - - - -] Successfully bumped revision number for resource c6be536d-9ec5-4c8e-b2dd-2f2c8179e410 (type: ports) to 2
2026-08-13 19:44:10.049 7 INFO neutron.db.ovn_revision_numbers_db [None req-509fdb13-fd4a-445a-9898-14696f24dfca - - - - - -] Successfully bumped revision number for resource 3d15c677-7084-4b60-9613-ee8e5e47c7a9 (type: subnets) to 0 [pid: 7|app: 0|req: 1444/2800] 10.0.0.241 () {34 vars in 669 bytes} [Thu Aug 13 19:44:09 2026] POST /v2.0/subnets => generated 626 bytes in 650 msecs (HTTP/1.1 201) 4 headers in 162 bytes (1 switches on core 0)
2026-08-13 19:44:10.478 8 WARNING neutron.scheduler.dhcp_agent_scheduler [None req-40081e43-8800-42a8-a78e-9c3286f15fae 32dba5547e9d48e584a4fdff2b479c65 45299da9812c4ce1b82d3c002b7be748 - - default default] No more DHCP agents
2026-08-13 19:44:10.481 8 WARNING neutron.api.rpc.agentnotifiers.dhcp_rpc_agent_api [None req-40081e43-8800-42a8-a78e-9c3286f15fae 32dba5547e9d48e584a4fdff2b479c65 45299da9812c4ce1b82d3c002b7be748 - - default default] Unable to schedule network 795fb249-904f-4ece-8d7f-42a3646b6d97: no agents available; will retry on subsequent port and subnet creation events.
2026-08-13 19:44:10.609 7 INFO neutron.plugins.ml2.drivers.ovn.mech_driver.mech_driver [None req-f2f7715f-9864-4a83-8266-d0788c49153b - - - - - -] OVN reports status down for port: e5762778-30e2-4769-bdbd-267dfd954db6
2026-08-13 19:44:10.639 8 INFO neutron.db.ovn_revision_numbers_db [None req-40081e43-8800-42a8-a78e-9c3286f15fae 32dba5547e9d48e584a4fdff2b479c65 45299da9812c4ce1b82d3c002b7be748 - - default default] Successfully bumped revision number for resource e5762778-30e2-4769-bdbd-267dfd954db6 (type: ports) to 1
2026-08-13 19:44:11.178 8 INFO neutron.plugins.ml2.drivers.ovn.mech_driver.ovsdb.commands [None req-511da5ca-8fe7-43db-9c4f-6ed66a793e7d - - - - - -] Schedule LRP lrp-e5762778-30e2-4769-bdbd-267dfd954db6 on gateway b1f037a9-c0ef-4057-9288-f89e3f5c17f4 with priority 1
2026-08-13 19:44:11.197 7 INFO neutron.plugins.ml2.drivers.ovn.mech_driver.mech_driver [None req-f2f7715f-9864-4a83-8266-d0788c49153b - - - - - -] OVN reports status up for port: e5762778-30e2-4769-bdbd-267dfd954db6
2026-08-13 19:44:11.211 7 INFO neutron.plugins.ml2.plugin [None req-f2f7715f-9864-4a83-8266-d0788c49153b - - - - - -] Attempt 1 to provision port e5762778-30e2-4769-bdbd-267dfd954db6
2026-08-13 19:44:11.242 8 INFO neutron.db.ovn_revision_numbers_db [None req-40081e43-8800-42a8-a78e-9c3286f15fae 32dba5547e9d48e584a4fdff2b479c65 45299da9812c4ce1b82d3c002b7be748 - - default default] Successfully bumped revision number for resource e5762778-30e2-4769-bdbd-267dfd954db6 (type: router_ports) to 1
2026-08-13 19:44:11.314 8 INFO neutron.db.ovn_revision_numbers_db [None req-40081e43-8800-42a8-a78e-9c3286f15fae 32dba5547e9d48e584a4fdff2b479c65 45299da9812c4ce1b82d3c002b7be748 - - default default] Successfully bumped revision number for resource a18b5d4f-532b-4afc-9753-f78764c9a224 (type: routers) to 2 [pid: 8|app: 0|req: 1357/2801] 10.0.0.241 () {34 vars in 669 bytes} [Thu Aug 13 19:44:10 2026] POST /v2.0/routers => generated 935 bytes in 1262 msecs (HTTP/1.1 201) 4 headers in 162 bytes (1 switches on core 0)
2026-08-13 19:44:11.836 7 WARNING neutron.scheduler.dhcp_agent_scheduler [None req-59cbeb01-b360-4e2d-8fe5-143c507117c4 32dba5547e9d48e584a4fdff2b479c65 45299da9812c4ce1b82d3c002b7be748 - - default default] No more DHCP agents
2026-08-13 19:44:11.838 7 WARNING neutron.api.rpc.agentnotifiers.dhcp_rpc_agent_api [None req-59cbeb01-b360-4e2d-8fe5-143c507117c4 32dba5547e9d48e584a4fdff2b479c65 45299da9812c4ce1b82d3c002b7be748 - - default default] Unable to schedule network 76505423-5c2d-4565-961e-7fc441edd911: no agents available; will retry on subsequent port and subnet creation events.
2026-08-13 19:44:11.978 7 INFO neutron.db.ovn_revision_numbers_db [None req-59cbeb01-b360-4e2d-8fe5-143c507117c4 32dba5547e9d48e584a4fdff2b479c65 45299da9812c4ce1b82d3c002b7be748 - - default default] Successfully bumped revision number for resource 7955cf08-431b-4295-b51b-bd8c3ae7e8eb (type: ports) to 1 [pid: 8|app: 0|req: 1358/2802] 199.204.45.156 () {34 vars in 986 bytes} [Thu Aug 13 19:44:12 2026] GET /v2.0/networks?id=3c313923-d2e4-4f73-9b54-da90ab30e21c => generated 705 bytes in 41 msecs (HTTP/1.1 200) 4 headers in 157 bytes (1 switches on core 0) [pid: 8|app: 0|req: 1359/2803] 199.204.45.156 () {34 vars in 1050 bytes} [Thu Aug 13 19:44:12 2026] GET /v2.0/security-groups?fields=id&fields=name&tenant_id=070797272731476fbc2e8851ac078dc4 => generated 179 bytes in 29 msecs (HTTP/1.1 200) 4 headers in 157 bytes (1 switches on core 0)
2026-08-13 19:44:12.684 7 WARNING neutron.scheduler.dhcp_agent_scheduler [None req-59cbeb01-b360-4e2d-8fe5-143c507117c4 32dba5547e9d48e584a4fdff2b479c65 45299da9812c4ce1b82d3c002b7be748 - - default default] No more DHCP agents
2026-08-13 19:44:12.685 7 WARNING neutron.api.rpc.agentnotifiers.dhcp_rpc_agent_api [None req-59cbeb01-b360-4e2d-8fe5-143c507117c4 32dba5547e9d48e584a4fdff2b479c65 45299da9812c4ce1b82d3c002b7be748 - - default default] Unable to schedule network 76505423-5c2d-4565-961e-7fc441edd911: no agents available; will retry on subsequent port and subnet creation events.
2026-08-13 19:44:12.703 8 WARNING neutron.scheduler.dhcp_agent_scheduler [req-fd2a3108-cbd3-4c56-8cd0-c1e8f4cd60d2 req-b48dbe6e-c3f3-4510-af30-a1b323b513b0 55a9d578215947caaa381aef51843f2f 070797272731476fbc2e8851ac078dc4 - - default default] No more DHCP agents
2026-08-13 19:44:12.704 8 WARNING neutron.api.rpc.agentnotifiers.dhcp_rpc_agent_api [req-fd2a3108-cbd3-4c56-8cd0-c1e8f4cd60d2 req-b48dbe6e-c3f3-4510-af30-a1b323b513b0 55a9d578215947caaa381aef51843f2f 070797272731476fbc2e8851ac078dc4 - - default default] Unable to schedule network 3c313923-d2e4-4f73-9b54-da90ab30e21c: no agents available; will retry on subsequent port and subnet creation events.
2026-08-13 19:44:12.828 8 INFO neutron.plugins.ml2.drivers.ovn.mech_driver.mech_driver [None req-b46812ec-75e8-482a-b379-6158e094ff6c - - - - - -] OVN reports status down for port: 0fc4a31d-7df8-45db-835f-49c3f0a6186e
2026-08-13 19:44:12.889 8 INFO neutron.db.ovn_revision_numbers_db [req-fd2a3108-cbd3-4c56-8cd0-c1e8f4cd60d2 req-b48dbe6e-c3f3-4510-af30-a1b323b513b0 55a9d578215947caaa381aef51843f2f 070797272731476fbc2e8851ac078dc4 - - default default] Successfully bumped revision number for resource 0fc4a31d-7df8-45db-835f-49c3f0a6186e (type: ports) to 1 [pid: 8|app: 0|req: 1360/2804] 199.204.45.156 () {38 vars in 955 bytes} [Thu Aug 13 19:44:12 2026] POST /v2.0/ports => generated 1183 bytes in 642 msecs (HTTP/1.1 201) 4 headers in 163 bytes (1 switches on core 0) /var/lib/openstack/lib/python3.12/site-packages/pycadf/identifier.py:70: UserWarning: Invalid uuid: neutron. To ensure interoperability, identifiers should be a valid uuid. warnings.warn(('Invalid uuid: %s. To ensure interoperability, '
2026-08-13 19:44:13.068 7 INFO neutron.db.ovn_revision_numbers_db [None req-59cbeb01-b360-4e2d-8fe5-143c507117c4 32dba5547e9d48e584a4fdff2b479c65 45299da9812c4ce1b82d3c002b7be748 - - default default] Successfully bumped revision number for resource 7955cf08-431b-4295-b51b-bd8c3ae7e8eb (type: router_ports) to 1 [pid: 7|app: 0|req: 1445/2805] 10.0.0.241 () {34 vars in 783 bytes} [Thu Aug 13 19:44:11 2026] PUT /v2.0/routers/a18b5d4f-532b-4afc-9753-f78764c9a224/add_router_interface => generated 309 bytes in 1743 msecs (HTTP/1.1 200) 4 headers in 157 bytes (1 switches on core 0)
2026-08-13 19:44:13.426 8 INFO neutron.db.ovn_revision_numbers_db [req-fd2a3108-cbd3-4c56-8cd0-c1e8f4cd60d2 req-aa787a42-a719-45c6-80c1-f204179e129e 3fea275b788943c992cd9c6074538bb9 ea47b354f1fe4a8b9c7d132403b23b4c - - 80ae0d0dfb5f452ba4634d96405bf1f3 80ae0d0dfb5f452ba4634d96405bf1f3] Successfully bumped revision number for resource 0fc4a31d-7df8-45db-835f-49c3f0a6186e (type: ports) to 2
2026-08-13 19:44:13.656 8 INFO neutron.db.ovn_revision_numbers_db [req-fd2a3108-cbd3-4c56-8cd0-c1e8f4cd60d2 req-aa787a42-a719-45c6-80c1-f204179e129e 3fea275b788943c992cd9c6074538bb9 ea47b354f1fe4a8b9c7d132403b23b4c - - 80ae0d0dfb5f452ba4634d96405bf1f3 80ae0d0dfb5f452ba4634d96405bf1f3] Successfully bumped revision number for resource 0fc4a31d-7df8-45db-835f-49c3f0a6186e (type: ports) to 4 [pid: 8|app: 0|req: 1361/2806] 199.204.45.156 () {38 vars in 1028 bytes} [Thu Aug 13 19:44:13 2026] PUT /v2.0/ports/0fc4a31d-7df8-45db-835f-49c3f0a6186e => generated 1433 bytes in 659 msecs (HTTP/1.1 200) 4 headers in 158 bytes (1 switches on core 0) /var/lib/openstack/lib/python3.12/site-packages/pycadf/identifier.py:70: UserWarning: Invalid uuid: neutron. To ensure interoperability, identifiers should be a valid uuid. warnings.warn(('Invalid uuid: %s. To ensure interoperability, '
2026-08-13 19:44:13.712 8 INFO neutron.notifiers.nova [-] Nova event matching ['req-d8cdd621-2d90-4cbf-ac72-f2ced13685a4'] response: {'name': 'network-changed', 'server_uuid': '253f4408-e876-40cb-b64b-187fe4de422a', 'tag': '0fc4a31d-7df8-45db-835f-49c3f0a6186e', 'status': 'completed', 'code': 200} [pid: 8|app: 0|req: 1362/2807] 10.0.0.147 () {34 vars in 990 bytes} [Thu Aug 13 19:44:13 2026] GET /v2.0/ports?device_id=253f4408-e876-40cb-b64b-187fe4de422a => generated 1198 bytes in 50 msecs (HTTP/1.1 200) 4 headers in 158 bytes (1 switches on core 0)
2026-08-13 19:44:13.759 7 WARNING neutron.scheduler.dhcp_agent_scheduler [None req-7ec6f562-74b9-4770-af4a-5c3f1e123828 - - - - - -] No more DHCP agents
2026-08-13 19:44:13.760 7 WARNING neutron.api.rpc.agentnotifiers.dhcp_rpc_agent_api [None req-7ec6f562-74b9-4770-af4a-5c3f1e123828 - - - - - -] Unable to schedule network 795fb249-904f-4ece-8d7f-42a3646b6d97: no agents available; will retry on subsequent port and subnet creation events. [pid: 8|app: 0|req: 1365/2810] 10.0.0.147 () {34 vars in 1040 bytes} [Thu Aug 13 19:44:13 2026] GET /v2.0/security-groups?id=1e44b14a-77a9-4b21-b875-74636e997ca7&fields=id&fields=name => generated 112 bytes in 34 msecs (HTTP/1.1 200) 4 headers in 157 bytes (1 switches on core 0)
2026-08-13 19:44:13.874 8 INFO neutron.plugins.ml2.drivers.ovn.mech_driver.mech_driver [None req-b46812ec-75e8-482a-b379-6158e094ff6c - - - - - -] OVN reports status down for port: 9b4ab803-bf4b-4a00-a855-3872acd32651
2026-08-13 19:44:13.907 7 INFO neutron.db.ovn_revision_numbers_db [None req-7ec6f562-74b9-4770-af4a-5c3f1e123828 - - - - - -] Successfully bumped revision number for resource 9b4ab803-bf4b-4a00-a855-3872acd32651 (type: ports) to 1
2026-08-13 19:44:14.175 7 INFO neutron.db.ovn_revision_numbers_db [None req-7ec6f562-74b9-4770-af4a-5c3f1e123828 - - - - - -] Successfully bumped revision number for resource 9b4ab803-bf4b-4a00-a855-3872acd32651 (type: ports) to 3
2026-08-13 19:44:14.232 7 INFO neutron.db.segments_db [None req-7ec6f562-74b9-4770-af4a-5c3f1e123828 - - - - - -] Added segment 4f69ad3a-cfea-42c1-aa3d-56e6229be361 of type geneve for network 86056f0b-a01c-42a8-8fd3-fee403f2dcf5 [pid: 8|app: 0|req: 1366/2811] 199.204.45.156 () {34 vars in 1080 bytes} [Thu Aug 13 19:44:14 2026] GET /v2.0/ports?tenant_id=070797272731476fbc2e8851ac078dc4&device_id=253f4408-e876-40cb-b64b-187fe4de422a => generated 1436 bytes in 69 msecs (HTTP/1.1 200) 4 headers in 158 bytes (1 switches on core 0)
