2026-08-13 19:39:48.623 7 INFO neutron.notifiers.nova [-] Nova event matching ['req-d05a84e2-f658-45a9-976a-954458060008'] response: {'name': 'network-changed', 'server_uuid': 'd201a243-26aa-4a08-a404-2fbe135216ae', 'tag': 'baa4c4d6-6a75-4507-9a50-451e8252f149', 'status': 'completed', 'code': 200}
2026-08-13 19:39:48.653 8 INFO neutron.db.ovn_revision_numbers_db [None req-614346a2-1e41-44cf-bbac-7b572f21d486 - - - - - -] Successfully bumped revision number for resource 5841555a-0ea9-49a7-90bc-daada83d8ed6 (type: ports) to 2
2026-08-13 19:39:48.690 8 INFO neutron.db.ovn_revision_numbers_db [None req-614346a2-1e41-44cf-bbac-7b572f21d486 - - - - - -] Successfully bumped revision number for resource dc56d4cb-4bf8-47e3-8383-3229213d9a2c (type: subnets) to 0
2026-08-13 19:39:48.717 8 WARNING neutron.scheduler.dhcp_agent_scheduler [None req-376c7947-d927-4d54-b43b-1e318718a9bc 1793a5329b9243a38268149628982238 ab7993329a4d45d0946d153a490488fb - - default default] No more DHCP agents
2026-08-13 19:39:48.718 8 WARNING neutron.api.rpc.agentnotifiers.dhcp_rpc_agent_api [None req-376c7947-d927-4d54-b43b-1e318718a9bc 1793a5329b9243a38268149628982238 ab7993329a4d45d0946d153a490488fb - - default default] Unable to schedule network 48cafb0d-ce50-4fed-9749-f2280f06b123: no agents available; will retry on subsequent port and subnet creation events.
2026-08-13 19:39:48.854 7 INFO neutron_taas.services.taas.taas_plugin [None req-4d912eb2-74fb-4f0a-957f-684e25f759d1 93afeb5cd2c544b0b2bfea9dbf39cef9 d33eb3e73b334f6b8075a332407e4046 - - default default] TaaS: Handle Delete Port: 044ec883-0cc9-42d6-a427-9d93d7cb96bd
2026-08-13 19:39:48.857 7 INFO neutron_taas.services.taas.tap_mirror_plugin [None req-4d912eb2-74fb-4f0a-957f-684e25f759d1 93afeb5cd2c544b0b2bfea9dbf39cef9 d33eb3e73b334f6b8075a332407e4046 - - default default] Tap Mirror: Handle Delete Port: 044ec883-0cc9-42d6-a427-9d93d7cb96bd
2026-08-13 19:39:49.181 8 INFO neutron.db.ovn_revision_numbers_db [None req-db4b7197-7b3d-4bab-9990-184baeef3f72 - - - - - -] Successfully bumped revision number for resource 6a063952-6c1e-45aa-b481-17281e820742 (type: ports) to 2
2026-08-13 19:39:49.217 8 INFO neutron.db.ovn_revision_numbers_db [None req-db4b7197-7b3d-4bab-9990-184baeef3f72 - - - - - -] Successfully bumped revision number for resource ad6591b4-3776-440d-b372-4817c9801b62 (type: subnets) to 0 [pid: 8|app: 0|req: 481/971] 10.0.0.241 () {34 vars in 669 bytes} [Thu Aug 13 19:39:47 2026] POST /v2.0/subnets => generated 1274 bytes in 1369 msecs (HTTP/1.1 201) 4 headers in 163 bytes (1 switches on core 0) [pid: 8|app: 0|req: 482/972] 199.204.45.156 () {34 vars in 1080 bytes} [Thu Aug 13 19:39:49 2026] GET /v2.0/ports?tenant_id=07f95ae2d1d24761a3b0c6fd10306499&device_id=d201a243-26aa-4a08-a404-2fbe135216ae => generated 1209 bytes in 29 msecs (HTTP/1.1 200) 4 headers in 158 bytes (1 switches on core 0) [pid: 8|app: 0|req: 483/973] 10.0.0.241 () {32 vars in 647 bytes} [Thu Aug 13 19:39:49 2026] GET /v2.0/subnets => generated 1910 bytes in 46 msecs (HTTP/1.1 200) 4 headers in 158 bytes (1 switches on core 0) [pid: 8|app: 0|req: 484/974] 199.204.45.156 () {34 vars in 986 bytes} [Thu Aug 13 19:39:49 2026] GET /v2.0/networks?id=e64e0514-af57-48fa-9cdf-139b0c34444e => generated 783 bytes in 62 msecs (HTTP/1.1 200) 4 headers in 157 bytes (1 switches on core 0) [pid: 7|app: 0|req: 491/975] 10.0.0.241 () {34 vars in 789 bytes} [Thu Aug 13 19:39:48 2026] PUT /v2.0/routers/bd6232c8-8057-486d-81e0-b541d0a1c811/remove_router_interface => generated 309 bytes in 989 msecs (HTTP/1.1 200) 4 headers in 157 bytes (1 switches on core 0) /var/lib/openstack/lib/python3.12/site-packages/pycadf/identifier.py:70: UserWarning: Invalid uuid: neutron. To ensure interoperability, identifiers should be a valid uuid. warnings.warn(('Invalid uuid: %s. To ensure interoperability, ' [pid: 8|app: 0|req: 485/976] 10.0.0.241 () {32 vars in 724 bytes} [Thu Aug 13 19:39:49 2026] DELETE /v2.0/subnets/dc56d4cb-4bf8-47e3-8383-3229213d9a2c => generated 0 bytes in 207 msecs (HTTP/1.1 204) 3 headers in 131 bytes (1 switches on core 0) [pid: 7|app: 0|req: 492/977] 199.204.45.156 () {34 vars in 1058 bytes} [Thu Aug 13 19:39:49 2026] GET /v2.0/floatingips?fixed_ip_address=10.100.0.7&port_id=baa4c4d6-6a75-4507-9a50-451e8252f149 => generated 860 bytes in 52 msecs (HTTP/1.1 200) 4 headers in 157 bytes (1 switches on core 0) [pid: 7|app: 0|req: 493/978] 10.0.0.241 () {32 vars in 724 bytes} [Thu Aug 13 19:39:49 2026] DELETE /v2.0/subnets/ad6591b4-3776-440d-b372-4817c9801b62 => generated 0 bytes in 175 msecs (HTTP/1.1 204) 3 headers in 131 bytes (1 switches on core 0) [pid: 7|app: 0|req: 494/979] 199.204.45.156 () {34 vars in 984 bytes} [Thu Aug 13 19:39:49 2026] GET /v2.0/subnets?id=ac6b8885-1865-4a09-b979-59a50280f5f1 => generated 702 bytes in 23 msecs (HTTP/1.1 200) 4 headers in 157 bytes (1 switches on core 0) [pid: 7|app: 0|req: 495/980] 10.0.0.241 () {32 vars in 647 bytes} [Thu Aug 13 19:39:49 2026] GET /v2.0/subnets => generated 649 bytes in 35 msecs (HTTP/1.1 200) 4 headers in 157 bytes (1 switches on core 0) [pid: 7|app: 0|req: 496/981] 199.204.45.156 () {34 vars in 1052 bytes} [Thu Aug 13 19:39:49 2026] GET /v2.0/ports?network_id=e64e0514-af57-48fa-9cdf-139b0c34444e&device_owner=network%3Adhcp => generated 12 bytes in 20 msecs (HTTP/1.1 200) 4 headers in 156 bytes (1 switches on core 0)
2026-08-13 19:39:49.965 8 INFO neutron_taas.services.taas.taas_plugin [None req-13336ce4-e6e7-4917-af18-610738a6b2af 93afeb5cd2c544b0b2bfea9dbf39cef9 d33eb3e73b334f6b8075a332407e4046 - - default default] TaaS: Handle Delete Port: b56ac1cc-c1a3-4d2e-9d6d-5ce79828826f
2026-08-13 19:39:49.968 8 INFO neutron_taas.services.taas.tap_mirror_plugin [None req-13336ce4-e6e7-4917-af18-610738a6b2af 93afeb5cd2c544b0b2bfea9dbf39cef9 d33eb3e73b334f6b8075a332407e4046 - - default default] Tap Mirror: Handle Delete Port: b56ac1cc-c1a3-4d2e-9d6d-5ce79828826f
2026-08-13 19:39:49.982 7 INFO neutron_taas.services.taas.taas_plugin [None req-4d6e902f-ab56-4e01-8f8f-070b0b209657 1793a5329b9243a38268149628982238 ab7993329a4d45d0946d153a490488fb - - default default] TaaS: Handle Delete Port: 6a063952-6c1e-45aa-b481-17281e820742
2026-08-13 19:39:49.986 7 INFO neutron_taas.services.taas.tap_mirror_plugin [None req-4d6e902f-ab56-4e01-8f8f-070b0b209657 1793a5329b9243a38268149628982238 ab7993329a4d45d0946d153a490488fb - - default default] Tap Mirror: Handle Delete Port: 6a063952-6c1e-45aa-b481-17281e820742
2026-08-13 19:39:50.159 7 INFO neutron.services.segments.plugin [-] Segment 750533fa-ff57-4847-bbd2-322fc3c606e3 resource provider aggregate not found
2026-08-13 19:39:50.165 7 INFO neutron.services.segments.plugin [-] Segment 750533fa-ff57-4847-bbd2-322fc3c606e3 resource provider aggregate not found
2026-08-13 19:39:50.184 7 INFO neutron.services.segments.plugin [-] Client error retrieving segment 750533fa-ff57-4847-bbd2-322fc3c606e3 resource provider; error: Placement Client Error (4xx): {"errors": [{"status": 404, "title": "Not Found", "detail": "The resource could not be found.\n\n No resource provider with uuid 750533fa-ff57-4847-bbd2-322fc3c606e3 found for delete ", "request_id": "req-14c71142-20eb-41c2-860c-ed32dd6bae65"}]}
2026-08-13 19:39:50.187 7 INFO neutron.services.segments.plugin [-] Client error retrieving segment 750533fa-ff57-4847-bbd2-322fc3c606e3 resource provider; error: Placement Client Error (4xx): {"errors": [{"status": 404, "title": "Not Found", "detail": "The resource could not be found.\n\n No resource provider with uuid 750533fa-ff57-4847-bbd2-322fc3c606e3 found for delete ", "request_id": "req-0abcdd53-1d9e-48df-8904-10203cad2801"}]} [pid: 7|app: 0|req: 497/982] 10.0.0.241 () {32 vars in 726 bytes} [Thu Aug 13 19:39:49 2026] DELETE /v2.0/networks/48cafb0d-ce50-4fed-9749-f2280f06b123 => generated 0 bytes in 353 msecs (HTTP/1.1 204) 3 headers in 131 bytes (1 switches on core 0) [pid: 7|app: 0|req: 498/983] 199.204.45.156 () {34 vars in 1012 bytes} [Thu Aug 13 19:39:50 2026] GET /v2.0/networks/e64e0514-af57-48fa-9cdf-139b0c34444e?fields=segments => generated 14 bytes in 52 msecs (HTTP/1.1 200) 4 headers in 156 bytes (1 switches on core 0)
2026-08-13 19:39:50.374 7 INFO neutron_taas.services.taas.taas_plugin [None req-d4e7e571-1e73-4faa-90e9-28d91cf1dfde 1793a5329b9243a38268149628982238 ab7993329a4d45d0946d153a490488fb - - default default] TaaS: Handle Delete Port: 5841555a-0ea9-49a7-90bc-daada83d8ed6
2026-08-13 19:39:50.377 7 INFO neutron_taas.services.taas.tap_mirror_plugin [None req-d4e7e571-1e73-4faa-90e9-28d91cf1dfde 1793a5329b9243a38268149628982238 ab7993329a4d45d0946d153a490488fb - - default default] Tap Mirror: Handle Delete Port: 5841555a-0ea9-49a7-90bc-daada83d8ed6 [pid: 7|app: 0|req: 499/984] 10.0.0.241 () {32 vars in 726 bytes} [Thu Aug 13 19:39:50 2026] DELETE /v2.0/networks/867ea1f7-37b5-4724-bd8e-e2e363592d02 => generated 0 bytes in 325 msecs (HTTP/1.1 204) 3 headers in 131 bytes (1 switches on core 0) [pid: 7|app: 0|req: 500/985] 199.204.45.156 () {34 vars in 1112 bytes} [Thu Aug 13 19:39:50 2026] GET /v2.0/networks/e64e0514-af57-48fa-9cdf-139b0c34444e?fields=provider%3Aphysical_network&fields=provider%3Anetwork_type => generated 79 bytes in 48 msecs (HTTP/1.1 200) 4 headers in 156 bytes (1 switches on core 0)
2026-08-13 19:39:50.751 7 INFO neutron_taas.services.taas.taas_plugin [None req-e3db72da-7dff-43a5-b151-e1e61b50b14e 1793a5329b9243a38268149628982238 ab7993329a4d45d0946d153a490488fb - - default default] TaaS: Handle Delete Port: da2f16f5-29d1-44e8-b37f-7055430fff1f
2026-08-13 19:39:50.757 7 INFO neutron_taas.services.taas.tap_mirror_plugin [None req-e3db72da-7dff-43a5-b151-e1e61b50b14e 1793a5329b9243a38268149628982238 ab7993329a4d45d0946d153a490488fb - - default default] Tap Mirror: Handle Delete Port: da2f16f5-29d1-44e8-b37f-7055430fff1f [pid: 8|app: 0|req: 486/986] 10.0.0.241 () {32 vars in 724 bytes} [Thu Aug 13 19:39:49 2026] DELETE /v2.0/routers/bd6232c8-8057-486d-81e0-b541d0a1c811 => generated 0 bytes in 1379 msecs (HTTP/1.1 204) 2 headers in 112 bytes (1 switches on core 0) [pid: 7|app: 0|req: 501/987] 10.0.0.241 () {32 vars in 726 bytes} [Thu Aug 13 19:39:50 2026] DELETE /v2.0/networks/80826c2e-59c8-47fc-bc39-fdd93d90f810 => generated 0 bytes in 367 msecs (HTTP/1.1 204) 3 headers in 131 bytes (1 switches on core 0) [pid: 7|app: 0|req: 502/988] 10.0.0.241 () {32 vars in 724 bytes} [Thu Aug 13 19:39:51 2026] DELETE /v2.0/subnets/425e3162-63dc-488c-b5d1-99dcff33b8f5 => generated 0 bytes in 159 msecs (HTTP/1.1 204) 3 headers in 131 bytes (1 switches on core 0)
2026-08-13 19:39:51.266 8 INFO neutron.db.ovn_revision_numbers_db [None req-8ae41066-5372-421e-8c73-89be55c9e4be 93afeb5cd2c544b0b2bfea9dbf39cef9 d33eb3e73b334f6b8075a332407e4046 - - default default] Successfully bumped revision number for resource 9f289f21-ebbc-4a0f-9bde-171d14d12c27 (type: security_groups) to 1
2026-08-13 19:39:51.276 8 INFO neutron.db.ovn_revision_numbers_db [None req-8ae41066-5372-421e-8c73-89be55c9e4be 93afeb5cd2c544b0b2bfea9dbf39cef9 d33eb3e73b334f6b8075a332407e4046 - - default default] Successfully bumped revision number for resource 0f550747-6152-48bd-855c-be8f5e45da0c (type: security_group_rules) to 0
2026-08-13 19:39:51.288 8 INFO neutron.db.ovn_revision_numbers_db [None req-8ae41066-5372-421e-8c73-89be55c9e4be 93afeb5cd2c544b0b2bfea9dbf39cef9 d33eb3e73b334f6b8075a332407e4046 - - default default] Successfully bumped revision number for resource 39b19c57-a8b8-4e79-a91d-4c507f7e2022 (type: security_group_rules) to 0
2026-08-13 19:39:51.288 7 INFO neutron_taas.services.taas.taas_plugin [None req-15f22bcc-2fa6-4a46-a232-44c0a666b076 1793a5329b9243a38268149628982238 ab7993329a4d45d0946d153a490488fb - - default default] TaaS: Handle Delete Port: 7ea85d4f-07e1-4859-94c5-b76c3f6f8d59
2026-08-13 19:39:51.290 7 INFO neutron_taas.services.taas.tap_mirror_plugin [None req-15f22bcc-2fa6-4a46-a232-44c0a666b076 1793a5329b9243a38268149628982238 ab7993329a4d45d0946d153a490488fb - - default default] Tap Mirror: Handle Delete Port: 7ea85d4f-07e1-4859-94c5-b76c3f6f8d59
2026-08-13 19:39:51.299 8 INFO neutron.db.ovn_revision_numbers_db [None req-8ae41066-5372-421e-8c73-89be55c9e4be 93afeb5cd2c544b0b2bfea9dbf39cef9 d33eb3e73b334f6b8075a332407e4046 - - default default] Successfully bumped revision number for resource 5127d513-ac1b-4054-99d6-d9b937a2cc8f (type: security_group_rules) to 0
2026-08-13 19:39:51.311 8 INFO neutron.db.ovn_revision_numbers_db [None req-8ae41066-5372-421e-8c73-89be55c9e4be 93afeb5cd2c544b0b2bfea9dbf39cef9 d33eb3e73b334f6b8075a332407e4046 - - default default] Successfully bumped revision number for resource adb3a867-4eba-468f-8ded-387b5f61fb33 (type: security_group_rules) to 0 [pid: 8|app: 0|req: 487/989] 10.0.0.241 () {32 vars in 774 bytes} [Thu Aug 13 19:39:50 2026] GET /v2.0/security-groups?tenant_id=889c68cf80924837aa57418c5aa3ffa7&name=default => generated 2925 bytes in 386 msecs (HTTP/1.1 200) 4 headers in 158 bytes (1 switches on core 0)
2026-08-13 19:39:51.468 8 INFO neutron_taas.services.taas.taas_plugin [None req-f746a11c-edc0-4b39-9889-aa60a41e2492 93afeb5cd2c544b0b2bfea9dbf39cef9 d33eb3e73b334f6b8075a332407e4046 - - default default] TaaS: Handle Delete Port: e42849b6-5cf7-46be-ad60-0d3c5df14ee8
2026-08-13 19:39:51.471 8 INFO neutron_taas.services.taas.tap_mirror_plugin [None req-f746a11c-edc0-4b39-9889-aa60a41e2492 93afeb5cd2c544b0b2bfea9dbf39cef9 d33eb3e73b334f6b8075a332407e4046 - - default default] Tap Mirror: Handle Delete Port: e42849b6-5cf7-46be-ad60-0d3c5df14ee8 [pid: 7|app: 0|req: 503/990] 10.0.0.241 () {32 vars in 726 bytes} [Thu Aug 13 19:39:51 2026] DELETE /v2.0/networks/ff49c8e6-e85c-4c07-8a3b-e5804e83e2f1 => generated 0 bytes in 364 msecs (HTTP/1.1 204) 3 headers in 131 bytes (1 switches on core 0)
2026-08-13 19:39:51.687 8 INFO neutron.services.segments.plugin [-] Segment b7ad7ed8-d3e2-4969-92ae-cd12763f8dc2 resource provider aggregate not found
2026-08-13 19:39:51.693 8 INFO neutron.services.segments.plugin [-] Segment b7ad7ed8-d3e2-4969-92ae-cd12763f8dc2 resource provider aggregate not found
2026-08-13 19:39:51.719 8 INFO neutron.services.segments.plugin [-] Client error retrieving segment b7ad7ed8-d3e2-4969-92ae-cd12763f8dc2 resource provider; error: Placement Client Error (4xx): {"errors": [{"status": 404, "title": "Not Found", "detail": "The resource could not be found.\n\n No resource provider with uuid b7ad7ed8-d3e2-4969-92ae-cd12763f8dc2 found for delete ", "request_id": "req-1c7c303d-0eaa-45f4-b1bc-255c9cd32da6"}]}
2026-08-13 19:39:51.732 8 INFO neutron.services.segments.plugin [-] Client error retrieving segment b7ad7ed8-d3e2-4969-92ae-cd12763f8dc2 resource provider; error: Placement Client Error (4xx): {"errors": [{"status": 404, "title": "Not Found", "detail": "The resource could not be found.\n\n No resource provider with uuid b7ad7ed8-d3e2-4969-92ae-cd12763f8dc2 found for delete ", "request_id": "req-c9185fac-73d8-466d-89dd-e9c218d015ad"}]} [pid: 8|app: 0|req: 488/991] 10.0.0.241 () {32 vars in 726 bytes} [Thu Aug 13 19:39:51 2026] DELETE /v2.0/networks/b76b0561-9081-4abb-9820-c988286524f6 => generated 0 bytes in 418 msecs (HTTP/1.1 204) 3 headers in 131 bytes (1 switches on core 0) [pid: 8|app: 0|req: 489/992] 199.204.45.156 () {34 vars in 1080 bytes} [Thu Aug 13 19:39:51 2026] GET /v2.0/ports?tenant_id=07f95ae2d1d24761a3b0c6fd10306499&device_id=d201a243-26aa-4a08-a404-2fbe135216ae => generated 1209 bytes in 40 msecs (HTTP/1.1 200) 4 headers in 158 bytes (1 switches on core 0) [pid: 7|app: 0|req: 504/993] 10.0.0.241 () {32 vars in 740 bytes} [Thu Aug 13 19:39:51 2026] DELETE /v2.0/security-groups/9f289f21-ebbc-4a0f-9bde-171d14d12c27 => generated 0 bytes in 290 msecs (HTTP/1.1 204) 2 headers in 112 bytes (1 switches on core 0) [pid: 8|app: 0|req: 490/994] 10.0.0.147 () {34 vars in 990 bytes} [Thu Aug 13 19:39:51 2026] GET /v2.0/ports?device_id=d201a243-26aa-4a08-a404-2fbe135216ae => generated 971 bytes in 49 msecs (HTTP/1.1 200) 4 headers in 157 bytes (1 switches on core 0) [pid: 7|app: 0|req: 505/995] 199.204.45.156 () {34 vars in 986 bytes} [Thu Aug 13 19:39:51 2026] GET /v2.0/networks?id=e64e0514-af57-48fa-9cdf-139b0c34444e => generated 783 bytes in 36 msecs (HTTP/1.1 200) 4 headers in 157 bytes (1 switches on core 0) [pid: 7|app: 0|req: 506/996] 10.0.0.147 () {34 vars in 1040 bytes} [Thu Aug 13 19:39:51 2026] GET /v2.0/security-groups?id=b2ec4a0f-5a62-4438-82af-29923da294df&fields=id&fields=name => generated 113 bytes in 29 msecs (HTTP/1.1 200) 4 headers in 157 bytes (1 switches on core 0) [pid: 8|app: 0|req: 491/997] 199.204.45.156 () {34 vars in 1058 bytes} [Thu Aug 13 19:39:51 2026] GET /v2.0/floatingips?fixed_ip_address=10.100.0.7&port_id=baa4c4d6-6a75-4507-9a50-451e8252f149 => generated 860 bytes in 49 msecs (HTTP/1.1 200) 4 headers in 157 bytes (1 switches on core 0) [pid: 8|app: 0|req: 492/998] 10.0.0.241 () {32 vars in 774 bytes} [Thu Aug 13 19:39:51 2026] GET /v2.0/security-groups?tenant_id=8d5bac528ce5492a9b86f9f4282ac64c&name=default => generated 2925 bytes in 24 msecs (HTTP/1.1 200) 4 headers in 158 bytes (1 switches on core 0) [pid: 7|app: 0|req: 507/999] 199.204.45.156 () {34 vars in 984 bytes} [Thu Aug 13 19:39:51 2026] GET /v2.0/subnets?id=ac6b8885-1865-4a09-b979-59a50280f5f1 => generated 702 bytes in 40 msecs (HTTP/1.1 200) 4 headers in 157 bytes (1 switches on core 0) [pid: 7|app: 0|req: 508/1000] 199.204.45.156 () {34 vars in 1052 bytes} [Thu Aug 13 19:39:51 2026] GET /v2.0/ports?network_id=e64e0514-af57-48fa-9cdf-139b0c34444e&device_owner=network%3Adhcp => generated 12 bytes in 21 msecs (HTTP/1.1 200) 4 headers in 156 bytes (1 switches on core 0)
2026-08-13 19:39:52.133 7 INFO neutron.db.ovn_revision_numbers_db [None req-fd932a7f-c285-4986-98dc-4b30d5491733 93afeb5cd2c544b0b2bfea9dbf39cef9 d33eb3e73b334f6b8075a332407e4046 - - default default] Successfully bumped revision number for resource f62688f3-6ebd-4de9-8932-75f03c3cc544 (type: security_groups) to 1
2026-08-13 19:39:52.146 7 INFO neutron.db.ovn_revision_numbers_db [None req-fd932a7f-c285-4986-98dc-4b30d5491733 93afeb5cd2c544b0b2bfea9dbf39cef9 d33eb3e73b334f6b8075a332407e4046 - - default default] Successfully bumped revision number for resource 27292b0c-1b43-4391-acf1-066ec39cfece (type: security_group_rules) to 0
2026-08-13 19:39:52.160 7 INFO neutron.db.ovn_revision_numbers_db [None req-fd932a7f-c285-4986-98dc-4b30d5491733 93afeb5cd2c544b0b2bfea9dbf39cef9 d33eb3e73b334f6b8075a332407e4046 - - default default] Successfully bumped revision number for resource 69fb0116-948b-4ea0-9294-2e0b111a8688 (type: security_group_rules) to 0 [pid: 8|app: 0|req: 493/1001] 10.0.0.241 () {32 vars in 740 bytes} [Thu Aug 13 19:39:51 2026] DELETE /v2.0/security-groups/15ba8536-7b39-4e03-b19f-3f4d0232de35 => generated 0 bytes in 209 msecs (HTTP/1.1 204) 2 headers in 112 bytes (1 switches on core 0)
2026-08-13 19:39:52.171 7 INFO neutron.db.ovn_revision_numbers_db [None req-fd932a7f-c285-4986-98dc-4b30d5491733 93afeb5cd2c544b0b2bfea9dbf39cef9 d33eb3e73b334f6b8075a332407e4046 - - default default] Successfully bumped revision number for resource e09bb0f4-1fae-4a04-af75-1964fbe9e686 (type: security_group_rules) to 0
2026-08-13 19:39:52.191 7 INFO neutron.db.ovn_revision_numbers_db [None req-fd932a7f-c285-4986-98dc-4b30d5491733 93afeb5cd2c544b0b2bfea9dbf39cef9 d33eb3e73b334f6b8075a332407e4046 - - default default] Successfully bumped revision number for resource e3909568-03dd-4113-8884-13f77c365ae4 (type: security_group_rules) to 0
2026-08-13 19:39:52.209 7 INFO neutron.services.segments.plugin [-] Segment 6ac9bca3-ceb7-4247-ad98-018fd8996043 resource provider aggregate not found [pid: 8|app: 0|req: 494/1002] 199.204.45.156 () {34 vars in 1012 bytes} [Thu Aug 13 19:39:52 2026] GET /v2.0/networks/e64e0514-af57-48fa-9cdf-139b0c34444e?fields=segments => generated 14 bytes in 42 msecs (HTTP/1.1 200) 4 headers in 156 bytes (1 switches on core 0)
2026-08-13 19:39:52.216 7 INFO neutron.services.segments.plugin [-] Segment 6ac9bca3-ceb7-4247-ad98-018fd8996043 resource provider aggregate not found
2026-08-13 19:39:52.230 7 INFO neutron.services.segments.plugin [-] Client error retrieving segment 6ac9bca3-ceb7-4247-ad98-018fd8996043 resource provider; error: Placement Client Error (4xx): {"errors": [{"status": 404, "title": "Not Found", "detail": "The resource could not be found.\n\n No resource provider with uuid 6ac9bca3-ceb7-4247-ad98-018fd8996043 found for delete ", "request_id": "req-58f0faa9-2373-42f8-943b-a27c9045e6d0"}]}
2026-08-13 19:39:52.237 7 INFO neutron.services.segments.plugin [-] Client error retrieving segment 6ac9bca3-ceb7-4247-ad98-018fd8996043 resource provider; error: Placement Client Error (4xx): {"errors": [{"status": 404, "title": "Not Found", "detail": "The resource could not be found.\n\n No resource provider with uuid 6ac9bca3-ceb7-4247-ad98-018fd8996043 found for delete ", "request_id": "req-d330b60a-d197-4c55-98b3-651aa0d8934a"}]}
2026-08-13 19:39:52.260 7 INFO neutron.services.segments.plugin [-] Segment 987df7e9-f1cf-4983-864e-821be223c4e0 resource provider aggregate not found
2026-08-13 19:39:52.274 7 INFO neutron.services.segments.plugin [-] Segment 987df7e9-f1cf-4983-864e-821be223c4e0 resource provider aggregate not found
2026-08-13 19:39:52.281 7 INFO neutron.services.segments.plugin [-] Client error retrieving segment 987df7e9-f1cf-4983-864e-821be223c4e0 resource provider; error: Placement Client Error (4xx): {"errors": [{"status": 404, "title": "Not Found", "detail": "The resource could not be found.\n\n No resource provider with uuid 987df7e9-f1cf-4983-864e-821be223c4e0 found for delete ", "request_id": "req-a54b51eb-36e7-4379-909d-0fe70ea28583"}]} [pid: 7|app: 0|req: 509/1003] 10.0.0.241 () {32 vars in 774 bytes} [Thu Aug 13 19:39:51 2026] GET /v2.0/security-groups?tenant_id=08f87a9dd5964139a7ac4418cfb83f05&name=default => generated 2925 bytes in 297 msecs (HTTP/1.1 200) 4 headers in 158 bytes (1 switches on core 0)
2026-08-13 19:39:52.298 7 INFO neutron.services.segments.plugin [-] Client error retrieving segment 987df7e9-f1cf-4983-864e-821be223c4e0 resource provider; error: Placement Client Error (4xx): {"errors": [{"status": 404, "title": "Not Found", "detail": "The resource could not be found.\n\n No resource provider with uuid 987df7e9-f1cf-4983-864e-821be223c4e0 found for delete ", "request_id": "req-5bdc3828-bf4d-4c17-b18a-918a33ef9810"}]}
2026-08-13 19:39:52.303 7 INFO neutron.services.segments.plugin [-] Segment d27feb0f-af11-4e3f-aac4-7aec8206a6df resource provider aggregate not found
2026-08-13 19:39:52.317 7 INFO neutron.services.segments.plugin [-] Segment d27feb0f-af11-4e3f-aac4-7aec8206a6df resource provider aggregate not found
2026-08-13 19:39:52.323 7 INFO neutron.services.segments.plugin [-] Client error retrieving segment d27feb0f-af11-4e3f-aac4-7aec8206a6df resource provider; error: Placement Client Error (4xx): {"errors": [{"status": 404, "title": "Not Found", "detail": "The resource could not be found.\n\n No resource provider with uuid d27feb0f-af11-4e3f-aac4-7aec8206a6df found for delete ", "request_id": "req-e26bceca-7a86-440d-9c22-a017da827862"}]}
2026-08-13 19:39:52.334 7 INFO neutron.services.segments.plugin [-] Client error retrieving segment d27feb0f-af11-4e3f-aac4-7aec8206a6df resource provider; error: Placement Client Error (4xx): {"errors": [{"status": 404, "title": "Not Found", "detail": "The resource could not be found.\n\n No resource provider with uuid d27feb0f-af11-4e3f-aac4-7aec8206a6df found for delete ", "request_id": "req-d74ff126-3a3c-449c-afd7-0cfd1ba0b459"}]} [pid: 7|app: 0|req: 510/1004] 199.204.45.156 () {34 vars in 1112 bytes} [Thu Aug 13 19:39:52 2026] GET /v2.0/networks/e64e0514-af57-48fa-9cdf-139b0c34444e?fields=provider%3Aphysical_network&fields=provider%3Anetwork_type => generated 79 bytes in 47 msecs (HTTP/1.1 200) 4 headers in 156 bytes (1 switches on core 0) [pid: 8|app: 0|req: 495/1005] 10.0.0.241 () {32 vars in 774 bytes} [Thu Aug 13 19:39:52 2026] GET /v2.0/security-groups?tenant_id=ab7993329a4d45d0946d153a490488fb&name=default => generated 2925 bytes in 269 msecs (HTTP/1.1 200) 4 headers in 158 bytes (1 switches on core 0) [pid: 7|app: 0|req: 511/1006] 10.0.0.241 () {32 vars in 740 bytes} [Thu Aug 13 19:39:52 2026] DELETE /v2.0/security-groups/f62688f3-6ebd-4de9-8932-75f03c3cc544 => generated 0 bytes in 262 msecs (HTTP/1.1 204) 2 headers in 112 bytes (1 switches on core 0)
2026-08-13 19:39:52.727 8 INFO neutron.plugins.ml2.drivers.ovn.mech_driver.mech_driver [None req-b5df9803-c61d-435d-963a-4479a3e00a93 - - - - - -] OVN reports status down for port: baa4c4d6-6a75-4507-9a50-451e8252f149 [pid: 8|app: 0|req: 496/1007] 10.0.0.241 () {32 vars in 740 bytes} [Thu Aug 13 19:39:52 2026] DELETE /v2.0/security-groups/90fcfaae-3e2e-4553-8526-069917cfde91 => generated 0 bytes in 310 msecs (HTTP/1.1 204) 2 headers in 112 bytes (1 switches on core 0)
2026-08-13 19:39:52.882 8 INFO neutron.notifiers.nova [-] Nova event matching ['req-e5f1c973-a9c0-4dd7-984b-d203d9645dd6'] response: {'server_uuid': 'd201a243-26aa-4a08-a404-2fbe135216ae', 'name': 'network-vif-unplugged', 'status': 'completed', 'tag': 'baa4c4d6-6a75-4507-9a50-451e8252f149', 'code': 200}
2026-08-13 19:39:53.011 8 INFO neutron.db.ovn_revision_numbers_db [None req-b5df9803-c61d-435d-963a-4479a3e00a93 - - - - - -] Successfully bumped revision number for resource baa4c4d6-6a75-4507-9a50-451e8252f149 (type: ports) to 8 [pid: 7|app: 0|req: 512/1008] 10.0.0.147 () {34 vars in 990 bytes} [Thu Aug 13 19:39:52 2026] GET /v2.0/ports?device_id=d201a243-26aa-4a08-a404-2fbe135216ae => generated 969 bytes in 46 msecs (HTTP/1.1 200) 4 headers in 157 bytes (1 switches on core 0) [pid: 8|app: 0|req: 497/1009] 10.0.0.147 () {34 vars in 1040 bytes} [Thu Aug 13 19:39:53 2026] GET /v2.0/security-groups?id=b2ec4a0f-5a62-4438-82af-29923da294df&fields=id&fields=name => generated 113 bytes in 55 msecs (HTTP/1.1 200) 4 headers in 157 bytes (1 switches on core 0) /var/lib/openstack/lib/python3.12/site-packages/pycadf/identifier.py:70: UserWarning: Invalid uuid: neutron. To ensure interoperability, identifiers should be a valid uuid. warnings.warn(('Invalid uuid: %s. To ensure interoperability, ' [pid: 8|app: 0|req: 498/1010] 199.204.45.156 () {34 vars in 994 bytes} [Thu Aug 13 19:39:53 2026] GET /v2.0/ports?device_id=d201a243-26aa-4a08-a404-2fbe135216ae => generated 969 bytes in 63 msecs (HTTP/1.1 200) 4 headers in 157 bytes (1 switches on core 0)
2026-08-13 19:39:54.143 8 INFO neutron_taas.services.taas.taas_plugin [req-61c6876b-715b-4155-85b0-9943d52e97fc req-934bad4c-c486-4e4f-8b43-de39515e93fc b656d17f4c634df8bc86b1101bb038c0 07f95ae2d1d24761a3b0c6fd10306499 - - default default] TaaS: Handle Delete Port: baa4c4d6-6a75-4507-9a50-451e8252f149
2026-08-13 19:39:54.145 8 INFO neutron_taas.services.taas.tap_mirror_plugin [req-61c6876b-715b-4155-85b0-9943d52e97fc req-934bad4c-c486-4e4f-8b43-de39515e93fc b656d17f4c634df8bc86b1101bb038c0 07f95ae2d1d24761a3b0c6fd10306499 - - default default] Tap Mirror: Handle Delete Port: baa4c4d6-6a75-4507-9a50-451e8252f149
2026-08-13 19:39:54.241 7 INFO neutron.db.ovn_revision_numbers_db [None req-164c0e66-9a39-4086-812c-0e61dded5d26 93afeb5cd2c544b0b2bfea9dbf39cef9 d33eb3e73b334f6b8075a332407e4046 - - default default] Successfully bumped revision number for resource 85ba02ea-df7b-4607-a448-e30d147286da (type: security_groups) to 1
2026-08-13 19:39:54.260 7 INFO neutron.db.ovn_revision_numbers_db [None req-164c0e66-9a39-4086-812c-0e61dded5d26 93afeb5cd2c544b0b2bfea9dbf39cef9 d33eb3e73b334f6b8075a332407e4046 - - default default] Successfully bumped revision number for resource 365f8bad-caa8-48ba-800f-8a1f941ea0f9 (type: security_group_rules) to 0
2026-08-13 19:39:54.295 7 INFO neutron.db.ovn_revision_numbers_db [None req-164c0e66-9a39-4086-812c-0e61dded5d26 93afeb5cd2c544b0b2bfea9dbf39cef9 d33eb3e73b334f6b8075a332407e4046 - - default default] Successfully bumped revision number for resource 38da3611-6103-4e1d-b518-b6986daf195c (type: security_group_rules) to 0
2026-08-13 19:39:54.297 8 INFO neutron.db.l3_db [req-61c6876b-715b-4155-85b0-9943d52e97fc req-934bad4c-c486-4e4f-8b43-de39515e93fc b656d17f4c634df8bc86b1101bb038c0 07f95ae2d1d24761a3b0c6fd10306499 - - default default] Floating IP 19503c44-76d1-4a65-b7c9-5c7aec01db83 disassociated. External IP: 10.96.250.212, port: baa4c4d6-6a75-4507-9a50-451e8252f149.
2026-08-13 19:39:54.310 7 INFO neutron.db.ovn_revision_numbers_db [None req-164c0e66-9a39-4086-812c-0e61dded5d26 93afeb5cd2c544b0b2bfea9dbf39cef9 d33eb3e73b334f6b8075a332407e4046 - - default default] Successfully bumped revision number for resource d1e98539-e564-4ec6-85ae-ef73de2692bd (type: security_group_rules) to 0
2026-08-13 19:39:54.324 7 INFO neutron.db.ovn_revision_numbers_db [None req-164c0e66-9a39-4086-812c-0e61dded5d26 93afeb5cd2c544b0b2bfea9dbf39cef9 d33eb3e73b334f6b8075a332407e4046 - - default default] Successfully bumped revision number for resource e0fbeb25-9046-4e6e-b766-0111605c854c (type: security_group_rules) to 0
2026-08-13 19:39:54.406 7 INFO neutron.db.segments_db [None req-164c0e66-9a39-4086-812c-0e61dded5d26 93afeb5cd2c544b0b2bfea9dbf39cef9 d33eb3e73b334f6b8075a332407e4046 - - default default] Added segment 5988a2ef-6504-4c71-92b9-5cd99e7bd97b of type geneve for network ca7b28a0-48d1-4473-b9cd-5b36fc4e329d [pid: 8|app: 0|req: 499/1011] 199.204.45.156 () {36 vars in 997 bytes} [Thu Aug 13 19:39:53 2026] DELETE /v2.0/ports/baa4c4d6-6a75-4507-9a50-451e8252f149 => generated 0 bytes in 445 msecs (HTTP/1.1 204) 3 headers in 131 bytes (1 switches on core 0) [pid: 8|app: 0|req: 500/1012] 10.0.0.147 () {34 vars in 990 bytes} [Thu Aug 13 19:39:54 2026] GET /v2.0/ports?device_id=d201a243-26aa-4a08-a404-2fbe135216ae => generated 12 bytes in 30 msecs (HTTP/1.1 200) 4 headers in 156 bytes (1 switches on core 0)
2026-08-13 19:39:54.596 7 INFO neutron.db.ovn_revision_numbers_db [None req-164c0e66-9a39-4086-812c-0e61dded5d26 93afeb5cd2c544b0b2bfea9dbf39cef9 d33eb3e73b334f6b8075a332407e4046 - - default default] Successfully bumped revision number for resource ca7b28a0-48d1-4473-b9cd-5b36fc4e329d (type: networks) to 1
2026-08-13 19:39:54.744 7 WARNING neutron.scheduler.dhcp_agent_scheduler [None req-164c0e66-9a39-4086-812c-0e61dded5d26 93afeb5cd2c544b0b2bfea9dbf39cef9 d33eb3e73b334f6b8075a332407e4046 - - default default] No more DHCP agents
2026-08-13 19:39:54.748 7 WARNING neutron.api.rpc.agentnotifiers.dhcp_rpc_agent_api [None req-164c0e66-9a39-4086-812c-0e61dded5d26 93afeb5cd2c544b0b2bfea9dbf39cef9 d33eb3e73b334f6b8075a332407e4046 - - default default] Unable to schedule network ca7b28a0-48d1-4473-b9cd-5b36fc4e329d: no agents available; will retry on subsequent port and subnet creation events.
2026-08-13 19:39:54.811 7 INFO neutron.plugins.ml2.drivers.ovn.mech_driver.mech_driver [None req-baf59558-a0f6-445a-be30-abdcb5b8aed6 - - - - - -] OVN reports status down for port: 31e1f14b-8a48-416b-9ceb-8b8b069da576
2026-08-13 19:39:54.878 7 INFO neutron.db.ovn_revision_numbers_db [None req-164c0e66-9a39-4086-812c-0e61dded5d26 93afeb5cd2c544b0b2bfea9dbf39cef9 d33eb3e73b334f6b8075a332407e4046 - - default default] Successfully bumped revision number for resource 31e1f14b-8a48-416b-9ceb-8b8b069da576 (type: ports) to 1
2026-08-13 19:39:54.917 8 INFO neutron.notifiers.nova [-] Nova event matching ['req-5b80d745-f842-46a8-b1f6-c234b639c14c'] response: {'server_uuid': 'd201a243-26aa-4a08-a404-2fbe135216ae', 'name': 'network-vif-unplugged', 'status': 'completed', 'tag': 'baa4c4d6-6a75-4507-9a50-451e8252f149', 'code': 200}
2026-08-13 19:39:54.918 8 INFO neutron.notifiers.nova [-] Nova event matching ['req-5b80d745-f842-46a8-b1f6-c234b639c14c'] response: {'server_uuid': 'd201a243-26aa-4a08-a404-2fbe135216ae', 'name': 'network-vif-deleted', 'tag': 'baa4c4d6-6a75-4507-9a50-451e8252f149', 'status': 'completed', 'code': 200}
2026-08-13 19:39:54.940 8 INFO neutron.db.ovn_revision_numbers_db [None req-b6eb9204-b7e7-461a-83fd-a63c0e6bb2b8 cf9aaa956e1d4de6956c97e9d62b3a7f 7d9fbb3d81ce432490f1ea52fbc53c08 - - default default] Successfully bumped revision number for resource 15a86feb-163d-49fc-9227-24c722500718 (type: security_groups) to 1 [pid: 7|app: 0|req: 513/1013] 10.0.0.241 () {34 vars in 671 bytes} [Thu Aug 13 19:39:53 2026] POST /v2.0/networks => generated 747 bytes in 1048 msecs (HTTP/1.1 201) 4 headers in 162 bytes (1 switches on core 0)
2026-08-13 19:39:54.953 8 INFO neutron.db.ovn_revision_numbers_db [None req-b6eb9204-b7e7-461a-83fd-a63c0e6bb2b8 cf9aaa956e1d4de6956c97e9d62b3a7f 7d9fbb3d81ce432490f1ea52fbc53c08 - - default default] Successfully bumped revision number for resource 8a2c27db-7e70-42ee-9862-0b5c78f15d64 (type: security_group_rules) to 0 /var/lib/openstack/lib/python3.12/site-packages/pycadf/identifier.py:70: UserWarning: Invalid uuid: neutron. To ensure interoperability, identifiers should be a valid uuid. warnings.warn(('Invalid uuid: %s. To ensure interoperability, '
2026-08-13 19:39:54.969 8 INFO neutron.db.ovn_revision_numbers_db [None req-b6eb9204-b7e7-461a-83fd-a63c0e6bb2b8 cf9aaa956e1d4de6956c97e9d62b3a7f 7d9fbb3d81ce432490f1ea52fbc53c08 - - default default] Successfully bumped revision number for resource 97711b6f-5bfd-440b-8c3f-6aa6ce719bc0 (type: security_group_rules) to 0
2026-08-13 19:39:54.981 8 INFO neutron.db.ovn_revision_numbers_db [None req-b6eb9204-b7e7-461a-83fd-a63c0e6bb2b8 cf9aaa956e1d4de6956c97e9d62b3a7f 7d9fbb3d81ce432490f1ea52fbc53c08 - - default default] Successfully bumped revision number for resource ac027a71-45ed-45e4-b217-db99f4d5cf05 (type: security_group_rules) to 0
2026-08-13 19:39:54.997 8 INFO neutron.db.ovn_revision_numbers_db [None req-b6eb9204-b7e7-461a-83fd-a63c0e6bb2b8 cf9aaa956e1d4de6956c97e9d62b3a7f 7d9fbb3d81ce432490f1ea52fbc53c08 - - default default] Successfully bumped revision number for resource e064b84d-21ff-491a-92e7-7c9c8a2e0d5b (type: security_group_rules) to 0
2026-08-13 19:39:55.077 8 INFO neutron.db.segments_db [None req-b6eb9204-b7e7-461a-83fd-a63c0e6bb2b8 cf9aaa956e1d4de6956c97e9d62b3a7f 7d9fbb3d81ce432490f1ea52fbc53c08 - - default default] Added segment f76788b5-d8a8-4dfc-8ffa-8e9fce87d70e of type geneve for network 5f4b1b3d-34f9-46f4-8e24-ba1467b702cb
2026-08-13 19:39:55.086 7 WARNING neutron.scheduler.dhcp_agent_scheduler [None req-6d068c02-bdbe-4111-827e-72a8392860bf 93afeb5cd2c544b0b2bfea9dbf39cef9 d33eb3e73b334f6b8075a332407e4046 - - default default] No more DHCP agents
2026-08-13 19:39:55.088 7 WARNING neutron.api.rpc.agentnotifiers.dhcp_rpc_agent_api [None req-6d068c02-bdbe-4111-827e-72a8392860bf 93afeb5cd2c544b0b2bfea9dbf39cef9 d33eb3e73b334f6b8075a332407e4046 - - default default] Unable to schedule network ca7b28a0-48d1-4473-b9cd-5b36fc4e329d: no agents available; will retry on subsequent port and subnet creation events.
2026-08-13 19:39:55.186 8 INFO neutron.db.ovn_revision_numbers_db [None req-b6eb9204-b7e7-461a-83fd-a63c0e6bb2b8 cf9aaa956e1d4de6956c97e9d62b3a7f 7d9fbb3d81ce432490f1ea52fbc53c08 - - default default] Successfully bumped revision number for resource 5f4b1b3d-34f9-46f4-8e24-ba1467b702cb (type: networks) to 1
2026-08-13 19:39:55.360 8 WARNING neutron.scheduler.dhcp_agent_scheduler [None req-b6eb9204-b7e7-461a-83fd-a63c0e6bb2b8 cf9aaa956e1d4de6956c97e9d62b3a7f 7d9fbb3d81ce432490f1ea52fbc53c08 - - default default] No more DHCP agents
2026-08-13 19:39:55.362 8 WARNING neutron.api.rpc.agentnotifiers.dhcp_rpc_agent_api [None req-b6eb9204-b7e7-461a-83fd-a63c0e6bb2b8 cf9aaa956e1d4de6956c97e9d62b3a7f 7d9fbb3d81ce432490f1ea52fbc53c08 - - default default] Unable to schedule network 5f4b1b3d-34f9-46f4-8e24-ba1467b702cb: no agents available; will retry on subsequent port and subnet creation events.
2026-08-13 19:39:55.416 7 INFO neutron.plugins.ml2.drivers.ovn.mech_driver.mech_driver [None req-baf59558-a0f6-445a-be30-abdcb5b8aed6 - - - - - -] OVN reports status down for port: 9f37cb61-3219-453e-8a79-d07d927a814b
2026-08-13 19:39:55.428 8 INFO neutron.db.ovn_revision_numbers_db [None req-b6eb9204-b7e7-461a-83fd-a63c0e6bb2b8 cf9aaa956e1d4de6956c97e9d62b3a7f 7d9fbb3d81ce432490f1ea52fbc53c08 - - default default] Successfully bumped revision number for resource 9f37cb61-3219-453e-8a79-d07d927a814b (type: ports) to 1 [pid: 8|app: 0|req: 501/1014] 10.0.0.241 () {34 vars in 670 bytes} [Thu Aug 13 19:39:54 2026] POST /v2.0/networks => generated 644 bytes in 849 msecs (HTTP/1.1 201) 4 headers in 162 bytes (1 switches on core 0)
2026-08-13 19:39:55.631 7 INFO neutron.db.ovn_revision_numbers_db [None req-b939150a-5f75-4210-be9d-0bd737384fba - - - - - -] Successfully bumped revision number for resource 31e1f14b-8a48-416b-9ceb-8b8b069da576 (type: ports) to 2
2026-08-13 19:39:55.676 7 INFO neutron.db.ovn_revision_numbers_db [None req-b939150a-5f75-4210-be9d-0bd737384fba - - - - - -] Successfully bumped revision number for resource d751d253-06a9-431d-b02d-9418e2c57a33 (type: subnets) to 0
2026-08-13 19:39:55.682 8 WARNING neutron.scheduler.dhcp_agent_scheduler [None req-bce9f265-4e59-4eb3-bd86-99c57b87d348 cf9aaa956e1d4de6956c97e9d62b3a7f 7d9fbb3d81ce432490f1ea52fbc53c08 - - default default] No more DHCP agents
2026-08-13 19:39:55.683 8 WARNING neutron.api.rpc.agentnotifiers.dhcp_rpc_agent_api [None req-bce9f265-4e59-4eb3-bd86-99c57b87d348 cf9aaa956e1d4de6956c97e9d62b3a7f 7d9fbb3d81ce432490f1ea52fbc53c08 - - default default] Unable to schedule network 5f4b1b3d-34f9-46f4-8e24-ba1467b702cb: no agents available; will retry on subsequent port and subnet creation events. [pid: 7|app: 0|req: 514/1015] 10.0.0.241 () {34 vars in 669 bytes} [Thu Aug 13 19:39:54 2026] POST /v2.0/subnets => generated 691 bytes in 748 msecs (HTTP/1.1 201) 4 headers in 162 bytes (1 switches on core 0) [pid: 7|app: 0|req: 515/1016] 10.0.0.147 () {34 vars in 990 bytes} [Thu Aug 13 19:39:55 2026] GET /v2.0/ports?device_id=d201a243-26aa-4a08-a404-2fbe135216ae => generated 12 bytes in 19 msecs (HTTP/1.1 200) 4 headers in 156 bytes (1 switches on core 0)
2026-08-13 19:39:56.080 8 INFO neutron.db.ovn_revision_numbers_db [None req-3b245ae6-69ad-499d-a15f-f3af27a9b89c - - - - - -] Successfully bumped revision number for resource 9f37cb61-3219-453e-8a79-d07d927a814b (type: ports) to 2
2026-08-13 19:39:56.118 8 INFO neutron.db.ovn_revision_numbers_db [None req-3b245ae6-69ad-499d-a15f-f3af27a9b89c - - - - - -] Successfully bumped revision number for resource 1872e84f-6496-491e-b34a-d5d40e2e43ce (type: subnets) to 0 [pid: 8|app: 0|req: 502/1017] 10.0.0.241 () {34 vars in 669 bytes} [Thu Aug 13 19:39:55 2026] POST /v2.0/subnets => generated 641 bytes in 647 msecs (HTTP/1.1 201) 4 headers in 162 bytes (1 switches on core 0)
2026-08-13 19:39:56.192 7 WARNING neutron.scheduler.dhcp_agent_scheduler [None req-abc441c3-7976-462c-ae44-f98e1808f87c 93afeb5cd2c544b0b2bfea9dbf39cef9 d33eb3e73b334f6b8075a332407e4046 - - default default] No more DHCP agents
2026-08-13 19:39:56.193 7 WARNING neutron.api.rpc.agentnotifiers.dhcp_rpc_agent_api [None req-abc441c3-7976-462c-ae44-f98e1808f87c 93afeb5cd2c544b0b2bfea9dbf39cef9 d33eb3e73b334f6b8075a332407e4046 - - default default] Unable to schedule network 795fb249-904f-4ece-8d7f-42a3646b6d97: no agents available; will retry on subsequent port and subnet creation events.
2026-08-13 19:39:56.237 8 INFO neutron.db.segments_db [None req-08164353-eba2-4850-881d-51e27a5c783c cf9aaa956e1d4de6956c97e9d62b3a7f 7d9fbb3d81ce432490f1ea52fbc53c08 - - default default] Added segment cef4dfcd-9ec6-4cc3-8d3a-e982f159a4d4 of type geneve for network b86a9c5d-501e-4ffe-96d1-2b88e9522a26
2026-08-13 19:39:56.331 8 INFO neutron.plugins.ml2.drivers.ovn.mech_driver.mech_driver [None req-52fa487f-28e5-483f-adbe-e3d4dcef1d17 - - - - - -] OVN reports status down for port: 5b26b92e-7f59-473e-86e0-c375446ef2b5
2026-08-13 19:39:56.363 7 INFO neutron.db.ovn_revision_numbers_db [None req-abc441c3-7976-462c-ae44-f98e1808f87c 93afeb5cd2c544b0b2bfea9dbf39cef9 d33eb3e73b334f6b8075a332407e4046 - - default default] Successfully bumped revision number for resource 5b26b92e-7f59-473e-86e0-c375446ef2b5 (type: ports) to 1
2026-08-13 19:39:56.401 8 INFO neutron.db.ovn_revision_numbers_db [None req-08164353-eba2-4850-881d-51e27a5c783c cf9aaa956e1d4de6956c97e9d62b3a7f 7d9fbb3d81ce432490f1ea52fbc53c08 - - default default] Successfully bumped revision number for resource b86a9c5d-501e-4ffe-96d1-2b88e9522a26 (type: networks) to 1
2026-08-13 19:39:56.604 8 WARNING neutron.scheduler.dhcp_agent_scheduler [None req-08164353-eba2-4850-881d-51e27a5c783c cf9aaa956e1d4de6956c97e9d62b3a7f 7d9fbb3d81ce432490f1ea52fbc53c08 - - default default] No more DHCP agents
2026-08-13 19:39:56.605 8 WARNING neutron.api.rpc.agentnotifiers.dhcp_rpc_agent_api [None req-08164353-eba2-4850-881d-51e27a5c783c cf9aaa956e1d4de6956c97e9d62b3a7f 7d9fbb3d81ce432490f1ea52fbc53c08 - - default default] Unable to schedule network b86a9c5d-501e-4ffe-96d1-2b88e9522a26: no agents available; will retry on subsequent port and subnet creation events.
2026-08-13 19:39:56.662 7 INFO neutron.plugins.ml2.drivers.ovn.mech_driver.mech_driver [None req-baf59558-a0f6-445a-be30-abdcb5b8aed6 - - - - - -] OVN reports status down for port: 7426b328-ae5e-42a7-b481-46bf97afc54b
2026-08-13 19:39:56.677 8 INFO neutron.db.ovn_revision_numbers_db [None req-08164353-eba2-4850-881d-51e27a5c783c cf9aaa956e1d4de6956c97e9d62b3a7f 7d9fbb3d81ce432490f1ea52fbc53c08 - - default default] Successfully bumped revision number for resource 7426b328-ae5e-42a7-b481-46bf97afc54b (type: ports) to 1 [pid: 8|app: 0|req: 503/1018] 10.0.0.241 () {34 vars in 670 bytes} [Thu Aug 13 19:39:56 2026] POST /v2.0/networks => generated 644 bytes in 561 msecs (HTTP/1.1 201) 4 headers in 162 bytes (1 switches on core 0)
2026-08-13 19:39:56.849 8 INFO neutron.db.ovn_revision_numbers_db [None req-3ec62c33-aabb-4c14-a78a-2b82765abc2e cf9aaa956e1d4de6956c97e9d62b3a7f 7d9fbb3d81ce432490f1ea52fbc53c08 - - default default] Successfully bumped revision number for resource b86a9c5d-501e-4ffe-96d1-2b88e9522a26 (type: networks) to 2 [pid: 8|app: 0|req: 504/1019] 10.0.0.241 () {34 vars in 743 bytes} [Thu Aug 13 19:39:56 2026] PUT /v2.0/networks/b86a9c5d-501e-4ffe-96d1-2b88e9522a26 => generated 598 bytes in 146 msecs (HTTP/1.1 200) 4 headers in 157 bytes (1 switches on core 0) [pid: 8|app: 0|req: 505/1020] 10.0.0.147 () {34 vars in 990 bytes} [Thu Aug 13 19:39:56 2026] GET /v2.0/ports?device_id=d201a243-26aa-4a08-a404-2fbe135216ae => generated 12 bytes in 16 msecs (HTTP/1.1 200) 4 headers in 156 bytes (1 switches on core 0)
2026-08-13 19:39:57.061 8 WARNING neutron.scheduler.dhcp_agent_scheduler [None req-b76ae669-83c0-4ed4-95b8-e6bea308dfa0 cf9aaa956e1d4de6956c97e9d62b3a7f 7d9fbb3d81ce432490f1ea52fbc53c08 - - default default] No more DHCP agents
2026-08-13 19:39:57.062 8 WARNING neutron.api.rpc.agentnotifiers.dhcp_rpc_agent_api [None req-b76ae669-83c0-4ed4-95b8-e6bea308dfa0 cf9aaa956e1d4de6956c97e9d62b3a7f 7d9fbb3d81ce432490f1ea52fbc53c08 - - default default] Unable to schedule network b86a9c5d-501e-4ffe-96d1-2b88e9522a26: no agents available; will retry on subsequent port and subnet creation events.
2026-08-13 19:39:57.106 7 INFO neutron.plugins.ml2.drivers.ovn.mech_driver.ovsdb.commands [None req-8cefa3d3-9ba0-4801-b91f-3662a32bd7a2 - - - - - -] Schedule LRP lrp-5b26b92e-7f59-473e-86e0-c375446ef2b5 on gateway b1f037a9-c0ef-4057-9288-f89e3f5c17f4 with priority 1
2026-08-13 19:39:57.149 8 INFO neutron.plugins.ml2.drivers.ovn.mech_driver.mech_driver [None req-52fa487f-28e5-483f-adbe-e3d4dcef1d17 - - - - - -] OVN reports status up for port: 5b26b92e-7f59-473e-86e0-c375446ef2b5
2026-08-13 19:39:57.167 7 INFO neutron.plugins.ml2.drivers.ovn.mech_driver.ovsdb.ovsdb_monitor [None req-9a17dfe3-eda2-4ede-ae22-ed8a86a7d77a - - - - - -] Router 0d01b6f1-e994-4716-b2d1-f329ff4be652 is bound to host instance
2026-08-13 19:39:57.180 8 INFO neutron.plugins.ml2.plugin [None req-52fa487f-28e5-483f-adbe-e3d4dcef1d17 - - - - - -] Attempt 1 to provision port 5b26b92e-7f59-473e-86e0-c375446ef2b5
2026-08-13 19:39:57.196 7 INFO neutron.db.ovn_revision_numbers_db [None req-abc441c3-7976-462c-ae44-f98e1808f87c 93afeb5cd2c544b0b2bfea9dbf39cef9 d33eb3e73b334f6b8075a332407e4046 - - default default] Successfully bumped revision number for resource 5b26b92e-7f59-473e-86e0-c375446ef2b5 (type: router_ports) to 1
2026-08-13 19:39:57.323 7 INFO neutron.db.ovn_revision_numbers_db [None req-abc441c3-7976-462c-ae44-f98e1808f87c 93afeb5cd2c544b0b2bfea9dbf39cef9 d33eb3e73b334f6b8075a332407e4046 - - default default] Successfully bumped revision number for resource 0d01b6f1-e994-4716-b2d1-f329ff4be652 (type: routers) to 2 [pid: 7|app: 0|req: 516/1021] 10.0.0.241 () {34 vars in 669 bytes} [Thu Aug 13 19:39:55 2026] POST /v2.0/routers => generated 969 bytes in 1643 msecs (HTTP/1.1 201) 4 headers in 162 bytes (1 switches on core 0)
2026-08-13 19:39:57.617 8 INFO neutron.db.ovn_revision_numbers_db [None req-affc7bf1-7f38-4d62-8b4e-fcd2c3090b4a - - - - - -] Successfully bumped revision number for resource 7426b328-ae5e-42a7-b481-46bf97afc54b (type: ports) to 2
2026-08-13 19:39:57.652 8 INFO neutron.db.ovn_revision_numbers_db [None req-affc7bf1-7f38-4d62-8b4e-fcd2c3090b4a - - - - - -] Successfully bumped revision number for resource e510b3a2-8964-44cf-82dc-b7617453b630 (type: subnets) to 0 [pid: 8|app: 0|req: 506/1022] 10.0.0.241 () {34 vars in 669 bytes} [Thu Aug 13 19:39:56 2026] POST /v2.0/subnets => generated 626 bytes in 796 msecs (HTTP/1.1 201) 4 headers in 162 bytes (1 switches on core 0)
2026-08-13 19:39:57.910 8 INFO neutron.db.ovn_revision_numbers_db [None req-31812394-54a6-4f7e-ad5b-afff94c25189 cf9aaa956e1d4de6956c97e9d62b3a7f 7d9fbb3d81ce432490f1ea52fbc53c08 - - default default] Successfully bumped revision number for resource e510b3a2-8964-44cf-82dc-b7617453b630 (type: subnets) to 1 [pid: 8|app: 0|req: 507/1023] 10.0.0.241 () {34 vars in 741 bytes} [Thu Aug 13 19:39:57 2026] PUT /v2.0/subnets/e510b3a2-8964-44cf-82dc-b7617453b630 => generated 636 bytes in 241 msecs (HTTP/1.1 200) 4 headers in 157 bytes (1 switches on core 0)
2026-08-13 19:39:58.064 8 INFO neutron_taas.services.taas.taas_plugin [None req-afadc2ac-7d9a-4dc1-be0c-b656408baece cf9aaa956e1d4de6956c97e9d62b3a7f 7d9fbb3d81ce432490f1ea52fbc53c08 - - default default] TaaS: Handle Delete Port: 7426b328-ae5e-42a7-b481-46bf97afc54b
2026-08-13 19:39:58.067 8 INFO neutron_taas.services.taas.tap_mirror_plugin [None req-afadc2ac-7d9a-4dc1-be0c-b656408baece cf9aaa956e1d4de6956c97e9d62b3a7f 7d9fbb3d81ce432490f1ea52fbc53c08 - - default default] Tap Mirror: Handle Delete Port: 7426b328-ae5e-42a7-b481-46bf97afc54b
2026-08-13 19:39:58.251 7 WARNING neutron.scheduler.dhcp_agent_scheduler [None req-f4eb8f48-50d9-4867-8e83-2bb3c5fe7bce 93afeb5cd2c544b0b2bfea9dbf39cef9 d33eb3e73b334f6b8075a332407e4046 - - default default] No more DHCP agents
2026-08-13 19:39:58.256 7 WARNING neutron.api.rpc.agentnotifiers.dhcp_rpc_agent_api [None req-f4eb8f48-50d9-4867-8e83-2bb3c5fe7bce 93afeb5cd2c544b0b2bfea9dbf39cef9 d33eb3e73b334f6b8075a332407e4046 - - default default] Unable to schedule network ca7b28a0-48d1-4473-b9cd-5b36fc4e329d: no agents available; will retry on subsequent port and subnet creation events.
2026-08-13 19:39:58.368 8 INFO neutron.services.segments.plugin [-] Segment cef4dfcd-9ec6-4cc3-8d3a-e982f159a4d4 resource provider aggregate not found
2026-08-13 19:39:58.378 8 INFO neutron.services.segments.plugin [-] Segment cef4dfcd-9ec6-4cc3-8d3a-e982f159a4d4 resource provider aggregate not found
2026-08-13 19:39:58.392 8 INFO neutron.services.segments.plugin [-] Client error retrieving segment cef4dfcd-9ec6-4cc3-8d3a-e982f159a4d4 resource provider; error: Placement Client Error (4xx): {"errors": [{"status": 404, "title": "Not Found", "detail": "The resource could not be found.\n\n No resource provider with uuid cef4dfcd-9ec6-4cc3-8d3a-e982f159a4d4 found for delete ", "request_id": "req-00a9ab5a-8369-4d23-b5ea-817fbb7b3ce9"}]}
2026-08-13 19:39:58.402 8 INFO neutron.services.segments.plugin [-] Client error retrieving segment cef4dfcd-9ec6-4cc3-8d3a-e982f159a4d4 resource provider; error: Placement Client Error (4xx): {"errors": [{"status": 404, "title": "Not Found", "detail": "The resource could not be found.\n\n No resource provider with uuid cef4dfcd-9ec6-4cc3-8d3a-e982f159a4d4 found for delete ", "request_id": "req-94667481-109f-445b-99ac-4e3565a557a0"}]} [pid: 8|app: 0|req: 508/1024] 10.0.0.241 () {32 vars in 726 bytes} [Thu Aug 13 19:39:57 2026] DELETE /v2.0/networks/b86a9c5d-501e-4ffe-96d1-2b88e9522a26 => generated 0 bytes in 495 msecs (HTTP/1.1 204) 3 headers in 131 bytes (1 switches on core 0)
2026-08-13 19:39:58.542 7 INFO neutron.db.ovn_revision_numbers_db [None req-f4eb8f48-50d9-4867-8e83-2bb3c5fe7bce 93afeb5cd2c544b0b2bfea9dbf39cef9 d33eb3e73b334f6b8075a332407e4046 - - default default] Successfully bumped revision number for resource a8ce6df7-aa08-4028-a03f-489620156184 (type: ports) to 1 [pid: 8|app: 0|req: 509/1025] 10.0.0.241 () {32 vars in 740 bytes} [Thu Aug 13 19:39:58 2026] DELETE /v2.0/security-groups/b2ec4a0f-5a62-4438-82af-29923da294df => generated 0 bytes in 174 msecs (HTTP/1.1 204) 2 headers in 112 bytes (1 switches on core 0) [pid: 8|app: 0|req: 510/1026] 10.0.0.99 () {28 vars in 598 bytes} [Thu Aug 13 19:39:58 2026] GET /v2.0/security-groups => generated 26109 bytes in 165 msecs (HTTP/1.1 200) 4 headers in 159 bytes (1 switches on core 0)
2026-08-13 19:39:58.793 7 INFO neutron.db.ovn_revision_numbers_db [None req-d2ea83dc-3ed6-4288-957f-9edf035f3cb6 - - - - - -] Successfully bumped revision number for resource 5b26b92e-7f59-473e-86e0-c375446ef2b5 (type: ports) to 4
2026-08-13 19:39:58.937 8 INFO neutron.db.ovn_revision_numbers_db [None req-588c631b-a60f-4e6e-a5f1-001e708e66f2 93afeb5cd2c544b0b2bfea9dbf39cef9 d33eb3e73b334f6b8075a332407e4046 - - default default] Successfully bumped revision number for resource 14ed5b35-8a25-4745-b027-86516993ffbe (type: security_groups) to 1
