2026-08-13 19:41:25.760 8 INFO neutron.db.ovn_revision_numbers_db [None req-4eef7382-b16b-4578-aec4-88f55ad0c6eb 93afeb5cd2c544b0b2bfea9dbf39cef9 d33eb3e73b334f6b8075a332407e4046 - - default default] Successfully bumped revision number for resource b80cece6-e449-43f3-a7ce-5999677f6721 (type: security_group_rules) to 0
2026-08-13 19:41:25.773 8 INFO neutron.db.ovn_revision_numbers_db [None req-4eef7382-b16b-4578-aec4-88f55ad0c6eb 93afeb5cd2c544b0b2bfea9dbf39cef9 d33eb3e73b334f6b8075a332407e4046 - - default default] Successfully bumped revision number for resource ba6c557d-4180-4bd5-9f02-3f18dca55edb (type: security_group_rules) to 0
2026-08-13 19:41:25.788 8 INFO neutron.db.ovn_revision_numbers_db [None req-4eef7382-b16b-4578-aec4-88f55ad0c6eb 93afeb5cd2c544b0b2bfea9dbf39cef9 d33eb3e73b334f6b8075a332407e4046 - - default default] Successfully bumped revision number for resource bbad299b-5f4f-434b-a49e-60266d8dbb80 (type: security_group_rules) to 0 [pid: 8|app: 0|req: 823/1662] 10.0.0.241 () {32 vars in 774 bytes} [Thu Aug 13 19:41:25 2026] GET /v2.0/security-groups?tenant_id=d52b117aa0e84391a6d9f0afe24f6bee&name=default => generated 2925 bytes in 243 msecs (HTTP/1.1 200) 4 headers in 158 bytes (1 switches on core 0) [pid: 8|app: 0|req: 824/1663] 10.0.0.241 () {32 vars in 740 bytes} [Thu Aug 13 19:41:25 2026] DELETE /v2.0/security-groups/eb84a195-ddb9-4ff6-b2fb-b799979de180 => generated 0 bytes in 238 msecs (HTTP/1.1 204) 2 headers in 112 bytes (1 switches on core 0) [pid: 7|app: 0|req: 840/1664] 10.0.0.241 () {32 vars in 724 bytes} [Thu Aug 13 19:41:24 2026] DELETE /v2.0/routers/30359a52-9e42-414b-864e-3b583c9f046e => generated 0 bytes in 2123 msecs (HTTP/1.1 204) 2 headers in 112 bytes (1 switches on core 0) [pid: 8|app: 0|req: 825/1665] 10.0.0.147 () {34 vars in 990 bytes} [Thu Aug 13 19:41:26 2026] GET /v2.0/ports?device_id=0e499ed7-c7b8-4a0b-ac74-8581f2992a01 => generated 969 bytes in 63 msecs (HTTP/1.1 200) 4 headers in 157 bytes (1 switches on core 0) [pid: 8|app: 0|req: 826/1666] 10.0.0.147 () {34 vars in 1040 bytes} [Thu Aug 13 19:41:26 2026] GET /v2.0/security-groups?id=2aa26e8d-9f38-4fd7-b506-cd2d72cdfada&fields=id&fields=name => generated 88 bytes in 29 msecs (HTTP/1.1 200) 4 headers in 156 bytes (1 switches on core 0) [pid: 7|app: 0|req: 841/1667] 10.0.0.241 () {32 vars in 724 bytes} [Thu Aug 13 19:41:26 2026] DELETE /v2.0/subnets/02f058e3-969b-438a-b2e6-c20f8320bdb6 => generated 0 bytes in 150 msecs (HTTP/1.1 204) 3 headers in 131 bytes (1 switches on core 0)
2026-08-13 19:41:26.946 8 INFO neutron_taas.services.taas.taas_plugin [None req-165d0375-5a21-46ba-afe6-b17cdfb19328 93afeb5cd2c544b0b2bfea9dbf39cef9 d33eb3e73b334f6b8075a332407e4046 - - default default] TaaS: Handle Delete Port: 05d231f1-8d7f-4d4f-844e-1d61a3320482
2026-08-13 19:41:26.949 8 INFO neutron_taas.services.taas.tap_mirror_plugin [None req-165d0375-5a21-46ba-afe6-b17cdfb19328 93afeb5cd2c544b0b2bfea9dbf39cef9 d33eb3e73b334f6b8075a332407e4046 - - default default] Tap Mirror: Handle Delete Port: 05d231f1-8d7f-4d4f-844e-1d61a3320482
2026-08-13 19:41:27.113 8 INFO neutron.services.segments.plugin [-] Segment 5321ba4d-cac2-419c-803a-50c232ba7721 resource provider aggregate not found
2026-08-13 19:41:27.124 8 INFO neutron.services.segments.plugin [-] Segment 5321ba4d-cac2-419c-803a-50c232ba7721 resource provider aggregate not found
2026-08-13 19:41:27.140 8 INFO neutron.services.segments.plugin [-] Client error retrieving segment 5321ba4d-cac2-419c-803a-50c232ba7721 resource provider; error: Placement Client Error (4xx): {"errors": [{"status": 404, "title": "Not Found", "detail": "The resource could not be found.\n\n No resource provider with uuid 5321ba4d-cac2-419c-803a-50c232ba7721 found for delete ", "request_id": "req-6698e7b0-7472-4757-a046-746adfaf6b60"}]}
2026-08-13 19:41:27.143 8 INFO neutron.services.segments.plugin [-] Client error retrieving segment 5321ba4d-cac2-419c-803a-50c232ba7721 resource provider; error: Placement Client Error (4xx): {"errors": [{"status": 404, "title": "Not Found", "detail": "The resource could not be found.\n\n No resource provider with uuid 5321ba4d-cac2-419c-803a-50c232ba7721 found for delete ", "request_id": "req-9332e278-c733-4416-8c05-d2bc356a1eab"}]} [pid: 8|app: 0|req: 827/1668] 10.0.0.241 () {32 vars in 726 bytes} [Thu Aug 13 19:41:26 2026] DELETE /v2.0/networks/e5271418-85fa-45b8-b624-4aeb12f240a3 => generated 0 bytes in 340 msecs (HTTP/1.1 204) 3 headers in 131 bytes (1 switches on core 0) [pid: 7|app: 0|req: 842/1669] 10.0.0.241 () {32 vars in 774 bytes} [Thu Aug 13 19:41:27 2026] GET /v2.0/security-groups?tenant_id=07a0f775c90d4462a64bd1c1295bb080&name=default => generated 2925 bytes in 35 msecs (HTTP/1.1 200) 4 headers in 158 bytes (1 switches on core 0) [pid: 8|app: 0|req: 828/1670] 10.0.0.241 () {32 vars in 740 bytes} [Thu Aug 13 19:41:27 2026] DELETE /v2.0/security-groups/4c1c2929-87c5-4ba8-9769-476a6009435e => generated 0 bytes in 314 msecs (HTTP/1.1 204) 2 headers in 112 bytes (1 switches on core 0) [pid: 7|app: 0|req: 843/1671] 10.0.0.147 () {34 vars in 990 bytes} [Thu Aug 13 19:41:27 2026] GET /v2.0/ports?device_id=0e499ed7-c7b8-4a0b-ac74-8581f2992a01 => generated 969 bytes in 78 msecs (HTTP/1.1 200) 4 headers in 157 bytes (1 switches on core 0)
2026-08-13 19:41:27.959 8 INFO neutron.plugins.ml2.drivers.ovn.mech_driver.mech_driver [None req-81786ac7-10ca-41cf-8c9f-4df8f1c2fe85 - - - - - -] OVN reports status up for port: 82a68670-429d-4178-b423-3d7e6b685692 [pid: 8|app: 0|req: 829/1672] 10.0.0.147 () {34 vars in 1040 bytes} [Thu Aug 13 19:41:27 2026] GET /v2.0/security-groups?id=2aa26e8d-9f38-4fd7-b506-cd2d72cdfada&fields=id&fields=name => generated 88 bytes in 80 msecs (HTTP/1.1 200) 4 headers in 156 bytes (1 switches on core 0)
2026-08-13 19:41:27.980 8 INFO neutron.plugins.ml2.plugin [None req-81786ac7-10ca-41cf-8c9f-4df8f1c2fe85 - - - - - -] Attempt 1 to provision port 82a68670-429d-4178-b423-3d7e6b685692
2026-08-13 19:41:28.108 8 INFO neutron.notifiers.nova [-] Nova event matching ['req-ee5a1a7b-e27e-4d9b-8bd3-b1991e145f62'] response: {'server_uuid': '0e499ed7-c7b8-4a0b-ac74-8581f2992a01', 'name': 'network-vif-plugged', 'status': 'completed', 'tag': '82a68670-429d-4178-b423-3d7e6b685692', 'code': 200}
2026-08-13 19:41:28.251 8 INFO neutron.db.ovn_revision_numbers_db [None req-81786ac7-10ca-41cf-8c9f-4df8f1c2fe85 - - - - - -] Successfully bumped revision number for resource 82a68670-429d-4178-b423-3d7e6b685692 (type: ports) to 5 [pid: 7|app: 0|req: 845/1675] 10.0.0.147 () {34 vars in 990 bytes} [Thu Aug 13 19:41:29 2026] GET /v2.0/ports?device_id=0e499ed7-c7b8-4a0b-ac74-8581f2992a01 => generated 971 bytes in 40 msecs (HTTP/1.1 200) 4 headers in 157 bytes (1 switches on core 0) /var/lib/openstack/lib/python3.12/site-packages/pycadf/identifier.py:70: UserWarning: Invalid uuid: neutron. To ensure interoperability, identifiers should be a valid uuid. warnings.warn(('Invalid uuid: %s. To ensure interoperability, ' [pid: 8|app: 0|req: 831/1676] 10.0.0.147 () {34 vars in 1040 bytes} [Thu Aug 13 19:41:29 2026] GET /v2.0/security-groups?id=2aa26e8d-9f38-4fd7-b506-cd2d72cdfada&fields=id&fields=name => generated 88 bytes in 45 msecs (HTTP/1.1 200) 4 headers in 156 bytes (1 switches on core 0)
2026-08-13 19:41:30.166 8 INFO neutron.notifiers.nova [-] Nova event matching ['req-e853f8fe-47a7-4db3-82d3-f7e8260f209e'] response: {'server_uuid': '0e499ed7-c7b8-4a0b-ac74-8581f2992a01', 'name': 'network-vif-plugged', 'status': 'completed', 'tag': '82a68670-429d-4178-b423-3d7e6b685692', 'code': 200} [pid: 7|app: 0|req: 846/1677] 10.0.0.147 () {34 vars in 990 bytes} [Thu Aug 13 19:41:30 2026] GET /v2.0/ports?device_id=0e499ed7-c7b8-4a0b-ac74-8581f2992a01 => generated 971 bytes in 51 msecs (HTTP/1.1 200) 4 headers in 157 bytes (1 switches on core 0) [pid: 8|app: 0|req: 832/1678] 10.0.0.147 () {34 vars in 1040 bytes} [Thu Aug 13 19:41:30 2026] GET /v2.0/security-groups?id=2aa26e8d-9f38-4fd7-b506-cd2d72cdfada&fields=id&fields=name => generated 88 bytes in 37 msecs (HTTP/1.1 200) 4 headers in 156 bytes (1 switches on core 0)
2026-08-13 19:41:30.932 8 INFO neutron.db.ovn_revision_numbers_db [None req-17522093-d6a2-46f8-ac12-1bf99e3fe61b e5eb3eef7cce4517be922bdb49c73a67 d82d83bb67b748c5900ef4774c7d072b - - default default] Successfully bumped revision number for resource 695daf8c-8fb4-466d-8f2a-409a14d8823a (type: security_groups) to 1
2026-08-13 19:41:30.946 8 INFO neutron.db.ovn_revision_numbers_db [None req-17522093-d6a2-46f8-ac12-1bf99e3fe61b e5eb3eef7cce4517be922bdb49c73a67 d82d83bb67b748c5900ef4774c7d072b - - default default] Successfully bumped revision number for resource 63b2199e-810d-4be6-9201-4a36d1675662 (type: security_group_rules) to 0
2026-08-13 19:41:30.962 7 INFO neutron.db.ovn_revision_numbers_db [None req-633ca79a-ab52-419b-b032-97e11ac37a6d 93afeb5cd2c544b0b2bfea9dbf39cef9 d33eb3e73b334f6b8075a332407e4046 - - default default] Successfully bumped revision number for resource fe670029-a145-49df-9ae0-67e162825e9c (type: security_groups) to 1
2026-08-13 19:41:30.962 8 INFO neutron.db.ovn_revision_numbers_db [None req-17522093-d6a2-46f8-ac12-1bf99e3fe61b e5eb3eef7cce4517be922bdb49c73a67 d82d83bb67b748c5900ef4774c7d072b - - default default] Successfully bumped revision number for resource 798a32cc-ce80-44a4-8fd9-60bfeabed130 (type: security_group_rules) to 0
2026-08-13 19:41:30.976 7 INFO neutron.db.ovn_revision_numbers_db [None req-633ca79a-ab52-419b-b032-97e11ac37a6d 93afeb5cd2c544b0b2bfea9dbf39cef9 d33eb3e73b334f6b8075a332407e4046 - - default default] Successfully bumped revision number for resource 1a24bd6a-5721-4280-b177-194be4656bba (type: security_group_rules) to 0
2026-08-13 19:41:30.980 8 INFO neutron.db.ovn_revision_numbers_db [None req-17522093-d6a2-46f8-ac12-1bf99e3fe61b e5eb3eef7cce4517be922bdb49c73a67 d82d83bb67b748c5900ef4774c7d072b - - default default] Successfully bumped revision number for resource ad9fc694-6fa1-4103-ab5f-fded50c40353 (type: security_group_rules) to 0
2026-08-13 19:41:30.988 7 INFO neutron.db.ovn_revision_numbers_db [None req-633ca79a-ab52-419b-b032-97e11ac37a6d 93afeb5cd2c544b0b2bfea9dbf39cef9 d33eb3e73b334f6b8075a332407e4046 - - default default] Successfully bumped revision number for resource 2fdd1490-b949-43b4-849b-1d7a895f0309 (type: security_group_rules) to 0
2026-08-13 19:41:30.995 8 INFO neutron.db.ovn_revision_numbers_db [None req-17522093-d6a2-46f8-ac12-1bf99e3fe61b e5eb3eef7cce4517be922bdb49c73a67 d82d83bb67b748c5900ef4774c7d072b - - default default] Successfully bumped revision number for resource d180365a-88b3-40dd-9e7e-bdd1d5325eb8 (type: security_group_rules) to 0
2026-08-13 19:41:31.002 7 INFO neutron.db.ovn_revision_numbers_db [None req-633ca79a-ab52-419b-b032-97e11ac37a6d 93afeb5cd2c544b0b2bfea9dbf39cef9 d33eb3e73b334f6b8075a332407e4046 - - default default] Successfully bumped revision number for resource 31e62a83-b511-4f46-becf-a5ee590cf626 (type: security_group_rules) to 0
2026-08-13 19:41:31.023 7 INFO neutron.db.ovn_revision_numbers_db [None req-633ca79a-ab52-419b-b032-97e11ac37a6d 93afeb5cd2c544b0b2bfea9dbf39cef9 d33eb3e73b334f6b8075a332407e4046 - - default default] Successfully bumped revision number for resource 361c6406-4751-4504-a437-bc64834e0f08 (type: security_group_rules) to 0 [pid: 7|app: 0|req: 847/1679] 10.0.0.241 () {32 vars in 774 bytes} [Thu Aug 13 19:41:30 2026] GET /v2.0/security-groups?tenant_id=78346885535748778d026eabb78cfce7&name=default => generated 2925 bytes in 475 msecs (HTTP/1.1 200) 4 headers in 158 bytes (1 switches on core 0)
2026-08-13 19:41:31.077 8 INFO neutron.db.segments_db [None req-17522093-d6a2-46f8-ac12-1bf99e3fe61b e5eb3eef7cce4517be922bdb49c73a67 d82d83bb67b748c5900ef4774c7d072b - - default default] Added segment a3d5f87f-23b8-4a9f-8916-d70fa12190c1 of type geneve for network ac4480a1-1298-45ec-b7fd-750b71b735e7
2026-08-13 19:41:31.193 8 INFO neutron.db.ovn_revision_numbers_db [None req-17522093-d6a2-46f8-ac12-1bf99e3fe61b e5eb3eef7cce4517be922bdb49c73a67 d82d83bb67b748c5900ef4774c7d072b - - default default] Successfully bumped revision number for resource ac4480a1-1298-45ec-b7fd-750b71b735e7 (type: networks) to 1
2026-08-13 19:41:31.254 7 INFO neutron.db.ovn_revision_numbers_db [None req-7718d45d-635a-4258-a111-1fe3baf793ff 93afeb5cd2c544b0b2bfea9dbf39cef9 d33eb3e73b334f6b8075a332407e4046 - - default default] Successfully bumped revision number for resource 66749196-5ad8-4d4f-aded-a5a93d09d586 (type: security_groups) to 1
2026-08-13 19:41:31.267 7 INFO neutron.db.ovn_revision_numbers_db [None req-7718d45d-635a-4258-a111-1fe3baf793ff 93afeb5cd2c544b0b2bfea9dbf39cef9 d33eb3e73b334f6b8075a332407e4046 - - default default] Successfully bumped revision number for resource 148ec176-9240-4359-a040-885f9e0959ac (type: security_group_rules) to 0
2026-08-13 19:41:31.279 7 INFO neutron.db.ovn_revision_numbers_db [None req-7718d45d-635a-4258-a111-1fe3baf793ff 93afeb5cd2c544b0b2bfea9dbf39cef9 d33eb3e73b334f6b8075a332407e4046 - - default default] Successfully bumped revision number for resource 20276a35-aafc-418d-be75-243225184b8a (type: security_group_rules) to 0
2026-08-13 19:41:31.296 7 INFO neutron.db.ovn_revision_numbers_db [None req-7718d45d-635a-4258-a111-1fe3baf793ff 93afeb5cd2c544b0b2bfea9dbf39cef9 d33eb3e73b334f6b8075a332407e4046 - - default default] Successfully bumped revision number for resource 6e239c65-3f05-4560-ac20-db6f9dc3a1fd (type: security_group_rules) to 0
2026-08-13 19:41:31.309 7 INFO neutron.db.ovn_revision_numbers_db [None req-7718d45d-635a-4258-a111-1fe3baf793ff 93afeb5cd2c544b0b2bfea9dbf39cef9 d33eb3e73b334f6b8075a332407e4046 - - default default] Successfully bumped revision number for resource dac8039b-d61f-4344-b7a3-d1f16d71b1b8 (type: security_group_rules) to 0 [pid: 7|app: 0|req: 848/1680] 10.0.0.241 () {32 vars in 774 bytes} [Thu Aug 13 19:41:31 2026] GET /v2.0/security-groups?tenant_id=9fda7fab99304397afc2923c0131b864&name=default => generated 2925 bytes in 284 msecs (HTTP/1.1 200) 4 headers in 158 bytes (1 switches on core 0)
2026-08-13 19:41:31.414 8 WARNING neutron.scheduler.dhcp_agent_scheduler [None req-17522093-d6a2-46f8-ac12-1bf99e3fe61b e5eb3eef7cce4517be922bdb49c73a67 d82d83bb67b748c5900ef4774c7d072b - - default default] No more DHCP agents
2026-08-13 19:41:31.416 8 WARNING neutron.api.rpc.agentnotifiers.dhcp_rpc_agent_api [None req-17522093-d6a2-46f8-ac12-1bf99e3fe61b e5eb3eef7cce4517be922bdb49c73a67 d82d83bb67b748c5900ef4774c7d072b - - default default] Unable to schedule network ac4480a1-1298-45ec-b7fd-750b71b735e7: no agents available; will retry on subsequent port and subnet creation events.
2026-08-13 19:41:31.484 7 INFO neutron.plugins.ml2.drivers.ovn.mech_driver.mech_driver [None req-6b21ecd2-c8e6-4844-80b7-80bebf8c4ab8 - - - - - -] OVN reports status down for port: e93a03f6-5197-4763-aebf-5968768bec18
2026-08-13 19:41:31.531 8 INFO neutron.db.ovn_revision_numbers_db [None req-17522093-d6a2-46f8-ac12-1bf99e3fe61b e5eb3eef7cce4517be922bdb49c73a67 d82d83bb67b748c5900ef4774c7d072b - - default default] Successfully bumped revision number for resource e93a03f6-5197-4763-aebf-5968768bec18 (type: ports) to 1 [pid: 8|app: 0|req: 833/1681] 10.0.0.241 () {34 vars in 670 bytes} [Thu Aug 13 19:41:30 2026] POST /v2.0/networks => generated 632 bytes in 846 msecs (HTTP/1.1 201) 4 headers in 162 bytes (1 switches on core 0) [pid: 7|app: 0|req: 849/1682] 10.0.0.241 () {32 vars in 740 bytes} [Thu Aug 13 19:41:31 2026] DELETE /v2.0/security-groups/fe670029-a145-49df-9ae0-67e162825e9c => generated 0 bytes in 345 msecs (HTTP/1.1 204) 2 headers in 112 bytes (1 switches on core 0) [pid: 8|app: 0|req: 834/1683] 10.0.0.241 () {32 vars in 740 bytes} [Thu Aug 13 19:41:31 2026] DELETE /v2.0/security-groups/66749196-5ad8-4d4f-aded-a5a93d09d586 => generated 0 bytes in 333 msecs (HTTP/1.1 204) 2 headers in 112 bytes (1 switches on core 0) [pid: 8|app: 0|req: 835/1684] 10.0.0.147 () {34 vars in 990 bytes} [Thu Aug 13 19:41:31 2026] GET /v2.0/ports?device_id=0e499ed7-c7b8-4a0b-ac74-8581f2992a01 => generated 971 bytes in 77 msecs (HTTP/1.1 200) 4 headers in 157 bytes (1 switches on core 0)
2026-08-13 19:41:31.994 7 WARNING neutron.scheduler.dhcp_agent_scheduler [None req-075ab737-53a6-43ea-9ce6-6746180463f0 e5eb3eef7cce4517be922bdb49c73a67 d82d83bb67b748c5900ef4774c7d072b - - default default] No more DHCP agents
2026-08-13 19:41:31.995 7 WARNING neutron.api.rpc.agentnotifiers.dhcp_rpc_agent_api [None req-075ab737-53a6-43ea-9ce6-6746180463f0 e5eb3eef7cce4517be922bdb49c73a67 d82d83bb67b748c5900ef4774c7d072b - - default default] Unable to schedule network ac4480a1-1298-45ec-b7fd-750b71b735e7: no agents available; will retry on subsequent port and subnet creation events.
2026-08-13 19:41:32.092 8 INFO neutron.plugins.ml2.drivers.ovn.mech_driver.mech_driver [None req-b5dc11dd-7c2c-4f2e-9e8f-befe21bfd81e - - - - - -] OVN reports status down for port: 7fd29d39-5408-4eb8-bd50-1ec1a85a5377
2026-08-13 19:41:32.107 7 INFO neutron.db.ovn_revision_numbers_db [None req-075ab737-53a6-43ea-9ce6-6746180463f0 e5eb3eef7cce4517be922bdb49c73a67 d82d83bb67b748c5900ef4774c7d072b - - default default] Successfully bumped revision number for resource 7fd29d39-5408-4eb8-bd50-1ec1a85a5377 (type: ports) to 1 [pid: 7|app: 0|req: 850/1685] 10.0.0.241 () {34 vars in 664 bytes} [Thu Aug 13 19:41:31 2026] POST /v2.0/ports => generated 743 bytes in 490 msecs (HTTP/1.1 201) 4 headers in 162 bytes (1 switches on core 0) /var/lib/openstack/lib/python3.12/site-packages/pycadf/identifier.py:70: UserWarning: Invalid uuid: neutron. To ensure interoperability, identifiers should be a valid uuid. warnings.warn(('Invalid uuid: %s. To ensure interoperability, '
2026-08-13 19:41:32.188 8 INFO neutron.db.ovn_revision_numbers_db [None req-ae966d22-e5c1-4931-bdb8-97dba318a894 93afeb5cd2c544b0b2bfea9dbf39cef9 d33eb3e73b334f6b8075a332407e4046 - - default default] Successfully bumped revision number for resource e7efdcce-b90e-42de-a160-41b20bb5bd53 (type: security_groups) to 1
2026-08-13 19:41:32.209 8 INFO neutron.db.ovn_revision_numbers_db [None req-ae966d22-e5c1-4931-bdb8-97dba318a894 93afeb5cd2c544b0b2bfea9dbf39cef9 d33eb3e73b334f6b8075a332407e4046 - - default default] Successfully bumped revision number for resource 2d7b085c-4e30-4d1a-bfde-eb4587d8bbc2 (type: security_group_rules) to 0 [pid: 7|app: 0|req: 851/1686] 10.0.0.147 () {34 vars in 1040 bytes} [Thu Aug 13 19:41:32 2026] GET /v2.0/security-groups?id=2aa26e8d-9f38-4fd7-b506-cd2d72cdfada&fields=id&fields=name => generated 88 bytes in 35 msecs (HTTP/1.1 200) 4 headers in 156 bytes (1 switches on core 0)
2026-08-13 19:41:32.225 8 INFO neutron.db.ovn_revision_numbers_db [None req-ae966d22-e5c1-4931-bdb8-97dba318a894 93afeb5cd2c544b0b2bfea9dbf39cef9 d33eb3e73b334f6b8075a332407e4046 - - default default] Successfully bumped revision number for resource 9da347e1-6404-40f5-bfca-95e1f7686a9f (type: security_group_rules) to 0
2026-08-13 19:41:32.244 8 INFO neutron.db.ovn_revision_numbers_db [None req-ae966d22-e5c1-4931-bdb8-97dba318a894 93afeb5cd2c544b0b2bfea9dbf39cef9 d33eb3e73b334f6b8075a332407e4046 - - default default] Successfully bumped revision number for resource f4b16bf2-9a2c-4468-ba60-33b68175c050 (type: security_group_rules) to 0
2026-08-13 19:41:32.259 8 INFO neutron.db.ovn_revision_numbers_db [None req-ae966d22-e5c1-4931-bdb8-97dba318a894 93afeb5cd2c544b0b2bfea9dbf39cef9 d33eb3e73b334f6b8075a332407e4046 - - default default] Successfully bumped revision number for resource fd5b817b-fc71-4431-aed1-71d32456ecdc (type: security_group_rules) to 0 [pid: 8|app: 0|req: 836/1687] 10.0.0.241 () {32 vars in 774 bytes} [Thu Aug 13 19:41:31 2026] GET /v2.0/security-groups?tenant_id=175f46d3587643ce93967bf6f0d1893c&name=default => generated 2925 bytes in 316 msecs (HTTP/1.1 200) 4 headers in 158 bytes (1 switches on core 0) [pid: 7|app: 0|req: 852/1688] 10.0.0.241 () {34 vars in 666 bytes} [Thu Aug 13 19:41:32 2026] POST /v2.0/trunks => generated 409 bytes in 230 msecs (HTTP/1.1 201) 4 headers in 162 bytes (1 switches on core 0) [pid: 8|app: 0|req: 837/1689] 10.0.0.241 () {32 vars in 740 bytes} [Thu Aug 13 19:41:32 2026] DELETE /v2.0/security-groups/e7efdcce-b90e-42de-a160-41b20bb5bd53 => generated 0 bytes in 235 msecs (HTTP/1.1 204) 2 headers in 112 bytes (1 switches on core 0)
2026-08-13 19:41:32.582 7 INFO neutron.db.segments_db [None req-a94d2e8f-de19-479c-b944-4a4bcb19ca32 e5eb3eef7cce4517be922bdb49c73a67 d82d83bb67b748c5900ef4774c7d072b - - default default] Added segment df0a60d9-89da-4921-aca3-c6281ee65189 of type geneve for network e1410aed-1cd1-4a91-b64d-fcd6d1cf1b3f
2026-08-13 19:41:32.694 7 INFO neutron.db.ovn_revision_numbers_db [None req-a94d2e8f-de19-479c-b944-4a4bcb19ca32 e5eb3eef7cce4517be922bdb49c73a67 d82d83bb67b748c5900ef4774c7d072b - - default default] Successfully bumped revision number for resource e1410aed-1cd1-4a91-b64d-fcd6d1cf1b3f (type: networks) to 1
2026-08-13 19:41:32.771 8 INFO neutron.plugins.ml2.drivers.ovn.mech_driver.mech_driver [None req-b5dc11dd-7c2c-4f2e-9e8f-befe21bfd81e - - - - - -] OVN reports status down for port: 82a68670-429d-4178-b423-3d7e6b685692
2026-08-13 19:41:32.906 7 WARNING neutron.scheduler.dhcp_agent_scheduler [None req-a94d2e8f-de19-479c-b944-4a4bcb19ca32 e5eb3eef7cce4517be922bdb49c73a67 d82d83bb67b748c5900ef4774c7d072b - - default default] No more DHCP agents
2026-08-13 19:41:32.907 7 WARNING neutron.api.rpc.agentnotifiers.dhcp_rpc_agent_api [None req-a94d2e8f-de19-479c-b944-4a4bcb19ca32 e5eb3eef7cce4517be922bdb49c73a67 d82d83bb67b748c5900ef4774c7d072b - - default default] Unable to schedule network e1410aed-1cd1-4a91-b64d-fcd6d1cf1b3f: no agents available; will retry on subsequent port and subnet creation events.
2026-08-13 19:41:32.947 8 INFO neutron.notifiers.nova [-] Nova event matching ['req-eb9d55f8-4de0-4bed-9ba8-e4833765819d'] response: {'server_uuid': '0e499ed7-c7b8-4a0b-ac74-8581f2992a01', 'name': 'network-vif-unplugged', 'status': 'completed', 'tag': '82a68670-429d-4178-b423-3d7e6b685692', 'code': 200}
2026-08-13 19:41:33.022 7 INFO neutron.db.ovn_revision_numbers_db [None req-a94d2e8f-de19-479c-b944-4a4bcb19ca32 e5eb3eef7cce4517be922bdb49c73a67 d82d83bb67b748c5900ef4774c7d072b - - default default] Successfully bumped revision number for resource f1ad0381-c197-429c-b78e-f9cfb890d80b (type: ports) to 1 [pid: 7|app: 0|req: 853/1690] 10.0.0.241 () {34 vars in 670 bytes} [Thu Aug 13 19:41:32 2026] POST /v2.0/networks => generated 631 bytes in 593 msecs (HTTP/1.1 201) 4 headers in 162 bytes (1 switches on core 0)
2026-08-13 19:41:33.115 8 INFO neutron.db.ovn_revision_numbers_db [None req-b5dc11dd-7c2c-4f2e-9e8f-befe21bfd81e - - - - - -] Successfully bumped revision number for resource 82a68670-429d-4178-b423-3d7e6b685692 (type: ports) to 6
2026-08-13 19:41:33.214 8 INFO neutron.plugins.ml2.drivers.ovn.mech_driver.mech_driver [None req-86f0bb05-8e6a-4fb4-b3a7-98de1062c3ee - - - - - -] OVN reports status down for port: f1ad0381-c197-429c-b78e-f9cfb890d80b [pid: 7|app: 0|req: 854/1691] 10.0.0.147 () {34 vars in 990 bytes} [Thu Aug 13 19:41:33 2026] GET /v2.0/ports?device_id=0e499ed7-c7b8-4a0b-ac74-8581f2992a01 => generated 969 bytes in 84 msecs (HTTP/1.1 200) 4 headers in 157 bytes (1 switches on core 0)
2026-08-13 19:41:33.375 8 WARNING neutron.scheduler.dhcp_agent_scheduler [None req-79062301-e849-4972-8314-f671b21432ab e5eb3eef7cce4517be922bdb49c73a67 d82d83bb67b748c5900ef4774c7d072b - - default default] No more DHCP agents
2026-08-13 19:41:33.377 8 WARNING neutron.api.rpc.agentnotifiers.dhcp_rpc_agent_api [None req-79062301-e849-4972-8314-f671b21432ab e5eb3eef7cce4517be922bdb49c73a67 d82d83bb67b748c5900ef4774c7d072b - - default default] Unable to schedule network e1410aed-1cd1-4a91-b64d-fcd6d1cf1b3f: no agents available; will retry on subsequent port and subnet creation events. [pid: 7|app: 0|req: 855/1692] 10.0.0.147 () {34 vars in 1040 bytes} [Thu Aug 13 19:41:33 2026] GET /v2.0/security-groups?id=2aa26e8d-9f38-4fd7-b506-cd2d72cdfada&fields=id&fields=name => generated 88 bytes in 34 msecs (HTTP/1.1 200) 4 headers in 156 bytes (1 switches on core 0)
2026-08-13 19:41:33.435 8 INFO neutron.plugins.ml2.drivers.ovn.mech_driver.mech_driver [None req-86f0bb05-8e6a-4fb4-b3a7-98de1062c3ee - - - - - -] OVN reports status down for port: c9146322-33af-4b2d-9b00-497035110fc2
2026-08-13 19:41:33.515 8 INFO neutron.db.ovn_revision_numbers_db [None req-79062301-e849-4972-8314-f671b21432ab e5eb3eef7cce4517be922bdb49c73a67 d82d83bb67b748c5900ef4774c7d072b - - default default] Successfully bumped revision number for resource c9146322-33af-4b2d-9b00-497035110fc2 (type: ports) to 1 [pid: 8|app: 0|req: 838/1693] 10.0.0.241 () {34 vars in 664 bytes} [Thu Aug 13 19:41:33 2026] POST /v2.0/ports => generated 743 bytes in 547 msecs (HTTP/1.1 201) 4 headers in 162 bytes (1 switches on core 0) [pid: 7|app: 0|req: 856/1694] 10.0.0.241 () {34 vars in 666 bytes} [Thu Aug 13 19:41:33 2026] POST /v2.0/trunks => generated 409 bytes in 180 msecs (HTTP/1.1 201) 4 headers in 162 bytes (1 switches on core 0) /var/lib/openstack/lib/python3.12/site-packages/pycadf/identifier.py:70: UserWarning: Invalid uuid: neutron. To ensure interoperability, identifiers should be a valid uuid. warnings.warn(('Invalid uuid: %s. To ensure interoperability, '
2026-08-13 19:41:33.876 8 INFO neutron.db.segments_db [None req-9fef3597-ad65-48f5-8378-917911e5b425 e5eb3eef7cce4517be922bdb49c73a67 d82d83bb67b748c5900ef4774c7d072b - - default default] Added segment fa3833d0-ede5-4bed-becd-5ec4e7b37bf8 of type geneve for network dc819c60-154e-470c-bbbe-cb2b38fbd3f8
2026-08-13 19:41:33.995 8 INFO neutron.db.ovn_revision_numbers_db [None req-9fef3597-ad65-48f5-8378-917911e5b425 e5eb3eef7cce4517be922bdb49c73a67 d82d83bb67b748c5900ef4774c7d072b - - default default] Successfully bumped revision number for resource dc819c60-154e-470c-bbbe-cb2b38fbd3f8 (type: networks) to 1 [pid: 7|app: 0|req: 857/1695] 199.204.45.156 () {34 vars in 994 bytes} [Thu Aug 13 19:41:33 2026] GET /v2.0/ports?device_id=0e499ed7-c7b8-4a0b-ac74-8581f2992a01 => generated 969 bytes in 54 msecs (HTTP/1.1 200) 4 headers in 157 bytes (1 switches on core 0)
2026-08-13 19:41:34.148 7 INFO neutron_taas.services.taas.taas_plugin [req-a96c4ce1-bbf5-49e7-b12a-2dbb47d91230 req-494e70f4-ff35-4b2a-b3de-5c71ff5b4e25 21ae88f1cc594faa81d4070a5a77f328 b579182507e34e209042f9b837ddeb84 - - default default] TaaS: Handle Delete Port: 82a68670-429d-4178-b423-3d7e6b685692
2026-08-13 19:41:34.151 7 INFO neutron_taas.services.taas.tap_mirror_plugin [req-a96c4ce1-bbf5-49e7-b12a-2dbb47d91230 req-494e70f4-ff35-4b2a-b3de-5c71ff5b4e25 21ae88f1cc594faa81d4070a5a77f328 b579182507e34e209042f9b837ddeb84 - - default default] Tap Mirror: Handle Delete Port: 82a68670-429d-4178-b423-3d7e6b685692
2026-08-13 19:41:34.153 8 WARNING neutron.scheduler.dhcp_agent_scheduler [None req-9fef3597-ad65-48f5-8378-917911e5b425 e5eb3eef7cce4517be922bdb49c73a67 d82d83bb67b748c5900ef4774c7d072b - - default default] No more DHCP agents
2026-08-13 19:41:34.154 8 WARNING neutron.api.rpc.agentnotifiers.dhcp_rpc_agent_api [None req-9fef3597-ad65-48f5-8378-917911e5b425 e5eb3eef7cce4517be922bdb49c73a67 d82d83bb67b748c5900ef4774c7d072b - - default default] Unable to schedule network dc819c60-154e-470c-bbbe-cb2b38fbd3f8: no agents available; will retry on subsequent port and subnet creation events.
2026-08-13 19:41:34.216 7 INFO neutron.plugins.ml2.drivers.ovn.mech_driver.mech_driver [None req-6b21ecd2-c8e6-4844-80b7-80bebf8c4ab8 - - - - - -] OVN reports status down for port: 42ca3612-e671-4fd3-9f50-b4ddd5def198
2026-08-13 19:41:34.238 8 INFO neutron.db.ovn_revision_numbers_db [None req-9fef3597-ad65-48f5-8378-917911e5b425 e5eb3eef7cce4517be922bdb49c73a67 d82d83bb67b748c5900ef4774c7d072b - - default default] Successfully bumped revision number for resource 42ca3612-e671-4fd3-9f50-b4ddd5def198 (type: ports) to 1 [pid: 8|app: 0|req: 839/1696] 10.0.0.241 () {34 vars in 670 bytes} [Thu Aug 13 19:41:33 2026] POST /v2.0/networks => generated 632 bytes in 470 msecs (HTTP/1.1 201) 4 headers in 162 bytes (1 switches on core 0) [pid: 7|app: 0|req: 858/1697] 199.204.45.156 () {36 vars in 997 bytes} [Thu Aug 13 19:41:34 2026] DELETE /v2.0/ports/82a68670-429d-4178-b423-3d7e6b685692 => generated 0 bytes in 365 msecs (HTTP/1.1 204) 3 headers in 131 bytes (1 switches on core 0)
2026-08-13 19:41:34.416 7 INFO neutron.notifiers.nova [-] Nova event matching ['req-049fbbac-a226-4b48-a88a-5ad54219059c'] response: {'server_uuid': '0e499ed7-c7b8-4a0b-ac74-8581f2992a01', 'name': 'network-vif-deleted', 'tag': '82a68670-429d-4178-b423-3d7e6b685692', 'status': 'completed', 'code': 200} [pid: 7|app: 0|req: 859/1698] 10.0.0.147 () {34 vars in 990 bytes} [Thu Aug 13 19:41:34 2026] GET /v2.0/ports?device_id=0e499ed7-c7b8-4a0b-ac74-8581f2992a01 => generated 12 bytes in 22 msecs (HTTP/1.1 200) 4 headers in 156 bytes (1 switches on core 0)
2026-08-13 19:41:34.520 8 WARNING neutron.scheduler.dhcp_agent_scheduler [None req-bb0805f7-66b9-49e9-b320-c9667655857f e5eb3eef7cce4517be922bdb49c73a67 d82d83bb67b748c5900ef4774c7d072b - - default default] No more DHCP agents
2026-08-13 19:41:34.521 8 WARNING neutron.api.rpc.agentnotifiers.dhcp_rpc_agent_api [None req-bb0805f7-66b9-49e9-b320-c9667655857f e5eb3eef7cce4517be922bdb49c73a67 d82d83bb67b748c5900ef4774c7d072b - - default default] Unable to schedule network dc819c60-154e-470c-bbbe-cb2b38fbd3f8: no agents available; will retry on subsequent port and subnet creation events.
2026-08-13 19:41:34.582 8 INFO neutron.plugins.ml2.drivers.ovn.mech_driver.mech_driver [None req-86f0bb05-8e6a-4fb4-b3a7-98de1062c3ee - - - - - -] OVN reports status down for port: 1af4ef87-dba9-44b4-8ae6-d17b24bfb401
2026-08-13 19:41:34.676 8 INFO neutron.db.ovn_revision_numbers_db [None req-bb0805f7-66b9-49e9-b320-c9667655857f e5eb3eef7cce4517be922bdb49c73a67 d82d83bb67b748c5900ef4774c7d072b - - default default] Successfully bumped revision number for resource 1af4ef87-dba9-44b4-8ae6-d17b24bfb401 (type: ports) to 1 [pid: 8|app: 0|req: 840/1699] 10.0.0.241 () {34 vars in 664 bytes} [Thu Aug 13 19:41:34 2026] POST /v2.0/ports => generated 743 bytes in 491 msecs (HTTP/1.1 201) 4 headers in 162 bytes (1 switches on core 0) [pid: 7|app: 0|req: 860/1700] 10.0.0.241 () {34 vars in 666 bytes} [Thu Aug 13 19:41:34 2026] POST /v2.0/trunks => generated 409 bytes in 169 msecs (HTTP/1.1 201) 4 headers in 162 bytes (1 switches on core 0) /var/lib/openstack/lib/python3.12/site-packages/pycadf/identifier.py:70: UserWarning: Invalid uuid: neutron. To ensure interoperability, identifiers should be a valid uuid. warnings.warn(('Invalid uuid: %s. To ensure interoperability, '
2026-08-13 19:41:34.982 8 INFO neutron.notifiers.nova [-] Nova event matching ['req-be611631-ef86-4b01-a66a-ff25464facc7'] response: {'server_uuid': '0e499ed7-c7b8-4a0b-ac74-8581f2992a01', 'name': 'network-vif-unplugged', 'status': 'completed', 'tag': '82a68670-429d-4178-b423-3d7e6b685692', 'code': 200}
2026-08-13 19:41:35.035 8 INFO neutron.db.segments_db [None req-6958edfd-63bf-419d-b39e-edcdfb96b884 e5eb3eef7cce4517be922bdb49c73a67 d82d83bb67b748c5900ef4774c7d072b - - default default] Added segment a2d23343-43f2-4fe4-9880-9301786168a8 of type geneve for network f5ed6bf6-13ce-4157-8804-49797b7dc2d0
2026-08-13 19:41:35.176 8 INFO neutron.db.ovn_revision_numbers_db [None req-6958edfd-63bf-419d-b39e-edcdfb96b884 e5eb3eef7cce4517be922bdb49c73a67 d82d83bb67b748c5900ef4774c7d072b - - default default] Successfully bumped revision number for resource f5ed6bf6-13ce-4157-8804-49797b7dc2d0 (type: networks) to 1
2026-08-13 19:41:35.343 8 WARNING neutron.scheduler.dhcp_agent_scheduler [None req-6958edfd-63bf-419d-b39e-edcdfb96b884 e5eb3eef7cce4517be922bdb49c73a67 d82d83bb67b748c5900ef4774c7d072b - - default default] No more DHCP agents
2026-08-13 19:41:35.344 8 WARNING neutron.api.rpc.agentnotifiers.dhcp_rpc_agent_api [None req-6958edfd-63bf-419d-b39e-edcdfb96b884 e5eb3eef7cce4517be922bdb49c73a67 d82d83bb67b748c5900ef4774c7d072b - - default default] Unable to schedule network f5ed6bf6-13ce-4157-8804-49797b7dc2d0: no agents available; will retry on subsequent port and subnet creation events.
2026-08-13 19:41:35.397 7 INFO neutron.plugins.ml2.drivers.ovn.mech_driver.mech_driver [None req-6b21ecd2-c8e6-4844-80b7-80bebf8c4ab8 - - - - - -] OVN reports status down for port: 0e5f8a60-a7c5-470f-b5af-d88b4b58513d
2026-08-13 19:41:35.429 8 INFO neutron.db.ovn_revision_numbers_db [None req-6958edfd-63bf-419d-b39e-edcdfb96b884 e5eb3eef7cce4517be922bdb49c73a67 d82d83bb67b748c5900ef4774c7d072b - - default default] Successfully bumped revision number for resource 0e5f8a60-a7c5-470f-b5af-d88b4b58513d (type: ports) to 1 [pid: 8|app: 0|req: 841/1701] 10.0.0.241 () {34 vars in 670 bytes} [Thu Aug 13 19:41:34 2026] POST /v2.0/networks => generated 632 bytes in 517 msecs (HTTP/1.1 201) 4 headers in 162 bytes (1 switches on core 0) [pid: 8|app: 0|req: 842/1702] 10.0.0.147 () {34 vars in 990 bytes} [Thu Aug 13 19:41:35 2026] GET /v2.0/ports?device_id=0e499ed7-c7b8-4a0b-ac74-8581f2992a01 => generated 12 bytes in 28 msecs (HTTP/1.1 200) 4 headers in 156 bytes (1 switches on core 0)
2026-08-13 19:41:35.764 7 WARNING neutron.scheduler.dhcp_agent_scheduler [None req-491adc32-001d-434d-989d-4e7a4de4de8f e5eb3eef7cce4517be922bdb49c73a67 d82d83bb67b748c5900ef4774c7d072b - - default default] No more DHCP agents
2026-08-13 19:41:35.765 7 WARNING neutron.api.rpc.agentnotifiers.dhcp_rpc_agent_api [None req-491adc32-001d-434d-989d-4e7a4de4de8f e5eb3eef7cce4517be922bdb49c73a67 d82d83bb67b748c5900ef4774c7d072b - - default default] Unable to schedule network f5ed6bf6-13ce-4157-8804-49797b7dc2d0: no agents available; will retry on subsequent port and subnet creation events.
2026-08-13 19:41:35.817 7 INFO neutron.plugins.ml2.drivers.ovn.mech_driver.mech_driver [None req-6b21ecd2-c8e6-4844-80b7-80bebf8c4ab8 - - - - - -] OVN reports status down for port: 9dfeec66-b344-4a17-9d42-35c02093629e
2026-08-13 19:41:35.896 7 INFO neutron.db.ovn_revision_numbers_db [None req-491adc32-001d-434d-989d-4e7a4de4de8f e5eb3eef7cce4517be922bdb49c73a67 d82d83bb67b748c5900ef4774c7d072b - - default default] Successfully bumped revision number for resource 9dfeec66-b344-4a17-9d42-35c02093629e (type: ports) to 1 [pid: 7|app: 0|req: 861/1703] 10.0.0.241 () {34 vars in 664 bytes} [Thu Aug 13 19:41:35 2026] POST /v2.0/ports => generated 743 bytes in 532 msecs (HTTP/1.1 201) 4 headers in 162 bytes (1 switches on core 0) /var/lib/openstack/lib/python3.12/site-packages/pycadf/identifier.py:70: UserWarning: Invalid uuid: neutron. To ensure interoperability, identifiers should be a valid uuid. warnings.warn(('Invalid uuid: %s. To ensure interoperability, ' [pid: 8|app: 0|req: 843/1704] 10.0.0.241 () {34 vars in 666 bytes} [Thu Aug 13 19:41:35 2026] POST /v2.0/trunks => generated 409 bytes in 226 msecs (HTTP/1.1 201) 4 headers in 162 bytes (1 switches on core 0)
2026-08-13 19:41:36.344 8 INFO neutron.db.segments_db [None req-a57cebf2-7b57-4ed3-a31c-17f22994c4fb e5eb3eef7cce4517be922bdb49c73a67 d82d83bb67b748c5900ef4774c7d072b - - default default] Added segment 8150c826-560a-4d4c-b487-4dbb35c35f65 of type geneve for network 798b55c6-c460-4e13-8a61-be2fcc80c1b4
2026-08-13 19:41:36.367 7 INFO neutron.db.ovn_revision_numbers_db [None req-d1cd939c-4897-4026-b886-1e02c4a6dd8e 93afeb5cd2c544b0b2bfea9dbf39cef9 d33eb3e73b334f6b8075a332407e4046 - - default default] Successfully bumped revision number for resource 8619c070-3162-46b0-b8f0-e4309b48fcb1 (type: security_groups) to 1
2026-08-13 19:41:36.379 7 INFO neutron.db.ovn_revision_numbers_db [None req-d1cd939c-4897-4026-b886-1e02c4a6dd8e 93afeb5cd2c544b0b2bfea9dbf39cef9 d33eb3e73b334f6b8075a332407e4046 - - default default] Successfully bumped revision number for resource 536b4fc4-9eb4-4889-9012-f846daf716fa (type: security_group_rules) to 0
2026-08-13 19:41:36.390 7 INFO neutron.db.ovn_revision_numbers_db [None req-d1cd939c-4897-4026-b886-1e02c4a6dd8e 93afeb5cd2c544b0b2bfea9dbf39cef9 d33eb3e73b334f6b8075a332407e4046 - - default default] Successfully bumped revision number for resource 7f32c91f-1a59-44c5-ae5f-847c69978f53 (type: security_group_rules) to 0
2026-08-13 19:41:36.403 7 INFO neutron.db.ovn_revision_numbers_db [None req-d1cd939c-4897-4026-b886-1e02c4a6dd8e 93afeb5cd2c544b0b2bfea9dbf39cef9 d33eb3e73b334f6b8075a332407e4046 - - default default] Successfully bumped revision number for resource 9fb60c58-27dc-4765-8c6a-208eedf9764b (type: security_group_rules) to 0
2026-08-13 19:41:36.415 7 INFO neutron.db.ovn_revision_numbers_db [None req-d1cd939c-4897-4026-b886-1e02c4a6dd8e 93afeb5cd2c544b0b2bfea9dbf39cef9 d33eb3e73b334f6b8075a332407e4046 - - default default] Successfully bumped revision number for resource e6ebf345-a718-4ca6-85fa-20bf1e1b5074 (type: security_group_rules) to 0 [pid: 7|app: 0|req: 862/1705] 10.0.0.241 () {32 vars in 774 bytes} [Thu Aug 13 19:41:36 2026] GET /v2.0/security-groups?tenant_id=8cd1e4231d4e4862bd21c31f5dc6722f&name=default => generated 2925 bytes in 415 msecs (HTTP/1.1 200) 4 headers in 158 bytes (1 switches on core 0)
2026-08-13 19:41:36.465 8 INFO neutron.db.ovn_revision_numbers_db [None req-a57cebf2-7b57-4ed3-a31c-17f22994c4fb e5eb3eef7cce4517be922bdb49c73a67 d82d83bb67b748c5900ef4774c7d072b - - default default] Successfully bumped revision number for resource 798b55c6-c460-4e13-8a61-be2fcc80c1b4 (type: networks) to 1
2026-08-13 19:41:36.682 8 WARNING neutron.scheduler.dhcp_agent_scheduler [None req-a57cebf2-7b57-4ed3-a31c-17f22994c4fb e5eb3eef7cce4517be922bdb49c73a67 d82d83bb67b748c5900ef4774c7d072b - - default default] No more DHCP agents
2026-08-13 19:41:36.687 8 WARNING neutron.api.rpc.agentnotifiers.dhcp_rpc_agent_api [None req-a57cebf2-7b57-4ed3-a31c-17f22994c4fb e5eb3eef7cce4517be922bdb49c73a67 d82d83bb67b748c5900ef4774c7d072b - - default default] Unable to schedule network 798b55c6-c460-4e13-8a61-be2fcc80c1b4: no agents available; will retry on subsequent port and subnet creation events.
2026-08-13 19:41:36.752 7 INFO neutron.plugins.ml2.drivers.ovn.mech_driver.mech_driver [None req-6b21ecd2-c8e6-4844-80b7-80bebf8c4ab8 - - - - - -] OVN reports status down for port: 5b07d0c3-5295-4136-8fae-96bfb9b33097
2026-08-13 19:41:36.765 8 INFO neutron.db.ovn_revision_numbers_db [None req-a57cebf2-7b57-4ed3-a31c-17f22994c4fb e5eb3eef7cce4517be922bdb49c73a67 d82d83bb67b748c5900ef4774c7d072b - - default default] Successfully bumped revision number for resource 5b07d0c3-5295-4136-8fae-96bfb9b33097 (type: ports) to 1 [pid: 8|app: 0|req: 844/1706] 10.0.0.241 () {34 vars in 670 bytes} [Thu Aug 13 19:41:36 2026] POST /v2.0/networks => generated 631 bytes in 572 msecs (HTTP/1.1 201) 4 headers in 162 bytes (1 switches on core 0)
2026-08-13 19:41:36.944 7 INFO neutron.db.ovn_revision_numbers_db [None req-5f70c144-baec-4913-b331-b20d105eabe1 93afeb5cd2c544b0b2bfea9dbf39cef9 d33eb3e73b334f6b8075a332407e4046 - - default default] Successfully bumped revision number for resource f10582e9-a872-4cde-9c50-1cf07aaf5696 (type: security_groups) to 1
2026-08-13 19:41:36.966 7 INFO neutron.db.ovn_revision_numbers_db [None req-5f70c144-baec-4913-b331-b20d105eabe1 93afeb5cd2c544b0b2bfea9dbf39cef9 d33eb3e73b334f6b8075a332407e4046 - - default default] Successfully bumped revision number for resource 290c5a41-1309-496a-a26a-578fb2d5b8de (type: security_group_rules) to 0
2026-08-13 19:41:36.977 7 INFO neutron.db.ovn_revision_numbers_db [None req-5f70c144-baec-4913-b331-b20d105eabe1 93afeb5cd2c544b0b2bfea9dbf39cef9 d33eb3e73b334f6b8075a332407e4046 - - default default] Successfully bumped revision number for resource 52ab7012-464c-415c-9c36-1a91b06301df (type: security_group_rules) to 0
2026-08-13 19:41:36.991 7 INFO neutron.db.ovn_revision_numbers_db [None req-5f70c144-baec-4913-b331-b20d105eabe1 93afeb5cd2c544b0b2bfea9dbf39cef9 d33eb3e73b334f6b8075a332407e4046 - - default default] Successfully bumped revision number for resource 56fbd063-6982-4cc0-a7ad-6cf9c89c5a47 (type: security_group_rules) to 0
2026-08-13 19:41:37.004 7 INFO neutron.db.ovn_revision_numbers_db [None req-5f70c144-baec-4913-b331-b20d105eabe1 93afeb5cd2c544b0b2bfea9dbf39cef9 d33eb3e73b334f6b8075a332407e4046 - - default default] Successfully bumped revision number for resource 651ac9cd-780e-41a3-8c06-c51499475742 (type: security_group_rules) to 0 [pid: 8|app: 0|req: 845/1707] 10.0.0.241 () {32 vars in 740 bytes} [Thu Aug 13 19:41:36 2026] DELETE /v2.0/security-groups/8619c070-3162-46b0-b8f0-e4309b48fcb1 => generated 0 bytes in 238 msecs (HTTP/1.1 204) 2 headers in 112 bytes (1 switches on core 0) [pid: 7|app: 0|req: 863/1708] 10.0.0.241 () {32 vars in 774 bytes} [Thu Aug 13 19:41:36 2026] GET /v2.0/security-groups?tenant_id=5fc3e50b17034bf798de3fb21ac56585&name=default => generated 2925 bytes in 587 msecs (HTTP/1.1 200) 4 headers in 158 bytes (1 switches on core 0) [pid: 8|app: 0|req: 846/1709] 10.0.0.147 () {34 vars in 990 bytes} [Thu Aug 13 19:41:37 2026] GET /v2.0/ports?device_id=0e499ed7-c7b8-4a0b-ac74-8581f2992a01 => generated 12 bytes in 18 msecs (HTTP/1.1 200) 4 headers in 156 bytes (1 switches on core 0) [pid: 8|app: 0|req: 847/1710] 10.0.0.241 () {32 vars in 740 bytes} [Thu Aug 13 19:41:37 2026] DELETE /v2.0/security-groups/f10582e9-a872-4cde-9c50-1cf07aaf5696 => generated 0 bytes in 208 msecs (HTTP/1.1 204) 2 headers in 112 bytes (1 switches on core 0)
2026-08-13 19:41:37.269 7 WARNING neutron.scheduler.dhcp_agent_scheduler [None req-b21e4db9-b734-4d37-83bb-ca718286aa49 e5eb3eef7cce4517be922bdb49c73a67 d82d83bb67b748c5900ef4774c7d072b - - default default] No more DHCP agents
2026-08-13 19:41:37.270 7 WARNING neutron.api.rpc.agentnotifiers.dhcp_rpc_agent_api [None req-b21e4db9-b734-4d37-83bb-ca718286aa49 e5eb3eef7cce4517be922bdb49c73a67 d82d83bb67b748c5900ef4774c7d072b - - default default] Unable to schedule network 798b55c6-c460-4e13-8a61-be2fcc80c1b4: no agents available; will retry on subsequent port and subnet creation events.
2026-08-13 19:41:37.328 8 INFO neutron.plugins.ml2.drivers.ovn.mech_driver.mech_driver [None req-86f0bb05-8e6a-4fb4-b3a7-98de1062c3ee - - - - - -] OVN reports status down for port: 99be1197-8202-43c8-b4f3-2442c0960bb3
2026-08-13 19:41:37.350 7 INFO neutron.db.ovn_revision_numbers_db [None req-b21e4db9-b734-4d37-83bb-ca718286aa49 e5eb3eef7cce4517be922bdb49c73a67 d82d83bb67b748c5900ef4774c7d072b - - default default] Successfully bumped revision number for resource 99be1197-8202-43c8-b4f3-2442c0960bb3 (type: ports) to 1 [pid: 7|app: 0|req: 864/1711] 10.0.0.241 () {34 vars in 664 bytes} [Thu Aug 13 19:41:37 2026] POST /v2.0/ports => generated 743 bytes in 354 msecs (HTTP/1.1 201) 4 headers in 162 bytes (1 switches on core 0) /var/lib/openstack/lib/python3.12/site-packages/pycadf/identifier.py:70: UserWarning: Invalid uuid: neutron. To ensure interoperability, identifiers should be a valid uuid. warnings.warn(('Invalid uuid: %s. To ensure interoperability, '
2026-08-13 19:41:37.481 8 INFO neutron.db.ovn_revision_numbers_db [None req-366cf51d-7397-4072-a969-a25db071e7f9 93afeb5cd2c544b0b2bfea9dbf39cef9 d33eb3e73b334f6b8075a332407e4046 - - default default] Successfully bumped revision number for resource d4c25b4e-7400-49e1-a597-265e6a7bbd94 (type: security_groups) to 1
2026-08-13 19:41:37.495 8 INFO neutron.db.ovn_revision_numbers_db [None req-366cf51d-7397-4072-a969-a25db071e7f9 93afeb5cd2c544b0b2bfea9dbf39cef9 d33eb3e73b334f6b8075a332407e4046 - - default default] Successfully bumped revision number for resource 13e76b52-268a-4b0d-ba88-0ac7d9953dc8 (type: security_group_rules) to 0
2026-08-13 19:41:37.510 8 INFO neutron.db.ovn_revision_numbers_db [None req-366cf51d-7397-4072-a969-a25db071e7f9 93afeb5cd2c544b0b2bfea9dbf39cef9 d33eb3e73b334f6b8075a332407e4046 - - default default] Successfully bumped revision number for resource 5ff0d5b0-9e2f-45b0-99c1-660896228860 (type: security_group_rules) to 0
2026-08-13 19:41:37.525 8 INFO neutron.db.ovn_revision_numbers_db [None req-366cf51d-7397-4072-a969-a25db071e7f9 93afeb5cd2c544b0b2bfea9dbf39cef9 d33eb3e73b334f6b8075a332407e4046 - - default default] Successfully bumped revision number for resource 892235e6-b375-416f-b633-7805f4db31e9 (type: security_group_rules) to 0
2026-08-13 19:41:37.538 8 INFO neutron.db.ovn_revision_numbers_db [None req-366cf51d-7397-4072-a969-a25db071e7f9 93afeb5cd2c544b0b2bfea9dbf39cef9 d33eb3e73b334f6b8075a332407e4046 - - default default] Successfully bumped revision number for resource 9cd0e17a-d9fb-454c-8d2a-c7324e365cd3 (type: security_group_rules) to 0 [pid: 8|app: 0|req: 848/1712] 10.0.0.241 () {32 vars in 774 bytes} [Thu Aug 13 19:41:37 2026] GET /v2.0/security-groups?tenant_id=e91501e4f8c748e98040deb4a176974b&name=default => generated 2925 bytes in 323 msecs (HTTP/1.1 200) 4 headers in 158 bytes (1 switches on core 0) [pid: 7|app: 0|req: 865/1713] 10.0.0.241 () {34 vars in 666 bytes} [Thu Aug 13 19:41:37 2026] POST /v2.0/trunks => generated 409 bytes in 231 msecs (HTTP/1.1 201) 4 headers in 162 bytes (1 switches on core 0)
2026-08-13 19:41:37.724 8 INFO neutron.db.ovn_revision_numbers_db [None req-7ab626bc-ef55-4017-8c02-460d28f21956 93afeb5cd2c544b0b2bfea9dbf39cef9 d33eb3e73b334f6b8075a332407e4046 - - default default] Successfully bumped revision number for resource b2c29be5-8a42-4e06-ac5b-891d681ce340 (type: security_groups) to 1
2026-08-13 19:41:37.737 8 INFO neutron.db.ovn_revision_numbers_db [None req-7ab626bc-ef55-4017-8c02-460d28f21956 93afeb5cd2c544b0b2bfea9dbf39cef9 d33eb3e73b334f6b8075a332407e4046 - - default default] Successfully bumped revision number for resource 107d76f6-c1c5-4d58-86bd-f14665a3dada (type: security_group_rules) to 0
2026-08-13 19:41:37.751 8 INFO neutron.db.ovn_revision_numbers_db [None req-7ab626bc-ef55-4017-8c02-460d28f21956 93afeb5cd2c544b0b2bfea9dbf39cef9 d33eb3e73b334f6b8075a332407e4046 - - default default] Successfully bumped revision number for resource 4c017fff-8e5c-480d-8b5c-44e3d843a548 (type: security_group_rules) to 0
2026-08-13 19:41:37.772 8 INFO neutron.db.ovn_revision_numbers_db [None req-7ab626bc-ef55-4017-8c02-460d28f21956 93afeb5cd2c544b0b2bfea9dbf39cef9 d33eb3e73b334f6b8075a332407e4046 - - default default] Successfully bumped revision number for resource 768635c0-8c93-4fa4-b6d9-4109fa93d7c2 (type: security_group_rules) to 0
