2026-08-13 19:40:43.899 7 INFO neutron_taas.services.taas.taas_plugin [None req-bd68d356-e64e-422a-b55c-19f059597827 93afeb5cd2c544b0b2bfea9dbf39cef9 d33eb3e73b334f6b8075a332407e4046 - - default default] TaaS: Handle Delete Port: 3f0cca50-4b4c-4d3c-a79b-1668dee075b7
2026-08-13 19:40:43.901 7 INFO neutron_taas.services.taas.tap_mirror_plugin [None req-bd68d356-e64e-422a-b55c-19f059597827 93afeb5cd2c544b0b2bfea9dbf39cef9 d33eb3e73b334f6b8075a332407e4046 - - default default] Tap Mirror: Handle Delete Port: 3f0cca50-4b4c-4d3c-a79b-1668dee075b7 [pid: 7|app: 0|req: 676/1340] 10.0.0.241 () {34 vars in 789 bytes} [Thu Aug 13 19:40:43 2026] PUT /v2.0/routers/2a36c4e2-c020-43e9-9a76-7234464ea309/remove_router_interface => generated 309 bytes in 847 msecs (HTTP/1.1 200) 4 headers in 157 bytes (1 switches on core 0) /var/lib/openstack/lib/python3.12/site-packages/pycadf/identifier.py:70: UserWarning: Invalid uuid: neutron. To ensure interoperability, identifiers should be a valid uuid. warnings.warn(('Invalid uuid: %s. To ensure interoperability, ' [pid: 8|app: 0|req: 665/1341] 10.0.0.241 () {32 vars in 724 bytes} [Thu Aug 13 19:40:42 2026] DELETE /v2.0/routers/505d3e99-93d5-4dd2-ac31-b5227cafae77 => generated 0 bytes in 1945 msecs (HTTP/1.1 204) 2 headers in 112 bytes (1 switches on core 0) [pid: 7|app: 0|req: 677/1342] 10.0.0.147 () {34 vars in 990 bytes} [Thu Aug 13 19:40:44 2026] GET /v2.0/ports?device_id=67cfa726-563d-459b-80d0-45d5383daf78 => generated 969 bytes in 63 msecs (HTTP/1.1 200) 4 headers in 157 bytes (1 switches on core 0) [pid: 7|app: 0|req: 678/1343] 10.0.0.241 () {32 vars in 736 bytes} [Thu Aug 13 19:40:44 2026] GET /v2.0/ports?device_id=505d3e99-93d5-4dd2-ac31-b5227cafae77 => generated 12 bytes in 18 msecs (HTTP/1.1 200) 4 headers in 156 bytes (1 switches on core 0) [pid: 7|app: 0|req: 679/1344] 10.0.0.147 () {34 vars in 1040 bytes} [Thu Aug 13 19:40:44 2026] GET /v2.0/security-groups?id=88099b64-b467-42c7-9221-b8115d0db458&fields=id&fields=name => generated 114 bytes in 34 msecs (HTTP/1.1 200) 4 headers in 157 bytes (1 switches on core 0)
2026-08-13 19:40:44.640 7 INFO neutron.api.v2.resource [None req-cf159cbf-05d0-4228-8de5-7802d35ecb0a ccb5d1572e1a42fe9bf499ff4914b76e 3e3fc88560e24e20a1894e00220e6c3b - - default default] delete failed (client error): The resource could not be found. [pid: 7|app: 0|req: 680/1345] 10.0.0.241 () {32 vars in 724 bytes} [Thu Aug 13 19:40:44 2026] DELETE /v2.0/routers/505d3e99-93d5-4dd2-ac31-b5227cafae77 => generated 135 bytes in 17 msecs (HTTP/1.1 404) 4 headers in 164 bytes (1 switches on core 0) [pid: 7|app: 0|req: 681/1346] 10.0.0.241 () {32 vars in 736 bytes} [Thu Aug 13 19:40:44 2026] GET /v2.0/ports?device_id=99a0da5d-f82a-46db-976d-98d35295ecb1 => generated 12 bytes in 15 msecs (HTTP/1.1 200) 4 headers in 156 bytes (1 switches on core 0)
2026-08-13 19:40:44.681 7 INFO neutron.api.v2.resource [None req-fd2f301e-b374-48cf-8c59-e6e25e6a2061 ccb5d1572e1a42fe9bf499ff4914b76e 3e3fc88560e24e20a1894e00220e6c3b - - default default] delete failed (client error): The resource could not be found. [pid: 7|app: 0|req: 682/1347] 10.0.0.241 () {32 vars in 724 bytes} [Thu Aug 13 19:40:44 2026] DELETE /v2.0/routers/99a0da5d-f82a-46db-976d-98d35295ecb1 => generated 135 bytes in 16 msecs (HTTP/1.1 404) 4 headers in 164 bytes (1 switches on core 0)
2026-08-13 19:40:44.702 7 INFO neutron.pecan_wsgi.hooks.translation [None req-eb2f6fd8-4344-4081-a94a-ad997ec9270b ccb5d1572e1a42fe9bf499ff4914b76e 3e3fc88560e24e20a1894e00220e6c3b - - default default] DELETE failed (client error): The resource could not be found. [pid: 7|app: 0|req: 683/1348] 10.0.0.241 () {32 vars in 724 bytes} [Thu Aug 13 19:40:44 2026] DELETE /v2.0/subnets/788b6997-a3d3-408c-8e93-7634a4500b0d => generated 136 bytes in 13 msecs (HTTP/1.1 404) 4 headers in 164 bytes (1 switches on core 0) [pid: 7|app: 0|req: 684/1349] 10.0.0.241 () {32 vars in 736 bytes} [Thu Aug 13 19:40:44 2026] GET /v2.0/ports?device_id=2678127d-5ce5-47ff-ab0d-8aa41de73f1e => generated 12 bytes in 32 msecs (HTTP/1.1 200) 4 headers in 156 bytes (1 switches on core 0)
2026-08-13 19:40:44.761 7 INFO neutron.api.v2.resource [None req-7ba42ecd-75eb-417b-85a7-e4033bd56bdd ccb5d1572e1a42fe9bf499ff4914b76e 3e3fc88560e24e20a1894e00220e6c3b - - default default] delete failed (client error): The resource could not be found. [pid: 7|app: 0|req: 685/1350] 10.0.0.241 () {32 vars in 724 bytes} [Thu Aug 13 19:40:44 2026] DELETE /v2.0/routers/2678127d-5ce5-47ff-ab0d-8aa41de73f1e => generated 135 bytes in 17 msecs (HTTP/1.1 404) 4 headers in 164 bytes (1 switches on core 0)
2026-08-13 19:40:44.775 7 INFO neutron.pecan_wsgi.hooks.translation [None req-7c1dc71f-f939-49c2-88fa-7ba083092bc0 ccb5d1572e1a42fe9bf499ff4914b76e 3e3fc88560e24e20a1894e00220e6c3b - - default default] DELETE failed (client error): The resource could not be found. [pid: 7|app: 0|req: 686/1351] 10.0.0.241 () {32 vars in 724 bytes} [Thu Aug 13 19:40:44 2026] DELETE /v2.0/subnets/c73dfc2a-d135-476d-8882-73d10a6aee48 => generated 136 bytes in 11 msecs (HTTP/1.1 404) 4 headers in 164 bytes (1 switches on core 0) [pid: 7|app: 0|req: 687/1352] 10.0.0.241 () {32 vars in 736 bytes} [Thu Aug 13 19:40:44 2026] GET /v2.0/ports?device_id=05536007-f080-4165-9105-fd536a936825 => generated 12 bytes in 16 msecs (HTTP/1.1 200) 4 headers in 156 bytes (1 switches on core 0)
2026-08-13 19:40:44.818 7 INFO neutron.api.v2.resource [None req-264df11b-eb34-40b5-8423-b2698caab05e ccb5d1572e1a42fe9bf499ff4914b76e 3e3fc88560e24e20a1894e00220e6c3b - - default default] delete failed (client error): The resource could not be found. [pid: 7|app: 0|req: 688/1353] 10.0.0.241 () {32 vars in 724 bytes} [Thu Aug 13 19:40:44 2026] DELETE /v2.0/routers/05536007-f080-4165-9105-fd536a936825 => generated 135 bytes in 16 msecs (HTTP/1.1 404) 4 headers in 164 bytes (1 switches on core 0)
2026-08-13 19:40:44.831 7 INFO neutron.pecan_wsgi.hooks.translation [None req-d2f2ca82-3001-49c9-a2b9-1d9bd10f2a40 ccb5d1572e1a42fe9bf499ff4914b76e 3e3fc88560e24e20a1894e00220e6c3b - - default default] DELETE failed (client error): The resource could not be found. [pid: 7|app: 0|req: 689/1354] 10.0.0.241 () {32 vars in 724 bytes} [Thu Aug 13 19:40:44 2026] DELETE /v2.0/subnets/cf4917fe-c9f5-4f10-9e17-e23f463a1ee7 => generated 136 bytes in 11 msecs (HTTP/1.1 404) 4 headers in 164 bytes (1 switches on core 0)
2026-08-13 19:40:44.852 7 INFO neutron.pecan_wsgi.hooks.translation [None req-596dc785-d14c-42e1-9979-305d18ac8840 ccb5d1572e1a42fe9bf499ff4914b76e 3e3fc88560e24e20a1894e00220e6c3b - - default default] DELETE failed (client error): The resource could not be found. [pid: 7|app: 0|req: 690/1355] 10.0.0.241 () {32 vars in 724 bytes} [Thu Aug 13 19:40:44 2026] DELETE /v2.0/subnets/2bc1af32-f444-4fc5-9994-be3a62471b9c => generated 136 bytes in 19 msecs (HTTP/1.1 404) 4 headers in 164 bytes (1 switches on core 0)
2026-08-13 19:40:44.910 8 INFO neutron_taas.services.taas.taas_plugin [None req-86f8a468-aa5d-4acd-92b4-6f7403cad8a0 93afeb5cd2c544b0b2bfea9dbf39cef9 d33eb3e73b334f6b8075a332407e4046 - - default default] TaaS: Handle Delete Port: 13cf2b01-c6c7-4e48-9014-3a53e3eb2a6b
2026-08-13 19:40:44.913 8 INFO neutron_taas.services.taas.tap_mirror_plugin [None req-86f8a468-aa5d-4acd-92b4-6f7403cad8a0 93afeb5cd2c544b0b2bfea9dbf39cef9 d33eb3e73b334f6b8075a332407e4046 - - default default] Tap Mirror: Handle Delete Port: 13cf2b01-c6c7-4e48-9014-3a53e3eb2a6b
2026-08-13 19:40:45.390 7 INFO neutron.db.ovn_revision_numbers_db [None req-4aad6e33-4df1-4afe-ac4c-d5ce8c7e02b9 17cf5a222e594f03a027281721b44ad2 9ae7d19b287546439733800b309faedc - - default default] Successfully bumped revision number for resource 86938486-4329-4752-ab48-ac4b57019bd9 (type: security_groups) to 1
2026-08-13 19:40:45.403 7 INFO neutron.db.ovn_revision_numbers_db [None req-4aad6e33-4df1-4afe-ac4c-d5ce8c7e02b9 17cf5a222e594f03a027281721b44ad2 9ae7d19b287546439733800b309faedc - - default default] Successfully bumped revision number for resource 4657dccc-cd33-4895-a56d-96e878b06e9d (type: security_group_rules) to 0
2026-08-13 19:40:45.415 7 INFO neutron.db.ovn_revision_numbers_db [None req-4aad6e33-4df1-4afe-ac4c-d5ce8c7e02b9 17cf5a222e594f03a027281721b44ad2 9ae7d19b287546439733800b309faedc - - default default] Successfully bumped revision number for resource 56430aa6-4894-4f0f-a1fd-287ad0ea3a63 (type: security_group_rules) to 0
2026-08-13 19:40:45.428 7 INFO neutron.db.ovn_revision_numbers_db [None req-4aad6e33-4df1-4afe-ac4c-d5ce8c7e02b9 17cf5a222e594f03a027281721b44ad2 9ae7d19b287546439733800b309faedc - - default default] Successfully bumped revision number for resource 7a59b512-7de9-4085-a68e-4ad5d4afabba (type: security_group_rules) to 0
2026-08-13 19:40:45.446 7 INFO neutron.db.ovn_revision_numbers_db [None req-4aad6e33-4df1-4afe-ac4c-d5ce8c7e02b9 17cf5a222e594f03a027281721b44ad2 9ae7d19b287546439733800b309faedc - - default default] Successfully bumped revision number for resource c912083b-f8ee-4bee-b7e8-b0e45a4ace00 (type: security_group_rules) to 0
2026-08-13 19:40:45.542 7 INFO neutron.db.segments_db [None req-4aad6e33-4df1-4afe-ac4c-d5ce8c7e02b9 17cf5a222e594f03a027281721b44ad2 9ae7d19b287546439733800b309faedc - - default default] Added segment a78401f1-8c3d-46e5-a9b6-6b1fd5197bf6 of type geneve for network 46e070dc-5cfa-491b-826f-7de0ad428045
2026-08-13 19:40:45.711 7 INFO neutron.db.ovn_revision_numbers_db [None req-4aad6e33-4df1-4afe-ac4c-d5ce8c7e02b9 17cf5a222e594f03a027281721b44ad2 9ae7d19b287546439733800b309faedc - - default default] Successfully bumped revision number for resource 46e070dc-5cfa-491b-826f-7de0ad428045 (type: networks) to 1 [pid: 8|app: 0|req: 666/1356] 10.0.0.241 () {32 vars in 724 bytes} [Thu Aug 13 19:40:44 2026] DELETE /v2.0/routers/2a36c4e2-c020-43e9-9a76-7234464ea309 => generated 0 bytes in 1274 msecs (HTTP/1.1 204) 2 headers in 112 bytes (1 switches on core 0) [pid: 8|app: 0|req: 667/1357] 10.0.0.241 () {32 vars in 774 bytes} [Thu Aug 13 19:40:45 2026] GET /v2.0/security-groups?tenant_id=3e3fc88560e24e20a1894e00220e6c3b&name=default => generated 2925 bytes in 93 msecs (HTTP/1.1 200) 4 headers in 158 bytes (1 switches on core 0)
2026-08-13 19:40:45.937 7 WARNING neutron.scheduler.dhcp_agent_scheduler [None req-4aad6e33-4df1-4afe-ac4c-d5ce8c7e02b9 17cf5a222e594f03a027281721b44ad2 9ae7d19b287546439733800b309faedc - - default default] No more DHCP agents
2026-08-13 19:40:45.938 7 WARNING neutron.api.rpc.agentnotifiers.dhcp_rpc_agent_api [None req-4aad6e33-4df1-4afe-ac4c-d5ce8c7e02b9 17cf5a222e594f03a027281721b44ad2 9ae7d19b287546439733800b309faedc - - default default] Unable to schedule network 46e070dc-5cfa-491b-826f-7de0ad428045: no agents available; will retry on subsequent port and subnet creation events. [pid: 8|app: 0|req: 668/1358] 10.0.0.147 () {34 vars in 990 bytes} [Thu Aug 13 19:40:45 2026] GET /v2.0/ports?device_id=67cfa726-563d-459b-80d0-45d5383daf78 => generated 969 bytes in 29 msecs (HTTP/1.1 200) 4 headers in 157 bytes (1 switches on core 0)
2026-08-13 19:40:45.992 8 INFO neutron.plugins.ml2.drivers.ovn.mech_driver.mech_driver [None req-90980deb-3f15-4656-9613-d6d1b3b4f805 - - - - - -] OVN reports status down for port: 16e264be-c73b-4306-a3c9-da938b669c8a
2026-08-13 19:40:46.025 7 INFO neutron.db.ovn_revision_numbers_db [None req-4aad6e33-4df1-4afe-ac4c-d5ce8c7e02b9 17cf5a222e594f03a027281721b44ad2 9ae7d19b287546439733800b309faedc - - default default] Successfully bumped revision number for resource 16e264be-c73b-4306-a3c9-da938b669c8a (type: ports) to 1 [pid: 7|app: 0|req: 691/1359] 10.0.0.241 () {34 vars in 670 bytes} [Thu Aug 13 19:40:45 2026] POST /v2.0/networks => generated 631 bytes in 1012 msecs (HTTP/1.1 201) 4 headers in 162 bytes (1 switches on core 0) [pid: 8|app: 0|req: 669/1360] 10.0.0.241 () {32 vars in 724 bytes} [Thu Aug 13 19:40:45 2026] DELETE /v2.0/subnets/d8dbdc83-bf34-4549-8c89-1a192d381ecc => generated 0 bytes in 295 msecs (HTTP/1.1 204) 3 headers in 131 bytes (1 switches on core 0) [pid: 8|app: 0|req: 670/1361] 10.0.0.147 () {34 vars in 1040 bytes} [Thu Aug 13 19:40:46 2026] GET /v2.0/security-groups?id=88099b64-b467-42c7-9221-b8115d0db458&fields=id&fields=name => generated 114 bytes in 34 msecs (HTTP/1.1 200) 4 headers in 157 bytes (1 switches on core 0) [pid: 7|app: 0|req: 692/1362] 10.0.0.241 () {32 vars in 740 bytes} [Thu Aug 13 19:40:46 2026] DELETE /v2.0/security-groups/37181539-7a82-40e9-8360-f87b9a245c34 => generated 0 bytes in 249 msecs (HTTP/1.1 204) 2 headers in 112 bytes (1 switches on core 0)
2026-08-13 19:40:46.372 8 INFO neutron.db.segments_db [None req-20f19713-f4c2-40f0-a4cd-bfa635aef63f 17cf5a222e594f03a027281721b44ad2 9ae7d19b287546439733800b309faedc - - default default] Added segment 568005da-3c27-4553-8a77-9cd99a141cc7 of type geneve for network a4dbea10-8406-48e1-9de9-561186e1e3b5
2026-08-13 19:40:46.444 7 INFO neutron_taas.services.taas.taas_plugin [None req-4ef7319b-e745-4c76-9f98-242a5b0a83c4 93afeb5cd2c544b0b2bfea9dbf39cef9 d33eb3e73b334f6b8075a332407e4046 - - default default] TaaS: Handle Delete Port: 40ea32eb-f835-47db-95f1-0f8af762d2c1
2026-08-13 19:40:46.449 7 INFO neutron_taas.services.taas.tap_mirror_plugin [None req-4ef7319b-e745-4c76-9f98-242a5b0a83c4 93afeb5cd2c544b0b2bfea9dbf39cef9 d33eb3e73b334f6b8075a332407e4046 - - default default] Tap Mirror: Handle Delete Port: 40ea32eb-f835-47db-95f1-0f8af762d2c1
2026-08-13 19:40:46.511 8 INFO neutron.db.ovn_revision_numbers_db [None req-20f19713-f4c2-40f0-a4cd-bfa635aef63f 17cf5a222e594f03a027281721b44ad2 9ae7d19b287546439733800b309faedc - - default default] Successfully bumped revision number for resource a4dbea10-8406-48e1-9de9-561186e1e3b5 (type: networks) to 1
2026-08-13 19:40:46.681 7 INFO neutron.services.segments.plugin [-] Segment 97af27bf-ba28-4140-b350-22d0e2f85299 resource provider aggregate not found
2026-08-13 19:40:46.693 7 INFO neutron.services.segments.plugin [-] Segment 97af27bf-ba28-4140-b350-22d0e2f85299 resource provider aggregate not found
2026-08-13 19:40:46.714 7 INFO neutron.services.segments.plugin [-] Client error retrieving segment 97af27bf-ba28-4140-b350-22d0e2f85299 resource provider; error: Placement Client Error (4xx): {"errors": [{"status": 404, "title": "Not Found", "detail": "The resource could not be found.\n\n No resource provider with uuid 97af27bf-ba28-4140-b350-22d0e2f85299 found for delete ", "request_id": "req-8c922392-646a-47d5-99d4-60e59f19019a"}]}
2026-08-13 19:40:46.730 7 INFO neutron.services.segments.plugin [-] Client error retrieving segment 97af27bf-ba28-4140-b350-22d0e2f85299 resource provider; error: Placement Client Error (4xx): {"errors": [{"status": 404, "title": "Not Found", "detail": "The resource could not be found.\n\n No resource provider with uuid 97af27bf-ba28-4140-b350-22d0e2f85299 found for delete ", "request_id": "req-a37b6f32-ca85-4192-8478-235b2bf71a3b"}]}
2026-08-13 19:40:46.733 8 WARNING neutron.scheduler.dhcp_agent_scheduler [None req-20f19713-f4c2-40f0-a4cd-bfa635aef63f 17cf5a222e594f03a027281721b44ad2 9ae7d19b287546439733800b309faedc - - default default] No more DHCP agents
2026-08-13 19:40:46.734 8 WARNING neutron.api.rpc.agentnotifiers.dhcp_rpc_agent_api [None req-20f19713-f4c2-40f0-a4cd-bfa635aef63f 17cf5a222e594f03a027281721b44ad2 9ae7d19b287546439733800b309faedc - - default default] Unable to schedule network a4dbea10-8406-48e1-9de9-561186e1e3b5: no agents available; will retry on subsequent port and subnet creation events. [pid: 7|app: 0|req: 693/1363] 10.0.0.241 () {32 vars in 726 bytes} [Thu Aug 13 19:40:46 2026] DELETE /v2.0/networks/f6acddc7-cf23-4ce7-9901-cf0622992565 => generated 0 bytes in 437 msecs (HTTP/1.1 204) 3 headers in 131 bytes (1 switches on core 0)
2026-08-13 19:40:46.816 8 INFO neutron.plugins.ml2.drivers.ovn.mech_driver.mech_driver [None req-90980deb-3f15-4656-9613-d6d1b3b4f805 - - - - - -] OVN reports status down for port: 4866f78c-6bf5-4c84-bc6d-3f98fa0b30b1
2026-08-13 19:40:46.874 8 INFO neutron.db.ovn_revision_numbers_db [None req-20f19713-f4c2-40f0-a4cd-bfa635aef63f 17cf5a222e594f03a027281721b44ad2 9ae7d19b287546439733800b309faedc - - default default] Successfully bumped revision number for resource 4866f78c-6bf5-4c84-bc6d-3f98fa0b30b1 (type: ports) to 1 [pid: 8|app: 0|req: 671/1364] 10.0.0.241 () {34 vars in 670 bytes} [Thu Aug 13 19:40:46 2026] POST /v2.0/networks => generated 632 bytes in 620 msecs (HTTP/1.1 201) 4 headers in 162 bytes (1 switches on core 0) [pid: 8|app: 0|req: 672/1365] 10.0.0.241 () {32 vars in 774 bytes} [Thu Aug 13 19:40:46 2026] GET /v2.0/security-groups?tenant_id=c22ed66681344a6c869cc5feb4e433f4&name=default => generated 2925 bytes in 35 msecs (HTTP/1.1 200) 4 headers in 158 bytes (1 switches on core 0)
2026-08-13 19:40:47.025 7 INFO neutron.db.segments_db [None req-a6a02ec9-707e-4ec9-8ebc-653c9cda8950 17cf5a222e594f03a027281721b44ad2 9ae7d19b287546439733800b309faedc - - default default] Added segment 3fa979e4-831d-42a0-8125-56510eedb4f2 of type geneve for network b82f6be3-6240-429d-8e74-4d512656a2ed
2026-08-13 19:40:47.159 7 INFO neutron.db.ovn_revision_numbers_db [None req-a6a02ec9-707e-4ec9-8ebc-653c9cda8950 17cf5a222e594f03a027281721b44ad2 9ae7d19b287546439733800b309faedc - - default default] Successfully bumped revision number for resource b82f6be3-6240-429d-8e74-4d512656a2ed (type: networks) to 1 [pid: 8|app: 0|req: 673/1366] 10.0.0.241 () {32 vars in 740 bytes} [Thu Aug 13 19:40:47 2026] DELETE /v2.0/security-groups/ee7cc10c-7319-4194-bed1-6e7fb65acf9f => generated 0 bytes in 213 msecs (HTTP/1.1 204) 2 headers in 112 bytes (1 switches on core 0)
2026-08-13 19:40:47.339 7 WARNING neutron.scheduler.dhcp_agent_scheduler [None req-a6a02ec9-707e-4ec9-8ebc-653c9cda8950 17cf5a222e594f03a027281721b44ad2 9ae7d19b287546439733800b309faedc - - default default] No more DHCP agents
2026-08-13 19:40:47.341 7 WARNING neutron.api.rpc.agentnotifiers.dhcp_rpc_agent_api [None req-a6a02ec9-707e-4ec9-8ebc-653c9cda8950 17cf5a222e594f03a027281721b44ad2 9ae7d19b287546439733800b309faedc - - default default] Unable to schedule network b82f6be3-6240-429d-8e74-4d512656a2ed: no agents available; will retry on subsequent port and subnet creation events.
2026-08-13 19:40:47.397 8 INFO neutron.plugins.ml2.drivers.ovn.mech_driver.mech_driver [None req-90980deb-3f15-4656-9613-d6d1b3b4f805 - - - - - -] OVN reports status down for port: e6c91bad-4f8b-422e-8ffa-890322bf3a66
2026-08-13 19:40:47.424 7 WARNING neutron.plugins.ml2.drivers.ovn.mech_driver.ovsdb.ovn_client [None req-1638e854-33b8-4de3-8a9a-7bf232bbde1a - - - - - -] No port found with ID 5d216e4a-b72f-49e3-ba08-b727e7a19003: RuntimeError: No port found with ID 5d216e4a-b72f-49e3-ba08-b727e7a19003
2026-08-13 19:40:47.425 7 INFO neutron.plugins.ml2.drivers.ovn.mech_driver.mech_driver [None req-1638e854-33b8-4de3-8a9a-7bf232bbde1a - - - - - -] OVN reports status up for port: 03c7fcc2-7b67-4050-a216-2e832820c7cb
2026-08-13 19:40:47.446 7 INFO neutron.plugins.ml2.plugin [None req-1638e854-33b8-4de3-8a9a-7bf232bbde1a - - - - - -] Attempt 1 to provision port 03c7fcc2-7b67-4050-a216-2e832820c7cb
2026-08-13 19:40:47.468 7 INFO neutron.db.ovn_revision_numbers_db [None req-a6a02ec9-707e-4ec9-8ebc-653c9cda8950 17cf5a222e594f03a027281721b44ad2 9ae7d19b287546439733800b309faedc - - default default] Successfully bumped revision number for resource e6c91bad-4f8b-422e-8ffa-890322bf3a66 (type: ports) to 1 [pid: 8|app: 0|req: 674/1367] 10.0.0.147 () {34 vars in 990 bytes} [Thu Aug 13 19:40:47 2026] GET /v2.0/ports?device_id=67cfa726-563d-459b-80d0-45d5383daf78 => generated 969 bytes in 148 msecs (HTTP/1.1 200) 4 headers in 157 bytes (1 switches on core 0) [pid: 7|app: 0|req: 694/1368] 10.0.0.241 () {34 vars in 670 bytes} [Thu Aug 13 19:40:46 2026] POST /v2.0/networks => generated 632 bytes in 618 msecs (HTTP/1.1 201) 4 headers in 162 bytes (1 switches on core 0) [pid: 8|app: 0|req: 675/1369] 10.0.0.147 () {34 vars in 1040 bytes} [Thu Aug 13 19:40:47 2026] GET /v2.0/security-groups?id=88099b64-b467-42c7-9221-b8115d0db458&fields=id&fields=name => generated 114 bytes in 51 msecs (HTTP/1.1 200) 4 headers in 157 bytes (1 switches on core 0)
2026-08-13 19:40:47.621 7 INFO neutron.notifiers.nova [-] Nova event matching ['req-0e1de698-8edd-4491-b429-0db3ef6791d2'] response: {'server_uuid': '67cfa726-563d-459b-80d0-45d5383daf78', 'name': 'network-vif-plugged', 'status': 'completed', 'tag': '03c7fcc2-7b67-4050-a216-2e832820c7cb', 'code': 200}
2026-08-13 19:40:47.683 7 INFO neutron.db.segments_db [None req-07e2d7cf-c025-46cc-a836-fe633e77a78f 17cf5a222e594f03a027281721b44ad2 9ae7d19b287546439733800b309faedc - - default default] Added segment 594021b5-5962-4ac5-a4f8-f94c348cf8b2 of type geneve for network 605c5274-e45f-433f-8e2f-f670532df87d
2026-08-13 19:40:47.877 7 INFO neutron.db.ovn_revision_numbers_db [None req-1638e854-33b8-4de3-8a9a-7bf232bbde1a - - - - - -] Successfully bumped revision number for resource 03c7fcc2-7b67-4050-a216-2e832820c7cb (type: ports) to 7
2026-08-13 19:40:47.895 7 INFO neutron.db.ovn_revision_numbers_db [None req-07e2d7cf-c025-46cc-a836-fe633e77a78f 17cf5a222e594f03a027281721b44ad2 9ae7d19b287546439733800b309faedc - - default default] Successfully bumped revision number for resource 605c5274-e45f-433f-8e2f-f670532df87d (type: networks) to 1
2026-08-13 19:40:48.124 7 WARNING neutron.scheduler.dhcp_agent_scheduler [None req-07e2d7cf-c025-46cc-a836-fe633e77a78f 17cf5a222e594f03a027281721b44ad2 9ae7d19b287546439733800b309faedc - - default default] No more DHCP agents
2026-08-13 19:40:48.125 7 WARNING neutron.api.rpc.agentnotifiers.dhcp_rpc_agent_api [None req-07e2d7cf-c025-46cc-a836-fe633e77a78f 17cf5a222e594f03a027281721b44ad2 9ae7d19b287546439733800b309faedc - - default default] Unable to schedule network 605c5274-e45f-433f-8e2f-f670532df87d: no agents available; will retry on subsequent port and subnet creation events.
2026-08-13 19:40:48.179 8 INFO neutron.plugins.ml2.drivers.ovn.mech_driver.mech_driver [None req-90980deb-3f15-4656-9613-d6d1b3b4f805 - - - - - -] OVN reports status down for port: f8e51217-a2c3-49bc-9b71-c9c6950d2dc7
2026-08-13 19:40:48.215 7 INFO neutron.db.ovn_revision_numbers_db [None req-07e2d7cf-c025-46cc-a836-fe633e77a78f 17cf5a222e594f03a027281721b44ad2 9ae7d19b287546439733800b309faedc - - default default] Successfully bumped revision number for resource f8e51217-a2c3-49bc-9b71-c9c6950d2dc7 (type: ports) to 1 [pid: 7|app: 0|req: 695/1370] 10.0.0.241 () {34 vars in 670 bytes} [Thu Aug 13 19:40:47 2026] POST /v2.0/networks => generated 632 bytes in 706 msecs (HTTP/1.1 201) 4 headers in 162 bytes (1 switches on core 0) /var/lib/openstack/lib/python3.12/site-packages/pycadf/identifier.py:70: UserWarning: Invalid uuid: neutron. To ensure interoperability, identifiers should be a valid uuid. warnings.warn(('Invalid uuid: %s. To ensure interoperability, '
2026-08-13 19:40:48.325 7 INFO neutron.db.segments_db [None req-393490b3-e84e-4139-80f3-9989bc2b8353 17cf5a222e594f03a027281721b44ad2 9ae7d19b287546439733800b309faedc - - default default] Added segment 9fc2b7a3-8f54-40e4-904b-a6a98d44daa1 of type geneve for network fa710179-f2c1-493a-9def-325aca27fb59
2026-08-13 19:40:48.437 7 INFO neutron.db.ovn_revision_numbers_db [None req-393490b3-e84e-4139-80f3-9989bc2b8353 17cf5a222e594f03a027281721b44ad2 9ae7d19b287546439733800b309faedc - - default default] Successfully bumped revision number for resource fa710179-f2c1-493a-9def-325aca27fb59 (type: networks) to 1
2026-08-13 19:40:48.585 8 INFO neutron.db.ovn_revision_numbers_db [None req-618f5041-9884-4c93-8305-857ccb306ef0 9169df0abed249f19d10bec1690f15ce 2e8fab20eaae46deb3847c5a4785b4fe - - default default] Successfully bumped revision number for resource ad0cfd98-973e-4174-aff7-dc45c914208a (type: security_groups) to 1
2026-08-13 19:40:48.595 8 INFO neutron.db.ovn_revision_numbers_db [None req-618f5041-9884-4c93-8305-857ccb306ef0 9169df0abed249f19d10bec1690f15ce 2e8fab20eaae46deb3847c5a4785b4fe - - default default] Successfully bumped revision number for resource 07f934db-579a-4f61-a689-06cf348c15bf (type: security_group_rules) to 0
2026-08-13 19:40:48.616 8 INFO neutron.db.ovn_revision_numbers_db [None req-618f5041-9884-4c93-8305-857ccb306ef0 9169df0abed249f19d10bec1690f15ce 2e8fab20eaae46deb3847c5a4785b4fe - - default default] Successfully bumped revision number for resource 32022dd9-4a4e-4663-844a-df9ed04e1499 (type: security_group_rules) to 0
2026-08-13 19:40:48.621 7 WARNING neutron.scheduler.dhcp_agent_scheduler [None req-393490b3-e84e-4139-80f3-9989bc2b8353 17cf5a222e594f03a027281721b44ad2 9ae7d19b287546439733800b309faedc - - default default] No more DHCP agents
2026-08-13 19:40:48.623 7 WARNING neutron.api.rpc.agentnotifiers.dhcp_rpc_agent_api [None req-393490b3-e84e-4139-80f3-9989bc2b8353 17cf5a222e594f03a027281721b44ad2 9ae7d19b287546439733800b309faedc - - default default] Unable to schedule network fa710179-f2c1-493a-9def-325aca27fb59: no agents available; will retry on subsequent port and subnet creation events.
2026-08-13 19:40:48.634 8 INFO neutron.db.ovn_revision_numbers_db [None req-618f5041-9884-4c93-8305-857ccb306ef0 9169df0abed249f19d10bec1690f15ce 2e8fab20eaae46deb3847c5a4785b4fe - - default default] Successfully bumped revision number for resource 59ea9f5b-d0cd-4edf-97f9-2013b39e19ad (type: security_group_rules) to 0
2026-08-13 19:40:48.645 8 INFO neutron.db.ovn_revision_numbers_db [None req-618f5041-9884-4c93-8305-857ccb306ef0 9169df0abed249f19d10bec1690f15ce 2e8fab20eaae46deb3847c5a4785b4fe - - default default] Successfully bumped revision number for resource d80c8602-cf19-4560-a45e-e9fd11eb9f16 (type: security_group_rules) to 0
2026-08-13 19:40:48.699 8 INFO neutron.plugins.ml2.drivers.ovn.mech_driver.mech_driver [None req-90980deb-3f15-4656-9613-d6d1b3b4f805 - - - - - -] OVN reports status down for port: 5c39acf1-05dd-415b-aedd-6b5bc38f4314
2026-08-13 19:40:48.709 7 INFO neutron.db.ovn_revision_numbers_db [None req-393490b3-e84e-4139-80f3-9989bc2b8353 17cf5a222e594f03a027281721b44ad2 9ae7d19b287546439733800b309faedc - - default default] Successfully bumped revision number for resource 5c39acf1-05dd-415b-aedd-6b5bc38f4314 (type: ports) to 1 [pid: 7|app: 0|req: 696/1371] 10.0.0.241 () {34 vars in 670 bytes} [Thu Aug 13 19:40:48 2026] POST /v2.0/networks => generated 632 bytes in 485 msecs (HTTP/1.1 201) 4 headers in 162 bytes (1 switches on core 0) [pid: 7|app: 0|req: 697/1372] 10.0.0.241 () {34 vars in 753 bytes} [Thu Aug 13 19:40:48 2026] PUT /v2.0/networks/46e070dc-5cfa-491b-826f-7de0ad428045/tags => generated 17 bytes in 56 msecs (HTTP/1.1 200) 4 headers in 156 bytes (1 switches on core 0) [pid: 7|app: 0|req: 698/1373] 10.0.0.241 () {34 vars in 753 bytes} [Thu Aug 13 19:40:48 2026] PUT /v2.0/networks/a4dbea10-8406-48e1-9de9-561186e1e3b5/tags => generated 25 bytes in 55 msecs (HTTP/1.1 200) 4 headers in 156 bytes (1 switches on core 0)
2026-08-13 19:40:48.867 8 INFO neutron.db.ovn_revision_numbers_db [None req-618f5041-9884-4c93-8305-857ccb306ef0 9169df0abed249f19d10bec1690f15ce 2e8fab20eaae46deb3847c5a4785b4fe - - default default] Successfully bumped revision number for resource ba85b890-fdd8-46dd-bee2-20aca4e21775 (type: security_groups) to 1
2026-08-13 19:40:48.884 8 INFO neutron.db.ovn_revision_numbers_db [None req-618f5041-9884-4c93-8305-857ccb306ef0 9169df0abed249f19d10bec1690f15ce 2e8fab20eaae46deb3847c5a4785b4fe - - default default] Successfully bumped revision number for resource a62f0211-e24b-40de-b4d6-1940223e5435 (type: security_group_rules) to 0
2026-08-13 19:40:48.897 8 INFO neutron.db.ovn_revision_numbers_db [None req-618f5041-9884-4c93-8305-857ccb306ef0 9169df0abed249f19d10bec1690f15ce 2e8fab20eaae46deb3847c5a4785b4fe - - default default] Successfully bumped revision number for resource dd0a17da-4e1f-46bf-b4ee-f53038f90df5 (type: security_group_rules) to 0 [pid: 7|app: 0|req: 699/1374] 10.0.0.241 () {34 vars in 753 bytes} [Thu Aug 13 19:40:48 2026] PUT /v2.0/networks/b82f6be3-6240-429d-8e74-4d512656a2ed/tags => generated 34 bytes in 53 msecs (HTTP/1.1 200) 4 headers in 156 bytes (1 switches on core 0) [pid: 8|app: 0|req: 676/1375] 10.0.0.241 () {34 vars in 684 bytes} [Thu Aug 13 19:40:48 2026] POST /v2.0/security-groups => generated 1624 bytes in 730 msecs (HTTP/1.1 201) 4 headers in 163 bytes (1 switches on core 0) [pid: 7|app: 0|req: 700/1376] 10.0.0.241 () {34 vars in 753 bytes} [Thu Aug 13 19:40:48 2026] PUT /v2.0/networks/605c5274-e45f-433f-8e2f-f670532df87d/tags => generated 19 bytes in 49 msecs (HTTP/1.1 200) 4 headers in 156 bytes (1 switches on core 0) [pid: 8|app: 0|req: 677/1377] 10.0.0.241 () {32 vars in 663 bytes} [Thu Aug 13 19:40:48 2026] GET /v2.0/security-groups => generated 4529 bytes in 43 msecs (HTTP/1.1 200) 4 headers in 158 bytes (1 switches on core 0) [pid: 7|app: 0|req: 701/1378] 10.0.0.241 () {32 vars in 666 bytes} [Thu Aug 13 19:40:48 2026] GET /v2.0/networks?tags=red => generated 1874 bytes in 49 msecs (HTTP/1.1 200) 4 headers in 158 bytes (1 switches on core 0)
2026-08-13 19:40:49.056 8 INFO neutron.db.ovn_revision_numbers_db [None req-67851d83-9377-403c-8a73-17ac33cc5d24 9169df0abed249f19d10bec1690f15ce 2e8fab20eaae46deb3847c5a4785b4fe - - default default] Successfully bumped revision number for resource ba85b890-fdd8-46dd-bee2-20aca4e21775 (type: security_groups) to 2 [pid: 8|app: 0|req: 678/1379] 10.0.0.241 () {34 vars in 758 bytes} [Thu Aug 13 19:40:48 2026] PUT /v2.0/security-groups/ba85b890-fdd8-46dd-bee2-20aca4e21775 => generated 1663 bytes in 93 msecs (HTTP/1.1 200) 4 headers in 158 bytes (1 switches on core 0) [pid: 8|app: 0|req: 679/1380] 10.0.0.241 () {32 vars in 680 bytes} [Thu Aug 13 19:40:49 2026] GET /v2.0/networks?tags=red%2Cblue => generated 1262 bytes in 51 msecs (HTTP/1.1 200) 4 headers in 158 bytes (1 switches on core 0) [pid: 8|app: 0|req: 680/1381] 10.0.0.241 () {32 vars in 737 bytes} [Thu Aug 13 19:40:49 2026] GET /v2.0/security-groups/ba85b890-fdd8-46dd-bee2-20aca4e21775 => generated 1663 bytes in 19 msecs (HTTP/1.1 200) 4 headers in 158 bytes (1 switches on core 0) [pid: 8|app: 0|req: 681/1382] 10.0.0.241 () {32 vars in 676 bytes} [Thu Aug 13 19:40:49 2026] GET /v2.0/networks?tags-any=blue => generated 1262 bytes in 44 msecs (HTTP/1.1 200) 4 headers in 158 bytes (1 switches on core 0)
2026-08-13 19:40:49.265 7 INFO neutron.db.ovn_revision_numbers_db [None req-5ecd13e1-fa99-4f57-97ac-477e7ba6eea5 93afeb5cd2c544b0b2bfea9dbf39cef9 d33eb3e73b334f6b8075a332407e4046 - - default default] Successfully bumped revision number for resource 4c1c2929-87c5-4ba8-9769-476a6009435e (type: security_groups) to 1
2026-08-13 19:40:49.275 7 INFO neutron.db.ovn_revision_numbers_db [None req-5ecd13e1-fa99-4f57-97ac-477e7ba6eea5 93afeb5cd2c544b0b2bfea9dbf39cef9 d33eb3e73b334f6b8075a332407e4046 - - default default] Successfully bumped revision number for resource 50aa0b07-60f1-45ae-baf2-652f0e0d74f6 (type: security_group_rules) to 0
2026-08-13 19:40:49.286 7 INFO neutron.db.ovn_revision_numbers_db [None req-5ecd13e1-fa99-4f57-97ac-477e7ba6eea5 93afeb5cd2c544b0b2bfea9dbf39cef9 d33eb3e73b334f6b8075a332407e4046 - - default default] Successfully bumped revision number for resource 5364f39c-8af7-47d1-a40c-10715dcac37d (type: security_group_rules) to 0
2026-08-13 19:40:49.298 7 INFO neutron.db.ovn_revision_numbers_db [None req-5ecd13e1-fa99-4f57-97ac-477e7ba6eea5 93afeb5cd2c544b0b2bfea9dbf39cef9 d33eb3e73b334f6b8075a332407e4046 - - default default] Successfully bumped revision number for resource 64714671-baa8-4a55-8d0e-62aaf8a63187 (type: security_group_rules) to 0
2026-08-13 19:40:49.311 7 INFO neutron.db.ovn_revision_numbers_db [None req-5ecd13e1-fa99-4f57-97ac-477e7ba6eea5 93afeb5cd2c544b0b2bfea9dbf39cef9 d33eb3e73b334f6b8075a332407e4046 - - default default] Successfully bumped revision number for resource 82d30718-7725-44a2-8a46-68fcae0de3fd (type: security_group_rules) to 0 [pid: 8|app: 0|req: 682/1383] 10.0.0.241 () {32 vars in 740 bytes} [Thu Aug 13 19:40:49 2026] DELETE /v2.0/security-groups/ba85b890-fdd8-46dd-bee2-20aca4e21775 => generated 0 bytes in 133 msecs (HTTP/1.1 204) 2 headers in 112 bytes (1 switches on core 0) [pid: 8|app: 0|req: 683/1384] 10.0.0.241 () {32 vars in 688 bytes} [Thu Aug 13 19:40:49 2026] GET /v2.0/networks?tags-any=red%2Cblue => generated 1874 bytes in 40 msecs (HTTP/1.1 200) 4 headers in 158 bytes (1 switches on core 0)
2026-08-13 19:40:49.382 7 INFO neutron.db.segments_db [None req-5ecd13e1-fa99-4f57-97ac-477e7ba6eea5 93afeb5cd2c544b0b2bfea9dbf39cef9 d33eb3e73b334f6b8075a332407e4046 - - default default] Added segment 5321ba4d-cac2-419c-803a-50c232ba7721 of type geneve for network e5271418-85fa-45b8-b624-4aeb12f240a3 [pid: 8|app: 0|req: 684/1385] 10.0.0.241 () {32 vars in 663 bytes} [Thu Aug 13 19:40:49 2026] GET /v2.0/security-groups => generated 2925 bytes in 22 msecs (HTTP/1.1 200) 4 headers in 158 bytes (1 switches on core 0) [pid: 8|app: 0|req: 685/1386] 10.0.0.241 () {32 vars in 674 bytes} [Thu Aug 13 19:40:49 2026] GET /v2.0/networks?not-tags=red => generated 1874 bytes in 83 msecs (HTTP/1.1 200) 4 headers in 158 bytes (1 switches on core 0)
2026-08-13 19:40:49.492 8 INFO neutron.api.v2.resource [None req-8523c3ff-2de9-424b-a806-84366d036ed2 9169df0abed249f19d10bec1690f15ce 2e8fab20eaae46deb3847c5a4785b4fe - - default default] delete failed (client error): The resource could not be found. [pid: 8|app: 0|req: 686/1387] 10.0.0.241 () {32 vars in 740 bytes} [Thu Aug 13 19:40:49 2026] DELETE /v2.0/security-groups/ba85b890-fdd8-46dd-bee2-20aca4e21775 => generated 146 bytes in 12 msecs (HTTP/1.1 404) 4 headers in 164 bytes (1 switches on core 0)
2026-08-13 19:40:49.511 7 INFO neutron.db.ovn_revision_numbers_db [None req-5ecd13e1-fa99-4f57-97ac-477e7ba6eea5 93afeb5cd2c544b0b2bfea9dbf39cef9 d33eb3e73b334f6b8075a332407e4046 - - default default] Successfully bumped revision number for resource e5271418-85fa-45b8-b624-4aeb12f240a3 (type: networks) to 1 [pid: 8|app: 0|req: 687/1388] 10.0.0.241 () {32 vars in 688 bytes} [Thu Aug 13 19:40:49 2026] GET /v2.0/networks?not-tags=red%2Cblue => generated 2486 bytes in 66 msecs (HTTP/1.1 200) 4 headers in 158 bytes (1 switches on core 0)
2026-08-13 19:40:49.672 8 INFO neutron.db.ovn_revision_numbers_db [None req-3af9d84d-c8ed-4840-98cc-36a5fb370d1c 9169df0abed249f19d10bec1690f15ce 2e8fab20eaae46deb3847c5a4785b4fe - - default default] Successfully bumped revision number for resource c0eddc34-13ea-4aab-b1a1-a7692aebb8dc (type: security_groups) to 1
2026-08-13 19:40:49.676 7 INFO neutron.notifiers.nova [-] Nova event matching ['req-9f1f68a8-dad8-4d85-917c-9509de2a52c4'] response: {'server_uuid': '67cfa726-563d-459b-80d0-45d5383daf78', 'name': 'network-vif-plugged', 'status': 'completed', 'tag': '03c7fcc2-7b67-4050-a216-2e832820c7cb', 'code': 200}
2026-08-13 19:40:49.683 8 INFO neutron.db.ovn_revision_numbers_db [None req-3af9d84d-c8ed-4840-98cc-36a5fb370d1c 9169df0abed249f19d10bec1690f15ce 2e8fab20eaae46deb3847c5a4785b4fe - - default default] Successfully bumped revision number for resource f7dd5883-8a75-436f-a9a6-365aebc3e83f (type: security_group_rules) to 0
2026-08-13 19:40:49.693 8 INFO neutron.db.ovn_revision_numbers_db [None req-3af9d84d-c8ed-4840-98cc-36a5fb370d1c 9169df0abed249f19d10bec1690f15ce 2e8fab20eaae46deb3847c5a4785b4fe - - default default] Successfully bumped revision number for resource fb3358ca-4120-45a3-b9b5-98d06ed082d3 (type: security_group_rules) to 0
2026-08-13 19:40:49.719 7 WARNING neutron.scheduler.dhcp_agent_scheduler [None req-5ecd13e1-fa99-4f57-97ac-477e7ba6eea5 93afeb5cd2c544b0b2bfea9dbf39cef9 d33eb3e73b334f6b8075a332407e4046 - - default default] No more DHCP agents
2026-08-13 19:40:49.720 7 WARNING neutron.api.rpc.agentnotifiers.dhcp_rpc_agent_api [None req-5ecd13e1-fa99-4f57-97ac-477e7ba6eea5 93afeb5cd2c544b0b2bfea9dbf39cef9 d33eb3e73b334f6b8075a332407e4046 - - default default] Unable to schedule network e5271418-85fa-45b8-b624-4aeb12f240a3: no agents available; will retry on subsequent port and subnet creation events. [pid: 8|app: 0|req: 688/1389] 10.0.0.241 () {34 vars in 684 bytes} [Thu Aug 13 19:40:49 2026] POST /v2.0/security-groups => generated 1624 bytes in 167 msecs (HTTP/1.1 201) 4 headers in 163 bytes (1 switches on core 0)
2026-08-13 19:40:49.791 7 INFO neutron.db.ovn_revision_numbers_db [None req-5ecd13e1-fa99-4f57-97ac-477e7ba6eea5 93afeb5cd2c544b0b2bfea9dbf39cef9 d33eb3e73b334f6b8075a332407e4046 - - default default] Successfully bumped revision number for resource 05d231f1-8d7f-4d4f-844e-1d61a3320482 (type: ports) to 1
2026-08-13 19:40:49.794 8 INFO neutron.plugins.ml2.drivers.ovn.mech_driver.mech_driver [None req-90980deb-3f15-4656-9613-d6d1b3b4f805 - - - - - -] OVN reports status down for port: 05d231f1-8d7f-4d4f-844e-1d61a3320482 [pid: 7|app: 0|req: 702/1390] 10.0.0.241 () {34 vars in 671 bytes} [Thu Aug 13 19:40:49 2026] POST /v2.0/networks => generated 746 bytes in 782 msecs (HTTP/1.1 201) 4 headers in 162 bytes (1 switches on core 0) [pid: 8|app: 0|req: 689/1391] 10.0.0.241 () {32 vars in 684 bytes} [Thu Aug 13 19:40:49 2026] GET /v2.0/networks?not-tags-any=blue => generated 2486 bytes in 116 msecs (HTTP/1.1 200) 4 headers in 158 bytes (1 switches on core 0)
2026-08-13 19:40:49.941 7 INFO neutron.db.ovn_revision_numbers_db [None req-49c50e5b-8edf-4b84-82ac-0ea826f26190 9169df0abed249f19d10bec1690f15ce 2e8fab20eaae46deb3847c5a4785b4fe - - default default] Successfully bumped revision number for resource 368788de-da0d-4131-87f1-7256e675b83a (type: security_group_rules) to 0 [pid: 7|app: 0|req: 703/1392] 10.0.0.241 () {34 vars in 695 bytes} [Thu Aug 13 19:40:49 2026] POST /v2.0/security-group-rules => generated 601 bytes in 153 msecs (HTTP/1.1 201) 4 headers in 162 bytes (1 switches on core 0)
2026-08-13 19:40:50.015 8 WARNING neutron.scheduler.dhcp_agent_scheduler [None req-f95f0ff4-4e86-40f7-a5b0-a8310a5e56d6 93afeb5cd2c544b0b2bfea9dbf39cef9 d33eb3e73b334f6b8075a332407e4046 - - default default] No more DHCP agents
2026-08-13 19:40:50.016 8 WARNING neutron.api.rpc.agentnotifiers.dhcp_rpc_agent_api [None req-f95f0ff4-4e86-40f7-a5b0-a8310a5e56d6 93afeb5cd2c544b0b2bfea9dbf39cef9 d33eb3e73b334f6b8075a332407e4046 - - default default] Unable to schedule network e5271418-85fa-45b8-b624-4aeb12f240a3: no agents available; will retry on subsequent port and subnet creation events. [pid: 7|app: 0|req: 704/1393] 10.0.0.241 () {32 vars in 696 bytes} [Thu Aug 13 19:40:49 2026] GET /v2.0/networks?not-tags-any=red%2Cblue => generated 1874 bytes in 63 msecs (HTTP/1.1 200) 4 headers in 158 bytes (1 switches on core 0) [pid: 7|app: 0|req: 705/1394] 10.0.0.241 () {32 vars in 747 bytes} [Thu Aug 13 19:40:50 2026] GET /v2.0/security-group-rules/368788de-da0d-4131-87f1-7256e675b83a => generated 601 bytes in 14 msecs (HTTP/1.1 200) 4 headers in 157 bytes (1 switches on core 0)
2026-08-13 19:40:50.151 7 INFO neutron_taas.services.taas.taas_plugin [None req-84233779-bc21-464b-9840-78abe22e04de 17cf5a222e594f03a027281721b44ad2 9ae7d19b287546439733800b309faedc - - default default] TaaS: Handle Delete Port: 16e264be-c73b-4306-a3c9-da938b669c8a
2026-08-13 19:40:50.154 7 INFO neutron_taas.services.taas.tap_mirror_plugin [None req-84233779-bc21-464b-9840-78abe22e04de 17cf5a222e594f03a027281721b44ad2 9ae7d19b287546439733800b309faedc - - default default] Tap Mirror: Handle Delete Port: 16e264be-c73b-4306-a3c9-da938b669c8a
2026-08-13 19:40:50.338 7 INFO neutron.services.segments.plugin [-] Segment a78401f1-8c3d-46e5-a9b6-6b1fd5197bf6 resource provider aggregate not found
2026-08-13 19:40:50.340 7 INFO neutron.services.segments.plugin [-] Segment a78401f1-8c3d-46e5-a9b6-6b1fd5197bf6 resource provider aggregate not found
2026-08-13 19:40:50.359 7 INFO neutron.services.segments.plugin [-] Client error retrieving segment a78401f1-8c3d-46e5-a9b6-6b1fd5197bf6 resource provider; error: Placement Client Error (4xx): {"errors": [{"status": 404, "title": "Not Found", "detail": "The resource could not be found.\n\n No resource provider with uuid a78401f1-8c3d-46e5-a9b6-6b1fd5197bf6 found for delete ", "request_id": "req-d5e96cc0-ccfb-47ef-b969-cb1094f3ed9a"}]}
2026-08-13 19:40:50.360 7 INFO neutron.services.segments.plugin [-] Client error retrieving segment a78401f1-8c3d-46e5-a9b6-6b1fd5197bf6 resource provider; error: Placement Client Error (4xx): {"errors": [{"status": 404, "title": "Not Found", "detail": "The resource could not be found.\n\n No resource provider with uuid a78401f1-8c3d-46e5-a9b6-6b1fd5197bf6 found for delete ", "request_id": "req-a5e64776-5e8a-4291-bd08-66166f5ccc80"}]} [pid: 7|app: 0|req: 706/1395] 10.0.0.241 () {32 vars in 726 bytes} [Thu Aug 13 19:40:50 2026] DELETE /v2.0/networks/46e070dc-5cfa-491b-826f-7de0ad428045 => generated 0 bytes in 332 msecs (HTTP/1.1 204) 3 headers in 131 bytes (1 switches on core 0) [pid: 7|app: 0|req: 707/1396] 10.0.0.241 () {32 vars in 673 bytes} [Thu Aug 13 19:40:50 2026] GET /v2.0/security-group-rules => generated 4138 bytes in 79 msecs (HTTP/1.1 200) 4 headers in 158 bytes (1 switches on core 0)
2026-08-13 19:40:50.485 8 INFO neutron.db.ovn_revision_numbers_db [None req-66a16ecb-8f1e-4a42-9054-ca473199fd24 - - - - - -] Successfully bumped revision number for resource 05d231f1-8d7f-4d4f-844e-1d61a3320482 (type: ports) to 2
2026-08-13 19:40:50.535 8 INFO neutron.db.ovn_revision_numbers_db [None req-66a16ecb-8f1e-4a42-9054-ca473199fd24 - - - - - -] Successfully bumped revision number for resource 02f058e3-969b-438a-b2e6-c20f8320bdb6 (type: subnets) to 0 [pid: 8|app: 0|req: 690/1397] 10.0.0.241 () {34 vars in 669 bytes} [Thu Aug 13 19:40:49 2026] POST /v2.0/subnets => generated 690 bytes in 714 msecs (HTTP/1.1 201) 4 headers in 162 bytes (1 switches on core 0)
2026-08-13 19:40:50.578 7 INFO neutron_taas.services.taas.taas_plugin [None req-874ff463-67ef-402d-a37b-ff0c530f71c0 17cf5a222e594f03a027281721b44ad2 9ae7d19b287546439733800b309faedc - - default default] TaaS: Handle Delete Port: 4866f78c-6bf5-4c84-bc6d-3f98fa0b30b1
2026-08-13 19:40:50.581 7 INFO neutron_taas.services.taas.tap_mirror_plugin [None req-874ff463-67ef-402d-a37b-ff0c530f71c0 17cf5a222e594f03a027281721b44ad2 9ae7d19b287546439733800b309faedc - - default default] Tap Mirror: Handle Delete Port: 4866f78c-6bf5-4c84-bc6d-3f98fa0b30b1 [pid: 8|app: 0|req: 691/1398] 10.0.0.241 () {32 vars in 750 bytes} [Thu Aug 13 19:40:50 2026] DELETE /v2.0/security-group-rules/368788de-da0d-4131-87f1-7256e675b83a => generated 0 bytes in 154 msecs (HTTP/1.1 204) 2 headers in 112 bytes (1 switches on core 0) [pid: 7|app: 0|req: 708/1399] 10.0.0.241 () {32 vars in 726 bytes} [Thu Aug 13 19:40:50 2026] DELETE /v2.0/networks/a4dbea10-8406-48e1-9de9-561186e1e3b5 => generated 0 bytes in 323 msecs (HTTP/1.1 204) 3 headers in 131 bytes (1 switches on core 0) [pid: 7|app: 0|req: 709/1400] 10.0.0.241 () {32 vars in 673 bytes} [Thu Aug 13 19:40:50 2026] GET /v2.0/security-group-rules => generated 3560 bytes in 49 msecs (HTTP/1.1 200) 4 headers in 158 bytes (1 switches on core 0)
2026-08-13 19:40:50.981 7 INFO neutron_taas.services.taas.taas_plugin [None req-0db23596-87b6-4a28-9108-7ab4790c8a8e 17cf5a222e594f03a027281721b44ad2 9ae7d19b287546439733800b309faedc - - default default] TaaS: Handle Delete Port: e6c91bad-4f8b-422e-8ffa-890322bf3a66
2026-08-13 19:40:50.983 7 INFO neutron_taas.services.taas.tap_mirror_plugin [None req-0db23596-87b6-4a28-9108-7ab4790c8a8e 17cf5a222e594f03a027281721b44ad2 9ae7d19b287546439733800b309faedc - - default default] Tap Mirror: Handle Delete Port: e6c91bad-4f8b-422e-8ffa-890322bf3a66
2026-08-13 19:40:51.183 8 WARNING neutron.scheduler.dhcp_agent_scheduler [None req-819fb89f-ce18-4ad0-a721-1c71f526c86a 93afeb5cd2c544b0b2bfea9dbf39cef9 d33eb3e73b334f6b8075a332407e4046 - - default default] No more DHCP agents
2026-08-13 19:40:51.185 8 WARNING neutron.api.rpc.agentnotifiers.dhcp_rpc_agent_api [None req-819fb89f-ce18-4ad0-a721-1c71f526c86a 93afeb5cd2c544b0b2bfea9dbf39cef9 d33eb3e73b334f6b8075a332407e4046 - - default default] Unable to schedule network 795fb249-904f-4ece-8d7f-42a3646b6d97: no agents available; will retry on subsequent port and subnet creation events. [pid: 7|app: 0|req: 710/1401] 10.0.0.241 () {32 vars in 726 bytes} [Thu Aug 13 19:40:50 2026] DELETE /v2.0/networks/b82f6be3-6240-429d-8e74-4d512656a2ed => generated 0 bytes in 357 msecs (HTTP/1.1 204) 3 headers in 131 bytes (1 switches on core 0)
2026-08-13 19:40:51.290 8 INFO neutron.plugins.ml2.drivers.ovn.mech_driver.mech_driver [None req-90980deb-3f15-4656-9613-d6d1b3b4f805 - - - - - -] OVN reports status down for port: 63631bf0-2eb0-4870-bb81-f20a4ad54955
2026-08-13 19:40:51.315 7 INFO neutron.db.ovn_revision_numbers_db [None req-ba018b50-1458-4fb2-af5e-be22c4b6e83c 9169df0abed249f19d10bec1690f15ce 2e8fab20eaae46deb3847c5a4785b4fe - - default default] Successfully bumped revision number for resource 88d15ba1-ebb3-4a6d-89ab-0f1d5bdb1f3d (type: security_group_rules) to 0 [pid: 7|app: 0|req: 711/1402] 10.0.0.241 () {34 vars in 695 bytes} [Thu Aug 13 19:40:51 2026] POST /v2.0/security-group-rules => generated 601 bytes in 156 msecs (HTTP/1.1 201) 4 headers in 162 bytes (1 switches on core 0)
2026-08-13 19:40:51.360 8 INFO neutron.db.ovn_revision_numbers_db [None req-819fb89f-ce18-4ad0-a721-1c71f526c86a 93afeb5cd2c544b0b2bfea9dbf39cef9 d33eb3e73b334f6b8075a332407e4046 - - default default] Successfully bumped revision number for resource 63631bf0-2eb0-4870-bb81-f20a4ad54955 (type: ports) to 1
2026-08-13 19:40:51.465 7 INFO neutron_taas.services.taas.taas_plugin [None req-22a14ff8-0d05-4fab-9de0-8983a7b4ae8e 17cf5a222e594f03a027281721b44ad2 9ae7d19b287546439733800b309faedc - - default default] TaaS: Handle Delete Port: f8e51217-a2c3-49bc-9b71-c9c6950d2dc7
2026-08-13 19:40:51.469 7 INFO neutron_taas.services.taas.tap_mirror_plugin [None req-22a14ff8-0d05-4fab-9de0-8983a7b4ae8e 17cf5a222e594f03a027281721b44ad2 9ae7d19b287546439733800b309faedc - - default default] Tap Mirror: Handle Delete Port: f8e51217-a2c3-49bc-9b71-c9c6950d2dc7 [pid: 7|app: 0|req: 712/1403] 10.0.0.241 () {32 vars in 726 bytes} [Thu Aug 13 19:40:51 2026] DELETE /v2.0/networks/605c5274-e45f-433f-8e2f-f670532df87d => generated 0 bytes in 341 msecs (HTTP/1.1 204) 3 headers in 131 bytes (1 switches on core 0) [pid: 7|app: 0|req: 713/1404] 10.0.0.241 () {32 vars in 747 bytes} [Thu Aug 13 19:40:51 2026] GET /v2.0/security-group-rules/88d15ba1-ebb3-4a6d-89ab-0f1d5bdb1f3d => generated 601 bytes in 23 msecs (HTTP/1.1 200) 4 headers in 157 bytes (1 switches on core 0)
2026-08-13 19:40:51.818 7 INFO neutron_taas.services.taas.taas_plugin [None req-6de14827-bec4-4f3e-94c5-8639b978dd10 17cf5a222e594f03a027281721b44ad2 9ae7d19b287546439733800b309faedc - - default default] TaaS: Handle Delete Port: 5c39acf1-05dd-415b-aedd-6b5bc38f4314
2026-08-13 19:40:51.821 7 INFO neutron_taas.services.taas.tap_mirror_plugin [None req-6de14827-bec4-4f3e-94c5-8639b978dd10 17cf5a222e594f03a027281721b44ad2 9ae7d19b287546439733800b309faedc - - default default] Tap Mirror: Handle Delete Port: 5c39acf1-05dd-415b-aedd-6b5bc38f4314 [pid: 7|app: 0|req: 714/1405] 10.0.0.241 () {32 vars in 726 bytes} [Thu Aug 13 19:40:51 2026] DELETE /v2.0/networks/fa710179-f2c1-493a-9def-325aca27fb59 => generated 0 bytes in 303 msecs (HTTP/1.1 204) 3 headers in 131 bytes (1 switches on core 0) [pid: 7|app: 0|req: 715/1406] 10.0.0.241 () {32 vars in 673 bytes} [Thu Aug 13 19:40:52 2026] GET /v2.0/security-group-rules => generated 4138 bytes in 57 msecs (HTTP/1.1 200) 4 headers in 158 bytes (1 switches on core 0)
2026-08-13 19:40:52.083 8 INFO neutron.plugins.ml2.drivers.ovn.mech_driver.ovsdb.commands [None req-511da5ca-8fe7-43db-9c4f-6ed66a793e7d - - - - - -] Schedule LRP lrp-63631bf0-2eb0-4870-bb81-f20a4ad54955 on gateway b1f037a9-c0ef-4057-9288-f89e3f5c17f4 with priority 1
2026-08-13 19:40:52.114 8 INFO neutron.plugins.ml2.drivers.ovn.mech_driver.mech_driver [None req-90980deb-3f15-4656-9613-d6d1b3b4f805 - - - - - -] OVN reports status up for port: 63631bf0-2eb0-4870-bb81-f20a4ad54955
2026-08-13 19:40:52.142 8 INFO neutron.plugins.ml2.plugin [None req-90980deb-3f15-4656-9613-d6d1b3b4f805 - - - - - -] Attempt 1 to provision port 63631bf0-2eb0-4870-bb81-f20a4ad54955
2026-08-13 19:40:52.152 8 INFO neutron.plugins.ml2.drivers.ovn.mech_driver.ovsdb.ovsdb_monitor [None req-b9025bc3-93af-4bca-87f9-172d1e572648 - - - - - -] Router 30359a52-9e42-414b-864e-3b583c9f046e is bound to host instance [pid: 7|app: 0|req: 716/1407] 10.0.0.241 () {32 vars in 750 bytes} [Thu Aug 13 19:40:52 2026] DELETE /v2.0/security-group-rules/88d15ba1-ebb3-4a6d-89ab-0f1d5bdb1f3d => generated 0 bytes in 123 msecs (HTTP/1.1 204) 2 headers in 112 bytes (1 switches on core 0)
2026-08-13 19:40:52.215 8 INFO neutron.db.ovn_revision_numbers_db [None req-819fb89f-ce18-4ad0-a721-1c71f526c86a 93afeb5cd2c544b0b2bfea9dbf39cef9 d33eb3e73b334f6b8075a332407e4046 - - default default] Successfully bumped revision number for resource 63631bf0-2eb0-4870-bb81-f20a4ad54955 (type: router_ports) to 1 [pid: 7|app: 0|req: 717/1408] 10.0.0.241 () {32 vars in 673 bytes} [Thu Aug 13 19:40:52 2026] GET /v2.0/security-group-rules => generated 3560 bytes in 57 msecs (HTTP/1.1 200) 4 headers in 158 bytes (1 switches on core 0)
2026-08-13 19:40:52.389 7 INFO neutron.services.segments.plugin [-] Segment 568005da-3c27-4553-8a77-9cd99a141cc7 resource provider aggregate not found
2026-08-13 19:40:52.390 8 INFO neutron.db.ovn_revision_numbers_db [None req-819fb89f-ce18-4ad0-a721-1c71f526c86a 93afeb5cd2c544b0b2bfea9dbf39cef9 d33eb3e73b334f6b8075a332407e4046 - - default default] Successfully bumped revision number for resource 30359a52-9e42-414b-864e-3b583c9f046e (type: routers) to 2
2026-08-13 19:40:52.391 7 INFO neutron.services.segments.plugin [-] Segment 568005da-3c27-4553-8a77-9cd99a141cc7 resource provider aggregate not found
