Jun 01 20:39:54.678031 np0000177963 systemd[1]: Starting devstack@n-api-meta.service - Devstack devstack@n-api-meta.service...
Jun 01 20:39:54.685658 np0000177963 devstack@n-api-meta.service[108281]: [uWSGI] getting INI configuration from /etc/nova/nova-metadata-uwsgi.ini
Jun 01 20:39:54.688819 np0000177963 devstack@n-api-meta.service[108281]: *** Starting uWSGI 2.0.24-debian (64bit) on [Mon Jun 1 20:39:54 2026] ***
Jun 01 20:39:54.688819 np0000177963 devstack@n-api-meta.service[108281]: compiled with version: 13.2.0 on 17 April 2024 16:23:48
Jun 01 20:39:54.688819 np0000177963 devstack@n-api-meta.service[108281]: os: Linux-6.8.0-117-generic #117-Ubuntu SMP PREEMPT_DYNAMIC Tue May 5 19:26:24 UTC 2026
Jun 01 20:39:54.688819 np0000177963 devstack@n-api-meta.service[108281]: nodename: np0000177963
Jun 01 20:39:54.688819 np0000177963 devstack@n-api-meta.service[108281]: machine: x86_64
Jun 01 20:39:54.688819 np0000177963 devstack@n-api-meta.service[108281]: clock source: unix
Jun 01 20:39:54.688819 np0000177963 devstack@n-api-meta.service[108281]: pcre jit disabled
Jun 01 20:39:54.688819 np0000177963 devstack@n-api-meta.service[108281]: detected number of CPU cores: 16
Jun 01 20:39:54.688819 np0000177963 devstack@n-api-meta.service[108281]: current working directory: /
Jun 01 20:39:54.688819 np0000177963 devstack@n-api-meta.service[108281]: detected binary path: /usr/bin/uwsgi-core
Jun 01 20:39:54.688819 np0000177963 devstack@n-api-meta.service[108281]: your processes number limit is 256917
Jun 01 20:39:54.688819 np0000177963 devstack@n-api-meta.service[108281]: your memory page size is 4096 bytes
Jun 01 20:39:54.688819 np0000177963 devstack@n-api-meta.service[108281]: detected max file descriptor number: 2048
Jun 01 20:39:54.688819 np0000177963 devstack@n-api-meta.service[108281]: lock engine: pthread robust mutexes
Jun 01 20:39:54.689585 np0000177963 devstack@n-api-meta.service[108281]: thunder lock: enabled
Jun 01 20:39:54.689585 np0000177963 devstack@n-api-meta.service[108281]: uWSGI http bound on 0.0.0.0:8775 fd 5
Jun 01 20:39:54.689585 np0000177963 devstack@n-api-meta.service[108281]: uwsgi socket 0 bound to TCP address 127.0.0.1:36359 (port auto-assigned) fd 4
Jun 01 20:39:54.689585 np0000177963 devstack@n-api-meta.service[108281]: Python version: 3.12.3 (main, Mar 23 2026, 19:04:32) [GCC 13.3.0]
Jun 01 20:39:54.689585 np0000177963 devstack@n-api-meta.service[108281]: PEP 405 virtualenv detected: /opt/stack/data/venv
Jun 01 20:39:54.689585 np0000177963 devstack@n-api-meta.service[108281]: Set PythonHome to /opt/stack/data/venv
Jun 01 20:39:54.735860 np0000177963 devstack@n-api-meta.service[108281]: Python main interpreter initialized at 0x72d5cf0a3668
Jun 01 20:39:54.735860 np0000177963 devstack@n-api-meta.service[108281]: python threads support enabled
Jun 01 20:39:54.735860 np0000177963 devstack@n-api-meta.service[108281]: your server socket listen backlog is limited to 100 connections
Jun 01 20:39:54.735860 np0000177963 devstack@n-api-meta.service[108281]: your mercy for graceful operations on workers is 80 seconds
Jun 01 20:39:54.736565 np0000177963 devstack@n-api-meta.service[108281]: mapped 671795 bytes (656 KB) for 4 cores
Jun 01 20:39:54.736825 np0000177963 devstack@n-api-meta.service[108281]: *** Operational MODE: preforking ***
Jun 01 20:39:54.737128 np0000177963 devstack@n-api-meta.service[108281]: *** uWSGI is running in multiple interpreter mode ***
Jun 01 20:39:54.737128 np0000177963 devstack@n-api-meta.service[108281]: spawned uWSGI master process (pid: 108281)
Jun 01 20:39:54.737245 np0000177963 systemd[1]: Started devstack@n-api-meta.service - Devstack devstack@n-api-meta.service.
Jun 01 20:39:54.737959 np0000177963 devstack@n-api-meta.service[108281]: spawned uWSGI worker 1 (pid: 108282, cores: 1)
Jun 01 20:39:54.738559 np0000177963 devstack@n-api-meta.service[108281]: spawned uWSGI worker 2 (pid: 108283, cores: 1)
Jun 01 20:39:54.739115 np0000177963 devstack@n-api-meta.service[108281]: spawned uWSGI worker 3 (pid: 108284, cores: 1)
Jun 01 20:39:54.739691 np0000177963 devstack@n-api-meta.service[108281]: spawned uWSGI worker 4 (pid: 108285, cores: 1)
Jun 01 20:39:54.740271 np0000177963 devstack@n-api-meta.service[108281]: spawned uWSGI http 1 (pid: 108286)
Jun 01 20:39:54.740271 np0000177963 devstack@n-api-meta.service[108281]: running "unix_signal:15 gracefully_kill_them_all" (master-start)...
Jun 01 20:39:56.551747 np0000177963 devstack@n-api-meta.service[108282]: INFO dbcounter [None req-6ffe9049-6619-4bbe-a6bd-fe84d16d3e39 None None] Registered counter for database nova_api
Jun 01 20:39:56.602253 np0000177963 devstack@n-api-meta.service[108282]: DEBUG oslo_db.sqlalchemy.engines [None req-6ffe9049-6619-4bbe-a6bd-fe84d16d3e39 None None] MySQL server mode set to STRICT_TRANS_TABLES,STRICT_ALL_TABLES,NO_ZERO_IN_DATE,NO_ZERO_DATE,ERROR_FOR_DIVISION_BY_ZERO,TRADITIONAL,NO_ENGINE_SUBSTITUTION {{(pid=108282) _check_effective_sql_mode /opt/stack/data/venv/lib/python3.12/site-packages/oslo_db/sqlalchemy/engines.py:325}}
Jun 01 20:39:56.613985 np0000177963 devstack@n-api-meta.service[108285]: INFO dbcounter [None req-b852b6d1-98f7-4781-b4cc-414dc16ea765 None None] Registered counter for database nova_api
Jun 01 20:39:56.630877 np0000177963 devstack@n-api-meta.service[108284]: INFO dbcounter [None req-16651e00-a915-48d9-a489-877f612bcc39 None None] Registered counter for database nova_api
Jun 01 20:39:56.636783 np0000177963 devstack@n-api-meta.service[108282]: DEBUG dbcounter [-] [108282] Writer thread running {{(pid=108282) stat_writer /opt/stack/data/venv/lib/python3.12/site-packages/dbcounter.py:102}}
Jun 01 20:39:56.639203 np0000177963 devstack@n-api-meta.service[108282]: DEBUG nova.context [None req-6ffe9049-6619-4bbe-a6bd-fe84d16d3e39 None None] Found 2 cells: 00000000-0000-0000-0000-000000000000(cell0),0111ff4c-3fbc-4ace-9718-65efcc6b01fc(cell1) {{(pid=108282) load_cells /opt/stack/nova/nova/context.py:509}}
Jun 01 20:39:56.639428 np0000177963 devstack@n-api-meta.service[108282]: INFO nova.utils [None req-6ffe9049-6619-4bbe-a6bd-fe84d16d3e39 None None] The cell worker thread pool MainProcess.cell_worker is initialized
Jun 01 20:39:56.641174 np0000177963 devstack@n-api-meta.service[108282]: DEBUG oslo_concurrency.lockutils [None req-6ffe9049-6619-4bbe-a6bd-fe84d16d3e39 None None] Acquiring lock "00000000-0000-0000-0000-000000000000" by "nova.context.set_target_cell..get_or_set_cached_cell_and_set_connections" {{(pid=108282) inner /opt/stack/data/venv/lib/python3.12/site-packages/oslo_concurrency/lockutils.py:511}}
Jun 01 20:39:56.641328 np0000177963 devstack@n-api-meta.service[108282]: DEBUG oslo_concurrency.lockutils [None req-6ffe9049-6619-4bbe-a6bd-fe84d16d3e39 None None] Lock "00000000-0000-0000-0000-000000000000" acquired by "nova.context.set_target_cell..get_or_set_cached_cell_and_set_connections" :: waited 0.000s {{(pid=108282) inner /opt/stack/data/venv/lib/python3.12/site-packages/oslo_concurrency/lockutils.py:524}}
Jun 01 20:39:56.641750 np0000177963 devstack@n-api-meta.service[108282]: DEBUG oslo_concurrency.lockutils [None req-6ffe9049-6619-4bbe-a6bd-fe84d16d3e39 None None] Lock "00000000-0000-0000-0000-000000000000" "released" by "nova.context.set_target_cell..get_or_set_cached_cell_and_set_connections" :: held 0.000s {{(pid=108282) inner /opt/stack/data/venv/lib/python3.12/site-packages/oslo_concurrency/lockutils.py:543}}
Jun 01 20:39:56.642291 np0000177963 devstack@n-api-meta.service[108282]: DEBUG oslo_concurrency.lockutils [None req-6ffe9049-6619-4bbe-a6bd-fe84d16d3e39 None None] Acquiring lock "0111ff4c-3fbc-4ace-9718-65efcc6b01fc" by "nova.context.set_target_cell..get_or_set_cached_cell_and_set_connections" {{(pid=108282) inner /opt/stack/data/venv/lib/python3.12/site-packages/oslo_concurrency/lockutils.py:511}}
Jun 01 20:39:56.643711 np0000177963 devstack@n-api-meta.service[108282]: INFO dbcounter [None req-6ffe9049-6619-4bbe-a6bd-fe84d16d3e39 None None] Registered counter for database nova_cell0
Jun 01 20:39:56.644713 np0000177963 devstack@n-api-meta.service[108282]: DEBUG oslo_concurrency.lockutils [None req-6ffe9049-6619-4bbe-a6bd-fe84d16d3e39 None None] Lock "0111ff4c-3fbc-4ace-9718-65efcc6b01fc" acquired by "nova.context.set_target_cell..get_or_set_cached_cell_and_set_connections" :: waited 0.001s {{(pid=108282) inner /opt/stack/data/venv/lib/python3.12/site-packages/oslo_concurrency/lockutils.py:524}}
Jun 01 20:39:56.645795 np0000177963 devstack@n-api-meta.service[108282]: DEBUG oslo_concurrency.lockutils [None req-6ffe9049-6619-4bbe-a6bd-fe84d16d3e39 None None] Lock "0111ff4c-3fbc-4ace-9718-65efcc6b01fc" "released" by "nova.context.set_target_cell..get_or_set_cached_cell_and_set_connections" :: held 0.002s {{(pid=108282) inner /opt/stack/data/venv/lib/python3.12/site-packages/oslo_concurrency/lockutils.py:543}}
Jun 01 20:39:56.651126 np0000177963 devstack@n-api-meta.service[108282]: INFO dbcounter [None req-6ffe9049-6619-4bbe-a6bd-fe84d16d3e39 None None] Registered counter for database nova_cell1
Jun 01 20:39:56.670241 np0000177963 devstack@n-api-meta.service[108285]: DEBUG oslo_db.sqlalchemy.engines [None req-b852b6d1-98f7-4781-b4cc-414dc16ea765 None None] MySQL server mode set to STRICT_TRANS_TABLES,STRICT_ALL_TABLES,NO_ZERO_IN_DATE,NO_ZERO_DATE,ERROR_FOR_DIVISION_BY_ZERO,TRADITIONAL,NO_ENGINE_SUBSTITUTION {{(pid=108285) _check_effective_sql_mode /opt/stack/data/venv/lib/python3.12/site-packages/oslo_db/sqlalchemy/engines.py:325}}
Jun 01 20:39:56.682178 np0000177963 devstack@n-api-meta.service[108284]: DEBUG oslo_db.sqlalchemy.engines [None req-16651e00-a915-48d9-a489-877f612bcc39 None None] MySQL server mode set to STRICT_TRANS_TABLES,STRICT_ALL_TABLES,NO_ZERO_IN_DATE,NO_ZERO_DATE,ERROR_FOR_DIVISION_BY_ZERO,TRADITIONAL,NO_ENGINE_SUBSTITUTION {{(pid=108284) _check_effective_sql_mode /opt/stack/data/venv/lib/python3.12/site-packages/oslo_db/sqlalchemy/engines.py:325}}
Jun 01 20:39:56.706765 np0000177963 devstack@n-api-meta.service[108285]: DEBUG dbcounter [-] [108285] Writer thread running {{(pid=108285) stat_writer /opt/stack/data/venv/lib/python3.12/site-packages/dbcounter.py:102}}
Jun 01 20:39:56.709929 np0000177963 devstack@n-api-meta.service[108285]: DEBUG nova.context [None req-b852b6d1-98f7-4781-b4cc-414dc16ea765 None None] Found 2 cells: 00000000-0000-0000-0000-000000000000(cell0),0111ff4c-3fbc-4ace-9718-65efcc6b01fc(cell1) {{(pid=108285) load_cells /opt/stack/nova/nova/context.py:509}}
Jun 01 20:39:56.710202 np0000177963 devstack@n-api-meta.service[108285]: INFO nova.utils [None req-b852b6d1-98f7-4781-b4cc-414dc16ea765 None None] The cell worker thread pool MainProcess.cell_worker is initialized
Jun 01 20:39:56.711295 np0000177963 devstack@n-api-meta.service[108282]: DEBUG oslo_db.sqlalchemy.engines [None req-6ffe9049-6619-4bbe-a6bd-fe84d16d3e39 None None] MySQL server mode set to STRICT_TRANS_TABLES,STRICT_ALL_TABLES,NO_ZERO_IN_DATE,NO_ZERO_DATE,ERROR_FOR_DIVISION_BY_ZERO,TRADITIONAL,NO_ENGINE_SUBSTITUTION {{(pid=108282) _check_effective_sql_mode /opt/stack/data/venv/lib/python3.12/site-packages/oslo_db/sqlalchemy/engines.py:325}}
Jun 01 20:39:56.712301 np0000177963 devstack@n-api-meta.service[108283]: INFO dbcounter [None req-59a46005-ad23-4438-9ae8-06f8cb954020 None None] Registered counter for database nova_api
Jun 01 20:39:56.712880 np0000177963 devstack@n-api-meta.service[108285]: DEBUG oslo_concurrency.lockutils [None req-b852b6d1-98f7-4781-b4cc-414dc16ea765 None None] Acquiring lock "00000000-0000-0000-0000-000000000000" by "nova.context.set_target_cell..get_or_set_cached_cell_and_set_connections" {{(pid=108285) inner /opt/stack/data/venv/lib/python3.12/site-packages/oslo_concurrency/lockutils.py:511}}
Jun 01 20:39:56.713040 np0000177963 devstack@n-api-meta.service[108285]: DEBUG oslo_concurrency.lockutils [None req-b852b6d1-98f7-4781-b4cc-414dc16ea765 None None] Lock "00000000-0000-0000-0000-000000000000" acquired by "nova.context.set_target_cell..get_or_set_cached_cell_and_set_connections" :: waited 0.000s {{(pid=108285) inner /opt/stack/data/venv/lib/python3.12/site-packages/oslo_concurrency/lockutils.py:524}}
Jun 01 20:39:56.713571 np0000177963 devstack@n-api-meta.service[108285]: DEBUG oslo_concurrency.lockutils [None req-b852b6d1-98f7-4781-b4cc-414dc16ea765 None None] Lock "00000000-0000-0000-0000-000000000000" "released" by "nova.context.set_target_cell..get_or_set_cached_cell_and_set_connections" :: held 0.001s {{(pid=108285) inner /opt/stack/data/venv/lib/python3.12/site-packages/oslo_concurrency/lockutils.py:543}}
Jun 01 20:39:56.715282 np0000177963 devstack@n-api-meta.service[108285]: DEBUG oslo_concurrency.lockutils [None req-b852b6d1-98f7-4781-b4cc-414dc16ea765 None None] Acquiring lock "0111ff4c-3fbc-4ace-9718-65efcc6b01fc" by "nova.context.set_target_cell..get_or_set_cached_cell_and_set_connections" {{(pid=108285) inner /opt/stack/data/venv/lib/python3.12/site-packages/oslo_concurrency/lockutils.py:511}}
Jun 01 20:39:56.715650 np0000177963 devstack@n-api-meta.service[108285]: DEBUG oslo_concurrency.lockutils [None req-b852b6d1-98f7-4781-b4cc-414dc16ea765 None None] Lock "0111ff4c-3fbc-4ace-9718-65efcc6b01fc" acquired by "nova.context.set_target_cell..get_or_set_cached_cell_and_set_connections" :: waited 0.000s {{(pid=108285) inner /opt/stack/data/venv/lib/python3.12/site-packages/oslo_concurrency/lockutils.py:524}}
Jun 01 20:39:56.717825 np0000177963 devstack@n-api-meta.service[108285]: DEBUG oslo_concurrency.lockutils [None req-b852b6d1-98f7-4781-b4cc-414dc16ea765 None None] Lock "0111ff4c-3fbc-4ace-9718-65efcc6b01fc" "released" by "nova.context.set_target_cell..get_or_set_cached_cell_and_set_connections" :: held 0.002s {{(pid=108285) inner /opt/stack/data/venv/lib/python3.12/site-packages/oslo_concurrency/lockutils.py:543}}
Jun 01 20:39:56.719397 np0000177963 devstack@n-api-meta.service[108284]: DEBUG dbcounter [-] [108284] Writer thread running {{(pid=108284) stat_writer /opt/stack/data/venv/lib/python3.12/site-packages/dbcounter.py:102}}
Jun 01 20:39:56.720955 np0000177963 devstack@n-api-meta.service[108285]: INFO dbcounter [None req-b852b6d1-98f7-4781-b4cc-414dc16ea765 None None] Registered counter for database nova_cell0
Jun 01 20:39:56.723186 np0000177963 devstack@n-api-meta.service[108284]: DEBUG nova.context [None req-16651e00-a915-48d9-a489-877f612bcc39 None None] Found 2 cells: 00000000-0000-0000-0000-000000000000(cell0),0111ff4c-3fbc-4ace-9718-65efcc6b01fc(cell1) {{(pid=108284) load_cells /opt/stack/nova/nova/context.py:509}}
Jun 01 20:39:56.723505 np0000177963 devstack@n-api-meta.service[108284]: INFO nova.utils [None req-16651e00-a915-48d9-a489-877f612bcc39 None None] The cell worker thread pool MainProcess.cell_worker is initialized
Jun 01 20:39:56.725972 np0000177963 devstack@n-api-meta.service[108284]: DEBUG oslo_concurrency.lockutils [None req-16651e00-a915-48d9-a489-877f612bcc39 None None] Acquiring lock "00000000-0000-0000-0000-000000000000" by "nova.context.set_target_cell..get_or_set_cached_cell_and_set_connections" {{(pid=108284) inner /opt/stack/data/venv/lib/python3.12/site-packages/oslo_concurrency/lockutils.py:511}}
Jun 01 20:39:56.726227 np0000177963 devstack@n-api-meta.service[108284]: DEBUG oslo_concurrency.lockutils [None req-16651e00-a915-48d9-a489-877f612bcc39 None None] Lock "00000000-0000-0000-0000-000000000000" acquired by "nova.context.set_target_cell..get_or_set_cached_cell_and_set_connections" :: waited 0.000s {{(pid=108284) inner /opt/stack/data/venv/lib/python3.12/site-packages/oslo_concurrency/lockutils.py:524}}
Jun 01 20:39:56.726714 np0000177963 devstack@n-api-meta.service[108285]: INFO dbcounter [None req-b852b6d1-98f7-4781-b4cc-414dc16ea765 None None] Registered counter for database nova_cell1
Jun 01 20:39:56.726843 np0000177963 devstack@n-api-meta.service[108284]: DEBUG oslo_concurrency.lockutils [None req-16651e00-a915-48d9-a489-877f612bcc39 None None] Lock "00000000-0000-0000-0000-000000000000" "released" by "nova.context.set_target_cell..get_or_set_cached_cell_and_set_connections" :: held 0.001s {{(pid=108284) inner /opt/stack/data/venv/lib/python3.12/site-packages/oslo_concurrency/lockutils.py:543}}
Jun 01 20:39:56.727688 np0000177963 devstack@n-api-meta.service[108284]: DEBUG oslo_concurrency.lockutils [None req-16651e00-a915-48d9-a489-877f612bcc39 None None] Acquiring lock "0111ff4c-3fbc-4ace-9718-65efcc6b01fc" by "nova.context.set_target_cell..get_or_set_cached_cell_and_set_connections" {{(pid=108284) inner /opt/stack/data/venv/lib/python3.12/site-packages/oslo_concurrency/lockutils.py:511}}
Jun 01 20:39:56.727956 np0000177963 devstack@n-api-meta.service[108284]: DEBUG oslo_concurrency.lockutils [None req-16651e00-a915-48d9-a489-877f612bcc39 None None] Lock "0111ff4c-3fbc-4ace-9718-65efcc6b01fc" acquired by "nova.context.set_target_cell..get_or_set_cached_cell_and_set_connections" :: waited 0.000s {{(pid=108284) inner /opt/stack/data/venv/lib/python3.12/site-packages/oslo_concurrency/lockutils.py:524}}
Jun 01 20:39:56.729211 np0000177963 devstack@n-api-meta.service[108284]: DEBUG oslo_concurrency.lockutils [None req-16651e00-a915-48d9-a489-877f612bcc39 None None] Lock "0111ff4c-3fbc-4ace-9718-65efcc6b01fc" "released" by "nova.context.set_target_cell..get_or_set_cached_cell_and_set_connections" :: held 0.001s {{(pid=108284) inner /opt/stack/data/venv/lib/python3.12/site-packages/oslo_concurrency/lockutils.py:543}}
Jun 01 20:39:56.731109 np0000177963 devstack@n-api-meta.service[108284]: INFO dbcounter [None req-16651e00-a915-48d9-a489-877f612bcc39 None None] Registered counter for database nova_cell0
Jun 01 20:39:56.735254 np0000177963 devstack@n-api-meta.service[108284]: INFO dbcounter [None req-16651e00-a915-48d9-a489-877f612bcc39 None None] Registered counter for database nova_cell1
Jun 01 20:39:56.771335 np0000177963 devstack@n-api-meta.service[108283]: DEBUG oslo_db.sqlalchemy.engines [None req-59a46005-ad23-4438-9ae8-06f8cb954020 None None] MySQL server mode set to STRICT_TRANS_TABLES,STRICT_ALL_TABLES,NO_ZERO_IN_DATE,NO_ZERO_DATE,ERROR_FOR_DIVISION_BY_ZERO,TRADITIONAL,NO_ENGINE_SUBSTITUTION {{(pid=108283) _check_effective_sql_mode /opt/stack/data/venv/lib/python3.12/site-packages/oslo_db/sqlalchemy/engines.py:325}}
Jun 01 20:39:56.798462 np0000177963 devstack@n-api-meta.service[108285]: DEBUG oslo_db.sqlalchemy.engines [None req-b852b6d1-98f7-4781-b4cc-414dc16ea765 None None] MySQL server mode set to STRICT_TRANS_TABLES,STRICT_ALL_TABLES,NO_ZERO_IN_DATE,NO_ZERO_DATE,ERROR_FOR_DIVISION_BY_ZERO,TRADITIONAL,NO_ENGINE_SUBSTITUTION {{(pid=108285) _check_effective_sql_mode /opt/stack/data/venv/lib/python3.12/site-packages/oslo_db/sqlalchemy/engines.py:325}}
Jun 01 20:39:56.801531 np0000177963 devstack@n-api-meta.service[108285]: DEBUG oslo_db.sqlalchemy.engines [None req-b852b6d1-98f7-4781-b4cc-414dc16ea765 None None] MySQL server mode set to STRICT_TRANS_TABLES,STRICT_ALL_TABLES,NO_ZERO_IN_DATE,NO_ZERO_DATE,ERROR_FOR_DIVISION_BY_ZERO,TRADITIONAL,NO_ENGINE_SUBSTITUTION {{(pid=108285) _check_effective_sql_mode /opt/stack/data/venv/lib/python3.12/site-packages/oslo_db/sqlalchemy/engines.py:325}}
Jun 01 20:39:56.803324 np0000177963 devstack@n-api-meta.service[108282]: DEBUG oslo_db.sqlalchemy.engines [None req-6ffe9049-6619-4bbe-a6bd-fe84d16d3e39 None None] MySQL server mode set to STRICT_TRANS_TABLES,STRICT_ALL_TABLES,NO_ZERO_IN_DATE,NO_ZERO_DATE,ERROR_FOR_DIVISION_BY_ZERO,TRADITIONAL,NO_ENGINE_SUBSTITUTION {{(pid=108282) _check_effective_sql_mode /opt/stack/data/venv/lib/python3.12/site-packages/oslo_db/sqlalchemy/engines.py:325}}
Jun 01 20:39:56.803859 np0000177963 devstack@n-api-meta.service[108284]: DEBUG oslo_db.sqlalchemy.engines [None req-16651e00-a915-48d9-a489-877f612bcc39 None None] MySQL server mode set to STRICT_TRANS_TABLES,STRICT_ALL_TABLES,NO_ZERO_IN_DATE,NO_ZERO_DATE,ERROR_FOR_DIVISION_BY_ZERO,TRADITIONAL,NO_ENGINE_SUBSTITUTION {{(pid=108284) _check_effective_sql_mode /opt/stack/data/venv/lib/python3.12/site-packages/oslo_db/sqlalchemy/engines.py:325}}
Jun 01 20:39:56.804227 np0000177963 devstack@n-api-meta.service[108282]: DEBUG dbcounter [-] [108282] Writer thread running {{(pid=108282) stat_writer /opt/stack/data/venv/lib/python3.12/site-packages/dbcounter.py:102}}
Jun 01 20:39:56.810591 np0000177963 devstack@n-api-meta.service[108283]: DEBUG dbcounter [-] [108283] Writer thread running {{(pid=108283) stat_writer /opt/stack/data/venv/lib/python3.12/site-packages/dbcounter.py:102}}
Jun 01 20:39:56.812083 np0000177963 devstack@n-api-meta.service[108282]: DEBUG dbcounter [-] [108282] Writer thread running {{(pid=108282) stat_writer /opt/stack/data/venv/lib/python3.12/site-packages/dbcounter.py:102}}
Jun 01 20:39:56.813256 np0000177963 devstack@n-api-meta.service[108283]: DEBUG nova.context [None req-59a46005-ad23-4438-9ae8-06f8cb954020 None None] Found 2 cells: 00000000-0000-0000-0000-000000000000(cell0),0111ff4c-3fbc-4ace-9718-65efcc6b01fc(cell1) {{(pid=108283) load_cells /opt/stack/nova/nova/context.py:509}}
Jun 01 20:39:56.813504 np0000177963 devstack@n-api-meta.service[108283]: INFO nova.utils [None req-59a46005-ad23-4438-9ae8-06f8cb954020 None None] The cell worker thread pool MainProcess.cell_worker is initialized
Jun 01 20:39:56.815475 np0000177963 devstack@n-api-meta.service[108283]: DEBUG oslo_concurrency.lockutils [None req-59a46005-ad23-4438-9ae8-06f8cb954020 None None] Acquiring lock "00000000-0000-0000-0000-000000000000" by "nova.context.set_target_cell..get_or_set_cached_cell_and_set_connections" {{(pid=108283) inner /opt/stack/data/venv/lib/python3.12/site-packages/oslo_concurrency/lockutils.py:511}}
Jun 01 20:39:56.815742 np0000177963 devstack@n-api-meta.service[108282]: INFO dbcounter [None req-6ffe9049-6619-4bbe-a6bd-fe84d16d3e39 None None] Registered counter for database nova_cell0
Jun 01 20:39:56.815807 np0000177963 devstack@n-api-meta.service[108283]: DEBUG oslo_concurrency.lockutils [None req-59a46005-ad23-4438-9ae8-06f8cb954020 None None] Lock "00000000-0000-0000-0000-000000000000" acquired by "nova.context.set_target_cell..get_or_set_cached_cell_and_set_connections" :: waited 0.000s {{(pid=108283) inner /opt/stack/data/venv/lib/python3.12/site-packages/oslo_concurrency/lockutils.py:524}}
Jun 01 20:39:56.816045 np0000177963 devstack@n-api-meta.service[108283]: DEBUG oslo_concurrency.lockutils [None req-59a46005-ad23-4438-9ae8-06f8cb954020 None None] Lock "00000000-0000-0000-0000-000000000000" "released" by "nova.context.set_target_cell..get_or_set_cached_cell_and_set_connections" :: held 0.000s {{(pid=108283) inner /opt/stack/data/venv/lib/python3.12/site-packages/oslo_concurrency/lockutils.py:543}}
Jun 01 20:39:56.816819 np0000177963 devstack@n-api-meta.service[108283]: DEBUG oslo_concurrency.lockutils [None req-59a46005-ad23-4438-9ae8-06f8cb954020 None None] Acquiring lock "0111ff4c-3fbc-4ace-9718-65efcc6b01fc" by "nova.context.set_target_cell..get_or_set_cached_cell_and_set_connections" {{(pid=108283) inner /opt/stack/data/venv/lib/python3.12/site-packages/oslo_concurrency/lockutils.py:511}}
Jun 01 20:39:56.816920 np0000177963 devstack@n-api-meta.service[108283]: DEBUG oslo_concurrency.lockutils [None req-59a46005-ad23-4438-9ae8-06f8cb954020 None None] Lock "0111ff4c-3fbc-4ace-9718-65efcc6b01fc" acquired by "nova.context.set_target_cell..get_or_set_cached_cell_and_set_connections" :: waited 0.000s {{(pid=108283) inner /opt/stack/data/venv/lib/python3.12/site-packages/oslo_concurrency/lockutils.py:524}}
Jun 01 20:39:56.817845 np0000177963 devstack@n-api-meta.service[108283]: DEBUG oslo_concurrency.lockutils [None req-59a46005-ad23-4438-9ae8-06f8cb954020 None None] Lock "0111ff4c-3fbc-4ace-9718-65efcc6b01fc" "released" by "nova.context.set_target_cell..get_or_set_cached_cell_and_set_connections" :: held 0.001s {{(pid=108283) inner /opt/stack/data/venv/lib/python3.12/site-packages/oslo_concurrency/lockutils.py:543}}
Jun 01 20:39:56.820960 np0000177963 devstack@n-api-meta.service[108283]: INFO dbcounter [None req-59a46005-ad23-4438-9ae8-06f8cb954020 None None] Registered counter for database nova_cell0
Jun 01 20:39:56.825635 np0000177963 devstack@n-api-meta.service[108283]: INFO dbcounter [None req-59a46005-ad23-4438-9ae8-06f8cb954020 None None] Registered counter for database nova_cell1
Jun 01 20:39:56.869224 np0000177963 devstack@n-api-meta.service[108282]: DEBUG oslo_db.sqlalchemy.engines [None req-6ffe9049-6619-4bbe-a6bd-fe84d16d3e39 None None] MySQL server mode set to STRICT_TRANS_TABLES,STRICT_ALL_TABLES,NO_ZERO_IN_DATE,NO_ZERO_DATE,ERROR_FOR_DIVISION_BY_ZERO,TRADITIONAL,NO_ENGINE_SUBSTITUTION {{(pid=108282) _check_effective_sql_mode /opt/stack/data/venv/lib/python3.12/site-packages/oslo_db/sqlalchemy/engines.py:325}}
Jun 01 20:39:56.879682 np0000177963 devstack@n-api-meta.service[108282]: DEBUG dbcounter [-] [108282] Writer thread running {{(pid=108282) stat_writer /opt/stack/data/venv/lib/python3.12/site-packages/dbcounter.py:102}}
Jun 01 20:39:56.889933 np0000177963 devstack@n-api-meta.service[108284]: DEBUG oslo_db.sqlalchemy.engines [None req-16651e00-a915-48d9-a489-877f612bcc39 None None] MySQL server mode set to STRICT_TRANS_TABLES,STRICT_ALL_TABLES,NO_ZERO_IN_DATE,NO_ZERO_DATE,ERROR_FOR_DIVISION_BY_ZERO,TRADITIONAL,NO_ENGINE_SUBSTITUTION {{(pid=108284) _check_effective_sql_mode /opt/stack/data/venv/lib/python3.12/site-packages/oslo_db/sqlalchemy/engines.py:325}}
Jun 01 20:39:56.892717 np0000177963 devstack@n-api-meta.service[108284]: DEBUG dbcounter [-] [108284] Writer thread running {{(pid=108284) stat_writer /opt/stack/data/venv/lib/python3.12/site-packages/dbcounter.py:102}}
Jun 01 20:39:56.897539 np0000177963 devstack@n-api-meta.service[108283]: DEBUG oslo_db.sqlalchemy.engines [None req-59a46005-ad23-4438-9ae8-06f8cb954020 None None] MySQL server mode set to STRICT_TRANS_TABLES,STRICT_ALL_TABLES,NO_ZERO_IN_DATE,NO_ZERO_DATE,ERROR_FOR_DIVISION_BY_ZERO,TRADITIONAL,NO_ENGINE_SUBSTITUTION {{(pid=108283) _check_effective_sql_mode /opt/stack/data/venv/lib/python3.12/site-packages/oslo_db/sqlalchemy/engines.py:325}}
Jun 01 20:39:56.901981 np0000177963 devstack@n-api-meta.service[108284]: DEBUG dbcounter [-] [108284] Writer thread running {{(pid=108284) stat_writer /opt/stack/data/venv/lib/python3.12/site-packages/dbcounter.py:102}}
Jun 01 20:39:56.903114 np0000177963 devstack@n-api-meta.service[108285]: DEBUG dbcounter [-] [108285] Writer thread running {{(pid=108285) stat_writer /opt/stack/data/venv/lib/python3.12/site-packages/dbcounter.py:102}}
Jun 01 20:39:56.903688 np0000177963 devstack@n-api-meta.service[108283]: DEBUG oslo_db.sqlalchemy.engines [None req-59a46005-ad23-4438-9ae8-06f8cb954020 None None] MySQL server mode set to STRICT_TRANS_TABLES,STRICT_ALL_TABLES,NO_ZERO_IN_DATE,NO_ZERO_DATE,ERROR_FOR_DIVISION_BY_ZERO,TRADITIONAL,NO_ENGINE_SUBSTITUTION {{(pid=108283) _check_effective_sql_mode /opt/stack/data/venv/lib/python3.12/site-packages/oslo_db/sqlalchemy/engines.py:325}}
Jun 01 20:39:56.904362 np0000177963 devstack@n-api-meta.service[108285]: DEBUG dbcounter [-] [108285] Writer thread running {{(pid=108285) stat_writer /opt/stack/data/venv/lib/python3.12/site-packages/dbcounter.py:102}}
Jun 01 20:39:56.907401 np0000177963 devstack@n-api-meta.service[108284]: INFO dbcounter [None req-16651e00-a915-48d9-a489-877f612bcc39 None None] Registered counter for database nova_cell0
Jun 01 20:39:56.911166 np0000177963 devstack@n-api-meta.service[108285]: INFO dbcounter [None req-b852b6d1-98f7-4781-b4cc-414dc16ea765 None None] Registered counter for database nova_cell0
Jun 01 20:39:56.930637 np0000177963 devstack@n-api-meta.service[108282]: WARNING nova.api.metadata.handler [None req-6ffe9049-6619-4bbe-a6bd-fe84d16d3e39 None None] metadata_proxy_shared_secret is not configured, the metadata information returned by the proxy cannot be trusted
Jun 01 20:39:56.932966 np0000177963 devstack@n-api-meta.service[108282]: DEBUG nova.api.openstack.wsgi_app [None req-6ffe9049-6619-4bbe-a6bd-fe84d16d3e39 None None] ******************************************************************************** {{(pid=108282) log_opt_values /opt/stack/data/venv/lib/python3.12/site-packages/oslo_config/cfg.py:3229}}
Jun 01 20:39:56.933057 np0000177963 devstack@n-api-meta.service[108282]: DEBUG nova.api.openstack.wsgi_app [None req-6ffe9049-6619-4bbe-a6bd-fe84d16d3e39 None None] Configuration options gathered from: {{(pid=108282) log_opt_values /opt/stack/data/venv/lib/python3.12/site-packages/oslo_config/cfg.py:3230}}
Jun 01 20:39:56.933177 np0000177963 devstack@n-api-meta.service[108282]: DEBUG nova.api.openstack.wsgi_app [None req-6ffe9049-6619-4bbe-a6bd-fe84d16d3e39 None None] command line args: [] {{(pid=108282) log_opt_values /opt/stack/data/venv/lib/python3.12/site-packages/oslo_config/cfg.py:3231}}
Jun 01 20:39:56.933371 np0000177963 devstack@n-api-meta.service[108282]: DEBUG nova.api.openstack.wsgi_app [None req-6ffe9049-6619-4bbe-a6bd-fe84d16d3e39 None None] config files: ['/etc/nova/api-paste.ini', '/etc/nova/nova.conf'] {{(pid=108282) log_opt_values /opt/stack/data/venv/lib/python3.12/site-packages/oslo_config/cfg.py:3232}}
Jun 01 20:39:56.933458 np0000177963 devstack@n-api-meta.service[108282]: DEBUG nova.api.openstack.wsgi_app [None req-6ffe9049-6619-4bbe-a6bd-fe84d16d3e39 None None] ================================================================================ {{(pid=108282) log_opt_values /opt/stack/data/venv/lib/python3.12/site-packages/oslo_config/cfg.py:3237}}
Jun 01 20:39:56.933635 np0000177963 devstack@n-api-meta.service[108282]: DEBUG nova.api.openstack.wsgi_app [None req-6ffe9049-6619-4bbe-a6bd-fe84d16d3e39 None None] allow_resize_to_same_host = True {{(pid=108282) log_opt_values /opt/stack/data/venv/lib/python3.12/site-packages/oslo_config/cfg.py:3245}}
Jun 01 20:39:56.933751 np0000177963 devstack@n-api-meta.service[108282]: DEBUG nova.api.openstack.wsgi_app [None req-6ffe9049-6619-4bbe-a6bd-fe84d16d3e39 None None] arq_binding_timeout = 300 {{(pid=108282) log_opt_values /opt/stack/data/venv/lib/python3.12/site-packages/oslo_config/cfg.py:3245}}
Jun 01 20:39:56.933943 np0000177963 devstack@n-api-meta.service[108282]: DEBUG nova.api.openstack.wsgi_app [None req-6ffe9049-6619-4bbe-a6bd-fe84d16d3e39 None None] block_device_allocate_retries = 60 {{(pid=108282) log_opt_values /opt/stack/data/venv/lib/python3.12/site-packages/oslo_config/cfg.py:3245}}
Jun 01 20:39:56.934144 np0000177963 devstack@n-api-meta.service[108282]: DEBUG nova.api.openstack.wsgi_app [None req-6ffe9049-6619-4bbe-a6bd-fe84d16d3e39 None None] block_device_allocate_retries_interval = 3 {{(pid=108282) log_opt_values /opt/stack/data/venv/lib/python3.12/site-packages/oslo_config/cfg.py:3245}}
Jun 01 20:39:56.934296 np0000177963 devstack@n-api-meta.service[108282]: DEBUG nova.api.openstack.wsgi_app [None req-6ffe9049-6619-4bbe-a6bd-fe84d16d3e39 None None] cell_worker_thread_pool_size = 5 {{(pid=108282) log_opt_values /opt/stack/data/venv/lib/python3.12/site-packages/oslo_config/cfg.py:3245}}
Jun 01 20:39:56.934453 np0000177963 devstack@n-api-meta.service[108282]: DEBUG nova.api.openstack.wsgi_app [None req-6ffe9049-6619-4bbe-a6bd-fe84d16d3e39 None None] cert = self.pem {{(pid=108282) log_opt_values /opt/stack/data/venv/lib/python3.12/site-packages/oslo_config/cfg.py:3245}}
Jun 01 20:39:56.934600 np0000177963 devstack@n-api-meta.service[108282]: DEBUG nova.api.openstack.wsgi_app [None req-6ffe9049-6619-4bbe-a6bd-fe84d16d3e39 None None] compute_driver = libvirt.LibvirtDriver {{(pid=108282) log_opt_values /opt/stack/data/venv/lib/python3.12/site-packages/oslo_config/cfg.py:3245}}
Jun 01 20:39:56.934751 np0000177963 devstack@n-api-meta.service[108282]: DEBUG nova.api.openstack.wsgi_app [None req-6ffe9049-6619-4bbe-a6bd-fe84d16d3e39 None None] compute_monitors = [] {{(pid=108282) log_opt_values /opt/stack/data/venv/lib/python3.12/site-packages/oslo_config/cfg.py:3245}}
Jun 01 20:39:56.934880 np0000177963 devstack@n-api-meta.service[108282]: DEBUG nova.api.openstack.wsgi_app [None req-6ffe9049-6619-4bbe-a6bd-fe84d16d3e39 None None] config_dir = [] {{(pid=108282) log_opt_values /opt/stack/data/venv/lib/python3.12/site-packages/oslo_config/cfg.py:3245}}
Jun 01 20:39:56.935019 np0000177963 devstack@n-api-meta.service[108282]: DEBUG nova.api.openstack.wsgi_app [None req-6ffe9049-6619-4bbe-a6bd-fe84d16d3e39 None None] config_drive_format = iso9660 {{(pid=108282) log_opt_values /opt/stack/data/venv/lib/python3.12/site-packages/oslo_config/cfg.py:3245}}
Jun 01 20:39:56.935127 np0000177963 devstack@n-api-meta.service[108282]: DEBUG nova.api.openstack.wsgi_app [None req-6ffe9049-6619-4bbe-a6bd-fe84d16d3e39 None None] config_file = ['/etc/nova/api-paste.ini', '/etc/nova/nova.conf'] {{(pid=108282) log_opt_values /opt/stack/data/venv/lib/python3.12/site-packages/oslo_config/cfg.py:3245}}
Jun 01 20:39:56.935251 np0000177963 devstack@n-api-meta.service[108282]: DEBUG nova.api.openstack.wsgi_app [None req-6ffe9049-6619-4bbe-a6bd-fe84d16d3e39 None None] config_source = [] {{(pid=108282) log_opt_values /opt/stack/data/venv/lib/python3.12/site-packages/oslo_config/cfg.py:3245}}
Jun 01 20:39:56.935391 np0000177963 devstack@n-api-meta.service[108282]: DEBUG nova.api.openstack.wsgi_app [None req-6ffe9049-6619-4bbe-a6bd-fe84d16d3e39 None None] console_host = np0000177963 {{(pid=108282) log_opt_values /opt/stack/data/venv/lib/python3.12/site-packages/oslo_config/cfg.py:3245}}
Jun 01 20:39:56.935542 np0000177963 devstack@n-api-meta.service[108282]: DEBUG nova.api.openstack.wsgi_app [None req-6ffe9049-6619-4bbe-a6bd-fe84d16d3e39 None None] control_exchange = nova {{(pid=108282) log_opt_values /opt/stack/data/venv/lib/python3.12/site-packages/oslo_config/cfg.py:3245}}
Jun 01 20:39:56.935703 np0000177963 devstack@n-api-meta.service[108282]: DEBUG nova.api.openstack.wsgi_app [None req-6ffe9049-6619-4bbe-a6bd-fe84d16d3e39 None None] cpu_allocation_ratio = None {{(pid=108282) log_opt_values /opt/stack/data/venv/lib/python3.12/site-packages/oslo_config/cfg.py:3245}}
Jun 01 20:39:56.935830 np0000177963 devstack@n-api-meta.service[108282]: DEBUG nova.api.openstack.wsgi_app [None req-6ffe9049-6619-4bbe-a6bd-fe84d16d3e39 None None] daemon = False {{(pid=108282) log_opt_values /opt/stack/data/venv/lib/python3.12/site-packages/oslo_config/cfg.py:3245}}
Jun 01 20:39:56.935958 np0000177963 devstack@n-api-meta.service[108282]: DEBUG nova.api.openstack.wsgi_app [None req-6ffe9049-6619-4bbe-a6bd-fe84d16d3e39 None None] debug = True {{(pid=108282) log_opt_values /opt/stack/data/venv/lib/python3.12/site-packages/oslo_config/cfg.py:3245}}
Jun 01 20:39:56.936087 np0000177963 devstack@n-api-meta.service[108282]: DEBUG nova.api.openstack.wsgi_app [None req-6ffe9049-6619-4bbe-a6bd-fe84d16d3e39 None None] default_access_ip_network_name = None {{(pid=108282) log_opt_values /opt/stack/data/venv/lib/python3.12/site-packages/oslo_config/cfg.py:3245}}
Jun 01 20:39:56.936488 np0000177963 devstack@n-api-meta.service[108282]: DEBUG nova.api.openstack.wsgi_app [None req-6ffe9049-6619-4bbe-a6bd-fe84d16d3e39 None None] default_availability_zone = nova {{(pid=108282) log_opt_values /opt/stack/data/venv/lib/python3.12/site-packages/oslo_config/cfg.py:3245}}
Jun 01 20:39:56.936488 np0000177963 devstack@n-api-meta.service[108282]: DEBUG nova.api.openstack.wsgi_app [None req-6ffe9049-6619-4bbe-a6bd-fe84d16d3e39 None None] default_ephemeral_format = ext4 {{(pid=108282) log_opt_values /opt/stack/data/venv/lib/python3.12/site-packages/oslo_config/cfg.py:3245}}
Jun 01 20:39:56.936488 np0000177963 devstack@n-api-meta.service[108282]: DEBUG nova.api.openstack.wsgi_app [None req-6ffe9049-6619-4bbe-a6bd-fe84d16d3e39 None None] default_green_pool_size = 1000 {{(pid=108282) log_opt_values /opt/stack/data/venv/lib/python3.12/site-packages/oslo_config/cfg.py:3245}}
Jun 01 20:39:56.936788 np0000177963 devstack@n-api-meta.service[108282]: DEBUG nova.api.openstack.wsgi_app [None req-6ffe9049-6619-4bbe-a6bd-fe84d16d3e39 None None] default_log_levels = ['amqp=WARN', 'boto=WARN', 'sqlalchemy=WARN', 'suds=INFO', 'oslo.messaging=INFO', 'oslo_messaging=INFO', 'iso8601=WARN', 'requests.packages.urllib3.connectionpool=WARN', 'urllib3.connectionpool=WARN', 'websocket=WARN', 'requests.packages.urllib3.util.retry=WARN', 'urllib3.util.retry=WARN', 'keystonemiddleware=WARN', 'routes.middleware=WARN', 'stevedore=WARN', 'taskflow=WARN', 'keystoneauth=WARN', 'oslo.cache=INFO', 'oslo_policy=INFO', 'dogpile.core.dogpile=INFO', 'glanceclient=WARN', 'oslo.privsep.daemon=INFO'] {{(pid=108282) log_opt_values /opt/stack/data/venv/lib/python3.12/site-packages/oslo_config/cfg.py:3245}}
Jun 01 20:39:56.936957 np0000177963 devstack@n-api-meta.service[108282]: DEBUG nova.api.openstack.wsgi_app [None req-6ffe9049-6619-4bbe-a6bd-fe84d16d3e39 None None] default_schedule_zone = None {{(pid=108282) log_opt_values /opt/stack/data/venv/lib/python3.12/site-packages/oslo_config/cfg.py:3245}}
Jun 01 20:39:56.937007 np0000177963 devstack@n-api-meta.service[108282]: DEBUG nova.api.openstack.wsgi_app [None req-6ffe9049-6619-4bbe-a6bd-fe84d16d3e39 None None] default_thread_pool_size = 10 {{(pid=108282) log_opt_values /opt/stack/data/venv/lib/python3.12/site-packages/oslo_config/cfg.py:3245}}
Jun 01 20:39:56.937188 np0000177963 devstack@n-api-meta.service[108282]: DEBUG nova.api.openstack.wsgi_app [None req-6ffe9049-6619-4bbe-a6bd-fe84d16d3e39 None None] disk_allocation_ratio = None {{(pid=108282) log_opt_values /opt/stack/data/venv/lib/python3.12/site-packages/oslo_config/cfg.py:3245}}
Jun 01 20:39:56.937295 np0000177963 devstack@n-api-meta.service[108282]: DEBUG nova.api.openstack.wsgi_app [None req-6ffe9049-6619-4bbe-a6bd-fe84d16d3e39 None None] enable_new_services = True {{(pid=108282) log_opt_values /opt/stack/data/venv/lib/python3.12/site-packages/oslo_config/cfg.py:3245}}
Jun 01 20:39:56.937430 np0000177963 devstack@n-api-meta.service[108282]: DEBUG nova.api.openstack.wsgi_app [None req-6ffe9049-6619-4bbe-a6bd-fe84d16d3e39 None None] flat_injected = False {{(pid=108282) log_opt_values /opt/stack/data/venv/lib/python3.12/site-packages/oslo_config/cfg.py:3245}}
Jun 01 20:39:56.937579 np0000177963 devstack@n-api-meta.service[108282]: DEBUG nova.api.openstack.wsgi_app [None req-6ffe9049-6619-4bbe-a6bd-fe84d16d3e39 None None] force_config_drive = False {{(pid=108282) log_opt_values /opt/stack/data/venv/lib/python3.12/site-packages/oslo_config/cfg.py:3245}}
Jun 01 20:39:56.937703 np0000177963 devstack@n-api-meta.service[108282]: DEBUG nova.api.openstack.wsgi_app [None req-6ffe9049-6619-4bbe-a6bd-fe84d16d3e39 None None] force_raw_images = True {{(pid=108282) log_opt_values /opt/stack/data/venv/lib/python3.12/site-packages/oslo_config/cfg.py:3245}}
Jun 01 20:39:56.937840 np0000177963 devstack@n-api-meta.service[108282]: DEBUG nova.api.openstack.wsgi_app [None req-6ffe9049-6619-4bbe-a6bd-fe84d16d3e39 None None] graceful_shutdown_timeout = 5 {{(pid=108282) log_opt_values /opt/stack/data/venv/lib/python3.12/site-packages/oslo_config/cfg.py:3245}}
Jun 01 20:39:56.938017 np0000177963 devstack@n-api-meta.service[108282]: DEBUG nova.api.openstack.wsgi_app [None req-6ffe9049-6619-4bbe-a6bd-fe84d16d3e39 None None] heal_instance_info_cache_interval = -1 {{(pid=108282) log_opt_values /opt/stack/data/venv/lib/python3.12/site-packages/oslo_config/cfg.py:3245}}
Jun 01 20:39:56.938210 np0000177963 devstack@n-api-meta.service[108282]: DEBUG nova.api.openstack.wsgi_app [None req-6ffe9049-6619-4bbe-a6bd-fe84d16d3e39 None None] host = np0000177963 {{(pid=108282) log_opt_values /opt/stack/data/venv/lib/python3.12/site-packages/oslo_config/cfg.py:3245}}
Jun 01 20:39:56.938344 np0000177963 devstack@n-api-meta.service[108282]: DEBUG nova.api.openstack.wsgi_app [None req-6ffe9049-6619-4bbe-a6bd-fe84d16d3e39 None None] initial_cpu_allocation_ratio = 4.0 {{(pid=108282) log_opt_values /opt/stack/data/venv/lib/python3.12/site-packages/oslo_config/cfg.py:3245}}
Jun 01 20:39:56.938470 np0000177963 devstack@n-api-meta.service[108282]: DEBUG nova.api.openstack.wsgi_app [None req-6ffe9049-6619-4bbe-a6bd-fe84d16d3e39 None None] initial_disk_allocation_ratio = 1.0 {{(pid=108282) log_opt_values /opt/stack/data/venv/lib/python3.12/site-packages/oslo_config/cfg.py:3245}}
Jun 01 20:39:56.938616 np0000177963 devstack@n-api-meta.service[108282]: DEBUG nova.api.openstack.wsgi_app [None req-6ffe9049-6619-4bbe-a6bd-fe84d16d3e39 None None] initial_ram_allocation_ratio = 1.0 {{(pid=108282) log_opt_values /opt/stack/data/venv/lib/python3.12/site-packages/oslo_config/cfg.py:3245}}
Jun 01 20:39:56.938866 np0000177963 devstack@n-api-meta.service[108282]: DEBUG nova.api.openstack.wsgi_app [None req-6ffe9049-6619-4bbe-a6bd-fe84d16d3e39 None None] injected_network_template = /opt/stack/nova/nova/virt/interfaces.template {{(pid=108282) log_opt_values /opt/stack/data/venv/lib/python3.12/site-packages/oslo_config/cfg.py:3245}}
Jun 01 20:39:56.939029 np0000177963 devstack@n-api-meta.service[108282]: DEBUG nova.api.openstack.wsgi_app [None req-6ffe9049-6619-4bbe-a6bd-fe84d16d3e39 None None] instance_build_timeout = 0 {{(pid=108282) log_opt_values /opt/stack/data/venv/lib/python3.12/site-packages/oslo_config/cfg.py:3245}}
Jun 01 20:39:56.939205 np0000177963 devstack@n-api-meta.service[108282]: DEBUG nova.api.openstack.wsgi_app [None req-6ffe9049-6619-4bbe-a6bd-fe84d16d3e39 None None] instance_delete_interval = 300 {{(pid=108282) log_opt_values /opt/stack/data/venv/lib/python3.12/site-packages/oslo_config/cfg.py:3245}}
Jun 01 20:39:56.939347 np0000177963 devstack@n-api-meta.service[108282]: DEBUG nova.api.openstack.wsgi_app [None req-6ffe9049-6619-4bbe-a6bd-fe84d16d3e39 None None] instance_format = [instance: %(uuid)s] {{(pid=108282) log_opt_values /opt/stack/data/venv/lib/python3.12/site-packages/oslo_config/cfg.py:3245}}
Jun 01 20:39:56.939482 np0000177963 devstack@n-api-meta.service[108282]: DEBUG nova.api.openstack.wsgi_app [None req-6ffe9049-6619-4bbe-a6bd-fe84d16d3e39 None None] instance_name_template = instance-%08x {{(pid=108282) log_opt_values /opt/stack/data/venv/lib/python3.12/site-packages/oslo_config/cfg.py:3245}}
Jun 01 20:39:56.939632 np0000177963 devstack@n-api-meta.service[108282]: DEBUG nova.api.openstack.wsgi_app [None req-6ffe9049-6619-4bbe-a6bd-fe84d16d3e39 None None] instance_usage_audit = False {{(pid=108282) log_opt_values /opt/stack/data/venv/lib/python3.12/site-packages/oslo_config/cfg.py:3245}}
Jun 01 20:39:56.939769 np0000177963 devstack@n-api-meta.service[108282]: DEBUG nova.api.openstack.wsgi_app [None req-6ffe9049-6619-4bbe-a6bd-fe84d16d3e39 None None] instance_usage_audit_period = month {{(pid=108282) log_opt_values /opt/stack/data/venv/lib/python3.12/site-packages/oslo_config/cfg.py:3245}}
Jun 01 20:39:56.939951 np0000177963 devstack@n-api-meta.service[108282]: DEBUG nova.api.openstack.wsgi_app [None req-6ffe9049-6619-4bbe-a6bd-fe84d16d3e39 None None] instance_uuid_format = [instance: %(uuid)s] {{(pid=108282) log_opt_values /opt/stack/data/venv/lib/python3.12/site-packages/oslo_config/cfg.py:3245}}
Jun 01 20:39:56.940144 np0000177963 devstack@n-api-meta.service[108282]: DEBUG nova.api.openstack.wsgi_app [None req-6ffe9049-6619-4bbe-a6bd-fe84d16d3e39 None None] instances_path = /opt/stack/data/nova/instances {{(pid=108282) log_opt_values /opt/stack/data/venv/lib/python3.12/site-packages/oslo_config/cfg.py:3245}}
Jun 01 20:39:56.940284 np0000177963 devstack@n-api-meta.service[108282]: DEBUG nova.api.openstack.wsgi_app [None req-6ffe9049-6619-4bbe-a6bd-fe84d16d3e39 None None] internal_service_availability_zone = internal {{(pid=108282) log_opt_values /opt/stack/data/venv/lib/python3.12/site-packages/oslo_config/cfg.py:3245}}
Jun 01 20:39:56.940408 np0000177963 devstack@n-api-meta.service[108282]: DEBUG nova.api.openstack.wsgi_app [None req-6ffe9049-6619-4bbe-a6bd-fe84d16d3e39 None None] key = None {{(pid=108282) log_opt_values /opt/stack/data/venv/lib/python3.12/site-packages/oslo_config/cfg.py:3245}}
Jun 01 20:39:56.940571 np0000177963 devstack@n-api-meta.service[108282]: DEBUG nova.api.openstack.wsgi_app [None req-6ffe9049-6619-4bbe-a6bd-fe84d16d3e39 None None] live_migration_retry_count = 30 {{(pid=108282) log_opt_values /opt/stack/data/venv/lib/python3.12/site-packages/oslo_config/cfg.py:3245}}
Jun 01 20:39:56.940748 np0000177963 devstack@n-api-meta.service[108282]: DEBUG nova.api.openstack.wsgi_app [None req-6ffe9049-6619-4bbe-a6bd-fe84d16d3e39 None None] log_color = False {{(pid=108282) log_opt_values /opt/stack/data/venv/lib/python3.12/site-packages/oslo_config/cfg.py:3245}}
Jun 01 20:39:56.940913 np0000177963 devstack@n-api-meta.service[108282]: DEBUG nova.api.openstack.wsgi_app [None req-6ffe9049-6619-4bbe-a6bd-fe84d16d3e39 None None] log_config_append = None {{(pid=108282) log_opt_values /opt/stack/data/venv/lib/python3.12/site-packages/oslo_config/cfg.py:3245}}
Jun 01 20:39:56.941075 np0000177963 devstack@n-api-meta.service[108282]: DEBUG nova.api.openstack.wsgi_app [None req-6ffe9049-6619-4bbe-a6bd-fe84d16d3e39 None None] log_date_format = %Y-%m-%d %H:%M:%S {{(pid=108282) log_opt_values /opt/stack/data/venv/lib/python3.12/site-packages/oslo_config/cfg.py:3245}}
Jun 01 20:39:56.941253 np0000177963 devstack@n-api-meta.service[108282]: DEBUG nova.api.openstack.wsgi_app [None req-6ffe9049-6619-4bbe-a6bd-fe84d16d3e39 None None] log_dir = None {{(pid=108282) log_opt_values /opt/stack/data/venv/lib/python3.12/site-packages/oslo_config/cfg.py:3245}}
Jun 01 20:39:56.941390 np0000177963 devstack@n-api-meta.service[108282]: DEBUG nova.api.openstack.wsgi_app [None req-6ffe9049-6619-4bbe-a6bd-fe84d16d3e39 None None] log_file = None {{(pid=108282) log_opt_values /opt/stack/data/venv/lib/python3.12/site-packages/oslo_config/cfg.py:3245}}
Jun 01 20:39:56.941522 np0000177963 devstack@n-api-meta.service[108282]: DEBUG nova.api.openstack.wsgi_app [None req-6ffe9049-6619-4bbe-a6bd-fe84d16d3e39 None None] log_options = True {{(pid=108282) log_opt_values /opt/stack/data/venv/lib/python3.12/site-packages/oslo_config/cfg.py:3245}}
Jun 01 20:39:56.941804 np0000177963 devstack@n-api-meta.service[108282]: DEBUG nova.api.openstack.wsgi_app [None req-6ffe9049-6619-4bbe-a6bd-fe84d16d3e39 None None] log_rotate_interval = 1 {{(pid=108282) log_opt_values /opt/stack/data/venv/lib/python3.12/site-packages/oslo_config/cfg.py:3245}}
Jun 01 20:39:56.941941 np0000177963 devstack@n-api-meta.service[108282]: DEBUG nova.api.openstack.wsgi_app [None req-6ffe9049-6619-4bbe-a6bd-fe84d16d3e39 None None] log_rotate_interval_type = days {{(pid=108282) log_opt_values /opt/stack/data/venv/lib/python3.12/site-packages/oslo_config/cfg.py:3245}}
Jun 01 20:39:56.942000 np0000177963 devstack@n-api-meta.service[108282]: DEBUG nova.api.openstack.wsgi_app [None req-6ffe9049-6619-4bbe-a6bd-fe84d16d3e39 None None] log_rotation_type = none {{(pid=108282) log_opt_values /opt/stack/data/venv/lib/python3.12/site-packages/oslo_config/cfg.py:3245}}
Jun 01 20:39:56.942123 np0000177963 devstack@n-api-meta.service[108282]: DEBUG nova.api.openstack.wsgi_app [None req-6ffe9049-6619-4bbe-a6bd-fe84d16d3e39 None None] logging_context_format_string = %(color)s%(levelname)s %(name)s [%(global_request_id)s %(request_id)s %(project_name)s %(user_name)s%(color)s] %(instance)s%(color)s%(message)s {{(pid=108282) log_opt_values /opt/stack/data/venv/lib/python3.12/site-packages/oslo_config/cfg.py:3245}}
Jun 01 20:39:56.942222 np0000177963 devstack@n-api-meta.service[108282]: DEBUG nova.api.openstack.wsgi_app [None req-6ffe9049-6619-4bbe-a6bd-fe84d16d3e39 None None] logging_debug_format_suffix = {{(pid=%(process)d) %(funcName)s %(pathname)s:%(lineno)d}} {{(pid=108282) log_opt_values /opt/stack/data/venv/lib/python3.12/site-packages/oslo_config/cfg.py:3245}}
Jun 01 20:39:56.942390 np0000177963 devstack@n-api-meta.service[108282]: DEBUG nova.api.openstack.wsgi_app [None req-6ffe9049-6619-4bbe-a6bd-fe84d16d3e39 None None] logging_default_format_string = %(color)s%(levelname)s %(name)s [-%(color)s] %(instance)s%(color)s%(message)s {{(pid=108282) log_opt_values /opt/stack/data/venv/lib/python3.12/site-packages/oslo_config/cfg.py:3245}}
Jun 01 20:39:56.942587 np0000177963 devstack@n-api-meta.service[108282]: DEBUG nova.api.openstack.wsgi_app [None req-6ffe9049-6619-4bbe-a6bd-fe84d16d3e39 None None] logging_exception_prefix = ERROR %(name)s %(instance)s {{(pid=108282) log_opt_values /opt/stack/data/venv/lib/python3.12/site-packages/oslo_config/cfg.py:3245}}
Jun 01 20:39:56.942712 np0000177963 devstack@n-api-meta.service[108282]: DEBUG nova.api.openstack.wsgi_app [None req-6ffe9049-6619-4bbe-a6bd-fe84d16d3e39 None None] logging_user_identity_format = %(user)s %(project)s %(domain)s %(system_scope)s %(user_domain)s %(project_domain)s {{(pid=108282) log_opt_values /opt/stack/data/venv/lib/python3.12/site-packages/oslo_config/cfg.py:3245}}
Jun 01 20:39:56.942843 np0000177963 devstack@n-api-meta.service[108282]: DEBUG nova.api.openstack.wsgi_app [None req-6ffe9049-6619-4bbe-a6bd-fe84d16d3e39 None None] long_rpc_timeout = 1800 {{(pid=108282) log_opt_values /opt/stack/data/venv/lib/python3.12/site-packages/oslo_config/cfg.py:3245}}
Jun 01 20:39:56.942970 np0000177963 devstack@n-api-meta.service[108282]: DEBUG nova.api.openstack.wsgi_app [None req-6ffe9049-6619-4bbe-a6bd-fe84d16d3e39 None None] manager_shutdown_timeout = 160 {{(pid=108282) log_opt_values /opt/stack/data/venv/lib/python3.12/site-packages/oslo_config/cfg.py:3245}}
Jun 01 20:39:56.943098 np0000177963 devstack@n-api-meta.service[108282]: DEBUG nova.api.openstack.wsgi_app [None req-6ffe9049-6619-4bbe-a6bd-fe84d16d3e39 None None] max_concurrent_builds = 10 {{(pid=108282) log_opt_values /opt/stack/data/venv/lib/python3.12/site-packages/oslo_config/cfg.py:3245}}
Jun 01 20:39:56.943223 np0000177963 devstack@n-api-meta.service[108282]: DEBUG nova.api.openstack.wsgi_app [None req-6ffe9049-6619-4bbe-a6bd-fe84d16d3e39 None None] max_concurrent_live_migrations = 1 {{(pid=108282) log_opt_values /opt/stack/data/venv/lib/python3.12/site-packages/oslo_config/cfg.py:3245}}
