Sep 09 16:37:08.767672 np0000192404 nova-conductor[109530]: DEBUG cotyledon.oslo_config_glue [-] vnc.server_proxyclient_address = 127.0.0.1 {{(pid=109530) log_opt_values /opt/stack/data/venv/lib/python3.12/site-packages/oslo_config/cfg.py:3560}}
Sep 09 16:37:08.767743 np0000192404 nova-conductor[109530]: DEBUG cotyledon.oslo_config_glue [-] vnc.vencrypt_ca_certs = None {{(pid=109530) log_opt_values /opt/stack/data/venv/lib/python3.12/site-packages/oslo_config/cfg.py:3560}}
Sep 09 16:37:08.767809 np0000192404 nova-conductor[109530]: DEBUG cotyledon.oslo_config_glue [-] vnc.vencrypt_client_cert = None {{(pid=109530) log_opt_values /opt/stack/data/venv/lib/python3.12/site-packages/oslo_config/cfg.py:3560}}
Sep 09 16:37:08.767877 np0000192404 nova-conductor[109530]: DEBUG cotyledon.oslo_config_glue [-] vnc.vencrypt_client_key = None {{(pid=109530) log_opt_values /opt/stack/data/venv/lib/python3.12/site-packages/oslo_config/cfg.py:3560}}
Sep 09 16:37:08.767958 np0000192404 nova-conductor[109530]: DEBUG cotyledon.oslo_config_glue [-] workarounds.disable_compute_service_check_for_ffu = False {{(pid=109530) log_opt_values /opt/stack/data/venv/lib/python3.12/site-packages/oslo_config/cfg.py:3560}}
Sep 09 16:37:08.768118 np0000192404 nova-conductor[109530]: DEBUG cotyledon.oslo_config_glue [-] workarounds.disable_deep_image_inspection = False {{(pid=109530) log_opt_values /opt/stack/data/venv/lib/python3.12/site-packages/oslo_config/cfg.py:3560}}
Sep 09 16:37:08.768118 np0000192404 nova-conductor[109530]: DEBUG cotyledon.oslo_config_glue [-] workarounds.disable_fallback_pcpu_query = False {{(pid=109530) log_opt_values /opt/stack/data/venv/lib/python3.12/site-packages/oslo_config/cfg.py:3560}}
Sep 09 16:37:08.768220 np0000192404 nova-conductor[109530]: DEBUG cotyledon.oslo_config_glue [-] workarounds.disable_group_policy_check_upcall = False {{(pid=109530) log_opt_values /opt/stack/data/venv/lib/python3.12/site-packages/oslo_config/cfg.py:3560}}
Sep 09 16:37:08.768261 np0000192404 nova-conductor[109530]: DEBUG cotyledon.oslo_config_glue [-] workarounds.disable_libvirt_livesnapshot = False {{(pid=109530) log_opt_values /opt/stack/data/venv/lib/python3.12/site-packages/oslo_config/cfg.py:3560}}
Sep 09 16:37:08.768297 np0000192404 nova-conductor[109530]: DEBUG cotyledon.oslo_config_glue [-] workarounds.disable_rootwrap = False {{(pid=109530) log_opt_values /opt/stack/data/venv/lib/python3.12/site-packages/oslo_config/cfg.py:3560}}
Sep 09 16:37:08.768357 np0000192404 nova-conductor[109530]: DEBUG cotyledon.oslo_config_glue [-] workarounds.enable_numa_live_migration = False {{(pid=109530) log_opt_values /opt/stack/data/venv/lib/python3.12/site-packages/oslo_config/cfg.py:3560}}
Sep 09 16:37:08.768406 np0000192404 nova-conductor[109530]: DEBUG cotyledon.oslo_config_glue [-] workarounds.enable_qemu_monitor_announce_self = False {{(pid=109530) log_opt_values /opt/stack/data/venv/lib/python3.12/site-packages/oslo_config/cfg.py:3560}}
Sep 09 16:37:08.768455 np0000192404 nova-conductor[109530]: DEBUG cotyledon.oslo_config_glue [-] workarounds.ensure_libvirt_rbd_instance_dir_cleanup = False {{(pid=109530) log_opt_values /opt/stack/data/venv/lib/python3.12/site-packages/oslo_config/cfg.py:3560}}
Sep 09 16:37:08.768492 np0000192404 nova-conductor[109530]: DEBUG cotyledon.oslo_config_glue [-] workarounds.handle_virt_lifecycle_events = True {{(pid=109530) log_opt_values /opt/stack/data/venv/lib/python3.12/site-packages/oslo_config/cfg.py:3560}}
Sep 09 16:37:08.768533 np0000192404 nova-conductor[109530]: DEBUG cotyledon.oslo_config_glue [-] workarounds.libvirt_disable_apic = False {{(pid=109530) log_opt_values /opt/stack/data/venv/lib/python3.12/site-packages/oslo_config/cfg.py:3560}}
Sep 09 16:37:08.768580 np0000192404 nova-conductor[109530]: DEBUG cotyledon.oslo_config_glue [-] workarounds.never_download_image_if_on_rbd = False {{(pid=109530) log_opt_values /opt/stack/data/venv/lib/python3.12/site-packages/oslo_config/cfg.py:3560}}
Sep 09 16:37:08.768627 np0000192404 nova-conductor[109530]: DEBUG cotyledon.oslo_config_glue [-] workarounds.qemu_monitor_announce_self_count = 3 {{(pid=109530) log_opt_values /opt/stack/data/venv/lib/python3.12/site-packages/oslo_config/cfg.py:3560}}
Sep 09 16:37:08.768680 np0000192404 nova-conductor[109530]: DEBUG cotyledon.oslo_config_glue [-] workarounds.qemu_monitor_announce_self_interval = 1 {{(pid=109530) log_opt_values /opt/stack/data/venv/lib/python3.12/site-packages/oslo_config/cfg.py:3560}}
Sep 09 16:37:08.768720 np0000192404 nova-conductor[109530]: DEBUG cotyledon.oslo_config_glue [-] workarounds.reserve_disk_resource_for_image_cache = False {{(pid=109530) log_opt_values /opt/stack/data/venv/lib/python3.12/site-packages/oslo_config/cfg.py:3560}}
Sep 09 16:37:08.768769 np0000192404 nova-conductor[109530]: DEBUG cotyledon.oslo_config_glue [-] workarounds.skip_cpu_compare_at_startup = False {{(pid=109530) log_opt_values /opt/stack/data/venv/lib/python3.12/site-packages/oslo_config/cfg.py:3560}}
Sep 09 16:37:08.768814 np0000192404 nova-conductor[109530]: DEBUG cotyledon.oslo_config_glue [-] workarounds.skip_cpu_compare_on_dest = False {{(pid=109530) log_opt_values /opt/stack/data/venv/lib/python3.12/site-packages/oslo_config/cfg.py:3560}}
Sep 09 16:37:08.768865 np0000192404 nova-conductor[109530]: DEBUG cotyledon.oslo_config_glue [-] workarounds.skip_hypervisor_version_check_on_lm = False {{(pid=109530) log_opt_values /opt/stack/data/venv/lib/python3.12/site-packages/oslo_config/cfg.py:3560}}
Sep 09 16:37:08.768906 np0000192404 nova-conductor[109530]: DEBUG cotyledon.oslo_config_glue [-] workarounds.skip_reserve_in_use_ironic_nodes = False {{(pid=109530) log_opt_values /opt/stack/data/venv/lib/python3.12/site-packages/oslo_config/cfg.py:3560}}
Sep 09 16:37:08.768951 np0000192404 nova-conductor[109530]: DEBUG cotyledon.oslo_config_glue [-] workarounds.unified_limits_count_pcpu_as_vcpu = False {{(pid=109530) log_opt_values /opt/stack/data/venv/lib/python3.12/site-packages/oslo_config/cfg.py:3560}}
Sep 09 16:37:08.769016 np0000192404 nova-conductor[109530]: DEBUG cotyledon.oslo_config_glue [-] workarounds.wait_for_vif_plugged_event_during_hard_reboot = [] {{(pid=109530) log_opt_values /opt/stack/data/venv/lib/python3.12/site-packages/oslo_config/cfg.py:3560}}
Sep 09 16:37:08.769088 np0000192404 nova-conductor[109530]: DEBUG cotyledon.oslo_config_glue [-] wsgi.api_paste_config = /etc/nova/api-paste.ini {{(pid=109530) log_opt_values /opt/stack/data/venv/lib/python3.12/site-packages/oslo_config/cfg.py:3560}}
Sep 09 16:37:08.769183 np0000192404 nova-conductor[109530]: DEBUG cotyledon.oslo_config_glue [-] wsgi.secure_proxy_ssl_header = None {{(pid=109530) log_opt_values /opt/stack/data/venv/lib/python3.12/site-packages/oslo_config/cfg.py:3560}}
Sep 09 16:37:08.769255 np0000192404 nova-conductor[109530]: DEBUG cotyledon.oslo_config_glue [-] zvm.ca_file = None {{(pid=109530) log_opt_values /opt/stack/data/venv/lib/python3.12/site-packages/oslo_config/cfg.py:3560}}
Sep 09 16:37:08.769308 np0000192404 nova-conductor[109530]: DEBUG cotyledon.oslo_config_glue [-] zvm.cloud_connector_url = None {{(pid=109530) log_opt_values /opt/stack/data/venv/lib/python3.12/site-packages/oslo_config/cfg.py:3560}}
Sep 09 16:37:08.769346 np0000192404 nova-conductor[109530]: DEBUG cotyledon.oslo_config_glue [-] zvm.image_tmp_path = /opt/stack/data/nova/images {{(pid=109530) log_opt_values /opt/stack/data/venv/lib/python3.12/site-packages/oslo_config/cfg.py:3560}}
Sep 09 16:37:08.769398 np0000192404 nova-conductor[109530]: DEBUG cotyledon.oslo_config_glue [-] zvm.reachable_timeout = 300 {{(pid=109530) log_opt_values /opt/stack/data/venv/lib/python3.12/site-packages/oslo_config/cfg.py:3560}}
Sep 09 16:37:08.769484 np0000192404 nova-conductor[109530]: DEBUG cotyledon.oslo_config_glue [-] oslo_versionedobjects.fatal_exception_format_errors = False {{(pid=109530) log_opt_values /opt/stack/data/venv/lib/python3.12/site-packages/oslo_config/cfg.py:3560}}
Sep 09 16:37:08.769572 np0000192404 nova-conductor[109530]: DEBUG cotyledon.oslo_config_glue [-] oslo_middleware.http_basic_auth_user_file = /etc/htpasswd {{(pid=109530) log_opt_values /opt/stack/data/venv/lib/python3.12/site-packages/oslo_config/cfg.py:3560}}
Sep 09 16:37:08.769617 np0000192404 nova-conductor[109519]: DEBUG oslo_db.sqlalchemy.engines [None req-d1724aba-112c-43b1-b236-e87bf923df96 None None] MySQL server mode set to STRICT_TRANS_TABLES,STRICT_ALL_TABLES,NO_ZERO_IN_DATE,NO_ZERO_DATE,ERROR_FOR_DIVISION_BY_ZERO,TRADITIONAL,NO_ENGINE_SUBSTITUTION {{(pid=109519) _check_effective_sql_mode /opt/stack/data/venv/lib/python3.12/site-packages/oslo_db/sqlalchemy/engines.py:325}}
Sep 09 16:37:08.769667 np0000192404 nova-conductor[109530]: DEBUG cotyledon.oslo_config_glue [-] profiler.connection_string = messaging:// {{(pid=109530) log_opt_values /opt/stack/data/venv/lib/python3.12/site-packages/oslo_config/cfg.py:3560}}
Sep 09 16:37:08.769706 np0000192404 nova-conductor[109530]: DEBUG cotyledon.oslo_config_glue [-] profiler.enabled = False {{(pid=109530) log_opt_values /opt/stack/data/venv/lib/python3.12/site-packages/oslo_config/cfg.py:3560}}
Sep 09 16:37:08.769740 np0000192404 nova-conductor[109530]: DEBUG cotyledon.oslo_config_glue [-] profiler.es_doc_type = notification {{(pid=109530) log_opt_values /opt/stack/data/venv/lib/python3.12/site-packages/oslo_config/cfg.py:3560}}
Sep 09 16:37:08.769806 np0000192404 nova-conductor[109530]: DEBUG cotyledon.oslo_config_glue [-] profiler.es_scroll_size = 10000 {{(pid=109530) log_opt_values /opt/stack/data/venv/lib/python3.12/site-packages/oslo_config/cfg.py:3560}}
Sep 09 16:37:08.769850 np0000192404 nova-conductor[109530]: DEBUG cotyledon.oslo_config_glue [-] profiler.es_scroll_time = 2m {{(pid=109530) log_opt_values /opt/stack/data/venv/lib/python3.12/site-packages/oslo_config/cfg.py:3560}}
Sep 09 16:37:08.769893 np0000192404 nova-conductor[109530]: DEBUG cotyledon.oslo_config_glue [-] profiler.filter_error_trace = False {{(pid=109530) log_opt_values /opt/stack/data/venv/lib/python3.12/site-packages/oslo_config/cfg.py:3560}}
Sep 09 16:37:08.769959 np0000192404 nova-conductor[109530]: DEBUG cotyledon.oslo_config_glue [-] profiler.hmac_keys = **** {{(pid=109530) log_opt_values /opt/stack/data/venv/lib/python3.12/site-packages/oslo_config/cfg.py:3560}}
Sep 09 16:37:08.770001 np0000192404 nova-conductor[109530]: DEBUG cotyledon.oslo_config_glue [-] profiler.sentinel_service_name = mymaster {{(pid=109530) log_opt_values /opt/stack/data/venv/lib/python3.12/site-packages/oslo_config/cfg.py:3560}}
Sep 09 16:37:08.770090 np0000192404 nova-conductor[109530]: DEBUG cotyledon.oslo_config_glue [-] profiler.socket_timeout = 0.1 {{(pid=109530) log_opt_values /opt/stack/data/venv/lib/python3.12/site-packages/oslo_config/cfg.py:3560}}
Sep 09 16:37:08.770155 np0000192404 nova-conductor[109530]: DEBUG cotyledon.oslo_config_glue [-] profiler.trace_requests = False {{(pid=109530) log_opt_values /opt/stack/data/venv/lib/python3.12/site-packages/oslo_config/cfg.py:3560}}
Sep 09 16:37:08.770229 np0000192404 nova-conductor[109530]: DEBUG cotyledon.oslo_config_glue [-] profiler.trace_sqlalchemy = False {{(pid=109530) log_opt_values /opt/stack/data/venv/lib/python3.12/site-packages/oslo_config/cfg.py:3560}}
Sep 09 16:37:08.770309 np0000192404 nova-conductor[109530]: DEBUG cotyledon.oslo_config_glue [-] profiler_jaeger.process_tags = {} {{(pid=109530) log_opt_values /opt/stack/data/venv/lib/python3.12/site-packages/oslo_config/cfg.py:3560}}
Sep 09 16:37:08.770362 np0000192404 nova-conductor[109530]: DEBUG cotyledon.oslo_config_glue [-] profiler_jaeger.service_name_prefix = None {{(pid=109530) log_opt_values /opt/stack/data/venv/lib/python3.12/site-packages/oslo_config/cfg.py:3560}}
Sep 09 16:37:08.770421 np0000192404 nova-conductor[109530]: DEBUG cotyledon.oslo_config_glue [-] profiler_otlp.service_name_prefix = None {{(pid=109530) log_opt_values /opt/stack/data/venv/lib/python3.12/site-packages/oslo_config/cfg.py:3560}}
Sep 09 16:37:08.770516 np0000192404 nova-conductor[109530]: DEBUG cotyledon.oslo_config_glue [-] oslo_messaging_rabbit.amqp_auto_delete = False {{(pid=109530) log_opt_values /opt/stack/data/venv/lib/python3.12/site-packages/oslo_config/cfg.py:3560}}
Sep 09 16:37:08.770565 np0000192404 nova-conductor[109530]: DEBUG cotyledon.oslo_config_glue [-] oslo_messaging_rabbit.amqp_durable_queues = False {{(pid=109530) log_opt_values /opt/stack/data/venv/lib/python3.12/site-packages/oslo_config/cfg.py:3560}}
Sep 09 16:37:08.770640 np0000192404 nova-conductor[109530]: DEBUG cotyledon.oslo_config_glue [-] oslo_messaging_rabbit.conn_pool_min_size = 2 {{(pid=109530) log_opt_values /opt/stack/data/venv/lib/python3.12/site-packages/oslo_config/cfg.py:3560}}
Sep 09 16:37:08.770705 np0000192404 nova-conductor[109530]: DEBUG cotyledon.oslo_config_glue [-] oslo_messaging_rabbit.conn_pool_ttl = 1200 {{(pid=109530) log_opt_values /opt/stack/data/venv/lib/python3.12/site-packages/oslo_config/cfg.py:3560}}
Sep 09 16:37:08.770745 np0000192404 nova-conductor[109530]: DEBUG cotyledon.oslo_config_glue [-] oslo_messaging_rabbit.direct_mandatory_flag = True {{(pid=109530) log_opt_values /opt/stack/data/venv/lib/python3.12/site-packages/oslo_config/cfg.py:3560}}
Sep 09 16:37:08.770802 np0000192404 nova-conductor[109530]: DEBUG cotyledon.oslo_config_glue [-] oslo_messaging_rabbit.enable_cancel_on_failover = False {{(pid=109530) log_opt_values /opt/stack/data/venv/lib/python3.12/site-packages/oslo_config/cfg.py:3560}}
Sep 09 16:37:08.770851 np0000192404 nova-conductor[109530]: DEBUG cotyledon.oslo_config_glue [-] oslo_messaging_rabbit.heartbeat_rate = 3 {{(pid=109530) log_opt_values /opt/stack/data/venv/lib/python3.12/site-packages/oslo_config/cfg.py:3560}}
Sep 09 16:37:08.770911 np0000192404 nova-conductor[109530]: DEBUG cotyledon.oslo_config_glue [-] oslo_messaging_rabbit.heartbeat_timeout_threshold = 60 {{(pid=109530) log_opt_values /opt/stack/data/venv/lib/python3.12/site-packages/oslo_config/cfg.py:3560}}
Sep 09 16:37:08.770986 np0000192404 nova-conductor[109530]: DEBUG cotyledon.oslo_config_glue [-] oslo_messaging_rabbit.hostname = np0000192404 {{(pid=109530) log_opt_values /opt/stack/data/venv/lib/python3.12/site-packages/oslo_config/cfg.py:3560}}
Sep 09 16:37:08.771106 np0000192404 nova-conductor[109530]: DEBUG cotyledon.oslo_config_glue [-] oslo_messaging_rabbit.kombu_compression = None {{(pid=109530) log_opt_values /opt/stack/data/venv/lib/python3.12/site-packages/oslo_config/cfg.py:3560}}
Sep 09 16:37:08.771182 np0000192404 nova-conductor[109530]: DEBUG cotyledon.oslo_config_glue [-] oslo_messaging_rabbit.kombu_failover_strategy = round-robin {{(pid=109530) log_opt_values /opt/stack/data/venv/lib/python3.12/site-packages/oslo_config/cfg.py:3560}}
Sep 09 16:37:08.771258 np0000192404 nova-conductor[109530]: DEBUG cotyledon.oslo_config_glue [-] oslo_messaging_rabbit.kombu_missing_consumer_retry_timeout = 60 {{(pid=109530) log_opt_values /opt/stack/data/venv/lib/python3.12/site-packages/oslo_config/cfg.py:3560}}
Sep 09 16:37:08.771337 np0000192404 nova-conductor[109530]: DEBUG cotyledon.oslo_config_glue [-] oslo_messaging_rabbit.kombu_reconnect_delay = 1.0 {{(pid=109530) log_opt_values /opt/stack/data/venv/lib/python3.12/site-packages/oslo_config/cfg.py:3560}}
Sep 09 16:37:08.771414 np0000192404 nova-conductor[109530]: DEBUG cotyledon.oslo_config_glue [-] oslo_messaging_rabbit.kombu_reconnect_splay = 0.0 {{(pid=109530) log_opt_values /opt/stack/data/venv/lib/python3.12/site-packages/oslo_config/cfg.py:3560}}
Sep 09 16:37:08.771490 np0000192404 nova-conductor[109530]: DEBUG cotyledon.oslo_config_glue [-] oslo_messaging_rabbit.processname = nova-conductor {{(pid=109530) log_opt_values /opt/stack/data/venv/lib/python3.12/site-packages/oslo_config/cfg.py:3560}}
Sep 09 16:37:08.771560 np0000192404 nova-conductor[109530]: DEBUG cotyledon.oslo_config_glue [-] oslo_messaging_rabbit.rabbit_ha_queues = False {{(pid=109530) log_opt_values /opt/stack/data/venv/lib/python3.12/site-packages/oslo_config/cfg.py:3560}}
Sep 09 16:37:08.771628 np0000192404 nova-conductor[109530]: DEBUG cotyledon.oslo_config_glue [-] oslo_messaging_rabbit.rabbit_interval_max = 30 {{(pid=109530) log_opt_values /opt/stack/data/venv/lib/python3.12/site-packages/oslo_config/cfg.py:3560}}
Sep 09 16:37:08.771694 np0000192404 nova-conductor[109530]: DEBUG cotyledon.oslo_config_glue [-] oslo_messaging_rabbit.rabbit_login_method = AMQPLAIN {{(pid=109530) log_opt_values /opt/stack/data/venv/lib/python3.12/site-packages/oslo_config/cfg.py:3560}}
Sep 09 16:37:08.771759 np0000192404 nova-conductor[109530]: DEBUG cotyledon.oslo_config_glue [-] oslo_messaging_rabbit.rabbit_qos_prefetch_count = 0 {{(pid=109530) log_opt_values /opt/stack/data/venv/lib/python3.12/site-packages/oslo_config/cfg.py:3560}}
Sep 09 16:37:08.771809 np0000192404 nova-conductor[109530]: DEBUG cotyledon.oslo_config_glue [-] oslo_messaging_rabbit.rabbit_quorum_delivery_limit = 0 {{(pid=109530) log_opt_values /opt/stack/data/venv/lib/python3.12/site-packages/oslo_config/cfg.py:3560}}
Sep 09 16:37:08.771875 np0000192404 nova-conductor[109530]: DEBUG cotyledon.oslo_config_glue [-] oslo_messaging_rabbit.rabbit_quorum_max_memory_bytes = 0 {{(pid=109530) log_opt_values /opt/stack/data/venv/lib/python3.12/site-packages/oslo_config/cfg.py:3560}}
Sep 09 16:37:08.771932 np0000192404 nova-conductor[109530]: DEBUG cotyledon.oslo_config_glue [-] oslo_messaging_rabbit.rabbit_quorum_max_memory_length = 0 {{(pid=109530) log_opt_values /opt/stack/data/venv/lib/python3.12/site-packages/oslo_config/cfg.py:3560}}
Sep 09 16:37:08.771990 np0000192404 nova-conductor[109530]: DEBUG cotyledon.oslo_config_glue [-] oslo_messaging_rabbit.rabbit_quorum_queue = False {{(pid=109530) log_opt_values /opt/stack/data/venv/lib/python3.12/site-packages/oslo_config/cfg.py:3560}}
Sep 09 16:37:08.772050 np0000192404 nova-conductor[109530]: DEBUG cotyledon.oslo_config_glue [-] oslo_messaging_rabbit.rabbit_retry_backoff = 2 {{(pid=109530) log_opt_values /opt/stack/data/venv/lib/python3.12/site-packages/oslo_config/cfg.py:3560}}
Sep 09 16:37:08.772126 np0000192404 nova-conductor[109530]: DEBUG cotyledon.oslo_config_glue [-] oslo_messaging_rabbit.rabbit_retry_interval = 1 {{(pid=109530) log_opt_values /opt/stack/data/venv/lib/python3.12/site-packages/oslo_config/cfg.py:3560}}
Sep 09 16:37:08.772215 np0000192404 nova-conductor[109530]: DEBUG cotyledon.oslo_config_glue [-] oslo_messaging_rabbit.rabbit_stream_fanout = False {{(pid=109530) log_opt_values /opt/stack/data/venv/lib/python3.12/site-packages/oslo_config/cfg.py:3560}}
Sep 09 16:37:08.772279 np0000192404 nova-conductor[109530]: DEBUG cotyledon.oslo_config_glue [-] oslo_messaging_rabbit.rabbit_transient_queues_ttl = 1800 {{(pid=109530) log_opt_values /opt/stack/data/venv/lib/python3.12/site-packages/oslo_config/cfg.py:3560}}
Sep 09 16:37:08.772340 np0000192404 nova-conductor[109530]: DEBUG cotyledon.oslo_config_glue [-] oslo_messaging_rabbit.rabbit_transient_quorum_queue = False {{(pid=109530) log_opt_values /opt/stack/data/venv/lib/python3.12/site-packages/oslo_config/cfg.py:3560}}
Sep 09 16:37:08.772390 np0000192404 nova-conductor[109530]: DEBUG cotyledon.oslo_config_glue [-] oslo_messaging_rabbit.rpc_conn_pool_size = 30 {{(pid=109530) log_opt_values /opt/stack/data/venv/lib/python3.12/site-packages/oslo_config/cfg.py:3560}}
Sep 09 16:37:08.772481 np0000192404 nova-conductor[109530]: DEBUG cotyledon.oslo_config_glue [-] oslo_messaging_rabbit.ssl = False {{(pid=109530) log_opt_values /opt/stack/data/venv/lib/python3.12/site-packages/oslo_config/cfg.py:3560}}
Sep 09 16:37:08.772548 np0000192404 nova-conductor[109530]: DEBUG cotyledon.oslo_config_glue [-] oslo_messaging_rabbit.ssl_ca_file = {{(pid=109530) log_opt_values /opt/stack/data/venv/lib/python3.12/site-packages/oslo_config/cfg.py:3560}}
Sep 09 16:37:08.772635 np0000192404 nova-conductor[109530]: DEBUG cotyledon.oslo_config_glue [-] oslo_messaging_rabbit.ssl_cert_file = {{(pid=109530) log_opt_values /opt/stack/data/venv/lib/python3.12/site-packages/oslo_config/cfg.py:3560}}
Sep 09 16:37:08.772704 np0000192404 nova-conductor[109530]: DEBUG cotyledon.oslo_config_glue [-] oslo_messaging_rabbit.ssl_enforce_fips_mode = False {{(pid=109530) log_opt_values /opt/stack/data/venv/lib/python3.12/site-packages/oslo_config/cfg.py:3560}}
Sep 09 16:37:08.772768 np0000192404 nova-conductor[109530]: DEBUG cotyledon.oslo_config_glue [-] oslo_messaging_rabbit.ssl_enforce_hostname_verification = True {{(pid=109530) log_opt_values /opt/stack/data/venv/lib/python3.12/site-packages/oslo_config/cfg.py:3560}}
Sep 09 16:37:08.772811 np0000192404 nova-conductor[109530]: DEBUG cotyledon.oslo_config_glue [-] oslo_messaging_rabbit.ssl_key_file = {{(pid=109530) log_opt_values /opt/stack/data/venv/lib/python3.12/site-packages/oslo_config/cfg.py:3560}}
Sep 09 16:37:08.772867 np0000192404 nova-conductor[109530]: DEBUG cotyledon.oslo_config_glue [-] oslo_messaging_rabbit.ssl_version = {{(pid=109530) log_opt_values /opt/stack/data/venv/lib/python3.12/site-packages/oslo_config/cfg.py:3560}}
Sep 09 16:37:08.772907 np0000192404 nova-conductor[109530]: DEBUG cotyledon.oslo_config_glue [-] oslo_messaging_rabbit.use_queue_manager = False {{(pid=109530) log_opt_values /opt/stack/data/venv/lib/python3.12/site-packages/oslo_config/cfg.py:3560}}
Sep 09 16:37:08.772993 np0000192404 nova-conductor[109530]: DEBUG cotyledon.oslo_config_glue [-] oslo_messaging_notifications.driver = ['messagingv2'] {{(pid=109530) log_opt_values /opt/stack/data/venv/lib/python3.12/site-packages/oslo_config/cfg.py:3560}}
Sep 09 16:37:08.773041 np0000192404 nova-conductor[109530]: DEBUG cotyledon.oslo_config_glue [-] oslo_messaging_notifications.retry = -1 {{(pid=109530) log_opt_values /opt/stack/data/venv/lib/python3.12/site-packages/oslo_config/cfg.py:3560}}
Sep 09 16:37:08.773135 np0000192404 nova-conductor[109530]: DEBUG cotyledon.oslo_config_glue [-] oslo_messaging_notifications.topics = ['notifications'] {{(pid=109530) log_opt_values /opt/stack/data/venv/lib/python3.12/site-packages/oslo_config/cfg.py:3560}}
Sep 09 16:37:08.773228 np0000192404 nova-conductor[109530]: DEBUG cotyledon.oslo_config_glue [-] oslo_messaging_notifications.transport_url = **** {{(pid=109530) log_opt_values /opt/stack/data/venv/lib/python3.12/site-packages/oslo_config/cfg.py:3560}}
Sep 09 16:37:08.773309 np0000192404 nova-conductor[109530]: DEBUG cotyledon.oslo_config_glue [-] oslo_limit.auth_section = None {{(pid=109530) log_opt_values /opt/stack/data/venv/lib/python3.12/site-packages/oslo_config/cfg.py:3560}}
Sep 09 16:37:08.773371 np0000192404 nova-conductor[109530]: DEBUG cotyledon.oslo_config_glue [-] oslo_limit.auth_type = None {{(pid=109530) log_opt_values /opt/stack/data/venv/lib/python3.12/site-packages/oslo_config/cfg.py:3560}}
Sep 09 16:37:08.773422 np0000192404 nova-conductor[109530]: DEBUG cotyledon.oslo_config_glue [-] oslo_limit.cafile = None {{(pid=109530) log_opt_values /opt/stack/data/venv/lib/python3.12/site-packages/oslo_config/cfg.py:3560}}
Sep 09 16:37:08.773473 np0000192404 nova-conductor[109530]: DEBUG cotyledon.oslo_config_glue [-] oslo_limit.certfile = None {{(pid=109530) log_opt_values /opt/stack/data/venv/lib/python3.12/site-packages/oslo_config/cfg.py:3560}}
Sep 09 16:37:08.773528 np0000192404 nova-conductor[109530]: DEBUG cotyledon.oslo_config_glue [-] oslo_limit.collect_timing = False {{(pid=109530) log_opt_values /opt/stack/data/venv/lib/python3.12/site-packages/oslo_config/cfg.py:3560}}
Sep 09 16:37:08.773597 np0000192404 nova-conductor[109530]: DEBUG cotyledon.oslo_config_glue [-] oslo_limit.connect_retries = None {{(pid=109530) log_opt_values /opt/stack/data/venv/lib/python3.12/site-packages/oslo_config/cfg.py:3560}}
Sep 09 16:37:08.773666 np0000192404 nova-conductor[109530]: DEBUG cotyledon.oslo_config_glue [-] oslo_limit.connect_retry_delay = None {{(pid=109530) log_opt_values /opt/stack/data/venv/lib/python3.12/site-packages/oslo_config/cfg.py:3560}}
Sep 09 16:37:08.773744 np0000192404 nova-conductor[109530]: DEBUG cotyledon.oslo_config_glue [-] oslo_limit.endpoint_id = None {{(pid=109530) log_opt_values /opt/stack/data/venv/lib/python3.12/site-packages/oslo_config/cfg.py:3560}}
Sep 09 16:37:08.773813 np0000192404 nova-conductor[109530]: DEBUG cotyledon.oslo_config_glue [-] oslo_limit.endpoint_interface = public {{(pid=109530) log_opt_values /opt/stack/data/venv/lib/python3.12/site-packages/oslo_config/cfg.py:3560}}
Sep 09 16:37:08.773882 np0000192404 nova-conductor[109530]: DEBUG cotyledon.oslo_config_glue [-] oslo_limit.endpoint_override = None {{(pid=109530) log_opt_values /opt/stack/data/venv/lib/python3.12/site-packages/oslo_config/cfg.py:3560}}
Sep 09 16:37:08.773950 np0000192404 nova-conductor[109530]: DEBUG cotyledon.oslo_config_glue [-] oslo_limit.endpoint_region_name = None {{(pid=109530) log_opt_values /opt/stack/data/venv/lib/python3.12/site-packages/oslo_config/cfg.py:3560}}
Sep 09 16:37:08.773994 np0000192404 nova-conductor[109530]: DEBUG cotyledon.oslo_config_glue [-] oslo_limit.endpoint_service_name = None {{(pid=109530) log_opt_values /opt/stack/data/venv/lib/python3.12/site-packages/oslo_config/cfg.py:3560}}
Sep 09 16:37:08.774036 np0000192404 nova-conductor[109530]: DEBUG cotyledon.oslo_config_glue [-] oslo_limit.endpoint_service_type = None {{(pid=109530) log_opt_values /opt/stack/data/venv/lib/python3.12/site-packages/oslo_config/cfg.py:3560}}
Sep 09 16:37:08.774115 np0000192404 nova-conductor[109530]: DEBUG cotyledon.oslo_config_glue [-] oslo_limit.insecure = False {{(pid=109530) log_opt_values /opt/stack/data/venv/lib/python3.12/site-packages/oslo_config/cfg.py:3560}}
Sep 09 16:37:08.774183 np0000192404 nova-conductor[109530]: DEBUG cotyledon.oslo_config_glue [-] oslo_limit.keyfile = None {{(pid=109530) log_opt_values /opt/stack/data/venv/lib/python3.12/site-packages/oslo_config/cfg.py:3560}}
Sep 09 16:37:08.774221 np0000192404 nova-conductor[109530]: DEBUG cotyledon.oslo_config_glue [-] oslo_limit.max_version = None {{(pid=109530) log_opt_values /opt/stack/data/venv/lib/python3.12/site-packages/oslo_config/cfg.py:3560}}
Sep 09 16:37:08.774260 np0000192404 nova-conductor[109530]: DEBUG cotyledon.oslo_config_glue [-] oslo_limit.min_version = None {{(pid=109530) log_opt_values /opt/stack/data/venv/lib/python3.12/site-packages/oslo_config/cfg.py:3560}}
Sep 09 16:37:08.774294 np0000192404 nova-conductor[109530]: DEBUG cotyledon.oslo_config_glue [-] oslo_limit.region_name = None {{(pid=109530) log_opt_values /opt/stack/data/venv/lib/python3.12/site-packages/oslo_config/cfg.py:3560}}
Sep 09 16:37:08.774346 np0000192404 nova-conductor[109530]: DEBUG cotyledon.oslo_config_glue [-] oslo_limit.retriable_status_codes = None {{(pid=109530) log_opt_values /opt/stack/data/venv/lib/python3.12/site-packages/oslo_config/cfg.py:3560}}
Sep 09 16:37:08.774387 np0000192404 nova-conductor[109530]: DEBUG cotyledon.oslo_config_glue [-] oslo_limit.service_name = None {{(pid=109530) log_opt_values /opt/stack/data/venv/lib/python3.12/site-packages/oslo_config/cfg.py:3560}}
Sep 09 16:37:08.774422 np0000192404 nova-conductor[109530]: DEBUG cotyledon.oslo_config_glue [-] oslo_limit.service_type = None {{(pid=109530) log_opt_values /opt/stack/data/venv/lib/python3.12/site-packages/oslo_config/cfg.py:3560}}
Sep 09 16:37:08.774474 np0000192404 nova-conductor[109530]: DEBUG cotyledon.oslo_config_glue [-] oslo_limit.split_loggers = False {{(pid=109530) log_opt_values /opt/stack/data/venv/lib/python3.12/site-packages/oslo_config/cfg.py:3560}}
Sep 09 16:37:08.774508 np0000192404 nova-conductor[109530]: DEBUG cotyledon.oslo_config_glue [-] oslo_limit.status_code_retries = None {{(pid=109530) log_opt_values /opt/stack/data/venv/lib/python3.12/site-packages/oslo_config/cfg.py:3560}}
Sep 09 16:37:08.774547 np0000192404 nova-conductor[109530]: DEBUG cotyledon.oslo_config_glue [-] oslo_limit.status_code_retry_delay = None {{(pid=109530) log_opt_values /opt/stack/data/venv/lib/python3.12/site-packages/oslo_config/cfg.py:3560}}
Sep 09 16:37:08.774595 np0000192404 nova-conductor[109530]: DEBUG cotyledon.oslo_config_glue [-] oslo_limit.timeout = None {{(pid=109530) log_opt_values /opt/stack/data/venv/lib/python3.12/site-packages/oslo_config/cfg.py:3560}}
Sep 09 16:37:08.774632 np0000192404 nova-conductor[109530]: DEBUG cotyledon.oslo_config_glue [-] oslo_limit.tls_ciphers = None {{(pid=109530) log_opt_values /opt/stack/data/venv/lib/python3.12/site-packages/oslo_config/cfg.py:3560}}
Sep 09 16:37:08.774704 np0000192404 nova-conductor[109530]: DEBUG cotyledon.oslo_config_glue [-] oslo_limit.tls_min_version = None {{(pid=109530) log_opt_values /opt/stack/data/venv/lib/python3.12/site-packages/oslo_config/cfg.py:3560}}
Sep 09 16:37:08.774742 np0000192404 nova-conductor[109530]: DEBUG cotyledon.oslo_config_glue [-] oslo_limit.valid_interfaces = None {{(pid=109530) log_opt_values /opt/stack/data/venv/lib/python3.12/site-packages/oslo_config/cfg.py:3560}}
Sep 09 16:37:08.774774 np0000192404 nova-conductor[109530]: DEBUG cotyledon.oslo_config_glue [-] oslo_limit.version = None {{(pid=109530) log_opt_values /opt/stack/data/venv/lib/python3.12/site-packages/oslo_config/cfg.py:3560}}
Sep 09 16:37:08.774839 np0000192404 nova-conductor[109530]: DEBUG cotyledon.oslo_config_glue [-] oslo_reports.file_event_handler = None {{(pid=109530) log_opt_values /opt/stack/data/venv/lib/python3.12/site-packages/oslo_config/cfg.py:3560}}
Sep 09 16:37:08.774880 np0000192404 nova-conductor[109530]: DEBUG cotyledon.oslo_config_glue [-] oslo_reports.file_event_handler_interval = 1 {{(pid=109530) log_opt_values /opt/stack/data/venv/lib/python3.12/site-packages/oslo_config/cfg.py:3560}}
Sep 09 16:37:08.774957 np0000192404 nova-conductor[109530]: DEBUG cotyledon.oslo_config_glue [-] oslo_reports.log_dir = None {{(pid=109530) log_opt_values /opt/stack/data/venv/lib/python3.12/site-packages/oslo_config/cfg.py:3560}}
Sep 09 16:37:08.775002 np0000192404 nova-conductor[109530]: DEBUG cotyledon.oslo_config_glue [-] ******************************************************************************** {{(pid=109530) log_opt_values /opt/stack/data/venv/lib/python3.12/site-packages/oslo_config/cfg.py:3567}}
Sep 09 16:37:08.775145 np0000192404 nova-conductor[109530]: DEBUG cotyledon._service_worker [-] Run service ServiceWrapper(2) [109530] {{(pid=109530) wait_forever /opt/stack/data/venv/lib/python3.12/site-packages/cotyledon/_service_worker.py:218}}
Sep 09 16:37:08.776813 np0000192404 nova-conductor[109530]: INFO nova.service [-] Starting conductor node (version 33.1.0)
Sep 09 16:37:08.778969 np0000192404 nova-conductor[109519]: DEBUG dbcounter [-] [109519] Writer thread running {{(pid=109519) stat_writer /opt/stack/data/venv/lib/python3.12/site-packages/dbcounter.py:102}}
Sep 09 16:37:08.782289 np0000192404 nova-conductor[109530]: INFO dbcounter [None req-64e9f44d-1d53-4ead-91cf-faa63bf5fda4 None None] Registered counter for database nova_cell0
Sep 09 16:37:08.786866 np0000192404 nova-conductor[109511]: DEBUG nova.service [None req-92521186-86be-4639-a7a0-1468eb644fd1 None None] Creating RPC server for service: nova-conductor on topic: conductor {{(pid=109511) start /opt/stack/nova/nova/service.py:262}}
Sep 09 16:37:08.787474 np0000192404 nova-conductor[109539]: DEBUG oslo_db.sqlalchemy.engines [None req-8691fddc-3e44-4a8d-9f12-6d24f38b52b3 None None] MySQL server mode set to STRICT_TRANS_TABLES,STRICT_ALL_TABLES,NO_ZERO_IN_DATE,NO_ZERO_DATE,ERROR_FOR_DIVISION_BY_ZERO,TRADITIONAL,NO_ENGINE_SUBSTITUTION {{(pid=109539) _check_effective_sql_mode /opt/stack/data/venv/lib/python3.12/site-packages/oslo_db/sqlalchemy/engines.py:325}}
Sep 09 16:37:08.796425 np0000192404 nova-conductor[109519]: DEBUG nova.service [None req-d1724aba-112c-43b1-b236-e87bf923df96 None None] Creating RPC server for service: nova-conductor on topic: conductor {{(pid=109519) start /opt/stack/nova/nova/service.py:262}}
Sep 09 16:37:08.797670 np0000192404 nova-conductor[109539]: DEBUG dbcounter [-] [109539] Writer thread running {{(pid=109539) stat_writer /opt/stack/data/venv/lib/python3.12/site-packages/dbcounter.py:102}}
Sep 09 16:37:08.801265 np0000192404 nova-conductor[109539]: DEBUG nova.service [None req-8691fddc-3e44-4a8d-9f12-6d24f38b52b3 None None] Creating RPC server for service: nova-conductor on topic: conductor {{(pid=109539) start /opt/stack/nova/nova/service.py:262}}
Sep 09 16:37:08.821444 np0000192404 nova-conductor[109511]: DEBUG nova.service [None req-92521186-86be-4639-a7a0-1468eb644fd1 None None] Join ServiceGroup membership for this service conductor {{(pid=109511) start /opt/stack/nova/nova/service.py:288}}
Sep 09 16:37:08.821712 np0000192404 nova-conductor[109511]: DEBUG nova.servicegroup.drivers.db [None req-92521186-86be-4639-a7a0-1468eb644fd1 None None] DB_Driver: join new ServiceGroup member np0000192404 to the conductor group, service = {{(pid=109511) join /opt/stack/nova/nova/servicegroup/drivers/db.py:44}}
Sep 09 16:37:08.824240 np0000192404 nova-conductor[109539]: DEBUG nova.service [None req-8691fddc-3e44-4a8d-9f12-6d24f38b52b3 None None] Join ServiceGroup membership for this service conductor {{(pid=109539) start /opt/stack/nova/nova/service.py:288}}
Sep 09 16:37:08.824459 np0000192404 nova-conductor[109539]: DEBUG nova.servicegroup.drivers.db [None req-8691fddc-3e44-4a8d-9f12-6d24f38b52b3 None None] DB_Driver: join new ServiceGroup member np0000192404 to the conductor group, service = {{(pid=109539) join /opt/stack/nova/nova/servicegroup/drivers/db.py:44}}
Sep 09 16:37:08.829135 np0000192404 nova-conductor[109519]: DEBUG nova.service [None req-d1724aba-112c-43b1-b236-e87bf923df96 None None] Join ServiceGroup membership for this service conductor {{(pid=109519) start /opt/stack/nova/nova/service.py:288}}
Sep 09 16:37:08.829330 np0000192404 nova-conductor[109519]: DEBUG nova.servicegroup.drivers.db [None req-d1724aba-112c-43b1-b236-e87bf923df96 None None] DB_Driver: join new ServiceGroup member np0000192404 to the conductor group, service = {{(pid=109519) join /opt/stack/nova/nova/servicegroup/drivers/db.py:44}}
Sep 09 16:37:08.832249 np0000192404 nova-conductor[109530]: DEBUG oslo_db.sqlalchemy.engines [None req-64e9f44d-1d53-4ead-91cf-faa63bf5fda4 None None] MySQL server mode set to STRICT_TRANS_TABLES,STRICT_ALL_TABLES,NO_ZERO_IN_DATE,NO_ZERO_DATE,ERROR_FOR_DIVISION_BY_ZERO,TRADITIONAL,NO_ENGINE_SUBSTITUTION {{(pid=109530) _check_effective_sql_mode /opt/stack/data/venv/lib/python3.12/site-packages/oslo_db/sqlalchemy/engines.py:325}}
Sep 09 16:37:08.846025 np0000192404 nova-conductor[109530]: DEBUG dbcounter [-] [109530] Writer thread running {{(pid=109530) stat_writer /opt/stack/data/venv/lib/python3.12/site-packages/dbcounter.py:102}}
Sep 09 16:37:08.850089 np0000192404 nova-conductor[109530]: DEBUG nova.service [None req-64e9f44d-1d53-4ead-91cf-faa63bf5fda4 None None] Creating RPC server for service: nova-conductor on topic: conductor {{(pid=109530) start /opt/stack/nova/nova/service.py:262}}
Sep 09 16:37:08.870959 np0000192404 nova-conductor[109530]: DEBUG nova.service [None req-64e9f44d-1d53-4ead-91cf-faa63bf5fda4 None None] Join ServiceGroup membership for this service conductor {{(pid=109530) start /opt/stack/nova/nova/service.py:288}}
Sep 09 16:37:08.871118 np0000192404 nova-conductor[109530]: DEBUG nova.servicegroup.drivers.db [None req-64e9f44d-1d53-4ead-91cf-faa63bf5fda4 None None] DB_Driver: join new ServiceGroup member np0000192404 to the conductor group, service = {{(pid=109530) join /opt/stack/nova/nova/servicegroup/drivers/db.py:44}}
Sep 09 16:37:13.842681 np0000192404 nova-conductor[109511]: DEBUG oslo.service.backend._threading.loopingcall [-] Fixed interval looping call 'nova.servicegroup.drivers.db.DbDriver._report_state' sleeping for 119.98 seconds {{(pid=109511) _run_loop /opt/stack/data/venv/lib/python3.12/site-packages/oslo_service/backend/_threading/loopingcall.py:125}}
Sep 09 16:37:13.844775 np0000192404 nova-conductor[109539]: DEBUG oslo.service.backend._threading.loopingcall [-] Fixed interval looping call 'nova.servicegroup.drivers.db.DbDriver._report_state' sleeping for 119.98 seconds {{(pid=109539) _run_loop /opt/stack/data/venv/lib/python3.12/site-packages/oslo_service/backend/_threading/loopingcall.py:125}}
Sep 09 16:37:13.848722 np0000192404 nova-conductor[109519]: DEBUG oslo.service.backend._threading.loopingcall [-] Fixed interval looping call 'nova.servicegroup.drivers.db.DbDriver._report_state' sleeping for 119.98 seconds {{(pid=109519) _run_loop /opt/stack/data/venv/lib/python3.12/site-packages/oslo_service/backend/_threading/loopingcall.py:125}}
Sep 09 16:37:13.891678 np0000192404 nova-conductor[109530]: DEBUG oslo.service.backend._threading.loopingcall [-] Fixed interval looping call 'nova.servicegroup.drivers.db.DbDriver._report_state' sleeping for 119.98 seconds {{(pid=109530) _run_loop /opt/stack/data/venv/lib/python3.12/site-packages/oslo_service/backend/_threading/loopingcall.py:125}}
Sep 09 16:37:17.279109 np0000192404 nova-conductor[108824]: DEBUG dbcounter [-] [108824] Writing DB stats nova_api:SELECT=1 {{(pid=108824) stat_writer /opt/stack/data/venv/lib/python3.12/site-packages/dbcounter.py:115}}
Sep 09 16:37:17.441810 np0000192404 nova-conductor[108824]: DEBUG dbcounter [-] [108824] Writing DB stats nova_cell1:SELECT=1 {{(pid=108824) stat_writer /opt/stack/data/venv/lib/python3.12/site-packages/dbcounter.py:115}}
Sep 09 16:37:17.449481 np0000192404 nova-conductor[108824]: DEBUG dbcounter [-] [108824] Writing DB stats nova_cell0:SELECT=1 {{(pid=108824) stat_writer /opt/stack/data/venv/lib/python3.12/site-packages/dbcounter.py:115}}
Sep 09 16:37:23.833320 np0000192404 nova-conductor[109511]: DEBUG dbcounter [-] [109511] Writing DB stats nova_cell0:SELECT=4,nova_cell0:INSERT=1,nova_cell0:UPDATE=1 {{(pid=109511) stat_writer /opt/stack/data/venv/lib/python3.12/site-packages/dbcounter.py:115}}
Sep 09 16:37:23.838278 np0000192404 nova-conductor[109539]: DEBUG dbcounter [-] [109539] Writing DB stats nova_cell0:SELECT=3,nova_cell0:UPDATE=1 {{(pid=109539) stat_writer /opt/stack/data/venv/lib/python3.12/site-packages/dbcounter.py:115}}
Sep 09 16:37:23.845017 np0000192404 nova-conductor[109519]: DEBUG dbcounter [-] [109519] Writing DB stats nova_cell0:SELECT=5,nova_cell0:INSERT=1,nova_cell0:UPDATE=1 {{(pid=109519) stat_writer /opt/stack/data/venv/lib/python3.12/site-packages/dbcounter.py:115}}
Sep 09 16:37:23.885482 np0000192404 nova-conductor[109530]: DEBUG dbcounter [-] [109530] Writing DB stats nova_cell0:SELECT=3 {{(pid=109530) stat_writer /opt/stack/data/venv/lib/python3.12/site-packages/dbcounter.py:115}}
Sep 09 16:37:27.824890 np0000192404 nova-conductor[109511]: DEBUG oslo.service.backend._threading.loopingcall [None req-b404eb0b-d656-4eeb-bb17-428a4d6d2125 None None] Dynamic interval looping call 'nova.service.Service.periodic_tasks' sleeping for 60.00 seconds {{(pid=109511) _run_loop /opt/stack/data/venv/lib/python3.12/site-packages/oslo_service/backend/_threading/loopingcall.py:125}}
Sep 09 16:37:47.877237 np0000192404 nova-conductor[109530]: DEBUG oslo.service.backend._threading.loopingcall [None req-32b898ca-c664-45ec-867b-4f5962ecb7cf None None] Dynamic interval looping call 'nova.service.Service.periodic_tasks' sleeping for 60.00 seconds {{(pid=109530) _run_loop /opt/stack/data/venv/lib/python3.12/site-packages/oslo_service/backend/_threading/loopingcall.py:125}}
Sep 09 16:37:56.831525 np0000192404 nova-conductor[109519]: DEBUG oslo.service.backend._threading.loopingcall [None req-ba7842c3-8096-4b5a-ad44-121aaf0a9100 None None] Dynamic interval looping call 'nova.service.Service.periodic_tasks' sleeping for 60.00 seconds {{(pid=109519) _run_loop /opt/stack/data/venv/lib/python3.12/site-packages/oslo_service/backend/_threading/loopingcall.py:125}}
Sep 09 16:38:03.826801 np0000192404 nova-conductor[109539]: DEBUG oslo.service.backend._threading.loopingcall [None req-14588224-2ebe-4ff1-b804-ca6a1e73685c None None] Dynamic interval looping call 'nova.service.Service.periodic_tasks' sleeping for 60.00 seconds {{(pid=109539) _run_loop /opt/stack/data/venv/lib/python3.12/site-packages/oslo_service/backend/_threading/loopingcall.py:125}}
Sep 09 16:38:27.825456 np0000192404 nova-conductor[109511]: DEBUG oslo.service.backend._threading.loopingcall [None req-b404eb0b-d656-4eeb-bb17-428a4d6d2125 None None] Dynamic interval looping call 'nova.service.Service.periodic_tasks' sleeping for 60.00 seconds {{(pid=109511) _run_loop /opt/stack/data/venv/lib/python3.12/site-packages/oslo_service/backend/_threading/loopingcall.py:125}}
Sep 09 16:38:47.878038 np0000192404 nova-conductor[109530]: DEBUG oslo.service.backend._threading.loopingcall [None req-32b898ca-c664-45ec-867b-4f5962ecb7cf None None] Dynamic interval looping call 'nova.service.Service.periodic_tasks' sleeping for 60.00 seconds {{(pid=109530) _run_loop /opt/stack/data/venv/lib/python3.12/site-packages/oslo_service/backend/_threading/loopingcall.py:125}}
Sep 09 16:38:56.832222 np0000192404 nova-conductor[109519]: DEBUG oslo.service.backend._threading.loopingcall [None req-ba7842c3-8096-4b5a-ad44-121aaf0a9100 None None] Dynamic interval looping call 'nova.service.Service.periodic_tasks' sleeping for 60.00 seconds {{(pid=109519) _run_loop /opt/stack/data/venv/lib/python3.12/site-packages/oslo_service/backend/_threading/loopingcall.py:125}}
Sep 09 16:39:03.827500 np0000192404 nova-conductor[109539]: DEBUG oslo.service.backend._threading.loopingcall [None req-14588224-2ebe-4ff1-b804-ca6a1e73685c None None] Dynamic interval looping call 'nova.service.Service.periodic_tasks' sleeping for 60.00 seconds {{(pid=109539) _run_loop /opt/stack/data/venv/lib/python3.12/site-packages/oslo_service/backend/_threading/loopingcall.py:125}}
Sep 09 16:39:13.833711 np0000192404 nova-conductor[109511]: DEBUG oslo.service.backend._threading.loopingcall [-] Fixed interval looping call 'nova.servicegroup.drivers.db.DbDriver._report_state' sleeping for 119.99 seconds {{(pid=109511) _run_loop /opt/stack/data/venv/lib/python3.12/site-packages/oslo_service/backend/_threading/loopingcall.py:125}}
Sep 09 16:39:13.834817 np0000192404 nova-conductor[109539]: DEBUG oslo.service.backend._threading.loopingcall [-] Fixed interval looping call 'nova.servicegroup.drivers.db.DbDriver._report_state' sleeping for 119.99 seconds {{(pid=109539) _run_loop /opt/stack/data/venv/lib/python3.12/site-packages/oslo_service/backend/_threading/loopingcall.py:125}}
Sep 09 16:39:13.836123 np0000192404 nova-conductor[109519]: DEBUG oslo.service.backend._threading.loopingcall [-] Fixed interval looping call 'nova.servicegroup.drivers.db.DbDriver._report_state' sleeping for 119.99 seconds {{(pid=109519) _run_loop /opt/stack/data/venv/lib/python3.12/site-packages/oslo_service/backend/_threading/loopingcall.py:125}}
Sep 09 16:39:13.879723 np0000192404 nova-conductor[109530]: DEBUG oslo.service.backend._threading.loopingcall [-] Fixed interval looping call 'nova.servicegroup.drivers.db.DbDriver._report_state' sleeping for 119.99 seconds {{(pid=109530) _run_loop /opt/stack/data/venv/lib/python3.12/site-packages/oslo_service/backend/_threading/loopingcall.py:125}}
Sep 09 16:39:23.826303 np0000192404 nova-conductor[109511]: DEBUG dbcounter [-] [109511] Writing DB stats nova_cell0:SELECT=1,nova_cell0:UPDATE=1 {{(pid=109511) stat_writer /opt/stack/data/venv/lib/python3.12/site-packages/dbcounter.py:115}}
Sep 09 16:39:23.828454 np0000192404 nova-conductor[109539]: DEBUG dbcounter [-] [109539] Writing DB stats nova_cell0:SELECT=1,nova_cell0:UPDATE=1 {{(pid=109539) stat_writer /opt/stack/data/venv/lib/python3.12/site-packages/dbcounter.py:115}}
Sep 09 16:39:23.834487 np0000192404 nova-conductor[109519]: DEBUG dbcounter [-] [109519] Writing DB stats nova_cell0:SELECT=1,nova_cell0:UPDATE=1 {{(pid=109519) stat_writer /opt/stack/data/venv/lib/python3.12/site-packages/dbcounter.py:115}}
Sep 09 16:39:23.875644 np0000192404 nova-conductor[109530]: DEBUG dbcounter [-] [109530] Writing DB stats nova_cell0:SELECT=1 {{(pid=109530) stat_writer /opt/stack/data/venv/lib/python3.12/site-packages/dbcounter.py:115}}
Sep 09 16:39:27.826125 np0000192404 nova-conductor[109511]: DEBUG oslo.service.backend._threading.loopingcall [None req-b404eb0b-d656-4eeb-bb17-428a4d6d2125 None None] Dynamic interval looping call 'nova.service.Service.periodic_tasks' sleeping for 60.00 seconds {{(pid=109511) _run_loop /opt/stack/data/venv/lib/python3.12/site-packages/oslo_service/backend/_threading/loopingcall.py:125}}
Sep 09 16:39:47.879048 np0000192404 nova-conductor[109530]: DEBUG oslo.service.backend._threading.loopingcall [None req-32b898ca-c664-45ec-867b-4f5962ecb7cf None None] Dynamic interval looping call 'nova.service.Service.periodic_tasks' sleeping for 60.00 seconds {{(pid=109530) _run_loop /opt/stack/data/venv/lib/python3.12/site-packages/oslo_service/backend/_threading/loopingcall.py:125}}
Sep 09 16:39:56.832973 np0000192404 nova-conductor[109519]: DEBUG oslo.service.backend._threading.loopingcall [None req-ba7842c3-8096-4b5a-ad44-121aaf0a9100 None None] Dynamic interval looping call 'nova.service.Service.periodic_tasks' sleeping for 60.00 seconds {{(pid=109519) _run_loop /opt/stack/data/venv/lib/python3.12/site-packages/oslo_service/backend/_threading/loopingcall.py:125}}
Sep 09 16:40:03.828041 np0000192404 nova-conductor[109539]: DEBUG oslo.service.backend._threading.loopingcall [None req-14588224-2ebe-4ff1-b804-ca6a1e73685c None None] Dynamic interval looping call 'nova.service.Service.periodic_tasks' sleeping for 60.00 seconds {{(pid=109539) _run_loop /opt/stack/data/venv/lib/python3.12/site-packages/oslo_service/backend/_threading/loopingcall.py:125}}
Sep 09 16:40:27.826847 np0000192404 nova-conductor[109511]: DEBUG oslo.service.backend._threading.loopingcall [None req-b404eb0b-d656-4eeb-bb17-428a4d6d2125 None None] Dynamic interval looping call 'nova.service.Service.periodic_tasks' sleeping for 60.00 seconds {{(pid=109511) _run_loop /opt/stack/data/venv/lib/python3.12/site-packages/oslo_service/backend/_threading/loopingcall.py:125}}
Sep 09 16:40:47.879629 np0000192404 nova-conductor[109530]: DEBUG oslo.service.backend._threading.loopingcall [None req-32b898ca-c664-45ec-867b-4f5962ecb7cf None None] Dynamic interval looping call 'nova.service.Service.periodic_tasks' sleeping for 60.00 seconds {{(pid=109530) _run_loop /opt/stack/data/venv/lib/python3.12/site-packages/oslo_service/backend/_threading/loopingcall.py:125}}
Sep 09 16:40:56.833520 np0000192404 nova-conductor[109519]: DEBUG oslo.service.backend._threading.loopingcall [None req-ba7842c3-8096-4b5a-ad44-121aaf0a9100 None None] Dynamic interval looping call 'nova.service.Service.periodic_tasks' sleeping for 60.00 seconds {{(pid=109519) _run_loop /opt/stack/data/venv/lib/python3.12/site-packages/oslo_service/backend/_threading/loopingcall.py:125}}
Sep 09 16:41:03.828697 np0000192404 nova-conductor[109539]: DEBUG oslo.service.backend._threading.loopingcall [None req-14588224-2ebe-4ff1-b804-ca6a1e73685c None None] Dynamic interval looping call 'nova.service.Service.periodic_tasks' sleeping for 60.00 seconds {{(pid=109539) _run_loop /opt/stack/data/venv/lib/python3.12/site-packages/oslo_service/backend/_threading/loopingcall.py:125}}
Sep 09 16:41:13.837350 np0000192404 nova-conductor[109511]: DEBUG oslo.service.backend._threading.loopingcall [-] Fixed interval looping call 'nova.servicegroup.drivers.db.DbDriver._report_state' sleeping for 119.99 seconds {{(pid=109511) _run_loop /opt/stack/data/venv/lib/python3.12/site-packages/oslo_service/backend/_threading/loopingcall.py:125}}
Sep 09 16:41:13.838286 np0000192404 nova-conductor[109539]: DEBUG oslo.service.backend._threading.loopingcall [-] Fixed interval looping call 'nova.servicegroup.drivers.db.DbDriver._report_state' sleeping for 119.99 seconds {{(pid=109539) _run_loop /opt/stack/data/venv/lib/python3.12/site-packages/oslo_service/backend/_threading/loopingcall.py:125}}
Sep 09 16:41:13.838843 np0000192404 nova-conductor[109519]: DEBUG oslo.service.backend._threading.loopingcall [-] Fixed interval looping call 'nova.servicegroup.drivers.db.DbDriver._report_state' sleeping for 119.99 seconds {{(pid=109519) _run_loop /opt/stack/data/venv/lib/python3.12/site-packages/oslo_service/backend/_threading/loopingcall.py:125}}
Sep 09 16:41:13.875053 np0000192404 nova-conductor[109530]: DEBUG oslo.service.backend._threading.loopingcall [-] Fixed interval looping call 'nova.servicegroup.drivers.db.DbDriver._report_state' sleeping for 120.00 seconds {{(pid=109530) _run_loop /opt/stack/data/venv/lib/python3.12/site-packages/oslo_service/backend/_threading/loopingcall.py:125}}
Sep 09 16:41:23.829277 np0000192404 nova-conductor[109511]: DEBUG dbcounter [-] [109511] Writing DB stats nova_cell0:SELECT=1,nova_cell0:UPDATE=1 {{(pid=109511) stat_writer /opt/stack/data/venv/lib/python3.12/site-packages/dbcounter.py:115}}
Sep 09 16:41:23.829874 np0000192404 nova-conductor[109539]: DEBUG dbcounter [-] [109539] Writing DB stats nova_cell0:SELECT=1,nova_cell0:UPDATE=1 {{(pid=109539) stat_writer /opt/stack/data/venv/lib/python3.12/site-packages/dbcounter.py:115}}
Sep 09 16:41:23.831141 np0000192404 nova-conductor[109519]: DEBUG dbcounter [-] [109519] Writing DB stats nova_cell0:SELECT=1,nova_cell0:UPDATE=1 {{(pid=109519) stat_writer /opt/stack/data/venv/lib/python3.12/site-packages/dbcounter.py:115}}
Sep 09 16:41:23.875320 np0000192404 nova-conductor[109530]: DEBUG dbcounter [-] [109530] Writing DB stats nova_cell0:SELECT=1 {{(pid=109530) stat_writer /opt/stack/data/venv/lib/python3.12/site-packages/dbcounter.py:115}}
Sep 09 16:41:27.827387 np0000192404 nova-conductor[109511]: DEBUG oslo.service.backend._threading.loopingcall [None req-b404eb0b-d656-4eeb-bb17-428a4d6d2125 None None] Dynamic interval looping call 'nova.service.Service.periodic_tasks' sleeping for 60.00 seconds {{(pid=109511) _run_loop /opt/stack/data/venv/lib/python3.12/site-packages/oslo_service/backend/_threading/loopingcall.py:125}}
