Jul 29 16:13:21.822948 np0000187445 devstack@g-api.service[114417]: DEBUG glance.image_cache.drivers.centralized_db [None req-97c9d4df-8731-4210-b83d-d30d8716ac20 None None] Node reference is already recorded, ignoring it {{(pid=114417) configure /opt/stack/glance/glance/image_cache/drivers/centralized_db.py:71}}
Jul 29 16:13:21.826944 np0000187445 devstack@g-api.service[114415]: DEBUG glance.image_cache.drivers.centralized_db [None req-9cc562a8-ddeb-4a04-ba9a-8a71b51c514e None None] Node reference is already recorded, ignoring it {{(pid=114415) configure /opt/stack/glance/glance/image_cache/drivers/centralized_db.py:71}}
Jul 29 16:13:21.827838 np0000187445 devstack@g-api.service[114418]: INFO glance.image_cache [None req-fee34a0b-c66b-4b8d-9b7b-34babaedbf05 None None] Image cache loaded driver 'centralized_db'.
Jul 29 16:13:21.828721 np0000187445 devstack@g-api.service[114417]: DEBUG glance.api.v2.cached_images [None req-97c9d4df-8731-4210-b83d-d30d8716ac20 None None] Started cache worker thread {{(pid=114417) __init__ /opt/stack/glance/glance/api/v2/cached_images.py:71}}
Jul 29 16:13:21.829775 np0000187445 devstack@g-api.service[114417]: INFO glance.image_cache [None req-97c9d4df-8731-4210-b83d-d30d8716ac20 None None] Image cache loaded driver 'centralized_db'.
Jul 29 16:13:21.830756 np0000187445 devstack@g-api.service[114416]: INFO glance.image_cache [None req-65ce1802-d662-4a75-92b3-c4fecc8645da None None] Image cache loaded driver 'centralized_db'.
Jul 29 16:13:21.833117 np0000187445 devstack@g-api.service[114415]: INFO glance.image_cache [None req-9cc562a8-ddeb-4a04-ba9a-8a71b51c514e None None] Image cache loaded driver 'centralized_db'.
Jul 29 16:13:21.838755 np0000187445 devstack@g-api.service[114418]: DEBUG glance.image_cache.drivers.centralized_db [None req-fee34a0b-c66b-4b8d-9b7b-34babaedbf05 None None] Node reference is already recorded, ignoring it {{(pid=114418) configure /opt/stack/glance/glance/image_cache/drivers/centralized_db.py:71}}
Jul 29 16:13:21.840850 np0000187445 devstack@g-api.service[114417]: DEBUG glance.image_cache.drivers.centralized_db [None req-97c9d4df-8731-4210-b83d-d30d8716ac20 None None] Node reference is already recorded, ignoring it {{(pid=114417) configure /opt/stack/glance/glance/image_cache/drivers/centralized_db.py:71}}
Jul 29 16:13:21.842991 np0000187445 devstack@g-api.service[114416]: DEBUG glance.image_cache.drivers.centralized_db [None req-65ce1802-d662-4a75-92b3-c4fecc8645da None None] Node reference is already recorded, ignoring it {{(pid=114416) configure /opt/stack/glance/glance/image_cache/drivers/centralized_db.py:71}}
Jul 29 16:13:21.843358 np0000187445 devstack@g-api.service[114415]: DEBUG glance.image_cache.drivers.centralized_db [None req-9cc562a8-ddeb-4a04-ba9a-8a71b51c514e None None] Node reference is already recorded, ignoring it {{(pid=114415) configure /opt/stack/glance/glance/image_cache/drivers/centralized_db.py:71}}
Jul 29 16:13:21.846030 np0000187445 devstack@g-api.service[114417]: INFO glance.api.middleware.cache_manage [None req-97c9d4df-8731-4210-b83d-d30d8716ac20 None None] Initialized image cache management middleware
Jul 29 16:13:21.846152 np0000187445 devstack@g-api.service[114417]: INFO glance.image_cache [None req-97c9d4df-8731-4210-b83d-d30d8716ac20 None None] Image cache loaded driver 'centralized_db'.
Jul 29 16:13:21.846206 np0000187445 devstack@g-api.service[114418]: DEBUG glance.api.v2.cached_images [None req-fee34a0b-c66b-4b8d-9b7b-34babaedbf05 None None] Started cache worker thread {{(pid=114418) __init__ /opt/stack/glance/glance/api/v2/cached_images.py:71}}
Jul 29 16:13:21.847227 np0000187445 devstack@g-api.service[114418]: INFO glance.image_cache [None req-fee34a0b-c66b-4b8d-9b7b-34babaedbf05 None None] Image cache loaded driver 'centralized_db'.
Jul 29 16:13:21.848724 np0000187445 devstack@g-api.service[114415]: DEBUG glance.api.v2.cached_images [None req-9cc562a8-ddeb-4a04-ba9a-8a71b51c514e None None] Started cache worker thread {{(pid=114415) __init__ /opt/stack/glance/glance/api/v2/cached_images.py:71}}
Jul 29 16:13:21.849498 np0000187445 devstack@g-api.service[114415]: INFO glance.image_cache [None req-9cc562a8-ddeb-4a04-ba9a-8a71b51c514e None None] Image cache loaded driver 'centralized_db'.
Jul 29 16:13:21.851381 np0000187445 devstack@g-api.service[114416]: DEBUG glance.api.v2.cached_images [None req-65ce1802-d662-4a75-92b3-c4fecc8645da None None] Started cache worker thread {{(pid=114416) __init__ /opt/stack/glance/glance/api/v2/cached_images.py:71}}
Jul 29 16:13:21.852383 np0000187445 devstack@g-api.service[114416]: INFO glance.image_cache [None req-65ce1802-d662-4a75-92b3-c4fecc8645da None None] Image cache loaded driver 'centralized_db'.
Jul 29 16:13:21.861746 np0000187445 devstack@g-api.service[114417]: DEBUG glance.image_cache.drivers.centralized_db [None req-97c9d4df-8731-4210-b83d-d30d8716ac20 None None] Node reference is already recorded, ignoring it {{(pid=114417) configure /opt/stack/glance/glance/image_cache/drivers/centralized_db.py:71}}
Jul 29 16:13:21.862967 np0000187445 devstack@g-api.service[114418]: DEBUG glance.image_cache.drivers.centralized_db [None req-fee34a0b-c66b-4b8d-9b7b-34babaedbf05 None None] Node reference is already recorded, ignoring it {{(pid=114418) configure /opt/stack/glance/glance/image_cache/drivers/centralized_db.py:71}}
Jul 29 16:13:21.863946 np0000187445 devstack@g-api.service[114415]: DEBUG glance.image_cache.drivers.centralized_db [None req-9cc562a8-ddeb-4a04-ba9a-8a71b51c514e None None] Node reference is already recorded, ignoring it {{(pid=114415) configure /opt/stack/glance/glance/image_cache/drivers/centralized_db.py:71}}
Jul 29 16:13:21.864048 np0000187445 devstack@g-api.service[114416]: DEBUG glance.image_cache.drivers.centralized_db [None req-65ce1802-d662-4a75-92b3-c4fecc8645da None None] Node reference is already recorded, ignoring it {{(pid=114416) configure /opt/stack/glance/glance/image_cache/drivers/centralized_db.py:71}}
Jul 29 16:13:21.868276 np0000187445 devstack@g-api.service[114417]: INFO glance.api.middleware.cache [None req-97c9d4df-8731-4210-b83d-d30d8716ac20 None None] Initialized image cache middleware
Jul 29 16:13:21.870347 np0000187445 devstack@g-api.service[114415]: INFO glance.api.middleware.cache_manage [None req-9cc562a8-ddeb-4a04-ba9a-8a71b51c514e None None] Initialized image cache management middleware
Jul 29 16:13:21.870534 np0000187445 devstack@g-api.service[114415]: INFO glance.image_cache [None req-9cc562a8-ddeb-4a04-ba9a-8a71b51c514e None None] Image cache loaded driver 'centralized_db'.
Jul 29 16:13:21.871009 np0000187445 devstack@g-api.service[114418]: INFO glance.api.middleware.cache_manage [None req-fee34a0b-c66b-4b8d-9b7b-34babaedbf05 None None] Initialized image cache management middleware
Jul 29 16:13:21.871287 np0000187445 devstack@g-api.service[114418]: INFO glance.image_cache [None req-fee34a0b-c66b-4b8d-9b7b-34babaedbf05 None None] Image cache loaded driver 'centralized_db'.
Jul 29 16:13:21.872862 np0000187445 devstack@g-api.service[114416]: INFO glance.api.middleware.cache_manage [None req-65ce1802-d662-4a75-92b3-c4fecc8645da None None] Initialized image cache management middleware
Jul 29 16:13:21.873153 np0000187445 devstack@g-api.service[114416]: INFO glance.image_cache [None req-65ce1802-d662-4a75-92b3-c4fecc8645da None None] Image cache loaded driver 'centralized_db'.
Jul 29 16:13:21.880966 np0000187445 devstack@g-api.service[114415]: DEBUG glance.image_cache.drivers.centralized_db [None req-9cc562a8-ddeb-4a04-ba9a-8a71b51c514e None None] Node reference is already recorded, ignoring it {{(pid=114415) configure /opt/stack/glance/glance/image_cache/drivers/centralized_db.py:71}}
Jul 29 16:13:21.881207 np0000187445 devstack@g-api.service[114417]: DEBUG glance.common.config [None req-97c9d4df-8731-4210-b83d-d30d8716ac20 None None] ******************************************************************************** {{(pid=114417) log_opt_values /opt/stack/data/venv/lib/python3.12/site-packages/oslo_config/cfg.py:3226}}
Jul 29 16:13:21.881207 np0000187445 devstack@g-api.service[114417]: DEBUG glance.common.config [None req-97c9d4df-8731-4210-b83d-d30d8716ac20 None None] Configuration options gathered from: {{(pid=114417) log_opt_values /opt/stack/data/venv/lib/python3.12/site-packages/oslo_config/cfg.py:3227}}
Jul 29 16:13:21.881435 np0000187445 devstack@g-api.service[114417]: DEBUG glance.common.config [None req-97c9d4df-8731-4210-b83d-d30d8716ac20 None None] command line args: [] {{(pid=114417) log_opt_values /opt/stack/data/venv/lib/python3.12/site-packages/oslo_config/cfg.py:3228}}
Jul 29 16:13:21.881574 np0000187445 devstack@g-api.service[114417]: DEBUG glance.common.config [None req-97c9d4df-8731-4210-b83d-d30d8716ac20 None None] config files: ['/etc/glance/glance-image-import.conf', '/etc/glance/glance-api.conf'] {{(pid=114417) log_opt_values /opt/stack/data/venv/lib/python3.12/site-packages/oslo_config/cfg.py:3229}}
Jul 29 16:13:21.881669 np0000187445 devstack@g-api.service[114417]: DEBUG glance.common.config [None req-97c9d4df-8731-4210-b83d-d30d8716ac20 None None] ================================================================================ {{(pid=114417) log_opt_values /opt/stack/data/venv/lib/python3.12/site-packages/oslo_config/cfg.py:3234}}
Jul 29 16:13:21.881769 np0000187445 devstack@g-api.service[114417]: DEBUG glance.common.config [None req-97c9d4df-8731-4210-b83d-d30d8716ac20 None None] allow_anonymous_access = False {{(pid=114417) log_opt_values /opt/stack/data/venv/lib/python3.12/site-packages/oslo_config/cfg.py:3242}}
Jul 29 16:13:21.881863 np0000187445 devstack@g-api.service[114417]: DEBUG glance.common.config [None req-97c9d4df-8731-4210-b83d-d30d8716ac20 None None] api_limit_max = 1000 {{(pid=114417) log_opt_values /opt/stack/data/venv/lib/python3.12/site-packages/oslo_config/cfg.py:3242}}
Jul 29 16:13:21.881944 np0000187445 devstack@g-api.service[114417]: DEBUG glance.common.config [None req-97c9d4df-8731-4210-b83d-d30d8716ac20 None None] config_dir = [] {{(pid=114417) log_opt_values /opt/stack/data/venv/lib/python3.12/site-packages/oslo_config/cfg.py:3242}}
Jul 29 16:13:21.882048 np0000187445 devstack@g-api.service[114417]: DEBUG glance.common.config [None req-97c9d4df-8731-4210-b83d-d30d8716ac20 None None] config_file = ['/etc/glance/glance-image-import.conf', '/etc/glance/glance-api.conf'] {{(pid=114417) log_opt_values /opt/stack/data/venv/lib/python3.12/site-packages/oslo_config/cfg.py:3242}}
Jul 29 16:13:21.882176 np0000187445 devstack@g-api.service[114417]: DEBUG glance.common.config [None req-97c9d4df-8731-4210-b83d-d30d8716ac20 None None] config_source = [] {{(pid=114417) log_opt_values /opt/stack/data/venv/lib/python3.12/site-packages/oslo_config/cfg.py:3242}}
Jul 29 16:13:21.882283 np0000187445 devstack@g-api.service[114417]: DEBUG glance.common.config [None req-97c9d4df-8731-4210-b83d-d30d8716ac20 None None] control_exchange = glance {{(pid=114417) log_opt_values /opt/stack/data/venv/lib/python3.12/site-packages/oslo_config/cfg.py:3242}}
Jul 29 16:13:21.882283 np0000187445 devstack@g-api.service[114417]: DEBUG glance.common.config [None req-97c9d4df-8731-4210-b83d-d30d8716ac20 None None] debug = True {{(pid=114417) log_opt_values /opt/stack/data/venv/lib/python3.12/site-packages/oslo_config/cfg.py:3242}}
Jul 29 16:13:21.882462 np0000187445 devstack@g-api.service[114418]: DEBUG glance.image_cache.drivers.centralized_db [None req-fee34a0b-c66b-4b8d-9b7b-34babaedbf05 None None] Node reference is already recorded, ignoring it {{(pid=114418) configure /opt/stack/glance/glance/image_cache/drivers/centralized_db.py:71}}
Jul 29 16:13:21.882556 np0000187445 devstack@g-api.service[114417]: DEBUG glance.common.config [None req-97c9d4df-8731-4210-b83d-d30d8716ac20 None None] default_log_levels = ['amqp=WARN', 'boto=WARN', 'sqlalchemy=WARN', 'suds=INFO', 'oslo.messaging=INFO', 'oslo_messaging=INFO', 'iso8601=WARN', 'requests.packages.urllib3.connectionpool=WARN', 'urllib3.connectionpool=WARN', 'websocket=WARN', 'requests.packages.urllib3.util.retry=WARN', 'urllib3.util.retry=WARN', 'keystonemiddleware=WARN', 'routes.middleware=WARN', 'stevedore=WARN', 'taskflow=WARN', 'keystoneauth=WARN', 'oslo.cache=INFO', 'oslo_policy=INFO', 'dogpile.core.dogpile=INFO'] {{(pid=114417) log_opt_values /opt/stack/data/venv/lib/python3.12/site-packages/oslo_config/cfg.py:3242}}
Jul 29 16:13:21.882556 np0000187445 devstack@g-api.service[114417]: DEBUG glance.common.config [None req-97c9d4df-8731-4210-b83d-d30d8716ac20 None None] default_publisher_id = image.localhost {{(pid=114417) log_opt_values /opt/stack/data/venv/lib/python3.12/site-packages/oslo_config/cfg.py:3242}}
Jul 29 16:13:21.882820 np0000187445 devstack@g-api.service[114417]: DEBUG glance.common.config [None req-97c9d4df-8731-4210-b83d-d30d8716ac20 None None] delayed_delete = False {{(pid=114417) log_opt_values /opt/stack/data/venv/lib/python3.12/site-packages/oslo_config/cfg.py:3242}}
Jul 29 16:13:21.882820 np0000187445 devstack@g-api.service[114417]: DEBUG glance.common.config [None req-97c9d4df-8731-4210-b83d-d30d8716ac20 None None] digest_algorithm = sha256 {{(pid=114417) log_opt_values /opt/stack/data/venv/lib/python3.12/site-packages/oslo_config/cfg.py:3242}}
Jul 29 16:13:21.882982 np0000187445 devstack@g-api.service[114417]: DEBUG glance.common.config [None req-97c9d4df-8731-4210-b83d-d30d8716ac20 None None] disabled_notifications = [] {{(pid=114417) log_opt_values /opt/stack/data/venv/lib/python3.12/site-packages/oslo_config/cfg.py:3242}}
Jul 29 16:13:21.882982 np0000187445 devstack@g-api.service[114417]: DEBUG glance.common.config [None req-97c9d4df-8731-4210-b83d-d30d8716ac20 None None] do_secure_hash = True {{(pid=114417) log_opt_values /opt/stack/data/venv/lib/python3.12/site-packages/oslo_config/cfg.py:3242}}
Jul 29 16:13:21.883590 np0000187445 devstack@g-api.service[114417]: DEBUG glance.common.config [None req-97c9d4df-8731-4210-b83d-d30d8716ac20 None None] enabled_backends = None {{(pid=114417) log_opt_values /opt/stack/data/venv/lib/python3.12/site-packages/oslo_config/cfg.py:3242}}
Jul 29 16:13:21.883590 np0000187445 devstack@g-api.service[114417]: DEBUG glance.common.config [None req-97c9d4df-8731-4210-b83d-d30d8716ac20 None None] enabled_import_methods = ['glance-direct', 'web-download', 'copy-image'] {{(pid=114417) log_opt_values /opt/stack/data/venv/lib/python3.12/site-packages/oslo_config/cfg.py:3242}}
Jul 29 16:13:21.883590 np0000187445 devstack@g-api.service[114417]: DEBUG glance.common.config [None req-97c9d4df-8731-4210-b83d-d30d8716ac20 None None] hashing_algorithm = sha512 {{(pid=114417) log_opt_values /opt/stack/data/venv/lib/python3.12/site-packages/oslo_config/cfg.py:3242}}
Jul 29 16:13:21.883590 np0000187445 devstack@g-api.service[114417]: DEBUG glance.common.config [None req-97c9d4df-8731-4210-b83d-d30d8716ac20 None None] http_retries = 3 {{(pid=114417) log_opt_values /opt/stack/data/venv/lib/python3.12/site-packages/oslo_config/cfg.py:3242}}
Jul 29 16:13:21.883590 np0000187445 devstack@g-api.service[114417]: DEBUG glance.common.config [None req-97c9d4df-8731-4210-b83d-d30d8716ac20 None None] image_cache_dir = /opt/stack/data/glance/cache/ {{(pid=114417) log_opt_values /opt/stack/data/venv/lib/python3.12/site-packages/oslo_config/cfg.py:3242}}
Jul 29 16:13:21.883590 np0000187445 devstack@g-api.service[114417]: DEBUG glance.common.config [None req-97c9d4df-8731-4210-b83d-d30d8716ac20 None None] image_cache_driver = centralized_db {{(pid=114417) log_opt_values /opt/stack/data/venv/lib/python3.12/site-packages/oslo_config/cfg.py:3242}}
Jul 29 16:13:21.884098 np0000187445 devstack@g-api.service[114417]: DEBUG glance.common.config [None req-97c9d4df-8731-4210-b83d-d30d8716ac20 None None] image_cache_max_size = 10737418240 {{(pid=114417) log_opt_values /opt/stack/data/venv/lib/python3.12/site-packages/oslo_config/cfg.py:3242}}
Jul 29 16:13:21.884098 np0000187445 devstack@g-api.service[114417]: DEBUG glance.common.config [None req-97c9d4df-8731-4210-b83d-d30d8716ac20 None None] image_cache_sqlite_db = cache.db {{(pid=114417) log_opt_values /opt/stack/data/venv/lib/python3.12/site-packages/oslo_config/cfg.py:3242}}
Jul 29 16:13:21.884098 np0000187445 devstack@g-api.service[114417]: DEBUG glance.common.config [None req-97c9d4df-8731-4210-b83d-d30d8716ac20 None None] image_cache_stall_time = 86400 {{(pid=114417) log_opt_values /opt/stack/data/venv/lib/python3.12/site-packages/oslo_config/cfg.py:3242}}
Jul 29 16:13:21.884098 np0000187445 devstack@g-api.service[114417]: DEBUG glance.common.config [None req-97c9d4df-8731-4210-b83d-d30d8716ac20 None None] image_location_quota = 10 {{(pid=114417) log_opt_values /opt/stack/data/venv/lib/python3.12/site-packages/oslo_config/cfg.py:3242}}
Jul 29 16:13:21.884098 np0000187445 devstack@g-api.service[114417]: DEBUG glance.common.config [None req-97c9d4df-8731-4210-b83d-d30d8716ac20 None None] image_member_quota = 128 {{(pid=114417) log_opt_values /opt/stack/data/venv/lib/python3.12/site-packages/oslo_config/cfg.py:3242}}
Jul 29 16:13:21.884479 np0000187445 devstack@g-api.service[114417]: DEBUG glance.common.config [None req-97c9d4df-8731-4210-b83d-d30d8716ac20 None None] image_property_quota = 128 {{(pid=114417) log_opt_values /opt/stack/data/venv/lib/python3.12/site-packages/oslo_config/cfg.py:3242}}
Jul 29 16:13:21.884479 np0000187445 devstack@g-api.service[114417]: DEBUG glance.common.config [None req-97c9d4df-8731-4210-b83d-d30d8716ac20 None None] image_size_cap = 1099511627776 {{(pid=114417) log_opt_values /opt/stack/data/venv/lib/python3.12/site-packages/oslo_config/cfg.py:3242}}
Jul 29 16:13:21.884479 np0000187445 devstack@g-api.service[114417]: DEBUG glance.common.config [None req-97c9d4df-8731-4210-b83d-d30d8716ac20 None None] image_tag_quota = 128 {{(pid=114417) log_opt_values /opt/stack/data/venv/lib/python3.12/site-packages/oslo_config/cfg.py:3242}}
Jul 29 16:13:21.884479 np0000187445 devstack@g-api.service[114417]: DEBUG glance.common.config [None req-97c9d4df-8731-4210-b83d-d30d8716ac20 None None] instance_format = [instance: %(uuid)s] {{(pid=114417) log_opt_values /opt/stack/data/venv/lib/python3.12/site-packages/oslo_config/cfg.py:3242}}
Jul 29 16:13:21.884804 np0000187445 devstack@g-api.service[114417]: DEBUG glance.common.config [None req-97c9d4df-8731-4210-b83d-d30d8716ac20 None None] instance_uuid_format = [instance: %(uuid)s] {{(pid=114417) log_opt_values /opt/stack/data/venv/lib/python3.12/site-packages/oslo_config/cfg.py:3242}}
Jul 29 16:13:21.884804 np0000187445 devstack@g-api.service[114417]: DEBUG glance.common.config [None req-97c9d4df-8731-4210-b83d-d30d8716ac20 None None] limit_param_default = 25 {{(pid=114417) log_opt_values /opt/stack/data/venv/lib/python3.12/site-packages/oslo_config/cfg.py:3242}}
Jul 29 16:13:21.884804 np0000187445 devstack@g-api.service[114417]: DEBUG glance.common.config [None req-97c9d4df-8731-4210-b83d-d30d8716ac20 None None] log_color = False {{(pid=114417) log_opt_values /opt/stack/data/venv/lib/python3.12/site-packages/oslo_config/cfg.py:3242}}
Jul 29 16:13:21.884804 np0000187445 devstack@g-api.service[114417]: DEBUG glance.common.config [None req-97c9d4df-8731-4210-b83d-d30d8716ac20 None None] log_config_append = None {{(pid=114417) log_opt_values /opt/stack/data/venv/lib/python3.12/site-packages/oslo_config/cfg.py:3242}}
Jul 29 16:13:21.885136 np0000187445 devstack@g-api.service[114417]: DEBUG glance.common.config [None req-97c9d4df-8731-4210-b83d-d30d8716ac20 None None] log_date_format = %Y-%m-%d %H:%M:%S {{(pid=114417) log_opt_values /opt/stack/data/venv/lib/python3.12/site-packages/oslo_config/cfg.py:3242}}
Jul 29 16:13:21.885244 np0000187445 devstack@g-api.service[114415]: INFO glance.api.middleware.cache [None req-9cc562a8-ddeb-4a04-ba9a-8a71b51c514e None None] Initialized image cache middleware
Jul 29 16:13:21.885326 np0000187445 devstack@g-api.service[114417]: DEBUG glance.common.config [None req-97c9d4df-8731-4210-b83d-d30d8716ac20 None None] log_dir = None {{(pid=114417) log_opt_values /opt/stack/data/venv/lib/python3.12/site-packages/oslo_config/cfg.py:3242}}
Jul 29 16:13:21.885326 np0000187445 devstack@g-api.service[114417]: DEBUG glance.common.config [None req-97c9d4df-8731-4210-b83d-d30d8716ac20 None None] log_file = None {{(pid=114417) log_opt_values /opt/stack/data/venv/lib/python3.12/site-packages/oslo_config/cfg.py:3242}}
Jul 29 16:13:21.885326 np0000187445 devstack@g-api.service[114417]: DEBUG glance.common.config [None req-97c9d4df-8731-4210-b83d-d30d8716ac20 None None] log_rotate_interval = 1 {{(pid=114417) log_opt_values /opt/stack/data/venv/lib/python3.12/site-packages/oslo_config/cfg.py:3242}}
Jul 29 16:13:21.885326 np0000187445 devstack@g-api.service[114417]: DEBUG glance.common.config [None req-97c9d4df-8731-4210-b83d-d30d8716ac20 None None] log_rotate_interval_type = days {{(pid=114417) log_opt_values /opt/stack/data/venv/lib/python3.12/site-packages/oslo_config/cfg.py:3242}}
Jul 29 16:13:21.885627 np0000187445 devstack@g-api.service[114417]: DEBUG glance.common.config [None req-97c9d4df-8731-4210-b83d-d30d8716ac20 None None] log_rotation_type = none {{(pid=114417) log_opt_values /opt/stack/data/venv/lib/python3.12/site-packages/oslo_config/cfg.py:3242}}
Jul 29 16:13:21.885627 np0000187445 devstack@g-api.service[114417]: DEBUG glance.common.config [None req-97c9d4df-8731-4210-b83d-d30d8716ac20 None None] logging_context_format_string = %(color)s%(levelname)s %(name)s [%(global_request_id)s %(request_id)s %(project_name)s %(user_name)s%(color)s] %(instance)s%(color)s%(message)s {{(pid=114417) log_opt_values /opt/stack/data/venv/lib/python3.12/site-packages/oslo_config/cfg.py:3242}}
Jul 29 16:13:21.885627 np0000187445 devstack@g-api.service[114417]: DEBUG glance.common.config [None req-97c9d4df-8731-4210-b83d-d30d8716ac20 None None] logging_debug_format_suffix = {{(pid=%(process)d) %(funcName)s %(pathname)s:%(lineno)d}} {{(pid=114417) log_opt_values /opt/stack/data/venv/lib/python3.12/site-packages/oslo_config/cfg.py:3242}}
Jul 29 16:13:21.885627 np0000187445 devstack@g-api.service[114417]: DEBUG glance.common.config [None req-97c9d4df-8731-4210-b83d-d30d8716ac20 None None] logging_default_format_string = %(color)s%(levelname)s %(name)s [-%(color)s] %(instance)s%(color)s%(message)s {{(pid=114417) log_opt_values /opt/stack/data/venv/lib/python3.12/site-packages/oslo_config/cfg.py:3242}}
Jul 29 16:13:21.885928 np0000187445 devstack@g-api.service[114417]: DEBUG glance.common.config [None req-97c9d4df-8731-4210-b83d-d30d8716ac20 None None] logging_exception_prefix = ERROR %(name)s %(instance)s {{(pid=114417) log_opt_values /opt/stack/data/venv/lib/python3.12/site-packages/oslo_config/cfg.py:3242}}
Jul 29 16:13:21.885928 np0000187445 devstack@g-api.service[114417]: DEBUG glance.common.config [None req-97c9d4df-8731-4210-b83d-d30d8716ac20 None None] logging_user_identity_format = %(user)s %(project)s %(domain)s %(system_scope)s %(user_domain)s %(project_domain)s {{(pid=114417) log_opt_values /opt/stack/data/venv/lib/python3.12/site-packages/oslo_config/cfg.py:3242}}
Jul 29 16:13:21.885928 np0000187445 devstack@g-api.service[114417]: DEBUG glance.common.config [None req-97c9d4df-8731-4210-b83d-d30d8716ac20 None None] max_logfile_count = 30 {{(pid=114417) log_opt_values /opt/stack/data/venv/lib/python3.12/site-packages/oslo_config/cfg.py:3242}}
Jul 29 16:13:21.886176 np0000187445 devstack@g-api.service[114417]: DEBUG glance.common.config [None req-97c9d4df-8731-4210-b83d-d30d8716ac20 None None] max_logfile_size_mb = 200 {{(pid=114417) log_opt_values /opt/stack/data/venv/lib/python3.12/site-packages/oslo_config/cfg.py:3242}}
Jul 29 16:13:21.886176 np0000187445 devstack@g-api.service[114417]: DEBUG glance.common.config [None req-97c9d4df-8731-4210-b83d-d30d8716ac20 None None] max_request_id_length = 64 {{(pid=114417) log_opt_values /opt/stack/data/venv/lib/python3.12/site-packages/oslo_config/cfg.py:3242}}
Jul 29 16:13:21.886176 np0000187445 devstack@g-api.service[114417]: DEBUG glance.common.config [None req-97c9d4df-8731-4210-b83d-d30d8716ac20 None None] metadata_encryption_key = **** {{(pid=114417) log_opt_values /opt/stack/data/venv/lib/python3.12/site-packages/oslo_config/cfg.py:3242}}
Jul 29 16:13:21.886342 np0000187445 devstack@g-api.service[114417]: DEBUG glance.common.config [None req-97c9d4df-8731-4210-b83d-d30d8716ac20 None None] node_staging_uri = file:///tmp/staging/ {{(pid=114417) log_opt_values /opt/stack/data/venv/lib/python3.12/site-packages/oslo_config/cfg.py:3242}}
Jul 29 16:13:21.886403 np0000187445 devstack@g-api.service[114417]: DEBUG glance.common.config [None req-97c9d4df-8731-4210-b83d-d30d8716ac20 None None] property_protection_file = None {{(pid=114417) log_opt_values /opt/stack/data/venv/lib/python3.12/site-packages/oslo_config/cfg.py:3242}}
Jul 29 16:13:21.886451 np0000187445 devstack@g-api.service[114416]: DEBUG glance.image_cache.drivers.centralized_db [None req-65ce1802-d662-4a75-92b3-c4fecc8645da None None] Node reference is already recorded, ignoring it {{(pid=114416) configure /opt/stack/glance/glance/image_cache/drivers/centralized_db.py:71}}
Jul 29 16:13:21.886493 np0000187445 devstack@g-api.service[114417]: DEBUG glance.common.config [None req-97c9d4df-8731-4210-b83d-d30d8716ac20 None None] property_protection_rule_format = roles {{(pid=114417) log_opt_values /opt/stack/data/venv/lib/python3.12/site-packages/oslo_config/cfg.py:3242}}
Jul 29 16:13:21.886589 np0000187445 devstack@g-api.service[114417]: DEBUG glance.common.config [None req-97c9d4df-8731-4210-b83d-d30d8716ac20 None None] public_endpoint = https://199.19.213.233/image {{(pid=114417) log_opt_values /opt/stack/data/venv/lib/python3.12/site-packages/oslo_config/cfg.py:3242}}
Jul 29 16:13:21.886676 np0000187445 devstack@g-api.service[114417]: DEBUG glance.common.config [None req-97c9d4df-8731-4210-b83d-d30d8716ac20 None None] publish_errors = False {{(pid=114417) log_opt_values /opt/stack/data/venv/lib/python3.12/site-packages/oslo_config/cfg.py:3242}}
Jul 29 16:13:21.886783 np0000187445 devstack@g-api.service[114417]: DEBUG glance.common.config [None req-97c9d4df-8731-4210-b83d-d30d8716ac20 None None] pydev_worker_debug_host = None {{(pid=114417) log_opt_values /opt/stack/data/venv/lib/python3.12/site-packages/oslo_config/cfg.py:3242}}
Jul 29 16:13:21.886877 np0000187445 devstack@g-api.service[114417]: DEBUG glance.common.config [None req-97c9d4df-8731-4210-b83d-d30d8716ac20 None None] pydev_worker_debug_port = 5678 {{(pid=114417) log_opt_values /opt/stack/data/venv/lib/python3.12/site-packages/oslo_config/cfg.py:3242}}
Jul 29 16:13:21.886976 np0000187445 devstack@g-api.service[114417]: DEBUG glance.common.config [None req-97c9d4df-8731-4210-b83d-d30d8716ac20 None None] rate_limit_burst = 0 {{(pid=114417) log_opt_values /opt/stack/data/venv/lib/python3.12/site-packages/oslo_config/cfg.py:3242}}
Jul 29 16:13:21.887123 np0000187445 devstack@g-api.service[114417]: DEBUG glance.common.config [None req-97c9d4df-8731-4210-b83d-d30d8716ac20 None None] rate_limit_except_level = CRITICAL {{(pid=114417) log_opt_values /opt/stack/data/venv/lib/python3.12/site-packages/oslo_config/cfg.py:3242}}
Jul 29 16:13:21.887216 np0000187445 devstack@g-api.service[114417]: DEBUG glance.common.config [None req-97c9d4df-8731-4210-b83d-d30d8716ac20 None None] rate_limit_interval = 0 {{(pid=114417) log_opt_values /opt/stack/data/venv/lib/python3.12/site-packages/oslo_config/cfg.py:3242}}
Jul 29 16:13:21.887321 np0000187445 devstack@g-api.service[114417]: DEBUG glance.common.config [None req-97c9d4df-8731-4210-b83d-d30d8716ac20 None None] scrub_pool_size = 1 {{(pid=114417) log_opt_values /opt/stack/data/venv/lib/python3.12/site-packages/oslo_config/cfg.py:3242}}
Jul 29 16:13:21.887465 np0000187445 devstack@g-api.service[114417]: DEBUG glance.common.config [None req-97c9d4df-8731-4210-b83d-d30d8716ac20 None None] scrub_time = 0 {{(pid=114417) log_opt_values /opt/stack/data/venv/lib/python3.12/site-packages/oslo_config/cfg.py:3242}}
Jul 29 16:13:21.887559 np0000187445 devstack@g-api.service[114417]: DEBUG glance.common.config [None req-97c9d4df-8731-4210-b83d-d30d8716ac20 None None] shell_completion = None {{(pid=114417) log_opt_values /opt/stack/data/venv/lib/python3.12/site-packages/oslo_config/cfg.py:3242}}
Jul 29 16:13:21.887669 np0000187445 devstack@g-api.service[114417]: DEBUG glance.common.config [None req-97c9d4df-8731-4210-b83d-d30d8716ac20 None None] show_image_direct_url = False {{(pid=114417) log_opt_values /opt/stack/data/venv/lib/python3.12/site-packages/oslo_config/cfg.py:3242}}
Jul 29 16:13:21.887886 np0000187445 devstack@g-api.service[114417]: WARNING oslo_config.cfg [None req-97c9d4df-8731-4210-b83d-d30d8716ac20 None None] Deprecated: Option "show_multiple_locations" from group "DEFAULT" is deprecated for removal (Use of this option, deprecated since Newton, is a security risk and will be removed once we figure out a way to satisfy those use cases that currently require it. An earlier announcement that the same functionality can be achieved with greater granularity by using policies is incorrect. You cannot work around this option via policy configuration at the present time, though that is the direction we believe the fix will take. Please keep an eye on the Glance release notes to stay up to date on progress in addressing this issue.). Its value may be silently ignored in the future.
Jul 29 16:13:21.888033 np0000187445 devstack@g-api.service[114417]: DEBUG glance.common.config [None req-97c9d4df-8731-4210-b83d-d30d8716ac20 None None] show_multiple_locations = False {{(pid=114417) log_opt_values /opt/stack/data/venv/lib/python3.12/site-packages/oslo_config/cfg.py:3242}}
Jul 29 16:13:21.888161 np0000187445 devstack@g-api.service[114417]: DEBUG glance.common.config [None req-97c9d4df-8731-4210-b83d-d30d8716ac20 None None] syslog_log_facility = LOG_USER {{(pid=114417) log_opt_values /opt/stack/data/venv/lib/python3.12/site-packages/oslo_config/cfg.py:3242}}
Jul 29 16:13:21.888268 np0000187445 devstack@g-api.service[114417]: DEBUG glance.common.config [None req-97c9d4df-8731-4210-b83d-d30d8716ac20 None None] transport_url = **** {{(pid=114417) log_opt_values /opt/stack/data/venv/lib/python3.12/site-packages/oslo_config/cfg.py:3242}}
Jul 29 16:13:21.888370 np0000187445 devstack@g-api.service[114417]: DEBUG glance.common.config [None req-97c9d4df-8731-4210-b83d-d30d8716ac20 None None] use_journal = False {{(pid=114417) log_opt_values /opt/stack/data/venv/lib/python3.12/site-packages/oslo_config/cfg.py:3242}}
Jul 29 16:13:21.888472 np0000187445 devstack@g-api.service[114417]: DEBUG glance.common.config [None req-97c9d4df-8731-4210-b83d-d30d8716ac20 None None] use_json = False {{(pid=114417) log_opt_values /opt/stack/data/venv/lib/python3.12/site-packages/oslo_config/cfg.py:3242}}
Jul 29 16:13:21.888577 np0000187445 devstack@g-api.service[114417]: DEBUG glance.common.config [None req-97c9d4df-8731-4210-b83d-d30d8716ac20 None None] use_keystone_limits = True {{(pid=114417) log_opt_values /opt/stack/data/venv/lib/python3.12/site-packages/oslo_config/cfg.py:3242}}
Jul 29 16:13:21.888676 np0000187445 devstack@g-api.service[114417]: DEBUG glance.common.config [None req-97c9d4df-8731-4210-b83d-d30d8716ac20 None None] use_stderr = False {{(pid=114417) log_opt_values /opt/stack/data/venv/lib/python3.12/site-packages/oslo_config/cfg.py:3242}}
Jul 29 16:13:21.888779 np0000187445 devstack@g-api.service[114417]: DEBUG glance.common.config [None req-97c9d4df-8731-4210-b83d-d30d8716ac20 None None] use_syslog = False {{(pid=114417) log_opt_values /opt/stack/data/venv/lib/python3.12/site-packages/oslo_config/cfg.py:3242}}
Jul 29 16:13:21.888883 np0000187445 devstack@g-api.service[114417]: DEBUG glance.common.config [None req-97c9d4df-8731-4210-b83d-d30d8716ac20 None None] user_storage_quota = 0 {{(pid=114417) log_opt_values /opt/stack/data/venv/lib/python3.12/site-packages/oslo_config/cfg.py:3242}}
Jul 29 16:13:21.888985 np0000187445 devstack@g-api.service[114417]: DEBUG glance.common.config [None req-97c9d4df-8731-4210-b83d-d30d8716ac20 None None] worker_self_reference_url = http://127.0.0.1:60999 {{(pid=114417) log_opt_values /opt/stack/data/venv/lib/python3.12/site-packages/oslo_config/cfg.py:3242}}
Jul 29 16:13:21.889119 np0000187445 devstack@g-api.service[114417]: DEBUG glance.common.config [None req-97c9d4df-8731-4210-b83d-d30d8716ac20 None None] oslo_concurrency.disable_process_locking = False {{(pid=114417) log_opt_values /opt/stack/data/venv/lib/python3.12/site-packages/oslo_config/cfg.py:3253}}
Jul 29 16:13:21.889227 np0000187445 devstack@g-api.service[114417]: DEBUG glance.common.config [None req-97c9d4df-8731-4210-b83d-d30d8716ac20 None None] oslo_concurrency.lock_path = /opt/stack/data/glance/locks {{(pid=114417) log_opt_values /opt/stack/data/venv/lib/python3.12/site-packages/oslo_config/cfg.py:3253}}
Jul 29 16:13:21.889335 np0000187445 devstack@g-api.service[114417]: DEBUG glance.common.config [None req-97c9d4df-8731-4210-b83d-d30d8716ac20 None None] oslo_middleware.enable_proxy_headers_parsing = False {{(pid=114417) log_opt_values /opt/stack/data/venv/lib/python3.12/site-packages/oslo_config/cfg.py:3253}}
Jul 29 16:13:21.889442 np0000187445 devstack@g-api.service[114417]: DEBUG glance.common.config [None req-97c9d4df-8731-4210-b83d-d30d8716ac20 None None] oslo_middleware.http_basic_auth_user_file = /etc/htpasswd {{(pid=114417) log_opt_values /opt/stack/data/venv/lib/python3.12/site-packages/oslo_config/cfg.py:3253}}
Jul 29 16:13:21.889578 np0000187445 devstack@g-api.service[114417]: DEBUG glance.common.config [None req-97c9d4df-8731-4210-b83d-d30d8716ac20 None None] paste_deploy.config_file = None {{(pid=114417) log_opt_values /opt/stack/data/venv/lib/python3.12/site-packages/oslo_config/cfg.py:3253}}
Jul 29 16:13:21.889699 np0000187445 devstack@g-api.service[114417]: DEBUG glance.common.config [None req-97c9d4df-8731-4210-b83d-d30d8716ac20 None None] paste_deploy.flavor = keystone+cachemanagement {{(pid=114417) log_opt_values /opt/stack/data/venv/lib/python3.12/site-packages/oslo_config/cfg.py:3253}}
Jul 29 16:13:21.889845 np0000187445 devstack@g-api.service[114417]: DEBUG glance.common.config [None req-97c9d4df-8731-4210-b83d-d30d8716ac20 None None] image_format.container_formats = ['ami', 'ari', 'aki', 'bare', 'ovf', 'ova', 'docker', 'compressed'] {{(pid=114417) log_opt_values /opt/stack/data/venv/lib/python3.12/site-packages/oslo_config/cfg.py:3253}}
Jul 29 16:13:21.889992 np0000187445 devstack@g-api.service[114417]: DEBUG glance.common.config [None req-97c9d4df-8731-4210-b83d-d30d8716ac20 None None] image_format.disk_formats = ['ami', 'ari', 'aki', 'vhd', 'vhdx', 'vmdk', 'raw', 'qcow2', 'vdi', 'iso', 'ploop'] {{(pid=114417) log_opt_values /opt/stack/data/venv/lib/python3.12/site-packages/oslo_config/cfg.py:3253}}
Jul 29 16:13:21.890115 np0000187445 devstack@g-api.service[114417]: DEBUG glance.common.config [None req-97c9d4df-8731-4210-b83d-d30d8716ac20 None None] image_format.gpt_safety_checks_nonfatal = [] {{(pid=114417) log_opt_values /opt/stack/data/venv/lib/python3.12/site-packages/oslo_config/cfg.py:3253}}
Jul 29 16:13:21.890220 np0000187445 devstack@g-api.service[114417]: DEBUG glance.common.config [None req-97c9d4df-8731-4210-b83d-d30d8716ac20 None None] image_format.require_image_format_match = True {{(pid=114417) log_opt_values /opt/stack/data/venv/lib/python3.12/site-packages/oslo_config/cfg.py:3253}}
Jul 29 16:13:21.890334 np0000187445 devstack@g-api.service[114417]: DEBUG glance.common.config [None req-97c9d4df-8731-4210-b83d-d30d8716ac20 None None] image_format.vmdk_allowed_types = ['streamOptimized', 'monolithicSparse'] {{(pid=114417) log_opt_values /opt/stack/data/venv/lib/python3.12/site-packages/oslo_config/cfg.py:3253}}
Jul 29 16:13:21.890485 np0000187445 devstack@g-api.service[114417]: DEBUG glance.common.config [None req-97c9d4df-8731-4210-b83d-d30d8716ac20 None None] task.task_executor = taskflow {{(pid=114417) log_opt_values /opt/stack/data/venv/lib/python3.12/site-packages/oslo_config/cfg.py:3253}}
Jul 29 16:13:21.890619 np0000187445 devstack@g-api.service[114417]: DEBUG glance.common.config [None req-97c9d4df-8731-4210-b83d-d30d8716ac20 None None] task.task_time_to_live = 48 {{(pid=114417) log_opt_values /opt/stack/data/venv/lib/python3.12/site-packages/oslo_config/cfg.py:3253}}
Jul 29 16:13:21.890735 np0000187445 devstack@g-api.service[114417]: DEBUG glance.common.config [None req-97c9d4df-8731-4210-b83d-d30d8716ac20 None None] task.work_dir = None {{(pid=114417) log_opt_values /opt/stack/data/venv/lib/python3.12/site-packages/oslo_config/cfg.py:3253}}
Jul 29 16:13:21.890849 np0000187445 devstack@g-api.service[114417]: DEBUG glance.common.config [None req-97c9d4df-8731-4210-b83d-d30d8716ac20 None None] wsgi.python_interpreter = /opt/stack/data/venv/bin/python3 {{(pid=114417) log_opt_values /opt/stack/data/venv/lib/python3.12/site-packages/oslo_config/cfg.py:3253}}
Jul 29 16:13:21.890951 np0000187445 devstack@g-api.service[114417]: DEBUG glance.common.config [None req-97c9d4df-8731-4210-b83d-d30d8716ac20 None None] wsgi.task_pool_threads = 16 {{(pid=114417) log_opt_values /opt/stack/data/venv/lib/python3.12/site-packages/oslo_config/cfg.py:3253}}
Jul 29 16:13:21.891137 np0000187445 devstack@g-api.service[114417]: DEBUG glance.common.config [None req-97c9d4df-8731-4210-b83d-d30d8716ac20 None None] import_filtering_opts.allowed_hosts = [] {{(pid=114417) log_opt_values /opt/stack/data/venv/lib/python3.12/site-packages/oslo_config/cfg.py:3253}}
Jul 29 16:13:21.891234 np0000187445 devstack@g-api.service[114417]: DEBUG glance.common.config [None req-97c9d4df-8731-4210-b83d-d30d8716ac20 None None] import_filtering_opts.allowed_ports = [80, 443] {{(pid=114417) log_opt_values /opt/stack/data/venv/lib/python3.12/site-packages/oslo_config/cfg.py:3253}}
Jul 29 16:13:21.891350 np0000187445 devstack@g-api.service[114417]: DEBUG glance.common.config [None req-97c9d4df-8731-4210-b83d-d30d8716ac20 None None] import_filtering_opts.allowed_schemes = ['http', 'https'] {{(pid=114417) log_opt_values /opt/stack/data/venv/lib/python3.12/site-packages/oslo_config/cfg.py:3253}}
Jul 29 16:13:21.891487 np0000187445 devstack@g-api.service[114417]: DEBUG glance.common.config [None req-97c9d4df-8731-4210-b83d-d30d8716ac20 None None] import_filtering_opts.disallowed_hosts = [] {{(pid=114417) log_opt_values /opt/stack/data/venv/lib/python3.12/site-packages/oslo_config/cfg.py:3253}}
Jul 29 16:13:21.891594 np0000187445 devstack@g-api.service[114417]: DEBUG glance.common.config [None req-97c9d4df-8731-4210-b83d-d30d8716ac20 None None] import_filtering_opts.disallowed_ports = [] {{(pid=114417) log_opt_values /opt/stack/data/venv/lib/python3.12/site-packages/oslo_config/cfg.py:3253}}
Jul 29 16:13:21.891734 np0000187445 devstack@g-api.service[114417]: DEBUG glance.common.config [None req-97c9d4df-8731-4210-b83d-d30d8716ac20 None None] import_filtering_opts.disallowed_schemes = [] {{(pid=114417) log_opt_values /opt/stack/data/venv/lib/python3.12/site-packages/oslo_config/cfg.py:3253}}
Jul 29 16:13:21.891849 np0000187445 devstack@g-api.service[114417]: DEBUG glance.common.config [None req-97c9d4df-8731-4210-b83d-d30d8716ac20 None None] oslo_messaging_metrics.metrics_buffer_size = 1000 {{(pid=114417) log_opt_values /opt/stack/data/venv/lib/python3.12/site-packages/oslo_config/cfg.py:3253}}
Jul 29 16:13:21.891951 np0000187445 devstack@g-api.service[114417]: DEBUG glance.common.config [None req-97c9d4df-8731-4210-b83d-d30d8716ac20 None None] oslo_messaging_metrics.metrics_enabled = False {{(pid=114417) log_opt_values /opt/stack/data/venv/lib/python3.12/site-packages/oslo_config/cfg.py:3253}}
Jul 29 16:13:21.892058 np0000187445 devstack@g-api.service[114417]: DEBUG glance.common.config [None req-97c9d4df-8731-4210-b83d-d30d8716ac20 None None] oslo_messaging_metrics.metrics_process_name = {{(pid=114417) log_opt_values /opt/stack/data/venv/lib/python3.12/site-packages/oslo_config/cfg.py:3253}}
Jul 29 16:13:21.892181 np0000187445 devstack@g-api.service[114417]: DEBUG glance.common.config [None req-97c9d4df-8731-4210-b83d-d30d8716ac20 None None] oslo_messaging_metrics.metrics_socket_file = /var/tmp/metrics_collector.sock {{(pid=114417) log_opt_values /opt/stack/data/venv/lib/python3.12/site-packages/oslo_config/cfg.py:3253}}
Jul 29 16:13:21.892283 np0000187445 devstack@g-api.service[114417]: DEBUG glance.common.config [None req-97c9d4df-8731-4210-b83d-d30d8716ac20 None None] oslo_messaging_metrics.metrics_thread_stop_timeout = 10 {{(pid=114417) log_opt_values /opt/stack/data/venv/lib/python3.12/site-packages/oslo_config/cfg.py:3253}}
Jul 29 16:13:21.892406 np0000187445 devstack@g-api.service[114417]: DEBUG glance.common.config [None req-97c9d4df-8731-4210-b83d-d30d8716ac20 None None] profiler.connection_string = messaging:// {{(pid=114417) log_opt_values /opt/stack/data/venv/lib/python3.12/site-packages/oslo_config/cfg.py:3253}}
Jul 29 16:13:21.892541 np0000187445 devstack@g-api.service[114417]: DEBUG glance.common.config [None req-97c9d4df-8731-4210-b83d-d30d8716ac20 None None] profiler.enabled = False {{(pid=114417) log_opt_values /opt/stack/data/venv/lib/python3.12/site-packages/oslo_config/cfg.py:3253}}
Jul 29 16:13:21.892652 np0000187445 devstack@g-api.service[114417]: DEBUG glance.common.config [None req-97c9d4df-8731-4210-b83d-d30d8716ac20 None None] profiler.es_doc_type = notification {{(pid=114417) log_opt_values /opt/stack/data/venv/lib/python3.12/site-packages/oslo_config/cfg.py:3253}}
Jul 29 16:13:21.892761 np0000187445 devstack@g-api.service[114418]: INFO glance.api.middleware.cache [None req-fee34a0b-c66b-4b8d-9b7b-34babaedbf05 None None] Initialized image cache middleware
Jul 29 16:13:21.892790 np0000187445 devstack@g-api.service[114417]: DEBUG glance.common.config [None req-97c9d4df-8731-4210-b83d-d30d8716ac20 None None] profiler.es_scroll_size = 10000 {{(pid=114417) log_opt_values /opt/stack/data/venv/lib/python3.12/site-packages/oslo_config/cfg.py:3253}}
Jul 29 16:13:21.892897 np0000187445 devstack@g-api.service[114417]: DEBUG glance.common.config [None req-97c9d4df-8731-4210-b83d-d30d8716ac20 None None] profiler.es_scroll_time = 2m {{(pid=114417) log_opt_values /opt/stack/data/venv/lib/python3.12/site-packages/oslo_config/cfg.py:3253}}
Jul 29 16:13:21.893001 np0000187445 devstack@g-api.service[114417]: DEBUG glance.common.config [None req-97c9d4df-8731-4210-b83d-d30d8716ac20 None None] profiler.filter_error_trace = False {{(pid=114417) log_opt_values /opt/stack/data/venv/lib/python3.12/site-packages/oslo_config/cfg.py:3253}}
Jul 29 16:13:21.893138 np0000187445 devstack@g-api.service[114417]: DEBUG glance.common.config [None req-97c9d4df-8731-4210-b83d-d30d8716ac20 None None] profiler.hmac_keys = **** {{(pid=114417) log_opt_values /opt/stack/data/venv/lib/python3.12/site-packages/oslo_config/cfg.py:3253}}
Jul 29 16:13:21.893240 np0000187445 devstack@g-api.service[114417]: DEBUG glance.common.config [None req-97c9d4df-8731-4210-b83d-d30d8716ac20 None None] profiler.sentinel_service_name = mymaster {{(pid=114417) log_opt_values /opt/stack/data/venv/lib/python3.12/site-packages/oslo_config/cfg.py:3253}}
Jul 29 16:13:21.893352 np0000187445 devstack@g-api.service[114417]: DEBUG glance.common.config [None req-97c9d4df-8731-4210-b83d-d30d8716ac20 None None] profiler.socket_timeout = 0.1 {{(pid=114417) log_opt_values /opt/stack/data/venv/lib/python3.12/site-packages/oslo_config/cfg.py:3253}}
Jul 29 16:13:21.893486 np0000187445 devstack@g-api.service[114417]: DEBUG glance.common.config [None req-97c9d4df-8731-4210-b83d-d30d8716ac20 None None] profiler.trace_requests = False {{(pid=114417) log_opt_values /opt/stack/data/venv/lib/python3.12/site-packages/oslo_config/cfg.py:3253}}
Jul 29 16:13:21.893598 np0000187445 devstack@g-api.service[114417]: DEBUG glance.common.config [None req-97c9d4df-8731-4210-b83d-d30d8716ac20 None None] profiler.trace_sqlalchemy = False {{(pid=114417) log_opt_values /opt/stack/data/venv/lib/python3.12/site-packages/oslo_config/cfg.py:3253}}
Jul 29 16:13:21.893706 np0000187445 devstack@g-api.service[114417]: DEBUG glance.common.config [None req-97c9d4df-8731-4210-b83d-d30d8716ac20 None None] profiler_jaeger.process_tags = {} {{(pid=114417) log_opt_values /opt/stack/data/venv/lib/python3.12/site-packages/oslo_config/cfg.py:3253}}
Jul 29 16:13:21.893804 np0000187445 devstack@g-api.service[114417]: DEBUG glance.common.config [None req-97c9d4df-8731-4210-b83d-d30d8716ac20 None None] profiler_jaeger.service_name_prefix = None {{(pid=114417) log_opt_values /opt/stack/data/venv/lib/python3.12/site-packages/oslo_config/cfg.py:3253}}
Jul 29 16:13:21.893950 np0000187445 devstack@g-api.service[114417]: DEBUG glance.common.config [None req-97c9d4df-8731-4210-b83d-d30d8716ac20 None None] profiler_otlp.service_name_prefix = None {{(pid=114417) log_opt_values /opt/stack/data/venv/lib/python3.12/site-packages/oslo_config/cfg.py:3253}}
Jul 29 16:13:21.894139 np0000187445 devstack@g-api.service[114417]: DEBUG glance.common.config [None req-97c9d4df-8731-4210-b83d-d30d8716ac20 None None] os_brick.lightos_discovery_client_address = localhost {{(pid=114417) log_opt_values /opt/stack/data/venv/lib/python3.12/site-packages/oslo_config/cfg.py:3253}}
Jul 29 16:13:21.894246 np0000187445 devstack@g-api.service[114417]: DEBUG glance.common.config [None req-97c9d4df-8731-4210-b83d-d30d8716ac20 None None] os_brick.lightos_discovery_client_dir_path = /etc/discovery-client/discovery.d/ {{(pid=114417) log_opt_values /opt/stack/data/venv/lib/python3.12/site-packages/oslo_config/cfg.py:3253}}
Jul 29 16:13:21.894349 np0000187445 devstack@g-api.service[114417]: DEBUG glance.common.config [None req-97c9d4df-8731-4210-b83d-d30d8716ac20 None None] os_brick.lightos_discovery_client_port = 6060 {{(pid=114417) log_opt_values /opt/stack/data/venv/lib/python3.12/site-packages/oslo_config/cfg.py:3253}}
Jul 29 16:13:21.894486 np0000187445 devstack@g-api.service[114417]: DEBUG glance.common.config [None req-97c9d4df-8731-4210-b83d-d30d8716ac20 None None] os_brick.lock_path = /opt/stack/data/os_brick {{(pid=114417) log_opt_values /opt/stack/data/venv/lib/python3.12/site-packages/oslo_config/cfg.py:3253}}
Jul 29 16:13:21.894602 np0000187445 devstack@g-api.service[114417]: DEBUG glance.common.config [None req-97c9d4df-8731-4210-b83d-d30d8716ac20 None None] os_brick.wait_mpath_device_attempts = 4 {{(pid=114417) log_opt_values /opt/stack/data/venv/lib/python3.12/site-packages/oslo_config/cfg.py:3253}}
Jul 29 16:13:21.894702 np0000187445 devstack@g-api.service[114417]: DEBUG glance.common.config [None req-97c9d4df-8731-4210-b83d-d30d8716ac20 None None] os_brick.wait_mpath_device_interval = 1 {{(pid=114417) log_opt_values /opt/stack/data/venv/lib/python3.12/site-packages/oslo_config/cfg.py:3253}}
Jul 29 16:13:21.894810 np0000187445 devstack@g-api.service[114417]: DEBUG glance.common.config [None req-97c9d4df-8731-4210-b83d-d30d8716ac20 None None] privsep_osbrick.capabilities = [21, 2] {{(pid=114417) log_opt_values /opt/stack/data/venv/lib/python3.12/site-packages/oslo_config/cfg.py:3253}}
Jul 29 16:13:21.894909 np0000187445 devstack@g-api.service[114417]: DEBUG glance.common.config [None req-97c9d4df-8731-4210-b83d-d30d8716ac20 None None] privsep_osbrick.group = None {{(pid=114417) log_opt_values /opt/stack/data/venv/lib/python3.12/site-packages/oslo_config/cfg.py:3253}}
Jul 29 16:13:21.895089 np0000187445 devstack@g-api.service[114417]: DEBUG glance.common.config [None req-97c9d4df-8731-4210-b83d-d30d8716ac20 None None] privsep_osbrick.helper_command = None {{(pid=114417) log_opt_values /opt/stack/data/venv/lib/python3.12/site-packages/oslo_config/cfg.py:3253}}
Jul 29 16:13:21.895215 np0000187445 devstack@g-api.service[114417]: DEBUG glance.common.config [None req-97c9d4df-8731-4210-b83d-d30d8716ac20 None None] privsep_osbrick.log_daemon_traceback = False {{(pid=114417) log_opt_values /opt/stack/data/venv/lib/python3.12/site-packages/oslo_config/cfg.py:3253}}
Jul 29 16:13:21.895323 np0000187445 devstack@g-api.service[114417]: DEBUG glance.common.config [None req-97c9d4df-8731-4210-b83d-d30d8716ac20 None None] privsep_osbrick.logger_name = brick_privsep_hide_output {{(pid=114417) log_opt_values /opt/stack/data/venv/lib/python3.12/site-packages/oslo_config/cfg.py:3253}}
Jul 29 16:13:21.895424 np0000187445 devstack@g-api.service[114417]: DEBUG glance.common.config [None req-97c9d4df-8731-4210-b83d-d30d8716ac20 None None] privsep_osbrick.thread_pool_size = 16 {{(pid=114417) log_opt_values /opt/stack/data/venv/lib/python3.12/site-packages/oslo_config/cfg.py:3253}}
Jul 29 16:13:21.895750 np0000187445 devstack@g-api.service[114417]: DEBUG glance.common.config [None req-97c9d4df-8731-4210-b83d-d30d8716ac20 None None] privsep_osbrick.user = None {{(pid=114417) log_opt_values /opt/stack/data/venv/lib/python3.12/site-packages/oslo_config/cfg.py:3253}}
Jul 29 16:13:21.895887 np0000187445 devstack@g-api.service[114417]: DEBUG glance.common.config [None req-97c9d4df-8731-4210-b83d-d30d8716ac20 None None] glance_store.cinder_api_insecure = False {{(pid=114417) log_opt_values /opt/stack/data/venv/lib/python3.12/site-packages/oslo_config/cfg.py:3253}}
Jul 29 16:13:21.895988 np0000187445 devstack@g-api.service[114417]: DEBUG glance.common.config [None req-97c9d4df-8731-4210-b83d-d30d8716ac20 None None] glance_store.cinder_attachment_retry_attempts = 5 {{(pid=114417) log_opt_values /opt/stack/data/venv/lib/python3.12/site-packages/oslo_config/cfg.py:3253}}
Jul 29 16:13:21.896101 np0000187445 devstack@g-api.service[114417]: DEBUG glance.common.config [None req-97c9d4df-8731-4210-b83d-d30d8716ac20 None None] glance_store.cinder_ca_certificates_file = None {{(pid=114417) log_opt_values /opt/stack/data/venv/lib/python3.12/site-packages/oslo_config/cfg.py:3253}}
