Feb 17 15:10:16.832492 np0000155989 devstack@neutron-api.service[103460]: DEBUG dbcounter [-] [103460] Writing DB stats neutron:UPDATE=1,neutron:SELECT=1 {{(pid=103460) stat_writer /opt/stack/data/venv/lib/python3.12/site-packages/dbcounter.py:115}}
Feb 17 15:10:17.024350 np0000155989 devstack@neutron-api.service[103461]: DEBUG dbcounter [-] [103461] Writing DB stats neutron:UPDATE=1,neutron:SELECT=1 {{(pid=103461) stat_writer /opt/stack/data/venv/lib/python3.12/site-packages/dbcounter.py:115}}
Feb 17 15:10:20.893060 np0000155989 devstack@neutron-api.service[103462]: DEBUG futurist.periodics [-] Submitting periodic callback 'neutron.plugins.ml2.drivers.ovn.mech_driver.ovsdb.maintenance.HashRingHealthCheckPeriodics.touch_hash_ring_node' {{(pid=103462) _process_scheduled /opt/stack/data/venv/lib/python3.12/site-packages/futurist/periodics.py:638}}
Feb 17 15:10:20.894228 np0000155989 devstack@neutron-api.service[103462]: DEBUG neutron.plugins.ml2.drivers.ovn.mech_driver.ovsdb.maintenance [-] Touching Hash Ring node "3cec6fb6d8055444bc551882ba590ff4" from periodic health check thread {{(pid=103462) touch_hash_ring_node /opt/stack/neutron/neutron/plugins/ml2/drivers/ovn/mech_driver/ovsdb/maintenance.py:1135}}
Feb 17 15:10:21.793130 np0000155989 devstack@neutron-api.service[103459]: DEBUG futurist.periodics [-] Submitting periodic callback 'neutron.plugins.ml2.drivers.ovn.mech_driver.ovsdb.maintenance.HashRingHealthCheckPeriodics.touch_hash_ring_node' {{(pid=103459) _process_scheduled /opt/stack/data/venv/lib/python3.12/site-packages/futurist/periodics.py:638}}
Feb 17 15:10:21.794167 np0000155989 devstack@neutron-api.service[103459]: DEBUG neutron.plugins.ml2.drivers.ovn.mech_driver.ovsdb.maintenance [-] Touching Hash Ring node "056ad97ac45459d8a2d155f9ac75d90a" from periodic health check thread {{(pid=103459) touch_hash_ring_node /opt/stack/neutron/neutron/plugins/ml2/drivers/ovn/mech_driver/ovsdb/maintenance.py:1135}}
Feb 17 15:10:21.820405 np0000155989 devstack@neutron-api.service[103460]: DEBUG futurist.periodics [-] Submitting periodic callback 'neutron.plugins.ml2.drivers.ovn.mech_driver.ovsdb.maintenance.HashRingHealthCheckPeriodics.touch_hash_ring_node' {{(pid=103460) _process_scheduled /opt/stack/data/venv/lib/python3.12/site-packages/futurist/periodics.py:638}}
Feb 17 15:10:21.821687 np0000155989 devstack@neutron-api.service[103460]: DEBUG neutron.plugins.ml2.drivers.ovn.mech_driver.ovsdb.maintenance [-] Touching Hash Ring node "942928bca2a45f9cad3c97dfe45f2822" from periodic health check thread {{(pid=103460) touch_hash_ring_node /opt/stack/neutron/neutron/plugins/ml2/drivers/ovn/mech_driver/ovsdb/maintenance.py:1135}}
Feb 17 15:10:22.012808 np0000155989 devstack@neutron-api.service[103461]: DEBUG futurist.periodics [-] Submitting periodic callback 'neutron.plugins.ml2.drivers.ovn.mech_driver.ovsdb.maintenance.HashRingHealthCheckPeriodics.touch_hash_ring_node' {{(pid=103461) _process_scheduled /opt/stack/data/venv/lib/python3.12/site-packages/futurist/periodics.py:638}}
Feb 17 15:10:22.014379 np0000155989 devstack@neutron-api.service[103461]: DEBUG neutron.plugins.ml2.drivers.ovn.mech_driver.ovsdb.maintenance [-] Touching Hash Ring node "a8a725131b8c5c65811d1107a411e55e" from periodic health check thread {{(pid=103461) touch_hash_ring_node /opt/stack/neutron/neutron/plugins/ml2/drivers/ovn/mech_driver/ovsdb/maintenance.py:1135}}
Feb 17 15:10:30.906724 np0000155989 devstack@neutron-api.service[103462]: DEBUG dbcounter [-] [103462] Writing DB stats neutron:UPDATE=1,neutron:SELECT=1 {{(pid=103462) stat_writer /opt/stack/data/venv/lib/python3.12/site-packages/dbcounter.py:115}}
Feb 17 15:10:31.803768 np0000155989 devstack@neutron-api.service[103459]: DEBUG dbcounter [-] [103459] Writing DB stats neutron:UPDATE=1,neutron:SELECT=1 {{(pid=103459) stat_writer /opt/stack/data/venv/lib/python3.12/site-packages/dbcounter.py:115}}
Feb 17 15:10:31.832736 np0000155989 devstack@neutron-api.service[103460]: DEBUG dbcounter [-] [103460] Writing DB stats neutron:UPDATE=1,neutron:SELECT=1 {{(pid=103460) stat_writer /opt/stack/data/venv/lib/python3.12/site-packages/dbcounter.py:115}}
Feb 17 15:10:32.026802 np0000155989 devstack@neutron-api.service[103461]: DEBUG dbcounter [-] [103461] Writing DB stats neutron:UPDATE=1,neutron:SELECT=1 {{(pid=103461) stat_writer /opt/stack/data/venv/lib/python3.12/site-packages/dbcounter.py:115}}
Feb 17 15:10:35.894921 np0000155989 devstack@neutron-api.service[103462]: DEBUG futurist.periodics [-] Submitting periodic callback 'neutron.plugins.ml2.drivers.ovn.mech_driver.ovsdb.maintenance.HashRingHealthCheckPeriodics.touch_hash_ring_node' {{(pid=103462) _process_scheduled /opt/stack/data/venv/lib/python3.12/site-packages/futurist/periodics.py:638}}
Feb 17 15:10:35.896027 np0000155989 devstack@neutron-api.service[103462]: DEBUG neutron.plugins.ml2.drivers.ovn.mech_driver.ovsdb.maintenance [-] Touching Hash Ring node "3cec6fb6d8055444bc551882ba590ff4" from periodic health check thread {{(pid=103462) touch_hash_ring_node /opt/stack/neutron/neutron/plugins/ml2/drivers/ovn/mech_driver/ovsdb/maintenance.py:1135}}
Feb 17 15:10:36.794726 np0000155989 devstack@neutron-api.service[103459]: DEBUG futurist.periodics [-] Submitting periodic callback 'neutron.plugins.ml2.drivers.ovn.mech_driver.ovsdb.maintenance.HashRingHealthCheckPeriodics.touch_hash_ring_node' {{(pid=103459) _process_scheduled /opt/stack/data/venv/lib/python3.12/site-packages/futurist/periodics.py:638}}
Feb 17 15:10:36.795993 np0000155989 devstack@neutron-api.service[103459]: DEBUG neutron.plugins.ml2.drivers.ovn.mech_driver.ovsdb.maintenance [-] Touching Hash Ring node "056ad97ac45459d8a2d155f9ac75d90a" from periodic health check thread {{(pid=103459) touch_hash_ring_node /opt/stack/neutron/neutron/plugins/ml2/drivers/ovn/mech_driver/ovsdb/maintenance.py:1135}}
Feb 17 15:10:36.821739 np0000155989 devstack@neutron-api.service[103460]: DEBUG futurist.periodics [-] Submitting periodic callback 'neutron.plugins.ml2.drivers.ovn.mech_driver.ovsdb.maintenance.HashRingHealthCheckPeriodics.touch_hash_ring_node' {{(pid=103460) _process_scheduled /opt/stack/data/venv/lib/python3.12/site-packages/futurist/periodics.py:638}}
Feb 17 15:10:36.823662 np0000155989 devstack@neutron-api.service[103460]: DEBUG neutron.plugins.ml2.drivers.ovn.mech_driver.ovsdb.maintenance [-] Touching Hash Ring node "942928bca2a45f9cad3c97dfe45f2822" from periodic health check thread {{(pid=103460) touch_hash_ring_node /opt/stack/neutron/neutron/plugins/ml2/drivers/ovn/mech_driver/ovsdb/maintenance.py:1135}}
Feb 17 15:10:37.014655 np0000155989 devstack@neutron-api.service[103461]: DEBUG futurist.periodics [-] Submitting periodic callback 'neutron.plugins.ml2.drivers.ovn.mech_driver.ovsdb.maintenance.HashRingHealthCheckPeriodics.touch_hash_ring_node' {{(pid=103461) _process_scheduled /opt/stack/data/venv/lib/python3.12/site-packages/futurist/periodics.py:638}}
Feb 17 15:10:37.017762 np0000155989 devstack@neutron-api.service[103461]: DEBUG neutron.plugins.ml2.drivers.ovn.mech_driver.ovsdb.maintenance [-] Touching Hash Ring node "a8a725131b8c5c65811d1107a411e55e" from periodic health check thread {{(pid=103461) touch_hash_ring_node /opt/stack/neutron/neutron/plugins/ml2/drivers/ovn/mech_driver/ovsdb/maintenance.py:1135}}
Feb 17 15:10:45.906979 np0000155989 devstack@neutron-api.service[103462]: DEBUG dbcounter [-] [103462] Writing DB stats neutron:UPDATE=1,neutron:SELECT=1 {{(pid=103462) stat_writer /opt/stack/data/venv/lib/python3.12/site-packages/dbcounter.py:115}}
Feb 17 15:10:46.808885 np0000155989 devstack@neutron-api.service[103459]: DEBUG dbcounter [-] [103459] Writing DB stats neutron:UPDATE=1,neutron:SELECT=1 {{(pid=103459) stat_writer /opt/stack/data/venv/lib/python3.12/site-packages/dbcounter.py:115}}
Feb 17 15:10:46.833071 np0000155989 devstack@neutron-api.service[103460]: DEBUG dbcounter [-] [103460] Writing DB stats neutron:UPDATE=1,neutron:SELECT=1 {{(pid=103460) stat_writer /opt/stack/data/venv/lib/python3.12/site-packages/dbcounter.py:115}}
Feb 17 15:10:47.027864 np0000155989 devstack@neutron-api.service[103461]: DEBUG dbcounter [-] [103461] Writing DB stats neutron:UPDATE=1,neutron:SELECT=1 {{(pid=103461) stat_writer /opt/stack/data/venv/lib/python3.12/site-packages/dbcounter.py:115}}
Feb 17 15:10:50.896876 np0000155989 devstack@neutron-api.service[103462]: DEBUG futurist.periodics [-] Submitting periodic callback 'neutron.plugins.ml2.drivers.ovn.mech_driver.ovsdb.maintenance.HashRingHealthCheckPeriodics.touch_hash_ring_node' {{(pid=103462) _process_scheduled /opt/stack/data/venv/lib/python3.12/site-packages/futurist/periodics.py:638}}
Feb 17 15:10:50.897918 np0000155989 devstack@neutron-api.service[103462]: DEBUG neutron.plugins.ml2.drivers.ovn.mech_driver.ovsdb.maintenance [-] Touching Hash Ring node "3cec6fb6d8055444bc551882ba590ff4" from periodic health check thread {{(pid=103462) touch_hash_ring_node /opt/stack/neutron/neutron/plugins/ml2/drivers/ovn/mech_driver/ovsdb/maintenance.py:1135}}
Feb 17 15:10:51.796185 np0000155989 devstack@neutron-api.service[103459]: DEBUG futurist.periodics [-] Submitting periodic callback 'neutron.plugins.ml2.drivers.ovn.mech_driver.ovsdb.maintenance.HashRingHealthCheckPeriodics.touch_hash_ring_node' {{(pid=103459) _process_scheduled /opt/stack/data/venv/lib/python3.12/site-packages/futurist/periodics.py:638}}
Feb 17 15:10:51.797925 np0000155989 devstack@neutron-api.service[103459]: DEBUG neutron.plugins.ml2.drivers.ovn.mech_driver.ovsdb.maintenance [-] Touching Hash Ring node "056ad97ac45459d8a2d155f9ac75d90a" from periodic health check thread {{(pid=103459) touch_hash_ring_node /opt/stack/neutron/neutron/plugins/ml2/drivers/ovn/mech_driver/ovsdb/maintenance.py:1135}}
Feb 17 15:10:51.823782 np0000155989 devstack@neutron-api.service[103460]: DEBUG futurist.periodics [-] Submitting periodic callback 'neutron.plugins.ml2.drivers.ovn.mech_driver.ovsdb.maintenance.HashRingHealthCheckPeriodics.touch_hash_ring_node' {{(pid=103460) _process_scheduled /opt/stack/data/venv/lib/python3.12/site-packages/futurist/periodics.py:638}}
Feb 17 15:10:51.825051 np0000155989 devstack@neutron-api.service[103460]: DEBUG neutron.plugins.ml2.drivers.ovn.mech_driver.ovsdb.maintenance [-] Touching Hash Ring node "942928bca2a45f9cad3c97dfe45f2822" from periodic health check thread {{(pid=103460) touch_hash_ring_node /opt/stack/neutron/neutron/plugins/ml2/drivers/ovn/mech_driver/ovsdb/maintenance.py:1135}}
Feb 17 15:10:52.016473 np0000155989 devstack@neutron-api.service[103461]: DEBUG futurist.periodics [-] Submitting periodic callback 'neutron.plugins.ml2.drivers.ovn.mech_driver.ovsdb.maintenance.HashRingHealthCheckPeriodics.touch_hash_ring_node' {{(pid=103461) _process_scheduled /opt/stack/data/venv/lib/python3.12/site-packages/futurist/periodics.py:638}}
Feb 17 15:10:52.018193 np0000155989 devstack@neutron-api.service[103461]: DEBUG neutron.plugins.ml2.drivers.ovn.mech_driver.ovsdb.maintenance [-] Touching Hash Ring node "a8a725131b8c5c65811d1107a411e55e" from periodic health check thread {{(pid=103461) touch_hash_ring_node /opt/stack/neutron/neutron/plugins/ml2/drivers/ovn/mech_driver/ovsdb/maintenance.py:1135}}
Feb 17 15:10:58.827455 np0000155989 devstack@neutron-api.service[103459]: INFO neutron.pecan_wsgi.hooks.translation [None req-0001d6d7-3720-4f69-bacf-b7399eff08f1 admin admin] GET failed (client error): The resource could not be found.
Feb 17 15:10:58.828329 np0000155989 devstack@neutron-api.service[103459]: [pid: 103459|app: 0|req: 23/91] 199.204.45.99 () {64 vars in 1326 bytes} [Tue Feb 17 15:10:58 2026] GET /networking/v2.0/networks/admin_net => generated 111 bytes in 11 msecs (HTTP/1.1 404) 4 headers in 164 bytes (1 switches on core 0)
Feb 17 15:10:58.857957 np0000155989 devstack@neutron-api.service[103460]: [pid: 103460|app: 0|req: 23/92] 199.204.45.99 () {64 vars in 1338 bytes} [Tue Feb 17 15:10:58 2026] GET /networking/v2.0/networks?name=admin_net => generated 15 bytes in 20 msecs (HTTP/1.1 200) 4 headers in 156 bytes (1 switches on core 0)
Feb 17 15:10:59.102324 np0000155989 devstack@neutron-api.service[103461]: DEBUG neutron.api.v2.base [None req-fdbd5f91-da40-42d5-a8ab-dd2dd431221b admin admin] Request body: {'network': {'admin_state_up': True, 'project_id': 'feb4cc6be7cc4177a56b56e558bbbdaa', 'name': 'admin_net'}} {{(pid=103461) prepare_request_body /opt/stack/neutron/neutron/api/v2/base.py:729}}
Feb 17 15:10:59.124681 np0000155989 devstack@neutron-api.service[103461]: DEBUG neutron.pecan_wsgi.hooks.quota_enforcement [None req-fdbd5f91-da40-42d5-a8ab-dd2dd431221b admin admin] Made reservation on behalf of feb4cc6be7cc4177a56b56e558bbbdaa for: {'network': 1} {{(pid=103461) before /opt/stack/neutron/neutron/pecan_wsgi/hooks/quota_enforcement.py:66}}
Feb 17 15:10:59.129198 np0000155989 devstack@neutron-api.service[103461]: DEBUG neutron_lib.callbacks.manager [None req-fdbd5f91-da40-42d5-a8ab-dd2dd431221b admin admin] Publish callbacks ['neutron.plugins.ml2.plugin.SecurityGroupDbMixin._ensure_default_security_group_handler-828245'] for network (None), before_create {{(pid=103461) _notify_loop /opt/stack/data/venv/lib/python3.12/site-packages/neutron_lib/callbacks/manager.py:184}}
Feb 17 15:10:59.134695 np0000155989 devstack@neutron-api.service[103461]: DEBUG neutron_lib.callbacks.manager [None req-fdbd5f91-da40-42d5-a8ab-dd2dd431221b admin admin] Publish callbacks [] for security_group (None), before_create {{(pid=103461) _notify_loop /opt/stack/data/venv/lib/python3.12/site-packages/neutron_lib/callbacks/manager.py:184}}
Feb 17 15:10:59.195533 np0000155989 devstack@neutron-api.service[103461]: DEBUG neutron_lib.callbacks.manager [None req-fdbd5f91-da40-42d5-a8ab-dd2dd431221b admin admin] Publish callbacks ['neutron.plugins.ml2.drivers.ovn.mech_driver.mech_driver.OVNMechanismDriver._create_security_group_precommit-226381'] for security_group (322c0f3d-9b7c-4e4c-93e8-5a8593f43b23), precommit_create {{(pid=103461) _notify_loop /opt/stack/data/venv/lib/python3.12/site-packages/neutron_lib/callbacks/manager.py:184}}
Feb 17 15:10:59.195693 np0000155989 devstack@neutron-api.service[103461]: DEBUG neutron.db.ovn_revision_numbers_db [None req-fdbd5f91-da40-42d5-a8ab-dd2dd431221b admin admin] create_initial_revision uuid=322c0f3d-9b7c-4e4c-93e8-5a8593f43b23, type=security_groups, rev=-1 {{(pid=103461) create_initial_revision /opt/stack/neutron/neutron/db/ovn_revision_numbers_db.py:98}}
Feb 17 15:10:59.197024 np0000155989 devstack@neutron-api.service[103461]: DEBUG neutron.db.ovn_revision_numbers_db [None req-fdbd5f91-da40-42d5-a8ab-dd2dd431221b admin admin] create_initial_revision uuid=245c7c54-89c4-4ddd-b687-85f89c236e77, type=security_group_rules, rev=-1 {{(pid=103461) create_initial_revision /opt/stack/neutron/neutron/db/ovn_revision_numbers_db.py:98}}
Feb 17 15:10:59.198198 np0000155989 devstack@neutron-api.service[103461]: DEBUG neutron.db.ovn_revision_numbers_db [None req-fdbd5f91-da40-42d5-a8ab-dd2dd431221b admin admin] create_initial_revision uuid=2a037ea5-c311-4174-b787-8b7855fb4bf1, type=security_group_rules, rev=-1 {{(pid=103461) create_initial_revision /opt/stack/neutron/neutron/db/ovn_revision_numbers_db.py:98}}
Feb 17 15:10:59.199291 np0000155989 devstack@neutron-api.service[103461]: DEBUG neutron.db.ovn_revision_numbers_db [None req-fdbd5f91-da40-42d5-a8ab-dd2dd431221b admin admin] create_initial_revision uuid=662fb0c2-24c1-4236-a391-fbb9950111fd, type=security_group_rules, rev=-1 {{(pid=103461) create_initial_revision /opt/stack/neutron/neutron/db/ovn_revision_numbers_db.py:98}}
Feb 17 15:10:59.200412 np0000155989 devstack@neutron-api.service[103461]: DEBUG neutron.db.ovn_revision_numbers_db [None req-fdbd5f91-da40-42d5-a8ab-dd2dd431221b admin admin] create_initial_revision uuid=6fddc156-acf0-4df4-9807-ad20268d3cd1, type=security_group_rules, rev=-1 {{(pid=103461) create_initial_revision /opt/stack/neutron/neutron/db/ovn_revision_numbers_db.py:98}}
Feb 17 15:10:59.209175 np0000155989 devstack@neutron-api.service[103461]: DEBUG neutron_lib.callbacks.manager [None req-fdbd5f91-da40-42d5-a8ab-dd2dd431221b admin admin] Publish callbacks ['neutron.plugins.ml2.drivers.ovn.mech_driver.mech_driver.OVNMechanismDriver._create_security_group-226375', 'neutron.plugins.ml2.ovo_rpc._ObjectChangeHandler.handle_event-2443858'] for security_group (322c0f3d-9b7c-4e4c-93e8-5a8593f43b23), after_create {{(pid=103461) _notify_loop /opt/stack/data/venv/lib/python3.12/site-packages/neutron_lib/callbacks/manager.py:184}}
Feb 17 15:10:59.210386 np0000155989 devstack@neutron-api.service[103461]: DEBUG ovsdbapp.backend.ovs_idl.transaction [None req-dafc397c-78df-4ad5-931b-9c5015baa7d2 None None] Running txn n=1 command(idx=0): PgAddCommand(_result=None, name=pg_322c0f3d_9b7c_4e4c_93e8_5a8593f43b23, may_exist=False, columns={'acls': [], 'external_ids': {'neutron:security_group_id': '322c0f3d-9b7c-4e4c-93e8-5a8593f43b23'}}) {{(pid=103461) do_commit /opt/stack/data/venv/lib/python3.12/site-packages/ovsdbapp/backend/ovs_idl/transaction.py:89}}
Feb 17 15:10:59.210827 np0000155989 devstack@neutron-api.service[103461]: DEBUG ovsdbapp.backend.ovs_idl.transaction [None req-dafc397c-78df-4ad5-931b-9c5015baa7d2 None None] Running txn n=1 command(idx=1): PgAclAddCommand(_result=None, entity=pg_322c0f3d_9b7c_4e4c_93e8_5a8593f43b23, direction=from-lport, priority=1002, match=inport == @pg_322c0f3d_9b7c_4e4c_93e8_5a8593f43b23 && ip4, action=allow-related, log=False, may_exist=True, severity=[], name=[], meter=[], external_ids={'neutron:security_group_rule_id': '245c7c54-89c4-4ddd-b687-85f89c236e77'}) {{(pid=103461) do_commit /opt/stack/data/venv/lib/python3.12/site-packages/ovsdbapp/backend/ovs_idl/transaction.py:89}}
Feb 17 15:10:59.211244 np0000155989 devstack@neutron-api.service[103461]: DEBUG ovsdbapp.backend.ovs_idl.transaction [None req-dafc397c-78df-4ad5-931b-9c5015baa7d2 None None] Running txn n=1 command(idx=2): PgAclAddCommand(_result=None, entity=pg_322c0f3d_9b7c_4e4c_93e8_5a8593f43b23, direction=from-lport, priority=1002, match=inport == @pg_322c0f3d_9b7c_4e4c_93e8_5a8593f43b23 && ip6, action=allow-related, log=False, may_exist=True, severity=[], name=[], meter=[], external_ids={'neutron:security_group_rule_id': '2a037ea5-c311-4174-b787-8b7855fb4bf1'}) {{(pid=103461) do_commit /opt/stack/data/venv/lib/python3.12/site-packages/ovsdbapp/backend/ovs_idl/transaction.py:89}}
Feb 17 15:10:59.211615 np0000155989 devstack@neutron-api.service[103461]: DEBUG ovsdbapp.backend.ovs_idl.transaction [None req-dafc397c-78df-4ad5-931b-9c5015baa7d2 None None] Running txn n=1 command(idx=3): PgAclAddCommand(_result=None, entity=pg_322c0f3d_9b7c_4e4c_93e8_5a8593f43b23, direction=to-lport, priority=1002, match=outport == @pg_322c0f3d_9b7c_4e4c_93e8_5a8593f43b23 && ip6 && ip6.src == $pg_322c0f3d_9b7c_4e4c_93e8_5a8593f43b23_ip6, action=allow-related, log=False, may_exist=True, severity=[], name=[], meter=[], external_ids={'neutron:security_group_rule_id': '662fb0c2-24c1-4236-a391-fbb9950111fd'}) {{(pid=103461) do_commit /opt/stack/data/venv/lib/python3.12/site-packages/ovsdbapp/backend/ovs_idl/transaction.py:89}}
Feb 17 15:10:59.211940 np0000155989 devstack@neutron-api.service[103461]: DEBUG ovsdbapp.backend.ovs_idl.transaction [None req-dafc397c-78df-4ad5-931b-9c5015baa7d2 None None] Running txn n=1 command(idx=4): PgAclAddCommand(_result=None, entity=pg_322c0f3d_9b7c_4e4c_93e8_5a8593f43b23, direction=to-lport, priority=1002, match=outport == @pg_322c0f3d_9b7c_4e4c_93e8_5a8593f43b23 && ip4 && ip4.src == $pg_322c0f3d_9b7c_4e4c_93e8_5a8593f43b23_ip4, action=allow-related, log=False, may_exist=True, severity=[], name=[], meter=[], external_ids={'neutron:security_group_rule_id': '6fddc156-acf0-4df4-9807-ad20268d3cd1'}) {{(pid=103461) do_commit /opt/stack/data/venv/lib/python3.12/site-packages/ovsdbapp/backend/ovs_idl/transaction.py:89}}
Feb 17 15:10:59.238893 np0000155989 devstack@neutron-api.service[103459]: DEBUG neutron.common.ovn.hash_ring_manager [None req-8ede482c-ca75-4cfb-8c6a-9f6669e8c0bb None None] Hash Ring loaded. 4 active nodes. 0 offline nodes {{(pid=103459) _load_hash_ring /opt/stack/neutron/neutron/common/ovn/hash_ring_manager.py:102}}
Feb 17 15:10:59.239046 np0000155989 devstack@neutron-api.service[103460]: DEBUG neutron.common.ovn.hash_ring_manager [None req-2292c58d-29ff-4c8b-a016-18c10312f18c None None] Hash Ring loaded. 4 active nodes. 0 offline nodes {{(pid=103460) _load_hash_ring /opt/stack/neutron/neutron/common/ovn/hash_ring_manager.py:102}}
Feb 17 15:10:59.239209 np0000155989 devstack@neutron-api.service[103460]: DEBUG neutron.plugins.ml2.drivers.ovn.mech_driver.ovsdb.ovsdb_monitor [None req-2292c58d-29ff-4c8b-a016-18c10312f18c None None] Hash Ring: Node 942928bca2a45f9cad3c97dfe45f2822 (host: np0000155989) handling event "create" for row 08e90951-a86d-4635-885e-7e5cb99189f6 (table: ACL) {{(pid=103460) notify /opt/stack/neutron/neutron/plugins/ml2/drivers/ovn/mech_driver/ovsdb/ovsdb_monitor.py:920}}
Feb 17 15:10:59.239378 np0000155989 devstack@neutron-api.service[103459]: DEBUG neutron.plugins.ml2.drivers.ovn.mech_driver.ovsdb.ovsdb_monitor [None req-8ede482c-ca75-4cfb-8c6a-9f6669e8c0bb None None] Hash Ring: Node 056ad97ac45459d8a2d155f9ac75d90a (host: np0000155989) handling event "create" for row e2d658a6-c4b7-49d3-ad22-f9204a5bc11b (table: ACL) {{(pid=103459) notify /opt/stack/neutron/neutron/plugins/ml2/drivers/ovn/mech_driver/ovsdb/ovsdb_monitor.py:920}}
Feb 17 15:10:59.239469 np0000155989 devstack@neutron-api.service[103459]: DEBUG neutron.plugins.ml2.drivers.ovn.mech_driver.ovsdb.ovsdb_monitor [None req-8ede482c-ca75-4cfb-8c6a-9f6669e8c0bb None None] Hash Ring: Node 056ad97ac45459d8a2d155f9ac75d90a (host: np0000155989) handling event "create" for row e6d9098f-e89a-4d3a-a980-30fe33421a60 (table: ACL) {{(pid=103459) notify /opt/stack/neutron/neutron/plugins/ml2/drivers/ovn/mech_driver/ovsdb/ovsdb_monitor.py:920}}
Feb 17 15:10:59.239519 np0000155989 devstack@neutron-api.service[103460]: DEBUG neutron.plugins.ml2.drivers.ovn.mech_driver.ovsdb.ovsdb_monitor [None req-2292c58d-29ff-4c8b-a016-18c10312f18c None None] Hash Ring: Node 942928bca2a45f9cad3c97dfe45f2822 (host: np0000155989) handling event "create" for row 884085ef-1dce-40cf-9870-11d943564099 (table: ACL) {{(pid=103460) notify /opt/stack/neutron/neutron/plugins/ml2/drivers/ovn/mech_driver/ovsdb/ovsdb_monitor.py:920}}
Feb 17 15:10:59.239565 np0000155989 devstack@neutron-api.service[103461]: DEBUG neutron.common.ovn.hash_ring_manager [None req-dafc397c-78df-4ad5-931b-9c5015baa7d2 None None] Hash Ring loaded. 4 active nodes. 0 offline nodes {{(pid=103461) _load_hash_ring /opt/stack/neutron/neutron/common/ovn/hash_ring_manager.py:102}}
Feb 17 15:10:59.239614 np0000155989 devstack@neutron-api.service[103462]: DEBUG neutron.common.ovn.hash_ring_manager [None req-e415a4f5-e524-4317-b040-1026cdbdb1b4 None None] Hash Ring loaded. 4 active nodes. 0 offline nodes {{(pid=103462) _load_hash_ring /opt/stack/neutron/neutron/common/ovn/hash_ring_manager.py:102}}
Feb 17 15:10:59.239940 np0000155989 devstack@neutron-api.service[103461]: DEBUG neutron.plugins.ml2.drivers.ovn.mech_driver.ovsdb.ovsdb_monitor [None req-dafc397c-78df-4ad5-931b-9c5015baa7d2 None None] Hash Ring: Node a8a725131b8c5c65811d1107a411e55e (host: np0000155989) handling event "create" for row 1a3f836c-b42e-43b8-a99e-497b2605bd0d (table: Port_Group) {{(pid=103461) notify /opt/stack/neutron/neutron/plugins/ml2/drivers/ovn/mech_driver/ovsdb/ovsdb_monitor.py:920}}
Feb 17 15:10:59.259500 np0000155989 devstack@neutron-api.service[103461]: INFO neutron.db.ovn_revision_numbers_db [None req-fdbd5f91-da40-42d5-a8ab-dd2dd431221b admin admin] Successfully bumped revision number for resource 322c0f3d-9b7c-4e4c-93e8-5a8593f43b23 (type: security_groups) to 1
Feb 17 15:10:59.272139 np0000155989 devstack@neutron-api.service[103461]: INFO neutron.db.ovn_revision_numbers_db [None req-fdbd5f91-da40-42d5-a8ab-dd2dd431221b admin admin] Successfully bumped revision number for resource 245c7c54-89c4-4ddd-b687-85f89c236e77 (type: security_group_rules) to 0
Feb 17 15:10:59.284901 np0000155989 devstack@neutron-api.service[103461]: INFO neutron.db.ovn_revision_numbers_db [None req-fdbd5f91-da40-42d5-a8ab-dd2dd431221b admin admin] Successfully bumped revision number for resource 2a037ea5-c311-4174-b787-8b7855fb4bf1 (type: security_group_rules) to 0
Feb 17 15:10:59.297349 np0000155989 devstack@neutron-api.service[103461]: INFO neutron.db.ovn_revision_numbers_db [None req-fdbd5f91-da40-42d5-a8ab-dd2dd431221b admin admin] Successfully bumped revision number for resource 662fb0c2-24c1-4236-a391-fbb9950111fd (type: security_group_rules) to 0
Feb 17 15:10:59.309819 np0000155989 devstack@neutron-api.service[103461]: INFO neutron.db.ovn_revision_numbers_db [None req-fdbd5f91-da40-42d5-a8ab-dd2dd431221b admin admin] Successfully bumped revision number for resource 6fddc156-acf0-4df4-9807-ad20268d3cd1 (type: security_group_rules) to 0
Feb 17 15:10:59.334333 np0000155989 devstack@neutron-api.service[103461]: DEBUG neutron.api.rpc.handlers.resources_rpc [None req-fdbd5f91-da40-42d5-a8ab-dd2dd431221b admin admin] Pushing event updated for resources: {'SecurityGroup': ['ID=322c0f3d-9b7c-4e4c-93e8-5a8593f43b23,revision_number=1']} {{(pid=103461) push /opt/stack/neutron/neutron/api/rpc/handlers/resources_rpc.py:237}}
Feb 17 15:10:59.339830 np0000155989 devstack@neutron-api.service[103461]: DEBUG ovsdbapp.backend.ovs_idl.transaction [None req-dafc397c-78df-4ad5-931b-9c5015baa7d2 None None] Running txn n=1 command(idx=0): CheckLivenessCommand(_result=None) {{(pid=103461) do_commit /opt/stack/data/venv/lib/python3.12/site-packages/ovsdbapp/backend/ovs_idl/transaction.py:89}}
Feb 17 15:10:59.343827 np0000155989 devstack@neutron-api.service[103462]: DEBUG neutron.plugins.ml2.drivers.ovn.mech_driver.ovsdb.ovsdb_monitor [None req-e415a4f5-e524-4317-b040-1026cdbdb1b4 None None] Hash Ring: Node 3cec6fb6d8055444bc551882ba590ff4 (host: np0000155989) handling event "update" for row 7865f4bc-8fa3-4e16-861a-9249a8ef67bb (table: NB_Global) {{(pid=103462) notify /opt/stack/neutron/neutron/plugins/ml2/drivers/ovn/mech_driver/ovsdb/ovsdb_monitor.py:920}}
Feb 17 15:10:59.344955 np0000155989 devstack@neutron-api.service[103461]: DEBUG neutron.api.rpc.callbacks.version_manager [None req-fdbd5f91-da40-42d5-a8ab-dd2dd431221b admin admin] Tracked resource versions report:
Feb 17 15:10:59.344955 np0000155989 devstack@neutron-api.service[103461]: pushed versions:
Feb 17 15:10:59.344955 np0000155989 devstack@neutron-api.service[103461]: { 'AddressGroup': {'1.2'},
Feb 17 15:10:59.344955 np0000155989 devstack@neutron-api.service[103461]: 'Agent': {'1.1'},
Feb 17 15:10:59.344955 np0000155989 devstack@neutron-api.service[103461]: 'ConntrackHelper': {'1.0'},
Feb 17 15:10:59.344955 np0000155989 devstack@neutron-api.service[103461]: 'LocalIPAssociation': {'1.0'},
Feb 17 15:10:59.344955 np0000155989 devstack@neutron-api.service[103461]: 'Log': {'1.0'},
Feb 17 15:10:59.344955 np0000155989 devstack@neutron-api.service[103461]: 'NDPProxy': {'1.0'},
Feb 17 15:10:59.344955 np0000155989 devstack@neutron-api.service[103461]: 'Network': {'1.2'},
Feb 17 15:10:59.344955 np0000155989 devstack@neutron-api.service[103461]: 'Port': {'1.10'},
Feb 17 15:10:59.344955 np0000155989 devstack@neutron-api.service[103461]: 'PortForwarding': {'1.3'},
Feb 17 15:10:59.344955 np0000155989 devstack@neutron-api.service[103461]: 'QosPolicy': {'1.10'},
Feb 17 15:10:59.344955 np0000155989 devstack@neutron-api.service[103461]: 'SecurityGroup': {'1.6'},
Feb 17 15:10:59.344955 np0000155989 devstack@neutron-api.service[103461]: 'SecurityGroupRule': {'1.3'},
Feb 17 15:10:59.344955 np0000155989 devstack@neutron-api.service[103461]: 'SubPort': {'1.0'},
Feb 17 15:10:59.344955 np0000155989 devstack@neutron-api.service[103461]: 'Subnet': {'1.2'},
Feb 17 15:10:59.344955 np0000155989 devstack@neutron-api.service[103461]: 'Trunk': {'1.1'}}
Feb 17 15:10:59.344955 np0000155989 devstack@neutron-api.service[103461]: consumer versions:
Feb 17 15:10:59.344955 np0000155989 devstack@neutron-api.service[103461]: { OVN Controller Gateway agent@np0000155989: {},
Feb 17 15:10:59.344955 np0000155989 devstack@neutron-api.service[103461]: OVN Neutron agent@np0000155989: {}}
Feb 17 15:10:59.344955 np0000155989 devstack@neutron-api.service[103461]: {{(pid=103461) report /opt/stack/neutron/neutron/api/rpc/callbacks/version_manager.py:183}}
Feb 17 15:10:59.346077 np0000155989 devstack@neutron-api.service[103462]: DEBUG neutron.plugins.ml2.drivers.ovn.mech_driver.ovsdb.ovsdb_monitor [None req-e415a4f5-e524-4317-b040-1026cdbdb1b4 None None] Hash Ring: Node 3cec6fb6d8055444bc551882ba590ff4 (host: np0000155989) handling event "update" for row 7865f4bc-8fa3-4e16-861a-9249a8ef67bb (table: NB_Global) {{(pid=103462) notify /opt/stack/neutron/neutron/plugins/ml2/drivers/ovn/mech_driver/ovsdb/ovsdb_monitor.py:920}}
Feb 17 15:10:59.347066 np0000155989 devstack@neutron-api.service[103460]: DEBUG neutron.plugins.ml2.drivers.ovn.mech_driver.ovsdb.ovsdb_monitor [None req-67d50140-70e8-40d0-b751-4ab009e3241b None None] ChassisAgentWriteEvent : Matched Chassis_Private, update, None None {{(pid=103460) matches /opt/stack/neutron/neutron/plugins/ml2/drivers/ovn/mech_driver/ovsdb/ovsdb_monitor.py:65}}
Feb 17 15:10:59.347215 np0000155989 devstack@neutron-api.service[103462]: DEBUG neutron.plugins.ml2.drivers.ovn.mech_driver.ovsdb.ovsdb_monitor [None req-ed8bc2f1-bb70-4bd7-b4bf-553066e1b461 None None] ChassisAgentWriteEvent : Matched Chassis_Private, update, None None {{(pid=103462) matches /opt/stack/neutron/neutron/plugins/ml2/drivers/ovn/mech_driver/ovsdb/ovsdb_monitor.py:65}}
Feb 17 15:10:59.347492 np0000155989 devstack@neutron-api.service[103459]: DEBUG neutron.plugins.ml2.drivers.ovn.mech_driver.ovsdb.ovsdb_monitor [None req-ff0bf53d-57a5-4b64-9c8c-614cfeb736bc None None] ChassisAgentWriteEvent : Matched Chassis_Private, update, None None {{(pid=103459) matches /opt/stack/neutron/neutron/plugins/ml2/drivers/ovn/mech_driver/ovsdb/ovsdb_monitor.py:65}}
Feb 17 15:10:59.349438 np0000155989 devstack@neutron-api.service[103462]: DEBUG neutron.plugins.ml2.drivers.ovn.mech_driver.ovsdb.ovsdb_monitor [None req-e415a4f5-e524-4317-b040-1026cdbdb1b4 None None] Hash Ring: Node 3cec6fb6d8055444bc551882ba590ff4 (host: np0000155989) handling event "update" for row 7865f4bc-8fa3-4e16-861a-9249a8ef67bb (table: NB_Global) {{(pid=103462) notify /opt/stack/neutron/neutron/plugins/ml2/drivers/ovn/mech_driver/ovsdb/ovsdb_monitor.py:920}}
Feb 17 15:10:59.351229 np0000155989 devstack@neutron-api.service[103461]: DEBUG neutron.plugins.ml2.drivers.ovn.mech_driver.ovsdb.ovsdb_monitor [None req-d35637d9-4b00-424e-8652-a211f2ab152d None None] ChassisAgentWriteEvent : Matched Chassis_Private, update, None None {{(pid=103461) matches /opt/stack/neutron/neutron/plugins/ml2/drivers/ovn/mech_driver/ovsdb/ovsdb_monitor.py:65}}
Feb 17 15:10:59.352425 np0000155989 devstack@neutron-api.service[103462]: DEBUG neutron.plugins.ml2.drivers.ovn.mech_driver.ovsdb.ovsdb_monitor [None req-e415a4f5-e524-4317-b040-1026cdbdb1b4 None None] Hash Ring: Node 3cec6fb6d8055444bc551882ba590ff4 (host: np0000155989) handling event "update" for row 7865f4bc-8fa3-4e16-861a-9249a8ef67bb (table: NB_Global) {{(pid=103462) notify /opt/stack/neutron/neutron/plugins/ml2/drivers/ovn/mech_driver/ovsdb/ovsdb_monitor.py:920}}
Feb 17 15:10:59.356393 np0000155989 devstack@neutron-api.service[103459]: DEBUG neutron.common.ovn.hash_ring_manager [None req-ff0bf53d-57a5-4b64-9c8c-614cfeb736bc None None] Hash Ring loaded. 4 active nodes. 0 offline nodes {{(pid=103459) _load_hash_ring /opt/stack/neutron/neutron/common/ovn/hash_ring_manager.py:102}}
Feb 17 15:10:59.357156 np0000155989 devstack@neutron-api.service[103460]: DEBUG neutron.common.ovn.hash_ring_manager [None req-67d50140-70e8-40d0-b751-4ab009e3241b None None] Hash Ring loaded. 4 active nodes. 0 offline nodes {{(pid=103460) _load_hash_ring /opt/stack/neutron/neutron/common/ovn/hash_ring_manager.py:102}}
Feb 17 15:10:59.359287 np0000155989 devstack@neutron-api.service[103462]: DEBUG neutron.common.ovn.hash_ring_manager [None req-ed8bc2f1-bb70-4bd7-b4bf-553066e1b461 None None] Hash Ring loaded. 4 active nodes. 0 offline nodes {{(pid=103462) _load_hash_ring /opt/stack/neutron/neutron/common/ovn/hash_ring_manager.py:102}}
Feb 17 15:10:59.359287 np0000155989 devstack@neutron-api.service[103462]: DEBUG neutron.plugins.ml2.drivers.ovn.mech_driver.ovsdb.ovsdb_monitor [None req-ed8bc2f1-bb70-4bd7-b4bf-553066e1b461 None None] Hash Ring: Node 3cec6fb6d8055444bc551882ba590ff4 (host: np0000155989) handling event "update" for row c458d9ad-adf9-407a-be3d-2fd283c70d5e (table: Chassis_Private) {{(pid=103462) notify /opt/stack/neutron/neutron/plugins/ml2/drivers/ovn/mech_driver/ovsdb/ovsdb_monitor.py:920}}
Feb 17 15:10:59.371372 np0000155989 devstack@neutron-api.service[103461]: DEBUG neutron.common.ovn.hash_ring_manager [None req-d35637d9-4b00-424e-8652-a211f2ab152d None None] Hash Ring loaded. 4 active nodes. 0 offline nodes {{(pid=103461) _load_hash_ring /opt/stack/neutron/neutron/common/ovn/hash_ring_manager.py:102}}
Feb 17 15:10:59.403645 np0000155989 devstack@neutron-api.service[103461]: DEBUG neutron.plugins.ml2.drivers.helpers [None req-fdbd5f91-da40-42d5-a8ab-dd2dd431221b admin admin] geneve segment allocate from pool success with {'geneve_vni': 29085} {{(pid=103461) allocate_partially_specified_segment /opt/stack/neutron/neutron/plugins/ml2/drivers/helpers.py:142}}
Feb 17 15:10:59.415184 np0000155989 devstack@neutron-api.service[103461]: DEBUG neutron_lib.callbacks.manager [None req-fdbd5f91-da40-42d5-a8ab-dd2dd431221b admin admin] Publish callbacks ['neutron.services.segments.db._add_segment_host_mapping_for_segment-7876265018892', 'neutron.plugins.ml2.plugin.Ml2Plugin._handle_segment_change-52053'] for segment (94d7916c-6165-4740-9d13-6da4abf606c7), precommit_create {{(pid=103461) _notify_loop /opt/stack/data/venv/lib/python3.12/site-packages/neutron_lib/callbacks/manager.py:184}}
Feb 17 15:10:59.415384 np0000155989 devstack@neutron-api.service[103461]: INFO neutron.db.segments_db [None req-fdbd5f91-da40-42d5-a8ab-dd2dd431221b admin admin] Added segment 94d7916c-6165-4740-9d13-6da4abf606c7 of type geneve for network 8e86b36e-b417-4591-88b3-3e36c8b64342
Feb 17 15:10:59.430616 np0000155989 devstack@neutron-api.service[103461]: DEBUG neutron_lib.callbacks.manager [None req-fdbd5f91-da40-42d5-a8ab-dd2dd431221b admin admin] Publish callbacks ['neutron.services.auto_allocate.db._ensure_external_network_default_value_callback-7876263024694'] for network (8e86b36e-b417-4591-88b3-3e36c8b64342), precommit_create {{(pid=103461) _notify_loop /opt/stack/data/venv/lib/python3.12/site-packages/neutron_lib/callbacks/manager.py:184}}
Feb 17 15:10:59.440436 np0000155989 devstack@neutron-api.service[103461]: DEBUG neutron.plugins.ml2.drivers.ovn.mech_driver.mech_driver [None req-fdbd5f91-da40-42d5-a8ab-dd2dd431221b admin admin] Validating network segment with type geneve, segmentation ID 29085, physical network None {{(pid=103461) _validate_network_segments /opt/stack/neutron/neutron/plugins/ml2/drivers/ovn/mech_driver/mech_driver.py:630}}
Feb 17 15:10:59.440555 np0000155989 devstack@neutron-api.service[103461]: DEBUG neutron.db.ovn_revision_numbers_db [None req-fdbd5f91-da40-42d5-a8ab-dd2dd431221b admin admin] create_initial_revision uuid=8e86b36e-b417-4591-88b3-3e36c8b64342, type=networks, rev=-1 {{(pid=103461) create_initial_revision /opt/stack/neutron/neutron/db/ovn_revision_numbers_db.py:98}}
Feb 17 15:10:59.449204 np0000155989 devstack@neutron-api.service[103461]: DEBUG neutron_lib.callbacks.manager [None req-fdbd5f91-da40-42d5-a8ab-dd2dd431221b admin admin] Publish callbacks ['neutron.plugins.ml2.ovo_rpc._ObjectChangeHandler.handle_event-2444205'] for network (8e86b36e-b417-4591-88b3-3e36c8b64342), after_create {{(pid=103461) _notify_loop /opt/stack/data/venv/lib/python3.12/site-packages/neutron_lib/callbacks/manager.py:184}}
Feb 17 15:10:59.466206 np0000155989 devstack@neutron-api.service[103461]: DEBUG neutron.api.rpc.handlers.resources_rpc [None req-fdbd5f91-da40-42d5-a8ab-dd2dd431221b admin admin] Pushing event updated for resources: {'Network': ['ID=8e86b36e-b417-4591-88b3-3e36c8b64342,revision_number=1']} {{(pid=103461) push /opt/stack/neutron/neutron/api/rpc/handlers/resources_rpc.py:237}}
Feb 17 15:10:59.474854 np0000155989 devstack@neutron-api.service[103461]: DEBUG ovsdbapp.backend.ovs_idl.transaction [None req-dafc397c-78df-4ad5-931b-9c5015baa7d2 None None] Running txn n=1 command(idx=0): AddNetworkCommand(_result=None, network_uuid=8e86b36e-b417-4591-88b3-3e36c8b64342, may_exist=True, columns={'external_ids': {'neutron:network_name': 'admin_net', 'neutron:mtu': '1372', 'neutron:revision_number': '1', 'neutron:availability_zone_hints': '', 'neutron:provnet-network-type': 'geneve'}, 'other_config': {'mcast_snoop': 'false', 'mcast_flood_unregistered': 'false', 'vlan-passthru': 'false'}}) {{(pid=103461) do_commit /opt/stack/data/venv/lib/python3.12/site-packages/ovsdbapp/backend/ovs_idl/transaction.py:89}}
Feb 17 15:10:59.480894 np0000155989 devstack@neutron-api.service[103460]: DEBUG neutron.plugins.ml2.drivers.ovn.mech_driver.ovsdb.ovsdb_monitor [None req-2292c58d-29ff-4c8b-a016-18c10312f18c None None] Hash Ring: Node 942928bca2a45f9cad3c97dfe45f2822 (host: np0000155989) handling event "create" for row 8e86b36e-b417-4591-88b3-3e36c8b64342 (table: Logical_Switch) {{(pid=103460) notify /opt/stack/neutron/neutron/plugins/ml2/drivers/ovn/mech_driver/ovsdb/ovsdb_monitor.py:920}}
Feb 17 15:10:59.483513 np0000155989 devstack@neutron-api.service[103459]: DEBUG neutron.plugins.ml2.drivers.ovn.mech_driver.ovsdb.ovsdb_monitor [None req-ff0bf53d-57a5-4b64-9c8c-614cfeb736bc None None] Hash Ring: Node 056ad97ac45459d8a2d155f9ac75d90a (host: np0000155989) handling event "create" for row 7614859d-0b24-4bf7-aa5f-6cc217e08b56 (table: Datapath_Binding) {{(pid=103459) notify /opt/stack/neutron/neutron/plugins/ml2/drivers/ovn/mech_driver/ovsdb/ovsdb_monitor.py:920}}
Feb 17 15:10:59.508473 np0000155989 devstack@neutron-api.service[103461]: INFO neutron.db.ovn_revision_numbers_db [None req-fdbd5f91-da40-42d5-a8ab-dd2dd431221b admin admin] Successfully bumped revision number for resource 8e86b36e-b417-4591-88b3-3e36c8b64342 (type: networks) to 1
Feb 17 15:10:59.524116 np0000155989 devstack@neutron-api.service[103461]: DEBUG neutron_lib.callbacks.manager [None req-fdbd5f91-da40-42d5-a8ab-dd2dd431221b admin admin] Publish callbacks ['neutron.plugins.ml2.plugin.SecurityGroupDbMixin._ensure_default_security_group_handler-828245'] for port (None), before_create {{(pid=103461) _notify_loop /opt/stack/data/venv/lib/python3.12/site-packages/neutron_lib/callbacks/manager.py:184}}
Feb 17 15:10:59.586130 np0000155989 devstack@neutron-api.service[103461]: DEBUG neutron_lib.callbacks.manager [None req-fdbd5f91-da40-42d5-a8ab-dd2dd431221b admin admin] Publish callbacks ['neutron.plugins.ml2.drivers.ovn.mech_driver.mech_driver.OVNMechanismDriver._validate_allowed_address_pairs-226741'] for allowed_address_pair (5a45cea7-701d-43b7-82dd-89a1525f7483), before_create {{(pid=103461) _notify_loop /opt/stack/data/venv/lib/python3.12/site-packages/neutron_lib/callbacks/manager.py:184}}
Feb 17 15:10:59.586521 np0000155989 devstack@neutron-api.service[103461]: DEBUG neutron_lib.callbacks.manager [None req-fdbd5f91-da40-42d5-a8ab-dd2dd431221b admin admin] Publish callbacks [] for port (5a45cea7-701d-43b7-82dd-89a1525f7483), precommit_create {{(pid=103461) _notify_loop /opt/stack/data/venv/lib/python3.12/site-packages/neutron_lib/callbacks/manager.py:184}}
Feb 17 15:10:59.586663 np0000155989 devstack@neutron-api.service[103461]: DEBUG neutron.plugins.ml2.drivers.ovn.mech_driver.mech_driver [None req-fdbd5f91-da40-42d5-a8ab-dd2dd431221b admin admin] No provisioning block for port 5a45cea7-701d-43b7-82dd-89a1525f7483 since it does not have a host {{(pid=103461) _is_port_provisioning_required /opt/stack/neutron/neutron/plugins/ml2/drivers/ovn/mech_driver/mech_driver.py:883}}
Feb 17 15:10:59.586783 np0000155989 devstack@neutron-api.service[103461]: DEBUG neutron.db.ovn_revision_numbers_db [None req-fdbd5f91-da40-42d5-a8ab-dd2dd431221b admin admin] create_initial_revision uuid=5a45cea7-701d-43b7-82dd-89a1525f7483, type=ports, rev=-1 {{(pid=103461) create_initial_revision /opt/stack/neutron/neutron/db/ovn_revision_numbers_db.py:98}}
Feb 17 15:10:59.614978 np0000155989 devstack@neutron-api.service[103461]: DEBUG neutron_lib.callbacks.manager [None req-fdbd5f91-da40-42d5-a8ab-dd2dd431221b admin admin] Publish callbacks ['neutron.plugins.ml2.ovo_rpc._ObjectChangeHandler.handle_event-2444220'] for port (5a45cea7-701d-43b7-82dd-89a1525f7483), after_create {{(pid=103461) _notify_loop /opt/stack/data/venv/lib/python3.12/site-packages/neutron_lib/callbacks/manager.py:184}}
Feb 17 15:10:59.645707 np0000155989 devstack@neutron-api.service[103461]: DEBUG neutron.api.rpc.handlers.resources_rpc [None req-fdbd5f91-da40-42d5-a8ab-dd2dd431221b admin admin] Pushing event updated for resources: {'Port': ['ID=5a45cea7-701d-43b7-82dd-89a1525f7483,revision_number=1']} {{(pid=103461) push /opt/stack/neutron/neutron/api/rpc/handlers/resources_rpc.py:237}}
Feb 17 15:10:59.652793 np0000155989 devstack@neutron-api.service[103461]: DEBUG ovsdbapp.backend.ovs_idl.transaction [None req-dafc397c-78df-4ad5-931b-9c5015baa7d2 None None] Running txn n=1 command(idx=0): AddLSwitchPortCommand(_result=None, lport=5a45cea7-701d-43b7-82dd-89a1525f7483, lswitch=neutron-8e86b36e-b417-4591-88b3-3e36c8b64342, may_exist=True, network_uuid=8e86b36e-b417-4591-88b3-3e36c8b64342, columns={'addresses': ['fa:16:3e:f5:3c:ae'], 'external_ids': {'neutron:port_name': '', 'neutron:device_id': 'ovnmeta-8e86b36e-b417-4591-88b3-3e36c8b64342', 'neutron:project_id': 'feb4cc6be7cc4177a56b56e558bbbdaa', 'neutron:cidrs': '', 'neutron:device_owner': 'network:distributed', 'neutron:subnet_pool_addr_scope4': '', 'neutron:subnet_pool_addr_scope6': '', 'neutron:network_name': 'neutron-8e86b36e-b417-4591-88b3-3e36c8b64342', 'neutron:security_group_ids': '', 'neutron:revision_number': '1', 'neutron:vnic_type': 'normal', 'neutron:port_capabilities': '', 'neutron:mtu': ''}, 'parent_name': [], 'tag': [], 'enabled': True, 'options': {}, 'type': 'localport', 'port_security': [], 'dhcpv4_options': [], 'dhcpv6_options': []}) {{(pid=103461) do_commit /opt/stack/data/venv/lib/python3.12/site-packages/ovsdbapp/backend/ovs_idl/transaction.py:89}}
Feb 17 15:10:59.654076 np0000155989 devstack@neutron-api.service[103461]: DEBUG ovsdbapp.backend.ovs_idl.transaction [None req-dafc397c-78df-4ad5-931b-9c5015baa7d2 None None] Running txn n=1 command(idx=1): QoSDelCommand(_result=None, switch=neutron-8e86b36e-b417-4591-88b3-3e36c8b64342, conditions=[('direction', '=', 'to-lport'), ('priority', '=', 2002), ('match', '=', 'outport == "5a45cea7-701d-43b7-82dd-89a1525f7483"')], if_exists=True) {{(pid=103461) do_commit /opt/stack/data/venv/lib/python3.12/site-packages/ovsdbapp/backend/ovs_idl/transaction.py:89}}
Feb 17 15:10:59.654482 np0000155989 devstack@neutron-api.service[103461]: DEBUG ovsdbapp.backend.ovs_idl.transaction [None req-dafc397c-78df-4ad5-931b-9c5015baa7d2 None None] Running txn n=1 command(idx=2): QoSDelCommand(_result=None, switch=neutron-8e86b36e-b417-4591-88b3-3e36c8b64342, conditions=[('direction', '=', 'from-lport'), ('priority', '=', 2002), ('match', '=', 'inport == "5a45cea7-701d-43b7-82dd-89a1525f7483"')], if_exists=True) {{(pid=103461) do_commit /opt/stack/data/venv/lib/python3.12/site-packages/ovsdbapp/backend/ovs_idl/transaction.py:89}}
Feb 17 15:10:59.659263 np0000155989 devstack@neutron-api.service[103461]: DEBUG neutron.plugins.ml2.drivers.ovn.mech_driver.ovsdb.ovsdb_monitor [None req-dafc397c-78df-4ad5-931b-9c5015baa7d2 None None] Hash Ring: Node a8a725131b8c5c65811d1107a411e55e (host: np0000155989) handling event "create" for row bce55459-7105-4a47-9dd5-35a174f0529e (table: Logical_Switch_Port) {{(pid=103461) notify /opt/stack/neutron/neutron/plugins/ml2/drivers/ovn/mech_driver/ovsdb/ovsdb_monitor.py:920}}
Feb 17 15:10:59.660663 np0000155989 devstack@neutron-api.service[103461]: DEBUG ovsdbapp.backend.ovs_idl.event [None req-dafc397c-78df-4ad5-931b-9c5015baa7d2 None None] Matched CREATE: LogicalSwitchPortCreateEvent(events=('create',), table='Logical_Switch_Port', conditions=[], old_conditions=None), priority=20 to row=Logical_Switch_Port(name=5a45cea7-701d-43b7-82dd-89a1525f7483, ha_chassis_group=[], options={}, parent_name=[], enabled=[True], type=localport, dhcpv6_options=[], addresses=['fa:16:3e:f5:3c:ae'], tag=[], up=[], external_ids={'neutron:cidrs': '', 'neutron:device_id': 'ovnmeta-8e86b36e-b417-4591-88b3-3e36c8b64342', 'neutron:device_owner': 'network:distributed', 'neutron:mtu': '', 'neutron:network_name': 'neutron-8e86b36e-b417-4591-88b3-3e36c8b64342', 'neutron:port_capabilities': '', 'neutron:port_name': '', 'neutron:project_id': 'feb4cc6be7cc4177a56b56e558bbbdaa', 'neutron:revision_number': '1', 'neutron:security_group_ids': '', 'neutron:subnet_pool_addr_scope4': '', 'neutron:subnet_pool_addr_scope6': '', 'neutron:vnic_type': 'normal'}, tag_request=[], port_security=[], dynamic_addresses=[], dhcpv4_options=[], mirror_rules=[]) old= {{(pid=103461) matches /opt/stack/data/venv/lib/python3.12/site-packages/ovsdbapp/backend/ovs_idl/event.py:55}}
Feb 17 15:10:59.662216 np0000155989 devstack@neutron-api.service[103460]: DEBUG neutron.plugins.ml2.drivers.ovn.mech_driver.ovsdb.ovsdb_monitor [None req-2292c58d-29ff-4c8b-a016-18c10312f18c None None] Hash Ring: Node 942928bca2a45f9cad3c97dfe45f2822 (host: np0000155989) handling event "update" for row 8e86b36e-b417-4591-88b3-3e36c8b64342 (table: Logical_Switch) {{(pid=103460) notify /opt/stack/neutron/neutron/plugins/ml2/drivers/ovn/mech_driver/ovsdb/ovsdb_monitor.py:920}}
Feb 17 15:10:59.662431 np0000155989 devstack@neutron-api.service[103461]: INFO neutron.plugins.ml2.drivers.ovn.mech_driver.mech_driver [None req-89f7e69e-4cff-4a62-a136-09ed64849e1e None None] OVN reports status down for port: 5a45cea7-701d-43b7-82dd-89a1525f7483
Feb 17 15:10:59.663167 np0000155989 devstack@neutron-api.service[103461]: DEBUG neutron.plugins.ml2.drivers.ovn.mech_driver.ovsdb.ovsdb_monitor [None req-dafc397c-78df-4ad5-931b-9c5015baa7d2 None None] Hash Ring: Node a8a725131b8c5c65811d1107a411e55e (host: np0000155989) handling event "update" for row bce55459-7105-4a47-9dd5-35a174f0529e (table: Logical_Switch_Port) {{(pid=103461) notify /opt/stack/neutron/neutron/plugins/ml2/drivers/ovn/mech_driver/ovsdb/ovsdb_monitor.py:920}}
Feb 17 15:10:59.665186 np0000155989 devstack@neutron-api.service[103462]: DEBUG neutron.plugins.ml2.drivers.ovn.mech_driver.ovsdb.ovsdb_monitor [None req-ed8bc2f1-bb70-4bd7-b4bf-553066e1b461 None None] Hash Ring: Node 3cec6fb6d8055444bc551882ba590ff4 (host: np0000155989) handling event "create" for row 533a8c77-80c0-49be-a479-2de937d7e1b0 (table: Port_Binding) {{(pid=103462) notify /opt/stack/neutron/neutron/plugins/ml2/drivers/ovn/mech_driver/ovsdb/ovsdb_monitor.py:920}}
Feb 17 15:10:59.728199 np0000155989 devstack@neutron-api.service[103461]: DEBUG neutron.db.provisioning_blocks [None req-89f7e69e-4cff-4a62-a136-09ed64849e1e None None] Transition to ACTIVE for port object 5a45cea7-701d-43b7-82dd-89a1525f7483 will not be triggered until provisioned by entity L2. {{(pid=103461) add_provisioning_component /opt/stack/neutron/neutron/db/provisioning_blocks.py:74}}
Feb 17 15:10:59.729945 np0000155989 devstack@neutron-api.service[103461]: INFO neutron.db.ovn_revision_numbers_db [None req-fdbd5f91-da40-42d5-a8ab-dd2dd431221b admin admin] Successfully bumped revision number for resource 5a45cea7-701d-43b7-82dd-89a1525f7483 (type: ports) to 1
Feb 17 15:10:59.762696 np0000155989 devstack@neutron-api.service[103461]: DEBUG neutron.pecan_wsgi.hooks.policy_enforcement [None req-fdbd5f91-da40-42d5-a8ab-dd2dd431221b admin admin] Attributes excluded by policy engine: ['standard_attr_id'] {{(pid=103461) _exclude_attributes_by_policy /opt/stack/neutron/neutron/pecan_wsgi/hooks/policy_enforcement.py:258}}
Feb 17 15:10:59.762981 np0000155989 devstack@neutron-api.service[103461]: DEBUG neutron_lib.callbacks.manager [None req-fdbd5f91-da40-42d5-a8ab-dd2dd431221b admin admin] Publish callbacks [] for network (None), before_response {{(pid=103461) _notify_loop /opt/stack/data/venv/lib/python3.12/site-packages/neutron_lib/callbacks/manager.py:184}}
Feb 17 15:10:59.779349 np0000155989 devstack@neutron-api.service[103461]: DEBUG neutron.plugins.ml2.plugin [None req-89f7e69e-4cff-4a62-a136-09ed64849e1e None None] Current status of the port 5a45cea7-701d-43b7-82dd-89a1525f7483 is: DOWN; New status is: DOWN {{(pid=103461) _update_individual_port_db_status /opt/stack/neutron/neutron/plugins/ml2/plugin.py:2461}}
Feb 17 15:10:59.781399 np0000155989 devstack@neutron-api.service[103461]: DEBUG ovsdbapp.backend.ovs_idl.transaction [None req-dafc397c-78df-4ad5-931b-9c5015baa7d2 None None] Running txn n=1 command(idx=0): DbRemoveCommand(_result=None, table=Logical_Switch_Port, record=5a45cea7-701d-43b7-82dd-89a1525f7483, column=external_ids, values=('neutron:host_id',), keyvalues={}, if_exists=True) {{(pid=103461) do_commit /opt/stack/data/venv/lib/python3.12/site-packages/ovsdbapp/backend/ovs_idl/transaction.py:89}}
Feb 17 15:10:59.785868 np0000155989 devstack@neutron-api.service[103461]: [pid: 103461|app: 0|req: 23/93] 199.204.45.99 () {68 vars in 1350 bytes} [Tue Feb 17 15:10:59 2026] POST /networking/v2.0/networks => generated 683 bytes in 687 msecs (HTTP/1.1 201) 4 headers in 162 bytes (1 switches on core 0)
Feb 17 15:11:00.006451 np0000155989 devstack@neutron-api.service[103462]: INFO neutron.pecan_wsgi.hooks.translation [None req-b9c2a146-699b-4583-bbac-da389dc09850 admin admin] GET failed (client error): The resource could not be found.
