2026-08-24 17:06:39.371 8 INFO neutron.db.ovn_revision_numbers_db [None req-1fdd5893-7b91-44ac-9dbc-f80ff96b6b86 ed24fc9ec5b34f008fff360c7fc186b5 378367172342465ea25b903bdded970c - - default default] Successfully bumped revision number for resource 74050559-f1fa-4066-9df5-3dd5e64360a6 (type: routers) to 8 [pid: 8|app: 0|req: 1057/2331] 10.0.0.108 () {34 vars in 707 bytes} [Mon Aug 24 17:06:38 2026] POST /v2.0/vpn/ipsec-site-connections => generated 805 bytes in 1214 msecs (HTTP/1.1 201) 4 headers in 162 bytes (1 switches on core 0) [pid: 8|app: 0|req: 1058/2332] 10.0.0.108 () {32 vars in 774 bytes} [Mon Aug 24 17:06:39 2026] GET /v2.0/security-groups?tenant_id=ab2d08a0a198494ab29388ba6e075282&name=default => generated 2925 bytes in 226 msecs (HTTP/1.1 200) 4 headers in 158 bytes (1 switches on core 0)
2026-08-24 17:06:40.206 7 INFO neutron.db.ovn_revision_numbers_db [None req-5a9871e2-53a6-4a6a-b0bb-a3db74ae4bb1 ed24fc9ec5b34f008fff360c7fc186b5 378367172342465ea25b903bdded970c - - default default] Successfully bumped revision number for resource 74050559-f1fa-4066-9df5-3dd5e64360a6 (type: routers) to 9 [pid: 7|app: 0|req: 1275/2333] 10.0.0.108 () {32 vars in 762 bytes} [Mon Aug 24 17:06:39 2026] DELETE /v2.0/vpn/ipsec-site-connections/2f2c18e7-b7d2-49ae-86f4-604465dd5be3 => generated 0 bytes in 781 msecs (HTTP/1.1 204) 2 headers in 112 bytes (1 switches on core 0) [pid: 7|app: 0|req: 1276/2334] 10.0.0.108 () {32 vars in 685 bytes} [Mon Aug 24 17:06:40 2026] GET /v2.0/vpn/ipsec-site-connections => generated 796 bytes in 16 msecs (HTTP/1.1 200) 4 headers in 157 bytes (1 switches on core 0)
2026-08-24 17:06:40.322 7 INFO neutron.api.v2.resource [None req-6a776cbd-02c5-4933-bf78-c2e5425e3bda ed24fc9ec5b34f008fff360c7fc186b5 378367172342465ea25b903bdded970c - - default default] delete failed (client error): The resource could not be found. [pid: 7|app: 0|req: 1277/2335] 10.0.0.108 () {32 vars in 762 bytes} [Mon Aug 24 17:06:40 2026] DELETE /v2.0/vpn/ipsec-site-connections/2f2c18e7-b7d2-49ae-86f4-604465dd5be3 => generated 154 bytes in 10 msecs (HTTP/1.1 404) 4 headers in 164 bytes (1 switches on core 0) [pid: 7|app: 0|req: 1278/2336] 10.0.0.108 () {34 vars in 693 bytes} [Mon Aug 24 17:06:40 2026] POST /v2.0/vpn/endpoint-groups => generated 289 bytes in 86 msecs (HTTP/1.1 201) 4 headers in 162 bytes (1 switches on core 0) [pid: 7|app: 0|req: 1279/2337] 10.0.0.108 () {30 vars in 702 bytes} [Mon Aug 24 17:06:40 2026] PUT /v2.0/vpn/endpoint-groups/4669fc78-c2e4-4545-b880-8b42a223de09 => generated 289 bytes in 20 msecs (HTTP/1.1 200) 4 headers in 157 bytes (1 switches on core 0) [pid: 7|app: 0|req: 1280/2338] 10.0.0.108 () {32 vars in 745 bytes} [Mon Aug 24 17:06:40 2026] GET /v2.0/vpn/endpoint-groups/4669fc78-c2e4-4545-b880-8b42a223de09 => generated 289 bytes in 11 msecs (HTTP/1.1 200) 4 headers in 157 bytes (1 switches on core 0) [pid: 8|app: 0|req: 1059/2339] 10.0.0.108 () {32 vars in 740 bytes} [Mon Aug 24 17:06:40 2026] DELETE /v2.0/security-groups/54694b58-88b2-4008-90aa-d83425ffa2c2 => generated 0 bytes in 447 msecs (HTTP/1.1 204) 2 headers in 112 bytes (1 switches on core 0) [pid: 7|app: 0|req: 1281/2340] 10.0.0.108 () {32 vars in 748 bytes} [Mon Aug 24 17:06:40 2026] DELETE /v2.0/vpn/endpoint-groups/4669fc78-c2e4-4545-b880-8b42a223de09 => generated 0 bytes in 30 msecs (HTTP/1.1 204) 2 headers in 112 bytes (1 switches on core 0) [pid: 8|app: 0|req: 1060/2341] 10.0.0.108 () {32 vars in 671 bytes} [Mon Aug 24 17:06:40 2026] GET /v2.0/vpn/endpoint-groups => generated 632 bytes in 12 msecs (HTTP/1.1 200) 4 headers in 157 bytes (1 switches on core 0) [pid: 7|app: 0|req: 1282/2342] 10.0.0.108 () {32 vars in 671 bytes} [Mon Aug 24 17:06:40 2026] GET /v2.0/vpn/endpoint-groups => generated 632 bytes in 14 msecs (HTTP/1.1 200) 4 headers in 157 bytes (1 switches on core 0) [pid: 8|app: 0|req: 1061/2343] 10.0.0.108 () {34 vars in 685 bytes} [Mon Aug 24 17:06:40 2026] POST /v2.0/vpn/ikepolicies => generated 403 bytes in 196 msecs (HTTP/1.1 201) 4 headers in 162 bytes (1 switches on core 0) [pid: 8|app: 0|req: 1062/2344] 10.0.0.108 () {30 vars in 695 bytes} [Mon Aug 24 17:06:40 2026] PUT /v2.0/vpn/ikepolicies/77bda742-69c7-4f20-9478-9d745631446e => generated 419 bytes in 41 msecs (HTTP/1.1 200) 4 headers in 157 bytes (1 switches on core 0) [pid: 8|app: 0|req: 1063/2345] 10.0.0.108 () {32 vars in 737 bytes} [Mon Aug 24 17:06:40 2026] GET /v2.0/vpn/ikepolicies/77bda742-69c7-4f20-9478-9d745631446e => generated 419 bytes in 44 msecs (HTTP/1.1 200) 4 headers in 157 bytes (1 switches on core 0) [pid: 8|app: 0|req: 1064/2346] 10.0.0.108 () {32 vars in 740 bytes} [Mon Aug 24 17:06:40 2026] DELETE /v2.0/vpn/ikepolicies/77bda742-69c7-4f20-9478-9d745631446e => generated 0 bytes in 33 msecs (HTTP/1.1 204) 2 headers in 112 bytes (1 switches on core 0) [pid: 8|app: 0|req: 1065/2347] 10.0.0.108 () {32 vars in 663 bytes} [Mon Aug 24 17:06:40 2026] GET /v2.0/vpn/ikepolicies => generated 407 bytes in 10 msecs (HTTP/1.1 200) 4 headers in 157 bytes (1 switches on core 0) [pid: 8|app: 0|req: 1066/2348] 10.0.0.108 () {32 vars in 663 bytes} [Mon Aug 24 17:06:40 2026] GET /v2.0/vpn/ikepolicies => generated 407 bytes in 7 msecs (HTTP/1.1 200) 4 headers in 157 bytes (1 switches on core 0) [pid: 8|app: 0|req: 1067/2349] 10.0.0.108 () {34 vars in 689 bytes} [Mon Aug 24 17:06:40 2026] POST /v2.0/vpn/ipsecpolicies => generated 412 bytes in 76 msecs (HTTP/1.1 201) 4 headers in 162 bytes (1 switches on core 0) [pid: 8|app: 0|req: 1068/2350] 10.0.0.108 () {30 vars in 699 bytes} [Mon Aug 24 17:06:41 2026] PUT /v2.0/vpn/ipsecpolicies/738fc8ac-f3b2-41c0-a39b-76919b4b4548 => generated 430 bytes in 40 msecs (HTTP/1.1 200) 4 headers in 157 bytes (1 switches on core 0)
2026-08-24 17:06:41.155 8 WARNING neutron.plugins.ml2.drivers.ovn.mech_driver.ovsdb.ovn_client [None req-7d0d37e1-3e21-4e0e-b742-e0fed6190423 - - - - - -] No hosting information found for port 1e78c58e-6c05-41f5-8ede-e7e2db1ccfb6: RuntimeError: No hosting information found for port 1e78c58e-6c05-41f5-8ede-e7e2db1ccfb6
2026-08-24 17:06:41.155 8 INFO neutron.plugins.ml2.drivers.ovn.mech_driver.mech_driver [None req-7d0d37e1-3e21-4e0e-b742-e0fed6190423 - - - - - -] OVN reports status down for port: 32eda062-cd9f-490a-850b-ced4fc290caf [pid: 8|app: 0|req: 1069/2351] 10.0.0.108 () {32 vars in 744 bytes} [Mon Aug 24 17:06:41 2026] DELETE /v2.0/vpn/ipsecpolicies/738fc8ac-f3b2-41c0-a39b-76919b4b4548 => generated 0 bytes in 107 msecs (HTTP/1.1 204) 2 headers in 112 bytes (1 switches on core 0)
2026-08-24 17:06:41.182 8 INFO neutron.api.v2.resource [None req-ff125fa0-e2c2-4efb-8a76-5ba629ce4a88 ed24fc9ec5b34f008fff360c7fc186b5 378367172342465ea25b903bdded970c - - default default] delete failed (client error): The resource could not be found. [pid: 8|app: 0|req: 1070/2352] 10.0.0.108 () {32 vars in 744 bytes} [Mon Aug 24 17:06:41 2026] DELETE /v2.0/vpn/ipsecpolicies/738fc8ac-f3b2-41c0-a39b-76919b4b4548 => generated 145 bytes in 16 msecs (HTTP/1.1 404) 4 headers in 164 bytes (1 switches on core 0)
2026-08-24 17:06:41.197 8 INFO neutron.plugins.ml2.drivers.ovn.mech_driver.mech_driver [None req-7d0d37e1-3e21-4e0e-b742-e0fed6190423 - - - - - -] OVN reports status up for port: 2da45f2f-ad6c-4f95-b0f4-01ec8cfae732
2026-08-24 17:06:41.202 7 INFO neutron.db.ovn_revision_numbers_db [None req-81b65378-d6b6-45c9-8b60-29934f941bd2 788a3b8878f74220b1a07bfd87e5a318 6062ace57a9347ca8bbb973e873de42a - - default default] Successfully bumped revision number for resource 6c0b2633-a4b8-49a9-814d-f7a08abd5fca (type: security_groups) to 1
2026-08-24 17:06:41.212 8 INFO neutron.api.v2.resource [None req-b1ca686f-d246-4da3-9211-c29924a4c3c5 ed24fc9ec5b34f008fff360c7fc186b5 378367172342465ea25b903bdded970c - - default default] delete failed (client error): The resource could not be found. [pid: 8|app: 0|req: 1071/2353] 10.0.0.108 () {32 vars in 744 bytes} [Mon Aug 24 17:06:41 2026] DELETE /v2.0/vpn/ipsecpolicies/738fc8ac-f3b2-41c0-a39b-76919b4b4548 => generated 145 bytes in 28 msecs (HTTP/1.1 404) 4 headers in 164 bytes (1 switches on core 0)
2026-08-24 17:06:41.224 7 INFO neutron.db.ovn_revision_numbers_db [None req-81b65378-d6b6-45c9-8b60-29934f941bd2 788a3b8878f74220b1a07bfd87e5a318 6062ace57a9347ca8bbb973e873de42a - - default default] Successfully bumped revision number for resource 6c08875f-b019-48fb-a6a9-328816a2d7ab (type: security_group_rules) to 0
2026-08-24 17:06:41.298 8 INFO neutron.plugins.ml2.plugin [None req-7d0d37e1-3e21-4e0e-b742-e0fed6190423 - - - - - -] Attempt 1 to provision port 2da45f2f-ad6c-4f95-b0f4-01ec8cfae732
2026-08-24 17:06:41.307 7 INFO neutron.db.ovn_revision_numbers_db [None req-81b65378-d6b6-45c9-8b60-29934f941bd2 788a3b8878f74220b1a07bfd87e5a318 6062ace57a9347ca8bbb973e873de42a - - default default] Successfully bumped revision number for resource c53ae66b-4c9b-4fb6-9543-521f92959010 (type: security_group_rules) to 0
2026-08-24 17:06:41.328 7 INFO neutron.db.ovn_revision_numbers_db [None req-81b65378-d6b6-45c9-8b60-29934f941bd2 788a3b8878f74220b1a07bfd87e5a318 6062ace57a9347ca8bbb973e873de42a - - default default] Successfully bumped revision number for resource cf07ca6c-5d1d-4271-8dd7-a05f813e0598 (type: security_group_rules) to 0
2026-08-24 17:06:41.347 7 INFO neutron.db.ovn_revision_numbers_db [None req-81b65378-d6b6-45c9-8b60-29934f941bd2 788a3b8878f74220b1a07bfd87e5a318 6062ace57a9347ca8bbb973e873de42a - - default default] Successfully bumped revision number for resource eacb802f-64e1-4a21-a30f-59f2158db420 (type: security_group_rules) to 0 [pid: 7|app: 0|req: 1283/2354] 10.0.0.108 () {32 vars in 774 bytes} [Mon Aug 24 17:06:40 2026] GET /v2.0/security-groups?tenant_id=a3416aeeb9db41ebb238cf3c3c94ff34&name=default => generated 2925 bytes in 702 msecs (HTTP/1.1 200) 4 headers in 158 bytes (1 switches on core 0)
2026-08-24 17:06:41.416 8 INFO neutron.db.segments_db [None req-fafd8ca3-f3be-44a4-bb46-34b188bda5d0 ed24fc9ec5b34f008fff360c7fc186b5 378367172342465ea25b903bdded970c - - default default] Added segment ad1d87d0-d97f-47da-8286-66472e695d7a of type geneve for network d28e9a6e-1371-4aa6-8b53-7bf317a0a700
2026-08-24 17:06:41.701 8 INFO neutron.db.ovn_revision_numbers_db [None req-fafd8ca3-f3be-44a4-bb46-34b188bda5d0 ed24fc9ec5b34f008fff360c7fc186b5 378367172342465ea25b903bdded970c - - default default] Successfully bumped revision number for resource d28e9a6e-1371-4aa6-8b53-7bf317a0a700 (type: networks) to 1
2026-08-24 17:06:41.702 8 INFO neutron.db.ovn_revision_numbers_db [None req-7d0d37e1-3e21-4e0e-b742-e0fed6190423 - - - - - -] Successfully bumped revision number for resource 2da45f2f-ad6c-4f95-b0f4-01ec8cfae732 (type: ports) to 4
2026-08-24 17:06:41.962 8 INFO neutron.plugins.ml2.drivers.ovn.mech_driver.mech_driver [None req-1f19c97c-032d-4379-94b9-db17bdeb90e5 - - - - - -] OVN reports status down for port: 7325efbe-03c1-471d-900d-19aab65c7e64 [pid: 7|app: 0|req: 1284/2355] 10.0.0.108 () {32 vars in 740 bytes} [Mon Aug 24 17:06:41 2026] DELETE /v2.0/security-groups/6c0b2633-a4b8-49a9-814d-f7a08abd5fca => generated 0 bytes in 642 msecs (HTTP/1.1 204) 2 headers in 112 bytes (1 switches on core 0)
2026-08-24 17:06:42.103 8 WARNING neutron.plugins.ml2.drivers.ovn.mech_driver.ovsdb.ovn_client [None req-1f19c97c-032d-4379-94b9-db17bdeb90e5 - - - - - -] Logical_Switch_Port %s host information not removed, the port state is up
2026-08-24 17:06:42.103 8 INFO neutron.plugins.ml2.drivers.ovn.mech_driver.mech_driver [None req-1f19c97c-032d-4379-94b9-db17bdeb90e5 - - - - - -] OVN reports status down for port: 87c3dffe-42ef-4865-a942-1afc0734d36f
2026-08-24 17:06:42.112 8 INFO neutron.plugins.ml2.drivers.ovn.mech_driver.mech_driver [None req-1f19c97c-032d-4379-94b9-db17bdeb90e5 - - - - - -] OVN reports status up for port: 7325efbe-03c1-471d-900d-19aab65c7e64
2026-08-24 17:06:42.234 8 INFO neutron.plugins.ml2.plugin [None req-1f19c97c-032d-4379-94b9-db17bdeb90e5 - - - - - -] Attempt 1 to provision port 7325efbe-03c1-471d-900d-19aab65c7e64
2026-08-24 17:06:42.266 8 WARNING neutron.scheduler.dhcp_agent_scheduler [None req-fafd8ca3-f3be-44a4-bb46-34b188bda5d0 ed24fc9ec5b34f008fff360c7fc186b5 378367172342465ea25b903bdded970c - - default default] No more DHCP agents
2026-08-24 17:06:42.269 8 WARNING neutron.api.rpc.agentnotifiers.dhcp_rpc_agent_api [None req-fafd8ca3-f3be-44a4-bb46-34b188bda5d0 ed24fc9ec5b34f008fff360c7fc186b5 378367172342465ea25b903bdded970c - - default default] Unable to schedule network d28e9a6e-1371-4aa6-8b53-7bf317a0a700: no agents available; will retry on subsequent port and subnet creation events.
2026-08-24 17:06:42.541 8 INFO neutron.db.ovn_revision_numbers_db [None req-fafd8ca3-f3be-44a4-bb46-34b188bda5d0 ed24fc9ec5b34f008fff360c7fc186b5 378367172342465ea25b903bdded970c - - default default] Successfully bumped revision number for resource ebb88ed5-9ed4-4e2e-bb60-c79c3e4eb836 (type: ports) to 1 [pid: 8|app: 0|req: 1072/2356] 10.0.0.108 () {34 vars in 670 bytes} [Mon Aug 24 17:06:41 2026] POST /v2.0/networks => generated 650 bytes in 1500 msecs (HTTP/1.1 201) 4 headers in 162 bytes (1 switches on core 0)
2026-08-24 17:06:42.968 8 INFO neutron.db.ovn_revision_numbers_db [None req-1f19c97c-032d-4379-94b9-db17bdeb90e5 - - - - - -] Successfully bumped revision number for resource 7325efbe-03c1-471d-900d-19aab65c7e64 (type: ports) to 2
2026-08-24 17:06:43.172 7 WARNING neutron.scheduler.dhcp_agent_scheduler [None req-a139108f-5e6e-4019-a06d-155a09b0e760 ed24fc9ec5b34f008fff360c7fc186b5 378367172342465ea25b903bdded970c - - default default] No more DHCP agents
2026-08-24 17:06:43.175 7 WARNING neutron.api.rpc.agentnotifiers.dhcp_rpc_agent_api [None req-a139108f-5e6e-4019-a06d-155a09b0e760 ed24fc9ec5b34f008fff360c7fc186b5 378367172342465ea25b903bdded970c - - default default] Unable to schedule network d28e9a6e-1371-4aa6-8b53-7bf317a0a700: no agents available; will retry on subsequent port and subnet creation events.
2026-08-24 17:06:43.757 8 INFO neutron.db.ovn_revision_numbers_db [None req-f4fcc7b6-3094-41e4-8e38-e18a8c6ad757 f75203d4a8bb43fa97e61cf6f2ca06aa 6eb535ea52134d7c99ef3fdd04f633ae - - default default] Successfully bumped revision number for resource 7b13c4ad-536d-45c0-a36e-c538fcbca708 (type: security_groups) to 1
2026-08-24 17:06:43.805 8 INFO neutron.db.ovn_revision_numbers_db [None req-f4fcc7b6-3094-41e4-8e38-e18a8c6ad757 f75203d4a8bb43fa97e61cf6f2ca06aa 6eb535ea52134d7c99ef3fdd04f633ae - - default default] Successfully bumped revision number for resource 0a54330e-893f-4e50-af2b-d2ebb19935db (type: security_group_rules) to 0
2026-08-24 17:06:43.876 7 INFO neutron.db.ovn_revision_numbers_db [None req-18c7f8ab-871d-4654-a639-52f39f271a55 - - - - - -] Successfully bumped revision number for resource ebb88ed5-9ed4-4e2e-bb60-c79c3e4eb836 (type: ports) to 2
2026-08-24 17:06:43.904 8 INFO neutron.db.ovn_revision_numbers_db [None req-f4fcc7b6-3094-41e4-8e38-e18a8c6ad757 f75203d4a8bb43fa97e61cf6f2ca06aa 6eb535ea52134d7c99ef3fdd04f633ae - - default default] Successfully bumped revision number for resource 97aff0f2-685e-4f1b-a140-c477f7b20f82 (type: security_group_rules) to 0
2026-08-24 17:06:43.959 7 INFO neutron.db.ovn_revision_numbers_db [None req-18c7f8ab-871d-4654-a639-52f39f271a55 - - - - - -] Successfully bumped revision number for resource 315a8607-c384-454c-81cf-a10a8f4024e9 (type: subnets) to 0
2026-08-24 17:06:43.962 8 INFO neutron.db.ovn_revision_numbers_db [None req-f4fcc7b6-3094-41e4-8e38-e18a8c6ad757 f75203d4a8bb43fa97e61cf6f2ca06aa 6eb535ea52134d7c99ef3fdd04f633ae - - default default] Successfully bumped revision number for resource 9864a1a8-082f-45c2-a7bc-c3f4df02998e (type: security_group_rules) to 0
2026-08-24 17:06:43.988 8 INFO neutron.db.ovn_revision_numbers_db [None req-f4fcc7b6-3094-41e4-8e38-e18a8c6ad757 f75203d4a8bb43fa97e61cf6f2ca06aa 6eb535ea52134d7c99ef3fdd04f633ae - - default default] Successfully bumped revision number for resource f5750659-9d6c-480a-bad2-931ef62d0c6f (type: security_group_rules) to 0 [pid: 7|app: 0|req: 1285/2357] 10.0.0.108 () {34 vars in 669 bytes} [Mon Aug 24 17:06:42 2026] POST /v2.0/subnets => generated 629 bytes in 1265 msecs (HTTP/1.1 201) 4 headers in 162 bytes (1 switches on core 0)
2026-08-24 17:06:44.071 8 INFO neutron.db.segments_db [None req-f4fcc7b6-3094-41e4-8e38-e18a8c6ad757 f75203d4a8bb43fa97e61cf6f2ca06aa 6eb535ea52134d7c99ef3fdd04f633ae - - default default] Added segment 5fb40831-5eb5-4c87-9c2a-55329d0a1973 of type geneve for network e4861dc5-0a26-4315-831a-aaf2119dca4c
2026-08-24 17:06:44.257 8 INFO neutron.db.ovn_revision_numbers_db [None req-f4fcc7b6-3094-41e4-8e38-e18a8c6ad757 f75203d4a8bb43fa97e61cf6f2ca06aa 6eb535ea52134d7c99ef3fdd04f633ae - - default default] Successfully bumped revision number for resource e4861dc5-0a26-4315-831a-aaf2119dca4c (type: networks) to 1
2026-08-24 17:06:44.459 8 WARNING neutron.scheduler.dhcp_agent_scheduler [None req-f4fcc7b6-3094-41e4-8e38-e18a8c6ad757 f75203d4a8bb43fa97e61cf6f2ca06aa 6eb535ea52134d7c99ef3fdd04f633ae - - default default] No more DHCP agents
2026-08-24 17:06:44.460 8 WARNING neutron.api.rpc.agentnotifiers.dhcp_rpc_agent_api [None req-f4fcc7b6-3094-41e4-8e38-e18a8c6ad757 f75203d4a8bb43fa97e61cf6f2ca06aa 6eb535ea52134d7c99ef3fdd04f633ae - - default default] Unable to schedule network e4861dc5-0a26-4315-831a-aaf2119dca4c: no agents available; will retry on subsequent port and subnet creation events.
2026-08-24 17:06:44.609 8 INFO neutron.db.ovn_revision_numbers_db [None req-f4fcc7b6-3094-41e4-8e38-e18a8c6ad757 f75203d4a8bb43fa97e61cf6f2ca06aa 6eb535ea52134d7c99ef3fdd04f633ae - - default default] Successfully bumped revision number for resource c89746a5-aa18-42a3-9766-e91b0da53e9c (type: ports) to 1
2026-08-24 17:06:44.644 7 WARNING neutron.scheduler.dhcp_agent_scheduler [None req-3bc7f21d-0e83-4c88-ade0-e10aaa540d67 ed24fc9ec5b34f008fff360c7fc186b5 378367172342465ea25b903bdded970c - - default default] No more DHCP agents [pid: 8|app: 0|req: 1073/2358] 10.0.0.108 () {34 vars in 670 bytes} [Mon Aug 24 17:06:42 2026] POST /v2.0/networks => generated 649 bytes in 1800 msecs (HTTP/1.1 201) 4 headers in 162 bytes (1 switches on core 0)
2026-08-24 17:06:44.645 7 WARNING neutron.api.rpc.agentnotifiers.dhcp_rpc_agent_api [None req-3bc7f21d-0e83-4c88-ade0-e10aaa540d67 ed24fc9ec5b34f008fff360c7fc186b5 378367172342465ea25b903bdded970c - - default default] Unable to schedule network 5240c4e3-5003-4ed2-b6d8-30abfd9a2f0e: no agents available; will retry on subsequent port and subnet creation events.
2026-08-24 17:06:44.876 8 INFO neutron.db.segments_db [None req-f5fb73dc-0f96-4f22-a51a-a8563004040a f75203d4a8bb43fa97e61cf6f2ca06aa 6eb535ea52134d7c99ef3fdd04f633ae - - default default] Added segment f03b81f1-58f1-4305-8c31-725994fd7a32 of type geneve for network ab3780bc-b8e2-4384-9468-2951f26cca89
2026-08-24 17:06:44.934 7 INFO neutron.db.ovn_revision_numbers_db [None req-3bc7f21d-0e83-4c88-ade0-e10aaa540d67 ed24fc9ec5b34f008fff360c7fc186b5 378367172342465ea25b903bdded970c - - default default] Successfully bumped revision number for resource a9ee599e-6d17-4ec6-9c5b-6f5a959e8cc1 (type: ports) to 1
2026-08-24 17:06:45.190 8 INFO neutron.db.ovn_revision_numbers_db [None req-f5fb73dc-0f96-4f22-a51a-a8563004040a f75203d4a8bb43fa97e61cf6f2ca06aa 6eb535ea52134d7c99ef3fdd04f633ae - - default default] Successfully bumped revision number for resource ab3780bc-b8e2-4384-9468-2951f26cca89 (type: networks) to 1
2026-08-24 17:06:45.484 8 WARNING neutron.scheduler.dhcp_agent_scheduler [None req-f5fb73dc-0f96-4f22-a51a-a8563004040a f75203d4a8bb43fa97e61cf6f2ca06aa 6eb535ea52134d7c99ef3fdd04f633ae - - default default] No more DHCP agents
2026-08-24 17:06:45.487 8 WARNING neutron.api.rpc.agentnotifiers.dhcp_rpc_agent_api [None req-f5fb73dc-0f96-4f22-a51a-a8563004040a f75203d4a8bb43fa97e61cf6f2ca06aa 6eb535ea52134d7c99ef3fdd04f633ae - - default default] Unable to schedule network ab3780bc-b8e2-4384-9468-2951f26cca89: no agents available; will retry on subsequent port and subnet creation events.
2026-08-24 17:06:45.671 8 INFO neutron.db.ovn_revision_numbers_db [None req-f5fb73dc-0f96-4f22-a51a-a8563004040a f75203d4a8bb43fa97e61cf6f2ca06aa 6eb535ea52134d7c99ef3fdd04f633ae - - default default] Successfully bumped revision number for resource 96591ad8-fc8b-4429-87b0-72fcf148ded0 (type: ports) to 1
2026-08-24 17:06:45.748 7 INFO neutron.plugins.ml2.drivers.ovn.mech_driver.ovsdb.commands [-] Schedule LRP lrp-a9ee599e-6d17-4ec6-9c5b-6f5a959e8cc1 on gateway 32a98ade-9203-4c6d-87a5-ddf954015ec5 with priority 1 [pid: 8|app: 0|req: 1074/2359] 10.0.0.108 () {34 vars in 670 bytes} [Mon Aug 24 17:06:44 2026] POST /v2.0/networks => generated 649 bytes in 1130 msecs (HTTP/1.1 201) 4 headers in 162 bytes (1 switches on core 0)
2026-08-24 17:06:45.911 7 INFO neutron.db.ovn_revision_numbers_db [None req-3bc7f21d-0e83-4c88-ade0-e10aaa540d67 ed24fc9ec5b34f008fff360c7fc186b5 378367172342465ea25b903bdded970c - - default default] Successfully bumped revision number for resource a9ee599e-6d17-4ec6-9c5b-6f5a959e8cc1 (type: router_ports) to 1
2026-08-24 17:06:46.008 7 INFO neutron.db.ovn_revision_numbers_db [None req-3bc7f21d-0e83-4c88-ade0-e10aaa540d67 ed24fc9ec5b34f008fff360c7fc186b5 378367172342465ea25b903bdded970c - - default default] Successfully bumped revision number for resource 7029b9ee-d074-4431-a328-08349970cc28 (type: routers) to 2 [pid: 7|app: 0|req: 1286/2360] 10.0.0.108 () {34 vars in 669 bytes} [Mon Aug 24 17:06:44 2026] POST /v2.0/routers => generated 937 bytes in 2049 msecs (HTTP/1.1 201) 4 headers in 162 bytes (1 switches on core 0)
2026-08-24 17:06:46.119 8 WARNING neutron.scheduler.dhcp_agent_scheduler [None req-a5a5d720-c3d5-4842-a46a-2e795daa9e51 f75203d4a8bb43fa97e61cf6f2ca06aa 6eb535ea52134d7c99ef3fdd04f633ae - - default default] No more DHCP agents
2026-08-24 17:06:46.121 8 WARNING neutron.api.rpc.agentnotifiers.dhcp_rpc_agent_api [None req-a5a5d720-c3d5-4842-a46a-2e795daa9e51 f75203d4a8bb43fa97e61cf6f2ca06aa 6eb535ea52134d7c99ef3fdd04f633ae - - default default] Unable to schedule network e4861dc5-0a26-4315-831a-aaf2119dca4c: no agents available; will retry on subsequent port and subnet creation events.
2026-08-24 17:06:46.649 7 WARNING neutron.scheduler.dhcp_agent_scheduler [None req-be632633-bad1-42c0-a327-bf5710dda969 ed24fc9ec5b34f008fff360c7fc186b5 378367172342465ea25b903bdded970c - - default default] No more DHCP agents
2026-08-24 17:06:46.650 7 WARNING neutron.api.rpc.agentnotifiers.dhcp_rpc_agent_api [None req-be632633-bad1-42c0-a327-bf5710dda969 ed24fc9ec5b34f008fff360c7fc186b5 378367172342465ea25b903bdded970c - - default default] Unable to schedule network d28e9a6e-1371-4aa6-8b53-7bf317a0a700: no agents available; will retry on subsequent port and subnet creation events.
2026-08-24 17:06:46.668 8 INFO neutron.db.ovn_revision_numbers_db [None req-3131ea72-599f-47f1-8d82-b1499a1f72ff - - - - - -] Successfully bumped revision number for resource c89746a5-aa18-42a3-9766-e91b0da53e9c (type: ports) to 2
2026-08-24 17:06:46.725 8 INFO neutron.db.ovn_revision_numbers_db [None req-3131ea72-599f-47f1-8d82-b1499a1f72ff - - - - - -] Successfully bumped revision number for resource d5251301-b843-4142-b1a2-0f78fe2f843a (type: subnets) to 0 [pid: 8|app: 0|req: 1075/2361] 10.0.0.108 () {34 vars in 669 bytes} [Mon Aug 24 17:06:45 2026] POST /v2.0/subnets => generated 626 bytes in 997 msecs (HTTP/1.1 201) 4 headers in 162 bytes (1 switches on core 0)
2026-08-24 17:06:46.909 7 INFO neutron.db.ovn_revision_numbers_db [None req-be632633-bad1-42c0-a327-bf5710dda969 ed24fc9ec5b34f008fff360c7fc186b5 378367172342465ea25b903bdded970c - - default default] Successfully bumped revision number for resource ab54a27e-b09c-4506-b3b1-edf3a02e4015 (type: ports) to 1
2026-08-24 17:06:47.085 8 WARNING neutron.scheduler.dhcp_agent_scheduler [None req-a3c6ee78-7878-49c7-b06e-e36c4aff8245 f75203d4a8bb43fa97e61cf6f2ca06aa 6eb535ea52134d7c99ef3fdd04f633ae - - default default] No more DHCP agents
2026-08-24 17:06:47.086 8 WARNING neutron.api.rpc.agentnotifiers.dhcp_rpc_agent_api [None req-a3c6ee78-7878-49c7-b06e-e36c4aff8245 f75203d4a8bb43fa97e61cf6f2ca06aa 6eb535ea52134d7c99ef3fdd04f633ae - - default default] Unable to schedule network ab3780bc-b8e2-4384-9468-2951f26cca89: no agents available; will retry on subsequent port and subnet creation events.
2026-08-24 17:06:47.799 7 WARNING neutron.scheduler.dhcp_agent_scheduler [None req-be632633-bad1-42c0-a327-bf5710dda969 ed24fc9ec5b34f008fff360c7fc186b5 378367172342465ea25b903bdded970c - - default default] No more DHCP agents
2026-08-24 17:06:47.802 7 WARNING neutron.api.rpc.agentnotifiers.dhcp_rpc_agent_api [None req-be632633-bad1-42c0-a327-bf5710dda969 ed24fc9ec5b34f008fff360c7fc186b5 378367172342465ea25b903bdded970c - - default default] Unable to schedule network d28e9a6e-1371-4aa6-8b53-7bf317a0a700: no agents available; will retry on subsequent port and subnet creation events.
2026-08-24 17:06:47.852 8 INFO neutron.db.ovn_revision_numbers_db [None req-55aeb29a-e0cc-43ae-8cd0-0d955c4909e6 - - - - - -] Successfully bumped revision number for resource 96591ad8-fc8b-4429-87b0-72fcf148ded0 (type: ports) to 2
2026-08-24 17:06:47.973 8 WARNING neutron.plugins.ml2.drivers.ovn.mech_driver.ovsdb.ovn_client [None req-a117a739-4d75-475f-bb7b-2f99c5968a89 - - - - - -] No hosting information found for port 7325efbe-03c1-471d-900d-19aab65c7e64: RuntimeError: No hosting information found for port 7325efbe-03c1-471d-900d-19aab65c7e64
2026-08-24 17:06:47.974 8 INFO neutron.plugins.ml2.drivers.ovn.mech_driver.mech_driver [None req-a117a739-4d75-475f-bb7b-2f99c5968a89 - - - - - -] OVN reports status down for port: 62f1a132-30c6-4faa-8eee-36d2726e32bb
2026-08-24 17:06:48.053 8 INFO neutron.db.ovn_revision_numbers_db [None req-55aeb29a-e0cc-43ae-8cd0-0d955c4909e6 - - - - - -] Successfully bumped revision number for resource fdc79d7c-5273-47fb-838f-ca25149d799c (type: subnets) to 0
2026-08-24 17:06:48.123 8 INFO neutron.db.ovn_revision_numbers_db [None req-a117a739-4d75-475f-bb7b-2f99c5968a89 - - - - - -] Successfully bumped revision number for resource 7325efbe-03c1-471d-900d-19aab65c7e64 (type: router_ports) to 2
2026-08-24 17:06:48.127 8 INFO neutron.plugins.ml2.drivers.ovn.mech_driver.mech_driver [None req-a117a739-4d75-475f-bb7b-2f99c5968a89 - - - - - -] OVN reports status down for port: e15c2cbc-a21a-408d-b339-10e4d006702a [pid: 8|app: 0|req: 1076/2362] 10.0.0.108 () {34 vars in 669 bytes} [Mon Aug 24 17:06:46 2026] POST /v2.0/subnets => generated 626 bytes in 1360 msecs (HTTP/1.1 201) 4 headers in 162 bytes (1 switches on core 0)
2026-08-24 17:06:48.170 8 INFO neutron.plugins.ml2.drivers.ovn.mech_driver.mech_driver [None req-a117a739-4d75-475f-bb7b-2f99c5968a89 - - - - - -] OVN reports status down for port: 69ce9a5b-66f2-47a8-989b-0eb52e2f6728
2026-08-24 17:06:48.212 7 INFO neutron.db.ovn_revision_numbers_db [None req-be632633-bad1-42c0-a327-bf5710dda969 ed24fc9ec5b34f008fff360c7fc186b5 378367172342465ea25b903bdded970c - - default default] Successfully bumped revision number for resource ab54a27e-b09c-4506-b3b1-edf3a02e4015 (type: router_ports) to 1 [pid: 7|app: 0|req: 1287/2363] 10.0.0.108 () {34 vars in 783 bytes} [Mon Aug 24 17:06:46 2026] PUT /v2.0/routers/7029b9ee-d074-4431-a328-08349970cc28/add_router_interface => generated 309 bytes in 2165 msecs (HTTP/1.1 200) 4 headers in 157 bytes (1 switches on core 0)
2026-08-24 17:06:48.368 8 INFO neutron.plugins.ml2.drivers.ovn.mech_driver.mech_driver [None req-a117a739-4d75-475f-bb7b-2f99c5968a89 - - - - - -] OVN reports status down for port: cc972922-c544-4bf7-9bf6-22d906503015
2026-08-24 17:06:48.439 8 INFO neutron.plugins.ml2.drivers.ovn.mech_driver.mech_driver [None req-a117a739-4d75-475f-bb7b-2f99c5968a89 - - - - - -] OVN reports status up for port: cc972922-c544-4bf7-9bf6-22d906503015
2026-08-24 17:06:48.440 8 INFO neutron.db.ovn_revision_numbers_db [None req-3c444a96-a97f-4a74-898c-63e3d2c3d8b0 f75203d4a8bb43fa97e61cf6f2ca06aa 6eb535ea52134d7c99ef3fdd04f633ae - - default default] Successfully bumped revision number for resource be3b1cc6-cd1e-4aa2-8acb-a1eaf0edaac8 (type: routers) to 1 [pid: 8|app: 0|req: 1077/2364] 10.0.0.108 () {34 vars in 669 bytes} [Mon Aug 24 17:06:48 2026] POST /v2.0/routers => generated 603 bytes in 307 msecs (HTTP/1.1 201) 4 headers in 162 bytes (1 switches on core 0)
2026-08-24 17:06:48.566 8 INFO neutron.plugins.ml2.drivers.ovn.mech_driver.mech_driver [None req-a117a739-4d75-475f-bb7b-2f99c5968a89 - - - - - -] OVN reports status down for port: 7cccd8ea-f678-47b3-a30f-561177e30da1
2026-08-24 17:06:48.602 8 INFO neutron.plugins.ml2.drivers.ovn.mech_driver.mech_driver [None req-a117a739-4d75-475f-bb7b-2f99c5968a89 - - - - - -] OVN reports status down for port: d3641f29-6272-4b12-a873-7033b664b7c1
2026-08-24 17:06:48.622 8 INFO neutron.plugins.ml2.drivers.ovn.mech_driver.mech_driver [None req-a117a739-4d75-475f-bb7b-2f99c5968a89 - - - - - -] OVN reports status up for port: d3641f29-6272-4b12-a873-7033b664b7c1
2026-08-24 17:06:48.642 8 INFO neutron.plugins.ml2.drivers.ovn.mech_driver.mech_driver [None req-a117a739-4d75-475f-bb7b-2f99c5968a89 - - - - - -] OVN reports status down for port: ebb88ed5-9ed4-4e2e-bb60-c79c3e4eb836
2026-08-24 17:06:48.912 8 INFO neutron.plugins.ml2.drivers.ovn.mech_driver.mech_driver [None req-a117a739-4d75-475f-bb7b-2f99c5968a89 - - - - - -] OVN reports status down for port: c89746a5-aa18-42a3-9766-e91b0da53e9c
2026-08-24 17:06:48.966 7 WARNING neutron.scheduler.dhcp_agent_scheduler [None req-33e8d06c-1730-4124-a799-738570531e13 - - - - - -] No more DHCP agents
2026-08-24 17:06:48.967 7 WARNING neutron.api.rpc.agentnotifiers.dhcp_rpc_agent_api [None req-33e8d06c-1730-4124-a799-738570531e13 - - - - - -] Unable to schedule network 5240c4e3-5003-4ed2-b6d8-30abfd9a2f0e: no agents available; will retry on subsequent port and subnet creation events.
2026-08-24 17:06:49.115 8 WARNING neutron.scheduler.dhcp_agent_scheduler [None req-baf252d3-c8ce-4a76-8eed-16e8d403d830 f75203d4a8bb43fa97e61cf6f2ca06aa 6eb535ea52134d7c99ef3fdd04f633ae - - default default] No more DHCP agents
2026-08-24 17:06:49.118 8 WARNING neutron.api.rpc.agentnotifiers.dhcp_rpc_agent_api [None req-baf252d3-c8ce-4a76-8eed-16e8d403d830 f75203d4a8bb43fa97e61cf6f2ca06aa 6eb535ea52134d7c99ef3fdd04f633ae - - default default] Unable to schedule network e4861dc5-0a26-4315-831a-aaf2119dca4c: no agents available; will retry on subsequent port and subnet creation events.
2026-08-24 17:06:49.158 7 INFO neutron.db.ovn_revision_numbers_db [None req-33e8d06c-1730-4124-a799-738570531e13 - - - - - -] Successfully bumped revision number for resource 24e8a5c3-63ae-4811-bb92-86518a4b113f (type: ports) to 1
2026-08-24 17:06:49.159 8 INFO neutron.plugins.ml2.drivers.ovn.mech_driver.mech_driver [None req-a117a739-4d75-475f-bb7b-2f99c5968a89 - - - - - -] OVN reports status down for port: a9ee599e-6d17-4ec6-9c5b-6f5a959e8cc1
2026-08-24 17:06:49.262 8 WARNING neutron.plugins.ml2.drivers.ovn.mech_driver.ovsdb.ovn_client [None req-a117a739-4d75-475f-bb7b-2f99c5968a89 - - - - - -] Logical_Switch_Port %s host information not removed, the port state is up
2026-08-24 17:06:49.263 8 INFO neutron.plugins.ml2.drivers.ovn.mech_driver.mech_driver [None req-a117a739-4d75-475f-bb7b-2f99c5968a89 - - - - - -] OVN reports status down for port: 96591ad8-fc8b-4429-87b0-72fcf148ded0
2026-08-24 17:06:49.385 8 INFO neutron.plugins.ml2.drivers.ovn.mech_driver.mech_driver [None req-a117a739-4d75-475f-bb7b-2f99c5968a89 - - - - - -] OVN reports status up for port: a9ee599e-6d17-4ec6-9c5b-6f5a959e8cc1
2026-08-24 17:06:49.406 8 INFO neutron.db.ovn_revision_numbers_db [None req-baf252d3-c8ce-4a76-8eed-16e8d403d830 f75203d4a8bb43fa97e61cf6f2ca06aa 6eb535ea52134d7c99ef3fdd04f633ae - - default default] Successfully bumped revision number for resource fb26b6b1-aa2d-4e58-a28f-15a5fb122322 (type: ports) to 1
2026-08-24 17:06:49.407 8 INFO neutron.plugins.ml2.plugin [None req-a117a739-4d75-475f-bb7b-2f99c5968a89 - - - - - -] Attempt 1 to provision port a9ee599e-6d17-4ec6-9c5b-6f5a959e8cc1
2026-08-24 17:06:49.477 7 INFO neutron.db.ovn_revision_numbers_db [None req-33e8d06c-1730-4124-a799-738570531e13 - - - - - -] Successfully bumped revision number for resource 24e8a5c3-63ae-4811-bb92-86518a4b113f (type: ports) to 3
2026-08-24 17:06:49.546 7 INFO neutron.db.segments_db [None req-33e8d06c-1730-4124-a799-738570531e13 - - - - - -] Added segment 9743e2cb-6d9c-4038-bd00-b6e9d6c81e22 of type geneve for network 02056ec1-03cf-4a77-90c6-2321440dafbe
2026-08-24 17:06:49.710 7 INFO neutron.db.ovn_revision_numbers_db [None req-d3c2ceee-ac87-4651-a346-2ecf3a3f6fae - - - - - -] Successfully bumped revision number for resource 02056ec1-03cf-4a77-90c6-2321440dafbe (type: networks) to 1
2026-08-24 17:06:49.929 7 WARNING neutron.scheduler.dhcp_agent_scheduler [None req-d3c2ceee-ac87-4651-a346-2ecf3a3f6fae - - - - - -] No more DHCP agents
2026-08-24 17:06:49.930 7 WARNING neutron.api.rpc.agentnotifiers.dhcp_rpc_agent_api [None req-d3c2ceee-ac87-4651-a346-2ecf3a3f6fae - - - - - -] Unable to schedule network 02056ec1-03cf-4a77-90c6-2321440dafbe: no agents available; will retry on subsequent port and subnet creation events.
2026-08-24 17:06:50.161 7 INFO neutron.db.ovn_revision_numbers_db [None req-d3c2ceee-ac87-4651-a346-2ecf3a3f6fae - - - - - -] Successfully bumped revision number for resource 4b420bc3-954c-40cb-bf40-ba77fc46e126 (type: ports) to 1
2026-08-24 17:06:50.308 8 WARNING neutron.scheduler.dhcp_agent_scheduler [None req-baf252d3-c8ce-4a76-8eed-16e8d403d830 f75203d4a8bb43fa97e61cf6f2ca06aa 6eb535ea52134d7c99ef3fdd04f633ae - - default default] No more DHCP agents
2026-08-24 17:06:50.309 8 WARNING neutron.api.rpc.agentnotifiers.dhcp_rpc_agent_api [None req-baf252d3-c8ce-4a76-8eed-16e8d403d830 f75203d4a8bb43fa97e61cf6f2ca06aa 6eb535ea52134d7c99ef3fdd04f633ae - - default default] Unable to schedule network e4861dc5-0a26-4315-831a-aaf2119dca4c: no agents available; will retry on subsequent port and subnet creation events.
2026-08-24 17:06:50.437 7 WARNING neutron.scheduler.dhcp_agent_scheduler [None req-d3c2ceee-ac87-4651-a346-2ecf3a3f6fae - - - - - -] No more DHCP agents
2026-08-24 17:06:50.438 7 WARNING neutron.api.rpc.agentnotifiers.dhcp_rpc_agent_api [None req-d3c2ceee-ac87-4651-a346-2ecf3a3f6fae - - - - - -] Unable to schedule network 02056ec1-03cf-4a77-90c6-2321440dafbe: no agents available; will retry on subsequent port and subnet creation events.
2026-08-24 17:06:50.652 7 INFO neutron.db.ovn_revision_numbers_db [None req-d3c2ceee-ac87-4651-a346-2ecf3a3f6fae - - - - - -] Successfully bumped revision number for resource b6fa6d13-54e2-4f89-9310-4a9ba678b5e0 (type: subnets) to 0
2026-08-24 17:06:50.775 8 INFO neutron.db.ovn_revision_numbers_db [None req-baf252d3-c8ce-4a76-8eed-16e8d403d830 f75203d4a8bb43fa97e61cf6f2ca06aa 6eb535ea52134d7c99ef3fdd04f633ae - - default default] Successfully bumped revision number for resource fb26b6b1-aa2d-4e58-a28f-15a5fb122322 (type: router_ports) to 1 [pid: 8|app: 0|req: 1078/2365] 10.0.0.108 () {34 vars in 783 bytes} [Mon Aug 24 17:06:48 2026] PUT /v2.0/routers/be3b1cc6-cd1e-4aa2-8acb-a1eaf0edaac8/add_router_interface => generated 309 bytes in 2316 msecs (HTTP/1.1 200) 4 headers in 157 bytes (1 switches on core 0)
2026-08-24 17:06:51.129 7 WARNING neutron.scheduler.dhcp_agent_scheduler [None req-d3c2ceee-ac87-4651-a346-2ecf3a3f6fae - - - - - -] No more DHCP agents
2026-08-24 17:06:51.131 7 WARNING neutron.api.rpc.agentnotifiers.dhcp_rpc_agent_api [None req-d3c2ceee-ac87-4651-a346-2ecf3a3f6fae - - - - - -] Unable to schedule network 02056ec1-03cf-4a77-90c6-2321440dafbe: no agents available; will retry on subsequent port and subnet creation events.
2026-08-24 17:06:51.147 8 INFO neutron.db.ovn_revision_numbers_db [None req-77b196ea-d57c-4807-b0ea-fd60977d8c9f 788a3b8878f74220b1a07bfd87e5a318 6062ace57a9347ca8bbb973e873de42a - - default default] Successfully bumped revision number for resource 9ddedfee-8a35-4f68-96eb-7382c222dccc (type: security_groups) to 1
2026-08-24 17:06:51.271 8 INFO neutron.db.ovn_revision_numbers_db [None req-77b196ea-d57c-4807-b0ea-fd60977d8c9f 788a3b8878f74220b1a07bfd87e5a318 6062ace57a9347ca8bbb973e873de42a - - default default] Successfully bumped revision number for resource 07f5c7aa-3746-4ac1-b643-e3b91e239477 (type: security_group_rules) to 0
2026-08-24 17:06:51.472 8 INFO neutron.db.ovn_revision_numbers_db [None req-77b196ea-d57c-4807-b0ea-fd60977d8c9f 788a3b8878f74220b1a07bfd87e5a318 6062ace57a9347ca8bbb973e873de42a - - default default] Successfully bumped revision number for resource 2e35c2f0-42dc-4a20-8be5-c30ac2238027 (type: security_group_rules) to 0
2026-08-24 17:06:51.621 7 INFO neutron.db.ovn_revision_numbers_db [None req-d3c2ceee-ac87-4651-a346-2ecf3a3f6fae - - - - - -] Successfully bumped revision number for resource 1deb0ba5-aabc-48fa-997e-a6c62e72b36c (type: ports) to 1
2026-08-24 17:06:51.735 8 INFO neutron.db.ovn_revision_numbers_db [None req-77b196ea-d57c-4807-b0ea-fd60977d8c9f 788a3b8878f74220b1a07bfd87e5a318 6062ace57a9347ca8bbb973e873de42a - - default default] Successfully bumped revision number for resource 942203b5-3fb3-4b8f-9bf3-e48ce8ca1a09 (type: security_group_rules) to 0
2026-08-24 17:06:51.927 8 INFO neutron.db.ovn_revision_numbers_db [None req-77b196ea-d57c-4807-b0ea-fd60977d8c9f 788a3b8878f74220b1a07bfd87e5a318 6062ace57a9347ca8bbb973e873de42a - - default default] Successfully bumped revision number for resource e1062d0f-df02-45d4-9650-16db752a1f1d (type: security_group_rules) to 0 [pid: 8|app: 0|req: 1079/2366] 10.0.0.108 () {32 vars in 774 bytes} [Mon Aug 24 17:06:50 2026] GET /v2.0/security-groups?tenant_id=b5d1c0a3828049a7b2affdaefd65b853&name=default => generated 2925 bytes in 1180 msecs (HTTP/1.1 200) 4 headers in 158 bytes (1 switches on core 0) [pid: 8|app: 0|req: 1080/2367] 10.0.0.108 () {32 vars in 717 bytes} [Mon Aug 24 17:06:51 2026] GET /v2.0/ports/fb26b6b1-aa2d-4e58-a28f-15a5fb122322 => generated 941 bytes in 79 msecs (HTTP/1.1 200) 4 headers in 157 bytes (1 switches on core 0) [pid: 8|app: 0|req: 1083/2370] 10.0.0.108 () {32 vars in 740 bytes} [Mon Aug 24 17:06:52 2026] DELETE /v2.0/security-groups/9ddedfee-8a35-4f68-96eb-7382c222dccc => generated 0 bytes in 422 msecs (HTTP/1.1 204) 2 headers in 112 bytes (1 switches on core 0)
2026-08-24 17:06:52.530 7 WARNING neutron.scheduler.dhcp_agent_scheduler [None req-d3c2ceee-ac87-4651-a346-2ecf3a3f6fae - - - - - -] No more DHCP agents
2026-08-24 17:06:52.532 7 WARNING neutron.api.rpc.agentnotifiers.dhcp_rpc_agent_api [None req-d3c2ceee-ac87-4651-a346-2ecf3a3f6fae - - - - - -] Unable to schedule network 02056ec1-03cf-4a77-90c6-2321440dafbe: no agents available; will retry on subsequent port and subnet creation events.
2026-08-24 17:06:53.104 8 WARNING neutron.scheduler.dhcp_agent_scheduler [None req-9157fc15-e08c-4ddc-be45-dcb7707b96fb f75203d4a8bb43fa97e61cf6f2ca06aa 6eb535ea52134d7c99ef3fdd04f633ae - - default default] No more DHCP agents
2026-08-24 17:06:53.105 8 WARNING neutron.api.rpc.agentnotifiers.dhcp_rpc_agent_api [None req-9157fc15-e08c-4ddc-be45-dcb7707b96fb f75203d4a8bb43fa97e61cf6f2ca06aa 6eb535ea52134d7c99ef3fdd04f633ae - - default default] Unable to schedule network ab3780bc-b8e2-4384-9468-2951f26cca89: no agents available; will retry on subsequent port and subnet creation events.
2026-08-24 17:06:53.297 7 INFO neutron.db.ovn_revision_numbers_db [None req-d3c2ceee-ac87-4651-a346-2ecf3a3f6fae - - - - - -] Successfully bumped revision number for resource 1deb0ba5-aabc-48fa-997e-a6c62e72b36c (type: router_ports) to 1
2026-08-24 17:06:53.809 8 INFO neutron.db.ovn_revision_numbers_db [None req-9157fc15-e08c-4ddc-be45-dcb7707b96fb f75203d4a8bb43fa97e61cf6f2ca06aa 6eb535ea52134d7c99ef3fdd04f633ae - - default default] Successfully bumped revision number for resource a0ef24ad-3d77-4baf-b4d4-6d2e40c0777b (type: ports) to 1
2026-08-24 17:06:53.920 7 WARNING neutron.scheduler.dhcp_agent_scheduler [None req-d3c2ceee-ac87-4651-a346-2ecf3a3f6fae - - - - - -] No more DHCP agents
2026-08-24 17:06:53.927 7 WARNING neutron.api.rpc.agentnotifiers.dhcp_rpc_agent_api [None req-d3c2ceee-ac87-4651-a346-2ecf3a3f6fae - - - - - -] Unable to schedule network 02056ec1-03cf-4a77-90c6-2321440dafbe: no agents available; will retry on subsequent port and subnet creation events.
2026-08-24 17:06:54.169 8 WARNING neutron.plugins.ml2.drivers.ovn.mech_driver.ovsdb.ovn_client [None req-a117a739-4d75-475f-bb7b-2f99c5968a89 - - - - - -] No hosting information found for port a9ee599e-6d17-4ec6-9c5b-6f5a959e8cc1: RuntimeError: No hosting information found for port a9ee599e-6d17-4ec6-9c5b-6f5a959e8cc1
2026-08-24 17:06:54.172 8 INFO neutron.plugins.ml2.drivers.ovn.mech_driver.mech_driver [None req-a117a739-4d75-475f-bb7b-2f99c5968a89 - - - - - -] OVN reports status down for port: ab54a27e-b09c-4506-b3b1-edf3a02e4015
2026-08-24 17:06:54.218 7 INFO neutron.db.ovn_revision_numbers_db [None req-d3c2ceee-ac87-4651-a346-2ecf3a3f6fae - - - - - -] Successfully bumped revision number for resource 9ef33df5-69cc-422a-8dba-58fad6fda6bb (type: ports) to 1
2026-08-24 17:06:54.428 8 WARNING neutron.plugins.ml2.drivers.ovn.mech_driver.ovsdb.ovn_client [None req-a117a739-4d75-475f-bb7b-2f99c5968a89 - - - - - -] Logical_Switch_Port %s host information not removed, the port state is up
2026-08-24 17:06:54.428 8 INFO neutron.plugins.ml2.drivers.ovn.mech_driver.mech_driver [None req-a117a739-4d75-475f-bb7b-2f99c5968a89 - - - - - -] OVN reports status up for port: ab54a27e-b09c-4506-b3b1-edf3a02e4015
2026-08-24 17:06:54.635 8 INFO neutron.plugins.ml2.plugin [None req-a117a739-4d75-475f-bb7b-2f99c5968a89 - - - - - -] Attempt 1 to provision port ab54a27e-b09c-4506-b3b1-edf3a02e4015
2026-08-24 17:06:54.797 7 INFO neutron.db.ovn_revision_numbers_db [None req-d3c2ceee-ac87-4651-a346-2ecf3a3f6fae - - - - - -] Successfully bumped revision number for resource 9ef33df5-69cc-422a-8dba-58fad6fda6bb (type: ports) to 3
2026-08-24 17:06:55.207 8 WARNING neutron.scheduler.dhcp_agent_scheduler [None req-9157fc15-e08c-4ddc-be45-dcb7707b96fb f75203d4a8bb43fa97e61cf6f2ca06aa 6eb535ea52134d7c99ef3fdd04f633ae - - default default] No more DHCP agents
2026-08-24 17:06:55.210 8 WARNING neutron.api.rpc.agentnotifiers.dhcp_rpc_agent_api [None req-9157fc15-e08c-4ddc-be45-dcb7707b96fb f75203d4a8bb43fa97e61cf6f2ca06aa 6eb535ea52134d7c99ef3fdd04f633ae - - default default] Unable to schedule network ab3780bc-b8e2-4384-9468-2951f26cca89: no agents available; will retry on subsequent port and subnet creation events. [pid: 7|app: 0|req: 1288/2371] 10.0.0.108 () {34 vars in 685 bytes} [Mon Aug 24 17:06:48 2026] POST /v2.0/vpn/vpnservices => generated 459 bytes in 7019 msecs (HTTP/1.1 201) 4 headers in 162 bytes (1 switches on core 0)
2026-08-24 17:06:55.591 8 INFO neutron.db.ovn_revision_numbers_db [None req-a117a739-4d75-475f-bb7b-2f99c5968a89 - - - - - -] Successfully bumped revision number for resource ab54a27e-b09c-4506-b3b1-edf3a02e4015 (type: ports) to 2
2026-08-24 17:06:55.704 8 INFO neutron.db.ovn_revision_numbers_db [None req-9157fc15-e08c-4ddc-be45-dcb7707b96fb f75203d4a8bb43fa97e61cf6f2ca06aa 6eb535ea52134d7c99ef3fdd04f633ae - - default default] Successfully bumped revision number for resource a0ef24ad-3d77-4baf-b4d4-6d2e40c0777b (type: router_ports) to 1 [pid: 8|app: 0|req: 1084/2372] 10.0.0.108 () {34 vars in 783 bytes} [Mon Aug 24 17:06:52 2026] PUT /v2.0/routers/be3b1cc6-cd1e-4aa2-8acb-a1eaf0edaac8/add_router_interface => generated 309 bytes in 3245 msecs (HTTP/1.1 200) 4 headers in 157 bytes (1 switches on core 0) [pid: 8|app: 0|req: 1085/2373] 10.0.0.108 () {32 vars in 663 bytes} [Mon Aug 24 17:06:55 2026] GET /v2.0/vpn/vpnservices => generated 1308 bytes in 34 msecs (HTTP/1.1 200) 4 headers in 158 bytes (1 switches on core 0) [pid: 8|app: 0|req: 1086/2374] 10.0.0.108 () {32 vars in 717 bytes} [Mon Aug 24 17:06:55 2026] GET /v2.0/ports/a0ef24ad-3d77-4baf-b4d4-6d2e40c0777b => generated 941 bytes in 87 msecs (HTTP/1.1 200) 4 headers in 157 bytes (1 switches on core 0)
2026-08-24 17:06:56.108 7 INFO neutron.db.ovn_revision_numbers_db [None req-60462641-51ca-4a70-a4d0-9b112499afd5 788a3b8878f74220b1a07bfd87e5a318 6062ace57a9347ca8bbb973e873de42a - - default default] Successfully bumped revision number for resource cc1e99ed-412c-41f9-9953-97af1e495d3c (type: security_groups) to 1
2026-08-24 17:06:56.137 7 INFO neutron.db.ovn_revision_numbers_db [None req-60462641-51ca-4a70-a4d0-9b112499afd5 788a3b8878f74220b1a07bfd87e5a318 6062ace57a9347ca8bbb973e873de42a - - default default] Successfully bumped revision number for resource 95775ca1-4c9d-4f1e-93b7-024a1154dd54 (type: security_group_rules) to 0
2026-08-24 17:06:56.223 7 INFO neutron.db.ovn_revision_numbers_db [None req-60462641-51ca-4a70-a4d0-9b112499afd5 788a3b8878f74220b1a07bfd87e5a318 6062ace57a9347ca8bbb973e873de42a - - default default] Successfully bumped revision number for resource af131893-0922-452c-9b51-ee67c298d7bc (type: security_group_rules) to 0
2026-08-24 17:06:56.243 8 INFO neutron_taas.services.taas.taas_plugin [None req-88719161-f88e-45b9-a3ef-45a377b2f7c9 ed24fc9ec5b34f008fff360c7fc186b5 378367172342465ea25b903bdded970c - - default default] TaaS: Handle Delete Port: 24e8a5c3-63ae-4811-bb92-86518a4b113f
2026-08-24 17:06:56.246 8 INFO neutron_taas.services.taas.tap_mirror_plugin [None req-88719161-f88e-45b9-a3ef-45a377b2f7c9 ed24fc9ec5b34f008fff360c7fc186b5 378367172342465ea25b903bdded970c - - default default] Tap Mirror: Handle Delete Port: 24e8a5c3-63ae-4811-bb92-86518a4b113f
2026-08-24 17:06:56.278 7 INFO neutron.db.ovn_revision_numbers_db [None req-60462641-51ca-4a70-a4d0-9b112499afd5 788a3b8878f74220b1a07bfd87e5a318 6062ace57a9347ca8bbb973e873de42a - - default default] Successfully bumped revision number for resource bd7f83a5-8edf-4696-810b-fc00e8a2e675 (type: security_group_rules) to 0
2026-08-24 17:06:56.535 7 INFO neutron.db.ovn_revision_numbers_db [None req-60462641-51ca-4a70-a4d0-9b112499afd5 788a3b8878f74220b1a07bfd87e5a318 6062ace57a9347ca8bbb973e873de42a - - default default] Successfully bumped revision number for resource c427d598-65bc-4a38-99da-7fef347adc3f (type: security_group_rules) to 0
2026-08-24 17:06:56.635 7 INFO neutron.db.segments_db [None req-60462641-51ca-4a70-a4d0-9b112499afd5 788a3b8878f74220b1a07bfd87e5a318 6062ace57a9347ca8bbb973e873de42a - - default default] Added segment 4cf4a2f3-4c69-4cd3-b4b9-6c0e7b67fb7b of type geneve for network b274adfc-3169-4291-a681-b66495cd8e5a
2026-08-24 17:06:56.874 8 INFO neutron_taas.services.taas.taas_plugin [None req-583ced42-77c8-4779-9a71-15ed7a6d4c63 - - - - - -] TaaS: Handle Delete Port: 9ef33df5-69cc-422a-8dba-58fad6fda6bb
2026-08-24 17:06:56.878 8 INFO neutron_taas.services.taas.tap_mirror_plugin [None req-583ced42-77c8-4779-9a71-15ed7a6d4c63 - - - - - -] Tap Mirror: Handle Delete Port: 9ef33df5-69cc-422a-8dba-58fad6fda6bb
2026-08-24 17:06:57.000 7 INFO neutron.db.ovn_revision_numbers_db [None req-60462641-51ca-4a70-a4d0-9b112499afd5 788a3b8878f74220b1a07bfd87e5a318 6062ace57a9347ca8bbb973e873de42a - - default default] Successfully bumped revision number for resource b274adfc-3169-4291-a681-b66495cd8e5a (type: networks) to 1
2026-08-24 17:06:57.340 7 WARNING neutron.scheduler.dhcp_agent_scheduler [None req-60462641-51ca-4a70-a4d0-9b112499afd5 788a3b8878f74220b1a07bfd87e5a318 6062ace57a9347ca8bbb973e873de42a - - default default] No more DHCP agents
2026-08-24 17:06:57.342 7 WARNING neutron.api.rpc.agentnotifiers.dhcp_rpc_agent_api [None req-60462641-51ca-4a70-a4d0-9b112499afd5 788a3b8878f74220b1a07bfd87e5a318 6062ace57a9347ca8bbb973e873de42a - - default default] Unable to schedule network b274adfc-3169-4291-a681-b66495cd8e5a: no agents available; will retry on subsequent port and subnet creation events.
2026-08-24 17:06:57.533 7 INFO neutron.db.ovn_revision_numbers_db [None req-60462641-51ca-4a70-a4d0-9b112499afd5 788a3b8878f74220b1a07bfd87e5a318 6062ace57a9347ca8bbb973e873de42a - - default default] Successfully bumped revision number for resource 96fbeeb4-f8d1-4a24-90af-4442b41061c6 (type: ports) to 1
2026-08-24 17:06:57.590 8 INFO neutron_taas.services.taas.taas_plugin [None req-79f9687b-f63e-44fb-98fe-7d1c7730a17c - - - - - -] TaaS: Handle Delete Port: 1deb0ba5-aabc-48fa-997e-a6c62e72b36c
2026-08-24 17:06:57.594 8 INFO neutron_taas.services.taas.tap_mirror_plugin [None req-79f9687b-f63e-44fb-98fe-7d1c7730a17c - - - - - -] Tap Mirror: Handle Delete Port: 1deb0ba5-aabc-48fa-997e-a6c62e72b36c [pid: 7|app: 0|req: 1289/2375] 10.0.0.108 () {34 vars in 671 bytes} [Mon Aug 24 17:06:55 2026] POST /v2.0/networks => generated 763 bytes in 2356 msecs (HTTP/1.1 201) 4 headers in 162 bytes (1 switches on core 0) [pid: 7|app: 0|req: 1290/2376] 10.0.0.108 () {32 vars in 717 bytes} [Mon Aug 24 17:06:57 2026] GET /v2.0/ports/a0ef24ad-3d77-4baf-b4d4-6d2e40c0777b => generated 941 bytes in 122 msecs (HTTP/1.1 200) 4 headers in 157 bytes (1 switches on core 0)
2026-08-24 17:06:57.936 7 WARNING neutron.scheduler.dhcp_agent_scheduler [None req-dd52269e-0d84-4884-9260-3967ed0e067b 788a3b8878f74220b1a07bfd87e5a318 6062ace57a9347ca8bbb973e873de42a - - default default] No more DHCP agents
2026-08-24 17:06:57.938 7 WARNING neutron.api.rpc.agentnotifiers.dhcp_rpc_agent_api [None req-dd52269e-0d84-4884-9260-3967ed0e067b 788a3b8878f74220b1a07bfd87e5a318 6062ace57a9347ca8bbb973e873de42a - - default default] Unable to schedule network b274adfc-3169-4291-a681-b66495cd8e5a: no agents available; will retry on subsequent port and subnet creation events.
2026-08-24 17:06:58.563 7 INFO neutron.db.ovn_revision_numbers_db [None req-e4f32734-b2b7-49ce-b6c6-4e887e02e45d - - - - - -] Successfully bumped revision number for resource 96fbeeb4-f8d1-4a24-90af-4442b41061c6 (type: ports) to 2
