2026-08-24 17:03:55.859 8 WARNING neutron.scheduler.dhcp_agent_scheduler [None req-d7a1c18e-0975-49a1-822e-53d08fbdd480 6dc80f9db5934f9cbd79e33738c37256 d8bc0846d1b24e9db05b33cb55448d60 - - default default] No more DHCP agents
2026-08-24 17:03:55.861 8 WARNING neutron.api.rpc.agentnotifiers.dhcp_rpc_agent_api [None req-d7a1c18e-0975-49a1-822e-53d08fbdd480 6dc80f9db5934f9cbd79e33738c37256 d8bc0846d1b24e9db05b33cb55448d60 - - default default] Unable to schedule network eb593720-b3d0-44a5-a0fa-80e6f06a392b: no agents available; will retry on subsequent port and subnet creation events.
2026-08-24 17:03:55.987 8 INFO neutron.db.ovn_revision_numbers_db [None req-d7a1c18e-0975-49a1-822e-53d08fbdd480 6dc80f9db5934f9cbd79e33738c37256 d8bc0846d1b24e9db05b33cb55448d60 - - default default] Successfully bumped revision number for resource 346ea836-df9e-46cd-9936-e3f63f967c50 (type: ports) to 1
2026-08-24 17:03:55.998 7 INFO neutron.db.ovn_revision_numbers_db [None req-3bdb98ff-095c-4856-92b5-1d34522a1d49 47dab7ba470843d3a972c29e4d5989b5 7c32b4deb58c49a1b9b99f0135fd4248 - - default default] Successfully bumped revision number for resource 7589d63f-4e0e-40fb-a8a6-4481487aa64d (type: security_group_rules) to 0 [pid: 8|app: 0|req: 612/1223] 10.0.0.108 () {34 vars in 670 bytes} [Mon Aug 24 17:03:55 2026] POST /v2.0/networks => generated 747 bytes in 601 msecs (HTTP/1.1 201) 4 headers in 162 bytes (1 switches on core 0) [pid: 7|app: 0|req: 612/1224] 10.0.0.108 () {34 vars in 695 bytes} [Mon Aug 24 17:03:55 2026] POST /v2.0/security-group-rules => generated 602 bytes in 296 msecs (HTTP/1.1 201) 4 headers in 162 bytes (1 switches on core 0)
2026-08-24 17:03:56.243 7 WARNING neutron.scheduler.dhcp_agent_scheduler [None req-47bc97eb-2834-4183-ae49-275d68bea26f 6dc80f9db5934f9cbd79e33738c37256 d8bc0846d1b24e9db05b33cb55448d60 - - default default] No more DHCP agents
2026-08-24 17:03:56.245 7 WARNING neutron.api.rpc.agentnotifiers.dhcp_rpc_agent_api [None req-47bc97eb-2834-4183-ae49-275d68bea26f 6dc80f9db5934f9cbd79e33738c37256 d8bc0846d1b24e9db05b33cb55448d60 - - default default] Unable to schedule network eb593720-b3d0-44a5-a0fa-80e6f06a392b: no agents available; will retry on subsequent port and subnet creation events. [pid: 8|app: 0|req: 613/1225] 10.0.0.108 () {32 vars in 740 bytes} [Mon Aug 24 17:03:56 2026] DELETE /v2.0/security-groups/9483daa7-896c-4186-a373-d0e4a45ee431 => generated 0 bytes in 353 msecs (HTTP/1.1 204) 2 headers in 112 bytes (1 switches on core 0)
2026-08-24 17:03:56.607 8 WARNING neutron.scheduler.dhcp_agent_scheduler [None req-d84f56db-c7b3-405a-ba58-78a84ed3a097 47dab7ba470843d3a972c29e4d5989b5 7c32b4deb58c49a1b9b99f0135fd4248 - - default default] No more DHCP agents
2026-08-24 17:03:56.608 8 WARNING neutron.api.rpc.agentnotifiers.dhcp_rpc_agent_api [None req-d84f56db-c7b3-405a-ba58-78a84ed3a097 47dab7ba470843d3a972c29e4d5989b5 7c32b4deb58c49a1b9b99f0135fd4248 - - default default] Unable to schedule network 5240c4e3-5003-4ed2-b6d8-30abfd9a2f0e: no agents available; will retry on subsequent port and subnet creation events.
2026-08-24 17:03:56.812 7 INFO neutron.db.ovn_revision_numbers_db [None req-478ce912-2cf6-4419-9081-02d7d232bdee - - - - - -] Successfully bumped revision number for resource 346ea836-df9e-46cd-9936-e3f63f967c50 (type: ports) to 2
2026-08-24 17:03:56.851 7 INFO neutron.db.ovn_revision_numbers_db [None req-478ce912-2cf6-4419-9081-02d7d232bdee - - - - - -] Successfully bumped revision number for resource 38099e52-aee1-4c0f-af9c-600d32e4d4e3 (type: subnets) to 0 [pid: 7|app: 0|req: 613/1226] 10.0.0.108 () {34 vars in 669 bytes} [Mon Aug 24 17:03:56 2026] POST /v2.0/subnets => generated 647 bytes in 823 msecs (HTTP/1.1 201) 4 headers in 162 bytes (1 switches on core 0)
2026-08-24 17:03:56.884 7 WARNING neutron.api.v2.base [None req-a64d7ee5-1157-46fb-a882-08bf9afddd85 6dc80f9db5934f9cbd79e33738c37256 d8bc0846d1b24e9db05b33cb55448d60 - - default default] An exception happened while processing the request body. The exception message is [Invalid input for target_tenant. Reason: '1234123412341234123412341234123412341234123412341234123412341234123412341234123412341234123412341234123412341234123412341234123412341234123412341234123412341234123412341234123412341234123412341234123412341234123412341234123412341234123412341234123412341234123412341234123412341234123412341234123412341234123412341234123412341234123412341234123412341234123412341234123412341234123412341234123412341234' exceeds maximum length of 255.].: webob.exc.HTTPBadRequest: Invalid input for target_tenant. Reason: '1234123412341234123412341234123412341234123412341234123412341234123412341234123412341234123412341234123412341234123412341234123412341234123412341234123412341234123412341234123412341234123412341234123412341234123412341234123412341234123412341234123412341234123412341234123412341234123412341234123412341234123412341234123412341234123412341234123412341234123412341234123412341234123412341234123412341234' exceeds maximum length of 255.
2026-08-24 17:03:56.886 7 INFO neutron.api.v2.resource [None req-a64d7ee5-1157-46fb-a882-08bf9afddd85 6dc80f9db5934f9cbd79e33738c37256 d8bc0846d1b24e9db05b33cb55448d60 - - default default] create failed (client error): Invalid input for target_tenant. Reason: '1234123412341234123412341234123412341234123412341234123412341234123412341234123412341234123412341234123412341234123412341234123412341234123412341234123412341234123412341234123412341234123412341234123412341234123412341234123412341234123412341234123412341234123412341234123412341234123412341234123412341234123412341234123412341234123412341234123412341234123412341234123412341234123412341234123412341234' exceeds maximum length of 255. [pid: 7|app: 0|req: 614/1227] 10.0.0.108 () {34 vars in 681 bytes} [Mon Aug 24 17:03:56 2026] POST /v2.0/rbac-policies => generated 547 bytes in 8 msecs (HTTP/1.1 400) 4 headers in 166 bytes (1 switches on core 0) [pid: 8|app: 0|req: 614/1228] 10.0.0.108 () {34 vars in 676 bytes} [Mon Aug 24 17:03:56 2026] POST /v2.0/floatingips => generated 552 bytes in 638 msecs (HTTP/1.1 201) 4 headers in 162 bytes (1 switches on core 0)
2026-08-24 17:03:57.035 7 INFO neutron_taas.services.taas.taas_plugin [None req-a78b0ff4-a84c-4071-8d7c-b981fd10b1ae 6dc80f9db5934f9cbd79e33738c37256 d8bc0846d1b24e9db05b33cb55448d60 - - default default] TaaS: Handle Delete Port: 346ea836-df9e-46cd-9936-e3f63f967c50
2026-08-24 17:03:57.038 7 INFO neutron_taas.services.taas.tap_mirror_plugin [None req-a78b0ff4-a84c-4071-8d7c-b981fd10b1ae 6dc80f9db5934f9cbd79e33738c37256 d8bc0846d1b24e9db05b33cb55448d60 - - default default] Tap Mirror: Handle Delete Port: 346ea836-df9e-46cd-9936-e3f63f967c50
2026-08-24 17:03:57.386 7 INFO neutron.services.segments.plugin [-] Segment bada367d-1b4b-4cc2-8977-7a7e18c13eb9 resource provider aggregate not found
2026-08-24 17:03:57.390 7 INFO neutron.services.segments.plugin [-] Segment bada367d-1b4b-4cc2-8977-7a7e18c13eb9 resource provider aggregate not found
2026-08-24 17:03:57.408 7 INFO neutron.services.segments.plugin [-] Segment bada367d-1b4b-4cc2-8977-7a7e18c13eb9 resource provider not found; error: Placement Client Error (4xx): {"errors": [{"status": 404, "title": "Not Found", "detail": "The resource could not be found.\n\n No resource provider with uuid bada367d-1b4b-4cc2-8977-7a7e18c13eb9 found for delete ", "request_id": "req-3f9fb481-78ac-4625-80ac-e1f3a9216157"}]}
2026-08-24 17:03:57.409 7 INFO neutron.services.segments.plugin [-] Segment bada367d-1b4b-4cc2-8977-7a7e18c13eb9 resource provider not found; error: Placement Client Error (4xx): {"errors": [{"status": 404, "title": "Not Found", "detail": "The resource could not be found.\n\n No resource provider with uuid bada367d-1b4b-4cc2-8977-7a7e18c13eb9 found for delete ", "request_id": "req-dd9cf6fe-4b9b-445a-a9b5-a10eedafdb29"}]} [pid: 7|app: 0|req: 615/1229] 10.0.0.108 () {32 vars in 726 bytes} [Mon Aug 24 17:03:56 2026] DELETE /v2.0/networks/eb593720-b3d0-44a5-a0fa-80e6f06a392b => generated 0 bytes in 564 msecs (HTTP/1.1 204) 3 headers in 131 bytes (1 switches on core 0) [pid: 8|app: 0|req: 615/1230] 10.0.0.132 () {34 vars in 1098 bytes} [Mon Aug 24 17:03:57 2026] GET /v2.0/security-groups?name=tempest-securitygroup--861472408&fields=id&tenant_id=7c32b4deb58c49a1b9b99f0135fd4248 => generated 69 bytes in 50 msecs (HTTP/1.1 200) 4 headers in 156 bytes (1 switches on core 0) [pid: 8|app: 0|req: 616/1231] 10.0.0.132 () {34 vars in 982 bytes} [Mon Aug 24 17:03:57 2026] GET /v2.0/networks?id=9cb7900d-bd75-409f-a178-d2bfbe3d76a8 => generated 713 bytes in 59 msecs (HTTP/1.1 200) 4 headers in 157 bytes (1 switches on core 0) [pid: 8|app: 0|req: 617/1232] 10.0.0.132 () {34 vars in 965 bytes} [Mon Aug 24 17:03:57 2026] GET /v2.0/quotas/7c32b4deb58c49a1b9b99f0135fd4248 => generated 292 bytes in 9 msecs (HTTP/1.1 200) 4 headers in 157 bytes (1 switches on core 0)
2026-08-24 17:03:57.580 7 INFO neutron.db.segments_db [None req-9c599946-cdae-41a8-a3c7-0526715621bc 6dc80f9db5934f9cbd79e33738c37256 d8bc0846d1b24e9db05b33cb55448d60 - - default default] Added segment 732ba809-ad1d-48d4-82c2-7b26f3834e8d of type geneve for network da942e94-a021-4ca0-9962-c30a63a84f80 [pid: 8|app: 0|req: 618/1233] 10.0.0.132 () {34 vars in 1002 bytes} [Mon Aug 24 17:03:57 2026] GET /v2.0/ports?tenant_id=7c32b4deb58c49a1b9b99f0135fd4248&fields=id => generated 103 bytes in 69 msecs (HTTP/1.1 200) 4 headers in 157 bytes (1 switches on core 0)
2026-08-24 17:03:57.711 7 INFO neutron.db.ovn_revision_numbers_db [None req-9c599946-cdae-41a8-a3c7-0526715621bc 6dc80f9db5934f9cbd79e33738c37256 d8bc0846d1b24e9db05b33cb55448d60 - - default default] Successfully bumped revision number for resource da942e94-a021-4ca0-9962-c30a63a84f80 (type: networks) to 1
2026-08-24 17:03:57.915 7 WARNING neutron.scheduler.dhcp_agent_scheduler [None req-9c599946-cdae-41a8-a3c7-0526715621bc 6dc80f9db5934f9cbd79e33738c37256 d8bc0846d1b24e9db05b33cb55448d60 - - default default] No more DHCP agents
2026-08-24 17:03:57.919 7 WARNING neutron.api.rpc.agentnotifiers.dhcp_rpc_agent_api [None req-9c599946-cdae-41a8-a3c7-0526715621bc 6dc80f9db5934f9cbd79e33738c37256 d8bc0846d1b24e9db05b33cb55448d60 - - default default] Unable to schedule network da942e94-a021-4ca0-9962-c30a63a84f80: no agents available; will retry on subsequent port and subnet creation events.
2026-08-24 17:03:58.027 8 INFO neutron.db.ovn_revision_numbers_db [None req-8fd701be-d100-4630-91e2-2dbccea0ed6b 788a3b8878f74220b1a07bfd87e5a318 6062ace57a9347ca8bbb973e873de42a - - default default] Successfully bumped revision number for resource 7f3e4197-0091-4d7f-a377-6fb0c668ca9f (type: security_groups) to 1
2026-08-24 17:03:58.044 8 INFO neutron.db.ovn_revision_numbers_db [None req-8fd701be-d100-4630-91e2-2dbccea0ed6b 788a3b8878f74220b1a07bfd87e5a318 6062ace57a9347ca8bbb973e873de42a - - default default] Successfully bumped revision number for resource 2f9fdc37-ffa8-4976-9e9c-e30bf59e53f5 (type: security_group_rules) to 0
2026-08-24 17:03:58.064 8 INFO neutron.db.ovn_revision_numbers_db [None req-8fd701be-d100-4630-91e2-2dbccea0ed6b 788a3b8878f74220b1a07bfd87e5a318 6062ace57a9347ca8bbb973e873de42a - - default default] Successfully bumped revision number for resource 548c3481-dcb4-441f-b4a2-42fa858df394 (type: security_group_rules) to 0
2026-08-24 17:03:58.070 7 INFO neutron.db.ovn_revision_numbers_db [None req-9c599946-cdae-41a8-a3c7-0526715621bc 6dc80f9db5934f9cbd79e33738c37256 d8bc0846d1b24e9db05b33cb55448d60 - - default default] Successfully bumped revision number for resource 6bf29497-c013-4b92-a53f-471f780ab27d (type: ports) to 1
2026-08-24 17:03:58.076 8 INFO neutron.db.ovn_revision_numbers_db [None req-8fd701be-d100-4630-91e2-2dbccea0ed6b 788a3b8878f74220b1a07bfd87e5a318 6062ace57a9347ca8bbb973e873de42a - - default default] Successfully bumped revision number for resource 9757edd8-b174-4b00-b854-5a657980e67b (type: security_group_rules) to 0
2026-08-24 17:03:58.089 8 INFO neutron.db.ovn_revision_numbers_db [None req-8fd701be-d100-4630-91e2-2dbccea0ed6b 788a3b8878f74220b1a07bfd87e5a318 6062ace57a9347ca8bbb973e873de42a - - default default] Successfully bumped revision number for resource d53da8e4-0101-4bcf-8a3f-77782d40d48f (type: security_group_rules) to 0 [pid: 7|app: 0|req: 616/1234] 10.0.0.108 () {34 vars in 670 bytes} [Mon Aug 24 17:03:57 2026] POST /v2.0/networks => generated 749 bytes in 637 msecs (HTTP/1.1 201) 4 headers in 162 bytes (1 switches on core 0) [pid: 7|app: 0|req: 617/1235] 10.0.0.132 () {34 vars in 1008 bytes} [Mon Aug 24 17:03:58 2026] GET /v2.0/networks/9cb7900d-bd75-409f-a178-d2bfbe3d76a8?fields=segments => generated 14 bytes in 35 msecs (HTTP/1.1 200) 4 headers in 156 bytes (1 switches on core 0)
2026-08-24 17:03:58.172 8 INFO neutron.db.segments_db [None req-8fd701be-d100-4630-91e2-2dbccea0ed6b 788a3b8878f74220b1a07bfd87e5a318 6062ace57a9347ca8bbb973e873de42a - - default default] Added segment c349abbf-b175-43af-91e5-01cc63b0af65 of type geneve for network f632e73e-598a-442f-868a-6996b764595d
2026-08-24 17:03:58.303 8 INFO neutron.db.ovn_revision_numbers_db [None req-8fd701be-d100-4630-91e2-2dbccea0ed6b 788a3b8878f74220b1a07bfd87e5a318 6062ace57a9347ca8bbb973e873de42a - - default default] Successfully bumped revision number for resource f632e73e-598a-442f-868a-6996b764595d (type: networks) to 1
2026-08-24 17:03:58.309 7 WARNING neutron.scheduler.dhcp_agent_scheduler [None req-b3751cc1-7dbc-4da4-89df-72925e0f9c5b 6dc80f9db5934f9cbd79e33738c37256 d8bc0846d1b24e9db05b33cb55448d60 - - default default] No more DHCP agents
2026-08-24 17:03:58.311 7 WARNING neutron.api.rpc.agentnotifiers.dhcp_rpc_agent_api [None req-b3751cc1-7dbc-4da4-89df-72925e0f9c5b 6dc80f9db5934f9cbd79e33738c37256 d8bc0846d1b24e9db05b33cb55448d60 - - default default] Unable to schedule network da942e94-a021-4ca0-9962-c30a63a84f80: no agents available; will retry on subsequent port and subnet creation events.
2026-08-24 17:03:58.460 8 WARNING neutron.scheduler.dhcp_agent_scheduler [None req-8fd701be-d100-4630-91e2-2dbccea0ed6b 788a3b8878f74220b1a07bfd87e5a318 6062ace57a9347ca8bbb973e873de42a - - default default] No more DHCP agents
2026-08-24 17:03:58.461 8 WARNING neutron.api.rpc.agentnotifiers.dhcp_rpc_agent_api [None req-8fd701be-d100-4630-91e2-2dbccea0ed6b 788a3b8878f74220b1a07bfd87e5a318 6062ace57a9347ca8bbb973e873de42a - - default default] Unable to schedule network f632e73e-598a-442f-868a-6996b764595d: no agents available; will retry on subsequent port and subnet creation events.
2026-08-24 17:03:58.576 8 INFO neutron.db.ovn_revision_numbers_db [None req-8fd701be-d100-4630-91e2-2dbccea0ed6b 788a3b8878f74220b1a07bfd87e5a318 6062ace57a9347ca8bbb973e873de42a - - default default] Successfully bumped revision number for resource 0d0f0bca-3c21-4791-b7f0-6a18cbae0dff (type: ports) to 1 [pid: 8|app: 0|req: 619/1236] 10.0.0.108 () {34 vars in 671 bytes} [Mon Aug 24 17:03:57 2026] POST /v2.0/networks => generated 765 bytes in 945 msecs (HTTP/1.1 201) 4 headers in 162 bytes (1 switches on core 0) [pid: 8|app: 0|req: 620/1237] 10.0.0.132 () {34 vars in 1108 bytes} [Mon Aug 24 17:03:58 2026] GET /v2.0/networks/9cb7900d-bd75-409f-a178-d2bfbe3d76a8?fields=provider%3Aphysical_network&fields=provider%3Anetwork_type => generated 79 bytes in 52 msecs (HTTP/1.1 200) 4 headers in 156 bytes (1 switches on core 0)
2026-08-24 17:03:58.852 7 INFO neutron.db.ovn_revision_numbers_db [None req-5cb316cb-97f4-4a7f-be60-4ad1ba86b764 - - - - - -] Successfully bumped revision number for resource 6bf29497-c013-4b92-a53f-471f780ab27d (type: ports) to 2
2026-08-24 17:03:58.856 8 WARNING neutron.scheduler.dhcp_agent_scheduler [None req-5e5d2e15-29e7-49a1-83af-e4ab81506924 788a3b8878f74220b1a07bfd87e5a318 6062ace57a9347ca8bbb973e873de42a - - default default] No more DHCP agents
2026-08-24 17:03:58.857 8 WARNING neutron.api.rpc.agentnotifiers.dhcp_rpc_agent_api [None req-5e5d2e15-29e7-49a1-83af-e4ab81506924 788a3b8878f74220b1a07bfd87e5a318 6062ace57a9347ca8bbb973e873de42a - - default default] Unable to schedule network f632e73e-598a-442f-868a-6996b764595d: no agents available; will retry on subsequent port and subnet creation events.
2026-08-24 17:03:58.879 7 INFO neutron.db.ovn_revision_numbers_db [None req-5cb316cb-97f4-4a7f-be60-4ad1ba86b764 - - - - - -] Successfully bumped revision number for resource e399ab41-a4c5-433d-90ae-8c90fe84cd13 (type: subnets) to 0 [pid: 7|app: 0|req: 618/1238] 10.0.0.108 () {34 vars in 669 bytes} [Mon Aug 24 17:03:58 2026] POST /v2.0/subnets => generated 647 bytes in 765 msecs (HTTP/1.1 201) 4 headers in 162 bytes (1 switches on core 0) [pid: 7|app: 0|req: 619/1239] 10.0.0.132 () {34 vars in 990 bytes} [Mon Aug 24 17:03:58 2026] GET /v2.0/ports?device_id=49a347a1-e833-48e6-a274-fd8005de53b5 => generated 12 bytes in 26 msecs (HTTP/1.1 200) 4 headers in 156 bytes (1 switches on core 0)
2026-08-24 17:03:59.231 8 WARNING neutron.plugins.ml2.drivers.ovn.mech_driver.ovsdb.ovn_client [None req-2dd72254-cb52-41c9-a033-bcb8f7b99144 - - - - - -] No hosting information found for port eb096c5c-e2a0-4d53-9185-7632eee5b4ff: RuntimeError: No hosting information found for port eb096c5c-e2a0-4d53-9185-7632eee5b4ff
2026-08-24 17:03:59.248 7 INFO neutron.db.ovn_revision_numbers_db [None req-034df851-d526-43f0-85c8-8dfbdcdb2e50 788a3b8878f74220b1a07bfd87e5a318 6062ace57a9347ca8bbb973e873de42a - - default default] Successfully bumped revision number for resource 671d6908-3a56-4374-9854-cdc470a4941e (type: security_groups) to 1
2026-08-24 17:03:59.259 7 INFO neutron.db.ovn_revision_numbers_db [None req-034df851-d526-43f0-85c8-8dfbdcdb2e50 788a3b8878f74220b1a07bfd87e5a318 6062ace57a9347ca8bbb973e873de42a - - default default] Successfully bumped revision number for resource 11356b44-3396-41a8-976d-60712d099780 (type: security_group_rules) to 0
2026-08-24 17:03:59.278 7 INFO neutron.db.ovn_revision_numbers_db [None req-034df851-d526-43f0-85c8-8dfbdcdb2e50 788a3b8878f74220b1a07bfd87e5a318 6062ace57a9347ca8bbb973e873de42a - - default default] Successfully bumped revision number for resource 8ee2737b-c2c0-4137-8c0b-cdcd80632712 (type: security_group_rules) to 0
2026-08-24 17:03:59.292 7 INFO neutron.db.ovn_revision_numbers_db [None req-034df851-d526-43f0-85c8-8dfbdcdb2e50 788a3b8878f74220b1a07bfd87e5a318 6062ace57a9347ca8bbb973e873de42a - - default default] Successfully bumped revision number for resource b25b68b1-fb8c-4694-a959-96c91c0b78e1 (type: security_group_rules) to 0
2026-08-24 17:03:59.320 7 INFO neutron.db.ovn_revision_numbers_db [None req-034df851-d526-43f0-85c8-8dfbdcdb2e50 788a3b8878f74220b1a07bfd87e5a318 6062ace57a9347ca8bbb973e873de42a - - default default] Successfully bumped revision number for resource cd2a1a4c-8419-4e26-b02b-65c27e544849 (type: security_group_rules) to 0 [pid: 7|app: 0|req: 620/1240] 10.0.0.108 () {32 vars in 774 bytes} [Mon Aug 24 17:03:58 2026] GET /v2.0/security-groups?tenant_id=386b2370da0a4e50852170f900e4bc4b&name=default => generated 2925 bytes in 460 msecs (HTTP/1.1 200) 4 headers in 158 bytes (1 switches on core 0)
2026-08-24 17:03:59.444 8 INFO neutron.db.ovn_revision_numbers_db [None req-2dd72254-cb52-41c9-a033-bcb8f7b99144 - - - - - -] Successfully bumped revision number for resource eb096c5c-e2a0-4d53-9185-7632eee5b4ff (type: router_ports) to 2
2026-08-24 17:03:59.447 8 INFO neutron.plugins.ml2.drivers.ovn.mech_driver.mech_driver [None req-2dd72254-cb52-41c9-a033-bcb8f7b99144 - - - - - -] OVN reports status down for port: 346ea836-df9e-46cd-9936-e3f63f967c50
2026-08-24 17:03:59.519 8 INFO neutron.plugins.ml2.drivers.ovn.mech_driver.mech_driver [None req-2dd72254-cb52-41c9-a033-bcb8f7b99144 - - - - - -] OVN reports status down for port: 6bf29497-c013-4b92-a53f-471f780ab27d
2026-08-24 17:03:59.559 8 INFO neutron.db.ovn_revision_numbers_db [None req-e76d2932-3f33-4fc2-8c61-eeee6752dfbf - - - - - -] Successfully bumped revision number for resource 0d0f0bca-3c21-4791-b7f0-6a18cbae0dff (type: ports) to 2
2026-08-24 17:03:59.614 8 INFO neutron.db.ovn_revision_numbers_db [None req-e76d2932-3f33-4fc2-8c61-eeee6752dfbf - - - - - -] Successfully bumped revision number for resource f31539c2-9d2a-4ec6-8fbd-3deec7a9acff (type: subnets) to 0
2026-08-24 17:03:59.623 8 INFO neutron.plugins.ml2.drivers.ovn.mech_driver.mech_driver [None req-2dd72254-cb52-41c9-a033-bcb8f7b99144 - - - - - -] OVN reports status down for port: 0d0f0bca-3c21-4791-b7f0-6a18cbae0dff [pid: 8|app: 0|req: 621/1241] 10.0.0.108 () {34 vars in 669 bytes} [Mon Aug 24 17:03:58 2026] POST /v2.0/subnets => generated 690 bytes in 1001 msecs (HTTP/1.1 201) 4 headers in 162 bytes (1 switches on core 0) [pid: 7|app: 0|req: 621/1242] 10.0.0.108 () {34 vars in 681 bytes} [Mon Aug 24 17:03:59 2026] POST /v2.0/rbac-policies => generated 324 bytes in 315 msecs (HTTP/1.1 201) 4 headers in 162 bytes (1 switches on core 0) [pid: 8|app: 0|req: 622/1243] 10.0.0.108 () {32 vars in 740 bytes} [Mon Aug 24 17:03:59 2026] DELETE /v2.0/security-groups/671d6908-3a56-4374-9854-cdc470a4941e => generated 0 bytes in 386 msecs (HTTP/1.1 204) 2 headers in 112 bytes (1 switches on core 0) [pid: 8|app: 0|req: 623/1244] 10.0.0.132 () {34 vars in 990 bytes} [Mon Aug 24 17:04:00 2026] GET /v2.0/ports?device_id=49a347a1-e833-48e6-a274-fd8005de53b5 => generated 12 bytes in 19 msecs (HTTP/1.1 200) 4 headers in 156 bytes (1 switches on core 0) [pid: 8|app: 0|req: 624/1245] 10.0.0.108 () {32 vars in 723 bytes} [Mon Aug 24 17:04:00 2026] GET /v2.0/networks/da942e94-a021-4ca0-9962-c30a63a84f80 => generated 693 bytes in 235 msecs (HTTP/1.1 200) 4 headers in 157 bytes (1 switches on core 0)
2026-08-24 17:04:00.780 8 INFO neutron.pecan_wsgi.hooks.translation [None req-31c198c6-6021-488a-ad03-ae44ef46a7b9 db5d424ee80c4feca1b0fa426d0ec4b6 bac30c133d4c434b8fe37331d1789440 - - default default] GET failed (client error): The resource could not be found. [pid: 8|app: 0|req: 625/1246] 10.0.0.108 () {32 vars in 723 bytes} [Mon Aug 24 17:04:00 2026] GET /v2.0/networks/da942e94-a021-4ca0-9962-c30a63a84f80 => generated 138 bytes in 47 msecs (HTTP/1.1 404) 4 headers in 164 bytes (1 switches on core 0)
2026-08-24 17:04:00.804 7 WARNING neutron.scheduler.dhcp_agent_scheduler [None req-c57b6b5b-2034-4ebd-83e2-b83fad321455 788a3b8878f74220b1a07bfd87e5a318 6062ace57a9347ca8bbb973e873de42a - - default default] No more DHCP agents
2026-08-24 17:04:00.805 7 WARNING neutron.api.rpc.agentnotifiers.dhcp_rpc_agent_api [None req-c57b6b5b-2034-4ebd-83e2-b83fad321455 788a3b8878f74220b1a07bfd87e5a318 6062ace57a9347ca8bbb973e873de42a - - default default] Unable to schedule network 5240c4e3-5003-4ed2-b6d8-30abfd9a2f0e: no agents available; will retry on subsequent port and subnet creation events.
2026-08-24 17:04:00.974 8 INFO neutron.plugins.ml2.drivers.ovn.mech_driver.mech_driver [None req-2dd72254-cb52-41c9-a033-bcb8f7b99144 - - - - - -] OVN reports status down for port: fe2ee83c-53cc-4ce0-8cc9-6f60a7eb8d89
2026-08-24 17:04:00.987 7 INFO neutron.db.ovn_revision_numbers_db [None req-c57b6b5b-2034-4ebd-83e2-b83fad321455 788a3b8878f74220b1a07bfd87e5a318 6062ace57a9347ca8bbb973e873de42a - - default default] Successfully bumped revision number for resource fe2ee83c-53cc-4ce0-8cc9-6f60a7eb8d89 (type: ports) to 1
2026-08-24 17:04:01.004 8 INFO neutron_taas.services.taas.taas_plugin [None req-8b80b991-2a3f-4b95-9f6c-0bcce6a520bb 6dc80f9db5934f9cbd79e33738c37256 d8bc0846d1b24e9db05b33cb55448d60 - - default default] TaaS: Handle Delete Port: 6bf29497-c013-4b92-a53f-471f780ab27d
2026-08-24 17:04:01.009 8 INFO neutron_taas.services.taas.tap_mirror_plugin [None req-8b80b991-2a3f-4b95-9f6c-0bcce6a520bb 6dc80f9db5934f9cbd79e33738c37256 d8bc0846d1b24e9db05b33cb55448d60 - - default default] Tap Mirror: Handle Delete Port: 6bf29497-c013-4b92-a53f-471f780ab27d
2026-08-24 17:04:01.398 8 INFO neutron.services.segments.plugin [-] Segment 732ba809-ad1d-48d4-82c2-7b26f3834e8d resource provider aggregate not found
2026-08-24 17:04:01.405 8 INFO neutron.services.segments.plugin [-] Segment 732ba809-ad1d-48d4-82c2-7b26f3834e8d resource provider aggregate not found
2026-08-24 17:04:01.424 8 INFO neutron.services.segments.plugin [-] Segment 732ba809-ad1d-48d4-82c2-7b26f3834e8d resource provider not found; error: Placement Client Error (4xx): {"errors": [{"status": 404, "title": "Not Found", "detail": "The resource could not be found.\n\n No resource provider with uuid 732ba809-ad1d-48d4-82c2-7b26f3834e8d found for delete ", "request_id": "req-f676c92e-fdb1-4137-97de-4dac24727d5c"}]}
2026-08-24 17:04:01.430 8 INFO neutron.services.segments.plugin [-] Segment 732ba809-ad1d-48d4-82c2-7b26f3834e8d resource provider not found; error: Placement Client Error (4xx): {"errors": [{"status": 404, "title": "Not Found", "detail": "The resource could not be found.\n\n No resource provider with uuid 732ba809-ad1d-48d4-82c2-7b26f3834e8d found for delete ", "request_id": "req-34dd6aac-e478-488f-a2c0-ffd6d2b79962"}]} [pid: 8|app: 0|req: 626/1247] 10.0.0.108 () {32 vars in 726 bytes} [Mon Aug 24 17:04:00 2026] DELETE /v2.0/networks/da942e94-a021-4ca0-9962-c30a63a84f80 => generated 0 bytes in 675 msecs (HTTP/1.1 204) 3 headers in 131 bytes (1 switches on core 0) [pid: 8|app: 0|req: 627/1248] 10.0.0.132 () {34 vars in 990 bytes} [Mon Aug 24 17:04:01 2026] GET /v2.0/ports?device_id=49a347a1-e833-48e6-a274-fd8005de53b5 => generated 12 bytes in 22 msecs (HTTP/1.1 200) 4 headers in 156 bytes (1 switches on core 0)
2026-08-24 17:04:01.498 8 INFO neutron.pecan_wsgi.hooks.translation [None req-4bdc72a5-3dc1-48a7-96c7-f6e63721b259 6dc80f9db5934f9cbd79e33738c37256 d8bc0846d1b24e9db05b33cb55448d60 - - default default] DELETE failed (client error): The resource could not be found. [pid: 8|app: 0|req: 628/1249] 10.0.0.108 () {32 vars in 724 bytes} [Mon Aug 24 17:04:01 2026] DELETE /v2.0/subnets/865238a4-0ab1-49ef-8e6f-a82d6559359b => generated 136 bytes in 13 msecs (HTTP/1.1 404) 4 headers in 164 bytes (1 switches on core 0)
2026-08-24 17:04:01.524 8 INFO neutron.pecan_wsgi.hooks.translation [None req-025eba26-84ed-4850-a290-a6bea8bff0cc 6dc80f9db5934f9cbd79e33738c37256 d8bc0846d1b24e9db05b33cb55448d60 - - default default] DELETE failed (client error): The resource could not be found. [pid: 8|app: 0|req: 629/1250] 10.0.0.108 () {32 vars in 724 bytes} [Mon Aug 24 17:04:01 2026] DELETE /v2.0/subnets/38099e52-aee1-4c0f-af9c-600d32e4d4e3 => generated 136 bytes in 24 msecs (HTTP/1.1 404) 4 headers in 164 bytes (1 switches on core 0)
2026-08-24 17:04:01.546 8 INFO neutron.pecan_wsgi.hooks.translation [None req-299ae15b-8efe-4878-8428-024d91b3dac1 6dc80f9db5934f9cbd79e33738c37256 d8bc0846d1b24e9db05b33cb55448d60 - - default default] DELETE failed (client error): The resource could not be found. [pid: 8|app: 0|req: 630/1251] 10.0.0.108 () {32 vars in 724 bytes} [Mon Aug 24 17:04:01 2026] DELETE /v2.0/subnets/e399ab41-a4c5-433d-90ae-8c90fe84cd13 => generated 136 bytes in 15 msecs (HTTP/1.1 404) 4 headers in 164 bytes (1 switches on core 0)
2026-08-24 17:04:01.670 7 INFO neutron.plugins.ml2.drivers.ovn.mech_driver.ovsdb.commands [-] Schedule LRP lrp-fe2ee83c-53cc-4ce0-8cc9-6f60a7eb8d89 on gateway 32a98ade-9203-4c6d-87a5-ddf954015ec5 with priority 1
2026-08-24 17:04:01.828 8 INFO neutron.plugins.ml2.drivers.ovn.mech_driver.ovsdb.ovsdb_monitor [None req-91be0372-31b6-4c63-970f-6acbc81514a2 - - - - - -] Router 19e2b291-5ef3-402b-a6cf-deb3e222b39e is bound to host instance
2026-08-24 17:04:01.875 8 INFO neutron.plugins.ml2.drivers.ovn.mech_driver.mech_driver [None req-2dd72254-cb52-41c9-a033-bcb8f7b99144 - - - - - -] OVN reports status up for port: fe2ee83c-53cc-4ce0-8cc9-6f60a7eb8d89
2026-08-24 17:04:01.881 7 INFO neutron.db.ovn_revision_numbers_db [None req-c57b6b5b-2034-4ebd-83e2-b83fad321455 788a3b8878f74220b1a07bfd87e5a318 6062ace57a9347ca8bbb973e873de42a - - default default] Successfully bumped revision number for resource fe2ee83c-53cc-4ce0-8cc9-6f60a7eb8d89 (type: router_ports) to 1
2026-08-24 17:04:01.922 8 INFO neutron.plugins.ml2.plugin [None req-2dd72254-cb52-41c9-a033-bcb8f7b99144 - - - - - -] Attempt 1 to provision port fe2ee83c-53cc-4ce0-8cc9-6f60a7eb8d89
2026-08-24 17:04:01.950 7 INFO neutron.db.ovn_revision_numbers_db [None req-c57b6b5b-2034-4ebd-83e2-b83fad321455 788a3b8878f74220b1a07bfd87e5a318 6062ace57a9347ca8bbb973e873de42a - - default default] Successfully bumped revision number for resource 19e2b291-5ef3-402b-a6cf-deb3e222b39e (type: routers) to 2 [pid: 7|app: 0|req: 622/1252] 10.0.0.108 () {34 vars in 669 bytes} [Mon Aug 24 17:03:59 2026] POST /v2.0/routers => generated 968 bytes in 2269 msecs (HTTP/1.1 201) 4 headers in 162 bytes (1 switches on core 0)
2026-08-24 17:04:02.636 7 INFO neutron.db.ovn_revision_numbers_db [None req-22023cf2-b475-4979-85ba-2ac576ebf99a 788a3b8878f74220b1a07bfd87e5a318 6062ace57a9347ca8bbb973e873de42a - - default default] Successfully bumped revision number for resource 7687ac43-f0f6-466b-83ff-1927d30f389f (type: security_groups) to 1
2026-08-24 17:04:02.649 7 INFO neutron.db.ovn_revision_numbers_db [None req-22023cf2-b475-4979-85ba-2ac576ebf99a 788a3b8878f74220b1a07bfd87e5a318 6062ace57a9347ca8bbb973e873de42a - - default default] Successfully bumped revision number for resource 07647541-d983-41cf-a213-2e4f01e6ddbe (type: security_group_rules) to 0
2026-08-24 17:04:02.664 7 INFO neutron.db.ovn_revision_numbers_db [None req-22023cf2-b475-4979-85ba-2ac576ebf99a 788a3b8878f74220b1a07bfd87e5a318 6062ace57a9347ca8bbb973e873de42a - - default default] Successfully bumped revision number for resource 5301b653-6318-4084-a5b8-35cea1493755 (type: security_group_rules) to 0
2026-08-24 17:04:02.677 7 INFO neutron.db.ovn_revision_numbers_db [None req-22023cf2-b475-4979-85ba-2ac576ebf99a 788a3b8878f74220b1a07bfd87e5a318 6062ace57a9347ca8bbb973e873de42a - - default default] Successfully bumped revision number for resource ac6bebd2-1869-4c74-9f2e-42377649b5e1 (type: security_group_rules) to 0
2026-08-24 17:04:02.694 7 INFO neutron.db.ovn_revision_numbers_db [None req-22023cf2-b475-4979-85ba-2ac576ebf99a 788a3b8878f74220b1a07bfd87e5a318 6062ace57a9347ca8bbb973e873de42a - - default default] Successfully bumped revision number for resource e855c4db-4e50-4158-adcc-52781776d4f4 (type: security_group_rules) to 0 [pid: 7|app: 0|req: 623/1253] 10.0.0.108 () {32 vars in 774 bytes} [Mon Aug 24 17:04:02 2026] GET /v2.0/security-groups?tenant_id=c2a2ce4bb3a14c559dd216fd6355b439&name=default => generated 2925 bytes in 493 msecs (HTTP/1.1 200) 4 headers in 158 bytes (1 switches on core 0)
2026-08-24 17:04:02.985 8 WARNING neutron.scheduler.dhcp_agent_scheduler [None req-ab5d5d45-e659-45a5-86cc-49d23836c1a5 788a3b8878f74220b1a07bfd87e5a318 6062ace57a9347ca8bbb973e873de42a - - default default] No more DHCP agents
2026-08-24 17:04:02.987 8 WARNING neutron.api.rpc.agentnotifiers.dhcp_rpc_agent_api [None req-ab5d5d45-e659-45a5-86cc-49d23836c1a5 788a3b8878f74220b1a07bfd87e5a318 6062ace57a9347ca8bbb973e873de42a - - default default] Unable to schedule network f632e73e-598a-442f-868a-6996b764595d: no agents available; will retry on subsequent port and subnet creation events.
2026-08-24 17:04:03.012 7 INFO neutron.db.ovn_revision_numbers_db [None req-f200e4cf-f0d4-4df7-9713-f314b2fda672 788a3b8878f74220b1a07bfd87e5a318 6062ace57a9347ca8bbb973e873de42a - - default default] Successfully bumped revision number for resource 9345738b-89b6-4735-90f6-b11832b2bdd4 (type: security_groups) to 1
2026-08-24 17:04:03.024 7 INFO neutron.db.ovn_revision_numbers_db [None req-f200e4cf-f0d4-4df7-9713-f314b2fda672 788a3b8878f74220b1a07bfd87e5a318 6062ace57a9347ca8bbb973e873de42a - - default default] Successfully bumped revision number for resource 46b48a0e-3970-4df8-b860-36f26ca796b9 (type: security_group_rules) to 0
2026-08-24 17:04:03.038 7 INFO neutron.db.ovn_revision_numbers_db [None req-f200e4cf-f0d4-4df7-9713-f314b2fda672 788a3b8878f74220b1a07bfd87e5a318 6062ace57a9347ca8bbb973e873de42a - - default default] Successfully bumped revision number for resource 7ac99050-fbb0-4e09-acf2-3c305705ed49 (type: security_group_rules) to 0
2026-08-24 17:04:03.050 7 INFO neutron.db.ovn_revision_numbers_db [None req-f200e4cf-f0d4-4df7-9713-f314b2fda672 788a3b8878f74220b1a07bfd87e5a318 6062ace57a9347ca8bbb973e873de42a - - default default] Successfully bumped revision number for resource 9ccb5035-9529-47d8-83ab-37397ce12041 (type: security_group_rules) to 0
2026-08-24 17:04:03.062 7 INFO neutron.db.ovn_revision_numbers_db [None req-f200e4cf-f0d4-4df7-9713-f314b2fda672 788a3b8878f74220b1a07bfd87e5a318 6062ace57a9347ca8bbb973e873de42a - - default default] Successfully bumped revision number for resource c530cecf-fd9d-46fa-937b-f1916f219020 (type: security_group_rules) to 0 [pid: 7|app: 0|req: 624/1254] 10.0.0.108 () {32 vars in 774 bytes} [Mon Aug 24 17:04:02 2026] GET /v2.0/security-groups?tenant_id=94faf43694644542b705d5b6179e7525&name=default => generated 2925 bytes in 365 msecs (HTTP/1.1 200) 4 headers in 158 bytes (1 switches on core 0) [pid: 7|app: 0|req: 625/1255] 10.0.0.132 () {34 vars in 990 bytes} [Mon Aug 24 17:04:03 2026] GET /v2.0/ports?device_id=49a347a1-e833-48e6-a274-fd8005de53b5 => generated 12 bytes in 57 msecs (HTTP/1.1 200) 4 headers in 156 bytes (1 switches on core 0)
2026-08-24 17:04:03.275 8 INFO neutron.db.ovn_revision_numbers_db [None req-ab5d5d45-e659-45a5-86cc-49d23836c1a5 788a3b8878f74220b1a07bfd87e5a318 6062ace57a9347ca8bbb973e873de42a - - default default] Successfully bumped revision number for resource d9a81257-0177-4551-9288-8e409783db76 (type: ports) to 1 [pid: 7|app: 0|req: 626/1256] 10.0.0.108 () {32 vars in 740 bytes} [Mon Aug 24 17:04:03 2026] DELETE /v2.0/security-groups/7687ac43-f0f6-466b-83ff-1927d30f389f => generated 0 bytes in 339 msecs (HTTP/1.1 204) 2 headers in 112 bytes (1 switches on core 0) [pid: 7|app: 0|req: 627/1257] 199.19.213.12 () {34 vars in 985 bytes} [Mon Aug 24 17:04:03 2026] GET /v2.0/networks?id=9cb7900d-bd75-409f-a178-d2bfbe3d76a8 => generated 713 bytes in 45 msecs (HTTP/1.1 200) 4 headers in 157 bytes (1 switches on core 0) [pid: 7|app: 0|req: 628/1258] 10.0.0.108 () {32 vars in 740 bytes} [Mon Aug 24 17:04:03 2026] DELETE /v2.0/security-groups/9345738b-89b6-4735-90f6-b11832b2bdd4 => generated 0 bytes in 366 msecs (HTTP/1.1 204) 2 headers in 112 bytes (1 switches on core 0) [pid: 7|app: 0|req: 629/1259] 199.19.213.12 () {34 vars in 1049 bytes} [Mon Aug 24 17:04:03 2026] GET /v2.0/security-groups?fields=id&fields=name&tenant_id=7c32b4deb58c49a1b9b99f0135fd4248 => generated 180 bytes in 41 msecs (HTTP/1.1 200) 4 headers in 157 bytes (1 switches on core 0)
2026-08-24 17:04:03.990 8 INFO neutron.db.ovn_revision_numbers_db [None req-691969d7-33d5-49ee-93f1-503d5e6012d6 - - - - - -] Successfully bumped revision number for resource fe2ee83c-53cc-4ce0-8cc9-6f60a7eb8d89 (type: ports) to 4
2026-08-24 17:04:04.299 7 WARNING neutron.scheduler.dhcp_agent_scheduler [req-2ba670b7-0e07-47b6-9eb0-32aa3e551e4d req-a897102e-a127-486e-a90a-7927f5389bd8 47dab7ba470843d3a972c29e4d5989b5 7c32b4deb58c49a1b9b99f0135fd4248 - - default default] No more DHCP agents
2026-08-24 17:04:04.300 7 WARNING neutron.api.rpc.agentnotifiers.dhcp_rpc_agent_api [req-2ba670b7-0e07-47b6-9eb0-32aa3e551e4d req-a897102e-a127-486e-a90a-7927f5389bd8 47dab7ba470843d3a972c29e4d5989b5 7c32b4deb58c49a1b9b99f0135fd4248 - - default default] Unable to schedule network 9cb7900d-bd75-409f-a178-d2bfbe3d76a8: no agents available; will retry on subsequent port and subnet creation events.
2026-08-24 17:04:04.537 7 INFO neutron.db.ovn_revision_numbers_db [req-2ba670b7-0e07-47b6-9eb0-32aa3e551e4d req-a897102e-a127-486e-a90a-7927f5389bd8 47dab7ba470843d3a972c29e4d5989b5 7c32b4deb58c49a1b9b99f0135fd4248 - - default default] Successfully bumped revision number for resource 2b1003f1-2bec-4f1b-a656-5499ebf926f5 (type: ports) to 1 [pid: 7|app: 0|req: 630/1260] 199.19.213.12 () {38 vars in 954 bytes} [Mon Aug 24 17:04:03 2026] POST /v2.0/ports => generated 954 bytes in 623 msecs (HTTP/1.1 201) 4 headers in 162 bytes (1 switches on core 0) /var/lib/openstack/lib/python3.12/site-packages/pycadf/identifier.py:70: UserWarning: Invalid uuid: neutron. To ensure interoperability, identifiers should be a valid uuid. warnings.warn(('Invalid uuid: %s. To ensure interoperability, '
2026-08-24 17:04:04.670 8 INFO neutron.plugins.ml2.drivers.ovn.mech_driver.mech_driver [None req-2dd72254-cb52-41c9-a033-bcb8f7b99144 - - - - - -] OVN reports status down for port: d9a81257-0177-4551-9288-8e409783db76
2026-08-24 17:04:04.717 8 WARNING neutron.scheduler.dhcp_agent_scheduler [None req-ab5d5d45-e659-45a5-86cc-49d23836c1a5 788a3b8878f74220b1a07bfd87e5a318 6062ace57a9347ca8bbb973e873de42a - - default default] No more DHCP agents
2026-08-24 17:04:04.718 8 WARNING neutron.api.rpc.agentnotifiers.dhcp_rpc_agent_api [None req-ab5d5d45-e659-45a5-86cc-49d23836c1a5 788a3b8878f74220b1a07bfd87e5a318 6062ace57a9347ca8bbb973e873de42a - - default default] Unable to schedule network f632e73e-598a-442f-868a-6996b764595d: no agents available; will retry on subsequent port and subnet creation events.
2026-08-24 17:04:04.778 7 INFO neutron.db.ovn_revision_numbers_db [None req-c0c72d79-99f0-4503-9f03-4c2412a31b5b 788a3b8878f74220b1a07bfd87e5a318 6062ace57a9347ca8bbb973e873de42a - - default default] Successfully bumped revision number for resource 00f310b9-8805-4573-bda7-2ef2c53c3dcc (type: security_groups) to 1
2026-08-24 17:04:04.795 7 INFO neutron.db.ovn_revision_numbers_db [None req-c0c72d79-99f0-4503-9f03-4c2412a31b5b 788a3b8878f74220b1a07bfd87e5a318 6062ace57a9347ca8bbb973e873de42a - - default default] Successfully bumped revision number for resource 8375dfc2-9691-4163-b83e-14dd350d212c (type: security_group_rules) to 0
2026-08-24 17:04:04.812 7 INFO neutron.db.ovn_revision_numbers_db [None req-c0c72d79-99f0-4503-9f03-4c2412a31b5b 788a3b8878f74220b1a07bfd87e5a318 6062ace57a9347ca8bbb973e873de42a - - default default] Successfully bumped revision number for resource b2f9a673-2e4f-4809-8d80-f784b2ffe1b1 (type: security_group_rules) to 0
2026-08-24 17:04:04.826 7 INFO neutron.db.ovn_revision_numbers_db [None req-c0c72d79-99f0-4503-9f03-4c2412a31b5b 788a3b8878f74220b1a07bfd87e5a318 6062ace57a9347ca8bbb973e873de42a - - default default] Successfully bumped revision number for resource e2c093c3-6ccc-4710-b96a-c983de79953a (type: security_group_rules) to 0
2026-08-24 17:04:04.842 7 INFO neutron.db.ovn_revision_numbers_db [None req-c0c72d79-99f0-4503-9f03-4c2412a31b5b 788a3b8878f74220b1a07bfd87e5a318 6062ace57a9347ca8bbb973e873de42a - - default default] Successfully bumped revision number for resource fb1692ec-07ea-405f-92e0-5620b13aee2e (type: security_group_rules) to 0 [pid: 7|app: 0|req: 631/1261] 10.0.0.108 () {32 vars in 774 bytes} [Mon Aug 24 17:04:04 2026] GET /v2.0/security-groups?tenant_id=bac30c133d4c434b8fe37331d1789440&name=default => generated 2925 bytes in 284 msecs (HTTP/1.1 200) 4 headers in 158 bytes (1 switches on core 0) [pid: 7|app: 0|req: 632/1262] 10.0.0.132 () {34 vars in 990 bytes} [Mon Aug 24 17:04:04 2026] GET /v2.0/ports?device_id=49a347a1-e833-48e6-a274-fd8005de53b5 => generated 957 bytes in 38 msecs (HTTP/1.1 200) 4 headers in 157 bytes (1 switches on core 0)
2026-08-24 17:04:04.946 8 INFO neutron.db.ovn_revision_numbers_db [None req-691969d7-33d5-49ee-93f1-503d5e6012d6 - - - - - -] Successfully bumped revision number for resource fe2ee83c-53cc-4ce0-8cc9-6f60a7eb8d89 (type: ports) to 5
2026-08-24 17:04:05.044 8 WARNING neutron.plugins.ml2.drivers.ovn.mech_driver.ovsdb.ovn_client [None req-2dd72254-cb52-41c9-a033-bcb8f7b99144 - - - - - -] Logical_Switch_Port %s host information not removed, the port state is up
2026-08-24 17:04:05.045 8 INFO neutron.plugins.ml2.drivers.ovn.mech_driver.mech_driver [None req-2dd72254-cb52-41c9-a033-bcb8f7b99144 - - - - - -] OVN reports status up for port: d9a81257-0177-4551-9288-8e409783db76
2026-08-24 17:04:05.082 8 INFO neutron.plugins.ml2.plugin [None req-2dd72254-cb52-41c9-a033-bcb8f7b99144 - - - - - -] Attempt 1 to provision port d9a81257-0177-4551-9288-8e409783db76
2026-08-24 17:04:05.306 7 INFO neutron.db.ovn_revision_numbers_db [req-2ba670b7-0e07-47b6-9eb0-32aa3e551e4d req-30aefe2f-4b8b-4e1c-812a-bd9e9ad61bbf a3f999a764b0475784580c4f1f206a70 15cf92c3943c4fe4b70b140dad500f4b - - f926b59dac2b4a00a8b2bfa3158ed4c2 f926b59dac2b4a00a8b2bfa3158ed4c2] Successfully bumped revision number for resource 2b1003f1-2bec-4f1b-a656-5499ebf926f5 (type: ports) to 2
2026-08-24 17:04:05.561 7 INFO neutron.db.ovn_revision_numbers_db [req-2ba670b7-0e07-47b6-9eb0-32aa3e551e4d req-30aefe2f-4b8b-4e1c-812a-bd9e9ad61bbf a3f999a764b0475784580c4f1f206a70 15cf92c3943c4fe4b70b140dad500f4b - - f926b59dac2b4a00a8b2bfa3158ed4c2 f926b59dac2b4a00a8b2bfa3158ed4c2] Successfully bumped revision number for resource 2b1003f1-2bec-4f1b-a656-5499ebf926f5 (type: ports) to 4 [pid: 7|app: 0|req: 633/1263] 199.19.213.12 () {38 vars in 1027 bytes} [Mon Aug 24 17:04:04 2026] PUT /v2.0/ports/2b1003f1-2bec-4f1b-a656-5499ebf926f5 => generated 1204 bytes in 670 msecs (HTTP/1.1 200) 4 headers in 158 bytes (1 switches on core 0) /var/lib/openstack/lib/python3.12/site-packages/pycadf/identifier.py:70: UserWarning: Invalid uuid: neutron. To ensure interoperability, identifiers should be a valid uuid. warnings.warn(('Invalid uuid: %s. To ensure interoperability, '
2026-08-24 17:04:05.627 7 INFO neutron.notifiers.nova [-] Nova event matching ['req-353bf85f-7c5b-435c-ba77-ef5548de00f7'] response: {'name': 'network-changed', 'server_uuid': '49a347a1-e833-48e6-a274-fd8005de53b5', 'tag': '2b1003f1-2bec-4f1b-a656-5499ebf926f5', 'status': 'completed', 'code': 200}
2026-08-24 17:04:05.879 8 INFO neutron.db.ovn_revision_numbers_db [None req-ab5d5d45-e659-45a5-86cc-49d23836c1a5 788a3b8878f74220b1a07bfd87e5a318 6062ace57a9347ca8bbb973e873de42a - - default default] Successfully bumped revision number for resource d9a81257-0177-4551-9288-8e409783db76 (type: router_ports) to 1 [pid: 8|app: 0|req: 631/1264] 10.0.0.108 () {34 vars in 783 bytes} [Mon Aug 24 17:04:01 2026] PUT /v2.0/routers/19e2b291-5ef3-402b-a6cf-deb3e222b39e/add_router_interface => generated 309 bytes in 3914 msecs (HTTP/1.1 200) 4 headers in 157 bytes (1 switches on core 0) [pid: 7|app: 0|req: 634/1265] 10.0.0.108 () {32 vars in 740 bytes} [Mon Aug 24 17:04:05 2026] DELETE /v2.0/security-groups/00f310b9-8805-4573-bda7-2ef2c53c3dcc => generated 0 bytes in 389 msecs (HTTP/1.1 204) 2 headers in 112 bytes (1 switches on core 0) [pid: 8|app: 0|req: 632/1266] 10.0.0.132 () {34 vars in 1040 bytes} [Mon Aug 24 17:04:05 2026] GET /v2.0/security-groups?id=3a020d5b-9e40-4f18-bef3-19cfd653c615&fields=id&fields=name => generated 113 bytes in 97 msecs (HTTP/1.1 200) 4 headers in 157 bytes (1 switches on core 0) [pid: 8|app: 0|req: 633/1267] 10.0.0.108 () {32 vars in 774 bytes} [Mon Aug 24 17:04:06 2026] GET /v2.0/security-groups?tenant_id=d8bc0846d1b24e9db05b33cb55448d60&name=default => generated 2925 bytes in 70 msecs (HTTP/1.1 200) 4 headers in 158 bytes (1 switches on core 0)
2026-08-24 17:04:06.165 8 INFO neutron.db.ovn_revision_numbers_db [None req-2dd72254-cb52-41c9-a033-bcb8f7b99144 - - - - - -] Successfully bumped revision number for resource d9a81257-0177-4551-9288-8e409783db76 (type: ports) to 2 [pid: 8|app: 0|req: 634/1268] 199.19.213.12 () {34 vars in 1079 bytes} [Mon Aug 24 17:04:06 2026] GET /v2.0/ports?tenant_id=7c32b4deb58c49a1b9b99f0135fd4248&device_id=49a347a1-e833-48e6-a274-fd8005de53b5 => generated 1207 bytes in 56 msecs (HTTP/1.1 200) 4 headers in 158 bytes (1 switches on core 0)
2026-08-24 17:04:06.380 7 INFO neutron.db.ovn_revision_numbers_db [None req-2fc47f5c-cfbb-45dd-bc8c-0f455e41c79f 511869dd6e1c4f5c851b9d7e478b39e2 2eeb9732fed8441685f48f44e7c6afaf - - default default] Successfully bumped revision number for resource 0b57ddbe-2194-4f6e-87c1-618faf041e93 (type: security_groups) to 1
2026-08-24 17:04:06.394 7 INFO neutron.db.ovn_revision_numbers_db [None req-2fc47f5c-cfbb-45dd-bc8c-0f455e41c79f 511869dd6e1c4f5c851b9d7e478b39e2 2eeb9732fed8441685f48f44e7c6afaf - - default default] Successfully bumped revision number for resource 1c4d7205-6d78-4985-b969-ced18652be33 (type: security_group_rules) to 0
2026-08-24 17:04:06.408 7 INFO neutron.db.ovn_revision_numbers_db [None req-2fc47f5c-cfbb-45dd-bc8c-0f455e41c79f 511869dd6e1c4f5c851b9d7e478b39e2 2eeb9732fed8441685f48f44e7c6afaf - - default default] Successfully bumped revision number for resource 41c2a97f-0963-4dae-a12b-5d57d24d6c68 (type: security_group_rules) to 0
2026-08-24 17:04:06.422 7 INFO neutron.db.ovn_revision_numbers_db [None req-2fc47f5c-cfbb-45dd-bc8c-0f455e41c79f 511869dd6e1c4f5c851b9d7e478b39e2 2eeb9732fed8441685f48f44e7c6afaf - - default default] Successfully bumped revision number for resource 50cc1449-d8d5-4905-b70e-83064defa095 (type: security_group_rules) to 0
2026-08-24 17:04:06.434 7 INFO neutron.db.ovn_revision_numbers_db [None req-2fc47f5c-cfbb-45dd-bc8c-0f455e41c79f 511869dd6e1c4f5c851b9d7e478b39e2 2eeb9732fed8441685f48f44e7c6afaf - - default default] Successfully bumped revision number for resource dbc1f143-67f7-4ccc-9a64-64a82603b976 (type: security_group_rules) to 0
2026-08-24 17:04:06.533 7 INFO neutron.db.segments_db [None req-2fc47f5c-cfbb-45dd-bc8c-0f455e41c79f 511869dd6e1c4f5c851b9d7e478b39e2 2eeb9732fed8441685f48f44e7c6afaf - - default default] Added segment 96726bec-5a5c-43e5-b530-71f256355b75 of type geneve for network b984f8df-841d-4f38-af4a-b9ce5b438b66
2026-08-24 17:04:06.707 7 INFO neutron.db.ovn_revision_numbers_db [None req-2fc47f5c-cfbb-45dd-bc8c-0f455e41c79f 511869dd6e1c4f5c851b9d7e478b39e2 2eeb9732fed8441685f48f44e7c6afaf - - default default] Successfully bumped revision number for resource b984f8df-841d-4f38-af4a-b9ce5b438b66 (type: networks) to 1 [pid: 8|app: 0|req: 635/1269] 10.0.0.108 () {32 vars in 740 bytes} [Mon Aug 24 17:04:06 2026] DELETE /v2.0/security-groups/bbc821b2-da60-448d-bf75-5e4926ea1da3 => generated 0 bytes in 494 msecs (HTTP/1.1 204) 2 headers in 112 bytes (1 switches on core 0) [pid: 8|app: 0|req: 636/1270] 199.19.213.12 () {34 vars in 1017 bytes} [Mon Aug 24 17:04:06 2026] GET /v2.0/networks?tenant_id=7c32b4deb58c49a1b9b99f0135fd4248&shared=False => generated 812 bytes in 62 msecs (HTTP/1.1 200) 4 headers in 157 bytes (1 switches on core 0)
2026-08-24 17:04:06.947 8 INFO neutron.db.ovn_revision_numbers_db [None req-f5ebe97d-8c20-4bdb-8f82-677bd0c29907 f93054b1b49a4190b18687ff82943a54 f2e00e29180f4047970d827f114de4c7 - - default default] Successfully bumped revision number for resource a8a0aec2-5033-49e8-ba8d-a2efbdff04e4 (type: security_groups) to 1
2026-08-24 17:04:06.955 7 WARNING neutron.scheduler.dhcp_agent_scheduler [None req-2fc47f5c-cfbb-45dd-bc8c-0f455e41c79f 511869dd6e1c4f5c851b9d7e478b39e2 2eeb9732fed8441685f48f44e7c6afaf - - default default] No more DHCP agents
2026-08-24 17:04:06.958 7 WARNING neutron.api.rpc.agentnotifiers.dhcp_rpc_agent_api [None req-2fc47f5c-cfbb-45dd-bc8c-0f455e41c79f 511869dd6e1c4f5c851b9d7e478b39e2 2eeb9732fed8441685f48f44e7c6afaf - - default default] Unable to schedule network b984f8df-841d-4f38-af4a-b9ce5b438b66: no agents available; will retry on subsequent port and subnet creation events.
2026-08-24 17:04:06.960 8 INFO neutron.db.ovn_revision_numbers_db [None req-f5ebe97d-8c20-4bdb-8f82-677bd0c29907 f93054b1b49a4190b18687ff82943a54 f2e00e29180f4047970d827f114de4c7 - - default default] Successfully bumped revision number for resource 61844859-189b-42fa-8361-13b15e9ce35e (type: security_group_rules) to 0
2026-08-24 17:04:06.972 8 INFO neutron.db.ovn_revision_numbers_db [None req-f5ebe97d-8c20-4bdb-8f82-677bd0c29907 f93054b1b49a4190b18687ff82943a54 f2e00e29180f4047970d827f114de4c7 - - default default] Successfully bumped revision number for resource ba5b0989-828d-4921-becb-e999a3482a3d (type: security_group_rules) to 0 [pid: 8|app: 0|req: 637/1271] 10.0.0.108 () {34 vars in 685 bytes} [Mon Aug 24 17:04:06 2026] POST /v2.0/security-groups => generated 1659 bytes in 281 msecs (HTTP/1.1 201) 4 headers in 163 bytes (1 switches on core 0)
2026-08-24 17:04:07.097 7 INFO neutron.db.ovn_revision_numbers_db [None req-2fc47f5c-cfbb-45dd-bc8c-0f455e41c79f 511869dd6e1c4f5c851b9d7e478b39e2 2eeb9732fed8441685f48f44e7c6afaf - - default default] Successfully bumped revision number for resource 0a6ea7a3-c07f-4a46-a76f-0d66e30e5d6a (type: ports) to 1 [pid: 7|app: 0|req: 635/1274] 10.0.0.108 () {34 vars in 670 bytes} [Mon Aug 24 17:04:05 2026] POST /v2.0/networks => generated 667 bytes in 1141 msecs (HTTP/1.1 201) 4 headers in 162 bytes (1 switches on core 0) [pid: 8|app: 0|req: 640/1275] 199.19.213.12 () {34 vars in 929 bytes} [Mon Aug 24 17:04:07 2026] GET /v2.0/networks?shared=True => generated 791 bytes in 94 msecs (HTTP/1.1 200) 4 headers in 157 bytes (1 switches on core 0) [pid: 8|app: 0|req: 641/1276] 10.0.0.132 () {34 vars in 990 bytes} [Mon Aug 24 17:04:07 2026] GET /v2.0/ports?device_id=49a347a1-e833-48e6-a274-fd8005de53b5 => generated 969 bytes in 104 msecs (HTTP/1.1 200) 4 headers in 157 bytes (1 switches on core 0)
2026-08-24 17:04:07.294 7 INFO neutron.db.ovn_revision_numbers_db [None req-594bbc1e-1c2f-4aea-a733-54bbea533d63 f93054b1b49a4190b18687ff82943a54 f2e00e29180f4047970d827f114de4c7 - - default default] Successfully bumped revision number for resource f822db38-4608-4440-b92c-f1ae0a86d549 (type: security_group_rules) to 0 [pid: 8|app: 0|req: 642/1277] 10.0.0.132 () {34 vars in 1040 bytes} [Mon Aug 24 17:04:07 2026] GET /v2.0/security-groups?id=3a020d5b-9e40-4f18-bef3-19cfd653c615&fields=id&fields=name => generated 113 bytes in 59 msecs (HTTP/1.1 200) 4 headers in 157 bytes (1 switches on core 0) [pid: 7|app: 0|req: 636/1278] 10.0.0.108 () {34 vars in 695 bytes} [Mon Aug 24 17:04:07 2026] POST /v2.0/security-group-rules => generated 597 bytes in 263 msecs (HTTP/1.1 201) 4 headers in 162 bytes (1 switches on core 0)
