2026-08-24 17:06:16.064 7 INFO neutron.services.segments.plugin [-] Segment 1244da73-a0b9-486c-bcd2-4bb15c763ef1 resource provider not found; error: Placement Client Error (4xx): {"errors": [{"status": 404, "title": "Not Found", "detail": "The resource could not be found.\n\n No resource provider with uuid 1244da73-a0b9-486c-bcd2-4bb15c763ef1 found for delete ", "request_id": "req-157c9364-235c-412c-8953-b5ae01eb6716"}]} [pid: 7|app: 0|req: 1214/2189] 10.0.0.108 () {34 vars in 688 bytes} [Mon Aug 24 17:06:16 2026] POST /v2.0/vpn/ipsecpolicies => generated 412 bytes in 60 msecs (HTTP/1.1 201) 4 headers in 162 bytes (1 switches on core 0) [pid: 8|app: 0|req: 976/2190] 10.0.0.108 () {32 vars in 724 bytes} [Mon Aug 24 17:06:15 2026] DELETE /v2.0/subnets/60c9d1ac-d107-4f63-8c72-123951db07c7 => generated 0 bytes in 158 msecs (HTTP/1.1 204) 3 headers in 131 bytes (1 switches on core 0) [pid: 8|app: 0|req: 977/2191] 10.0.0.108 () {34 vars in 693 bytes} [Mon Aug 24 17:06:16 2026] POST /v2.0/vpn/endpoint-groups => generated 328 bytes in 74 msecs (HTTP/1.1 201) 4 headers in 162 bytes (1 switches on core 0) [pid: 7|app: 0|req: 1215/2192] 10.0.0.108 () {32 vars in 740 bytes} [Mon Aug 24 17:06:16 2026] DELETE /v2.0/security-groups/57e297c3-8eb6-4452-9f03-13af2e2041b7 => generated 0 bytes in 284 msecs (HTTP/1.1 204) 2 headers in 112 bytes (1 switches on core 0)
2026-08-24 17:06:16.400 8 INFO neutron_taas.services.taas.taas_plugin [None req-77a75b1d-eb8d-4b1d-a961-140698bcbfc9 c500f46ac58c47e6b216d3dd6eebdb38 ab2d08a0a198494ab29388ba6e075282 - - default default] TaaS: Handle Delete Port: fe37a99c-1b79-4c87-8d70-a7402e8aeddf
2026-08-24 17:06:16.403 8 INFO neutron_taas.services.taas.tap_mirror_plugin [None req-77a75b1d-eb8d-4b1d-a961-140698bcbfc9 c500f46ac58c47e6b216d3dd6eebdb38 ab2d08a0a198494ab29388ba6e075282 - - default default] Tap Mirror: Handle Delete Port: fe37a99c-1b79-4c87-8d70-a7402e8aeddf [pid: 7|app: 0|req: 1216/2193] 10.0.0.108 () {34 vars in 693 bytes} [Mon Aug 24 17:06:16 2026] POST /v2.0/vpn/endpoint-groups => generated 319 bytes in 42 msecs (HTTP/1.1 201) 4 headers in 162 bytes (1 switches on core 0)
2026-08-24 17:06:16.624 8 INFO neutron.services.segments.plugin [-] Segment ab360708-d3bc-4982-a422-43b948ce5e97 resource provider aggregate not found
2026-08-24 17:06:16.627 8 INFO neutron.services.segments.plugin [-] Segment ab360708-d3bc-4982-a422-43b948ce5e97 resource provider aggregate not found
2026-08-24 17:06:16.651 8 INFO neutron.services.segments.plugin [-] Segment ab360708-d3bc-4982-a422-43b948ce5e97 resource provider not found; error: Placement Client Error (4xx): {"errors": [{"status": 404, "title": "Not Found", "detail": "The resource could not be found.\n\n No resource provider with uuid ab360708-d3bc-4982-a422-43b948ce5e97 found for delete ", "request_id": "req-e6c203bf-e0ed-4533-9943-2b9cdc3a1c7c"}]}
2026-08-24 17:06:16.654 8 INFO neutron.services.segments.plugin [-] Segment ab360708-d3bc-4982-a422-43b948ce5e97 resource provider not found; error: Placement Client Error (4xx): {"errors": [{"status": 404, "title": "Not Found", "detail": "The resource could not be found.\n\n No resource provider with uuid ab360708-d3bc-4982-a422-43b948ce5e97 found for delete ", "request_id": "req-5d519668-5094-4161-ac1a-b7f564477bc5"}]} [pid: 8|app: 0|req: 978/2194] 10.0.0.108 () {32 vars in 726 bytes} [Mon Aug 24 17:06:16 2026] DELETE /v2.0/networks/8417737a-759d-4b03-9e74-6dfeee418a58 => generated 0 bytes in 467 msecs (HTTP/1.1 204) 3 headers in 131 bytes (1 switches on core 0)
2026-08-24 17:06:16.879 8 INFO neutron.db.ovn_revision_numbers_db [None req-e387bbe5-ec33-4233-9fbc-f39c44373868 788a3b8878f74220b1a07bfd87e5a318 6062ace57a9347ca8bbb973e873de42a - - default default] Successfully bumped revision number for resource 9902c624-fb5b-463a-a54d-857e4f97a552 (type: security_groups) to 1
2026-08-24 17:06:16.891 8 INFO neutron.db.ovn_revision_numbers_db [None req-e387bbe5-ec33-4233-9fbc-f39c44373868 788a3b8878f74220b1a07bfd87e5a318 6062ace57a9347ca8bbb973e873de42a - - default default] Successfully bumped revision number for resource 0597b290-9128-4cfd-99e7-096fbaf7e141 (type: security_group_rules) to 0
2026-08-24 17:06:16.902 8 INFO neutron.db.ovn_revision_numbers_db [None req-e387bbe5-ec33-4233-9fbc-f39c44373868 788a3b8878f74220b1a07bfd87e5a318 6062ace57a9347ca8bbb973e873de42a - - default default] Successfully bumped revision number for resource 422aa750-4e41-45d9-a3fa-34ccbe45448d (type: security_group_rules) to 0
2026-08-24 17:06:16.913 8 INFO neutron.db.ovn_revision_numbers_db [None req-e387bbe5-ec33-4233-9fbc-f39c44373868 788a3b8878f74220b1a07bfd87e5a318 6062ace57a9347ca8bbb973e873de42a - - default default] Successfully bumped revision number for resource b1adfb6a-c285-4f4e-ae89-c696b0dacac9 (type: security_group_rules) to 0
2026-08-24 17:06:16.926 8 INFO neutron.db.ovn_revision_numbers_db [None req-e387bbe5-ec33-4233-9fbc-f39c44373868 788a3b8878f74220b1a07bfd87e5a318 6062ace57a9347ca8bbb973e873de42a - - default default] Successfully bumped revision number for resource f7dc7f74-9c6d-4331-ae4b-65af8bbceb56 (type: security_group_rules) to 0 [pid: 8|app: 0|req: 979/2195] 10.0.0.108 () {32 vars in 774 bytes} [Mon Aug 24 17:06:16 2026] GET /v2.0/security-groups?tenant_id=012f483eed4c4b50b809e9c0cb99b064&name=default => generated 2925 bytes in 273 msecs (HTTP/1.1 200) 4 headers in 158 bytes (1 switches on core 0)
2026-08-24 17:06:17.051 8 INFO neutron.db.segments_db [None req-3dc82fd2-048a-4fe6-806e-0e0cb6f68dc1 c500f46ac58c47e6b216d3dd6eebdb38 ab2d08a0a198494ab29388ba6e075282 - - default default] Added segment fbe3202b-6235-4c96-a61b-e83d54b60844 of type geneve for network 843dc9ee-6a74-4f72-a26b-9cc4d0a9d7e3
2026-08-24 17:06:17.205 8 INFO neutron.db.ovn_revision_numbers_db [None req-3dc82fd2-048a-4fe6-806e-0e0cb6f68dc1 c500f46ac58c47e6b216d3dd6eebdb38 ab2d08a0a198494ab29388ba6e075282 - - default default] Successfully bumped revision number for resource 843dc9ee-6a74-4f72-a26b-9cc4d0a9d7e3 (type: networks) to 1
2026-08-24 17:06:17.384 8 WARNING neutron.scheduler.dhcp_agent_scheduler [None req-3dc82fd2-048a-4fe6-806e-0e0cb6f68dc1 c500f46ac58c47e6b216d3dd6eebdb38 ab2d08a0a198494ab29388ba6e075282 - - default default] No more DHCP agents
2026-08-24 17:06:17.385 8 WARNING neutron.api.rpc.agentnotifiers.dhcp_rpc_agent_api [None req-3dc82fd2-048a-4fe6-806e-0e0cb6f68dc1 c500f46ac58c47e6b216d3dd6eebdb38 ab2d08a0a198494ab29388ba6e075282 - - default default] Unable to schedule network 843dc9ee-6a74-4f72-a26b-9cc4d0a9d7e3: no agents available; will retry on subsequent port and subnet creation events.
2026-08-24 17:06:17.498 8 INFO neutron.db.ovn_revision_numbers_db [None req-3dc82fd2-048a-4fe6-806e-0e0cb6f68dc1 c500f46ac58c47e6b216d3dd6eebdb38 ab2d08a0a198494ab29388ba6e075282 - - default default] Successfully bumped revision number for resource 04e9689e-1b23-4160-a039-69e0f59ce9d4 (type: ports) to 1 [pid: 8|app: 0|req: 980/2196] 10.0.0.108 () {34 vars in 670 bytes} [Mon Aug 24 17:06:16 2026] POST /v2.0/networks => generated 653 bytes in 564 msecs (HTTP/1.1 201) 4 headers in 162 bytes (1 switches on core 0) [pid: 8|app: 0|req: 981/2197] 10.0.0.108 () {32 vars in 740 bytes} [Mon Aug 24 17:06:17 2026] DELETE /v2.0/security-groups/9902c624-fb5b-463a-a54d-857e4f97a552 => generated 0 bytes in 321 msecs (HTTP/1.1 204) 2 headers in 112 bytes (1 switches on core 0)
2026-08-24 17:06:18.139 7 INFO neutron.db.ovn_revision_numbers_db [None req-68f3eb72-f015-41dd-bfe8-d2ea4b130e05 ed24fc9ec5b34f008fff360c7fc186b5 378367172342465ea25b903bdded970c - - default default] Successfully bumped revision number for resource 74050559-f1fa-4066-9df5-3dd5e64360a6 (type: routers) to 5 [pid: 7|app: 0|req: 1217/2198] 10.0.0.108 () {34 vars in 707 bytes} [Mon Aug 24 17:06:16 2026] POST /v2.0/vpn/ipsec-site-connections => generated 803 bytes in 1751 msecs (HTTP/1.1 201) 4 headers in 162 bytes (1 switches on core 0)
2026-08-24 17:06:18.307 8 INFO neutron.db.ovn_revision_numbers_db [None req-3817ae1d-13d0-4661-9464-763bd0fad430 255ccd389c07426da823a91a21fdcfe3 cd8e0087c94844f3ac021e7066460745 - - default default] Successfully bumped revision number for resource ea5f2fc9-9029-4b1c-b780-2b3b9826d62a (type: security_groups) to 1
2026-08-24 17:06:18.321 8 INFO neutron.db.ovn_revision_numbers_db [None req-3817ae1d-13d0-4661-9464-763bd0fad430 255ccd389c07426da823a91a21fdcfe3 cd8e0087c94844f3ac021e7066460745 - - default default] Successfully bumped revision number for resource 84f746bb-15af-4127-bde4-c5547ecaf179 (type: security_group_rules) to 0
2026-08-24 17:06:18.335 8 INFO neutron.db.ovn_revision_numbers_db [None req-3817ae1d-13d0-4661-9464-763bd0fad430 255ccd389c07426da823a91a21fdcfe3 cd8e0087c94844f3ac021e7066460745 - - default default] Successfully bumped revision number for resource af164829-e8eb-42a1-86ad-e17641462cfd (type: security_group_rules) to 0
2026-08-24 17:06:18.346 8 INFO neutron.db.ovn_revision_numbers_db [None req-3817ae1d-13d0-4661-9464-763bd0fad430 255ccd389c07426da823a91a21fdcfe3 cd8e0087c94844f3ac021e7066460745 - - default default] Successfully bumped revision number for resource da759e45-7841-4dca-886b-971fefd28237 (type: security_group_rules) to 0
2026-08-24 17:06:18.370 8 INFO neutron.db.ovn_revision_numbers_db [None req-3817ae1d-13d0-4661-9464-763bd0fad430 255ccd389c07426da823a91a21fdcfe3 cd8e0087c94844f3ac021e7066460745 - - default default] Successfully bumped revision number for resource ef84e471-26ba-4620-aac2-5bf046d7b915 (type: security_group_rules) to 0
2026-08-24 17:06:18.478 7 WARNING neutron.scheduler.dhcp_agent_scheduler [None req-1c962374-78ad-4095-acc3-cff9183a6435 c500f46ac58c47e6b216d3dd6eebdb38 ab2d08a0a198494ab29388ba6e075282 - - default default] No more DHCP agents
2026-08-24 17:06:18.480 7 WARNING neutron.api.rpc.agentnotifiers.dhcp_rpc_agent_api [None req-1c962374-78ad-4095-acc3-cff9183a6435 c500f46ac58c47e6b216d3dd6eebdb38 ab2d08a0a198494ab29388ba6e075282 - - default default] Unable to schedule network 843dc9ee-6a74-4f72-a26b-9cc4d0a9d7e3: no agents available; will retry on subsequent port and subnet creation events.
2026-08-24 17:06:18.490 8 INFO neutron.db.segments_db [None req-3817ae1d-13d0-4661-9464-763bd0fad430 255ccd389c07426da823a91a21fdcfe3 cd8e0087c94844f3ac021e7066460745 - - default default] Added segment 351f5d0e-e152-49fe-baf6-970cc0787cb8 of type geneve for network c3a00977-456a-4835-9d7c-daa8048015c6
2026-08-24 17:06:18.516 7 INFO neutron.db.ovn_revision_numbers_db [None req-1c962374-78ad-4095-acc3-cff9183a6435 c500f46ac58c47e6b216d3dd6eebdb38 ab2d08a0a198494ab29388ba6e075282 - - default default] Successfully bumped revision number for resource c27d15b0-e5aa-492a-9c26-5e7bd41cfdda (type: subnets) to 0 [pid: 7|app: 0|req: 1218/2199] 10.0.0.108 () {34 vars in 669 bytes} [Mon Aug 24 17:06:18 2026] POST /v2.0/subnets => generated 646 bytes in 352 msecs (HTTP/1.1 201) 4 headers in 162 bytes (1 switches on core 0) [pid: 7|app: 0|req: 1219/2200] 10.0.0.108 () {34 vars in 693 bytes} [Mon Aug 24 17:06:18 2026] POST /v2.0/vpn/endpoint-groups => generated 289 bytes in 41 msecs (HTTP/1.1 201) 4 headers in 162 bytes (1 switches on core 0)
2026-08-24 17:06:18.582 8 INFO neutron.db.segments_db [None req-3817ae1d-13d0-4661-9464-763bd0fad430 255ccd389c07426da823a91a21fdcfe3 cd8e0087c94844f3ac021e7066460745 - - default default] Added segment 789bce86-cfc7-458c-b793-f1a5726148af of type geneve for network 49278bf5-a065-4d7a-984f-b7c641e9b904
2026-08-24 17:06:18.721 7 INFO neutron.db.ovn_revision_numbers_db [None req-ec1726e5-77cb-4089-8def-f9a725e4367a c500f46ac58c47e6b216d3dd6eebdb38 ab2d08a0a198494ab29388ba6e075282 - - default default] Successfully bumped revision number for resource f26d92fa-6585-432e-89a7-0289d8fb27f1 (type: routers) to 1 [pid: 7|app: 0|req: 1220/2201] 10.0.0.108 () {34 vars in 669 bytes} [Mon Aug 24 17:06:18 2026] POST /v2.0/routers => generated 606 bytes in 170 msecs (HTTP/1.1 201) 4 headers in 162 bytes (1 switches on core 0)
2026-08-24 17:06:18.757 8 INFO neutron.db.ovn_revision_numbers_db [None req-3817ae1d-13d0-4661-9464-763bd0fad430 255ccd389c07426da823a91a21fdcfe3 cd8e0087c94844f3ac021e7066460745 - - default default] Successfully bumped revision number for resource c3a00977-456a-4835-9d7c-daa8048015c6 (type: networks) to 1 [pid: 7|app: 0|req: 1221/2202] 10.0.0.108 () {32 vars in 748 bytes} [Mon Aug 24 17:06:18 2026] DELETE /v2.0/vpn/endpoint-groups/bc5af8ae-d618-4361-b346-52bf4e6f83d1 => generated 0 bytes in 50 msecs (HTTP/1.1 204) 2 headers in 112 bytes (1 switches on core 0)
2026-08-24 17:06:18.933 8 WARNING neutron.scheduler.dhcp_agent_scheduler [None req-3817ae1d-13d0-4661-9464-763bd0fad430 255ccd389c07426da823a91a21fdcfe3 cd8e0087c94844f3ac021e7066460745 - - default default] No more DHCP agents
2026-08-24 17:06:18.935 8 WARNING neutron.api.rpc.agentnotifiers.dhcp_rpc_agent_api [None req-3817ae1d-13d0-4661-9464-763bd0fad430 255ccd389c07426da823a91a21fdcfe3 cd8e0087c94844f3ac021e7066460745 - - default default] Unable to schedule network c3a00977-456a-4835-9d7c-daa8048015c6: no agents available; will retry on subsequent port and subnet creation events.
2026-08-24 17:06:19.050 8 INFO neutron.db.ovn_revision_numbers_db [None req-3817ae1d-13d0-4661-9464-763bd0fad430 255ccd389c07426da823a91a21fdcfe3 cd8e0087c94844f3ac021e7066460745 - - default default] Successfully bumped revision number for resource 1c61ee8f-3ec5-40de-afb6-cb0cdd5b49db (type: ports) to 1
2026-08-24 17:06:19.152 8 INFO neutron.db.ovn_revision_numbers_db [None req-3817ae1d-13d0-4661-9464-763bd0fad430 255ccd389c07426da823a91a21fdcfe3 cd8e0087c94844f3ac021e7066460745 - - default default] Successfully bumped revision number for resource 49278bf5-a065-4d7a-984f-b7c641e9b904 (type: networks) to 1
2026-08-24 17:06:19.212 7 WARNING neutron.scheduler.dhcp_agent_scheduler [None req-2f428c1d-5873-46c1-8119-99cd568a71ba c500f46ac58c47e6b216d3dd6eebdb38 ab2d08a0a198494ab29388ba6e075282 - - default default] No more DHCP agents
2026-08-24 17:06:19.213 7 WARNING neutron.api.rpc.agentnotifiers.dhcp_rpc_agent_api [None req-2f428c1d-5873-46c1-8119-99cd568a71ba c500f46ac58c47e6b216d3dd6eebdb38 ab2d08a0a198494ab29388ba6e075282 - - default default] Unable to schedule network 843dc9ee-6a74-4f72-a26b-9cc4d0a9d7e3: no agents available; will retry on subsequent port and subnet creation events.
2026-08-24 17:06:19.347 7 INFO neutron.db.ovn_revision_numbers_db [None req-2f428c1d-5873-46c1-8119-99cd568a71ba c500f46ac58c47e6b216d3dd6eebdb38 ab2d08a0a198494ab29388ba6e075282 - - default default] Successfully bumped revision number for resource 275f580c-b572-4141-ba53-3300ecc4693e (type: ports) to 1
2026-08-24 17:06:19.379 8 WARNING neutron.scheduler.dhcp_agent_scheduler [None req-3817ae1d-13d0-4661-9464-763bd0fad430 255ccd389c07426da823a91a21fdcfe3 cd8e0087c94844f3ac021e7066460745 - - default default] No more DHCP agents
2026-08-24 17:06:19.381 8 WARNING neutron.api.rpc.agentnotifiers.dhcp_rpc_agent_api [None req-3817ae1d-13d0-4661-9464-763bd0fad430 255ccd389c07426da823a91a21fdcfe3 cd8e0087c94844f3ac021e7066460745 - - default default] Unable to schedule network 49278bf5-a065-4d7a-984f-b7c641e9b904: no agents available; will retry on subsequent port and subnet creation events.
2026-08-24 17:06:19.501 8 INFO neutron.db.ovn_revision_numbers_db [None req-3817ae1d-13d0-4661-9464-763bd0fad430 255ccd389c07426da823a91a21fdcfe3 cd8e0087c94844f3ac021e7066460745 - - default default] Successfully bumped revision number for resource 8fab42e5-5ad0-4e0f-9cfe-55583c1b1fe8 (type: ports) to 1 [pid: 8|app: 0|req: 982/2203] 10.0.0.108 () {34 vars in 670 bytes} [Mon Aug 24 17:06:17 2026] POST /v2.0/networks => generated 1284 bytes in 1684 msecs (HTTP/1.1 201) 4 headers in 163 bytes (1 switches on core 0) [pid: 8|app: 0|req: 983/2204] 10.0.0.108 () {32 vars in 671 bytes} [Mon Aug 24 17:06:19 2026] GET /v2.0/vpn/endpoint-groups => generated 632 bytes in 14 msecs (HTTP/1.1 200) 4 headers in 157 bytes (1 switches on core 0) [pid: 8|app: 0|req: 984/2205] 10.0.0.108 () {32 vars in 649 bytes} [Mon Aug 24 17:06:19 2026] GET /v2.0/networks => generated 1971 bytes in 61 msecs (HTTP/1.1 200) 4 headers in 158 bytes (1 switches on core 0) [pid: 8|app: 0|req: 985/2206] 10.0.0.108 () {32 vars in 671 bytes} [Mon Aug 24 17:06:19 2026] GET /v2.0/vpn/endpoint-groups => generated 632 bytes in 8 msecs (HTTP/1.1 200) 4 headers in 157 bytes (1 switches on core 0)
2026-08-24 17:06:19.742 8 INFO neutron_taas.services.taas.taas_plugin [None req-97407e2d-1e34-406c-9be9-ff19b376e196 255ccd389c07426da823a91a21fdcfe3 cd8e0087c94844f3ac021e7066460745 - - default default] TaaS: Handle Delete Port: 1c61ee8f-3ec5-40de-afb6-cb0cdd5b49db
2026-08-24 17:06:19.747 8 INFO neutron_taas.services.taas.tap_mirror_plugin [None req-97407e2d-1e34-406c-9be9-ff19b376e196 255ccd389c07426da823a91a21fdcfe3 cd8e0087c94844f3ac021e7066460745 - - default default] Tap Mirror: Handle Delete Port: 1c61ee8f-3ec5-40de-afb6-cb0cdd5b49db
2026-08-24 17:06:19.991 8 INFO neutron.services.segments.plugin [-] Segment 351f5d0e-e152-49fe-baf6-970cc0787cb8 resource provider aggregate not found
2026-08-24 17:06:20.000 8 INFO neutron.services.segments.plugin [-] Segment 351f5d0e-e152-49fe-baf6-970cc0787cb8 resource provider aggregate not found
2026-08-24 17:06:20.004 7 WARNING neutron.scheduler.dhcp_agent_scheduler [None req-2f428c1d-5873-46c1-8119-99cd568a71ba c500f46ac58c47e6b216d3dd6eebdb38 ab2d08a0a198494ab29388ba6e075282 - - default default] No more DHCP agents
2026-08-24 17:06:20.006 7 WARNING neutron.api.rpc.agentnotifiers.dhcp_rpc_agent_api [None req-2f428c1d-5873-46c1-8119-99cd568a71ba c500f46ac58c47e6b216d3dd6eebdb38 ab2d08a0a198494ab29388ba6e075282 - - default default] Unable to schedule network 843dc9ee-6a74-4f72-a26b-9cc4d0a9d7e3: no agents available; will retry on subsequent port and subnet creation events.
2026-08-24 17:06:20.018 8 INFO neutron.services.segments.plugin [-] Segment 351f5d0e-e152-49fe-baf6-970cc0787cb8 resource provider not found; error: Placement Client Error (4xx): {"errors": [{"status": 404, "title": "Not Found", "detail": "The resource could not be found.\n\n No resource provider with uuid 351f5d0e-e152-49fe-baf6-970cc0787cb8 found for delete ", "request_id": "req-5427b22c-c0f4-4c7c-a62c-7adc35ad6f26"}]}
2026-08-24 17:06:20.021 8 INFO neutron.services.segments.plugin [-] Segment 351f5d0e-e152-49fe-baf6-970cc0787cb8 resource provider not found; error: Placement Client Error (4xx): {"errors": [{"status": 404, "title": "Not Found", "detail": "The resource could not be found.\n\n No resource provider with uuid 351f5d0e-e152-49fe-baf6-970cc0787cb8 found for delete ", "request_id": "req-c696524a-d873-47c7-825b-02cb81d06ab7"}]} [pid: 8|app: 0|req: 986/2207] 10.0.0.108 () {32 vars in 726 bytes} [Mon Aug 24 17:06:19 2026] DELETE /v2.0/networks/c3a00977-456a-4835-9d7c-daa8048015c6 => generated 0 bytes in 446 msecs (HTTP/1.1 204) 3 headers in 131 bytes (1 switches on core 0) [pid: 8|app: 0|req: 987/2208] 10.0.0.108 () {34 vars in 685 bytes} [Mon Aug 24 17:06:20 2026] POST /v2.0/vpn/ikepolicies => generated 403 bytes in 114 msecs (HTTP/1.1 201) 4 headers in 162 bytes (1 switches on core 0)
2026-08-24 17:06:20.238 7 INFO neutron.db.ovn_revision_numbers_db [None req-2f428c1d-5873-46c1-8119-99cd568a71ba c500f46ac58c47e6b216d3dd6eebdb38 ab2d08a0a198494ab29388ba6e075282 - - default default] Successfully bumped revision number for resource 275f580c-b572-4141-ba53-3300ecc4693e (type: router_ports) to 1 [pid: 7|app: 0|req: 1222/2209] 10.0.0.108 () {34 vars in 783 bytes} [Mon Aug 24 17:06:18 2026] PUT /v2.0/routers/f26d92fa-6585-432e-89a7-0289d8fb27f1/add_router_interface => generated 309 bytes in 1449 msecs (HTTP/1.1 200) 4 headers in 157 bytes (1 switches on core 0) [pid: 7|app: 0|req: 1223/2210] 10.0.0.108 () {32 vars in 663 bytes} [Mon Aug 24 17:06:20 2026] GET /v2.0/vpn/ikepolicies => generated 797 bytes in 13 msecs (HTTP/1.1 200) 4 headers in 157 bytes (1 switches on core 0) [pid: 7|app: 0|req: 1224/2211] 10.0.0.108 () {32 vars in 717 bytes} [Mon Aug 24 17:06:20 2026] GET /v2.0/ports/275f580c-b572-4141-ba53-3300ecc4693e => generated 945 bytes in 33 msecs (HTTP/1.1 200) 4 headers in 157 bytes (1 switches on core 0) [pid: 7|app: 0|req: 1225/2212] 10.0.0.108 () {32 vars in 740 bytes} [Mon Aug 24 17:06:20 2026] DELETE /v2.0/vpn/ikepolicies/a369f462-f5b3-47c2-810c-32a5e31ac81e => generated 0 bytes in 38 msecs (HTTP/1.1 204) 2 headers in 112 bytes (1 switches on core 0) [pid: 7|app: 0|req: 1226/2213] 10.0.0.108 () {32 vars in 717 bytes} [Mon Aug 24 17:06:20 2026] GET /v2.0/ports/275f580c-b572-4141-ba53-3300ecc4693e => generated 945 bytes in 41 msecs (HTTP/1.1 200) 4 headers in 157 bytes (1 switches on core 0)
2026-08-24 17:06:20.388 8 INFO neutron_taas.services.taas.taas_plugin [None req-8df544d9-2adf-4313-b9ec-3923ff26fdfc 255ccd389c07426da823a91a21fdcfe3 cd8e0087c94844f3ac021e7066460745 - - default default] TaaS: Handle Delete Port: 8fab42e5-5ad0-4e0f-9cfe-55583c1b1fe8
2026-08-24 17:06:20.392 8 INFO neutron_taas.services.taas.tap_mirror_plugin [None req-8df544d9-2adf-4313-b9ec-3923ff26fdfc 255ccd389c07426da823a91a21fdcfe3 cd8e0087c94844f3ac021e7066460745 - - default default] Tap Mirror: Handle Delete Port: 8fab42e5-5ad0-4e0f-9cfe-55583c1b1fe8 [pid: 7|app: 0|req: 1227/2214] 10.0.0.108 () {34 vars in 689 bytes} [Mon Aug 24 17:06:20 2026] POST /v2.0/vpn/ipsecpolicies => generated 411 bytes in 45 msecs (HTTP/1.1 201) 4 headers in 162 bytes (1 switches on core 0) [pid: 7|app: 0|req: 1228/2215] 10.0.0.108 () {32 vars in 667 bytes} [Mon Aug 24 17:06:20 2026] GET /v2.0/vpn/ipsecpolicies => generated 812 bytes in 10 msecs (HTTP/1.1 200) 4 headers in 157 bytes (1 switches on core 0) [pid: 7|app: 0|req: 1229/2216] 10.0.0.108 () {32 vars in 744 bytes} [Mon Aug 24 17:06:20 2026] DELETE /v2.0/vpn/ipsecpolicies/2c1d14bf-632c-468a-8c0a-5209fd1b7b73 => generated 0 bytes in 29 msecs (HTTP/1.1 204) 2 headers in 112 bytes (1 switches on core 0)
2026-08-24 17:06:20.583 7 INFO neutron.db.segments_db [None req-8b34cb3b-9b1d-4537-9626-5d31742b8a1b ed24fc9ec5b34f008fff360c7fc186b5 378367172342465ea25b903bdded970c - - default default] Added segment 9da133dd-2b3b-4696-a44f-da4f36b560bc of type geneve for network e0e72166-3172-478e-94f3-928df5dd15c6 [pid: 8|app: 0|req: 988/2217] 10.0.0.108 () {32 vars in 726 bytes} [Mon Aug 24 17:06:20 2026] DELETE /v2.0/networks/49278bf5-a065-4d7a-984f-b7c641e9b904 => generated 0 bytes in 441 msecs (HTTP/1.1 204) 3 headers in 131 bytes (1 switches on core 0) [pid: 8|app: 0|req: 989/2218] 10.0.0.108 () {32 vars in 649 bytes} [Mon Aug 24 17:06:20 2026] GET /v2.0/networks => generated 689 bytes in 52 msecs (HTTP/1.1 200) 4 headers in 157 bytes (1 switches on core 0)
2026-08-24 17:06:20.750 7 INFO neutron.db.ovn_revision_numbers_db [None req-8b34cb3b-9b1d-4537-9626-5d31742b8a1b ed24fc9ec5b34f008fff360c7fc186b5 378367172342465ea25b903bdded970c - - default default] Successfully bumped revision number for resource e0e72166-3172-478e-94f3-928df5dd15c6 (type: networks) to 1
2026-08-24 17:06:20.814 8 INFO neutron.db.segments_db [None req-e18db0f6-ef7d-4025-914b-b13f45e18254 255ccd389c07426da823a91a21fdcfe3 cd8e0087c94844f3ac021e7066460745 - - default default] Added segment 780ea6c8-ba3b-4fce-858c-70729aeaff2f of type geneve for network e319ba66-6baf-4605-a21c-3c3ce5d5eb4a
2026-08-24 17:06:20.907 8 WARNING neutron.plugins.ml2.drivers.ovn.mech_driver.ovsdb.ovn_client [None req-9198d06c-0b7d-4c80-bdb9-f830c4c5c010 - - - - - -] No hosting information found for port ac1fab1c-9af8-4a04-aef4-83f5a67fc67c: RuntimeError: No hosting information found for port ac1fab1c-9af8-4a04-aef4-83f5a67fc67c
2026-08-24 17:06:20.925 7 WARNING neutron.scheduler.dhcp_agent_scheduler [None req-8b34cb3b-9b1d-4537-9626-5d31742b8a1b ed24fc9ec5b34f008fff360c7fc186b5 378367172342465ea25b903bdded970c - - default default] No more DHCP agents
2026-08-24 17:06:20.927 7 WARNING neutron.api.rpc.agentnotifiers.dhcp_rpc_agent_api [None req-8b34cb3b-9b1d-4537-9626-5d31742b8a1b ed24fc9ec5b34f008fff360c7fc186b5 378367172342465ea25b903bdded970c - - default default] Unable to schedule network e0e72166-3172-478e-94f3-928df5dd15c6: no agents available; will retry on subsequent port and subnet creation events.
2026-08-24 17:06:21.042 8 INFO neutron.db.ovn_revision_numbers_db [None req-e18db0f6-ef7d-4025-914b-b13f45e18254 255ccd389c07426da823a91a21fdcfe3 cd8e0087c94844f3ac021e7066460745 - - default default] Successfully bumped revision number for resource e319ba66-6baf-4605-a21c-3c3ce5d5eb4a (type: networks) to 1
2026-08-24 17:06:21.066 7 INFO neutron.db.ovn_revision_numbers_db [None req-8b34cb3b-9b1d-4537-9626-5d31742b8a1b ed24fc9ec5b34f008fff360c7fc186b5 378367172342465ea25b903bdded970c - - default default] Successfully bumped revision number for resource 75793736-7466-4faf-9c20-73eeed6b30b6 (type: ports) to 1 [pid: 7|app: 0|req: 1230/2219] 10.0.0.108 () {34 vars in 670 bytes} [Mon Aug 24 17:06:20 2026] POST /v2.0/networks => generated 651 bytes in 625 msecs (HTTP/1.1 201) 4 headers in 162 bytes (1 switches on core 0)
2026-08-24 17:06:21.186 8 INFO neutron.db.ovn_revision_numbers_db [None req-9198d06c-0b7d-4c80-bdb9-f830c4c5c010 - - - - - -] Successfully bumped revision number for resource ac1fab1c-9af8-4a04-aef4-83f5a67fc67c (type: router_ports) to 2
2026-08-24 17:06:21.189 8 INFO neutron.plugins.ml2.drivers.ovn.mech_driver.mech_driver [None req-9198d06c-0b7d-4c80-bdb9-f830c4c5c010 - - - - - -] OVN reports status down for port: fe37a99c-1b79-4c87-8d70-a7402e8aeddf
2026-08-24 17:06:21.206 8 INFO neutron.plugins.ml2.drivers.ovn.mech_driver.mech_driver [None req-9198d06c-0b7d-4c80-bdb9-f830c4c5c010 - - - - - -] OVN reports status down for port: 1222733d-e0ec-45b3-b92a-80dd841dd10b
2026-08-24 17:06:21.321 7 WARNING neutron.scheduler.dhcp_agent_scheduler [None req-db20f495-07e8-4b9b-afa2-1d1ac6694ba0 ed24fc9ec5b34f008fff360c7fc186b5 378367172342465ea25b903bdded970c - - default default] No more DHCP agents
2026-08-24 17:06:21.322 7 WARNING neutron.api.rpc.agentnotifiers.dhcp_rpc_agent_api [None req-db20f495-07e8-4b9b-afa2-1d1ac6694ba0 ed24fc9ec5b34f008fff360c7fc186b5 378367172342465ea25b903bdded970c - - default default] Unable to schedule network e0e72166-3172-478e-94f3-928df5dd15c6: no agents available; will retry on subsequent port and subnet creation events.
2026-08-24 17:06:21.328 8 INFO neutron.plugins.ml2.drivers.ovn.mech_driver.mech_driver [None req-9198d06c-0b7d-4c80-bdb9-f830c4c5c010 - - - - - -] OVN reports status down for port: 75bd9d39-8844-4f5e-a5ef-1b31ee0e229a
2026-08-24 17:06:21.355 8 WARNING neutron.scheduler.dhcp_agent_scheduler [None req-e18db0f6-ef7d-4025-914b-b13f45e18254 255ccd389c07426da823a91a21fdcfe3 cd8e0087c94844f3ac021e7066460745 - - default default] No more DHCP agents
2026-08-24 17:06:21.359 8 WARNING neutron.api.rpc.agentnotifiers.dhcp_rpc_agent_api [None req-e18db0f6-ef7d-4025-914b-b13f45e18254 255ccd389c07426da823a91a21fdcfe3 cd8e0087c94844f3ac021e7066460745 - - default default] Unable to schedule network e319ba66-6baf-4605-a21c-3c3ce5d5eb4a: no agents available; will retry on subsequent port and subnet creation events.
2026-08-24 17:06:21.500 8 INFO neutron.plugins.ml2.drivers.ovn.mech_driver.mech_driver [None req-9198d06c-0b7d-4c80-bdb9-f830c4c5c010 - - - - - -] OVN reports status down for port: 16f49df4-d8cf-4e9c-831e-9c10e8e63ac0
2026-08-24 17:06:21.525 8 INFO neutron.plugins.ml2.drivers.ovn.mech_driver.mech_driver [None req-9198d06c-0b7d-4c80-bdb9-f830c4c5c010 - - - - - -] OVN reports status down for port: 0f5307b3-682d-4214-8040-8afec8583c5b
2026-08-24 17:06:21.559 8 INFO neutron.db.ovn_revision_numbers_db [None req-e18db0f6-ef7d-4025-914b-b13f45e18254 255ccd389c07426da823a91a21fdcfe3 cd8e0087c94844f3ac021e7066460745 - - default default] Successfully bumped revision number for resource 5f478b6e-6359-4820-bd24-e6d431fc7005 (type: ports) to 1 [pid: 8|app: 0|req: 990/2220] 10.0.0.108 () {34 vars in 670 bytes} [Mon Aug 24 17:06:20 2026] POST /v2.0/networks => generated 669 bytes in 917 msecs (HTTP/1.1 201) 4 headers in 162 bytes (1 switches on core 0)
2026-08-24 17:06:21.650 8 WARNING neutron.plugins.ml2.drivers.ovn.mech_driver.ovsdb.ovn_client [None req-9198d06c-0b7d-4c80-bdb9-f830c4c5c010 - - - - - -] Logical_Switch_Port %s host information not removed, the port state is up
2026-08-24 17:06:21.651 8 INFO neutron.plugins.ml2.drivers.ovn.mech_driver.mech_driver [None req-9198d06c-0b7d-4c80-bdb9-f830c4c5c010 - - - - - -] OVN reports status up for port: 16f49df4-d8cf-4e9c-831e-9c10e8e63ac0
2026-08-24 17:06:21.669 8 INFO neutron.plugins.ml2.drivers.ovn.mech_driver.mech_driver [None req-9198d06c-0b7d-4c80-bdb9-f830c4c5c010 - - - - - -] OVN reports status up for port: 0f5307b3-682d-4214-8040-8afec8583c5b
2026-08-24 17:06:21.699 8 INFO neutron.plugins.ml2.plugin [None req-9198d06c-0b7d-4c80-bdb9-f830c4c5c010 - - - - - -] Attempt 1 to provision port 0f5307b3-682d-4214-8040-8afec8583c5b [pid: 8|app: 0|req: 991/2221] 10.0.0.108 () {32 vars in 717 bytes} [Mon Aug 24 17:06:21 2026] GET /v2.0/ports/275f580c-b572-4141-ba53-3300ecc4693e => generated 945 bytes in 165 msecs (HTTP/1.1 200) 4 headers in 157 bytes (1 switches on core 0)
2026-08-24 17:06:21.931 7 INFO neutron.db.ovn_revision_numbers_db [None req-9623fa7a-5a74-4492-a9da-c5eae286239f - - - - - -] Successfully bumped revision number for resource 75793736-7466-4faf-9c20-73eeed6b30b6 (type: ports) to 2
2026-08-24 17:06:21.933 8 INFO neutron.db.segments_db [None req-b9d3540a-4866-41bc-8610-04c60477bc02 255ccd389c07426da823a91a21fdcfe3 cd8e0087c94844f3ac021e7066460745 - - default default] Added segment cb2b7028-cf0a-4921-94db-1c46314c25e5 of type geneve for network 624f4969-695d-43ff-9464-2e28e7aa15d8
2026-08-24 17:06:21.963 7 INFO neutron.db.ovn_revision_numbers_db [None req-9623fa7a-5a74-4492-a9da-c5eae286239f - - - - - -] Successfully bumped revision number for resource a2679f33-39ac-4ea3-b855-484335e4ef90 (type: subnets) to 0 [pid: 7|app: 0|req: 1231/2222] 10.0.0.108 () {34 vars in 669 bytes} [Mon Aug 24 17:06:21 2026] POST /v2.0/subnets => generated 629 bytes in 878 msecs (HTTP/1.1 201) 4 headers in 162 bytes (1 switches on core 0)
2026-08-24 17:06:22.048 8 INFO neutron.services.segments.plugin [-] Segment 789bce86-cfc7-458c-b793-f1a5726148af resource provider aggregate not found
2026-08-24 17:06:22.055 8 INFO neutron.services.segments.plugin [-] Segment 789bce86-cfc7-458c-b793-f1a5726148af resource provider aggregate not found
2026-08-24 17:06:22.075 8 INFO neutron.services.segments.plugin [-] Segment 789bce86-cfc7-458c-b793-f1a5726148af resource provider not found; error: Placement Client Error (4xx): {"errors": [{"status": 404, "title": "Not Found", "detail": "The resource could not be found.\n\n No resource provider with uuid 789bce86-cfc7-458c-b793-f1a5726148af found for delete ", "request_id": "req-54461bd8-8fdf-4afc-8e2e-d33a35c6cfa0"}]}
2026-08-24 17:06:22.079 8 INFO neutron.services.segments.plugin [-] Segment 789bce86-cfc7-458c-b793-f1a5726148af resource provider not found; error: Placement Client Error (4xx): {"errors": [{"status": 404, "title": "Not Found", "detail": "The resource could not be found.\n\n No resource provider with uuid 789bce86-cfc7-458c-b793-f1a5726148af found for delete ", "request_id": "req-1489adf6-8086-4931-8531-6b7e8c5a38e9"}]}
2026-08-24 17:06:22.247 8 INFO neutron.db.ovn_revision_numbers_db [None req-b9d3540a-4866-41bc-8610-04c60477bc02 255ccd389c07426da823a91a21fdcfe3 cd8e0087c94844f3ac021e7066460745 - - default default] Successfully bumped revision number for resource 624f4969-695d-43ff-9464-2e28e7aa15d8 (type: networks) to 1
2026-08-24 17:06:22.491 7 WARNING neutron.scheduler.dhcp_agent_scheduler [None req-8b7ac4ec-c1a8-4544-9ac1-bd99e79fa51c ed24fc9ec5b34f008fff360c7fc186b5 378367172342465ea25b903bdded970c - - default default] No more DHCP agents
2026-08-24 17:06:22.494 7 WARNING neutron.api.rpc.agentnotifiers.dhcp_rpc_agent_api [None req-8b7ac4ec-c1a8-4544-9ac1-bd99e79fa51c ed24fc9ec5b34f008fff360c7fc186b5 378367172342465ea25b903bdded970c - - default default] Unable to schedule network 5240c4e3-5003-4ed2-b6d8-30abfd9a2f0e: no agents available; will retry on subsequent port and subnet creation events.
2026-08-24 17:06:22.526 8 INFO neutron.db.ovn_revision_numbers_db [None req-9198d06c-0b7d-4c80-bdb9-f830c4c5c010 - - - - - -] Successfully bumped revision number for resource 0f5307b3-682d-4214-8040-8afec8583c5b (type: ports) to 2
2026-08-24 17:06:22.618 8 WARNING neutron.scheduler.dhcp_agent_scheduler [None req-b9d3540a-4866-41bc-8610-04c60477bc02 255ccd389c07426da823a91a21fdcfe3 cd8e0087c94844f3ac021e7066460745 - - default default] No more DHCP agents
2026-08-24 17:06:22.637 8 WARNING neutron.api.rpc.agentnotifiers.dhcp_rpc_agent_api [None req-b9d3540a-4866-41bc-8610-04c60477bc02 255ccd389c07426da823a91a21fdcfe3 cd8e0087c94844f3ac021e7066460745 - - default default] Unable to schedule network 624f4969-695d-43ff-9464-2e28e7aa15d8: no agents available; will retry on subsequent port and subnet creation events.
2026-08-24 17:06:22.725 7 INFO neutron.db.ovn_revision_numbers_db [None req-8b7ac4ec-c1a8-4544-9ac1-bd99e79fa51c ed24fc9ec5b34f008fff360c7fc186b5 378367172342465ea25b903bdded970c - - default default] Successfully bumped revision number for resource 1e78c58e-6c05-41f5-8ede-e7e2db1ccfb6 (type: ports) to 1
2026-08-24 17:06:22.930 8 INFO neutron.db.ovn_revision_numbers_db [None req-b9d3540a-4866-41bc-8610-04c60477bc02 255ccd389c07426da823a91a21fdcfe3 cd8e0087c94844f3ac021e7066460745 - - default default] Successfully bumped revision number for resource 29acf0a9-fa14-4bca-9118-07dcad814101 (type: ports) to 1 [pid: 8|app: 0|req: 992/2225] 10.0.0.108 () {34 vars in 670 bytes} [Mon Aug 24 17:06:21 2026] POST /v2.0/networks => generated 669 bytes in 1185 msecs (HTTP/1.1 201) 4 headers in 162 bytes (1 switches on core 0) [pid: 8|app: 0|req: 993/2226] 10.0.0.108 () {32 vars in 717 bytes} [Mon Aug 24 17:06:22 2026] GET /v2.0/ports/275f580c-b572-4141-ba53-3300ecc4693e => generated 945 bytes in 41 msecs (HTTP/1.1 200) 4 headers in 157 bytes (1 switches on core 0)
2026-08-24 17:06:23.504 8 WARNING neutron.scheduler.dhcp_agent_scheduler [None req-2c0d4766-6f00-4675-93ba-69dfee9e52a2 255ccd389c07426da823a91a21fdcfe3 cd8e0087c94844f3ac021e7066460745 - - default default] No more DHCP agents
2026-08-24 17:06:23.506 8 WARNING neutron.api.rpc.agentnotifiers.dhcp_rpc_agent_api [None req-2c0d4766-6f00-4675-93ba-69dfee9e52a2 255ccd389c07426da823a91a21fdcfe3 cd8e0087c94844f3ac021e7066460745 - - default default] Unable to schedule network e319ba66-6baf-4605-a21c-3c3ce5d5eb4a: no agents available; will retry on subsequent port and subnet creation events.
2026-08-24 17:06:23.621 7 INFO neutron.plugins.ml2.drivers.ovn.mech_driver.ovsdb.commands [-] Schedule LRP lrp-1e78c58e-6c05-41f5-8ede-e7e2db1ccfb6 on gateway 32a98ade-9203-4c6d-87a5-ddf954015ec5 with priority 1
2026-08-24 17:06:23.680 8 INFO neutron.db.ovn_revision_numbers_db [None req-2c0d4766-6f00-4675-93ba-69dfee9e52a2 255ccd389c07426da823a91a21fdcfe3 cd8e0087c94844f3ac021e7066460745 - - default default] Successfully bumped revision number for resource 06125e0d-3b2f-4c34-bd8a-33358b137296 (type: ports) to 1
2026-08-24 17:06:23.759 7 INFO neutron.db.ovn_revision_numbers_db [None req-8b7ac4ec-c1a8-4544-9ac1-bd99e79fa51c ed24fc9ec5b34f008fff360c7fc186b5 378367172342465ea25b903bdded970c - - default default] Successfully bumped revision number for resource 1e78c58e-6c05-41f5-8ede-e7e2db1ccfb6 (type: router_ports) to 1
2026-08-24 17:06:23.767 8 WARNING neutron.scheduler.dhcp_agent_scheduler [None req-2c0d4766-6f00-4675-93ba-69dfee9e52a2 255ccd389c07426da823a91a21fdcfe3 cd8e0087c94844f3ac021e7066460745 - - default default] No more DHCP agents
2026-08-24 17:06:23.771 8 WARNING neutron.api.rpc.agentnotifiers.dhcp_rpc_agent_api [None req-2c0d4766-6f00-4675-93ba-69dfee9e52a2 255ccd389c07426da823a91a21fdcfe3 cd8e0087c94844f3ac021e7066460745 - - default default] Unable to schedule network 624f4969-695d-43ff-9464-2e28e7aa15d8: no agents available; will retry on subsequent port and subnet creation events.
2026-08-24 17:06:23.876 7 INFO neutron.db.ovn_revision_numbers_db [None req-8b7ac4ec-c1a8-4544-9ac1-bd99e79fa51c ed24fc9ec5b34f008fff360c7fc186b5 378367172342465ea25b903bdded970c - - default default] Successfully bumped revision number for resource 048a5612-15f0-4b1d-83a4-f7d7dc8ae19a (type: routers) to 2 [pid: 7|app: 0|req: 1234/2227] 10.0.0.108 () {34 vars in 669 bytes} [Mon Aug 24 17:06:21 2026] POST /v2.0/routers => generated 936 bytes in 1944 msecs (HTTP/1.1 201) 4 headers in 162 bytes (1 switches on core 0)
2026-08-24 17:06:23.967 8 INFO neutron.db.ovn_revision_numbers_db [None req-2c0d4766-6f00-4675-93ba-69dfee9e52a2 255ccd389c07426da823a91a21fdcfe3 cd8e0087c94844f3ac021e7066460745 - - default default] Successfully bumped revision number for resource 32eda062-cd9f-490a-850b-ced4fc290caf (type: ports) to 1 [pid: 8|app: 0|req: 994/2228] 10.0.0.108 () {34 vars in 665 bytes} [Mon Aug 24 17:06:22 2026] POST /v2.0/ports => generated 1505 bytes in 1065 msecs (HTTP/1.1 201) 4 headers in 163 bytes (1 switches on core 0) /var/lib/openstack/lib/python3.12/site-packages/pycadf/identifier.py:70: UserWarning: Invalid uuid: neutron. To ensure interoperability, identifiers should be a valid uuid. warnings.warn(('Invalid uuid: %s. To ensure interoperability, ' [pid: 8|app: 0|req: 995/2229] 10.0.0.108 () {32 vars in 717 bytes} [Mon Aug 24 17:06:24 2026] GET /v2.0/ports/275f580c-b572-4141-ba53-3300ecc4693e => generated 945 bytes in 74 msecs (HTTP/1.1 200) 4 headers in 157 bytes (1 switches on core 0) [pid: 8|app: 0|req: 996/2230] 10.0.0.108 () {32 vars in 643 bytes} [Mon Aug 24 17:06:24 2026] GET /v2.0/ports => generated 3017 bytes in 68 msecs (HTTP/1.1 200) 4 headers in 158 bytes (1 switches on core 0)
2026-08-24 17:06:24.332 8 INFO neutron_taas.services.taas.taas_plugin [None req-548cc440-a163-43ac-8e1e-4ea0b03ff65f 255ccd389c07426da823a91a21fdcfe3 cd8e0087c94844f3ac021e7066460745 - - default default] TaaS: Handle Delete Port: 06125e0d-3b2f-4c34-bd8a-33358b137296
2026-08-24 17:06:24.335 8 INFO neutron_taas.services.taas.tap_mirror_plugin [None req-548cc440-a163-43ac-8e1e-4ea0b03ff65f 255ccd389c07426da823a91a21fdcfe3 cd8e0087c94844f3ac021e7066460745 - - default default] Tap Mirror: Handle Delete Port: 06125e0d-3b2f-4c34-bd8a-33358b137296 [pid: 8|app: 0|req: 997/2231] 10.0.0.108 () {32 vars in 720 bytes} [Mon Aug 24 17:06:24 2026] DELETE /v2.0/ports/06125e0d-3b2f-4c34-bd8a-33358b137296 => generated 0 bytes in 272 msecs (HTTP/1.1 204) 3 headers in 131 bytes (1 switches on core 0)
2026-08-24 17:06:24.585 7 WARNING neutron.scheduler.dhcp_agent_scheduler [None req-07b76d68-0005-4d89-a7e2-01a4bd097042 ed24fc9ec5b34f008fff360c7fc186b5 378367172342465ea25b903bdded970c - - default default] No more DHCP agents
2026-08-24 17:06:24.587 7 WARNING neutron.api.rpc.agentnotifiers.dhcp_rpc_agent_api [None req-07b76d68-0005-4d89-a7e2-01a4bd097042 ed24fc9ec5b34f008fff360c7fc186b5 378367172342465ea25b903bdded970c - - default default] Unable to schedule network e0e72166-3172-478e-94f3-928df5dd15c6: no agents available; will retry on subsequent port and subnet creation events.
2026-08-24 17:06:24.615 8 INFO neutron_taas.services.taas.taas_plugin [None req-2dbb8997-d6ea-473d-857e-453b59110ada 255ccd389c07426da823a91a21fdcfe3 cd8e0087c94844f3ac021e7066460745 - - default default] TaaS: Handle Delete Port: 32eda062-cd9f-490a-850b-ced4fc290caf
2026-08-24 17:06:24.617 8 INFO neutron_taas.services.taas.tap_mirror_plugin [None req-2dbb8997-d6ea-473d-857e-453b59110ada 255ccd389c07426da823a91a21fdcfe3 cd8e0087c94844f3ac021e7066460745 - - default default] Tap Mirror: Handle Delete Port: 32eda062-cd9f-490a-850b-ced4fc290caf
2026-08-24 17:06:24.822 7 INFO neutron.db.ovn_revision_numbers_db [None req-07b76d68-0005-4d89-a7e2-01a4bd097042 ed24fc9ec5b34f008fff360c7fc186b5 378367172342465ea25b903bdded970c - - default default] Successfully bumped revision number for resource 7325efbe-03c1-471d-900d-19aab65c7e64 (type: ports) to 1 [pid: 8|app: 0|req: 998/2232] 10.0.0.108 () {32 vars in 720 bytes} [Mon Aug 24 17:06:24 2026] DELETE /v2.0/ports/32eda062-cd9f-490a-850b-ced4fc290caf => generated 0 bytes in 345 msecs (HTTP/1.1 204) 3 headers in 131 bytes (1 switches on core 0) [pid: 8|app: 0|req: 999/2233] 10.0.0.108 () {32 vars in 643 bytes} [Mon Aug 24 17:06:24 2026] GET /v2.0/ports => generated 1523 bytes in 43 msecs (HTTP/1.1 200) 4 headers in 158 bytes (1 switches on core 0)
2026-08-24 17:06:25.003 8 INFO neutron.db.segments_db [None req-168e49d2-82e4-4da6-9f64-412ae6c77d31 255ccd389c07426da823a91a21fdcfe3 cd8e0087c94844f3ac021e7066460745 - - default default] Added segment 65c174e1-aad9-4322-9c38-0c425b8e17c1 of type geneve for network 88b27b24-47d9-4f1e-a9e0-8649ce112d17
2026-08-24 17:06:25.156 8 INFO neutron.db.ovn_revision_numbers_db [None req-168e49d2-82e4-4da6-9f64-412ae6c77d31 255ccd389c07426da823a91a21fdcfe3 cd8e0087c94844f3ac021e7066460745 - - default default] Successfully bumped revision number for resource 88b27b24-47d9-4f1e-a9e0-8649ce112d17 (type: networks) to 1
2026-08-24 17:06:25.369 8 WARNING neutron.scheduler.dhcp_agent_scheduler [None req-168e49d2-82e4-4da6-9f64-412ae6c77d31 255ccd389c07426da823a91a21fdcfe3 cd8e0087c94844f3ac021e7066460745 - - default default] No more DHCP agents
2026-08-24 17:06:25.371 8 WARNING neutron.api.rpc.agentnotifiers.dhcp_rpc_agent_api [None req-168e49d2-82e4-4da6-9f64-412ae6c77d31 255ccd389c07426da823a91a21fdcfe3 cd8e0087c94844f3ac021e7066460745 - - default default] Unable to schedule network 88b27b24-47d9-4f1e-a9e0-8649ce112d17: no agents available; will retry on subsequent port and subnet creation events.
2026-08-24 17:06:25.501 8 INFO neutron.db.ovn_revision_numbers_db [None req-168e49d2-82e4-4da6-9f64-412ae6c77d31 255ccd389c07426da823a91a21fdcfe3 cd8e0087c94844f3ac021e7066460745 - - default default] Successfully bumped revision number for resource 87c3dffe-42ef-4865-a942-1afc0734d36f (type: ports) to 1 [pid: 8|app: 0|req: 1000/2234] 10.0.0.108 () {34 vars in 670 bytes} [Mon Aug 24 17:06:24 2026] POST /v2.0/networks => generated 668 bytes in 635 msecs (HTTP/1.1 201) 4 headers in 162 bytes (1 switches on core 0) [pid: 8|app: 0|req: 1001/2235] 10.0.0.108 () {32 vars in 717 bytes} [Mon Aug 24 17:06:25 2026] GET /v2.0/ports/275f580c-b572-4141-ba53-3300ecc4693e => generated 945 bytes in 35 msecs (HTTP/1.1 200) 4 headers in 157 bytes (1 switches on core 0)
2026-08-24 17:06:25.696 8 INFO neutron.db.segments_db [None req-c34265cb-5926-4538-ac2a-43c3b8b20c0c 255ccd389c07426da823a91a21fdcfe3 cd8e0087c94844f3ac021e7066460745 - - default default] Added segment b3755861-5a1d-4630-907f-5a558b77d524 of type geneve for network 84a0c66d-35c6-49fa-a71f-83c5f41cde0e
2026-08-24 17:06:25.701 7 WARNING neutron.scheduler.dhcp_agent_scheduler [None req-07b76d68-0005-4d89-a7e2-01a4bd097042 ed24fc9ec5b34f008fff360c7fc186b5 378367172342465ea25b903bdded970c - - default default] No more DHCP agents
2026-08-24 17:06:25.702 7 WARNING neutron.api.rpc.agentnotifiers.dhcp_rpc_agent_api [None req-07b76d68-0005-4d89-a7e2-01a4bd097042 ed24fc9ec5b34f008fff360c7fc186b5 378367172342465ea25b903bdded970c - - default default] Unable to schedule network e0e72166-3172-478e-94f3-928df5dd15c6: no agents available; will retry on subsequent port and subnet creation events.
2026-08-24 17:06:25.851 8 INFO neutron.db.ovn_revision_numbers_db [None req-c34265cb-5926-4538-ac2a-43c3b8b20c0c 255ccd389c07426da823a91a21fdcfe3 cd8e0087c94844f3ac021e7066460745 - - default default] Successfully bumped revision number for resource 84a0c66d-35c6-49fa-a71f-83c5f41cde0e (type: networks) to 1
2026-08-24 17:06:26.021 8 WARNING neutron.scheduler.dhcp_agent_scheduler [None req-c34265cb-5926-4538-ac2a-43c3b8b20c0c 255ccd389c07426da823a91a21fdcfe3 cd8e0087c94844f3ac021e7066460745 - - default default] No more DHCP agents
2026-08-24 17:06:26.023 8 WARNING neutron.api.rpc.agentnotifiers.dhcp_rpc_agent_api [None req-c34265cb-5926-4538-ac2a-43c3b8b20c0c 255ccd389c07426da823a91a21fdcfe3 cd8e0087c94844f3ac021e7066460745 - - default default] Unable to schedule network 84a0c66d-35c6-49fa-a71f-83c5f41cde0e: no agents available; will retry on subsequent port and subnet creation events.
2026-08-24 17:06:26.136 8 INFO neutron.db.ovn_revision_numbers_db [None req-c34265cb-5926-4538-ac2a-43c3b8b20c0c 255ccd389c07426da823a91a21fdcfe3 cd8e0087c94844f3ac021e7066460745 - - default default] Successfully bumped revision number for resource 62f1a132-30c6-4faa-8eee-36d2726e32bb (type: ports) to 1 [pid: 8|app: 0|req: 1002/2236] 10.0.0.108 () {34 vars in 670 bytes} [Mon Aug 24 17:06:25 2026] POST /v2.0/networks => generated 668 bytes in 631 msecs (HTTP/1.1 201) 4 headers in 162 bytes (1 switches on core 0)
2026-08-24 17:06:26.216 7 INFO neutron.db.ovn_revision_numbers_db [None req-07b76d68-0005-4d89-a7e2-01a4bd097042 ed24fc9ec5b34f008fff360c7fc186b5 378367172342465ea25b903bdded970c - - default default] Successfully bumped revision number for resource 7325efbe-03c1-471d-900d-19aab65c7e64 (type: router_ports) to 1 [pid: 7|app: 0|req: 1235/2237] 10.0.0.108 () {34 vars in 783 bytes} [Mon Aug 24 17:06:23 2026] PUT /v2.0/routers/048a5612-15f0-4b1d-83a4-f7d7dc8ae19a/add_router_interface => generated 309 bytes in 2289 msecs (HTTP/1.1 200) 4 headers in 157 bytes (1 switches on core 0)
2026-08-24 17:06:26.571 8 WARNING neutron.scheduler.dhcp_agent_scheduler [None req-6bf4f76b-01ec-4792-a8dc-1bef43f55700 255ccd389c07426da823a91a21fdcfe3 cd8e0087c94844f3ac021e7066460745 - - default default] No more DHCP agents
2026-08-24 17:06:26.572 8 WARNING neutron.api.rpc.agentnotifiers.dhcp_rpc_agent_api [None req-6bf4f76b-01ec-4792-a8dc-1bef43f55700 255ccd389c07426da823a91a21fdcfe3 cd8e0087c94844f3ac021e7066460745 - - default default] Unable to schedule network 88b27b24-47d9-4f1e-a9e0-8649ce112d17: no agents available; will retry on subsequent port and subnet creation events.
2026-08-24 17:06:26.771 7 WARNING neutron.scheduler.dhcp_agent_scheduler [None req-1c96d6e6-d573-422a-84d2-58dc173d20d9 - - - - - -] No more DHCP agents
2026-08-24 17:06:26.774 7 WARNING neutron.api.rpc.agentnotifiers.dhcp_rpc_agent_api [None req-1c96d6e6-d573-422a-84d2-58dc173d20d9 - - - - - -] Unable to schedule network 5240c4e3-5003-4ed2-b6d8-30abfd9a2f0e: no agents available; will retry on subsequent port and subnet creation events.
2026-08-24 17:06:26.965 7 INFO neutron.db.ovn_revision_numbers_db [None req-1c96d6e6-d573-422a-84d2-58dc173d20d9 - - - - - -] Successfully bumped revision number for resource e15c2cbc-a21a-408d-b339-10e4d006702a (type: ports) to 1
2026-08-24 17:06:27.154 8 INFO neutron.db.ovn_revision_numbers_db [None req-95a18ef0-0c51-4e0b-ae3b-f595d067ccbf - - - - - -] Successfully bumped revision number for resource 87c3dffe-42ef-4865-a942-1afc0734d36f (type: ports) to 2
2026-08-24 17:06:27.217 8 INFO neutron.db.ovn_revision_numbers_db [None req-95a18ef0-0c51-4e0b-ae3b-f595d067ccbf - - - - - -] Successfully bumped revision number for resource e73c34f3-c5e8-428c-a9ff-d87fdf8e3096 (type: subnets) to 0
2026-08-24 17:06:27.266 7 INFO neutron.db.ovn_revision_numbers_db [None req-1c96d6e6-d573-422a-84d2-58dc173d20d9 - - - - - -] Successfully bumped revision number for resource e15c2cbc-a21a-408d-b339-10e4d006702a (type: ports) to 3
2026-08-24 17:06:27.267 8 WARNING neutron.scheduler.dhcp_agent_scheduler [None req-6bf4f76b-01ec-4792-a8dc-1bef43f55700 255ccd389c07426da823a91a21fdcfe3 cd8e0087c94844f3ac021e7066460745 - - default default] No more DHCP agents
2026-08-24 17:06:27.269 8 WARNING neutron.api.rpc.agentnotifiers.dhcp_rpc_agent_api [None req-6bf4f76b-01ec-4792-a8dc-1bef43f55700 255ccd389c07426da823a91a21fdcfe3 cd8e0087c94844f3ac021e7066460745 - - default default] Unable to schedule network 84a0c66d-35c6-49fa-a71f-83c5f41cde0e: no agents available; will retry on subsequent port and subnet creation events.
2026-08-24 17:06:27.327 7 INFO neutron.db.segments_db [None req-1c96d6e6-d573-422a-84d2-58dc173d20d9 - - - - - -] Added segment 05ad23ac-e19b-457f-a702-f7a85168cf16 of type geneve for network 626b72f1-4d4b-47a4-9172-a6c7a1a94f1d
2026-08-24 17:06:27.451 7 INFO neutron.db.ovn_revision_numbers_db [None req-ab1976bf-160a-4e5d-96ba-10f5e12b9158 - - - - - -] Successfully bumped revision number for resource 626b72f1-4d4b-47a4-9172-a6c7a1a94f1d (type: networks) to 1
2026-08-24 17:06:27.579 7 WARNING neutron.scheduler.dhcp_agent_scheduler [None req-ab1976bf-160a-4e5d-96ba-10f5e12b9158 - - - - - -] No more DHCP agents
2026-08-24 17:06:27.580 7 WARNING neutron.api.rpc.agentnotifiers.dhcp_rpc_agent_api [None req-ab1976bf-160a-4e5d-96ba-10f5e12b9158 - - - - - -] Unable to schedule network 626b72f1-4d4b-47a4-9172-a6c7a1a94f1d: no agents available; will retry on subsequent port and subnet creation events.
2026-08-24 17:06:27.704 7 INFO neutron.db.ovn_revision_numbers_db [None req-ab1976bf-160a-4e5d-96ba-10f5e12b9158 - - - - - -] Successfully bumped revision number for resource 69ce9a5b-66f2-47a8-989b-0eb52e2f6728 (type: ports) to 1
2026-08-24 17:06:27.783 8 WARNING neutron.plugins.ml2.drivers.ovn.mech_driver.ovsdb.ovn_client [None req-0b15cdf6-def5-41bd-9f9a-72a310848b6a - - - - - -] No hosting information found for port 0f5307b3-682d-4214-8040-8afec8583c5b: RuntimeError: No hosting information found for port 0f5307b3-682d-4214-8040-8afec8583c5b
2026-08-24 17:06:27.906 7 WARNING neutron.scheduler.dhcp_agent_scheduler [None req-ab1976bf-160a-4e5d-96ba-10f5e12b9158 - - - - - -] No more DHCP agents
2026-08-24 17:06:27.907 7 WARNING neutron.api.rpc.agentnotifiers.dhcp_rpc_agent_api [None req-ab1976bf-160a-4e5d-96ba-10f5e12b9158 - - - - - -] Unable to schedule network 626b72f1-4d4b-47a4-9172-a6c7a1a94f1d: no agents available; will retry on subsequent port and subnet creation events.
2026-08-24 17:06:27.941 7 INFO neutron.db.ovn_revision_numbers_db [None req-ab1976bf-160a-4e5d-96ba-10f5e12b9158 - - - - - -] Successfully bumped revision number for resource e855a245-50e5-466d-949a-2a1d7048885b (type: subnets) to 0
