2026-08-24 17:06:35.640 8 INFO placement.requestlog [None req-34a25e32-d6ea-4b28-b0d9-9ca3db362979 a3f999a764b0475784580c4f1f206a70 15cf92c3943c4fe4b70b140dad500f4b - - f926b59dac2b4a00a8b2bfa3158ed4c2 f926b59dac2b4a00a8b2bfa3158ed4c2] 10.0.0.77 "GET /resource_providers/fbe3202b-6235-4c96-a61b-e83d54b60844/aggregates" status: 404 len: 235 microversion: 1.1 [pid: 8|app: 0|req: 589/1179] 10.0.0.77 () {32 vars in 815 bytes} [Mon Aug 24 17:06:35 2026] GET /resource_providers/fbe3202b-6235-4c96-a61b-e83d54b60844/aggregates => generated 235 bytes in 11 msecs (HTTP/1.1 404) 5 headers in 202 bytes (1 switches on core 0)
2026-08-24 17:06:35.647 7 INFO placement.requestlog [None req-cc14c59b-062c-455d-a036-3a6ca19bf7b4 a3f999a764b0475784580c4f1f206a70 15cf92c3943c4fe4b70b140dad500f4b - - f926b59dac2b4a00a8b2bfa3158ed4c2 f926b59dac2b4a00a8b2bfa3158ed4c2] 10.0.0.77 "GET /resource_providers/fbe3202b-6235-4c96-a61b-e83d54b60844/aggregates" status: 404 len: 235 microversion: 1.1 [pid: 7|app: 0|req: 591/1180] 10.0.0.77 () {32 vars in 815 bytes} [Mon Aug 24 17:06:35 2026] GET /resource_providers/fbe3202b-6235-4c96-a61b-e83d54b60844/aggregates => generated 235 bytes in 19 msecs (HTTP/1.1 404) 5 headers in 202 bytes (1 switches on core 0)
2026-08-24 17:06:35.667 8 INFO placement.requestlog [None req-3d7bcc11-9986-44eb-aab0-5aa67ca48d74 a3f999a764b0475784580c4f1f206a70 15cf92c3943c4fe4b70b140dad500f4b - - f926b59dac2b4a00a8b2bfa3158ed4c2 f926b59dac2b4a00a8b2bfa3158ed4c2] 10.0.0.77 "DELETE /resource_providers/fbe3202b-6235-4c96-a61b-e83d54b60844" status: 404 len: 246 microversion: 1.1 [pid: 8|app: 0|req: 590/1181] 10.0.0.77 () {34 vars in 815 bytes} [Mon Aug 24 17:06:35 2026] DELETE /resource_providers/fbe3202b-6235-4c96-a61b-e83d54b60844 => generated 246 bytes in 14 msecs (HTTP/1.1 404) 6 headers in 231 bytes (1 switches on core 0)
2026-08-24 17:06:35.671 7 INFO placement.requestlog [None req-88002f08-e61d-4596-a53a-ff699fc7b84b a3f999a764b0475784580c4f1f206a70 15cf92c3943c4fe4b70b140dad500f4b - - f926b59dac2b4a00a8b2bfa3158ed4c2 f926b59dac2b4a00a8b2bfa3158ed4c2] 10.0.0.77 "DELETE /resource_providers/fbe3202b-6235-4c96-a61b-e83d54b60844" status: 404 len: 246 microversion: 1.1 [pid: 7|app: 0|req: 592/1182] 10.0.0.77 () {34 vars in 815 bytes} [Mon Aug 24 17:06:35 2026] DELETE /resource_providers/fbe3202b-6235-4c96-a61b-e83d54b60844 => generated 246 bytes in 12 msecs (HTTP/1.1 404) 6 headers in 231 bytes (1 switches on core 0)
2026-08-24 17:06:36.088 8 INFO placement.requestlog [req-794e7ce4-f6d0-4a04-954e-d9f13cc02f32 req-878b9ad4-5e2f-485a-b42f-1156c19c10e7 261851bd591943bb98895766824585c9 15cf92c3943c4fe4b70b140dad500f4b - - f926b59dac2b4a00a8b2bfa3158ed4c2 f926b59dac2b4a00a8b2bfa3158ed4c2] 199.19.213.12 "GET /resource_providers/059d29ef-d3f3-4308-8f99-0445498f4940/allocations" status: 200 len: 54 microversion: 1.0 [pid: 8|app: 0|req: 591/1183] 199.19.213.12 () {32 vars in 856 bytes} [Mon Aug 24 17:06:36 2026] GET /resource_providers/059d29ef-d3f3-4308-8f99-0445498f4940/allocations => generated 54 bytes in 21 msecs (HTTP/1.1 200) 6 headers in 223 bytes (1 switches on core 0)
2026-08-24 17:06:36.111 7 INFO placement.requestlog [req-794e7ce4-f6d0-4a04-954e-d9f13cc02f32 req-ea2b7150-a72c-4e92-bf80-f51304e49c95 261851bd591943bb98895766824585c9 15cf92c3943c4fe4b70b140dad500f4b - - f926b59dac2b4a00a8b2bfa3158ed4c2 f926b59dac2b4a00a8b2bfa3158ed4c2] 199.19.213.12 "GET /resource_providers/059d29ef-d3f3-4308-8f99-0445498f4940/allocations" status: 200 len: 54 microversion: 1.0 [pid: 7|app: 0|req: 593/1184] 199.19.213.12 () {32 vars in 856 bytes} [Mon Aug 24 17:06:36 2026] GET /resource_providers/059d29ef-d3f3-4308-8f99-0445498f4940/allocations => generated 54 bytes in 16 msecs (HTTP/1.1 200) 6 headers in 223 bytes (1 switches on core 0)
2026-08-24 17:06:42.115 8 INFO placement.requestlog [None req-278ac15f-4041-42ed-9209-538643ed2f3d - - - - - -] 10.0.0.126 "GET /" status: 200 len: 136 microversion: 1.0
2026-08-24 17:06:42.118 7 INFO placement.requestlog [None req-9cfba007-131f-4aea-9546-b137fa2bbf01 - - - - - -] 10.0.0.126 "GET /" status: 200 len: 136 microversion: 1.0
2026-08-24 17:06:52.115 8 INFO placement.requestlog [None req-cf8dc58e-535b-4622-abc6-a56fd6dc6d96 - - - - - -] 10.0.0.126 "GET /" status: 200 len: 136 microversion: 1.0
2026-08-24 17:06:52.116 7 INFO placement.requestlog [None req-5413c885-11ee-4ae2-86ce-8c74fefcdca5 - - - - - -] 10.0.0.126 "GET /" status: 200 len: 136 microversion: 1.0
2026-08-24 17:06:59.717 8 INFO placement.requestlog [None req-4e110285-338f-41e5-a254-8484aac97914 a3f999a764b0475784580c4f1f206a70 15cf92c3943c4fe4b70b140dad500f4b - - f926b59dac2b4a00a8b2bfa3158ed4c2 f926b59dac2b4a00a8b2bfa3158ed4c2] 10.0.0.77 "GET /resource_providers/9743e2cb-6d9c-4038-bd00-b6e9d6c81e22/aggregates" status: 404 len: 235 microversion: 1.1 [pid: 8|app: 0|req: 594/1189] 10.0.0.77 () {32 vars in 815 bytes} [Mon Aug 24 17:06:59 2026] GET /resource_providers/9743e2cb-6d9c-4038-bd00-b6e9d6c81e22/aggregates => generated 235 bytes in 10 msecs (HTTP/1.1 404) 5 headers in 202 bytes (1 switches on core 0)
2026-08-24 17:06:59.723 7 INFO placement.requestlog [None req-0c1bfa5f-86c8-42d5-ae7a-a02cc7b67d57 a3f999a764b0475784580c4f1f206a70 15cf92c3943c4fe4b70b140dad500f4b - - f926b59dac2b4a00a8b2bfa3158ed4c2 f926b59dac2b4a00a8b2bfa3158ed4c2] 10.0.0.77 "GET /resource_providers/9743e2cb-6d9c-4038-bd00-b6e9d6c81e22/aggregates" status: 404 len: 235 microversion: 1.1 [pid: 7|app: 0|req: 596/1190] 10.0.0.77 () {32 vars in 815 bytes} [Mon Aug 24 17:06:59 2026] GET /resource_providers/9743e2cb-6d9c-4038-bd00-b6e9d6c81e22/aggregates => generated 235 bytes in 15 msecs (HTTP/1.1 404) 5 headers in 202 bytes (1 switches on core 0)
2026-08-24 17:06:59.737 8 INFO placement.requestlog [None req-0b330647-0ee6-438a-b0c3-eef442972955 a3f999a764b0475784580c4f1f206a70 15cf92c3943c4fe4b70b140dad500f4b - - f926b59dac2b4a00a8b2bfa3158ed4c2 f926b59dac2b4a00a8b2bfa3158ed4c2] 10.0.0.77 "DELETE /resource_providers/9743e2cb-6d9c-4038-bd00-b6e9d6c81e22" status: 404 len: 246 microversion: 1.1 [pid: 8|app: 0|req: 595/1191] 10.0.0.77 () {34 vars in 815 bytes} [Mon Aug 24 17:06:59 2026] DELETE /resource_providers/9743e2cb-6d9c-4038-bd00-b6e9d6c81e22 => generated 246 bytes in 12 msecs (HTTP/1.1 404) 6 headers in 231 bytes (1 switches on core 0)
2026-08-24 17:06:59.746 7 INFO placement.requestlog [None req-0d49e790-b3e3-4152-bb2d-57b8a9660a7b a3f999a764b0475784580c4f1f206a70 15cf92c3943c4fe4b70b140dad500f4b - - f926b59dac2b4a00a8b2bfa3158ed4c2 f926b59dac2b4a00a8b2bfa3158ed4c2] 10.0.0.77 "DELETE /resource_providers/9743e2cb-6d9c-4038-bd00-b6e9d6c81e22" status: 404 len: 246 microversion: 1.1 [pid: 7|app: 0|req: 597/1192] 10.0.0.77 () {34 vars in 815 bytes} [Mon Aug 24 17:06:59 2026] DELETE /resource_providers/9743e2cb-6d9c-4038-bd00-b6e9d6c81e22 => generated 246 bytes in 11 msecs (HTTP/1.1 404) 6 headers in 231 bytes (1 switches on core 0)
2026-08-24 17:07:02.115 8 INFO placement.requestlog [None req-af008571-c985-4b6b-9c30-eb30cfcfd076 - - - - - -] 10.0.0.126 "GET /" status: 200 len: 136 microversion: 1.0
2026-08-24 17:07:02.115 7 INFO placement.requestlog [None req-5f889123-2af0-4d29-9fd9-8958c43a08fd - - - - - -] 10.0.0.126 "GET /" status: 200 len: 136 microversion: 1.0
2026-08-24 17:07:05.762 8 INFO placement.requestlog [req-211168d7-8edf-408d-beef-31d7a99030a1 req-f7ba5c4c-f36b-4490-b566-b95931384933 261851bd591943bb98895766824585c9 15cf92c3943c4fe4b70b140dad500f4b - - f926b59dac2b4a00a8b2bfa3158ed4c2 f926b59dac2b4a00a8b2bfa3158ed4c2] 10.0.0.165 "GET /allocation_candidates?limit=1000&resources=DISK_GB%3A1%2CMEMORY_MB%3A512%2CVCPU%3A1&root_required=%21COMPUTE_STATUS_DISABLED" status: 200 len: 2781 microversion: 1.36 [pid: 8|app: 0|req: 597/1195] 10.0.0.165 () {34 vars in 1012 bytes} [Mon Aug 24 17:07:05 2026] GET /allocation_candidates?limit=1000&resources=DISK_GB%3A1%2CMEMORY_MB%3A512%2CVCPU%3A1&root_required=%21COMPUTE_STATUS_DISABLED => generated 2781 bytes in 57 msecs (HTTP/1.1 200) 8 headers in 297 bytes (1 switches on core 0)
2026-08-24 17:07:05.808 7 INFO placement.requestlog [req-211168d7-8edf-408d-beef-31d7a99030a1 req-f896d47f-f6ac-41d9-a9a6-a780224635a6 261851bd591943bb98895766824585c9 15cf92c3943c4fe4b70b140dad500f4b - - f926b59dac2b4a00a8b2bfa3158ed4c2 f926b59dac2b4a00a8b2bfa3158ed4c2] 10.0.0.165 "GET /allocations/82741490-f03f-4357-b59a-ebaeab5ad303" status: 200 len: 19 microversion: 1.28 [pid: 7|app: 0|req: 599/1196] 10.0.0.165 () {34 vars in 861 bytes} [Mon Aug 24 17:07:05 2026] GET /allocations/82741490-f03f-4357-b59a-ebaeab5ad303 => generated 19 bytes in 14 msecs (HTTP/1.1 200) 8 headers in 295 bytes (1 switches on core 0)
2026-08-24 17:07:05.907 8 INFO placement.requestlog [req-211168d7-8edf-408d-beef-31d7a99030a1 req-cf50fbdd-71cb-4a17-a614-14df1ac7f302 261851bd591943bb98895766824585c9 15cf92c3943c4fe4b70b140dad500f4b - - f926b59dac2b4a00a8b2bfa3158ed4c2 f926b59dac2b4a00a8b2bfa3158ed4c2] 10.0.0.165 "PUT /allocations/82741490-f03f-4357-b59a-ebaeab5ad303" status: 204 len: 0 microversion: 1.36 [pid: 8|app: 0|req: 598/1197] 10.0.0.165 () {38 vars in 914 bytes} [Mon Aug 24 17:07:05 2026] PUT /allocations/82741490-f03f-4357-b59a-ebaeab5ad303 => generated 0 bytes in 90 msecs (HTTP/1.1 204) 5 headers in 199 bytes (1 switches on core 0)
2026-08-24 17:07:07.421 7 INFO placement.requestlog [req-211168d7-8edf-408d-beef-31d7a99030a1 req-96af648f-a7e3-46f5-9987-aa91bf711db0 261851bd591943bb98895766824585c9 15cf92c3943c4fe4b70b140dad500f4b - - f926b59dac2b4a00a8b2bfa3158ed4c2 f926b59dac2b4a00a8b2bfa3158ed4c2] 199.19.213.12 "GET /allocations/82741490-f03f-4357-b59a-ebaeab5ad303" status: 200 len: 257 microversion: 1.28 [pid: 7|app: 0|req: 600/1198] 199.19.213.12 () {34 vars in 862 bytes} [Mon Aug 24 17:07:07 2026] GET /allocations/82741490-f03f-4357-b59a-ebaeab5ad303 => generated 257 bytes in 17 msecs (HTTP/1.1 200) 8 headers in 296 bytes (1 switches on core 0)
2026-08-24 17:07:07.695 8 INFO placement.requestlog [None req-9d49f1d0-3e8c-4b47-b11a-7c01ac489850 a3f999a764b0475784580c4f1f206a70 15cf92c3943c4fe4b70b140dad500f4b - - f926b59dac2b4a00a8b2bfa3158ed4c2 f926b59dac2b4a00a8b2bfa3158ed4c2] 10.0.0.77 "GET /resource_providers/18c99cf9-f4dc-4e05-a8af-b58cb3b1e441/aggregates" status: 404 len: 235 microversion: 1.1 [pid: 8|app: 0|req: 599/1199] 10.0.0.77 () {32 vars in 815 bytes} [Mon Aug 24 17:07:07 2026] GET /resource_providers/18c99cf9-f4dc-4e05-a8af-b58cb3b1e441/aggregates => generated 235 bytes in 9 msecs (HTTP/1.1 404) 5 headers in 202 bytes (1 switches on core 0)
2026-08-24 17:07:07.701 7 INFO placement.requestlog [None req-ac97676f-eb56-4f6d-89cc-26a64cb80281 a3f999a764b0475784580c4f1f206a70 15cf92c3943c4fe4b70b140dad500f4b - - f926b59dac2b4a00a8b2bfa3158ed4c2 f926b59dac2b4a00a8b2bfa3158ed4c2] 10.0.0.77 "GET /resource_providers/18c99cf9-f4dc-4e05-a8af-b58cb3b1e441/aggregates" status: 404 len: 235 microversion: 1.1 [pid: 7|app: 0|req: 601/1200] 10.0.0.77 () {32 vars in 815 bytes} [Mon Aug 24 17:07:07 2026] GET /resource_providers/18c99cf9-f4dc-4e05-a8af-b58cb3b1e441/aggregates => generated 235 bytes in 13 msecs (HTTP/1.1 404) 5 headers in 202 bytes (1 switches on core 0)
2026-08-24 17:07:07.721 8 INFO placement.requestlog [None req-ceb45d05-687f-45ad-8d7e-39a3bb13e0e9 a3f999a764b0475784580c4f1f206a70 15cf92c3943c4fe4b70b140dad500f4b - - f926b59dac2b4a00a8b2bfa3158ed4c2 f926b59dac2b4a00a8b2bfa3158ed4c2] 10.0.0.77 "DELETE /resource_providers/18c99cf9-f4dc-4e05-a8af-b58cb3b1e441" status: 404 len: 246 microversion: 1.1 [pid: 8|app: 0|req: 600/1201] 10.0.0.77 () {34 vars in 815 bytes} [Mon Aug 24 17:07:07 2026] DELETE /resource_providers/18c99cf9-f4dc-4e05-a8af-b58cb3b1e441 => generated 246 bytes in 9 msecs (HTTP/1.1 404) 6 headers in 231 bytes (1 switches on core 0)
2026-08-24 17:07:07.733 7 INFO placement.requestlog [None req-9169942f-1811-4e6d-8518-5dd4b0ddb45e a3f999a764b0475784580c4f1f206a70 15cf92c3943c4fe4b70b140dad500f4b - - f926b59dac2b4a00a8b2bfa3158ed4c2 f926b59dac2b4a00a8b2bfa3158ed4c2] 10.0.0.77 "DELETE /resource_providers/18c99cf9-f4dc-4e05-a8af-b58cb3b1e441" status: 404 len: 246 microversion: 1.1 [pid: 7|app: 0|req: 602/1202] 10.0.0.77 () {34 vars in 815 bytes} [Mon Aug 24 17:07:07 2026] DELETE /resource_providers/18c99cf9-f4dc-4e05-a8af-b58cb3b1e441 => generated 246 bytes in 15 msecs (HTTP/1.1 404) 6 headers in 231 bytes (1 switches on core 0)
2026-08-24 17:07:08.467 8 INFO placement.requestlog [req-211168d7-8edf-408d-beef-31d7a99030a1 req-6ab2de34-1b6e-44e6-af33-df03d98665a7 261851bd591943bb98895766824585c9 15cf92c3943c4fe4b70b140dad500f4b - - f926b59dac2b4a00a8b2bfa3158ed4c2 f926b59dac2b4a00a8b2bfa3158ed4c2] 199.19.213.12 "GET /resource_providers/059d29ef-d3f3-4308-8f99-0445498f4940/allocations" status: 200 len: 152 microversion: 1.0 [pid: 8|app: 0|req: 601/1203] 199.19.213.12 () {32 vars in 856 bytes} [Mon Aug 24 17:07:08 2026] GET /resource_providers/059d29ef-d3f3-4308-8f99-0445498f4940/allocations => generated 152 bytes in 18 msecs (HTTP/1.1 200) 6 headers in 224 bytes (1 switches on core 0)
2026-08-24 17:07:08.487 7 INFO placement.requestlog [req-211168d7-8edf-408d-beef-31d7a99030a1 req-1e7679b5-56ae-427a-af35-14d996f3af7e 261851bd591943bb98895766824585c9 15cf92c3943c4fe4b70b140dad500f4b - - f926b59dac2b4a00a8b2bfa3158ed4c2 f926b59dac2b4a00a8b2bfa3158ed4c2] 199.19.213.12 "GET /allocations/82741490-f03f-4357-b59a-ebaeab5ad303" status: 200 len: 257 microversion: 1.28 [pid: 7|app: 0|req: 603/1204] 199.19.213.12 () {34 vars in 862 bytes} [Mon Aug 24 17:07:08 2026] GET /allocations/82741490-f03f-4357-b59a-ebaeab5ad303 => generated 257 bytes in 11 msecs (HTTP/1.1 200) 8 headers in 296 bytes (1 switches on core 0)
2026-08-24 17:07:12.116 8 INFO placement.requestlog [None req-d53eba68-07ba-4095-aba1-ecb0a223496e - - - - - -] 10.0.0.126 "GET /" status: 200 len: 136 microversion: 1.0
2026-08-24 17:07:12.116 7 INFO placement.requestlog [None req-cedec8ef-b303-46b7-9f16-6a91492500b4 - - - - - -] 10.0.0.126 "GET /" status: 200 len: 136 microversion: 1.0
2026-08-24 17:07:12.614 8 INFO placement.requestlog [None req-f272c1f2-413f-4780-8b83-1bf987430d88 a3f999a764b0475784580c4f1f206a70 15cf92c3943c4fe4b70b140dad500f4b - - f926b59dac2b4a00a8b2bfa3158ed4c2 f926b59dac2b4a00a8b2bfa3158ed4c2] 10.0.0.77 "GET /resource_providers/82929564-e799-4852-8273-e8f86d0fe67c/aggregates" status: 404 len: 235 microversion: 1.1 [pid: 8|app: 0|req: 603/1207] 10.0.0.77 () {32 vars in 815 bytes} [Mon Aug 24 17:07:12 2026] GET /resource_providers/82929564-e799-4852-8273-e8f86d0fe67c/aggregates => generated 235 bytes in 8 msecs (HTTP/1.1 404) 5 headers in 202 bytes (1 switches on core 0)
2026-08-24 17:07:12.621 7 INFO placement.requestlog [None req-76e6b5f3-39dc-4cc1-8dee-8df37c11f07f a3f999a764b0475784580c4f1f206a70 15cf92c3943c4fe4b70b140dad500f4b - - f926b59dac2b4a00a8b2bfa3158ed4c2 f926b59dac2b4a00a8b2bfa3158ed4c2] 10.0.0.77 "GET /resource_providers/82929564-e799-4852-8273-e8f86d0fe67c/aggregates" status: 404 len: 235 microversion: 1.1 [pid: 7|app: 0|req: 605/1208] 10.0.0.77 () {32 vars in 815 bytes} [Mon Aug 24 17:07:12 2026] GET /resource_providers/82929564-e799-4852-8273-e8f86d0fe67c/aggregates => generated 235 bytes in 15 msecs (HTTP/1.1 404) 5 headers in 202 bytes (1 switches on core 0)
2026-08-24 17:07:12.649 8 INFO placement.requestlog [None req-aade1aee-6c42-46c0-8ac2-4da9af843a86 a3f999a764b0475784580c4f1f206a70 15cf92c3943c4fe4b70b140dad500f4b - - f926b59dac2b4a00a8b2bfa3158ed4c2 f926b59dac2b4a00a8b2bfa3158ed4c2] 10.0.0.77 "DELETE /resource_providers/82929564-e799-4852-8273-e8f86d0fe67c" status: 404 len: 246 microversion: 1.1 [pid: 8|app: 0|req: 604/1209] 10.0.0.77 () {34 vars in 815 bytes} [Mon Aug 24 17:07:12 2026] DELETE /resource_providers/82929564-e799-4852-8273-e8f86d0fe67c => generated 246 bytes in 12 msecs (HTTP/1.1 404) 6 headers in 231 bytes (1 switches on core 0)
2026-08-24 17:07:12.657 7 INFO placement.requestlog [None req-4d4c79a9-7ae0-43e8-812b-f22899cf1375 a3f999a764b0475784580c4f1f206a70 15cf92c3943c4fe4b70b140dad500f4b - - f926b59dac2b4a00a8b2bfa3158ed4c2 f926b59dac2b4a00a8b2bfa3158ed4c2] 10.0.0.77 "DELETE /resource_providers/82929564-e799-4852-8273-e8f86d0fe67c" status: 404 len: 246 microversion: 1.1 [pid: 7|app: 0|req: 606/1210] 10.0.0.77 () {34 vars in 815 bytes} [Mon Aug 24 17:07:12 2026] DELETE /resource_providers/82929564-e799-4852-8273-e8f86d0fe67c => generated 246 bytes in 17 msecs (HTTP/1.1 404) 6 headers in 231 bytes (1 switches on core 0)
2026-08-24 17:07:14.663 8 INFO placement.requestlog [None req-0990aa19-7d28-46bb-a979-2e260a2bbb15 a3f999a764b0475784580c4f1f206a70 15cf92c3943c4fe4b70b140dad500f4b - - f926b59dac2b4a00a8b2bfa3158ed4c2 f926b59dac2b4a00a8b2bfa3158ed4c2] 10.0.0.77 "GET /resource_providers/f03b81f1-58f1-4305-8c31-725994fd7a32/aggregates" status: 404 len: 235 microversion: 1.1 [pid: 8|app: 0|req: 605/1211] 10.0.0.77 () {32 vars in 815 bytes} [Mon Aug 24 17:07:14 2026] GET /resource_providers/f03b81f1-58f1-4305-8c31-725994fd7a32/aggregates => generated 235 bytes in 12 msecs (HTTP/1.1 404) 5 headers in 202 bytes (1 switches on core 0)
2026-08-24 17:07:14.670 7 INFO placement.requestlog [None req-14f9e084-6b78-4cee-a1a6-b39da11402c5 a3f999a764b0475784580c4f1f206a70 15cf92c3943c4fe4b70b140dad500f4b - - f926b59dac2b4a00a8b2bfa3158ed4c2 f926b59dac2b4a00a8b2bfa3158ed4c2] 10.0.0.77 "GET /resource_providers/f03b81f1-58f1-4305-8c31-725994fd7a32/aggregates" status: 404 len: 235 microversion: 1.1 [pid: 7|app: 0|req: 607/1212] 10.0.0.77 () {32 vars in 815 bytes} [Mon Aug 24 17:07:14 2026] GET /resource_providers/f03b81f1-58f1-4305-8c31-725994fd7a32/aggregates => generated 235 bytes in 14 msecs (HTTP/1.1 404) 5 headers in 202 bytes (1 switches on core 0)
2026-08-24 17:07:14.687 8 INFO placement.requestlog [None req-42f6a292-8411-47a6-9366-1199314c1e04 a3f999a764b0475784580c4f1f206a70 15cf92c3943c4fe4b70b140dad500f4b - - f926b59dac2b4a00a8b2bfa3158ed4c2 f926b59dac2b4a00a8b2bfa3158ed4c2] 10.0.0.77 "DELETE /resource_providers/f03b81f1-58f1-4305-8c31-725994fd7a32" status: 404 len: 246 microversion: 1.1 [pid: 8|app: 0|req: 606/1213] 10.0.0.77 () {34 vars in 815 bytes} [Mon Aug 24 17:07:14 2026] DELETE /resource_providers/f03b81f1-58f1-4305-8c31-725994fd7a32 => generated 246 bytes in 9 msecs (HTTP/1.1 404) 6 headers in 231 bytes (1 switches on core 0)
2026-08-24 17:07:14.691 7 INFO placement.requestlog [None req-a099de09-17b3-49f6-a6df-1b216c73d296 a3f999a764b0475784580c4f1f206a70 15cf92c3943c4fe4b70b140dad500f4b - - f926b59dac2b4a00a8b2bfa3158ed4c2 f926b59dac2b4a00a8b2bfa3158ed4c2] 10.0.0.77 "DELETE /resource_providers/f03b81f1-58f1-4305-8c31-725994fd7a32" status: 404 len: 246 microversion: 1.1 [pid: 7|app: 0|req: 608/1214] 10.0.0.77 () {34 vars in 815 bytes} [Mon Aug 24 17:07:14 2026] DELETE /resource_providers/f03b81f1-58f1-4305-8c31-725994fd7a32 => generated 246 bytes in 10 msecs (HTTP/1.1 404) 6 headers in 231 bytes (1 switches on core 0)
2026-08-24 17:07:16.720 8 INFO placement.requestlog [None req-e2d21d9e-5f98-428d-85ca-2bd43f341a01 a3f999a764b0475784580c4f1f206a70 15cf92c3943c4fe4b70b140dad500f4b - - f926b59dac2b4a00a8b2bfa3158ed4c2 f926b59dac2b4a00a8b2bfa3158ed4c2] 10.0.0.77 "GET /resource_providers/5fb40831-5eb5-4c87-9c2a-55329d0a1973/aggregates" status: 404 len: 235 microversion: 1.1 [pid: 8|app: 0|req: 607/1215] 10.0.0.77 () {32 vars in 815 bytes} [Mon Aug 24 17:07:16 2026] GET /resource_providers/5fb40831-5eb5-4c87-9c2a-55329d0a1973/aggregates => generated 235 bytes in 11 msecs (HTTP/1.1 404) 5 headers in 202 bytes (1 switches on core 0)
2026-08-24 17:07:16.738 7 INFO placement.requestlog [None req-c1eca8ce-f388-4410-baec-e187c149c7ae a3f999a764b0475784580c4f1f206a70 15cf92c3943c4fe4b70b140dad500f4b - - f926b59dac2b4a00a8b2bfa3158ed4c2 f926b59dac2b4a00a8b2bfa3158ed4c2] 10.0.0.77 "GET /resource_providers/5fb40831-5eb5-4c87-9c2a-55329d0a1973/aggregates" status: 404 len: 235 microversion: 1.1 [pid: 7|app: 0|req: 609/1216] 10.0.0.77 () {32 vars in 815 bytes} [Mon Aug 24 17:07:16 2026] GET /resource_providers/5fb40831-5eb5-4c87-9c2a-55329d0a1973/aggregates => generated 235 bytes in 16 msecs (HTTP/1.1 404) 5 headers in 202 bytes (1 switches on core 0)
2026-08-24 17:07:16.791 7 INFO placement.requestlog [None req-fc43e185-9c3f-403f-a854-ef466e7a6b22 a3f999a764b0475784580c4f1f206a70 15cf92c3943c4fe4b70b140dad500f4b - - f926b59dac2b4a00a8b2bfa3158ed4c2 f926b59dac2b4a00a8b2bfa3158ed4c2] 10.0.0.77 "DELETE /resource_providers/5fb40831-5eb5-4c87-9c2a-55329d0a1973" status: 404 len: 246 microversion: 1.1 [pid: 7|app: 0|req: 610/1217] 10.0.0.77 () {34 vars in 815 bytes} [Mon Aug 24 17:07:16 2026] DELETE /resource_providers/5fb40831-5eb5-4c87-9c2a-55329d0a1973 => generated 246 bytes in 13 msecs (HTTP/1.1 404) 6 headers in 231 bytes (1 switches on core 0)
2026-08-24 17:07:16.793 8 INFO placement.requestlog [None req-8d6ad869-ae60-41ab-bd72-fddf2cd67011 a3f999a764b0475784580c4f1f206a70 15cf92c3943c4fe4b70b140dad500f4b - - f926b59dac2b4a00a8b2bfa3158ed4c2 f926b59dac2b4a00a8b2bfa3158ed4c2] 10.0.0.77 "DELETE /resource_providers/5fb40831-5eb5-4c87-9c2a-55329d0a1973" status: 404 len: 246 microversion: 1.1 [pid: 8|app: 0|req: 608/1218] 10.0.0.77 () {34 vars in 815 bytes} [Mon Aug 24 17:07:16 2026] DELETE /resource_providers/5fb40831-5eb5-4c87-9c2a-55329d0a1973 => generated 246 bytes in 23 msecs (HTTP/1.1 404) 6 headers in 231 bytes (1 switches on core 0)
2026-08-24 17:07:22.115 7 INFO placement.requestlog [None req-a9ce8d61-c1a0-478f-9a04-313cf365fe97 - - - - - -] 10.0.0.126 "GET /" status: 200 len: 136 microversion: 1.0
2026-08-24 17:07:22.116 8 INFO placement.requestlog [None req-3ce669e7-cb6b-4fc9-9275-df39573e75cb - - - - - -] 10.0.0.126 "GET /" status: 200 len: 136 microversion: 1.0
2026-08-24 17:07:23.546 7 INFO placement.requestlog [None req-d8d5bafd-f674-48f6-a990-3c7bcc3f4203 a3f999a764b0475784580c4f1f206a70 15cf92c3943c4fe4b70b140dad500f4b - - f926b59dac2b4a00a8b2bfa3158ed4c2 f926b59dac2b4a00a8b2bfa3158ed4c2] 10.0.0.77 "GET /resource_providers/e7c26528-996f-4669-9c25-21a0dbf44832/aggregates" status: 404 len: 235 microversion: 1.1 [pid: 7|app: 0|req: 612/1221] 10.0.0.77 () {32 vars in 815 bytes} [Mon Aug 24 17:07:23 2026] GET /resource_providers/e7c26528-996f-4669-9c25-21a0dbf44832/aggregates => generated 235 bytes in 10 msecs (HTTP/1.1 404) 5 headers in 202 bytes (1 switches on core 0)
2026-08-24 17:07:23.550 8 INFO placement.requestlog [None req-25bada36-955c-46b0-8313-e2d67f51821b a3f999a764b0475784580c4f1f206a70 15cf92c3943c4fe4b70b140dad500f4b - - f926b59dac2b4a00a8b2bfa3158ed4c2 f926b59dac2b4a00a8b2bfa3158ed4c2] 10.0.0.77 "GET /resource_providers/e7c26528-996f-4669-9c25-21a0dbf44832/aggregates" status: 404 len: 235 microversion: 1.1 [pid: 8|app: 0|req: 610/1222] 10.0.0.77 () {32 vars in 815 bytes} [Mon Aug 24 17:07:23 2026] GET /resource_providers/e7c26528-996f-4669-9c25-21a0dbf44832/aggregates => generated 235 bytes in 12 msecs (HTTP/1.1 404) 5 headers in 202 bytes (1 switches on core 0)
2026-08-24 17:07:23.581 7 INFO placement.requestlog [None req-fd28a887-30e8-4874-800c-01b7bdfcf940 a3f999a764b0475784580c4f1f206a70 15cf92c3943c4fe4b70b140dad500f4b - - f926b59dac2b4a00a8b2bfa3158ed4c2 f926b59dac2b4a00a8b2bfa3158ed4c2] 10.0.0.77 "DELETE /resource_providers/e7c26528-996f-4669-9c25-21a0dbf44832" status: 404 len: 246 microversion: 1.1 [pid: 7|app: 0|req: 613/1223] 10.0.0.77 () {34 vars in 815 bytes} [Mon Aug 24 17:07:23 2026] DELETE /resource_providers/e7c26528-996f-4669-9c25-21a0dbf44832 => generated 246 bytes in 13 msecs (HTTP/1.1 404) 6 headers in 231 bytes (1 switches on core 0)
2026-08-24 17:07:23.583 8 INFO placement.requestlog [None req-0f50709a-08d7-4ec3-8089-4bde494c8745 a3f999a764b0475784580c4f1f206a70 15cf92c3943c4fe4b70b140dad500f4b - - f926b59dac2b4a00a8b2bfa3158ed4c2 f926b59dac2b4a00a8b2bfa3158ed4c2] 10.0.0.77 "DELETE /resource_providers/e7c26528-996f-4669-9c25-21a0dbf44832" status: 404 len: 246 microversion: 1.1 [pid: 8|app: 0|req: 611/1224] 10.0.0.77 () {34 vars in 815 bytes} [Mon Aug 24 17:07:23 2026] DELETE /resource_providers/e7c26528-996f-4669-9c25-21a0dbf44832 => generated 246 bytes in 10 msecs (HTTP/1.1 404) 6 headers in 231 bytes (1 switches on core 0)
2026-08-24 17:07:24.761 8 INFO placement.requestlog [None req-6b172b8a-eff1-4331-9297-b7a49e9019f5 a3f999a764b0475784580c4f1f206a70 15cf92c3943c4fe4b70b140dad500f4b - - f926b59dac2b4a00a8b2bfa3158ed4c2 f926b59dac2b4a00a8b2bfa3158ed4c2] 10.0.0.77 "GET /resource_providers/feeff4a7-125b-4b68-bd48-a780b8facabc/aggregates" status: 404 len: 235 microversion: 1.1
2026-08-24 17:07:24.761 7 INFO placement.requestlog [None req-a8d24819-faa3-4d7c-8f47-9bcf1eed4a24 a3f999a764b0475784580c4f1f206a70 15cf92c3943c4fe4b70b140dad500f4b - - f926b59dac2b4a00a8b2bfa3158ed4c2 f926b59dac2b4a00a8b2bfa3158ed4c2] 10.0.0.77 "GET /resource_providers/feeff4a7-125b-4b68-bd48-a780b8facabc/aggregates" status: 404 len: 235 microversion: 1.1 [pid: 8|app: 0|req: 612/1225] 10.0.0.77 () {32 vars in 815 bytes} [Mon Aug 24 17:07:24 2026] GET /resource_providers/feeff4a7-125b-4b68-bd48-a780b8facabc/aggregates => generated 235 bytes in 12 msecs (HTTP/1.1 404) 5 headers in 202 bytes (1 switches on core 0) [pid: 7|app: 0|req: 614/1226] 10.0.0.77 () {32 vars in 815 bytes} [Mon Aug 24 17:07:24 2026] GET /resource_providers/feeff4a7-125b-4b68-bd48-a780b8facabc/aggregates => generated 235 bytes in 13 msecs (HTTP/1.1 404) 5 headers in 202 bytes (1 switches on core 0)
2026-08-24 17:07:24.792 8 INFO placement.requestlog [None req-087149e1-6800-4450-bc39-b11197e4a577 a3f999a764b0475784580c4f1f206a70 15cf92c3943c4fe4b70b140dad500f4b - - f926b59dac2b4a00a8b2bfa3158ed4c2 f926b59dac2b4a00a8b2bfa3158ed4c2] 10.0.0.77 "DELETE /resource_providers/feeff4a7-125b-4b68-bd48-a780b8facabc" status: 404 len: 246 microversion: 1.1 [pid: 8|app: 0|req: 613/1227] 10.0.0.77 () {34 vars in 815 bytes} [Mon Aug 24 17:07:24 2026] DELETE /resource_providers/feeff4a7-125b-4b68-bd48-a780b8facabc => generated 246 bytes in 12 msecs (HTTP/1.1 404) 6 headers in 231 bytes (1 switches on core 0)
2026-08-24 17:07:24.799 7 INFO placement.requestlog [None req-0e768c77-83f4-4c5b-93e1-45cdb50df97e a3f999a764b0475784580c4f1f206a70 15cf92c3943c4fe4b70b140dad500f4b - - f926b59dac2b4a00a8b2bfa3158ed4c2 f926b59dac2b4a00a8b2bfa3158ed4c2] 10.0.0.77 "DELETE /resource_providers/feeff4a7-125b-4b68-bd48-a780b8facabc" status: 404 len: 246 microversion: 1.1 [pid: 7|app: 0|req: 615/1228] 10.0.0.77 () {34 vars in 815 bytes} [Mon Aug 24 17:07:24 2026] DELETE /resource_providers/feeff4a7-125b-4b68-bd48-a780b8facabc => generated 246 bytes in 17 msecs (HTTP/1.1 404) 6 headers in 231 bytes (1 switches on core 0)
2026-08-24 17:07:25.613 8 INFO placement.requestlog [None req-083fa465-cf85-4e6a-97b2-3c069e7f998e a3f999a764b0475784580c4f1f206a70 15cf92c3943c4fe4b70b140dad500f4b - - f926b59dac2b4a00a8b2bfa3158ed4c2 f926b59dac2b4a00a8b2bfa3158ed4c2] 10.0.0.77 "GET /resource_providers/9da133dd-2b3b-4696-a44f-da4f36b560bc/aggregates" status: 404 len: 235 microversion: 1.1 [pid: 8|app: 0|req: 614/1229] 10.0.0.77 () {32 vars in 815 bytes} [Mon Aug 24 17:07:25 2026] GET /resource_providers/9da133dd-2b3b-4696-a44f-da4f36b560bc/aggregates => generated 235 bytes in 13 msecs (HTTP/1.1 404) 5 headers in 202 bytes (1 switches on core 0)
2026-08-24 17:07:25.614 7 INFO placement.requestlog [None req-ee605b05-a11a-4d4e-bad5-ef1d3d69caa2 a3f999a764b0475784580c4f1f206a70 15cf92c3943c4fe4b70b140dad500f4b - - f926b59dac2b4a00a8b2bfa3158ed4c2 f926b59dac2b4a00a8b2bfa3158ed4c2] 10.0.0.77 "GET /resource_providers/9da133dd-2b3b-4696-a44f-da4f36b560bc/aggregates" status: 404 len: 235 microversion: 1.1 [pid: 7|app: 0|req: 616/1230] 10.0.0.77 () {32 vars in 815 bytes} [Mon Aug 24 17:07:25 2026] GET /resource_providers/9da133dd-2b3b-4696-a44f-da4f36b560bc/aggregates => generated 235 bytes in 12 msecs (HTTP/1.1 404) 5 headers in 202 bytes (1 switches on core 0)
2026-08-24 17:07:25.646 8 INFO placement.requestlog [None req-d0e20468-f452-4664-8893-ba3e14a4616c a3f999a764b0475784580c4f1f206a70 15cf92c3943c4fe4b70b140dad500f4b - - f926b59dac2b4a00a8b2bfa3158ed4c2 f926b59dac2b4a00a8b2bfa3158ed4c2] 10.0.0.77 "DELETE /resource_providers/9da133dd-2b3b-4696-a44f-da4f36b560bc" status: 404 len: 246 microversion: 1.1 [pid: 8|app: 0|req: 615/1231] 10.0.0.77 () {34 vars in 815 bytes} [Mon Aug 24 17:07:25 2026] DELETE /resource_providers/9da133dd-2b3b-4696-a44f-da4f36b560bc => generated 246 bytes in 11 msecs (HTTP/1.1 404) 6 headers in 231 bytes (1 switches on core 0)
2026-08-24 17:07:25.660 7 INFO placement.requestlog [None req-e096ade0-0c13-4e1a-8833-1c17808c5d0d a3f999a764b0475784580c4f1f206a70 15cf92c3943c4fe4b70b140dad500f4b - - f926b59dac2b4a00a8b2bfa3158ed4c2 f926b59dac2b4a00a8b2bfa3158ed4c2] 10.0.0.77 "DELETE /resource_providers/9da133dd-2b3b-4696-a44f-da4f36b560bc" status: 404 len: 246 microversion: 1.1 [pid: 7|app: 0|req: 617/1232] 10.0.0.77 () {34 vars in 815 bytes} [Mon Aug 24 17:07:25 2026] DELETE /resource_providers/9da133dd-2b3b-4696-a44f-da4f36b560bc => generated 246 bytes in 14 msecs (HTTP/1.1 404) 6 headers in 231 bytes (1 switches on core 0)
2026-08-24 17:07:27.668 8 INFO placement.requestlog [None req-19e32425-2400-4298-ab79-200b2707ff86 a3f999a764b0475784580c4f1f206a70 15cf92c3943c4fe4b70b140dad500f4b - - f926b59dac2b4a00a8b2bfa3158ed4c2 f926b59dac2b4a00a8b2bfa3158ed4c2] 10.0.0.77 "GET /resource_providers/ad1d87d0-d97f-47da-8286-66472e695d7a/aggregates" status: 404 len: 235 microversion: 1.1 [pid: 8|app: 0|req: 616/1233] 10.0.0.77 () {32 vars in 815 bytes} [Mon Aug 24 17:07:27 2026] GET /resource_providers/ad1d87d0-d97f-47da-8286-66472e695d7a/aggregates => generated 235 bytes in 11 msecs (HTTP/1.1 404) 5 headers in 202 bytes (1 switches on core 0)
2026-08-24 17:07:27.684 8 INFO placement.requestlog [None req-da7721f4-7865-4803-8a67-926e0ff7a262 a3f999a764b0475784580c4f1f206a70 15cf92c3943c4fe4b70b140dad500f4b - - f926b59dac2b4a00a8b2bfa3158ed4c2 f926b59dac2b4a00a8b2bfa3158ed4c2] 10.0.0.77 "DELETE /resource_providers/ad1d87d0-d97f-47da-8286-66472e695d7a" status: 404 len: 246 microversion: 1.1 [pid: 8|app: 0|req: 617/1234] 10.0.0.77 () {34 vars in 815 bytes} [Mon Aug 24 17:07:27 2026] DELETE /resource_providers/ad1d87d0-d97f-47da-8286-66472e695d7a => generated 246 bytes in 9 msecs (HTTP/1.1 404) 6 headers in 231 bytes (1 switches on core 0)
2026-08-24 17:07:27.687 7 INFO placement.requestlog [None req-2dcacd65-2d92-4762-9f93-799e9b3d5461 a3f999a764b0475784580c4f1f206a70 15cf92c3943c4fe4b70b140dad500f4b - - f926b59dac2b4a00a8b2bfa3158ed4c2 f926b59dac2b4a00a8b2bfa3158ed4c2] 10.0.0.77 "GET /resource_providers/ad1d87d0-d97f-47da-8286-66472e695d7a/aggregates" status: 404 len: 235 microversion: 1.1 [pid: 7|app: 0|req: 618/1235] 10.0.0.77 () {32 vars in 815 bytes} [Mon Aug 24 17:07:27 2026] GET /resource_providers/ad1d87d0-d97f-47da-8286-66472e695d7a/aggregates => generated 235 bytes in 13 msecs (HTTP/1.1 404) 5 headers in 202 bytes (1 switches on core 0)
2026-08-24 17:07:27.721 8 INFO placement.requestlog [None req-d1faf539-a167-4e07-8c8a-df8e386dbbff a3f999a764b0475784580c4f1f206a70 15cf92c3943c4fe4b70b140dad500f4b - - f926b59dac2b4a00a8b2bfa3158ed4c2 f926b59dac2b4a00a8b2bfa3158ed4c2] 10.0.0.77 "DELETE /resource_providers/ad1d87d0-d97f-47da-8286-66472e695d7a" status: 404 len: 246 microversion: 1.1 [pid: 8|app: 0|req: 618/1236] 10.0.0.77 () {34 vars in 815 bytes} [Mon Aug 24 17:07:27 2026] DELETE /resource_providers/ad1d87d0-d97f-47da-8286-66472e695d7a => generated 246 bytes in 11 msecs (HTTP/1.1 404) 6 headers in 231 bytes (1 switches on core 0)
2026-08-24 17:07:30.759 8 INFO placement.requestlog [None req-312ee10f-bac8-42a3-babe-d52fcedcd49f a3f999a764b0475784580c4f1f206a70 15cf92c3943c4fe4b70b140dad500f4b - - f926b59dac2b4a00a8b2bfa3158ed4c2 f926b59dac2b4a00a8b2bfa3158ed4c2] 10.0.0.77 "GET /resource_providers/86500b5d-30dc-4d2f-9c0b-5fbfc5b2dfb5/aggregates" status: 404 len: 235 microversion: 1.1 [pid: 8|app: 0|req: 619/1237] 10.0.0.77 () {32 vars in 815 bytes} [Mon Aug 24 17:07:30 2026] GET /resource_providers/86500b5d-30dc-4d2f-9c0b-5fbfc5b2dfb5/aggregates => generated 235 bytes in 9 msecs (HTTP/1.1 404) 5 headers in 202 bytes (1 switches on core 0)
2026-08-24 17:07:30.764 7 INFO placement.requestlog [None req-2014764e-8441-493d-b44b-72847f381729 a3f999a764b0475784580c4f1f206a70 15cf92c3943c4fe4b70b140dad500f4b - - f926b59dac2b4a00a8b2bfa3158ed4c2 f926b59dac2b4a00a8b2bfa3158ed4c2] 10.0.0.77 "GET /resource_providers/86500b5d-30dc-4d2f-9c0b-5fbfc5b2dfb5/aggregates" status: 404 len: 235 microversion: 1.1 [pid: 7|app: 0|req: 619/1238] 10.0.0.77 () {32 vars in 815 bytes} [Mon Aug 24 17:07:30 2026] GET /resource_providers/86500b5d-30dc-4d2f-9c0b-5fbfc5b2dfb5/aggregates => generated 235 bytes in 15 msecs (HTTP/1.1 404) 5 headers in 202 bytes (1 switches on core 0)
2026-08-24 17:07:30.788 7 INFO placement.requestlog [None req-a74c95b2-20ab-4395-88c2-899d5c2b1940 a3f999a764b0475784580c4f1f206a70 15cf92c3943c4fe4b70b140dad500f4b - - f926b59dac2b4a00a8b2bfa3158ed4c2 f926b59dac2b4a00a8b2bfa3158ed4c2] 10.0.0.77 "DELETE /resource_providers/86500b5d-30dc-4d2f-9c0b-5fbfc5b2dfb5" status: 404 len: 246 microversion: 1.1 [pid: 7|app: 0|req: 620/1239] 10.0.0.77 () {34 vars in 815 bytes} [Mon Aug 24 17:07:30 2026] DELETE /resource_providers/86500b5d-30dc-4d2f-9c0b-5fbfc5b2dfb5 => generated 246 bytes in 9 msecs (HTTP/1.1 404) 6 headers in 231 bytes (1 switches on core 0)
2026-08-24 17:07:30.788 8 INFO placement.requestlog [None req-824dc43e-addd-44b8-9cc0-769df9cba5f1 a3f999a764b0475784580c4f1f206a70 15cf92c3943c4fe4b70b140dad500f4b - - f926b59dac2b4a00a8b2bfa3158ed4c2 f926b59dac2b4a00a8b2bfa3158ed4c2] 10.0.0.77 "DELETE /resource_providers/86500b5d-30dc-4d2f-9c0b-5fbfc5b2dfb5" status: 404 len: 246 microversion: 1.1 [pid: 8|app: 0|req: 620/1240] 10.0.0.77 () {34 vars in 815 bytes} [Mon Aug 24 17:07:30 2026] DELETE /resource_providers/86500b5d-30dc-4d2f-9c0b-5fbfc5b2dfb5 => generated 246 bytes in 11 msecs (HTTP/1.1 404) 6 headers in 231 bytes (1 switches on core 0)
2026-08-24 17:07:32.116 8 INFO placement.requestlog [None req-26d0f839-c185-4c8b-b378-7b97d8cb7462 - - - - - -] 10.0.0.126 "GET /" status: 200 len: 136 microversion: 1.0
2026-08-24 17:07:32.116 7 INFO placement.requestlog [None req-f69e58b5-4c2f-485e-9146-17cd34c78587 - - - - - -] 10.0.0.126 "GET /" status: 200 len: 136 microversion: 1.0
2026-08-24 17:07:33.748 8 INFO placement.requestlog [req-921bef1e-1871-49a0-aac9-77ad650e2725 req-48ab255f-882d-4b8b-a49a-a8ec2bf8dcde 261851bd591943bb98895766824585c9 15cf92c3943c4fe4b70b140dad500f4b - - f926b59dac2b4a00a8b2bfa3158ed4c2 f926b59dac2b4a00a8b2bfa3158ed4c2] 199.19.213.12 "GET /resource_providers/059d29ef-d3f3-4308-8f99-0445498f4940/allocations" status: 200 len: 152 microversion: 1.0 [pid: 8|app: 0|req: 622/1243] 199.19.213.12 () {32 vars in 856 bytes} [Mon Aug 24 17:07:33 2026] GET /resource_providers/059d29ef-d3f3-4308-8f99-0445498f4940/allocations => generated 152 bytes in 20 msecs (HTTP/1.1 200) 6 headers in 224 bytes (1 switches on core 0)
2026-08-24 17:07:33.770 7 INFO placement.requestlog [req-921bef1e-1871-49a0-aac9-77ad650e2725 req-f05c438d-d48f-4b5f-965b-e888f81a68de 261851bd591943bb98895766824585c9 15cf92c3943c4fe4b70b140dad500f4b - - f926b59dac2b4a00a8b2bfa3158ed4c2 f926b59dac2b4a00a8b2bfa3158ed4c2] 199.19.213.12 "GET /allocations/82741490-f03f-4357-b59a-ebaeab5ad303" status: 200 len: 257 microversion: 1.28 [pid: 7|app: 0|req: 622/1244] 199.19.213.12 () {34 vars in 862 bytes} [Mon Aug 24 17:07:33 2026] GET /allocations/82741490-f03f-4357-b59a-ebaeab5ad303 => generated 257 bytes in 16 msecs (HTTP/1.1 200) 8 headers in 296 bytes (1 switches on core 0)
2026-08-24 17:07:34.829 8 INFO placement.requestlog [req-921bef1e-1871-49a0-aac9-77ad650e2725 req-695e7eed-3aa7-4ce1-9982-b3b7ae7a8148 261851bd591943bb98895766824585c9 15cf92c3943c4fe4b70b140dad500f4b - - f926b59dac2b4a00a8b2bfa3158ed4c2 f926b59dac2b4a00a8b2bfa3158ed4c2] 199.19.213.12 "DELETE /allocations/82741490-f03f-4357-b59a-ebaeab5ad303" status: 204 len: 0 microversion: 1.0 [pid: 8|app: 0|req: 623/1245] 199.19.213.12 () {34 vars in 840 bytes} [Mon Aug 24 17:07:34 2026] DELETE /allocations/82741490-f03f-4357-b59a-ebaeab5ad303 => generated 0 bytes in 33 msecs (HTTP/1.1 204) 5 headers in 198 bytes (1 switches on core 0)
2026-08-24 17:07:37.932 7 INFO placement.requestlog [req-8a469b1a-9fc4-4efa-843f-dc02151cb991 req-d5a74535-b63f-4a2b-bfed-6e44eaf9c5a2 261851bd591943bb98895766824585c9 15cf92c3943c4fe4b70b140dad500f4b - - f926b59dac2b4a00a8b2bfa3158ed4c2 f926b59dac2b4a00a8b2bfa3158ed4c2] 199.19.213.12 "GET /resource_providers/059d29ef-d3f3-4308-8f99-0445498f4940/allocations" status: 200 len: 54 microversion: 1.0 [pid: 7|app: 0|req: 623/1246] 199.19.213.12 () {32 vars in 856 bytes} [Mon Aug 24 17:07:37 2026] GET /resource_providers/059d29ef-d3f3-4308-8f99-0445498f4940/allocations => generated 54 bytes in 14 msecs (HTTP/1.1 200) 6 headers in 223 bytes (1 switches on core 0)
2026-08-24 17:07:37.950 8 INFO placement.requestlog [req-8a469b1a-9fc4-4efa-843f-dc02151cb991 req-ff581843-2b35-4c51-98d9-43dadfe358ab 261851bd591943bb98895766824585c9 15cf92c3943c4fe4b70b140dad500f4b - - f926b59dac2b4a00a8b2bfa3158ed4c2 f926b59dac2b4a00a8b2bfa3158ed4c2] 199.19.213.12 "GET /resource_providers/059d29ef-d3f3-4308-8f99-0445498f4940/allocations" status: 200 len: 54 microversion: 1.0 [pid: 8|app: 0|req: 624/1247] 199.19.213.12 () {32 vars in 856 bytes} [Mon Aug 24 17:07:37 2026] GET /resource_providers/059d29ef-d3f3-4308-8f99-0445498f4940/allocations => generated 54 bytes in 13 msecs (HTTP/1.1 200) 6 headers in 223 bytes (1 switches on core 0)
2026-08-24 17:07:39.261 8 INFO placement.requestlog [None req-2f081cc5-00e2-4fae-a05a-39fefa5b69cb a3f999a764b0475784580c4f1f206a70 15cf92c3943c4fe4b70b140dad500f4b - - f926b59dac2b4a00a8b2bfa3158ed4c2 f926b59dac2b4a00a8b2bfa3158ed4c2] 10.0.0.77 "GET /resource_providers/4cf4a2f3-4c69-4cd3-b4b9-6c0e7b67fb7b/aggregates" status: 404 len: 235 microversion: 1.1
2026-08-24 17:07:39.262 7 INFO placement.requestlog [None req-cdcee695-1cdf-49af-8c5c-2a401b764a0e a3f999a764b0475784580c4f1f206a70 15cf92c3943c4fe4b70b140dad500f4b - - f926b59dac2b4a00a8b2bfa3158ed4c2 f926b59dac2b4a00a8b2bfa3158ed4c2] 10.0.0.77 "GET /resource_providers/4cf4a2f3-4c69-4cd3-b4b9-6c0e7b67fb7b/aggregates" status: 404 len: 235 microversion: 1.1 [pid: 8|app: 0|req: 625/1248] 10.0.0.77 () {32 vars in 815 bytes} [Mon Aug 24 17:07:39 2026] GET /resource_providers/4cf4a2f3-4c69-4cd3-b4b9-6c0e7b67fb7b/aggregates => generated 235 bytes in 7 msecs (HTTP/1.1 404) 5 headers in 202 bytes (1 switches on core 0) [pid: 7|app: 0|req: 624/1249] 10.0.0.77 () {32 vars in 815 bytes} [Mon Aug 24 17:07:39 2026] GET /resource_providers/4cf4a2f3-4c69-4cd3-b4b9-6c0e7b67fb7b/aggregates => generated 235 bytes in 8 msecs (HTTP/1.1 404) 5 headers in 202 bytes (1 switches on core 0)
2026-08-24 17:07:39.284 8 INFO placement.requestlog [None req-74334bca-f63f-465b-bccb-ec40ecb8660f a3f999a764b0475784580c4f1f206a70 15cf92c3943c4fe4b70b140dad500f4b - - f926b59dac2b4a00a8b2bfa3158ed4c2 f926b59dac2b4a00a8b2bfa3158ed4c2] 10.0.0.77 "DELETE /resource_providers/4cf4a2f3-4c69-4cd3-b4b9-6c0e7b67fb7b" status: 404 len: 246 microversion: 1.1 [pid: 8|app: 0|req: 626/1250] 10.0.0.77 () {34 vars in 815 bytes} [Mon Aug 24 17:07:39 2026] DELETE /resource_providers/4cf4a2f3-4c69-4cd3-b4b9-6c0e7b67fb7b => generated 246 bytes in 14 msecs (HTTP/1.1 404) 6 headers in 231 bytes (1 switches on core 0)
2026-08-24 17:07:39.286 7 INFO placement.requestlog [None req-e77e914a-3dc1-441c-b2a2-87ab450126a3 a3f999a764b0475784580c4f1f206a70 15cf92c3943c4fe4b70b140dad500f4b - - f926b59dac2b4a00a8b2bfa3158ed4c2 f926b59dac2b4a00a8b2bfa3158ed4c2] 10.0.0.77 "DELETE /resource_providers/4cf4a2f3-4c69-4cd3-b4b9-6c0e7b67fb7b" status: 404 len: 246 microversion: 1.1 [pid: 7|app: 0|req: 625/1251] 10.0.0.77 () {34 vars in 815 bytes} [Mon Aug 24 17:07:39 2026] DELETE /resource_providers/4cf4a2f3-4c69-4cd3-b4b9-6c0e7b67fb7b => generated 246 bytes in 11 msecs (HTTP/1.1 404) 6 headers in 231 bytes (1 switches on core 0)
2026-08-24 17:07:42.115 7 INFO placement.requestlog [None req-61f9fea8-0cf9-4398-a192-1ac6578e63ae - - - - - -] 10.0.0.126 "GET /" status: 200 len: 136 microversion: 1.0
2026-08-24 17:07:42.115 8 INFO placement.requestlog [None req-e27df3b6-c857-4e8a-a544-b1ca1ce38a43 - - - - - -] 10.0.0.126 "GET /" status: 200 len: 136 microversion: 1.0
2026-08-24 17:07:52.116 8 INFO placement.requestlog [None req-8176ab75-ad91-4328-b692-2707dbf9ede5 - - - - - -] 10.0.0.126 "GET /" status: 200 len: 136 microversion: 1.0
2026-08-24 17:07:52.116 7 INFO placement.requestlog [None req-43a4bbe3-fdce-45ae-8fa5-1d333ab0f01d - - - - - -] 10.0.0.126 "GET /" status: 200 len: 136 microversion: 1.0
2026-08-24 17:08:02.115 8 INFO placement.requestlog [None req-d567a1a7-befd-4038-bc72-e45a3ee065f4 - - - - - -] 10.0.0.126 "GET /" status: 200 len: 136 microversion: 1.0
2026-08-24 17:08:02.115 7 INFO placement.requestlog [None req-3671b3b4-d1c5-454f-9dd8-72344c8752f9 - - - - - -] 10.0.0.126 "GET /" status: 200 len: 136 microversion: 1.0
2026-08-24 17:08:05.827 8 INFO placement.requestlog [req-280a9b81-fa85-44dd-824e-2f1f2122871d req-bfd7372d-df95-4061-bc6d-e6fa2819fb47 261851bd591943bb98895766824585c9 15cf92c3943c4fe4b70b140dad500f4b - - f926b59dac2b4a00a8b2bfa3158ed4c2 f926b59dac2b4a00a8b2bfa3158ed4c2] 10.0.0.165 "GET /allocation_candidates?limit=1000&resources=DISK_GB%3A1%2CMEMORY_MB%3A512%2CVCPU%3A1&root_required=%21COMPUTE_STATUS_DISABLED" status: 200 len: 2781 microversion: 1.36 [pid: 8|app: 0|req: 630/1258] 10.0.0.165 () {34 vars in 1012 bytes} [Mon Aug 24 17:08:05 2026] GET /allocation_candidates?limit=1000&resources=DISK_GB%3A1%2CMEMORY_MB%3A512%2CVCPU%3A1&root_required=%21COMPUTE_STATUS_DISABLED => generated 2781 bytes in 197 msecs (HTTP/1.1 200) 8 headers in 297 bytes (1 switches on core 0)
2026-08-24 17:08:05.860 7 INFO placement.requestlog [req-280a9b81-fa85-44dd-824e-2f1f2122871d req-654a658f-281a-4465-ae5c-3c9c27eee136 261851bd591943bb98895766824585c9 15cf92c3943c4fe4b70b140dad500f4b - - f926b59dac2b4a00a8b2bfa3158ed4c2 f926b59dac2b4a00a8b2bfa3158ed4c2] 10.0.0.165 "GET /allocations/3582e947-77dc-4f08-8e44-ab07cda861a9" status: 200 len: 19 microversion: 1.28 [pid: 7|app: 0|req: 629/1259] 10.0.0.165 () {34 vars in 861 bytes} [Mon Aug 24 17:08:05 2026] GET /allocations/3582e947-77dc-4f08-8e44-ab07cda861a9 => generated 19 bytes in 7 msecs (HTTP/1.1 200) 8 headers in 295 bytes (1 switches on core 0)
2026-08-24 17:08:05.922 8 INFO placement.requestlog [req-280a9b81-fa85-44dd-824e-2f1f2122871d req-a287b1ab-1233-4ff3-a25f-ed637a2648b8 261851bd591943bb98895766824585c9 15cf92c3943c4fe4b70b140dad500f4b - - f926b59dac2b4a00a8b2bfa3158ed4c2 f926b59dac2b4a00a8b2bfa3158ed4c2] 10.0.0.165 "PUT /allocations/3582e947-77dc-4f08-8e44-ab07cda861a9" status: 204 len: 0 microversion: 1.36 [pid: 8|app: 0|req: 631/1260] 10.0.0.165 () {38 vars in 914 bytes} [Mon Aug 24 17:08:05 2026] PUT /allocations/3582e947-77dc-4f08-8e44-ab07cda861a9 => generated 0 bytes in 55 msecs (HTTP/1.1 204) 5 headers in 199 bytes (1 switches on core 0)
2026-08-24 17:08:07.299 7 INFO placement.requestlog [req-280a9b81-fa85-44dd-824e-2f1f2122871d req-4795df17-1731-49fd-be6e-d45df2499f87 261851bd591943bb98895766824585c9 15cf92c3943c4fe4b70b140dad500f4b - - f926b59dac2b4a00a8b2bfa3158ed4c2 f926b59dac2b4a00a8b2bfa3158ed4c2] 199.19.213.12 "GET /allocations/3582e947-77dc-4f08-8e44-ab07cda861a9" status: 200 len: 258 microversion: 1.28 [pid: 7|app: 0|req: 630/1261] 199.19.213.12 () {34 vars in 862 bytes} [Mon Aug 24 17:08:07 2026] GET /allocations/3582e947-77dc-4f08-8e44-ab07cda861a9 => generated 258 bytes in 15 msecs (HTTP/1.1 200) 8 headers in 296 bytes (1 switches on core 0)
2026-08-24 17:08:08.355 8 INFO placement.requestlog [req-280a9b81-fa85-44dd-824e-2f1f2122871d req-80080d98-19f9-4612-95d2-df9b36d1c29a 261851bd591943bb98895766824585c9 15cf92c3943c4fe4b70b140dad500f4b - - f926b59dac2b4a00a8b2bfa3158ed4c2 f926b59dac2b4a00a8b2bfa3158ed4c2] 199.19.213.12 "GET /resource_providers/059d29ef-d3f3-4308-8f99-0445498f4940/allocations" status: 200 len: 153 microversion: 1.0 [pid: 8|app: 0|req: 632/1262] 199.19.213.12 () {32 vars in 856 bytes} [Mon Aug 24 17:08:08 2026] GET /resource_providers/059d29ef-d3f3-4308-8f99-0445498f4940/allocations => generated 153 bytes in 24 msecs (HTTP/1.1 200) 6 headers in 224 bytes (1 switches on core 0)
2026-08-24 17:08:08.377 7 INFO placement.requestlog [req-280a9b81-fa85-44dd-824e-2f1f2122871d req-7127da97-168f-4f71-9000-17e9661d04cf 261851bd591943bb98895766824585c9 15cf92c3943c4fe4b70b140dad500f4b - - f926b59dac2b4a00a8b2bfa3158ed4c2 f926b59dac2b4a00a8b2bfa3158ed4c2] 199.19.213.12 "GET /allocations/3582e947-77dc-4f08-8e44-ab07cda861a9" status: 200 len: 258 microversion: 1.28 [pid: 7|app: 0|req: 631/1263] 199.19.213.12 () {34 vars in 862 bytes} [Mon Aug 24 17:08:08 2026] GET /allocations/3582e947-77dc-4f08-8e44-ab07cda861a9 => generated 258 bytes in 13 msecs (HTTP/1.1 200) 8 headers in 296 bytes (1 switches on core 0)
2026-08-24 17:08:12.115 7 INFO placement.requestlog [None req-1db9c347-29d6-43c5-8a45-bbbf5dfd66ef - - - - - -] 10.0.0.126 "GET /" status: 200 len: 136 microversion: 1.0
2026-08-24 17:08:12.116 8 INFO placement.requestlog [None req-73fa3f64-f93c-4093-b700-e64617b3fe41 - - - - - -] 10.0.0.126 "GET /" status: 200 len: 136 microversion: 1.0
2026-08-24 17:08:12.415 7 INFO placement.requestlog [req-525c1b9b-43c4-4abb-ba7e-cc9470e98785 req-f4a95521-3abc-4363-b87d-c97b6604f27f 261851bd591943bb98895766824585c9 15cf92c3943c4fe4b70b140dad500f4b - - f926b59dac2b4a00a8b2bfa3158ed4c2 f926b59dac2b4a00a8b2bfa3158ed4c2] 10.0.0.165 "GET /allocation_candidates?limit=1000&resources=DISK_GB%3A1%2CMEMORY_MB%3A512%2CVCPU%3A1&root_required=%21COMPUTE_STATUS_DISABLED" status: 200 len: 2783 microversion: 1.36 [pid: 7|app: 0|req: 633/1266] 10.0.0.165 () {34 vars in 1012 bytes} [Mon Aug 24 17:08:12 2026] GET /allocation_candidates?limit=1000&resources=DISK_GB%3A1%2CMEMORY_MB%3A512%2CVCPU%3A1&root_required=%21COMPUTE_STATUS_DISABLED => generated 2783 bytes in 42 msecs (HTTP/1.1 200) 8 headers in 297 bytes (1 switches on core 0)
2026-08-24 17:08:12.445 8 INFO placement.requestlog [req-525c1b9b-43c4-4abb-ba7e-cc9470e98785 req-1e486fa2-929d-41ad-9621-a359b1674d85 261851bd591943bb98895766824585c9 15cf92c3943c4fe4b70b140dad500f4b - - f926b59dac2b4a00a8b2bfa3158ed4c2 f926b59dac2b4a00a8b2bfa3158ed4c2] 10.0.0.165 "GET /allocations/ea93a513-dbdb-426b-a689-938b261fe0e0" status: 200 len: 19 microversion: 1.28 [pid: 8|app: 0|req: 634/1267] 10.0.0.165 () {34 vars in 861 bytes} [Mon Aug 24 17:08:12 2026] GET /allocations/ea93a513-dbdb-426b-a689-938b261fe0e0 => generated 19 bytes in 10 msecs (HTTP/1.1 200) 8 headers in 295 bytes (1 switches on core 0)
2026-08-24 17:08:12.520 7 INFO placement.requestlog [req-525c1b9b-43c4-4abb-ba7e-cc9470e98785 req-2dfc27d9-7838-482b-a711-4f009ce33cd6 261851bd591943bb98895766824585c9 15cf92c3943c4fe4b70b140dad500f4b - - f926b59dac2b4a00a8b2bfa3158ed4c2 f926b59dac2b4a00a8b2bfa3158ed4c2] 10.0.0.165 "PUT /allocations/ea93a513-dbdb-426b-a689-938b261fe0e0" status: 204 len: 0 microversion: 1.36 [pid: 7|app: 0|req: 634/1268] 10.0.0.165 () {38 vars in 914 bytes} [Mon Aug 24 17:08:12 2026] PUT /allocations/ea93a513-dbdb-426b-a689-938b261fe0e0 => generated 0 bytes in 65 msecs (HTTP/1.1 204) 5 headers in 199 bytes (1 switches on core 0)
2026-08-24 17:08:14.053 8 INFO placement.requestlog [req-525c1b9b-43c4-4abb-ba7e-cc9470e98785 req-bc4b536b-57db-4421-9d6d-aeff654413c6 261851bd591943bb98895766824585c9 15cf92c3943c4fe4b70b140dad500f4b - - f926b59dac2b4a00a8b2bfa3158ed4c2 f926b59dac2b4a00a8b2bfa3158ed4c2] 199.19.213.12 "GET /allocations/ea93a513-dbdb-426b-a689-938b261fe0e0" status: 200 len: 258 microversion: 1.28 [pid: 8|app: 0|req: 635/1269] 199.19.213.12 () {34 vars in 862 bytes} [Mon Aug 24 17:08:14 2026] GET /allocations/ea93a513-dbdb-426b-a689-938b261fe0e0 => generated 258 bytes in 18 msecs (HTTP/1.1 200) 8 headers in 296 bytes (1 switches on core 0)
2026-08-24 17:08:15.102 7 INFO placement.requestlog [req-525c1b9b-43c4-4abb-ba7e-cc9470e98785 req-34ec2ee0-b2cd-4662-8cdb-63072561ca68 261851bd591943bb98895766824585c9 15cf92c3943c4fe4b70b140dad500f4b - - f926b59dac2b4a00a8b2bfa3158ed4c2 f926b59dac2b4a00a8b2bfa3158ed4c2] 199.19.213.12 "GET /resource_providers/059d29ef-d3f3-4308-8f99-0445498f4940/allocations" status: 200 len: 253 microversion: 1.0 [pid: 7|app: 0|req: 635/1270] 199.19.213.12 () {32 vars in 856 bytes} [Mon Aug 24 17:08:15 2026] GET /resource_providers/059d29ef-d3f3-4308-8f99-0445498f4940/allocations => generated 253 bytes in 14 msecs (HTTP/1.1 200) 6 headers in 224 bytes (1 switches on core 0)
2026-08-24 17:08:15.123 8 INFO placement.requestlog [req-525c1b9b-43c4-4abb-ba7e-cc9470e98785 req-c95e99e9-0c2f-4058-9b06-d550a9c03cbf 261851bd591943bb98895766824585c9 15cf92c3943c4fe4b70b140dad500f4b - - f926b59dac2b4a00a8b2bfa3158ed4c2 f926b59dac2b4a00a8b2bfa3158ed4c2] 199.19.213.12 "GET /allocations/3582e947-77dc-4f08-8e44-ab07cda861a9" status: 200 len: 258 microversion: 1.28 [pid: 8|app: 0|req: 636/1271] 199.19.213.12 () {34 vars in 862 bytes} [Mon Aug 24 17:08:15 2026] GET /allocations/3582e947-77dc-4f08-8e44-ab07cda861a9 => generated 258 bytes in 13 msecs (HTTP/1.1 200) 8 headers in 296 bytes (1 switches on core 0)
2026-08-24 17:08:15.140 7 INFO placement.requestlog [req-525c1b9b-43c4-4abb-ba7e-cc9470e98785 req-da612093-326c-4de3-bf64-2cf4ab4da6fc 261851bd591943bb98895766824585c9 15cf92c3943c4fe4b70b140dad500f4b - - f926b59dac2b4a00a8b2bfa3158ed4c2 f926b59dac2b4a00a8b2bfa3158ed4c2] 199.19.213.12 "GET /allocations/ea93a513-dbdb-426b-a689-938b261fe0e0" status: 200 len: 258 microversion: 1.28 [pid: 7|app: 0|req: 636/1272] 199.19.213.12 () {34 vars in 862 bytes} [Mon Aug 24 17:08:15 2026] GET /allocations/ea93a513-dbdb-426b-a689-938b261fe0e0 => generated 258 bytes in 12 msecs (HTTP/1.1 200) 8 headers in 296 bytes (1 switches on core 0)
2026-08-24 17:08:22.115 8 INFO placement.requestlog [None req-edb6f09f-777e-40da-8188-debfac78ed42 - - - - - -] 10.0.0.126 "GET /" status: 200 len: 136 microversion: 1.0
