Apr 17 03:00:12.445344 np0000166945 devstack@neutron-api.service[104514]: DEBUG neutron_lib.callbacks.manager [None req-9975965c-da36-4b97-af03-4b44b6fd525a None None] Subscribe: > network after_update 55550000, False {{(pid=104514) subscribe /opt/stack/data/venv/lib/python3.12/site-packages/neutron_lib/callbacks/manager.py:52}}
Apr 17 03:00:12.445449 np0000166945 devstack@neutron-api.service[104514]: DEBUG neutron_lib.callbacks.manager [None req-9975965c-da36-4b97-af03-4b44b6fd525a None None] Subscribe: > network after_delete 55550000, False {{(pid=104514) subscribe /opt/stack/data/venv/lib/python3.12/site-packages/neutron_lib/callbacks/manager.py:52}}
Apr 17 03:00:12.445510 np0000166945 devstack@neutron-api.service[104514]: DEBUG neutron_lib.callbacks.manager [None req-9975965c-da36-4b97-af03-4b44b6fd525a None None] Subscribe: > security_group after_create 55550000, False {{(pid=104514) subscribe /opt/stack/data/venv/lib/python3.12/site-packages/neutron_lib/callbacks/manager.py:52}}
Apr 17 03:00:12.445643 np0000166945 devstack@neutron-api.service[104512]: DEBUG neutron_lib.callbacks.manager [None req-684f5942-a779-45df-91ad-f1c60d07cd82 None None] Subscribe: > router precommit_create 55549900, False {{(pid=104512) subscribe /opt/stack/data/venv/lib/python3.12/site-packages/neutron_lib/callbacks/manager.py:52}}
Apr 17 03:00:12.445885 np0000166945 devstack@neutron-api.service[104514]: DEBUG neutron_lib.callbacks.manager [None req-9975965c-da36-4b97-af03-4b44b6fd525a None None] Subscribe: > security_group after_update 55550000, False {{(pid=104514) subscribe /opt/stack/data/venv/lib/python3.12/site-packages/neutron_lib/callbacks/manager.py:52}}
Apr 17 03:00:12.446068 np0000166945 devstack@neutron-api.service[104512]: DEBUG neutron_lib.callbacks.manager [None req-684f5942-a779-45df-91ad-f1c60d07cd82 None None] Subscribe: > router_interface after_create 55550000, False {{(pid=104512) subscribe /opt/stack/data/venv/lib/python3.12/site-packages/neutron_lib/callbacks/manager.py:52}}
Apr 17 03:00:12.446182 np0000166945 devstack@neutron-api.service[104514]: DEBUG neutron_lib.callbacks.manager [None req-9975965c-da36-4b97-af03-4b44b6fd525a None None] Subscribe: > security_group after_delete 55550000, False {{(pid=104514) subscribe /opt/stack/data/venv/lib/python3.12/site-packages/neutron_lib/callbacks/manager.py:52}}
Apr 17 03:00:12.446237 np0000166945 devstack@neutron-api.service[104512]: DEBUG neutron_lib.callbacks.manager [None req-684f5942-a779-45df-91ad-f1c60d07cd82 None None] Subscribe: > floatingip after_create 55550000, False {{(pid=104512) subscribe /opt/stack/data/venv/lib/python3.12/site-packages/neutron_lib/callbacks/manager.py:52}}
Apr 17 03:00:12.446340 np0000166945 devstack@neutron-api.service[104514]: DEBUG neutron_lib.callbacks.manager [None req-9975965c-da36-4b97-af03-4b44b6fd525a None None] Subscribe: > security_group_rule after_create 55550000, False {{(pid=104514) subscribe /opt/stack/data/venv/lib/python3.12/site-packages/neutron_lib/callbacks/manager.py:52}}
Apr 17 03:00:12.446484 np0000166945 devstack@neutron-api.service[104512]: DEBUG neutron_lib.callbacks.manager [None req-684f5942-a779-45df-91ad-f1c60d07cd82 None None] Subscribe: > floatingip precommit_create 55550000, False {{(pid=104512) subscribe /opt/stack/data/venv/lib/python3.12/site-packages/neutron_lib/callbacks/manager.py:52}}
Apr 17 03:00:12.446484 np0000166945 devstack@neutron-api.service[104512]: DEBUG neutron_lib.callbacks.manager [None req-684f5942-a779-45df-91ad-f1c60d07cd82 None None] Subscribe: > floatingip precommit_update 55550000, False {{(pid=104512) subscribe /opt/stack/data/venv/lib/python3.12/site-packages/neutron_lib/callbacks/manager.py:52}}
Apr 17 03:00:12.446573 np0000166945 devstack@neutron-api.service[104514]: DEBUG neutron_lib.callbacks.manager [None req-9975965c-da36-4b97-af03-4b44b6fd525a None None] Subscribe: > security_group_rule after_update 55550000, False {{(pid=104514) subscribe /opt/stack/data/venv/lib/python3.12/site-packages/neutron_lib/callbacks/manager.py:52}}
Apr 17 03:00:12.446634 np0000166945 devstack@neutron-api.service[104512]: DEBUG neutron_lib.callbacks.manager [None req-684f5942-a779-45df-91ad-f1c60d07cd82 None None] Subscribe: > floatingip after_delete 55550000, False {{(pid=104512) subscribe /opt/stack/data/venv/lib/python3.12/site-packages/neutron_lib/callbacks/manager.py:52}}
Apr 17 03:00:12.446782 np0000166945 devstack@neutron-api.service[104514]: DEBUG neutron_lib.callbacks.manager [None req-9975965c-da36-4b97-af03-4b44b6fd525a None None] Subscribe: > security_group_rule after_delete 55550000, False {{(pid=104514) subscribe /opt/stack/data/venv/lib/python3.12/site-packages/neutron_lib/callbacks/manager.py:52}}
Apr 17 03:00:12.446932 np0000166945 devstack@neutron-api.service[104512]: DEBUG neutron_lib.callbacks.manager [None req-684f5942-a779-45df-91ad-f1c60d07cd82 None None] Subscribe: > floatingip after_status_update 55550000, False {{(pid=104512) subscribe /opt/stack/data/venv/lib/python3.12/site-packages/neutron_lib/callbacks/manager.py:52}}
Apr 17 03:00:12.446989 np0000166945 devstack@neutron-api.service[104514]: DEBUG neutron_lib.callbacks.manager [None req-9975965c-da36-4b97-af03-4b44b6fd525a None None] Subscribe: > address_group after_create 55550000, False {{(pid=104514) subscribe /opt/stack/data/venv/lib/python3.12/site-packages/neutron_lib/callbacks/manager.py:52}}
Apr 17 03:00:12.447102 np0000166945 devstack@neutron-api.service[104512]: DEBUG neutron_lib.callbacks.manager [None req-684f5942-a779-45df-91ad-f1c60d07cd82 None None] Subscribe: > floatingip after_update 55550000, False {{(pid=104512) subscribe /opt/stack/data/venv/lib/python3.12/site-packages/neutron_lib/callbacks/manager.py:52}}
Apr 17 03:00:12.447149 np0000166945 devstack@neutron-api.service[104514]: DEBUG neutron_lib.callbacks.manager [None req-9975965c-da36-4b97-af03-4b44b6fd525a None None] Subscribe: > address_group after_update 55550000, False {{(pid=104514) subscribe /opt/stack/data/venv/lib/python3.12/site-packages/neutron_lib/callbacks/manager.py:52}}
Apr 17 03:00:12.447291 np0000166945 devstack@neutron-api.service[104512]: DEBUG neutron_lib.callbacks.manager [None req-684f5942-a779-45df-91ad-f1c60d07cd82 None None] Subscribe: > port_forwarding after_create 55550000, False {{(pid=104512) subscribe /opt/stack/data/venv/lib/python3.12/site-packages/neutron_lib/callbacks/manager.py:52}}
Apr 17 03:00:12.447341 np0000166945 devstack@neutron-api.service[104514]: DEBUG neutron_lib.callbacks.manager [None req-9975965c-da36-4b97-af03-4b44b6fd525a None None] Subscribe: > address_group after_delete 55550000, False {{(pid=104514) subscribe /opt/stack/data/venv/lib/python3.12/site-packages/neutron_lib/callbacks/manager.py:52}}
Apr 17 03:00:12.447389 np0000166945 devstack@neutron-api.service[104512]: DEBUG neutron_lib.callbacks.manager [None req-684f5942-a779-45df-91ad-f1c60d07cd82 None None] Subscribe: > router_interface after_delete 55550000, False {{(pid=104512) subscribe /opt/stack/data/venv/lib/python3.12/site-packages/neutron_lib/callbacks/manager.py:52}}
Apr 17 03:00:12.447481 np0000166945 devstack@neutron-api.service[104514]: DEBUG neutron.plugins.ml2.ovo_rpc [None req-9975965c-da36-4b97-af03-4b44b6fd525a None None] ML2 OVO RPC backend initialized. {{(pid=104514) __init__ /opt/stack/neutron/neutron/plugins/ml2/ovo_rpc.py:117}}
Apr 17 03:00:12.447521 np0000166945 devstack@neutron-api.service[104512]: DEBUG neutron_lib.callbacks.manager [None req-684f5942-a779-45df-91ad-f1c60d07cd82 None None] Subscribe: > router after_create 55550000, False {{(pid=104512) subscribe /opt/stack/data/venv/lib/python3.12/site-packages/neutron_lib/callbacks/manager.py:52}}
Apr 17 03:00:12.447521 np0000166945 devstack@neutron-api.service[104512]: DEBUG neutron_lib.callbacks.manager [None req-684f5942-a779-45df-91ad-f1c60d07cd82 None None] Subscribe: > router precommit_create 55550000, False {{(pid=104512) subscribe /opt/stack/data/venv/lib/python3.12/site-packages/neutron_lib/callbacks/manager.py:52}}
Apr 17 03:00:12.447521 np0000166945 devstack@neutron-api.service[104512]: DEBUG neutron_lib.callbacks.manager [None req-684f5942-a779-45df-91ad-f1c60d07cd82 None None] Subscribe: > router after_delete 55550000, False {{(pid=104512) subscribe /opt/stack/data/venv/lib/python3.12/site-packages/neutron_lib/callbacks/manager.py:52}}
Apr 17 03:00:12.447521 np0000166945 devstack@neutron-api.service[104512]: DEBUG neutron_lib.callbacks.manager [None req-684f5942-a779-45df-91ad-f1c60d07cd82 None None] Subscribe: > router after_update 55550000, False {{(pid=104512) subscribe /opt/stack/data/venv/lib/python3.12/site-packages/neutron_lib/callbacks/manager.py:52}}
Apr 17 03:00:12.447521 np0000166945 devstack@neutron-api.service[104512]: DEBUG neutron.services.service_base [None req-684f5942-a779-45df-91ad-f1c60d07cd82 None None] Loaded 'neutron.services.ovn_l3.service_providers.ovn.OvnDriver' provider for service L3_ROUTER_NAT {{(pid=104512) load_drivers /opt/stack/neutron/neutron/services/service_base.py:49}}
Apr 17 03:00:12.447743 np0000166945 devstack@neutron-api.service[104512]: DEBUG neutron_lib.callbacks.manager [None req-684f5942-a779-45df-91ad-f1c60d07cd82 None None] Subscribe: > process after_init 55550001, True {{(pid=104512) subscribe /opt/stack/data/venv/lib/python3.12/site-packages/neutron_lib/callbacks/manager.py:52}}
Apr 17 03:00:12.447743 np0000166945 devstack@neutron-api.service[104512]: DEBUG neutron.manager [None req-684f5942-a779-45df-91ad-f1c60d07cd82 None None] Successfully loaded L3_ROUTER_NAT plugin. Description: L3 Router Service Plugin for basic L3 forwarding using OVN {{(pid=104512) _create_and_add_service_plugin /opt/stack/neutron/neutron/manager.py:239}}
Apr 17 03:00:12.447743 np0000166945 devstack@neutron-api.service[104512]: INFO neutron.manager [None req-684f5942-a779-45df-91ad-f1c60d07cd82 None None] Loading Plugin: auto_allocate
Apr 17 03:00:12.447998 np0000166945 devstack@neutron-api.service[104514]: INFO neutron.quota [None req-9975965c-da36-4b97-af03-4b44b6fd525a None None] Loaded quota_driver: .
Apr 17 03:00:12.447998 np0000166945 devstack@neutron-api.service[104514]: INFO neutron.plugins.ml2.plugin [None req-9975965c-da36-4b97-af03-4b44b6fd525a None None] Modular L2 Plugin initialization complete
Apr 17 03:00:12.447998 np0000166945 devstack@neutron-api.service[104514]: DEBUG neutron.manager [None req-9975965c-da36-4b97-af03-4b44b6fd525a None None] Loading services supported by the core plugin {{(pid=104514) _load_services_from_core_plugin /opt/stack/neutron/neutron/manager.py:170}}
Apr 17 03:00:12.447998 np0000166945 devstack@neutron-api.service[104514]: INFO neutron.plugins.ml2.managers [None req-9975965c-da36-4b97-af03-4b44b6fd525a None None] Got port-security extension from driver 'port_security'
Apr 17 03:00:12.447998 np0000166945 devstack@neutron-api.service[104514]: DEBUG neutron.manager [None req-9975965c-da36-4b97-af03-4b44b6fd525a None None] Loading service plugins: ['ovn-router', 'auto_allocate', 'tag', 'timestamp', 'network_ip_availability', 'flavors', 'revisions'] {{(pid=104514) _load_service_plugins /opt/stack/neutron/neutron/manager.py:195}}
Apr 17 03:00:12.448431 np0000166945 devstack@neutron-api.service[104514]: INFO neutron.manager [None req-9975965c-da36-4b97-af03-4b44b6fd525a None None] Loading Plugin: ovn-router
Apr 17 03:00:12.448479 np0000166945 devstack@neutron-api.service[104512]: DEBUG neutron_lib.callbacks.manager [None req-684f5942-a779-45df-91ad-f1c60d07cd82 None None] Subscribe: network precommit_update 55550000, False {{(pid=104512) subscribe /opt/stack/data/venv/lib/python3.12/site-packages/neutron_lib/callbacks/manager.py:52}}
Apr 17 03:00:12.448479 np0000166945 devstack@neutron-api.service[104512]: DEBUG neutron_lib.callbacks.manager [None req-684f5942-a779-45df-91ad-f1c60d07cd82 None None] Subscribe: network precommit_create 55550000, False {{(pid=104512) subscribe /opt/stack/data/venv/lib/python3.12/site-packages/neutron_lib/callbacks/manager.py:52}}
Apr 17 03:00:12.448733 np0000166945 devstack@neutron-api.service[104512]: DEBUG neutron.manager [None req-684f5942-a779-45df-91ad-f1c60d07cd82 None None] Successfully loaded auto-allocated-topology plugin. Description: Auto Allocated Topology - aka get me a network. {{(pid=104512) _create_and_add_service_plugin /opt/stack/neutron/neutron/manager.py:239}}
Apr 17 03:00:12.448893 np0000166945 devstack@neutron-api.service[104512]: INFO neutron.manager [None req-684f5942-a779-45df-91ad-f1c60d07cd82 None None] Loading Plugin: tag
Apr 17 03:00:12.451655 np0000166945 devstack@neutron-api.service[104512]: DEBUG neutron.manager [None req-684f5942-a779-45df-91ad-f1c60d07cd82 None None] Successfully loaded TAG plugin. Description: Tag support {{(pid=104512) _create_and_add_service_plugin /opt/stack/neutron/neutron/manager.py:239}}
Apr 17 03:00:12.451763 np0000166945 devstack@neutron-api.service[104512]: INFO neutron.manager [None req-684f5942-a779-45df-91ad-f1c60d07cd82 None None] Loading Plugin: timestamp
Apr 17 03:00:12.452977 np0000166945 devstack@neutron-api.service[104512]: DEBUG neutron.manager [None req-684f5942-a779-45df-91ad-f1c60d07cd82 None None] Successfully loaded timestamp plugin. Description: Adds timestamps to Neutron resources with standard attributes {{(pid=104512) _create_and_add_service_plugin /opt/stack/neutron/neutron/manager.py:239}}
Apr 17 03:00:12.453063 np0000166945 devstack@neutron-api.service[104512]: INFO neutron.manager [None req-684f5942-a779-45df-91ad-f1c60d07cd82 None None] Loading Plugin: network_ip_availability
Apr 17 03:00:12.454964 np0000166945 devstack@neutron-api.service[104512]: DEBUG neutron.manager [None req-684f5942-a779-45df-91ad-f1c60d07cd82 None None] Successfully loaded network-ip-availability plugin. Description: Provides IP availability data for each network and subnet. {{(pid=104512) _create_and_add_service_plugin /opt/stack/neutron/neutron/manager.py:239}}
Apr 17 03:00:12.454964 np0000166945 devstack@neutron-api.service[104512]: INFO neutron.manager [None req-684f5942-a779-45df-91ad-f1c60d07cd82 None None] Loading Plugin: flavors
Apr 17 03:00:12.455640 np0000166945 devstack@neutron-api.service[104513]: INFO neutron.plugins.ml2.drivers.type_vlan [None req-c42ec3c0-b378-468c-9200-0ad8c31b0f01 None None] VlanTypeDriver initialization complete
Apr 17 03:00:12.456435 np0000166945 devstack@neutron-api.service[104513]: INFO neutron.plugins.ml2.managers [None req-c42ec3c0-b378-468c-9200-0ad8c31b0f01 None None] Initializing extension driver 'port_security'
Apr 17 03:00:12.456435 np0000166945 devstack@neutron-api.service[104513]: INFO neutron.plugins.ml2.extensions.port_security [None req-c42ec3c0-b378-468c-9200-0ad8c31b0f01 None None] PortSecurityExtensionDriver initialization complete
Apr 17 03:00:12.456435 np0000166945 devstack@neutron-api.service[104513]: INFO neutron.plugins.ml2.managers [None req-c42ec3c0-b378-468c-9200-0ad8c31b0f01 None None] Initializing extension driver 'qos'
Apr 17 03:00:12.456604 np0000166945 devstack@neutron-api.service[104512]: DEBUG neutron.manager [None req-684f5942-a779-45df-91ad-f1c60d07cd82 None None] Successfully loaded FLAVORS plugin. Description: Neutron Flavors and Service Profiles manager plugin {{(pid=104512) _create_and_add_service_plugin /opt/stack/neutron/neutron/manager.py:239}}
Apr 17 03:00:12.456672 np0000166945 devstack@neutron-api.service[104513]: DEBUG neutron.plugins.ml2.extensions.qos [None req-c42ec3c0-b378-468c-9200-0ad8c31b0f01 None None] QosExtensionDriver initialization complete {{(pid=104513) initialize /opt/stack/neutron/neutron/plugins/ml2/extensions/qos.py:31}}
Apr 17 03:00:12.456750 np0000166945 devstack@neutron-api.service[104512]: INFO neutron.manager [None req-684f5942-a779-45df-91ad-f1c60d07cd82 None None] Loading Plugin: revisions
Apr 17 03:00:12.456819 np0000166945 devstack@neutron-api.service[104513]: INFO neutron.plugins.ml2.managers [None req-c42ec3c0-b378-468c-9200-0ad8c31b0f01 None None] Initializing mechanism driver 'ovn'
Apr 17 03:00:12.456819 np0000166945 devstack@neutron-api.service[104513]: INFO neutron.plugins.ml2.drivers.ovn.mech_driver.mech_driver [None req-c42ec3c0-b378-468c-9200-0ad8c31b0f01 None None] Starting OVNMechanismDriver
Apr 17 03:00:12.457222 np0000166945 devstack@neutron-api.service[104514]: DEBUG neutron_lib.callbacks.manager [None req-9975965c-da36-4b97-af03-4b44b6fd525a None None] Subscribe: > router before_delete 55550000, False {{(pid=104514) subscribe /opt/stack/data/venv/lib/python3.12/site-packages/neutron_lib/callbacks/manager.py:52}}
Apr 17 03:00:12.457308 np0000166945 devstack@neutron-api.service[104514]: DEBUG neutron_lib.callbacks.manager [None req-9975965c-da36-4b97-af03-4b44b6fd525a None None] Subscribe: port after_update 55550000, False {{(pid=104514) subscribe /opt/stack/data/venv/lib/python3.12/site-packages/neutron_lib/callbacks/manager.py:52}}
Apr 17 03:00:12.457376 np0000166945 devstack@neutron-api.service[104512]: DEBUG neutron.manager [None req-684f5942-a779-45df-91ad-f1c60d07cd82 None None] Successfully loaded revision_plugin plugin. Description: Adds revision numbers to resources. {{(pid=104512) _create_and_add_service_plugin /opt/stack/neutron/neutron/manager.py:239}}
Apr 17 03:00:12.457479 np0000166945 devstack@neutron-api.service[104514]: DEBUG neutron_lib.callbacks.manager [None req-9975965c-da36-4b97-af03-4b44b6fd525a None None] Subscribe: port after_delete 55550000, False {{(pid=104514) subscribe /opt/stack/data/venv/lib/python3.12/site-packages/neutron_lib/callbacks/manager.py:52}}
Apr 17 03:00:12.457479 np0000166945 devstack@neutron-api.service[104514]: DEBUG neutron_lib.callbacks.manager [None req-9975965c-da36-4b97-af03-4b44b6fd525a None None] Subscribe: subnet after_update 55550000, False {{(pid=104514) subscribe /opt/stack/data/venv/lib/python3.12/site-packages/neutron_lib/callbacks/manager.py:52}}
Apr 17 03:00:12.457644 np0000166945 devstack@neutron-api.service[104512]: DEBUG oslo_concurrency.lockutils [None req-684f5942-a779-45df-91ad-f1c60d07cd82 None None] Lock "manager" "released" by "neutron.manager.NeutronManager._create_instance" :: held 7.593s {{(pid=104512) inner /opt/stack/data/venv/lib/python3.12/site-packages/oslo_concurrency/lockutils.py:538}}
Apr 17 03:00:12.457954 np0000166945 devstack@neutron-api.service[104514]: DEBUG neutron_lib.callbacks.manager [None req-9975965c-da36-4b97-af03-4b44b6fd525a None None] Subscribe: subnetpool_address_scope after_update 55550000, False {{(pid=104514) subscribe /opt/stack/data/venv/lib/python3.12/site-packages/neutron_lib/callbacks/manager.py:52}}
Apr 17 03:00:12.457954 np0000166945 devstack@neutron-api.service[104514]: DEBUG neutron_lib.callbacks.manager [None req-9975965c-da36-4b97-af03-4b44b6fd525a None None] Subscribe: port before_update 55550000, False {{(pid=104514) subscribe /opt/stack/data/venv/lib/python3.12/site-packages/neutron_lib/callbacks/manager.py:52}}
Apr 17 03:00:12.458296 np0000166945 devstack@neutron-api.service[104512]: DEBUG neutron.api.extensions [None req-684f5942-a779-45df-91ad-f1c60d07cd82 None None] get_extension_paths = OrderedDict({'/opt/stack/neutron/neutron/extensions': 1}) {{(pid=104512) get_extensions_path /opt/stack/neutron/neutron/api/extensions.py:640}}
Apr 17 03:00:12.458296 np0000166945 devstack@neutron-api.service[104512]: INFO neutron.api.extensions [None req-684f5942-a779-45df-91ad-f1c60d07cd82 None None] Initializing extension manager.
Apr 17 03:00:12.458539 np0000166945 devstack@neutron-api.service[104514]: DEBUG neutron_lib.callbacks.manager [None req-9975965c-da36-4b97-af03-4b44b6fd525a None None] Subscribe: port after_update 55550000, False {{(pid=104514) subscribe /opt/stack/data/venv/lib/python3.12/site-packages/neutron_lib/callbacks/manager.py:52}}
Apr 17 03:00:12.458539 np0000166945 devstack@neutron-api.service[104514]: DEBUG neutron_lib.callbacks.manager [None req-9975965c-da36-4b97-af03-4b44b6fd525a None None] Subscribe: > port precommit_delete 55550000, False {{(pid=104514) subscribe /opt/stack/data/venv/lib/python3.12/site-packages/neutron_lib/callbacks/manager.py:52}}
Apr 17 03:00:12.458539 np0000166945 devstack@neutron-api.service[104514]: DEBUG neutron_lib.callbacks.manager [None req-9975965c-da36-4b97-af03-4b44b6fd525a None None] Subscribe: port before_update 55550000, False {{(pid=104514) subscribe /opt/stack/data/venv/lib/python3.12/site-packages/neutron_lib/callbacks/manager.py:52}}
Apr 17 03:00:12.458838 np0000166945 devstack@neutron-api.service[104512]: DEBUG neutron.api.extensions [None req-684f5942-a779-45df-91ad-f1c60d07cd82 None None] Loading extension file: __init__.py {{(pid=104512) _load_all_extensions_from_path /opt/stack/neutron/neutron/api/extensions.py:449}}
Apr 17 03:00:12.458970 np0000166945 devstack@neutron-api.service[104514]: DEBUG neutron_lib.callbacks.manager [None req-9975965c-da36-4b97-af03-4b44b6fd525a None None] Subscribe: port before_delete 55550000, False {{(pid=104514) subscribe /opt/stack/data/venv/lib/python3.12/site-packages/neutron_lib/callbacks/manager.py:52}}
Apr 17 03:00:12.459228 np0000166945 devstack@neutron-api.service[104512]: DEBUG neutron.api.extensions [None req-684f5942-a779-45df-91ad-f1c60d07cd82 None None] Loading extension file: __pycache__ {{(pid=104512) _load_all_extensions_from_path /opt/stack/neutron/neutron/api/extensions.py:449}}
Apr 17 03:00:12.459365 np0000166945 devstack@neutron-api.service[104514]: DEBUG neutron_lib.callbacks.manager [None req-9975965c-da36-4b97-af03-4b44b6fd525a None None] Subscribe: > router precommit_create 55550000, False {{(pid=104514) subscribe /opt/stack/data/venv/lib/python3.12/site-packages/neutron_lib/callbacks/manager.py:52}}
Apr 17 03:00:12.459542 np0000166945 devstack@neutron-api.service[104512]: DEBUG neutron.api.extensions [None req-684f5942-a779-45df-91ad-f1c60d07cd82 None None] Loading extension file: address_group.py {{(pid=104512) _load_all_extensions_from_path /opt/stack/neutron/neutron/api/extensions.py:449}}
Apr 17 03:00:12.459676 np0000166945 devstack@neutron-api.service[104513]: DEBUG neutron_lib.callbacks.manager [None req-c42ec3c0-b378-468c-9200-0ad8c31b0f01 None None] Subscribe: > process before_spawn 55550000, False {{(pid=104513) subscribe /opt/stack/data/venv/lib/python3.12/site-packages/neutron_lib/callbacks/manager.py:52}}
Apr 17 03:00:12.459820 np0000166945 devstack@neutron-api.service[104514]: DEBUG neutron_lib.callbacks.manager [None req-9975965c-da36-4b97-af03-4b44b6fd525a None None] Subscribe: > router precommit_create 55550000, False {{(pid=104514) subscribe /opt/stack/data/venv/lib/python3.12/site-packages/neutron_lib/callbacks/manager.py:52}}
Apr 17 03:00:12.459820 np0000166945 devstack@neutron-api.service[104514]: DEBUG neutron_lib.callbacks.manager [None req-9975965c-da36-4b97-af03-4b44b6fd525a None None] Subscribe: > router precommit_update 55550000, False {{(pid=104514) subscribe /opt/stack/data/venv/lib/python3.12/site-packages/neutron_lib/callbacks/manager.py:52}}
Apr 17 03:00:12.460089 np0000166945 devstack@neutron-api.service[104513]: DEBUG neutron_lib.callbacks.manager [None req-c42ec3c0-b378-468c-9200-0ad8c31b0f01 None None] Subscribe: > process after_init 55550000, True {{(pid=104513) subscribe /opt/stack/data/venv/lib/python3.12/site-packages/neutron_lib/callbacks/manager.py:52}}
Apr 17 03:00:12.460231 np0000166945 devstack@neutron-api.service[104514]: DEBUG neutron_lib.callbacks.manager [None req-9975965c-da36-4b97-af03-4b44b6fd525a None None] Subscribe: subnet after_update 55550000, False {{(pid=104514) subscribe /opt/stack/data/venv/lib/python3.12/site-packages/neutron_lib/callbacks/manager.py:52}}
Apr 17 03:00:12.460413 np0000166945 devstack@neutron-api.service[104512]: DEBUG neutron.api.extensions [None req-684f5942-a779-45df-91ad-f1c60d07cd82 None None] Ext name="Address group" alias="address-group" description="Support address group" updated="2020-07-15T10:00:00-00:00" {{(pid=104512) _check_extension /opt/stack/neutron/neutron/api/extensions.py:415}}
Apr 17 03:00:12.460476 np0000166945 devstack@neutron-api.service[104513]: DEBUG neutron_lib.callbacks.manager [None req-c42ec3c0-b378-468c-9200-0ad8c31b0f01 None None] Subscribe: > segment after_create 55550000, False {{(pid=104513) subscribe /opt/stack/data/venv/lib/python3.12/site-packages/neutron_lib/callbacks/manager.py:52}}
Apr 17 03:00:12.460476 np0000166945 devstack@neutron-api.service[104513]: DEBUG neutron_lib.callbacks.manager [None req-c42ec3c0-b378-468c-9200-0ad8c31b0f01 None None] Subscribe: > segment after_create 55550000, False {{(pid=104513) subscribe /opt/stack/data/venv/lib/python3.12/site-packages/neutron_lib/callbacks/manager.py:52}}
Apr 17 03:00:12.460476 np0000166945 devstack@neutron-api.service[104513]: DEBUG neutron_lib.callbacks.manager [None req-c42ec3c0-b378-468c-9200-0ad8c31b0f01 None None] Subscribe: > segment after_delete 55550000, False {{(pid=104513) subscribe /opt/stack/data/venv/lib/python3.12/site-packages/neutron_lib/callbacks/manager.py:52}}
Apr 17 03:00:12.460826 np0000166945 devstack@neutron-api.service[104512]: INFO neutron.api.extensions [None req-684f5942-a779-45df-91ad-f1c60d07cd82 None None] Loaded extension: address-group
Apr 17 03:00:12.460998 np0000166945 devstack@neutron-api.service[104513]: DEBUG neutron_lib.callbacks.manager [None req-c42ec3c0-b378-468c-9200-0ad8c31b0f01 None None] Subscribe: > allowed_address_pair before_create 55550000, False {{(pid=104513) subscribe /opt/stack/data/venv/lib/python3.12/site-packages/neutron_lib/callbacks/manager.py:52}}
Apr 17 03:00:12.461086 np0000166945 devstack@neutron-api.service[104512]: DEBUG neutron.api.extensions [None req-684f5942-a779-45df-91ad-f1c60d07cd82 None None] Loading extension file: address_scope.py {{(pid=104512) _load_all_extensions_from_path /opt/stack/neutron/neutron/api/extensions.py:449}}
Apr 17 03:00:12.461224 np0000166945 devstack@neutron-api.service[104513]: DEBUG neutron_lib.callbacks.manager [None req-c42ec3c0-b378-468c-9200-0ad8c31b0f01 None None] Subscribe: > security_group precommit_create 55550000, False {{(pid=104513) subscribe /opt/stack/data/venv/lib/python3.12/site-packages/neutron_lib/callbacks/manager.py:52}}
Apr 17 03:00:12.461224 np0000166945 devstack@neutron-api.service[104513]: DEBUG neutron_lib.callbacks.manager [None req-c42ec3c0-b378-468c-9200-0ad8c31b0f01 None None] Subscribe: > security_group after_update 55550000, False {{(pid=104513) subscribe /opt/stack/data/venv/lib/python3.12/site-packages/neutron_lib/callbacks/manager.py:52}}
Apr 17 03:00:12.461224 np0000166945 devstack@neutron-api.service[104513]: DEBUG neutron_lib.callbacks.manager [None req-c42ec3c0-b378-468c-9200-0ad8c31b0f01 None None] Subscribe: > security_group after_create 55550000, False {{(pid=104513) subscribe /opt/stack/data/venv/lib/python3.12/site-packages/neutron_lib/callbacks/manager.py:52}}
Apr 17 03:00:12.461515 np0000166945 devstack@neutron-api.service[104512]: DEBUG neutron.api.extensions [None req-684f5942-a779-45df-91ad-f1c60d07cd82 None None] Ext name="Address scope" alias="address-scope" description="Address scopes extension." updated="2015-07-26T10:00:00-00:00" {{(pid=104512) _check_extension /opt/stack/neutron/neutron/api/extensions.py:415}}
Apr 17 03:00:12.461655 np0000166945 devstack@neutron-api.service[104514]: DEBUG neutron.quota.resource_registry [None req-9975965c-da36-4b97-af03-4b44b6fd525a None None] Tracking information for resource: router configured {{(pid=104514) set_tracked_resource /opt/stack/neutron/neutron/quota/resource_registry.py:203}}
Apr 17 03:00:12.461940 np0000166945 devstack@neutron-api.service[104513]: DEBUG neutron_lib.callbacks.manager [None req-c42ec3c0-b378-468c-9200-0ad8c31b0f01 None None] Subscribe: > security_group precommit_delete 55550000, False {{(pid=104513) subscribe /opt/stack/data/venv/lib/python3.12/site-packages/neutron_lib/callbacks/manager.py:52}}
Apr 17 03:00:12.462180 np0000166945 devstack@neutron-api.service[104514]: DEBUG neutron.quota.resource_registry [None req-9975965c-da36-4b97-af03-4b44b6fd525a None None] Tracking information for resource: floatingip configured {{(pid=104514) set_tracked_resource /opt/stack/neutron/neutron/quota/resource_registry.py:203}}
Apr 17 03:00:12.462243 np0000166945 devstack@neutron-api.service[104512]: INFO neutron.api.extensions [None req-684f5942-a779-45df-91ad-f1c60d07cd82 None None] Loaded extension: address-scope
Apr 17 03:00:12.462380 np0000166945 devstack@neutron-api.service[104513]: DEBUG neutron_lib.callbacks.manager [None req-c42ec3c0-b378-468c-9200-0ad8c31b0f01 None None] Subscribe: > security_group after_delete 55550000, False {{(pid=104513) subscribe /opt/stack/data/venv/lib/python3.12/site-packages/neutron_lib/callbacks/manager.py:52}}
Apr 17 03:00:12.462445 np0000166945 devstack@neutron-api.service[104514]: INFO neutron.services.ovn_l3.plugin [None req-9975965c-da36-4b97-af03-4b44b6fd525a None None] Starting OVNL3RouterPlugin
Apr 17 03:00:12.462511 np0000166945 devstack@neutron-api.service[104512]: DEBUG neutron.api.extensions [None req-684f5942-a779-45df-91ad-f1c60d07cd82 None None] Loading extension file: admin_state_down_before_update.py {{(pid=104512) _load_all_extensions_from_path /opt/stack/neutron/neutron/api/extensions.py:449}}
Apr 17 03:00:12.462689 np0000166945 devstack@neutron-api.service[104513]: DEBUG neutron_lib.callbacks.manager [None req-c42ec3c0-b378-468c-9200-0ad8c31b0f01 None None] Subscribe: > security_group_rule precommit_create 55550000, False {{(pid=104513) subscribe /opt/stack/data/venv/lib/python3.12/site-packages/neutron_lib/callbacks/manager.py:52}}
Apr 17 03:00:12.462689 np0000166945 devstack@neutron-api.service[104513]: DEBUG neutron_lib.callbacks.manager [None req-c42ec3c0-b378-468c-9200-0ad8c31b0f01 None None] Subscribe: > security_group_rule after_create 55550000, False {{(pid=104513) subscribe /opt/stack/data/venv/lib/python3.12/site-packages/neutron_lib/callbacks/manager.py:52}}
Apr 17 03:00:12.462808 np0000166945 devstack@neutron-api.service[104514]: DEBUG neutron_lib.callbacks.manager [None req-9975965c-da36-4b97-af03-4b44b6fd525a None None] Subscribe: > port_forwarding_plugin after_init 55550000, False {{(pid=104514) subscribe /opt/stack/data/venv/lib/python3.12/site-packages/neutron_lib/callbacks/manager.py:52}}
Apr 17 03:00:12.462981 np0000166945 devstack@neutron-api.service[104513]: DEBUG neutron_lib.callbacks.manager [None req-c42ec3c0-b378-468c-9200-0ad8c31b0f01 None None] Subscribe: > security_group_rule before_delete 55550000, False {{(pid=104513) subscribe /opt/stack/data/venv/lib/python3.12/site-packages/neutron_lib/callbacks/manager.py:52}}
Apr 17 03:00:12.463149 np0000166945 devstack@neutron-api.service[104512]: DEBUG neutron.api.extensions [None req-684f5942-a779-45df-91ad-f1c60d07cd82 None None] Ext name="Enforce Router's Admin State Down Before Update Extension" alias="router-admin-state-down-before-update" description="Ensure that the admin state of a router is DOWN (admin_state_up=False) before updating the distributed attribute" updated="2019-07-02T15:56:00" {{(pid=104512) _check_extension /opt/stack/neutron/neutron/api/extensions.py:415}}
Apr 17 03:00:12.463282 np0000166945 devstack@neutron-api.service[104513]: DEBUG neutron_lib.callbacks.manager [None req-c42ec3c0-b378-468c-9200-0ad8c31b0f01 None None] Subscribe: > address_group after_create 55550000, False {{(pid=104513) subscribe /opt/stack/data/venv/lib/python3.12/site-packages/neutron_lib/callbacks/manager.py:52}}
Apr 17 03:00:12.463462 np0000166945 devstack@neutron-api.service[104514]: DEBUG neutron_lib.callbacks.manager [None req-9975965c-da36-4b97-af03-4b44b6fd525a None None] Subscribe: > router before_create 55550100, False {{(pid=104514) subscribe /opt/stack/data/venv/lib/python3.12/site-packages/neutron_lib/callbacks/manager.py:52}}
Apr 17 03:00:12.463535 np0000166945 devstack@neutron-api.service[104513]: DEBUG neutron_lib.callbacks.manager [None req-c42ec3c0-b378-468c-9200-0ad8c31b0f01 None None] Subscribe: > address_group after_update 55550000, False {{(pid=104513) subscribe /opt/stack/data/venv/lib/python3.12/site-packages/neutron_lib/callbacks/manager.py:52}}
Apr 17 03:00:12.463598 np0000166945 devstack@neutron-api.service[104512]: INFO neutron.api.extensions [None req-684f5942-a779-45df-91ad-f1c60d07cd82 None None] Extension router-admin-state-down-before-update not supported by any of loaded plugins
Apr 17 03:00:12.463717 np0000166945 devstack@neutron-api.service[104514]: DEBUG neutron_lib.callbacks.manager [None req-9975965c-da36-4b97-af03-4b44b6fd525a None None] Subscribe: > router precommit_delete 55550100, False {{(pid=104514) subscribe /opt/stack/data/venv/lib/python3.12/site-packages/neutron_lib/callbacks/manager.py:52}}
Apr 17 03:00:12.463888 np0000166945 devstack@neutron-api.service[104512]: DEBUG neutron.api.extensions [None req-684f5942-a779-45df-91ad-f1c60d07cd82 None None] Loading extension file: agent.py {{(pid=104512) _load_all_extensions_from_path /opt/stack/neutron/neutron/api/extensions.py:449}}
Apr 17 03:00:12.463947 np0000166945 devstack@neutron-api.service[104513]: DEBUG neutron_lib.callbacks.manager [None req-c42ec3c0-b378-468c-9200-0ad8c31b0f01 None None] Subscribe: > address_group after_delete 55550000, False {{(pid=104513) subscribe /opt/stack/data/venv/lib/python3.12/site-packages/neutron_lib/callbacks/manager.py:52}}
Apr 17 03:00:12.464106 np0000166945 devstack@neutron-api.service[104514]: DEBUG neutron_lib.callbacks.manager [None req-9975965c-da36-4b97-af03-4b44b6fd525a None None] Subscribe: > router precommit_create 55550100, False {{(pid=104514) subscribe /opt/stack/data/venv/lib/python3.12/site-packages/neutron_lib/callbacks/manager.py:52}}
Apr 17 03:00:12.464279 np0000166945 devstack@neutron-api.service[104513]: DEBUG neutron_lib.callbacks.manager [None req-c42ec3c0-b378-468c-9200-0ad8c31b0f01 None None] Subscribe: > qos_plugin after_init 55550000, False {{(pid=104513) subscribe /opt/stack/data/venv/lib/python3.12/site-packages/neutron_lib/callbacks/manager.py:52}}
Apr 17 03:00:12.464342 np0000166945 devstack@neutron-api.service[104514]: DEBUG neutron_lib.callbacks.manager [None req-9975965c-da36-4b97-af03-4b44b6fd525a None None] Subscribe: > router precommit_update 55550100, False {{(pid=104514) subscribe /opt/stack/data/venv/lib/python3.12/site-packages/neutron_lib/callbacks/manager.py:52}}
Apr 17 03:00:12.464490 np0000166945 devstack@neutron-api.service[104512]: DEBUG neutron.api.extensions [None req-684f5942-a779-45df-91ad-f1c60d07cd82 None None] Ext name="agent" alias="agent" description="The agent management extension." updated="2013-02-03T10:00:00-00:00" {{(pid=104512) _check_extension /opt/stack/neutron/neutron/api/extensions.py:415}}
Apr 17 03:00:12.464670 np0000166945 devstack@neutron-api.service[104513]: DEBUG neutron_lib.callbacks.manager [None req-c42ec3c0-b378-468c-9200-0ad8c31b0f01 None None] Subscribe: > trunk_plugin after_init 55550000, False {{(pid=104513) subscribe /opt/stack/data/venv/lib/python3.12/site-packages/neutron_lib/callbacks/manager.py:52}}
Apr 17 03:00:12.464735 np0000166945 devstack@neutron-api.service[104512]: INFO neutron.api.extensions [None req-684f5942-a779-45df-91ad-f1c60d07cd82 None None] Loaded extension: agent
Apr 17 03:00:12.464735 np0000166945 devstack@neutron-api.service[104512]: DEBUG neutron.api.extensions [None req-684f5942-a779-45df-91ad-f1c60d07cd82 None None] Loading extension file: agent_resources_synced.py {{(pid=104512) _load_all_extensions_from_path /opt/stack/neutron/neutron/api/extensions.py:449}}
Apr 17 03:00:12.464964 np0000166945 devstack@neutron-api.service[104513]: DEBUG neutron_lib.callbacks.manager [None req-c42ec3c0-b378-468c-9200-0ad8c31b0f01 None None] Subscribe: > logging-plugin after_init 55550000, False {{(pid=104513) subscribe /opt/stack/data/venv/lib/python3.12/site-packages/neutron_lib/callbacks/manager.py:52}}
Apr 17 03:00:12.465132 np0000166945 devstack@neutron-api.service[104512]: DEBUG neutron.api.extensions [None req-684f5942-a779-45df-91ad-f1c60d07cd82 None None] Ext name="Agent's Resource View Synced to Placement" alias="agent-resources-synced" description="Stores success/failure of last sync to Placement" updated="2018-12-19T00:00:00-00:00" {{(pid=104512) _check_extension /opt/stack/neutron/neutron/api/extensions.py:415}}
Apr 17 03:00:12.465132 np0000166945 devstack@neutron-api.service[104512]: INFO neutron.api.extensions [None req-684f5942-a779-45df-91ad-f1c60d07cd82 None None] Extension agent-resources-synced not supported by any of loaded plugins
Apr 17 03:00:12.465132 np0000166945 devstack@neutron-api.service[104512]: DEBUG neutron.api.extensions [None req-684f5942-a779-45df-91ad-f1c60d07cd82 None None] Loading extension file: allowedaddresspairs.py {{(pid=104512) _load_all_extensions_from_path /opt/stack/neutron/neutron/api/extensions.py:449}}
Apr 17 03:00:12.465309 np0000166945 devstack@neutron-api.service[104513]: INFO neutron.services.logapi.drivers.ovn.driver [None req-c42ec3c0-b378-468c-9200-0ad8c31b0f01 None None] OVN logging driver registered
Apr 17 03:00:12.465369 np0000166945 devstack@neutron-api.service[104512]: DEBUG neutron.api.extensions [None req-684f5942-a779-45df-91ad-f1c60d07cd82 None None] Ext name="Allowed Address Pairs" alias="allowed-address-pairs" description="Provides allowed address pairs" updated="2013-07-23T10:00:00-00:00" {{(pid=104512) _check_extension /opt/stack/neutron/neutron/api/extensions.py:415}}
Apr 17 03:00:12.465369 np0000166945 devstack@neutron-api.service[104512]: INFO neutron.api.extensions [None req-684f5942-a779-45df-91ad-f1c60d07cd82 None None] Loaded extension: allowed-address-pairs
Apr 17 03:00:12.465369 np0000166945 devstack@neutron-api.service[104512]: DEBUG neutron.api.extensions [None req-684f5942-a779-45df-91ad-f1c60d07cd82 None None] Loading extension file: auto_allocated_topology.py {{(pid=104512) _load_all_extensions_from_path /opt/stack/neutron/neutron/api/extensions.py:449}}
Apr 17 03:00:12.465369 np0000166945 devstack@neutron-api.service[104512]: DEBUG neutron.api.extensions [None req-684f5942-a779-45df-91ad-f1c60d07cd82 None None] Ext name="Auto Allocated Topology Services" alias="auto-allocated-topology" description="Auto Allocated Topology Services." updated="2016-01-01T00:00:00-00:00" {{(pid=104512) _check_extension /opt/stack/neutron/neutron/api/extensions.py:415}}
Apr 17 03:00:12.465369 np0000166945 devstack@neutron-api.service[104512]: INFO neutron.api.extensions [None req-684f5942-a779-45df-91ad-f1c60d07cd82 None None] Loaded extension: auto-allocated-topology
Apr 17 03:00:12.465369 np0000166945 devstack@neutron-api.service[104512]: DEBUG neutron.api.extensions [None req-684f5942-a779-45df-91ad-f1c60d07cd82 None None] Loading extension file: availability_zone.py {{(pid=104512) _load_all_extensions_from_path /opt/stack/neutron/neutron/api/extensions.py:449}}
Apr 17 03:00:12.465369 np0000166945 devstack@neutron-api.service[104512]: DEBUG neutron.api.extensions [None req-684f5942-a779-45df-91ad-f1c60d07cd82 None None] Ext name="Availability Zone" alias="availability_zone" description="The availability zone extension." updated="2015-01-01T10:00:00-00:00" {{(pid=104512) _check_extension /opt/stack/neutron/neutron/api/extensions.py:415}}
Apr 17 03:00:12.465731 np0000166945 devstack@neutron-api.service[104512]: INFO neutron.api.extensions [None req-684f5942-a779-45df-91ad-f1c60d07cd82 None None] Loaded extension: availability_zone
Apr 17 03:00:12.466152 np0000166945 devstack@neutron-api.service[104513]: DEBUG neutron.plugins.ml2.plugin [None req-c42ec3c0-b378-468c-9200-0ad8c31b0f01 None None] neutron.plugins.ml2.plugin.Ml2Plugin method _start_rpc_notifiers called with arguments () {} {{(pid=104513) wrapper /opt/stack/data/venv/lib/python3.12/site-packages/oslo_log/helpers.py:77}}
Apr 17 03:00:12.466332 np0000166945 devstack@neutron-api.service[104512]: DEBUG neutron.api.extensions [None req-684f5942-a779-45df-91ad-f1c60d07cd82 None None] Loading extension file: availability_zone_filter.py {{(pid=104512) _load_all_extensions_from_path /opt/stack/neutron/neutron/api/extensions.py:449}}
Apr 17 03:00:12.466461 np0000166945 devstack@neutron-api.service[104513]: DEBUG neutron_lib.callbacks.manager [None req-c42ec3c0-b378-468c-9200-0ad8c31b0f01 None None] Subscribe: > port after_create 55550000, False {{(pid=104513) subscribe /opt/stack/data/venv/lib/python3.12/site-packages/neutron_lib/callbacks/manager.py:52}}
Apr 17 03:00:12.466537 np0000166945 devstack@neutron-api.service[104512]: DEBUG neutron.api.extensions [None req-684f5942-a779-45df-91ad-f1c60d07cd82 None None] Ext name="Availability Zone Filter Extension" alias="availability_zone_filter" description="Add filter parameters to AvailabilityZone resource" updated="2018-06-22T10:00:00-00:00" {{(pid=104512) _check_extension /opt/stack/neutron/neutron/api/extensions.py:415}}
Apr 17 03:00:12.466568 np0000166945 devstack@neutron-api.service[104513]: DEBUG neutron_lib.callbacks.manager [None req-c42ec3c0-b378-468c-9200-0ad8c31b0f01 None None] Subscribe: > port after_update 55550000, False {{(pid=104513) subscribe /opt/stack/data/venv/lib/python3.12/site-packages/neutron_lib/callbacks/manager.py:52}}
Apr 17 03:00:12.466629 np0000166945 devstack@neutron-api.service[104512]: INFO neutron.api.extensions [None req-684f5942-a779-45df-91ad-f1c60d07cd82 None None] Extension availability_zone_filter not supported by any of loaded plugins
Apr 17 03:00:12.466688 np0000166945 devstack@neutron-api.service[104513]: DEBUG neutron_lib.callbacks.manager [None req-c42ec3c0-b378-468c-9200-0ad8c31b0f01 None None] Subscribe: > port after_delete 55550000, False {{(pid=104513) subscribe /opt/stack/data/venv/lib/python3.12/site-packages/neutron_lib/callbacks/manager.py:52}}
Apr 17 03:00:12.466715 np0000166945 devstack@neutron-api.service[104514]: DEBUG neutron.services.provider_configuration [None req-9975965c-da36-4b97-af03-4b44b6fd525a None None] Service providers = [] {{(pid=104514) parse_service_provider_opt /opt/stack/neutron/neutron/services/provider_configuration.py:170}}
Apr 17 03:00:12.466750 np0000166945 devstack@neutron-api.service[104512]: DEBUG neutron.api.extensions [None req-684f5942-a779-45df-91ad-f1c60d07cd82 None None] Loading extension file: data_plane_status.py {{(pid=104512) _load_all_extensions_from_path /opt/stack/neutron/neutron/api/extensions.py:449}}
Apr 17 03:00:12.466778 np0000166945 devstack@neutron-api.service[104513]: DEBUG neutron_lib.callbacks.manager [None req-c42ec3c0-b378-468c-9200-0ad8c31b0f01 None None] Subscribe: > subnet after_create 55550000, False {{(pid=104513) subscribe /opt/stack/data/venv/lib/python3.12/site-packages/neutron_lib/callbacks/manager.py:52}}
Apr 17 03:00:12.466809 np0000166945 devstack@neutron-api.service[104514]: DEBUG neutron.db.servicetype_db [None req-9975965c-da36-4b97-af03-4b44b6fd525a None None] Adding provider configuration for service L3_ROUTER_NAT {{(pid=104514) add_provider_configuration /opt/stack/neutron/neutron/db/servicetype_db.py:42}}
Apr 17 03:00:12.466868 np0000166945 devstack@neutron-api.service[104513]: DEBUG neutron_lib.callbacks.manager [None req-c42ec3c0-b378-468c-9200-0ad8c31b0f01 None None] Subscribe: > subnet after_update 55550000, False {{(pid=104513) subscribe /opt/stack/data/venv/lib/python3.12/site-packages/neutron_lib/callbacks/manager.py:52}}
Apr 17 03:00:12.466899 np0000166945 devstack@neutron-api.service[104512]: DEBUG neutron.api.extensions [None req-684f5942-a779-45df-91ad-f1c60d07cd82 None None] Ext name="Port data plane status extension" alias="data-plane-status" description="Expose status of underlying data plane" updated="2017-01-24T10:00:00-00:00" {{(pid=104512) _check_extension /opt/stack/neutron/neutron/api/extensions.py:415}}
Apr 17 03:00:12.466928 np0000166945 devstack@neutron-api.service[104513]: DEBUG neutron_lib.callbacks.manager [None req-c42ec3c0-b378-468c-9200-0ad8c31b0f01 None None] Subscribe: > subnet after_delete 55550000, False {{(pid=104513) subscribe /opt/stack/data/venv/lib/python3.12/site-packages/neutron_lib/callbacks/manager.py:52}}
Apr 17 03:00:12.466996 np0000166945 devstack@neutron-api.service[104512]: INFO neutron.api.extensions [None req-684f5942-a779-45df-91ad-f1c60d07cd82 None None] Extension data-plane-status not supported by any of loaded plugins
Apr 17 03:00:12.467083 np0000166945 devstack@neutron-api.service[104513]: DEBUG neutron_lib.callbacks.manager [None req-c42ec3c0-b378-468c-9200-0ad8c31b0f01 None None] Subscribe: > network after_create 55550000, False {{(pid=104513) subscribe /opt/stack/data/venv/lib/python3.12/site-packages/neutron_lib/callbacks/manager.py:52}}
Apr 17 03:00:12.467118 np0000166945 devstack@neutron-api.service[104512]: DEBUG neutron.api.extensions [None req-684f5942-a779-45df-91ad-f1c60d07cd82 None None] Loading extension file: default_subnetpools.py {{(pid=104512) _load_all_extensions_from_path /opt/stack/neutron/neutron/api/extensions.py:449}}
Apr 17 03:00:12.467149 np0000166945 devstack@neutron-api.service[104513]: DEBUG neutron_lib.callbacks.manager [None req-c42ec3c0-b378-468c-9200-0ad8c31b0f01 None None] Subscribe: > network after_update 55550000, False {{(pid=104513) subscribe /opt/stack/data/venv/lib/python3.12/site-packages/neutron_lib/callbacks/manager.py:52}}
Apr 17 03:00:12.467149 np0000166945 devstack@neutron-api.service[104513]: DEBUG neutron_lib.callbacks.manager [None req-c42ec3c0-b378-468c-9200-0ad8c31b0f01 None None] Subscribe: > network after_delete 55550000, False {{(pid=104513) subscribe /opt/stack/data/venv/lib/python3.12/site-packages/neutron_lib/callbacks/manager.py:52}}
Apr 17 03:00:12.467149 np0000166945 devstack@neutron-api.service[104513]: DEBUG neutron_lib.callbacks.manager [None req-c42ec3c0-b378-468c-9200-0ad8c31b0f01 None None] Subscribe: > security_group after_create 55550000, False {{(pid=104513) subscribe /opt/stack/data/venv/lib/python3.12/site-packages/neutron_lib/callbacks/manager.py:52}}
Apr 17 03:00:12.467246 np0000166945 devstack@neutron-api.service[104512]: DEBUG neutron.api.extensions [None req-684f5942-a779-45df-91ad-f1c60d07cd82 None None] Ext name="Default Subnetpools" alias="default-subnetpools" description="Provides ability to mark and use a subnetpool as the default." updated="2016-02-18T18:00:00-00:00" {{(pid=104512) _check_extension /opt/stack/neutron/neutron/api/extensions.py:415}}
Apr 17 03:00:12.467315 np0000166945 devstack@neutron-api.service[104513]: DEBUG neutron_lib.callbacks.manager [None req-c42ec3c0-b378-468c-9200-0ad8c31b0f01 None None] Subscribe: > security_group after_update 55550000, False {{(pid=104513) subscribe /opt/stack/data/venv/lib/python3.12/site-packages/neutron_lib/callbacks/manager.py:52}}
Apr 17 03:00:12.467375 np0000166945 devstack@neutron-api.service[104512]: INFO neutron.api.extensions [None req-684f5942-a779-45df-91ad-f1c60d07cd82 None None] Loaded extension: default-subnetpools
Apr 17 03:00:12.467404 np0000166945 devstack@neutron-api.service[104513]: DEBUG neutron_lib.callbacks.manager [None req-c42ec3c0-b378-468c-9200-0ad8c31b0f01 None None] Subscribe: > security_group after_delete 55550000, False {{(pid=104513) subscribe /opt/stack/data/venv/lib/python3.12/site-packages/neutron_lib/callbacks/manager.py:52}}
Apr 17 03:00:12.467545 np0000166945 devstack@neutron-api.service[104512]: DEBUG neutron.api.extensions [None req-684f5942-a779-45df-91ad-f1c60d07cd82 None None] Loading extension file: dhcpagentscheduler.py {{(pid=104512) _load_all_extensions_from_path /opt/stack/neutron/neutron/api/extensions.py:449}}
Apr 17 03:00:12.467573 np0000166945 devstack@neutron-api.service[104513]: DEBUG neutron_lib.callbacks.manager [None req-c42ec3c0-b378-468c-9200-0ad8c31b0f01 None None] Subscribe: > security_group_rule after_create 55550000, False {{(pid=104513) subscribe /opt/stack/data/venv/lib/python3.12/site-packages/neutron_lib/callbacks/manager.py:52}}
Apr 17 03:00:12.467573 np0000166945 devstack@neutron-api.service[104513]: DEBUG neutron_lib.callbacks.manager [None req-c42ec3c0-b378-468c-9200-0ad8c31b0f01 None None] Subscribe: > security_group_rule after_update 55550000, False {{(pid=104513) subscribe /opt/stack/data/venv/lib/python3.12/site-packages/neutron_lib/callbacks/manager.py:52}}
Apr 17 03:00:12.467573 np0000166945 devstack@neutron-api.service[104513]: DEBUG neutron_lib.callbacks.manager [None req-c42ec3c0-b378-468c-9200-0ad8c31b0f01 None None] Subscribe: > security_group_rule after_delete 55550000, False {{(pid=104513) subscribe /opt/stack/data/venv/lib/python3.12/site-packages/neutron_lib/callbacks/manager.py:52}}
Apr 17 03:00:12.467704 np0000166945 devstack@neutron-api.service[104512]: DEBUG neutron.api.extensions [None req-684f5942-a779-45df-91ad-f1c60d07cd82 None None] Ext name="DHCP Agent Scheduler" alias="dhcp_agent_scheduler" description="Schedule networks among dhcp agents" updated="2013-02-07T10:00:00-00:00" {{(pid=104512) _check_extension /opt/stack/neutron/neutron/api/extensions.py:415}}
Apr 17 03:00:12.467759 np0000166945 devstack@neutron-api.service[104513]: DEBUG neutron_lib.callbacks.manager [None req-c42ec3c0-b378-468c-9200-0ad8c31b0f01 None None] Subscribe: > address_group after_create 55550000, False {{(pid=104513) subscribe /opt/stack/data/venv/lib/python3.12/site-packages/neutron_lib/callbacks/manager.py:52}}
Apr 17 03:00:12.467823 np0000166945 devstack@neutron-api.service[104514]: DEBUG neutron_lib.callbacks.manager [None req-9975965c-da36-4b97-af03-4b44b6fd525a None None] Subscribe: > router precommit_create 55549900, False {{(pid=104514) subscribe /opt/stack/data/venv/lib/python3.12/site-packages/neutron_lib/callbacks/manager.py:52}}
Apr 17 03:00:12.467862 np0000166945 devstack@neutron-api.service[104513]: DEBUG neutron_lib.callbacks.manager [None req-c42ec3c0-b378-468c-9200-0ad8c31b0f01 None None] Subscribe: > address_group after_update 55550000, False {{(pid=104513) subscribe /opt/stack/data/venv/lib/python3.12/site-packages/neutron_lib/callbacks/manager.py:52}}
