Apr 17 03:00:12.619340 np0000166945 neutron-periodic-workers[106112]: DEBUG cotyledon.oslo_config_glue [-] SECURITYGROUP.enable_ipset = True {{(pid=106112) log_opt_values /opt/stack/data/venv/lib/python3.12/site-packages/oslo_config/cfg.py:3006}}
Apr 17 03:00:12.619405 np0000166945 neutron-periodic-workers[106112]: DEBUG cotyledon.oslo_config_glue [-] SECURITYGROUP.enable_security_group = True {{(pid=106112) log_opt_values /opt/stack/data/venv/lib/python3.12/site-packages/oslo_config/cfg.py:3006}}
Apr 17 03:00:12.619466 np0000166945 neutron-periodic-workers[106112]: DEBUG cotyledon.oslo_config_glue [-] SECURITYGROUP.firewall_driver = None {{(pid=106112) log_opt_values /opt/stack/data/venv/lib/python3.12/site-packages/oslo_config/cfg.py:3006}}
Apr 17 03:00:12.619533 np0000166945 neutron-periodic-workers[106112]: DEBUG cotyledon.oslo_config_glue [-] SECURITYGROUP.permitted_ethertypes = [] {{(pid=106112) log_opt_values /opt/stack/data/venv/lib/python3.12/site-packages/oslo_config/cfg.py:3006}}
Apr 17 03:00:12.619612 np0000166945 neutron-periodic-workers[106112]: DEBUG cotyledon.oslo_config_glue [-] experimental.ipv6_pd_enabled = False {{(pid=106112) log_opt_values /opt/stack/data/venv/lib/python3.12/site-packages/oslo_config/cfg.py:3006}}
Apr 17 03:00:12.619687 np0000166945 neutron-periodic-workers[106112]: DEBUG cotyledon.oslo_config_glue [-] ml2.extension_drivers = ['port_security', 'qos'] {{(pid=106112) log_opt_values /opt/stack/data/venv/lib/python3.12/site-packages/oslo_config/cfg.py:3006}}
Apr 17 03:00:12.619749 np0000166945 neutron-periodic-workers[106112]: DEBUG cotyledon.oslo_config_glue [-] ml2.external_network_type = None {{(pid=106112) log_opt_values /opt/stack/data/venv/lib/python3.12/site-packages/oslo_config/cfg.py:3006}}
Apr 17 03:00:12.619803 np0000166945 neutron-periodic-workers[106112]: DEBUG cotyledon.oslo_config_glue [-] ml2.mechanism_drivers = ['ovn'] {{(pid=106112) log_opt_values /opt/stack/data/venv/lib/python3.12/site-packages/oslo_config/cfg.py:3006}}
Apr 17 03:00:12.619865 np0000166945 neutron-periodic-workers[106112]: DEBUG cotyledon.oslo_config_glue [-] ml2.overlay_ip_version = 4 {{(pid=106112) log_opt_values /opt/stack/data/venv/lib/python3.12/site-packages/oslo_config/cfg.py:3006}}
Apr 17 03:00:12.619919 np0000166945 neutron-periodic-workers[106112]: DEBUG cotyledon.oslo_config_glue [-] ml2.path_mtu = 0 {{(pid=106112) log_opt_values /opt/stack/data/venv/lib/python3.12/site-packages/oslo_config/cfg.py:3006}}
Apr 17 03:00:12.619983 np0000166945 neutron-periodic-workers[106112]: DEBUG cotyledon.oslo_config_glue [-] ml2.physical_network_mtus = {} {{(pid=106112) log_opt_values /opt/stack/data/venv/lib/python3.12/site-packages/oslo_config/cfg.py:3006}}
Apr 17 03:00:12.620061 np0000166945 neutron-periodic-workers[106112]: DEBUG cotyledon.oslo_config_glue [-] ml2.project_network_types = ['geneve'] {{(pid=106112) log_opt_values /opt/stack/data/venv/lib/python3.12/site-packages/oslo_config/cfg.py:3006}}
Apr 17 03:00:12.620131 np0000166945 neutron-periodic-workers[106112]: DEBUG cotyledon.oslo_config_glue [-] ml2.tunnelled_network_rp_name = rp_tunnelled {{(pid=106112) log_opt_values /opt/stack/data/venv/lib/python3.12/site-packages/oslo_config/cfg.py:3006}}
Apr 17 03:00:12.620201 np0000166945 neutron-periodic-workers[106112]: DEBUG cotyledon.oslo_config_glue [-] ml2.type_drivers = ['local', 'flat', 'vlan', 'geneve'] {{(pid=106112) log_opt_values /opt/stack/data/venv/lib/python3.12/site-packages/oslo_config/cfg.py:3006}}
Apr 17 03:00:12.620295 np0000166945 neutron-periodic-workers[106112]: DEBUG cotyledon.oslo_config_glue [-] ml2_type_flat.flat_networks = ['public'] {{(pid=106112) log_opt_values /opt/stack/data/venv/lib/python3.12/site-packages/oslo_config/cfg.py:3006}}
Apr 17 03:00:12.620370 np0000166945 neutron-periodic-workers[106112]: DEBUG cotyledon.oslo_config_glue [-] ml2_type_geneve.max_header_size = 38 {{(pid=106112) log_opt_values /opt/stack/data/venv/lib/python3.12/site-packages/oslo_config/cfg.py:3006}}
Apr 17 03:00:12.620437 np0000166945 neutron-periodic-workers[106112]: DEBUG cotyledon.oslo_config_glue [-] ml2_type_geneve.vni_ranges = ['1:65536'] {{(pid=106112) log_opt_values /opt/stack/data/venv/lib/python3.12/site-packages/oslo_config/cfg.py:3006}}
Apr 17 03:00:12.620508 np0000166945 neutron-periodic-workers[106112]: DEBUG cotyledon.oslo_config_glue [-] ml2_type_vlan.network_vlan_ranges = ['public'] {{(pid=106112) log_opt_values /opt/stack/data/venv/lib/python3.12/site-packages/oslo_config/cfg.py:3006}}
Apr 17 03:00:12.620599 np0000166945 neutron-periodic-workers[106112]: DEBUG cotyledon.oslo_config_glue [-] network_log.burst_limit = 25 {{(pid=106112) log_opt_values /opt/stack/data/venv/lib/python3.12/site-packages/oslo_config/cfg.py:3006}}
Apr 17 03:00:12.620658 np0000166945 neutron-periodic-workers[106112]: DEBUG cotyledon.oslo_config_glue [-] network_log.local_output_log_base = None {{(pid=106112) log_opt_values /opt/stack/data/venv/lib/python3.12/site-packages/oslo_config/cfg.py:3006}}
Apr 17 03:00:12.620715 np0000166945 neutron-periodic-workers[106112]: DEBUG cotyledon.oslo_config_glue [-] network_log.rate_limit = 100 {{(pid=106112) log_opt_values /opt/stack/data/venv/lib/python3.12/site-packages/oslo_config/cfg.py:3006}}
Apr 17 03:00:12.620805 np0000166945 neutron-periodic-workers[106112]: DEBUG cotyledon.oslo_config_glue [-] database.asyncio_connection = **** {{(pid=106112) log_opt_values /opt/stack/data/venv/lib/python3.12/site-packages/oslo_config/cfg.py:3006}}
Apr 17 03:00:12.620865 np0000166945 neutron-periodic-workers[106112]: DEBUG cotyledon.oslo_config_glue [-] database.asyncio_slave_connection = **** {{(pid=106112) log_opt_values /opt/stack/data/venv/lib/python3.12/site-packages/oslo_config/cfg.py:3006}}
Apr 17 03:00:12.620925 np0000166945 neutron-periodic-workers[106112]: DEBUG cotyledon.oslo_config_glue [-] database.backend = sqlalchemy {{(pid=106112) log_opt_values /opt/stack/data/venv/lib/python3.12/site-packages/oslo_config/cfg.py:3006}}
Apr 17 03:00:12.620997 np0000166945 neutron-periodic-workers[106112]: DEBUG cotyledon.oslo_config_glue [-] database.connection = **** {{(pid=106112) log_opt_values /opt/stack/data/venv/lib/python3.12/site-packages/oslo_config/cfg.py:3006}}
Apr 17 03:00:12.621084 np0000166945 neutron-periodic-workers[106112]: DEBUG cotyledon.oslo_config_glue [-] database.connection_debug = 0 {{(pid=106112) log_opt_values /opt/stack/data/venv/lib/python3.12/site-packages/oslo_config/cfg.py:3006}}
Apr 17 03:00:12.621142 np0000166945 neutron-periodic-workers[106112]: DEBUG cotyledon.oslo_config_glue [-] database.connection_parameters = {{(pid=106112) log_opt_values /opt/stack/data/venv/lib/python3.12/site-packages/oslo_config/cfg.py:3006}}
Apr 17 03:00:12.621212 np0000166945 neutron-periodic-workers[106112]: DEBUG cotyledon.oslo_config_glue [-] database.connection_recycle_time = 3600 {{(pid=106112) log_opt_values /opt/stack/data/venv/lib/python3.12/site-packages/oslo_config/cfg.py:3006}}
Apr 17 03:00:12.621267 np0000166945 neutron-periodic-workers[106112]: DEBUG cotyledon.oslo_config_glue [-] database.connection_trace = False {{(pid=106112) log_opt_values /opt/stack/data/venv/lib/python3.12/site-packages/oslo_config/cfg.py:3006}}
Apr 17 03:00:12.621322 np0000166945 neutron-periodic-workers[106112]: DEBUG cotyledon.oslo_config_glue [-] database.db_inc_retry_interval = True {{(pid=106112) log_opt_values /opt/stack/data/venv/lib/python3.12/site-packages/oslo_config/cfg.py:3006}}
Apr 17 03:00:12.621411 np0000166945 neutron-periodic-workers[106112]: DEBUG cotyledon.oslo_config_glue [-] database.db_max_retries = 20 {{(pid=106112) log_opt_values /opt/stack/data/venv/lib/python3.12/site-packages/oslo_config/cfg.py:3006}}
Apr 17 03:00:12.621411 np0000166945 neutron-periodic-workers[106112]: DEBUG cotyledon.oslo_config_glue [-] database.db_max_retry_interval = 10 {{(pid=106112) log_opt_values /opt/stack/data/venv/lib/python3.12/site-packages/oslo_config/cfg.py:3006}}
Apr 17 03:00:12.621494 np0000166945 neutron-periodic-workers[106112]: DEBUG cotyledon.oslo_config_glue [-] database.db_retry_interval = 1 {{(pid=106112) log_opt_values /opt/stack/data/venv/lib/python3.12/site-packages/oslo_config/cfg.py:3006}}
Apr 17 03:00:12.621549 np0000166945 neutron-periodic-workers[106112]: DEBUG cotyledon.oslo_config_glue [-] database.max_overflow = 50 {{(pid=106112) log_opt_values /opt/stack/data/venv/lib/python3.12/site-packages/oslo_config/cfg.py:3006}}
Apr 17 03:00:12.621585 np0000166945 neutron-periodic-workers[106112]: DEBUG cotyledon.oslo_config_glue [-] database.max_pool_size = 5 {{(pid=106112) log_opt_values /opt/stack/data/venv/lib/python3.12/site-packages/oslo_config/cfg.py:3006}}
Apr 17 03:00:12.621643 np0000166945 neutron-periodic-workers[106112]: DEBUG cotyledon.oslo_config_glue [-] database.max_retries = 10 {{(pid=106112) log_opt_values /opt/stack/data/venv/lib/python3.12/site-packages/oslo_config/cfg.py:3006}}
Apr 17 03:00:12.621715 np0000166945 neutron-periodic-workers[106112]: DEBUG cotyledon.oslo_config_glue [-] database.mysql_sql_mode = TRADITIONAL {{(pid=106112) log_opt_values /opt/stack/data/venv/lib/python3.12/site-packages/oslo_config/cfg.py:3006}}
Apr 17 03:00:12.621749 np0000166945 neutron-periodic-workers[106112]: DEBUG cotyledon.oslo_config_glue [-] database.mysql_wsrep_sync_wait = None {{(pid=106112) log_opt_values /opt/stack/data/venv/lib/python3.12/site-packages/oslo_config/cfg.py:3006}}
Apr 17 03:00:12.621836 np0000166945 neutron-periodic-workers[106112]: DEBUG cotyledon.oslo_config_glue [-] database.pool_timeout = None {{(pid=106112) log_opt_values /opt/stack/data/venv/lib/python3.12/site-packages/oslo_config/cfg.py:3006}}
Apr 17 03:00:12.621867 np0000166945 neutron-periodic-workers[106112]: DEBUG cotyledon.oslo_config_glue [-] database.retry_interval = 10 {{(pid=106112) log_opt_values /opt/stack/data/venv/lib/python3.12/site-packages/oslo_config/cfg.py:3006}}
Apr 17 03:00:12.621932 np0000166945 neutron-periodic-workers[106112]: DEBUG cotyledon.oslo_config_glue [-] database.slave_connection = **** {{(pid=106112) log_opt_values /opt/stack/data/venv/lib/python3.12/site-packages/oslo_config/cfg.py:3006}}
Apr 17 03:00:12.622003 np0000166945 neutron-periodic-workers[106112]: DEBUG cotyledon.oslo_config_glue [-] database.sqlite_synchronous = True {{(pid=106112) log_opt_values /opt/stack/data/venv/lib/python3.12/site-packages/oslo_config/cfg.py:3006}}
Apr 17 03:00:12.622080 np0000166945 neutron-periodic-workers[106112]: DEBUG cotyledon.oslo_config_glue [-] database.synchronous_reader = True {{(pid=106112) log_opt_values /opt/stack/data/venv/lib/python3.12/site-packages/oslo_config/cfg.py:3006}}
Apr 17 03:00:12.622139 np0000166945 neutron-periodic-workers[106112]: DEBUG cotyledon.oslo_config_glue [-] database.use_db_reconnect = False {{(pid=106112) log_opt_values /opt/stack/data/venv/lib/python3.12/site-packages/oslo_config/cfg.py:3006}}
Apr 17 03:00:12.622238 np0000166945 neutron-periodic-workers[106112]: DEBUG cotyledon.oslo_config_glue [-] ovn.bfd_min_rx = 1000 {{(pid=106112) log_opt_values /opt/stack/data/venv/lib/python3.12/site-packages/oslo_config/cfg.py:3006}}
Apr 17 03:00:12.622302 np0000166945 neutron-periodic-workers[106112]: DEBUG cotyledon.oslo_config_glue [-] ovn.bfd_min_tx = 100 {{(pid=106112) log_opt_values /opt/stack/data/venv/lib/python3.12/site-packages/oslo_config/cfg.py:3006}}
Apr 17 03:00:12.622350 np0000166945 neutron-periodic-workers[106112]: DEBUG cotyledon.oslo_config_glue [-] ovn.bfd_mult = 3 {{(pid=106112) log_opt_values /opt/stack/data/venv/lib/python3.12/site-packages/oslo_config/cfg.py:3006}}
Apr 17 03:00:12.622414 np0000166945 neutron-periodic-workers[106112]: DEBUG cotyledon.oslo_config_glue [-] ovn.broadcast_arps_to_all_routers = True {{(pid=106112) log_opt_values /opt/stack/data/venv/lib/python3.12/site-packages/oslo_config/cfg.py:3006}}
Apr 17 03:00:12.622471 np0000166945 neutron-periodic-workers[106112]: DEBUG cotyledon.oslo_config_glue [-] ovn.dhcp_default_lease_time = 43200 {{(pid=106112) log_opt_values /opt/stack/data/venv/lib/python3.12/site-packages/oslo_config/cfg.py:3006}}
Apr 17 03:00:12.622529 np0000166945 neutron-periodic-workers[106112]: DEBUG cotyledon.oslo_config_glue [-] ovn.disable_ovn_dhcp_for_baremetal_ports = False {{(pid=106112) log_opt_values /opt/stack/data/venv/lib/python3.12/site-packages/oslo_config/cfg.py:3006}}
Apr 17 03:00:12.622588 np0000166945 neutron-periodic-workers[106112]: DEBUG cotyledon.oslo_config_glue [-] ovn.dns_records_ovn_owned = False {{(pid=106112) log_opt_values /opt/stack/data/venv/lib/python3.12/site-packages/oslo_config/cfg.py:3006}}
Apr 17 03:00:12.622655 np0000166945 neutron-periodic-workers[106112]: DEBUG cotyledon.oslo_config_glue [-] ovn.dns_servers = [] {{(pid=106112) log_opt_values /opt/stack/data/venv/lib/python3.12/site-packages/oslo_config/cfg.py:3006}}
Apr 17 03:00:12.622715 np0000166945 neutron-periodic-workers[106112]: DEBUG cotyledon.oslo_config_glue [-] ovn.enable_distributed_floating_ip = False {{(pid=106112) log_opt_values /opt/stack/data/venv/lib/python3.12/site-packages/oslo_config/cfg.py:3006}}
Apr 17 03:00:12.622773 np0000166945 neutron-periodic-workers[106112]: DEBUG cotyledon.oslo_config_glue [-] ovn.fdb_age_threshold = 300 {{(pid=106112) log_opt_values /opt/stack/data/venv/lib/python3.12/site-packages/oslo_config/cfg.py:3006}}
Apr 17 03:00:12.622832 np0000166945 neutron-periodic-workers[106112]: DEBUG cotyledon.oslo_config_glue [-] ovn.ha_failover_strategy = normal {{(pid=106112) log_opt_values /opt/stack/data/venv/lib/python3.12/site-packages/oslo_config/cfg.py:3006}}
Apr 17 03:00:12.622889 np0000166945 neutron-periodic-workers[106112]: DEBUG cotyledon.oslo_config_glue [-] ovn.live_migration_activation_strategy = rarp {{(pid=106112) log_opt_values /opt/stack/data/venv/lib/python3.12/site-packages/oslo_config/cfg.py:3006}}
Apr 17 03:00:12.622998 np0000166945 neutron-periodic-workers[106112]: DEBUG cotyledon.oslo_config_glue [-] ovn.localnet_learn_fdb = False {{(pid=106112) log_opt_values /opt/stack/data/venv/lib/python3.12/site-packages/oslo_config/cfg.py:3006}}
Apr 17 03:00:12.622998 np0000166945 neutron-periodic-workers[106112]: DEBUG cotyledon.oslo_config_glue [-] ovn.mac_binding_age_threshold = 300 {{(pid=106112) log_opt_values /opt/stack/data/venv/lib/python3.12/site-packages/oslo_config/cfg.py:3006}}
Apr 17 03:00:12.623084 np0000166945 neutron-periodic-workers[106112]: DEBUG cotyledon.oslo_config_glue [-] ovn.neutron_sync_mode = log {{(pid=106112) log_opt_values /opt/stack/data/venv/lib/python3.12/site-packages/oslo_config/cfg.py:3006}}
Apr 17 03:00:12.623153 np0000166945 neutron-periodic-workers[106112]: DEBUG cotyledon.oslo_config_glue [-] ovn.ovn_dhcp4_global_options = {} {{(pid=106112) log_opt_values /opt/stack/data/venv/lib/python3.12/site-packages/oslo_config/cfg.py:3006}}
Apr 17 03:00:12.623212 np0000166945 neutron-periodic-workers[106112]: DEBUG cotyledon.oslo_config_glue [-] ovn.ovn_dhcp6_global_options = {} {{(pid=106112) log_opt_values /opt/stack/data/venv/lib/python3.12/site-packages/oslo_config/cfg.py:3006}}
Apr 17 03:00:12.623277 np0000166945 neutron-periodic-workers[106112]: DEBUG cotyledon.oslo_config_glue [-] ovn.ovn_l3_scheduler = leastloaded {{(pid=106112) log_opt_values /opt/stack/data/venv/lib/python3.12/site-packages/oslo_config/cfg.py:3006}}
Apr 17 03:00:12.623335 np0000166945 neutron-periodic-workers[106112]: DEBUG cotyledon.oslo_config_glue [-] ovn.ovn_metadata_enabled = True {{(pid=106112) log_opt_values /opt/stack/data/venv/lib/python3.12/site-packages/oslo_config/cfg.py:3006}}
Apr 17 03:00:12.623433 np0000166945 neutron-periodic-workers[106112]: DEBUG cotyledon.oslo_config_glue [-] ovn.ovn_nb_ca_cert = /opt/stack/data/CA/int-ca/ca-chain.pem {{(pid=106112) log_opt_values /opt/stack/data/venv/lib/python3.12/site-packages/oslo_config/cfg.py:3006}}
Apr 17 03:00:12.623474 np0000166945 neutron-periodic-workers[106112]: DEBUG cotyledon.oslo_config_glue [-] ovn.ovn_nb_certificate = /opt/stack/data/CA/int-ca/devstack-cert.crt {{(pid=106112) log_opt_values /opt/stack/data/venv/lib/python3.12/site-packages/oslo_config/cfg.py:3006}}
Apr 17 03:00:12.623560 np0000166945 neutron-periodic-workers[106112]: DEBUG cotyledon.oslo_config_glue [-] ovn.ovn_nb_connection = ['ssl:199.19.213.48:6641'] {{(pid=106112) log_opt_values /opt/stack/data/venv/lib/python3.12/site-packages/oslo_config/cfg.py:3006}}
Apr 17 03:00:12.623560 np0000166945 neutron-periodic-workers[106112]: DEBUG cotyledon.oslo_config_glue [-] ovn.ovn_nb_private_key = /opt/stack/data/CA/int-ca/private/devstack-cert.key {{(pid=106112) log_opt_values /opt/stack/data/venv/lib/python3.12/site-packages/oslo_config/cfg.py:3006}}
Apr 17 03:00:12.623676 np0000166945 neutron-periodic-workers[106112]: DEBUG cotyledon.oslo_config_glue [-] ovn.ovn_router_indirect_snat = False {{(pid=106112) log_opt_values /opt/stack/data/venv/lib/python3.12/site-packages/oslo_config/cfg.py:3006}}
Apr 17 03:00:12.623676 np0000166945 neutron-periodic-workers[106112]: DEBUG cotyledon.oslo_config_glue [-] ovn.ovn_sb_ca_cert = /opt/stack/data/CA/int-ca/ca-chain.pem {{(pid=106112) log_opt_values /opt/stack/data/venv/lib/python3.12/site-packages/oslo_config/cfg.py:3006}}
Apr 17 03:00:12.623732 np0000166945 neutron-periodic-workers[106112]: DEBUG cotyledon.oslo_config_glue [-] ovn.ovn_sb_certificate = /opt/stack/data/CA/int-ca/devstack-cert.crt {{(pid=106112) log_opt_values /opt/stack/data/venv/lib/python3.12/site-packages/oslo_config/cfg.py:3006}}
Apr 17 03:00:12.623788 np0000166945 neutron-periodic-workers[106112]: DEBUG cotyledon.oslo_config_glue [-] ovn.ovn_sb_connection = ['ssl:199.19.213.48:6642'] {{(pid=106112) log_opt_values /opt/stack/data/venv/lib/python3.12/site-packages/oslo_config/cfg.py:3006}}
Apr 17 03:00:12.623875 np0000166945 neutron-periodic-workers[106112]: DEBUG cotyledon.oslo_config_glue [-] ovn.ovn_sb_private_key = /opt/stack/data/CA/int-ca/private/devstack-cert.key {{(pid=106112) log_opt_values /opt/stack/data/venv/lib/python3.12/site-packages/oslo_config/cfg.py:3006}}
Apr 17 03:00:12.623907 np0000166945 neutron-periodic-workers[106112]: DEBUG cotyledon.oslo_config_glue [-] ovn.ovs_create_tap = False {{(pid=106112) log_opt_values /opt/stack/data/venv/lib/python3.12/site-packages/oslo_config/cfg.py:3006}}
Apr 17 03:00:12.623943 np0000166945 neutron-periodic-workers[106112]: DEBUG cotyledon.oslo_config_glue [-] ovn.ovsdb_connection_timeout = 180 {{(pid=106112) log_opt_values /opt/stack/data/venv/lib/python3.12/site-packages/oslo_config/cfg.py:3006}}
Apr 17 03:00:12.624007 np0000166945 neutron-periodic-workers[106112]: DEBUG cotyledon.oslo_config_glue [-] ovn.ovsdb_log_level = INFO {{(pid=106112) log_opt_values /opt/stack/data/venv/lib/python3.12/site-packages/oslo_config/cfg.py:3006}}
Apr 17 03:00:12.624113 np0000166945 neutron-periodic-workers[106112]: DEBUG cotyledon.oslo_config_glue [-] ovn.ovsdb_probe_interval = 60000 {{(pid=106112) log_opt_values /opt/stack/data/venv/lib/python3.12/site-packages/oslo_config/cfg.py:3006}}
Apr 17 03:00:12.624184 np0000166945 neutron-periodic-workers[106112]: DEBUG cotyledon.oslo_config_glue [-] ovn.ovsdb_retry_max_interval = 180 {{(pid=106112) log_opt_values /opt/stack/data/venv/lib/python3.12/site-packages/oslo_config/cfg.py:3006}}
Apr 17 03:00:12.624184 np0000166945 neutron-periodic-workers[106112]: DEBUG cotyledon.oslo_config_glue [-] ovn.stateless_nat_enabled = False {{(pid=106112) log_opt_values /opt/stack/data/venv/lib/python3.12/site-packages/oslo_config/cfg.py:3006}}
Apr 17 03:00:12.624283 np0000166945 neutron-periodic-workers[106112]: DEBUG cotyledon.oslo_config_glue [-] ovn.vhost_sock_dir = /var/run/openvswitch {{(pid=106112) log_opt_values /opt/stack/data/venv/lib/python3.12/site-packages/oslo_config/cfg.py:3006}}
Apr 17 03:00:12.624394 np0000166945 neutron-periodic-workers[106112]: DEBUG cotyledon.oslo_config_glue [-] OVS.bridge_mac_table_size = 50000 {{(pid=106112) log_opt_values /opt/stack/data/venv/lib/python3.12/site-packages/oslo_config/cfg.py:3006}}
Apr 17 03:00:12.624394 np0000166945 neutron-periodic-workers[106112]: DEBUG cotyledon.oslo_config_glue [-] OVS.igmp_flood = False {{(pid=106112) log_opt_values /opt/stack/data/venv/lib/python3.12/site-packages/oslo_config/cfg.py:3006}}
Apr 17 03:00:12.624482 np0000166945 neutron-periodic-workers[106112]: DEBUG cotyledon.oslo_config_glue [-] OVS.igmp_flood_reports = True {{(pid=106112) log_opt_values /opt/stack/data/venv/lib/python3.12/site-packages/oslo_config/cfg.py:3006}}
Apr 17 03:00:12.624482 np0000166945 neutron-periodic-workers[106112]: DEBUG cotyledon.oslo_config_glue [-] OVS.igmp_flood_unregistered = False {{(pid=106112) log_opt_values /opt/stack/data/venv/lib/python3.12/site-packages/oslo_config/cfg.py:3006}}
Apr 17 03:00:12.624640 np0000166945 neutron-periodic-workers[106112]: DEBUG cotyledon.oslo_config_glue [-] OVS.igmp_snooping_enable = False {{(pid=106112) log_opt_values /opt/stack/data/venv/lib/python3.12/site-packages/oslo_config/cfg.py:3006}}
Apr 17 03:00:12.624640 np0000166945 neutron-periodic-workers[106112]: DEBUG cotyledon.oslo_config_glue [-] OVS.ovsdb_timeout = 10 {{(pid=106112) log_opt_values /opt/stack/data/venv/lib/python3.12/site-packages/oslo_config/cfg.py:3006}}
Apr 17 03:00:12.624640 np0000166945 neutron-periodic-workers[106112]: DEBUG cotyledon.oslo_config_glue [-] ovn_nb_global.fdb_removal_limit = 0 {{(pid=106112) log_opt_values /opt/stack/data/venv/lib/python3.12/site-packages/oslo_config/cfg.py:3006}}
Apr 17 03:00:12.624767 np0000166945 neutron-periodic-workers[106112]: DEBUG cotyledon.oslo_config_glue [-] ovn_nb_global.ignore_lsp_down = False {{(pid=106112) log_opt_values /opt/stack/data/venv/lib/python3.12/site-packages/oslo_config/cfg.py:3006}}
Apr 17 03:00:12.624767 np0000166945 neutron-periodic-workers[106112]: DEBUG cotyledon.oslo_config_glue [-] ovn_nb_global.mac_binding_removal_limit = 0 {{(pid=106112) log_opt_values /opt/stack/data/venv/lib/python3.12/site-packages/oslo_config/cfg.py:3006}}
Apr 17 03:00:12.624943 np0000166945 neutron-periodic-workers[106112]: DEBUG cotyledon.oslo_config_glue [-] ******************************************************************************** {{(pid=106112) log_opt_values /opt/stack/data/venv/lib/python3.12/site-packages/oslo_config/cfg.py:3013}}
Apr 17 03:00:12.625134 np0000166945 neutron-periodic-workers[106112]: DEBUG cotyledon._service_worker [-] Run service ServiceWrapper(0) [106112] {{(pid=106112) wait_forever /opt/stack/data/venv/lib/python3.12/site-packages/cotyledon/_service_worker.py:218}}
Apr 17 03:00:22.263307 np0000166945 neutron-periodic-workers[105506]: DEBUG dbcounter [-] [105506] Writing DB stats neutron:SELECT=7,neutron:INSERT=1 {{(pid=105506) stat_writer /opt/stack/data/venv/lib/python3.12/site-packages/dbcounter.py:115}}
Apr 17 03:01:10.599622 np0000166945 neutron-periodic-workers[106106]: DEBUG oslo_db.sqlalchemy.engines [None req-040659e5-06f5-40a5-9579-e8fce67b8514 None None] Parent process 105506 forked (106106) with an open database connection, which is being discarded and recreated. {{(pid=106106) checkout /opt/stack/data/venv/lib/python3.12/site-packages/oslo_db/sqlalchemy/engines.py:402}}
Apr 17 03:01:10.610716 np0000166945 neutron-periodic-workers[106106]: DEBUG dbcounter [-] [106106] Writer thread running {{(pid=106106) stat_writer /opt/stack/data/venv/lib/python3.12/site-packages/dbcounter.py:102}}
Apr 17 03:01:10.614780 np0000166945 neutron-periodic-workers[106106]: DEBUG neutron.db.agents_db [None req-040659e5-06f5-40a5-9579-e8fce67b8514 None None] Agent healthcheck: found 0 active agents {{(pid=106106) agent_health_check /opt/stack/neutron/neutron/db/agents_db.py:317}}
Apr 17 03:01:10.614989 np0000166945 neutron-periodic-workers[106106]: DEBUG oslo.service.backend._threading.loopingcall [None req-040659e5-06f5-40a5-9579-e8fce67b8514 None None] Fixed interval looping call 'neutron.plugins.ml2.plugin.AgentDbMixin.agent_health_check' sleeping for 36.97 seconds {{(pid=106106) _run_loop /opt/stack/data/venv/lib/python3.12/site-packages/oslo_service/backend/_threading/loopingcall.py:125}}
Apr 17 03:01:20.611417 np0000166945 neutron-periodic-workers[106106]: DEBUG dbcounter [-] [106106] Writing DB stats neutron:SELECT=1 {{(pid=106106) stat_writer /opt/stack/data/venv/lib/python3.12/site-packages/dbcounter.py:115}}
Apr 17 03:01:24.588303 np0000166945 neutron-periodic-workers[106104]: DEBUG dbcounter [-] [106104] Writer thread running {{(pid=106104) stat_writer /opt/stack/data/venv/lib/python3.12/site-packages/dbcounter.py:102}}
Apr 17 03:01:24.610597 np0000166945 neutron-periodic-workers[106104]: DEBUG oslo.service.backend._threading.loopingcall [None req-58774839-af7d-4f23-8b7f-bbb207b8f51b None None] Fixed interval looping call 'neutron.plugins.ml2.plugin.DhcpAgentSchedulerDbMixin.remove_networks_from_down_agents' sleeping for 36.95 seconds {{(pid=106104) _run_loop /opt/stack/data/venv/lib/python3.12/site-packages/oslo_service/backend/_threading/loopingcall.py:125}}
Apr 17 03:01:34.609203 np0000166945 neutron-periodic-workers[106104]: DEBUG dbcounter [-] [106104] Writing DB stats neutron:SELECT=3 {{(pid=106104) stat_writer /opt/stack/data/venv/lib/python3.12/site-packages/dbcounter.py:115}}
Apr 17 03:01:47.591959 np0000166945 neutron-periodic-workers[106106]: DEBUG neutron.db.agents_db [None req-040659e5-06f5-40a5-9579-e8fce67b8514 None None] Agent healthcheck: found 0 active agents {{(pid=106106) agent_health_check /opt/stack/neutron/neutron/db/agents_db.py:317}}
Apr 17 03:01:57.517142 np0000166945 neutron-periodic-workers[106106]: DEBUG oslo.service.backend._threading.loopingcall [None req-040659e5-06f5-40a5-9579-e8fce67b8514 None None] Fixed interval looping call 'neutron.plugins.ml2.plugin.AgentDbMixin.agent_health_check' sleeping for 36.99 seconds {{(pid=106106) _run_loop /opt/stack/data/venv/lib/python3.12/site-packages/oslo_service/backend/_threading/loopingcall.py:125}}
Apr 17 03:01:57.589693 np0000166945 neutron-periodic-workers[106106]: DEBUG dbcounter [-] [106106] Writing DB stats neutron:SELECT=1 {{(pid=106106) stat_writer /opt/stack/data/venv/lib/python3.12/site-packages/dbcounter.py:115}}
Apr 17 03:02:01.595886 np0000166945 neutron-periodic-workers[106104]: DEBUG oslo.service.backend._threading.loopingcall [None req-58774839-af7d-4f23-8b7f-bbb207b8f51b None None] Fixed interval looping call 'neutron.plugins.ml2.plugin.DhcpAgentSchedulerDbMixin.remove_networks_from_down_agents' sleeping for 36.98 seconds {{(pid=106104) _run_loop /opt/stack/data/venv/lib/python3.12/site-packages/oslo_service/backend/_threading/loopingcall.py:125}}
Apr 17 03:02:11.594774 np0000166945 neutron-periodic-workers[106104]: DEBUG dbcounter [-] [106104] Writing DB stats neutron:SELECT=3 {{(pid=106104) stat_writer /opt/stack/data/venv/lib/python3.12/site-packages/dbcounter.py:115}}
Apr 17 03:02:12.625403 np0000166945 neutron-periodic-workers[106110]: DEBUG dbcounter [-] [106110] Writer thread running {{(pid=106110) stat_writer /opt/stack/data/venv/lib/python3.12/site-packages/dbcounter.py:102}}
Apr 17 03:02:12.627816 np0000166945 neutron-periodic-workers[106110]: DEBUG oslo.service.backend._threading.loopingcall [None req-52f4b68c-54f8-4aee-838c-ba04129ea4d2 None None] Fixed interval looping call 'neutron.db.quota.driver_nolock.DbQuotaNoLockDriver._remove_expired_reservations' sleeping for 119.98 seconds {{(pid=106110) _run_loop /opt/stack/data/venv/lib/python3.12/site-packages/oslo_service/backend/_threading/loopingcall.py:125}}
Apr 17 03:02:22.626178 np0000166945 neutron-periodic-workers[106110]: DEBUG dbcounter [-] [106110] Writing DB stats neutron:DELETE=1 {{(pid=106110) stat_writer /opt/stack/data/venv/lib/python3.12/site-packages/dbcounter.py:115}}
Apr 17 03:02:24.589470 np0000166945 neutron-periodic-workers[106106]: DEBUG neutron.db.agents_db [None req-040659e5-06f5-40a5-9579-e8fce67b8514 None None] Agent healthcheck: found 0 active agents {{(pid=106106) agent_health_check /opt/stack/neutron/neutron/db/agents_db.py:317}}
Apr 17 03:02:24.590581 np0000166945 neutron-periodic-workers[106106]: DEBUG oslo.service.backend._threading.loopingcall [None req-040659e5-06f5-40a5-9579-e8fce67b8514 None None] Fixed interval looping call 'neutron.plugins.ml2.plugin.AgentDbMixin.agent_health_check' sleeping for 36.99 seconds {{(pid=106106) _run_loop /opt/stack/data/venv/lib/python3.12/site-packages/oslo_service/backend/_threading/loopingcall.py:125}}
Apr 17 03:02:34.587396 np0000166945 neutron-periodic-workers[106106]: DEBUG dbcounter [-] [106106] Writing DB stats neutron:SELECT=1 {{(pid=106106) stat_writer /opt/stack/data/venv/lib/python3.12/site-packages/dbcounter.py:115}}
Apr 17 03:02:38.584869 np0000166945 neutron-periodic-workers[106104]: DEBUG oslo.service.backend._threading.loopingcall [None req-58774839-af7d-4f23-8b7f-bbb207b8f51b None None] Fixed interval looping call 'neutron.plugins.ml2.plugin.DhcpAgentSchedulerDbMixin.remove_networks_from_down_agents' sleeping for 36.99 seconds {{(pid=106104) _run_loop /opt/stack/data/venv/lib/python3.12/site-packages/oslo_service/backend/_threading/loopingcall.py:125}}
Apr 17 03:02:48.584254 np0000166945 neutron-periodic-workers[106104]: DEBUG dbcounter [-] [106104] Writing DB stats neutron:SELECT=3 {{(pid=106104) stat_writer /opt/stack/data/venv/lib/python3.12/site-packages/dbcounter.py:115}}
Apr 17 03:03:01.614239 np0000166945 neutron-periodic-workers[106106]: DEBUG neutron.db.agents_db [None req-040659e5-06f5-40a5-9579-e8fce67b8514 None None] Agent healthcheck: found 0 active agents {{(pid=106106) agent_health_check /opt/stack/neutron/neutron/db/agents_db.py:317}}
Apr 17 03:03:01.614870 np0000166945 neutron-periodic-workers[106106]: DEBUG oslo.service.backend._threading.loopingcall [None req-040659e5-06f5-40a5-9579-e8fce67b8514 None None] Fixed interval looping call 'neutron.plugins.ml2.plugin.AgentDbMixin.agent_health_check' sleeping for 36.97 seconds {{(pid=106106) _run_loop /opt/stack/data/venv/lib/python3.12/site-packages/oslo_service/backend/_threading/loopingcall.py:125}}
Apr 17 03:03:11.584111 np0000166945 neutron-periodic-workers[106106]: DEBUG dbcounter [-] [106106] Writing DB stats neutron:SELECT=1 {{(pid=106106) stat_writer /opt/stack/data/venv/lib/python3.12/site-packages/dbcounter.py:115}}
Apr 17 03:03:15.586524 np0000166945 neutron-periodic-workers[106104]: DEBUG oslo.service.backend._threading.loopingcall [None req-58774839-af7d-4f23-8b7f-bbb207b8f51b None None] Fixed interval looping call 'neutron.plugins.ml2.plugin.DhcpAgentSchedulerDbMixin.remove_networks_from_down_agents' sleeping for 36.99 seconds {{(pid=106104) _run_loop /opt/stack/data/venv/lib/python3.12/site-packages/oslo_service/backend/_threading/loopingcall.py:125}}
Apr 17 03:03:25.584648 np0000166945 neutron-periodic-workers[106104]: DEBUG dbcounter [-] [106104] Writing DB stats neutron:SELECT=3 {{(pid=106104) stat_writer /opt/stack/data/venv/lib/python3.12/site-packages/dbcounter.py:115}}
Apr 17 03:03:38.590608 np0000166945 neutron-periodic-workers[106106]: DEBUG neutron.db.agents_db [None req-040659e5-06f5-40a5-9579-e8fce67b8514 None None] Agent healthcheck: found 0 active agents {{(pid=106106) agent_health_check /opt/stack/neutron/neutron/db/agents_db.py:317}}
Apr 17 03:03:38.590608 np0000166945 neutron-periodic-workers[106106]: DEBUG oslo.service.backend._threading.loopingcall [None req-040659e5-06f5-40a5-9579-e8fce67b8514 None None] Fixed interval looping call 'neutron.plugins.ml2.plugin.AgentDbMixin.agent_health_check' sleeping for 36.99 seconds {{(pid=106106) _run_loop /opt/stack/data/venv/lib/python3.12/site-packages/oslo_service/backend/_threading/loopingcall.py:125}}
Apr 17 03:03:48.589106 np0000166945 neutron-periodic-workers[106106]: DEBUG dbcounter [-] [106106] Writing DB stats neutron:SELECT=1 {{(pid=106106) stat_writer /opt/stack/data/venv/lib/python3.12/site-packages/dbcounter.py:115}}
Apr 17 03:03:52.588145 np0000166945 neutron-periodic-workers[106104]: DEBUG oslo.service.backend._threading.loopingcall [None req-58774839-af7d-4f23-8b7f-bbb207b8f51b None None] Fixed interval looping call 'neutron.plugins.ml2.plugin.DhcpAgentSchedulerDbMixin.remove_networks_from_down_agents' sleeping for 36.99 seconds {{(pid=106104) _run_loop /opt/stack/data/venv/lib/python3.12/site-packages/oslo_service/backend/_threading/loopingcall.py:125}}
Apr 17 03:04:02.586843 np0000166945 neutron-periodic-workers[106104]: DEBUG dbcounter [-] [106104] Writing DB stats neutron:SELECT=3 {{(pid=106104) stat_writer /opt/stack/data/venv/lib/python3.12/site-packages/dbcounter.py:115}}
Apr 17 03:04:11.668668 np0000166945 neutron-periodic-workers[106112]: DEBUG dbcounter [-] [106112] Writer thread running {{(pid=106112) stat_writer /opt/stack/data/venv/lib/python3.12/site-packages/dbcounter.py:102}}
Apr 17 03:04:11.678577 np0000166945 neutron-periodic-workers[106112]: DEBUG oslo.service.backend._threading.loopingcall [None req-b365b2ac-e055-46c2-8f6d-e2d8b994760e None None] Fixed interval looping call 'neutron.services.ovn_l3.plugin.L3_NAT_dbonly_mixin._clean_garbage' sleeping for 299.95 seconds {{(pid=106112) _run_loop /opt/stack/data/venv/lib/python3.12/site-packages/oslo_service/backend/_threading/loopingcall.py:125}}
Apr 17 03:04:12.623132 np0000166945 neutron-periodic-workers[106110]: DEBUG oslo.service.backend._threading.loopingcall [None req-52f4b68c-54f8-4aee-838c-ba04129ea4d2 None None] Fixed interval looping call 'neutron.db.quota.driver_nolock.DbQuotaNoLockDriver._remove_expired_reservations' sleeping for 119.99 seconds {{(pid=106110) _run_loop /opt/stack/data/venv/lib/python3.12/site-packages/oslo_service/backend/_threading/loopingcall.py:125}}
Apr 17 03:04:15.590161 np0000166945 neutron-periodic-workers[106106]: DEBUG neutron.db.agents_db [None req-040659e5-06f5-40a5-9579-e8fce67b8514 None None] Agent healthcheck: found 0 active agents {{(pid=106106) agent_health_check /opt/stack/neutron/neutron/db/agents_db.py:317}}
Apr 17 03:04:15.590751 np0000166945 neutron-periodic-workers[106106]: DEBUG oslo.service.backend._threading.loopingcall [None req-040659e5-06f5-40a5-9579-e8fce67b8514 None None] Fixed interval looping call 'neutron.plugins.ml2.plugin.AgentDbMixin.agent_health_check' sleeping for 36.99 seconds {{(pid=106106) _run_loop /opt/stack/data/venv/lib/python3.12/site-packages/oslo_service/backend/_threading/loopingcall.py:125}}
Apr 17 03:04:21.670231 np0000166945 neutron-periodic-workers[106112]: DEBUG dbcounter [-] [106112] Writing DB stats neutron:SELECT=1 {{(pid=106112) stat_writer /opt/stack/data/venv/lib/python3.12/site-packages/dbcounter.py:115}}
Apr 17 03:04:22.622245 np0000166945 neutron-periodic-workers[106110]: DEBUG dbcounter [-] [106110] Writing DB stats neutron:DELETE=1 {{(pid=106110) stat_writer /opt/stack/data/venv/lib/python3.12/site-packages/dbcounter.py:115}}
Apr 17 03:04:25.589317 np0000166945 neutron-periodic-workers[106106]: DEBUG dbcounter [-] [106106] Writing DB stats neutron:SELECT=1 {{(pid=106106) stat_writer /opt/stack/data/venv/lib/python3.12/site-packages/dbcounter.py:115}}
Apr 17 03:04:29.588468 np0000166945 neutron-periodic-workers[106104]: DEBUG oslo.service.backend._threading.loopingcall [None req-58774839-af7d-4f23-8b7f-bbb207b8f51b None None] Fixed interval looping call 'neutron.plugins.ml2.plugin.DhcpAgentSchedulerDbMixin.remove_networks_from_down_agents' sleeping for 36.99 seconds {{(pid=106104) _run_loop /opt/stack/data/venv/lib/python3.12/site-packages/oslo_service/backend/_threading/loopingcall.py:125}}
Apr 17 03:04:39.586927 np0000166945 neutron-periodic-workers[106104]: DEBUG dbcounter [-] [106104] Writing DB stats neutron:SELECT=3 {{(pid=106104) stat_writer /opt/stack/data/venv/lib/python3.12/site-packages/dbcounter.py:115}}
Apr 17 03:04:52.587651 np0000166945 neutron-periodic-workers[106106]: DEBUG neutron.db.agents_db [None req-040659e5-06f5-40a5-9579-e8fce67b8514 None None] Agent healthcheck: found 0 active agents {{(pid=106106) agent_health_check /opt/stack/neutron/neutron/db/agents_db.py:317}}
Apr 17 03:04:52.588488 np0000166945 neutron-periodic-workers[106106]: DEBUG oslo.service.backend._threading.loopingcall [None req-040659e5-06f5-40a5-9579-e8fce67b8514 None None] Fixed interval looping call 'neutron.plugins.ml2.plugin.AgentDbMixin.agent_health_check' sleeping for 36.99 seconds {{(pid=106106) _run_loop /opt/stack/data/venv/lib/python3.12/site-packages/oslo_service/backend/_threading/loopingcall.py:125}}
Apr 17 03:05:02.584986 np0000166945 neutron-periodic-workers[106106]: DEBUG dbcounter [-] [106106] Writing DB stats neutron:SELECT=1 {{(pid=106106) stat_writer /opt/stack/data/venv/lib/python3.12/site-packages/dbcounter.py:115}}
Apr 17 03:05:06.590261 np0000166945 neutron-periodic-workers[106104]: DEBUG oslo.service.backend._threading.loopingcall [None req-58774839-af7d-4f23-8b7f-bbb207b8f51b None None] Fixed interval looping call 'neutron.plugins.ml2.plugin.DhcpAgentSchedulerDbMixin.remove_networks_from_down_agents' sleeping for 36.99 seconds {{(pid=106104) _run_loop /opt/stack/data/venv/lib/python3.12/site-packages/oslo_service/backend/_threading/loopingcall.py:125}}
Apr 17 03:05:16.587880 np0000166945 neutron-periodic-workers[106104]: DEBUG dbcounter [-] [106104] Writing DB stats neutron:SELECT=3 {{(pid=106104) stat_writer /opt/stack/data/venv/lib/python3.12/site-packages/dbcounter.py:115}}
Apr 17 03:05:29.582574 np0000166945 neutron-periodic-workers[106106]: DEBUG neutron.db.agents_db [None req-040659e5-06f5-40a5-9579-e8fce67b8514 None None] Agent healthcheck: found 0 active agents {{(pid=106106) agent_health_check /opt/stack/neutron/neutron/db/agents_db.py:317}}
Apr 17 03:05:29.582950 np0000166945 neutron-periodic-workers[106106]: DEBUG oslo.service.backend._threading.loopingcall [None req-040659e5-06f5-40a5-9579-e8fce67b8514 None None] Fixed interval looping call 'neutron.plugins.ml2.plugin.AgentDbMixin.agent_health_check' sleeping for 37.00 seconds {{(pid=106106) _run_loop /opt/stack/data/venv/lib/python3.12/site-packages/oslo_service/backend/_threading/loopingcall.py:125}}
Apr 17 03:05:39.581419 np0000166945 neutron-periodic-workers[106106]: DEBUG dbcounter [-] [106106] Writing DB stats neutron:SELECT=1 {{(pid=106106) stat_writer /opt/stack/data/venv/lib/python3.12/site-packages/dbcounter.py:115}}
Apr 17 03:05:43.591609 np0000166945 neutron-periodic-workers[106104]: DEBUG oslo.service.backend._threading.loopingcall [None req-58774839-af7d-4f23-8b7f-bbb207b8f51b None None] Fixed interval looping call 'neutron.plugins.ml2.plugin.DhcpAgentSchedulerDbMixin.remove_networks_from_down_agents' sleeping for 36.99 seconds {{(pid=106104) _run_loop /opt/stack/data/venv/lib/python3.12/site-packages/oslo_service/backend/_threading/loopingcall.py:125}}
Apr 17 03:05:53.589771 np0000166945 neutron-periodic-workers[106104]: DEBUG dbcounter [-] [106104] Writing DB stats neutron:SELECT=3 {{(pid=106104) stat_writer /opt/stack/data/venv/lib/python3.12/site-packages/dbcounter.py:115}}
Apr 17 03:06:06.591393 np0000166945 neutron-periodic-workers[106106]: DEBUG neutron.db.agents_db [None req-040659e5-06f5-40a5-9579-e8fce67b8514 None None] Agent healthcheck: found 0 active agents {{(pid=106106) agent_health_check /opt/stack/neutron/neutron/db/agents_db.py:317}}
Apr 17 03:06:06.591393 np0000166945 neutron-periodic-workers[106106]: DEBUG oslo.service.backend._threading.loopingcall [None req-040659e5-06f5-40a5-9579-e8fce67b8514 None None] Fixed interval looping call 'neutron.plugins.ml2.plugin.AgentDbMixin.agent_health_check' sleeping for 36.99 seconds {{(pid=106106) _run_loop /opt/stack/data/venv/lib/python3.12/site-packages/oslo_service/backend/_threading/loopingcall.py:125}}
Apr 17 03:06:12.618446 np0000166945 neutron-periodic-workers[106110]: DEBUG oslo.service.backend._threading.loopingcall [None req-52f4b68c-54f8-4aee-838c-ba04129ea4d2 None None] Fixed interval looping call 'neutron.db.quota.driver_nolock.DbQuotaNoLockDriver._remove_expired_reservations' sleeping for 120.00 seconds {{(pid=106110) _run_loop /opt/stack/data/venv/lib/python3.12/site-packages/oslo_service/backend/_threading/loopingcall.py:125}}
Apr 17 03:06:16.589381 np0000166945 neutron-periodic-workers[106106]: DEBUG dbcounter [-] [106106] Writing DB stats neutron:SELECT=1 {{(pid=106106) stat_writer /opt/stack/data/venv/lib/python3.12/site-packages/dbcounter.py:115}}
Apr 17 03:06:20.593551 np0000166945 neutron-periodic-workers[106104]: DEBUG oslo.service.backend._threading.loopingcall [None req-58774839-af7d-4f23-8b7f-bbb207b8f51b None None] Fixed interval looping call 'neutron.plugins.ml2.plugin.DhcpAgentSchedulerDbMixin.remove_networks_from_down_agents' sleeping for 36.99 seconds {{(pid=106104) _run_loop /opt/stack/data/venv/lib/python3.12/site-packages/oslo_service/backend/_threading/loopingcall.py:125}}
Apr 17 03:06:22.616202 np0000166945 neutron-periodic-workers[106110]: DEBUG dbcounter [-] [106110] Writing DB stats neutron:DELETE=1 {{(pid=106110) stat_writer /opt/stack/data/venv/lib/python3.12/site-packages/dbcounter.py:115}}
Apr 17 03:06:30.592433 np0000166945 neutron-periodic-workers[106104]: DEBUG dbcounter [-] [106104] Writing DB stats neutron:SELECT=3 {{(pid=106104) stat_writer /opt/stack/data/venv/lib/python3.12/site-packages/dbcounter.py:115}}
Apr 17 03:06:43.585273 np0000166945 neutron-periodic-workers[106106]: DEBUG neutron.db.agents_db [None req-040659e5-06f5-40a5-9579-e8fce67b8514 None None] Agent healthcheck: found 0 active agents {{(pid=106106) agent_health_check /opt/stack/neutron/neutron/db/agents_db.py:317}}
Apr 17 03:06:43.585273 np0000166945 neutron-periodic-workers[106106]: DEBUG oslo.service.backend._threading.loopingcall [None req-040659e5-06f5-40a5-9579-e8fce67b8514 None None] Fixed interval looping call 'neutron.plugins.ml2.plugin.AgentDbMixin.agent_health_check' sleeping for 37.00 seconds {{(pid=106106) _run_loop /opt/stack/data/venv/lib/python3.12/site-packages/oslo_service/backend/_threading/loopingcall.py:125}}
Apr 17 03:06:53.584492 np0000166945 neutron-periodic-workers[106106]: DEBUG dbcounter [-] [106106] Writing DB stats neutron:SELECT=1 {{(pid=106106) stat_writer /opt/stack/data/venv/lib/python3.12/site-packages/dbcounter.py:115}}
Apr 17 03:06:57.593324 np0000166945 neutron-periodic-workers[106104]: DEBUG oslo.service.backend._threading.loopingcall [None req-58774839-af7d-4f23-8b7f-bbb207b8f51b None None] Fixed interval looping call 'neutron.plugins.ml2.plugin.DhcpAgentSchedulerDbMixin.remove_networks_from_down_agents' sleeping for 36.99 seconds {{(pid=106104) _run_loop /opt/stack/data/venv/lib/python3.12/site-packages/oslo_service/backend/_threading/loopingcall.py:125}}
Apr 17 03:07:07.592515 np0000166945 neutron-periodic-workers[106104]: DEBUG dbcounter [-] [106104] Writing DB stats neutron:SELECT=3 {{(pid=106104) stat_writer /opt/stack/data/venv/lib/python3.12/site-packages/dbcounter.py:115}}
Apr 17 03:07:20.590230 np0000166945 neutron-periodic-workers[106106]: DEBUG neutron.db.agents_db [None req-040659e5-06f5-40a5-9579-e8fce67b8514 None None] Agent healthcheck: found 0 active agents {{(pid=106106) agent_health_check /opt/stack/neutron/neutron/db/agents_db.py:317}}
Apr 17 03:07:20.591074 np0000166945 neutron-periodic-workers[106106]: DEBUG oslo.service.backend._threading.loopingcall [None req-040659e5-06f5-40a5-9579-e8fce67b8514 None None] Fixed interval looping call 'neutron.plugins.ml2.plugin.AgentDbMixin.agent_health_check' sleeping for 37.00 seconds {{(pid=106106) _run_loop /opt/stack/data/venv/lib/python3.12/site-packages/oslo_service/backend/_threading/loopingcall.py:125}}
Apr 17 03:07:30.589358 np0000166945 neutron-periodic-workers[106106]: DEBUG dbcounter [-] [106106] Writing DB stats neutron:SELECT=1 {{(pid=106106) stat_writer /opt/stack/data/venv/lib/python3.12/site-packages/dbcounter.py:115}}
Apr 17 03:07:34.594247 np0000166945 neutron-periodic-workers[106104]: DEBUG oslo.service.backend._threading.loopingcall [None req-58774839-af7d-4f23-8b7f-bbb207b8f51b None None] Fixed interval looping call 'neutron.plugins.ml2.plugin.DhcpAgentSchedulerDbMixin.remove_networks_from_down_agents' sleeping for 36.99 seconds {{(pid=106104) _run_loop /opt/stack/data/venv/lib/python3.12/site-packages/oslo_service/backend/_threading/loopingcall.py:125}}
Apr 17 03:07:44.593359 np0000166945 neutron-periodic-workers[106104]: DEBUG dbcounter [-] [106104] Writing DB stats neutron:SELECT=3 {{(pid=106104) stat_writer /opt/stack/data/venv/lib/python3.12/site-packages/dbcounter.py:115}}
Apr 17 03:07:57.596315 np0000166945 neutron-periodic-workers[106106]: DEBUG neutron.db.agents_db [None req-040659e5-06f5-40a5-9579-e8fce67b8514 None None] Agent healthcheck: found 0 active agents {{(pid=106106) agent_health_check /opt/stack/neutron/neutron/db/agents_db.py:317}}
Apr 17 03:07:57.596998 np0000166945 neutron-periodic-workers[106106]: DEBUG oslo.service.backend._threading.loopingcall [None req-040659e5-06f5-40a5-9579-e8fce67b8514 None None] Fixed interval looping call 'neutron.plugins.ml2.plugin.AgentDbMixin.agent_health_check' sleeping for 36.99 seconds {{(pid=106106) _run_loop /opt/stack/data/venv/lib/python3.12/site-packages/oslo_service/backend/_threading/loopingcall.py:125}}
Apr 17 03:08:07.594668 np0000166945 neutron-periodic-workers[106106]: DEBUG dbcounter [-] [106106] Writing DB stats neutron:SELECT=1 {{(pid=106106) stat_writer /opt/stack/data/venv/lib/python3.12/site-packages/dbcounter.py:115}}
Apr 17 03:08:11.592905 np0000166945 neutron-periodic-workers[106104]: DEBUG oslo.service.backend._threading.loopingcall [None req-58774839-af7d-4f23-8b7f-bbb207b8f51b None None] Fixed interval looping call 'neutron.plugins.ml2.plugin.DhcpAgentSchedulerDbMixin.remove_networks_from_down_agents' sleeping for 36.99 seconds {{(pid=106104) _run_loop /opt/stack/data/venv/lib/python3.12/site-packages/oslo_service/backend/_threading/loopingcall.py:125}}
Apr 17 03:08:12.627669 np0000166945 neutron-periodic-workers[106110]: DEBUG oslo.service.backend._threading.loopingcall [None req-52f4b68c-54f8-4aee-838c-ba04129ea4d2 None None] Fixed interval looping call 'neutron.db.quota.driver_nolock.DbQuotaNoLockDriver._remove_expired_reservations' sleeping for 119.99 seconds {{(pid=106110) _run_loop /opt/stack/data/venv/lib/python3.12/site-packages/oslo_service/backend/_threading/loopingcall.py:125}}
Apr 17 03:08:21.592850 np0000166945 neutron-periodic-workers[106104]: DEBUG dbcounter [-] [106104] Writing DB stats neutron:SELECT=3 {{(pid=106104) stat_writer /opt/stack/data/venv/lib/python3.12/site-packages/dbcounter.py:115}}
Apr 17 03:08:22.626967 np0000166945 neutron-periodic-workers[106110]: DEBUG dbcounter [-] [106110] Writing DB stats neutron:DELETE=1 {{(pid=106110) stat_writer /opt/stack/data/venv/lib/python3.12/site-packages/dbcounter.py:115}}
Apr 17 03:08:34.591641 np0000166945 neutron-periodic-workers[106106]: DEBUG neutron.db.agents_db [None req-040659e5-06f5-40a5-9579-e8fce67b8514 None None] Agent healthcheck: found 0 active agents {{(pid=106106) agent_health_check /opt/stack/neutron/neutron/db/agents_db.py:317}}
Apr 17 03:08:34.592246 np0000166945 neutron-periodic-workers[106106]: DEBUG oslo.service.backend._threading.loopingcall [None req-040659e5-06f5-40a5-9579-e8fce67b8514 None None] Fixed interval looping call 'neutron.plugins.ml2.plugin.AgentDbMixin.agent_health_check' sleeping for 37.00 seconds {{(pid=106106) _run_loop /opt/stack/data/venv/lib/python3.12/site-packages/oslo_service/backend/_threading/loopingcall.py:125}}
Apr 17 03:08:44.590571 np0000166945 neutron-periodic-workers[106106]: DEBUG dbcounter [-] [106106] Writing DB stats neutron:SELECT=1 {{(pid=106106) stat_writer /opt/stack/data/venv/lib/python3.12/site-packages/dbcounter.py:115}}
Apr 17 03:08:48.593697 np0000166945 neutron-periodic-workers[106104]: DEBUG oslo.service.backend._threading.loopingcall [None req-58774839-af7d-4f23-8b7f-bbb207b8f51b None None] Fixed interval looping call 'neutron.plugins.ml2.plugin.DhcpAgentSchedulerDbMixin.remove_networks_from_down_agents' sleeping for 36.99 seconds {{(pid=106104) _run_loop /opt/stack/data/venv/lib/python3.12/site-packages/oslo_service/backend/_threading/loopingcall.py:125}}
Apr 17 03:08:58.593209 np0000166945 neutron-periodic-workers[106104]: DEBUG dbcounter [-] [106104] Writing DB stats neutron:SELECT=3 {{(pid=106104) stat_writer /opt/stack/data/venv/lib/python3.12/site-packages/dbcounter.py:115}}
Apr 17 03:09:11.602676 np0000166945 neutron-periodic-workers[106106]: DEBUG neutron.db.agents_db [None req-040659e5-06f5-40a5-9579-e8fce67b8514 None None] Agent healthcheck: found 0 active agents {{(pid=106106) agent_health_check /opt/stack/neutron/neutron/db/agents_db.py:317}}
Apr 17 03:09:11.603194 np0000166945 neutron-periodic-workers[106106]: DEBUG oslo.service.backend._threading.loopingcall [None req-040659e5-06f5-40a5-9579-e8fce67b8514 None None] Fixed interval looping call 'neutron.plugins.ml2.plugin.AgentDbMixin.agent_health_check' sleeping for 36.99 seconds {{(pid=106106) _run_loop /opt/stack/data/venv/lib/python3.12/site-packages/oslo_service/backend/_threading/loopingcall.py:125}}
Apr 17 03:09:11.637490 np0000166945 neutron-periodic-workers[106112]: DEBUG oslo.service.backend._threading.loopingcall [None req-b365b2ac-e055-46c2-8f6d-e2d8b994760e None None] Fixed interval looping call 'neutron.services.ovn_l3.plugin.L3_NAT_dbonly_mixin._clean_garbage' sleeping for 299.99 seconds {{(pid=106112) _run_loop /opt/stack/data/venv/lib/python3.12/site-packages/oslo_service/backend/_threading/loopingcall.py:125}}
Apr 17 03:09:21.600685 np0000166945 neutron-periodic-workers[106106]: DEBUG dbcounter [-] [106106] Writing DB stats neutron:SELECT=1 {{(pid=106106) stat_writer /opt/stack/data/venv/lib/python3.12/site-packages/dbcounter.py:115}}
Apr 17 03:09:21.631810 np0000166945 neutron-periodic-workers[106112]: DEBUG dbcounter [-] [106112] Writing DB stats neutron:SELECT=1 {{(pid=106112) stat_writer /opt/stack/data/venv/lib/python3.12/site-packages/dbcounter.py:115}}
