Aug 14 09:08:24.706780 np0000189552 devstack@neutron-api.service[101571]: INFO neutron.api.extensions [None req-0f57eada-5a6d-4411-bcad-1d394c471b85 None None] Loaded extension: network_availability_zone
Aug 14 09:08:24.706780 np0000189552 devstack@neutron-api.service[101571]: DEBUG neutron.api.extensions [None req-0f57eada-5a6d-4411-bcad-1d394c471b85 None None] Loading extension file: network_ha.py {{(pid=101571) _load_all_extensions_from_path /opt/stack/neutron/neutron/api/extensions.py:449}}
Aug 14 09:08:24.706780 np0000189552 devstack@neutron-api.service[101571]: DEBUG neutron.api.extensions [None req-0f57eada-5a6d-4411-bcad-1d394c471b85 None None] Ext name="Network HA creation flag" alias="network_ha" description="Network high availability creation flag." updated="2023-04-27T10:00:00-00:00" {{(pid=101571) _check_extension /opt/stack/neutron/neutron/api/extensions.py:415}}
Aug 14 09:08:24.706780 np0000189552 devstack@neutron-api.service[101571]: INFO neutron.api.extensions [None req-0f57eada-5a6d-4411-bcad-1d394c471b85 None None] Extension network_ha not supported by any of loaded plugins
Aug 14 09:08:24.706780 np0000189552 devstack@neutron-api.service[101571]: DEBUG neutron.api.extensions [None req-0f57eada-5a6d-4411-bcad-1d394c471b85 None None] Loading extension file: network_ip_availability.py {{(pid=101571) _load_all_extensions_from_path /opt/stack/neutron/neutron/api/extensions.py:449}}
Aug 14 09:08:24.707656 np0000189552 devstack@neutron-api.service[101571]: DEBUG neutron.api.extensions [None req-0f57eada-5a6d-4411-bcad-1d394c471b85 None None] Ext name="Network IP Availability" alias="network-ip-availability" description="Provides IP availability data for each network and subnet." updated="2015-09-24T00:00:00-00:00" {{(pid=101571) _check_extension /opt/stack/neutron/neutron/api/extensions.py:415}}
Aug 14 09:08:24.707656 np0000189552 devstack@neutron-api.service[101571]: INFO neutron.api.extensions [None req-0f57eada-5a6d-4411-bcad-1d394c471b85 None None] Loaded extension: network-ip-availability
Aug 14 09:08:24.707656 np0000189552 devstack@neutron-api.service[101571]: DEBUG neutron.api.extensions [None req-0f57eada-5a6d-4411-bcad-1d394c471b85 None None] Loading extension file: network_ip_availability_details.py {{(pid=101571) _load_all_extensions_from_path /opt/stack/neutron/neutron/api/extensions.py:449}}
Aug 14 09:08:24.707656 np0000189552 devstack@neutron-api.service[101571]: DEBUG neutron.api.extensions [None req-0f57eada-5a6d-4411-bcad-1d394c471b85 None None] Ext name="Network IP Availability Details Extension" alias="network-ip-availability-details" description="Add ip_availability_details attribute to network-ip-availabilities resource." updated="2025-10-31T00:00:00-00:00" {{(pid=101571) _check_extension /opt/stack/neutron/neutron/api/extensions.py:415}}
Aug 14 09:08:24.707656 np0000189552 devstack@neutron-api.service[101571]: INFO neutron.api.extensions [None req-0f57eada-5a6d-4411-bcad-1d394c471b85 None None] Loaded extension: network-ip-availability-details
Aug 14 09:08:24.707656 np0000189552 devstack@neutron-api.service[101571]: DEBUG neutron.api.extensions [None req-0f57eada-5a6d-4411-bcad-1d394c471b85 None None] Loading extension file: network_segment_range.py {{(pid=101571) _load_all_extensions_from_path /opt/stack/neutron/neutron/api/extensions.py:449}}
Aug 14 09:08:24.708142 np0000189552 devstack@neutron-api.service[101571]: DEBUG neutron.api.extensions [None req-0f57eada-5a6d-4411-bcad-1d394c471b85 None None] Ext name="Neutron Network Segment Range" alias="network-segment-range" description="Provides support for the network segment range management" updated="2018-11-29T00:00:00-00:00" {{(pid=101571) _check_extension /opt/stack/neutron/neutron/api/extensions.py:415}}
Aug 14 09:08:24.708142 np0000189552 devstack@neutron-api.service[101571]: INFO neutron.api.extensions [None req-0f57eada-5a6d-4411-bcad-1d394c471b85 None None] Extension network-segment-range not supported by any of loaded plugins
Aug 14 09:08:24.708142 np0000189552 devstack@neutron-api.service[101571]: DEBUG neutron.api.extensions [None req-0f57eada-5a6d-4411-bcad-1d394c471b85 None None] Loading extension file: pagination.py {{(pid=101571) _load_all_extensions_from_path /opt/stack/neutron/neutron/api/extensions.py:449}}
Aug 14 09:08:24.708142 np0000189552 devstack@neutron-api.service[101571]: DEBUG neutron.api.extensions [None req-0f57eada-5a6d-4411-bcad-1d394c471b85 None None] Ext name="Pagination support" alias="pagination" description="Extension that indicates that pagination is enabled." updated="2016-06-12T00:00:00-00:00" {{(pid=101571) _check_extension /opt/stack/neutron/neutron/api/extensions.py:415}}
Aug 14 09:08:24.708142 np0000189552 devstack@neutron-api.service[101571]: INFO neutron.api.extensions [None req-0f57eada-5a6d-4411-bcad-1d394c471b85 None None] Loaded extension: pagination
Aug 14 09:08:24.708142 np0000189552 devstack@neutron-api.service[101571]: DEBUG neutron.api.extensions [None req-0f57eada-5a6d-4411-bcad-1d394c471b85 None None] Loading extension file: port_device_profile.py {{(pid=101571) _load_all_extensions_from_path /opt/stack/neutron/neutron/api/extensions.py:449}}
Aug 14 09:08:24.708142 np0000189552 devstack@neutron-api.service[101571]: DEBUG neutron.api.extensions [None req-0f57eada-5a6d-4411-bcad-1d394c471b85 None None] Ext name="Port device profile" alias="port-device-profile" description="Expose the port device profile (Cyborg)" updated="2020-12-17T10:00:00-00:00" {{(pid=101571) _check_extension /opt/stack/neutron/neutron/api/extensions.py:415}}
Aug 14 09:08:24.708768 np0000189552 devstack@neutron-api.service[101571]: INFO neutron.api.extensions [None req-0f57eada-5a6d-4411-bcad-1d394c471b85 None None] Loaded extension: port-device-profile
Aug 14 09:08:24.709149 np0000189552 devstack@neutron-api.service[101573]: INFO neutron.plugins.ml2.drivers.type_vlan [None req-1665ef15-d909-46fe-9742-c1f8803dc890 None None] VlanTypeDriver initialization complete
Aug 14 09:08:24.709579 np0000189552 devstack@neutron-api.service[101571]: DEBUG neutron.api.extensions [None req-0f57eada-5a6d-4411-bcad-1d394c471b85 None None] Loading extension file: port_hardware_offload_type.py {{(pid=101571) _load_all_extensions_from_path /opt/stack/neutron/neutron/api/extensions.py:449}}
Aug 14 09:08:24.709833 np0000189552 devstack@neutron-api.service[101573]: INFO neutron.plugins.ml2.managers [None req-1665ef15-d909-46fe-9742-c1f8803dc890 None None] Initializing extension driver 'port_security'
Aug 14 09:08:24.709833 np0000189552 devstack@neutron-api.service[101573]: INFO neutron.plugins.ml2.extensions.port_security [None req-1665ef15-d909-46fe-9742-c1f8803dc890 None None] PortSecurityExtensionDriver initialization complete
Aug 14 09:08:24.709967 np0000189552 devstack@neutron-api.service[101571]: DEBUG neutron.api.extensions [None req-0f57eada-5a6d-4411-bcad-1d394c471b85 None None] Ext name="Port hardware offload" alias="port-hardware-offload-type" description="Expose port hardware offload extension" updated="2023-05-09T10:00:00-00:00" {{(pid=101571) _check_extension /opt/stack/neutron/neutron/api/extensions.py:415}}
Aug 14 09:08:24.710220 np0000189552 devstack@neutron-api.service[101573]: INFO neutron.plugins.ml2.managers [None req-1665ef15-d909-46fe-9742-c1f8803dc890 None None] Initializing extension driver 'qos'
Aug 14 09:08:24.710357 np0000189552 devstack@neutron-api.service[101571]: INFO neutron.api.extensions [None req-0f57eada-5a6d-4411-bcad-1d394c471b85 None None] Extension port-hardware-offload-type not supported by any of loaded plugins
Aug 14 09:08:24.710538 np0000189552 devstack@neutron-api.service[101573]: DEBUG neutron.plugins.ml2.extensions.qos [None req-1665ef15-d909-46fe-9742-c1f8803dc890 None None] QosExtensionDriver initialization complete {{(pid=101573) initialize /opt/stack/neutron/neutron/plugins/ml2/extensions/qos.py:31}}
Aug 14 09:08:24.710640 np0000189552 devstack@neutron-api.service[101571]: DEBUG neutron.api.extensions [None req-0f57eada-5a6d-4411-bcad-1d394c471b85 None None] Loading extension file: port_hint_ovs_tx_steering.py {{(pid=101571) _load_all_extensions_from_path /opt/stack/neutron/neutron/api/extensions.py:449}}
Aug 14 09:08:24.710749 np0000189552 devstack@neutron-api.service[101573]: INFO neutron.plugins.ml2.managers [None req-1665ef15-d909-46fe-9742-c1f8803dc890 None None] Initializing mechanism driver 'ovn'
Aug 14 09:08:24.710749 np0000189552 devstack@neutron-api.service[101573]: INFO neutron.plugins.ml2.drivers.ovn.mech_driver.mech_driver [None req-1665ef15-d909-46fe-9742-c1f8803dc890 None None] Starting OVNMechanismDriver
Aug 14 09:08:24.710874 np0000189552 devstack@neutron-api.service[101571]: DEBUG neutron.api.extensions [None req-0f57eada-5a6d-4411-bcad-1d394c471b85 None None] Ext name="Port hint: Open vSwitch Tx steering" alias="port-hint-ovs-tx-steering" description="Enable Port hint: Open vSwitch Tx steering" updated="2023-01-01T00:00:00-00:00" {{(pid=101571) _check_extension /opt/stack/neutron/neutron/api/extensions.py:415}}
Aug 14 09:08:24.710874 np0000189552 devstack@neutron-api.service[101571]: INFO neutron.api.extensions [None req-0f57eada-5a6d-4411-bcad-1d394c471b85 None None] Extension port-hint-ovs-tx-steering not supported by any of loaded plugins
Aug 14 09:08:24.710874 np0000189552 devstack@neutron-api.service[101571]: DEBUG neutron.api.extensions [None req-0f57eada-5a6d-4411-bcad-1d394c471b85 None None] Loading extension file: port_hints.py {{(pid=101571) _load_all_extensions_from_path /opt/stack/neutron/neutron/api/extensions.py:449}}
Aug 14 09:08:24.710874 np0000189552 devstack@neutron-api.service[101571]: DEBUG neutron.api.extensions [None req-0f57eada-5a6d-4411-bcad-1d394c471b85 None None] Ext name="Port hints" alias="port-hints" description="Backend specific port hints to allow backend specific tuning" updated="2023-01-01T00:00:00-00:00" {{(pid=101571) _check_extension /opt/stack/neutron/neutron/api/extensions.py:415}}
Aug 14 09:08:24.710874 np0000189552 devstack@neutron-api.service[101571]: INFO neutron.api.extensions [None req-0f57eada-5a6d-4411-bcad-1d394c471b85 None None] Extension port-hints not supported by any of loaded plugins
Aug 14 09:08:24.711080 np0000189552 devstack@neutron-api.service[101572]: DEBUG neutron.plugins.ml2.drivers.ovn.mech_driver.ovsdb.maintenance [None req-b62e4e04-6abe-439c-a44d-b12840b4aa70 None None] Periodic task found: HashRingHealthCheckPeriodics.touch_hash_ring_node {{(pid=101572) add_periodics /opt/stack/neutron/neutron/plugins/ml2/drivers/ovn/mech_driver/ovsdb/maintenance.py:148}}
Aug 14 09:08:24.711546 np0000189552 devstack@neutron-api.service[101571]: DEBUG neutron.api.extensions [None req-0f57eada-5a6d-4411-bcad-1d394c471b85 None None] Loading extension file: port_mac_address_override.py {{(pid=101571) _load_all_extensions_from_path /opt/stack/neutron/neutron/api/extensions.py:449}}
Aug 14 09:08:24.711546 np0000189552 devstack@neutron-api.service[101571]: DEBUG neutron.api.extensions [None req-0f57eada-5a6d-4411-bcad-1d394c471b85 None None] Ext name="Neutron Port MAC address override" alias="port-mac-override" description="Allow overriding the MAC address of a direct-physical Port via the active binding profile" updated="2022-03-18T10:00:00-00:00" {{(pid=101571) _check_extension /opt/stack/neutron/neutron/api/extensions.py:415}}
Aug 14 09:08:24.711546 np0000189552 devstack@neutron-api.service[101571]: INFO neutron.api.extensions [None req-0f57eada-5a6d-4411-bcad-1d394c471b85 None None] Extension port-mac-override not supported by any of loaded plugins
Aug 14 09:08:24.711546 np0000189552 devstack@neutron-api.service[101571]: DEBUG neutron.api.extensions [None req-0f57eada-5a6d-4411-bcad-1d394c471b85 None None] Loading extension file: port_mac_address_regenerate.py {{(pid=101571) _load_all_extensions_from_path /opt/stack/neutron/neutron/api/extensions.py:449}}
Aug 14 09:08:24.711546 np0000189552 devstack@neutron-api.service[101571]: DEBUG neutron.api.extensions [None req-0f57eada-5a6d-4411-bcad-1d394c471b85 None None] Ext name="Neutron Port MAC address regenerate" alias="port-mac-address-regenerate" description="Network port MAC address regenerate" updated="2018-05-03T10:00:00-00:00" {{(pid=101571) _check_extension /opt/stack/neutron/neutron/api/extensions.py:415}}
Aug 14 09:08:24.711803 np0000189552 devstack@neutron-api.service[101573]: DEBUG neutron_lib.callbacks.manager [None req-1665ef15-d909-46fe-9742-c1f8803dc890 None None] Subscribe: > process before_spawn 55550000, False {{(pid=101573) subscribe /opt/stack/data/venv/lib/python3.12/site-packages/neutron_lib/callbacks/manager.py:52}}
Aug 14 09:08:24.711900 np0000189552 devstack@neutron-api.service[101571]: INFO neutron.api.extensions [None req-0f57eada-5a6d-4411-bcad-1d394c471b85 None None] Loaded extension: port-mac-address-regenerate
Aug 14 09:08:24.712025 np0000189552 devstack@neutron-api.service[101573]: DEBUG neutron_lib.callbacks.manager [None req-1665ef15-d909-46fe-9742-c1f8803dc890 None None] Subscribe: > process after_init 55550000, True {{(pid=101573) subscribe /opt/stack/data/venv/lib/python3.12/site-packages/neutron_lib/callbacks/manager.py:52}}
Aug 14 09:08:24.712134 np0000189552 devstack@neutron-api.service[101571]: DEBUG neutron.api.extensions [None req-0f57eada-5a6d-4411-bcad-1d394c471b85 None None] Loading extension file: port_numa_affinity_policy.py {{(pid=101571) _load_all_extensions_from_path /opt/stack/neutron/neutron/api/extensions.py:449}}
Aug 14 09:08:24.712229 np0000189552 devstack@neutron-api.service[101573]: DEBUG neutron_lib.callbacks.manager [None req-1665ef15-d909-46fe-9742-c1f8803dc890 None None] Subscribe: > segment after_create 55550000, False {{(pid=101573) subscribe /opt/stack/data/venv/lib/python3.12/site-packages/neutron_lib/callbacks/manager.py:52}}
Aug 14 09:08:24.712229 np0000189552 devstack@neutron-api.service[101573]: DEBUG neutron_lib.callbacks.manager [None req-1665ef15-d909-46fe-9742-c1f8803dc890 None None] Subscribe: > segment after_create 55550000, False {{(pid=101573) subscribe /opt/stack/data/venv/lib/python3.12/site-packages/neutron_lib/callbacks/manager.py:52}}
Aug 14 09:08:24.712381 np0000189552 devstack@neutron-api.service[101571]: DEBUG neutron.api.extensions [None req-0f57eada-5a6d-4411-bcad-1d394c471b85 None None] Ext name="Port NUMA affinity policy" alias="port-numa-affinity-policy" description="Expose the port NUMA affinity policy" updated="2020-07-08T10:00:00-00:00" {{(pid=101571) _check_extension /opt/stack/neutron/neutron/api/extensions.py:415}}
Aug 14 09:08:24.712505 np0000189552 devstack@neutron-api.service[101573]: DEBUG neutron_lib.callbacks.manager [None req-1665ef15-d909-46fe-9742-c1f8803dc890 None None] Subscribe: > segment after_delete 55550000, False {{(pid=101573) subscribe /opt/stack/data/venv/lib/python3.12/site-packages/neutron_lib/callbacks/manager.py:52}}
Aug 14 09:08:24.712597 np0000189552 devstack@neutron-api.service[101571]: INFO neutron.api.extensions [None req-0f57eada-5a6d-4411-bcad-1d394c471b85 None None] Loaded extension: port-numa-affinity-policy
Aug 14 09:08:24.712702 np0000189552 devstack@neutron-api.service[101573]: DEBUG neutron_lib.callbacks.manager [None req-1665ef15-d909-46fe-9742-c1f8803dc890 None None] Subscribe: > allowed_address_pair before_create 55550000, False {{(pid=101573) subscribe /opt/stack/data/venv/lib/python3.12/site-packages/neutron_lib/callbacks/manager.py:52}}
Aug 14 09:08:24.712828 np0000189552 devstack@neutron-api.service[101571]: DEBUG neutron.api.extensions [None req-0f57eada-5a6d-4411-bcad-1d394c471b85 None None] Loading extension file: port_numa_affinity_policy_socket.py {{(pid=101571) _load_all_extensions_from_path /opt/stack/neutron/neutron/api/extensions.py:449}}
Aug 14 09:08:24.712977 np0000189552 devstack@neutron-api.service[101573]: DEBUG neutron_lib.callbacks.manager [None req-1665ef15-d909-46fe-9742-c1f8803dc890 None None] Subscribe: > security_group precommit_create 55550000, False {{(pid=101573) subscribe /opt/stack/data/venv/lib/python3.12/site-packages/neutron_lib/callbacks/manager.py:52}}
Aug 14 09:08:24.712977 np0000189552 devstack@neutron-api.service[101573]: DEBUG neutron_lib.callbacks.manager [None req-1665ef15-d909-46fe-9742-c1f8803dc890 None None] Subscribe: > security_group after_update 55550000, False {{(pid=101573) subscribe /opt/stack/data/venv/lib/python3.12/site-packages/neutron_lib/callbacks/manager.py:52}}
Aug 14 09:08:24.713109 np0000189552 devstack@neutron-api.service[101571]: DEBUG neutron.api.extensions [None req-0f57eada-5a6d-4411-bcad-1d394c471b85 None None] Ext name="Port NUMA affinity policy "socket"" alias="port-numa-affinity-policy-socket" description="Adds "socket" to the supported port NUMA affinity policies" updated="2024-02-09T10:00:00-00:00" {{(pid=101571) _check_extension /opt/stack/neutron/neutron/api/extensions.py:415}}
Aug 14 09:08:24.713237 np0000189552 devstack@neutron-api.service[101573]: DEBUG neutron_lib.callbacks.manager [None req-1665ef15-d909-46fe-9742-c1f8803dc890 None None] Subscribe: > security_group after_create 55550000, False {{(pid=101573) subscribe /opt/stack/data/venv/lib/python3.12/site-packages/neutron_lib/callbacks/manager.py:52}}
Aug 14 09:08:24.713237 np0000189552 devstack@neutron-api.service[101573]: DEBUG neutron_lib.callbacks.manager [None req-1665ef15-d909-46fe-9742-c1f8803dc890 None None] Subscribe: > security_group precommit_delete 55550000, False {{(pid=101573) subscribe /opt/stack/data/venv/lib/python3.12/site-packages/neutron_lib/callbacks/manager.py:52}}
Aug 14 09:08:24.713379 np0000189552 devstack@neutron-api.service[101571]: INFO neutron.api.extensions [None req-0f57eada-5a6d-4411-bcad-1d394c471b85 None None] Loaded extension: port-numa-affinity-policy-socket
Aug 14 09:08:24.713521 np0000189552 devstack@neutron-api.service[101573]: DEBUG neutron_lib.callbacks.manager [None req-1665ef15-d909-46fe-9742-c1f8803dc890 None None] Subscribe: > security_group after_delete 55550000, False {{(pid=101573) subscribe /opt/stack/data/venv/lib/python3.12/site-packages/neutron_lib/callbacks/manager.py:52}}
Aug 14 09:08:24.713646 np0000189552 devstack@neutron-api.service[101572]: INFO neutron.plugins.ml2.drivers.ovn.mech_driver.mech_driver [None req-b62e4e04-6abe-439c-a44d-b12840b4aa70 None None] Hash Ring probing thread for node bd6cb520e1e15b23aa9ea3346eec5df8 has started
Aug 14 09:08:24.713749 np0000189552 devstack@neutron-api.service[101571]: DEBUG neutron.api.extensions [None req-0f57eada-5a6d-4411-bcad-1d394c471b85 None None] Loading extension file: port_resource_request.py {{(pid=101571) _load_all_extensions_from_path /opt/stack/neutron/neutron/api/extensions.py:449}}
Aug 14 09:08:24.713842 np0000189552 devstack@neutron-api.service[101573]: DEBUG neutron_lib.callbacks.manager [None req-1665ef15-d909-46fe-9742-c1f8803dc890 None None] Subscribe: > security_group_rule precommit_create 55550000, False {{(pid=101573) subscribe /opt/stack/data/venv/lib/python3.12/site-packages/neutron_lib/callbacks/manager.py:52}}
Aug 14 09:08:24.713842 np0000189552 devstack@neutron-api.service[101573]: DEBUG neutron_lib.callbacks.manager [None req-1665ef15-d909-46fe-9742-c1f8803dc890 None None] Subscribe: > security_group_rule after_create 55550000, False {{(pid=101573) subscribe /opt/stack/data/venv/lib/python3.12/site-packages/neutron_lib/callbacks/manager.py:52}}
Aug 14 09:08:24.713842 np0000189552 devstack@neutron-api.service[101573]: DEBUG neutron_lib.callbacks.manager [None req-1665ef15-d909-46fe-9742-c1f8803dc890 None None] Subscribe: > security_group_rule before_delete 55550000, False {{(pid=101573) subscribe /opt/stack/data/venv/lib/python3.12/site-packages/neutron_lib/callbacks/manager.py:52}}
Aug 14 09:08:24.714477 np0000189552 devstack@neutron-api.service[101571]: DEBUG neutron.api.extensions [None req-0f57eada-5a6d-4411-bcad-1d394c471b85 None None] Ext name="Port Resource Request" alias="port-resource-request" description="Expose resource request to Port" updated="2018-05-08T10:00:00-00:00" {{(pid=101571) _check_extension /opt/stack/neutron/neutron/api/extensions.py:415}}
Aug 14 09:08:24.714591 np0000189552 devstack@neutron-api.service[101573]: DEBUG neutron_lib.callbacks.manager [None req-1665ef15-d909-46fe-9742-c1f8803dc890 None None] Subscribe: > address_group after_create 55550000, False {{(pid=101573) subscribe /opt/stack/data/venv/lib/python3.12/site-packages/neutron_lib/callbacks/manager.py:52}}
Aug 14 09:08:24.714691 np0000189552 devstack@neutron-api.service[101571]: INFO neutron.api.extensions [None req-0f57eada-5a6d-4411-bcad-1d394c471b85 None None] Extension port-resource-request not supported by any of loaded plugins
Aug 14 09:08:24.714800 np0000189552 devstack@neutron-api.service[101573]: DEBUG neutron_lib.callbacks.manager [None req-1665ef15-d909-46fe-9742-c1f8803dc890 None None] Subscribe: > address_group after_update 55550000, False {{(pid=101573) subscribe /opt/stack/data/venv/lib/python3.12/site-packages/neutron_lib/callbacks/manager.py:52}}
Aug 14 09:08:24.714936 np0000189552 devstack@neutron-api.service[101571]: DEBUG neutron.api.extensions [None req-0f57eada-5a6d-4411-bcad-1d394c471b85 None None] Loading extension file: port_resource_request_groups.py {{(pid=101571) _load_all_extensions_from_path /opt/stack/neutron/neutron/api/extensions.py:449}}
Aug 14 09:08:24.715062 np0000189552 devstack@neutron-api.service[101573]: DEBUG neutron_lib.callbacks.manager [None req-1665ef15-d909-46fe-9742-c1f8803dc890 None None] Subscribe: > address_group after_delete 55550000, False {{(pid=101573) subscribe /opt/stack/data/venv/lib/python3.12/site-packages/neutron_lib/callbacks/manager.py:52}}
Aug 14 09:08:24.715166 np0000189552 devstack@neutron-api.service[101572]: INFO neutron.plugins.ml2.drivers.ovn.mech_driver.ovsdb.impl_idl_ovn [None req-b62e4e04-6abe-439c-a44d-b12840b4aa70 None None] Getting OvsdbNbOvnIdl for WorkerService with retry
Aug 14 09:08:24.715285 np0000189552 devstack@neutron-api.service[101573]: DEBUG neutron_lib.callbacks.manager [None req-1665ef15-d909-46fe-9742-c1f8803dc890 None None] Subscribe: > qos_plugin after_init 55550000, False {{(pid=101573) subscribe /opt/stack/data/venv/lib/python3.12/site-packages/neutron_lib/callbacks/manager.py:52}}
Aug 14 09:08:24.715424 np0000189552 devstack@neutron-api.service[101571]: DEBUG neutron.api.extensions [None req-0f57eada-5a6d-4411-bcad-1d394c471b85 None None] Ext name="Port Resource Request Groups" alias="port-resource-request-groups" description="Support requesting multiple groups of resources and traits from the same RP subtree in resource_request" updated="2021-08-02T10:00:00-00:00" {{(pid=101571) _check_extension /opt/stack/neutron/neutron/api/extensions.py:415}}
Aug 14 09:08:24.715424 np0000189552 devstack@neutron-api.service[101571]: INFO neutron.api.extensions [None req-0f57eada-5a6d-4411-bcad-1d394c471b85 None None] Extension port-resource-request-groups not supported by any of loaded plugins
Aug 14 09:08:24.715597 np0000189552 devstack@neutron-api.service[101573]: DEBUG neutron_lib.callbacks.manager [None req-1665ef15-d909-46fe-9742-c1f8803dc890 None None] Subscribe: > trunk_plugin after_init 55550000, False {{(pid=101573) subscribe /opt/stack/data/venv/lib/python3.12/site-packages/neutron_lib/callbacks/manager.py:52}}
Aug 14 09:08:24.715693 np0000189552 devstack@neutron-api.service[101571]: DEBUG neutron.api.extensions [None req-0f57eada-5a6d-4411-bcad-1d394c471b85 None None] Loading extension file: port_trusted_vif.py {{(pid=101571) _load_all_extensions_from_path /opt/stack/neutron/neutron/api/extensions.py:449}}
Aug 14 09:08:24.715792 np0000189552 devstack@neutron-api.service[101573]: DEBUG neutron_lib.callbacks.manager [None req-1665ef15-d909-46fe-9742-c1f8803dc890 None None] Subscribe: > logging-plugin after_init 55550000, False {{(pid=101573) subscribe /opt/stack/data/venv/lib/python3.12/site-packages/neutron_lib/callbacks/manager.py:52}}
Aug 14 09:08:24.715915 np0000189552 devstack@neutron-api.service[101571]: DEBUG neutron.api.extensions [None req-0f57eada-5a6d-4411-bcad-1d394c471b85 None None] Ext name="Port trusted vif" alias="port-trusted-vif" description="Expose port 'trusted' attribute in the API" updated="2024-07-10T10:00:00-00:00" {{(pid=101571) _check_extension /opt/stack/neutron/neutron/api/extensions.py:415}}
Aug 14 09:08:24.715915 np0000189552 devstack@neutron-api.service[101571]: INFO neutron.api.extensions [None req-0f57eada-5a6d-4411-bcad-1d394c471b85 None None] Extension port-trusted-vif not supported by any of loaded plugins
Aug 14 09:08:24.715915 np0000189552 devstack@neutron-api.service[101571]: DEBUG neutron.api.extensions [None req-0f57eada-5a6d-4411-bcad-1d394c471b85 None None] Loading extension file: portbindings.py {{(pid=101571) _load_all_extensions_from_path /opt/stack/neutron/neutron/api/extensions.py:449}}
Aug 14 09:08:24.716056 np0000189552 devstack@neutron-api.service[101573]: INFO neutron.services.logapi.drivers.ovn.driver [None req-1665ef15-d909-46fe-9742-c1f8803dc890 None None] OVN logging driver registered
Aug 14 09:08:24.716056 np0000189552 devstack@neutron-api.service[101573]: DEBUG neutron_lib.callbacks.manager [None req-1665ef15-d909-46fe-9742-c1f8803dc890 None None] Subscribe: ._register_pvlan_driver at 0x799f7188e0c0> pvlan_plugin before_spawn 55550000, False {{(pid=101573) subscribe /opt/stack/data/venv/lib/python3.12/site-packages/neutron_lib/callbacks/manager.py:52}}
Aug 14 09:08:24.716179 np0000189552 devstack@neutron-api.service[101571]: DEBUG neutron.api.extensions [None req-0f57eada-5a6d-4411-bcad-1d394c471b85 None None] Ext name="Port Binding" alias="binding" description="Expose port bindings of a virtual port to external application" updated="2014-02-03T10:00:00-00:00" {{(pid=101571) _check_extension /opt/stack/neutron/neutron/api/extensions.py:415}}
Aug 14 09:08:24.716272 np0000189552 devstack@neutron-api.service[101573]: DEBUG neutron_lib.callbacks.manager [None req-1665ef15-d909-46fe-9742-c1f8803dc890 None None] Subscribe: process after_init 55550000, False {{(pid=101573) subscribe /opt/stack/data/venv/lib/python3.12/site-packages/neutron_lib/callbacks/manager.py:52}}
Aug 14 09:08:24.716403 np0000189552 devstack@neutron-api.service[101571]: INFO neutron.api.extensions [None req-0f57eada-5a6d-4411-bcad-1d394c471b85 None None] Loaded extension: binding
Aug 14 09:08:24.716403 np0000189552 devstack@neutron-api.service[101571]: DEBUG neutron.api.extensions [None req-0f57eada-5a6d-4411-bcad-1d394c471b85 None None] Loading extension file: portbindings_extended.py {{(pid=101571) _load_all_extensions_from_path /opt/stack/neutron/neutron/api/extensions.py:449}}
Aug 14 09:08:24.716403 np0000189552 devstack@neutron-api.service[101571]: DEBUG neutron.api.extensions [None req-0f57eada-5a6d-4411-bcad-1d394c471b85 None None] Ext name="Port Bindings Extended" alias="binding-extended" description="Expose port bindings of a virtual port to external application" updated="2017-07-17T10:00:00-00:00" {{(pid=101571) _check_extension /opt/stack/neutron/neutron/api/extensions.py:415}}
Aug 14 09:08:24.716403 np0000189552 devstack@neutron-api.service[101571]: INFO neutron.api.extensions [None req-0f57eada-5a6d-4411-bcad-1d394c471b85 None None] Loaded extension: binding-extended
Aug 14 09:08:24.716403 np0000189552 devstack@neutron-api.service[101571]: DEBUG neutron.api.extensions [None req-0f57eada-5a6d-4411-bcad-1d394c471b85 None None] Loading extension file: portsecurity.py {{(pid=101571) _load_all_extensions_from_path /opt/stack/neutron/neutron/api/extensions.py:449}}
Aug 14 09:08:24.716403 np0000189552 devstack@neutron-api.service[101571]: DEBUG neutron.api.extensions [None req-0f57eada-5a6d-4411-bcad-1d394c471b85 None None] Ext name="Port Security" alias="port-security" description="Provides port security" updated="2012-07-23T10:00:00-00:00" {{(pid=101571) _check_extension /opt/stack/neutron/neutron/api/extensions.py:415}}
Aug 14 09:08:24.716403 np0000189552 devstack@neutron-api.service[101571]: INFO neutron.api.extensions [None req-0f57eada-5a6d-4411-bcad-1d394c471b85 None None] Loaded extension: port-security
Aug 14 09:08:24.716403 np0000189552 devstack@neutron-api.service[101571]: DEBUG neutron.api.extensions [None req-0f57eada-5a6d-4411-bcad-1d394c471b85 None None] Loading extension file: project_id.py {{(pid=101571) _load_all_extensions_from_path /opt/stack/neutron/neutron/api/extensions.py:449}}
Aug 14 09:08:24.716654 np0000189552 devstack@neutron-api.service[101571]: DEBUG neutron.api.extensions [None req-0f57eada-5a6d-4411-bcad-1d394c471b85 None None] Ext name="project_id field enabled" alias="project-id" description="Extension that indicates that project_id field is enabled." updated="2016-09-09T09:09:09-09:09" {{(pid=101571) _check_extension /opt/stack/neutron/neutron/api/extensions.py:415}}
Aug 14 09:08:24.716752 np0000189552 devstack@neutron-api.service[101573]: DEBUG neutron.plugins.ml2.plugin [None req-1665ef15-d909-46fe-9742-c1f8803dc890 None None] neutron.plugins.ml2.plugin.Ml2Plugin method _start_rpc_notifiers called with arguments () {} {{(pid=101573) wrapper /opt/stack/data/venv/lib/python3.12/site-packages/oslo_log/helpers.py:77}}
Aug 14 09:08:24.716859 np0000189552 devstack@neutron-api.service[101571]: INFO neutron.api.extensions [None req-0f57eada-5a6d-4411-bcad-1d394c471b85 None None] Loaded extension: project-id
Aug 14 09:08:24.716859 np0000189552 devstack@neutron-api.service[101571]: DEBUG neutron.api.extensions [None req-0f57eada-5a6d-4411-bcad-1d394c471b85 None None] Loading extension file: providernet.py {{(pid=101571) _load_all_extensions_from_path /opt/stack/neutron/neutron/api/extensions.py:449}}
Aug 14 09:08:24.716997 np0000189552 devstack@neutron-api.service[101573]: DEBUG neutron_lib.callbacks.manager [None req-1665ef15-d909-46fe-9742-c1f8803dc890 None None] Subscribe: > port after_create 55550000, False {{(pid=101573) subscribe /opt/stack/data/venv/lib/python3.12/site-packages/neutron_lib/callbacks/manager.py:52}}
Aug 14 09:08:24.717092 np0000189552 devstack@neutron-api.service[101571]: DEBUG neutron.api.extensions [None req-0f57eada-5a6d-4411-bcad-1d394c471b85 None None] Ext name="Provider Network" alias="provider" description="Expose mapping of virtual networks to physical networks" updated="2012-09-07T10:00:00-00:00" {{(pid=101571) _check_extension /opt/stack/neutron/neutron/api/extensions.py:415}}
Aug 14 09:08:24.717195 np0000189552 devstack@neutron-api.service[101573]: DEBUG neutron_lib.callbacks.manager [None req-1665ef15-d909-46fe-9742-c1f8803dc890 None None] Subscribe: > port after_update 55550000, False {{(pid=101573) subscribe /opt/stack/data/venv/lib/python3.12/site-packages/neutron_lib/callbacks/manager.py:52}}
Aug 14 09:08:24.717195 np0000189552 devstack@neutron-api.service[101573]: DEBUG neutron_lib.callbacks.manager [None req-1665ef15-d909-46fe-9742-c1f8803dc890 None None] Subscribe: > port after_delete 55550000, False {{(pid=101573) subscribe /opt/stack/data/venv/lib/python3.12/site-packages/neutron_lib/callbacks/manager.py:52}}
Aug 14 09:08:24.717311 np0000189552 devstack@neutron-api.service[101571]: INFO neutron.api.extensions [None req-0f57eada-5a6d-4411-bcad-1d394c471b85 None None] Loaded extension: provider
Aug 14 09:08:24.717432 np0000189552 devstack@neutron-api.service[101573]: DEBUG neutron_lib.callbacks.manager [None req-1665ef15-d909-46fe-9742-c1f8803dc890 None None] Subscribe: > subnet after_create 55550000, False {{(pid=101573) subscribe /opt/stack/data/venv/lib/python3.12/site-packages/neutron_lib/callbacks/manager.py:52}}
Aug 14 09:08:24.717538 np0000189552 devstack@neutron-api.service[101571]: DEBUG neutron.api.extensions [None req-0f57eada-5a6d-4411-bcad-1d394c471b85 None None] Loading extension file: pvlan.py {{(pid=101571) _load_all_extensions_from_path /opt/stack/neutron/neutron/api/extensions.py:449}}
Aug 14 09:08:24.717661 np0000189552 devstack@neutron-api.service[101573]: DEBUG neutron_lib.callbacks.manager [None req-1665ef15-d909-46fe-9742-c1f8803dc890 None None] Subscribe: > subnet after_update 55550000, False {{(pid=101573) subscribe /opt/stack/data/venv/lib/python3.12/site-packages/neutron_lib/callbacks/manager.py:52}}
Aug 14 09:08:24.717661 np0000189552 devstack@neutron-api.service[101573]: DEBUG neutron_lib.callbacks.manager [None req-1665ef15-d909-46fe-9742-c1f8803dc890 None None] Subscribe: > subnet after_delete 55550000, False {{(pid=101573) subscribe /opt/stack/data/venv/lib/python3.12/site-packages/neutron_lib/callbacks/manager.py:52}}
Aug 14 09:08:24.717661 np0000189552 devstack@neutron-api.service[101573]: DEBUG neutron_lib.callbacks.manager [None req-1665ef15-d909-46fe-9742-c1f8803dc890 None None] Subscribe: > network after_create 55550000, False {{(pid=101573) subscribe /opt/stack/data/venv/lib/python3.12/site-packages/neutron_lib/callbacks/manager.py:52}}
Aug 14 09:08:24.717812 np0000189552 devstack@neutron-api.service[101571]: DEBUG neutron.api.extensions [None req-0f57eada-5a6d-4411-bcad-1d394c471b85 None None] Ext name="Private VLAN" alias="pvlan" description="The Private VLAN semantics extension." updated="2026-02-03T10:00:00-00:00" {{(pid=101571) _check_extension /opt/stack/neutron/neutron/api/extensions.py:415}}
Aug 14 09:08:24.717928 np0000189552 devstack@neutron-api.service[101573]: DEBUG neutron_lib.callbacks.manager [None req-1665ef15-d909-46fe-9742-c1f8803dc890 None None] Subscribe: > network after_update 55550000, False {{(pid=101573) subscribe /opt/stack/data/venv/lib/python3.12/site-packages/neutron_lib/callbacks/manager.py:52}}
Aug 14 09:08:24.717928 np0000189552 devstack@neutron-api.service[101573]: DEBUG neutron_lib.callbacks.manager [None req-1665ef15-d909-46fe-9742-c1f8803dc890 None None] Subscribe: > network after_delete 55550000, False {{(pid=101573) subscribe /opt/stack/data/venv/lib/python3.12/site-packages/neutron_lib/callbacks/manager.py:52}}
Aug 14 09:08:24.718046 np0000189552 devstack@neutron-api.service[101571]: INFO neutron.api.extensions [None req-0f57eada-5a6d-4411-bcad-1d394c471b85 None None] Extension pvlan not supported by any of loaded plugins
Aug 14 09:08:24.718136 np0000189552 devstack@neutron-api.service[101573]: DEBUG neutron_lib.callbacks.manager [None req-1665ef15-d909-46fe-9742-c1f8803dc890 None None] Subscribe: > security_group after_create 55550000, False {{(pid=101573) subscribe /opt/stack/data/venv/lib/python3.12/site-packages/neutron_lib/callbacks/manager.py:52}}
Aug 14 09:08:24.718241 np0000189552 devstack@neutron-api.service[101571]: DEBUG neutron.api.extensions [None req-0f57eada-5a6d-4411-bcad-1d394c471b85 None None] Loading extension file: qinq.py {{(pid=101571) _load_all_extensions_from_path /opt/stack/neutron/neutron/api/extensions.py:449}}
Aug 14 09:08:24.718352 np0000189552 devstack@neutron-api.service[101573]: DEBUG neutron_lib.callbacks.manager [None req-1665ef15-d909-46fe-9742-c1f8803dc890 None None] Subscribe: > security_group after_update 55550000, False {{(pid=101573) subscribe /opt/stack/data/venv/lib/python3.12/site-packages/neutron_lib/callbacks/manager.py:52}}
Aug 14 09:08:24.718352 np0000189552 devstack@neutron-api.service[101573]: DEBUG neutron_lib.callbacks.manager [None req-1665ef15-d909-46fe-9742-c1f8803dc890 None None] Subscribe: > security_group after_delete 55550000, False {{(pid=101573) subscribe /opt/stack/data/venv/lib/python3.12/site-packages/neutron_lib/callbacks/manager.py:52}}
Aug 14 09:08:24.718352 np0000189552 devstack@neutron-api.service[101573]: DEBUG neutron_lib.callbacks.manager [None req-1665ef15-d909-46fe-9742-c1f8803dc890 None None] Subscribe: > security_group_rule after_create 55550000, False {{(pid=101573) subscribe /opt/stack/data/venv/lib/python3.12/site-packages/neutron_lib/callbacks/manager.py:52}}
Aug 14 09:08:24.718352 np0000189552 devstack@neutron-api.service[101573]: DEBUG neutron_lib.callbacks.manager [None req-1665ef15-d909-46fe-9742-c1f8803dc890 None None] Subscribe: > security_group_rule after_update 55550000, False {{(pid=101573) subscribe /opt/stack/data/venv/lib/python3.12/site-packages/neutron_lib/callbacks/manager.py:52}}
Aug 14 09:08:24.718527 np0000189552 devstack@neutron-api.service[101571]: DEBUG neutron.api.extensions [None req-0f57eada-5a6d-4411-bcad-1d394c471b85 None None] Ext name="QinQ networks" alias="qinq" description="Expose network 'qinq' attribute in the API. This allows to configure network to allow vlan in vlan configuration using 0x88a8 ethertype (QinQ)." updated="2024-12-02T10:00:00-00:00" {{(pid=101571) _check_extension /opt/stack/neutron/neutron/api/extensions.py:415}}
Aug 14 09:08:24.718639 np0000189552 devstack@neutron-api.service[101573]: DEBUG neutron_lib.callbacks.manager [None req-1665ef15-d909-46fe-9742-c1f8803dc890 None None] Subscribe: > security_group_rule after_delete 55550000, False {{(pid=101573) subscribe /opt/stack/data/venv/lib/python3.12/site-packages/neutron_lib/callbacks/manager.py:52}}
Aug 14 09:08:24.718639 np0000189552 devstack@neutron-api.service[101573]: DEBUG neutron_lib.callbacks.manager [None req-1665ef15-d909-46fe-9742-c1f8803dc890 None None] Subscribe: > address_group after_create 55550000, False {{(pid=101573) subscribe /opt/stack/data/venv/lib/python3.12/site-packages/neutron_lib/callbacks/manager.py:52}}
Aug 14 09:08:24.718747 np0000189552 devstack@neutron-api.service[101571]: INFO neutron.api.extensions [None req-0f57eada-5a6d-4411-bcad-1d394c471b85 None None] Loaded extension: qinq
Aug 14 09:08:24.718874 np0000189552 devstack@neutron-api.service[101573]: DEBUG neutron_lib.callbacks.manager [None req-1665ef15-d909-46fe-9742-c1f8803dc890 None None] Subscribe: > address_group after_update 55550000, False {{(pid=101573) subscribe /opt/stack/data/venv/lib/python3.12/site-packages/neutron_lib/callbacks/manager.py:52}}
Aug 14 09:08:24.719016 np0000189552 devstack@neutron-api.service[101571]: DEBUG neutron.api.extensions [None req-0f57eada-5a6d-4411-bcad-1d394c471b85 None None] Loading extension file: qos.py {{(pid=101571) _load_all_extensions_from_path /opt/stack/neutron/neutron/api/extensions.py:449}}
Aug 14 09:08:24.719117 np0000189552 devstack@neutron-api.service[101573]: DEBUG neutron_lib.callbacks.manager [None req-1665ef15-d909-46fe-9742-c1f8803dc890 None None] Subscribe: > address_group after_delete 55550000, False {{(pid=101573) subscribe /opt/stack/data/venv/lib/python3.12/site-packages/neutron_lib/callbacks/manager.py:52}}
Aug 14 09:08:24.719117 np0000189552 devstack@neutron-api.service[101573]: DEBUG neutron.plugins.ml2.ovo_rpc [None req-1665ef15-d909-46fe-9742-c1f8803dc890 None None] ML2 OVO RPC backend initialized. {{(pid=101573) __init__ /opt/stack/neutron/neutron/plugins/ml2/ovo_rpc.py:117}}
Aug 14 09:08:24.719470 np0000189552 devstack@neutron-api.service[101571]: DEBUG neutron.api.extensions [None req-0f57eada-5a6d-4411-bcad-1d394c471b85 None None] Ext name="Quality of Service" alias="qos" description="The Quality of Service extension." updated="2015-06-08T10:00:00-00:00" {{(pid=101571) _check_extension /opt/stack/neutron/neutron/api/extensions.py:415}}
Aug 14 09:08:24.719761 np0000189552 devstack@neutron-api.service[101573]: INFO neutron.quota [None req-1665ef15-d909-46fe-9742-c1f8803dc890 None None] Loaded quota_driver: .
Aug 14 09:08:24.719875 np0000189552 devstack@neutron-api.service[101571]: INFO neutron.api.extensions [None req-0f57eada-5a6d-4411-bcad-1d394c471b85 None None] Extension qos not supported by any of loaded plugins
Aug 14 09:08:24.719967 np0000189552 devstack@neutron-api.service[101573]: INFO neutron.plugins.ml2.plugin [None req-1665ef15-d909-46fe-9742-c1f8803dc890 None None] Modular L2 Plugin initialization complete
Aug 14 09:08:24.720191 np0000189552 devstack@neutron-api.service[101571]: DEBUG neutron.api.extensions [None req-0f57eada-5a6d-4411-bcad-1d394c471b85 None None] Loading extension file: qos_bw_limit_direction.py {{(pid=101571) _load_all_extensions_from_path /opt/stack/neutron/neutron/api/extensions.py:449}}
Aug 14 09:08:24.720586 np0000189552 devstack@neutron-api.service[101573]: DEBUG neutron.manager [None req-1665ef15-d909-46fe-9742-c1f8803dc890 None None] Loading services supported by the core plugin {{(pid=101573) _load_services_from_core_plugin /opt/stack/neutron/neutron/manager.py:167}}
Aug 14 09:08:24.720586 np0000189552 devstack@neutron-api.service[101573]: INFO neutron.plugins.ml2.managers [None req-1665ef15-d909-46fe-9742-c1f8803dc890 None None] Got port-security extension from driver 'port_security'
Aug 14 09:08:24.720737 np0000189552 devstack@neutron-api.service[101571]: DEBUG neutron.api.extensions [None req-0f57eada-5a6d-4411-bcad-1d394c471b85 None None] Ext name="Direction for QoS bandwidth limit rule" alias="qos-bw-limit-direction" description="Allow to configure QoS bandwidth limit rule with specific direction: ingress or egress" updated="2017-04-10T10:00:00-00:00" {{(pid=101571) _check_extension /opt/stack/neutron/neutron/api/extensions.py:415}}
Aug 14 09:08:24.720737 np0000189552 devstack@neutron-api.service[101571]: INFO neutron.api.extensions [None req-0f57eada-5a6d-4411-bcad-1d394c471b85 None None] Extension qos-bw-limit-direction not supported by any of loaded plugins
Aug 14 09:08:24.721041 np0000189552 devstack@neutron-api.service[101573]: DEBUG neutron.manager [None req-1665ef15-d909-46fe-9742-c1f8803dc890 None None] Loading service plugins: ['ovn-router', 'auto_allocate', 'tag', 'timestamp', 'network_ip_availability', 'flavors', 'revisions'] {{(pid=101573) _load_service_plugins /opt/stack/neutron/neutron/manager.py:192}}
Aug 14 09:08:24.721404 np0000189552 devstack@neutron-api.service[101571]: DEBUG neutron.api.extensions [None req-0f57eada-5a6d-4411-bcad-1d394c471b85 None None] Loading extension file: qos_bw_minimum_ingress.py {{(pid=101571) _load_all_extensions_from_path /opt/stack/neutron/neutron/api/extensions.py:449}}
Aug 14 09:08:24.721687 np0000189552 devstack@neutron-api.service[101573]: INFO neutron.manager [None req-1665ef15-d909-46fe-9742-c1f8803dc890 None None] Loading Plugin: ovn-router
Aug 14 09:08:24.722060 np0000189552 devstack@neutron-api.service[101571]: DEBUG neutron.api.extensions [None req-0f57eada-5a6d-4411-bcad-1d394c471b85 None None] Ext name="Ingress direction for QoS minimum bandwidth rule" alias="qos-bw-minimum-ingress" description="Allow to configure QoS minumum bandwidth rule with ingress direction." updated="2018-07-09T10:00:00-00:00" {{(pid=101571) _check_extension /opt/stack/neutron/neutron/api/extensions.py:415}}
Aug 14 09:08:24.722060 np0000189552 devstack@neutron-api.service[101571]: INFO neutron.api.extensions [None req-0f57eada-5a6d-4411-bcad-1d394c471b85 None None] Extension qos-bw-minimum-ingress not supported by any of loaded plugins
Aug 14 09:08:24.722060 np0000189552 devstack@neutron-api.service[101571]: DEBUG neutron.api.extensions [None req-0f57eada-5a6d-4411-bcad-1d394c471b85 None None] Loading extension file: qos_default.py {{(pid=101571) _load_all_extensions_from_path /opt/stack/neutron/neutron/api/extensions.py:449}}
Aug 14 09:08:24.722060 np0000189552 devstack@neutron-api.service[101571]: DEBUG neutron.api.extensions [None req-0f57eada-5a6d-4411-bcad-1d394c471b85 None None] Ext name="QoS default policy" alias="qos-default" description="Expose the QoS default policy per project" updated="2017-041-06T10:00:00-00:00" {{(pid=101571) _check_extension /opt/stack/neutron/neutron/api/extensions.py:415}}
Aug 14 09:08:24.722060 np0000189552 devstack@neutron-api.service[101571]: INFO neutron.api.extensions [None req-0f57eada-5a6d-4411-bcad-1d394c471b85 None None] Extension qos-default not supported by any of loaded plugins
Aug 14 09:08:24.722060 np0000189552 devstack@neutron-api.service[101571]: DEBUG neutron.api.extensions [None req-0f57eada-5a6d-4411-bcad-1d394c471b85 None None] Loading extension file: qos_fip.py {{(pid=101571) _load_all_extensions_from_path /opt/stack/neutron/neutron/api/extensions.py:449}}
Aug 14 09:08:24.722060 np0000189552 devstack@neutron-api.service[101571]: DEBUG neutron.api.extensions [None req-0f57eada-5a6d-4411-bcad-1d394c471b85 None None] Ext name="Floating IP QoS" alias="qos-fip" description="The floating IP Quality of Service extension" updated="2017-07-20T00:00:00-00:00" {{(pid=101571) _check_extension /opt/stack/neutron/neutron/api/extensions.py:415}}
Aug 14 09:08:24.722387 np0000189552 devstack@neutron-api.service[101571]: INFO neutron.api.extensions [None req-0f57eada-5a6d-4411-bcad-1d394c471b85 None None] Extension qos-fip not supported by any of loaded plugins
Aug 14 09:08:24.722387 np0000189552 devstack@neutron-api.service[101571]: DEBUG neutron.api.extensions [None req-0f57eada-5a6d-4411-bcad-1d394c471b85 None None] Loading extension file: qos_fip_network_policy.py {{(pid=101571) _load_all_extensions_from_path /opt/stack/neutron/neutron/api/extensions.py:449}}
Aug 14 09:08:24.722387 np0000189552 devstack@neutron-api.service[101571]: DEBUG neutron.api.extensions [None req-0f57eada-5a6d-4411-bcad-1d394c471b85 None None] Ext name="QoS floating IP network policy ID" alias="qos-fip-network-policy" description="Adds a the QoS network ID to the floating IP definition" updated="2021-11-15T10:00:00-00:00" {{(pid=101571) _check_extension /opt/stack/neutron/neutron/api/extensions.py:415}}
Aug 14 09:08:24.722387 np0000189552 devstack@neutron-api.service[101571]: INFO neutron.api.extensions [None req-0f57eada-5a6d-4411-bcad-1d394c471b85 None None] Extension qos-fip-network-policy not supported by any of loaded plugins
Aug 14 09:08:24.722387 np0000189552 devstack@neutron-api.service[101571]: DEBUG neutron.api.extensions [None req-0f57eada-5a6d-4411-bcad-1d394c471b85 None None] Loading extension file: qos_gateway_ip.py {{(pid=101571) _load_all_extensions_from_path /opt/stack/neutron/neutron/api/extensions.py:449}}
Aug 14 09:08:24.722387 np0000189552 devstack@neutron-api.service[101571]: DEBUG neutron.api.extensions [None req-0f57eada-5a6d-4411-bcad-1d394c471b85 None None] Ext name="Router gateway IP QoS" alias="qos-gateway-ip" description="The Router gateway IP Quality of Service extension" updated="2018-02-24T00:00:00-00:00" {{(pid=101571) _check_extension /opt/stack/neutron/neutron/api/extensions.py:415}}
Aug 14 09:08:24.722387 np0000189552 devstack@neutron-api.service[101571]: INFO neutron.api.extensions [None req-0f57eada-5a6d-4411-bcad-1d394c471b85 None None] Extension qos-gateway-ip not supported by any of loaded plugins
Aug 14 09:08:24.722637 np0000189552 devstack@neutron-api.service[101571]: DEBUG neutron.api.extensions [None req-0f57eada-5a6d-4411-bcad-1d394c471b85 None None] Loading extension file: qos_port_network_policy.py {{(pid=101571) _load_all_extensions_from_path /opt/stack/neutron/neutron/api/extensions.py:449}}
Aug 14 09:08:24.722637 np0000189552 devstack@neutron-api.service[101571]: DEBUG neutron.api.extensions [None req-0f57eada-5a6d-4411-bcad-1d394c471b85 None None] Ext name="QoS port network policy ID" alias="qos-port-network-policy" description="Adds a the QoS network ID to the port definition" updated="2019-11-01T10:00:00-00:00" {{(pid=101571) _check_extension /opt/stack/neutron/neutron/api/extensions.py:415}}
Aug 14 09:08:24.722637 np0000189552 devstack@neutron-api.service[101571]: INFO neutron.api.extensions [None req-0f57eada-5a6d-4411-bcad-1d394c471b85 None None] Extension qos-port-network-policy not supported by any of loaded plugins
Aug 14 09:08:24.722637 np0000189552 devstack@neutron-api.service[101571]: DEBUG neutron.api.extensions [None req-0f57eada-5a6d-4411-bcad-1d394c471b85 None None] Loading extension file: qos_pps_minimum_rule.py {{(pid=101571) _load_all_extensions_from_path /opt/stack/neutron/neutron/api/extensions.py:449}}
Aug 14 09:08:24.722637 np0000189552 devstack@neutron-api.service[101571]: DEBUG neutron.api.extensions [None req-0f57eada-5a6d-4411-bcad-1d394c471b85 None None] Ext name="QoS minimum packet rate rule" alias="qos-pps-minimum" description="Allow to configure QoS minimum packet rate rule." updated="2021-07-14T10:00:00-00:00" {{(pid=101571) _check_extension /opt/stack/neutron/neutron/api/extensions.py:415}}
Aug 14 09:08:24.722637 np0000189552 devstack@neutron-api.service[101571]: INFO neutron.api.extensions [None req-0f57eada-5a6d-4411-bcad-1d394c471b85 None None] Extension qos-pps-minimum not supported by any of loaded plugins
Aug 14 09:08:24.722637 np0000189552 devstack@neutron-api.service[101571]: DEBUG neutron.api.extensions [None req-0f57eada-5a6d-4411-bcad-1d394c471b85 None None] Loading extension file: qos_pps_minimum_rule_alias.py {{(pid=101571) _load_all_extensions_from_path /opt/stack/neutron/neutron/api/extensions.py:449}}
Aug 14 09:08:24.723105 np0000189552 devstack@neutron-api.service[101571]: DEBUG neutron.api.extensions [None req-0f57eada-5a6d-4411-bcad-1d394c471b85 None None] Ext name="QoS minimum packet rate rule alias" alias="qos-pps-minimum-rule-alias" description="API to enable GET, PUT and DELETE operations on QoS minimum packet rate rule without specifying policy ID" updated="2021-10-22T10:00:00-00:00" {{(pid=101571) _check_extension /opt/stack/neutron/neutron/api/extensions.py:415}}
Aug 14 09:08:24.723105 np0000189552 devstack@neutron-api.service[101571]: INFO neutron.api.extensions [None req-0f57eada-5a6d-4411-bcad-1d394c471b85 None None] Extension qos-pps-minimum-rule-alias not supported by any of loaded plugins
Aug 14 09:08:24.723105 np0000189552 devstack@neutron-api.service[101571]: DEBUG neutron.api.extensions [None req-0f57eada-5a6d-4411-bcad-1d394c471b85 None None] Loading extension file: qos_pps_rule.py {{(pid=101571) _load_all_extensions_from_path /opt/stack/neutron/neutron/api/extensions.py:449}}
Aug 14 09:08:24.723105 np0000189552 devstack@neutron-api.service[101571]: DEBUG neutron.api.extensions [None req-0f57eada-5a6d-4411-bcad-1d394c471b85 None None] Ext name="QoS Rule Type Packet per Second Extension" alias="qos-pps" description="Add QoS Rule Type Packet per Second" updated="2021-05-12T10:00:00-00:00" {{(pid=101571) _check_extension /opt/stack/neutron/neutron/api/extensions.py:415}}
