Feb 17 20:31:43.313492 np0000156148 neutron-periodic-workers[105256]: DEBUG cotyledon.oslo_config_glue [-] ml2.tenant_network_types = ['geneve'] {{(pid=105256) log_opt_values /opt/stack/data/venv/lib/python3.12/site-packages/oslo_config/cfg.py:2824}}
Feb 17 20:31:43.313538 np0000156148 neutron-periodic-workers[105256]: DEBUG cotyledon.oslo_config_glue [-] ml2.tunnelled_network_rp_name = rp_tunnelled {{(pid=105256) log_opt_values /opt/stack/data/venv/lib/python3.12/site-packages/oslo_config/cfg.py:2824}}
Feb 17 20:31:43.313568 np0000156148 neutron-periodic-workers[105256]: DEBUG cotyledon.oslo_config_glue [-] ml2.type_drivers = ['local', 'flat', 'vlan', 'geneve'] {{(pid=105256) log_opt_values /opt/stack/data/venv/lib/python3.12/site-packages/oslo_config/cfg.py:2824}}
Feb 17 20:31:43.313648 np0000156148 neutron-periodic-workers[105256]: DEBUG cotyledon.oslo_config_glue [-] ml2_type_flat.flat_networks = ['public'] {{(pid=105256) log_opt_values /opt/stack/data/venv/lib/python3.12/site-packages/oslo_config/cfg.py:2824}}
Feb 17 20:31:43.313710 np0000156148 neutron-periodic-workers[105256]: DEBUG cotyledon.oslo_config_glue [-] ml2_type_geneve.max_header_size = 38 {{(pid=105256) log_opt_values /opt/stack/data/venv/lib/python3.12/site-packages/oslo_config/cfg.py:2824}}
Feb 17 20:31:43.313763 np0000156148 neutron-periodic-workers[105256]: DEBUG cotyledon.oslo_config_glue [-] ml2_type_geneve.vni_ranges = ['1:65536'] {{(pid=105256) log_opt_values /opt/stack/data/venv/lib/python3.12/site-packages/oslo_config/cfg.py:2824}}
Feb 17 20:31:43.313858 np0000156148 neutron-periodic-workers[105256]: DEBUG cotyledon.oslo_config_glue [-] ml2_type_vlan.network_vlan_ranges = ['public'] {{(pid=105256) log_opt_values /opt/stack/data/venv/lib/python3.12/site-packages/oslo_config/cfg.py:2824}}
Feb 17 20:31:43.313887 np0000156148 neutron-periodic-workers[105256]: DEBUG cotyledon.oslo_config_glue [-] network_log.burst_limit = 25 {{(pid=105256) log_opt_values /opt/stack/data/venv/lib/python3.12/site-packages/oslo_config/cfg.py:2824}}
Feb 17 20:31:43.313911 np0000156148 neutron-periodic-workers[105256]: DEBUG cotyledon.oslo_config_glue [-] network_log.local_output_log_base = None {{(pid=105256) log_opt_values /opt/stack/data/venv/lib/python3.12/site-packages/oslo_config/cfg.py:2824}}
Feb 17 20:31:43.313962 np0000156148 neutron-periodic-workers[105256]: DEBUG cotyledon.oslo_config_glue [-] network_log.rate_limit = 100 {{(pid=105256) log_opt_values /opt/stack/data/venv/lib/python3.12/site-packages/oslo_config/cfg.py:2824}}
Feb 17 20:31:43.314025 np0000156148 neutron-periodic-workers[105256]: DEBUG cotyledon.oslo_config_glue [-] database.asyncio_connection = **** {{(pid=105256) log_opt_values /opt/stack/data/venv/lib/python3.12/site-packages/oslo_config/cfg.py:2824}}
Feb 17 20:31:43.314074 np0000156148 neutron-periodic-workers[105256]: DEBUG cotyledon.oslo_config_glue [-] database.asyncio_slave_connection = **** {{(pid=105256) log_opt_values /opt/stack/data/venv/lib/python3.12/site-packages/oslo_config/cfg.py:2824}}
Feb 17 20:31:43.314160 np0000156148 neutron-periodic-workers[105256]: DEBUG cotyledon.oslo_config_glue [-] database.backend = sqlalchemy {{(pid=105256) log_opt_values /opt/stack/data/venv/lib/python3.12/site-packages/oslo_config/cfg.py:2824}}
Feb 17 20:31:43.314160 np0000156148 neutron-periodic-workers[105256]: DEBUG cotyledon.oslo_config_glue [-] database.connection = **** {{(pid=105256) log_opt_values /opt/stack/data/venv/lib/python3.12/site-packages/oslo_config/cfg.py:2824}}
Feb 17 20:31:43.314218 np0000156148 neutron-periodic-workers[105256]: DEBUG cotyledon.oslo_config_glue [-] database.connection_debug = 0 {{(pid=105256) log_opt_values /opt/stack/data/venv/lib/python3.12/site-packages/oslo_config/cfg.py:2824}}
Feb 17 20:31:43.314247 np0000156148 neutron-periodic-workers[105256]: DEBUG cotyledon.oslo_config_glue [-] database.connection_parameters = {{(pid=105256) log_opt_values /opt/stack/data/venv/lib/python3.12/site-packages/oslo_config/cfg.py:2824}}
Feb 17 20:31:43.314303 np0000156148 neutron-periodic-workers[105256]: DEBUG cotyledon.oslo_config_glue [-] database.connection_recycle_time = 3600 {{(pid=105256) log_opt_values /opt/stack/data/venv/lib/python3.12/site-packages/oslo_config/cfg.py:2824}}
Feb 17 20:31:43.314343 np0000156148 neutron-periodic-workers[105256]: DEBUG cotyledon.oslo_config_glue [-] database.connection_trace = False {{(pid=105256) log_opt_values /opt/stack/data/venv/lib/python3.12/site-packages/oslo_config/cfg.py:2824}}
Feb 17 20:31:43.314389 np0000156148 neutron-periodic-workers[105256]: DEBUG cotyledon.oslo_config_glue [-] database.db_inc_retry_interval = True {{(pid=105256) log_opt_values /opt/stack/data/venv/lib/python3.12/site-packages/oslo_config/cfg.py:2824}}
Feb 17 20:31:43.314417 np0000156148 neutron-periodic-workers[105256]: DEBUG cotyledon.oslo_config_glue [-] database.db_max_retries = 20 {{(pid=105256) log_opt_values /opt/stack/data/venv/lib/python3.12/site-packages/oslo_config/cfg.py:2824}}
Feb 17 20:31:43.314465 np0000156148 neutron-periodic-workers[105256]: DEBUG cotyledon.oslo_config_glue [-] database.db_max_retry_interval = 10 {{(pid=105256) log_opt_values /opt/stack/data/venv/lib/python3.12/site-packages/oslo_config/cfg.py:2824}}
Feb 17 20:31:43.314510 np0000156148 neutron-periodic-workers[105256]: DEBUG cotyledon.oslo_config_glue [-] database.db_retry_interval = 1 {{(pid=105256) log_opt_values /opt/stack/data/venv/lib/python3.12/site-packages/oslo_config/cfg.py:2824}}
Feb 17 20:31:43.314539 np0000156148 neutron-periodic-workers[105256]: DEBUG cotyledon.oslo_config_glue [-] database.max_overflow = 50 {{(pid=105256) log_opt_values /opt/stack/data/venv/lib/python3.12/site-packages/oslo_config/cfg.py:2824}}
Feb 17 20:31:43.314595 np0000156148 neutron-periodic-workers[105256]: DEBUG cotyledon.oslo_config_glue [-] database.max_pool_size = 5 {{(pid=105256) log_opt_values /opt/stack/data/venv/lib/python3.12/site-packages/oslo_config/cfg.py:2824}}
Feb 17 20:31:43.314643 np0000156148 neutron-periodic-workers[105256]: DEBUG cotyledon.oslo_config_glue [-] database.max_retries = 10 {{(pid=105256) log_opt_values /opt/stack/data/venv/lib/python3.12/site-packages/oslo_config/cfg.py:2824}}
Feb 17 20:31:43.314694 np0000156148 neutron-periodic-workers[105256]: DEBUG cotyledon.oslo_config_glue [-] database.mysql_sql_mode = TRADITIONAL {{(pid=105256) log_opt_values /opt/stack/data/venv/lib/python3.12/site-packages/oslo_config/cfg.py:2824}}
Feb 17 20:31:43.314729 np0000156148 neutron-periodic-workers[105256]: DEBUG cotyledon.oslo_config_glue [-] database.mysql_wsrep_sync_wait = None {{(pid=105256) log_opt_values /opt/stack/data/venv/lib/python3.12/site-packages/oslo_config/cfg.py:2824}}
Feb 17 20:31:43.314775 np0000156148 neutron-periodic-workers[105256]: DEBUG cotyledon.oslo_config_glue [-] database.pool_timeout = None {{(pid=105256) log_opt_values /opt/stack/data/venv/lib/python3.12/site-packages/oslo_config/cfg.py:2824}}
Feb 17 20:31:43.314815 np0000156148 neutron-periodic-workers[105256]: DEBUG cotyledon.oslo_config_glue [-] database.retry_interval = 10 {{(pid=105256) log_opt_values /opt/stack/data/venv/lib/python3.12/site-packages/oslo_config/cfg.py:2824}}
Feb 17 20:31:43.314857 np0000156148 neutron-periodic-workers[105256]: DEBUG cotyledon.oslo_config_glue [-] database.slave_connection = **** {{(pid=105256) log_opt_values /opt/stack/data/venv/lib/python3.12/site-packages/oslo_config/cfg.py:2824}}
Feb 17 20:31:43.314898 np0000156148 neutron-periodic-workers[105256]: DEBUG cotyledon.oslo_config_glue [-] database.sqlite_synchronous = True {{(pid=105256) log_opt_values /opt/stack/data/venv/lib/python3.12/site-packages/oslo_config/cfg.py:2824}}
Feb 17 20:31:43.314948 np0000156148 neutron-periodic-workers[105256]: DEBUG cotyledon.oslo_config_glue [-] database.synchronous_reader = True {{(pid=105256) log_opt_values /opt/stack/data/venv/lib/python3.12/site-packages/oslo_config/cfg.py:2824}}
Feb 17 20:31:43.314991 np0000156148 neutron-periodic-workers[105256]: DEBUG cotyledon.oslo_config_glue [-] database.use_db_reconnect = False {{(pid=105256) log_opt_values /opt/stack/data/venv/lib/python3.12/site-packages/oslo_config/cfg.py:2824}}
Feb 17 20:31:43.315057 np0000156148 neutron-periodic-workers[105256]: DEBUG cotyledon.oslo_config_glue [-] ovn.broadcast_arps_to_all_routers = True {{(pid=105256) log_opt_values /opt/stack/data/venv/lib/python3.12/site-packages/oslo_config/cfg.py:2824}}
Feb 17 20:31:43.315106 np0000156148 neutron-periodic-workers[105256]: DEBUG cotyledon.oslo_config_glue [-] ovn.dhcp_default_lease_time = 43200 {{(pid=105256) log_opt_values /opt/stack/data/venv/lib/python3.12/site-packages/oslo_config/cfg.py:2824}}
Feb 17 20:31:43.315142 np0000156148 neutron-periodic-workers[105256]: DEBUG cotyledon.oslo_config_glue [-] ovn.disable_ovn_dhcp_for_baremetal_ports = False {{(pid=105256) log_opt_values /opt/stack/data/venv/lib/python3.12/site-packages/oslo_config/cfg.py:2824}}
Feb 17 20:31:43.315187 np0000156148 neutron-periodic-workers[105256]: DEBUG cotyledon.oslo_config_glue [-] ovn.dns_records_ovn_owned = False {{(pid=105256) log_opt_values /opt/stack/data/venv/lib/python3.12/site-packages/oslo_config/cfg.py:2824}}
Feb 17 20:31:43.315244 np0000156148 neutron-periodic-workers[105256]: DEBUG cotyledon.oslo_config_glue [-] ovn.dns_servers = [] {{(pid=105256) log_opt_values /opt/stack/data/venv/lib/python3.12/site-packages/oslo_config/cfg.py:2824}}
Feb 17 20:31:43.315286 np0000156148 neutron-periodic-workers[105256]: DEBUG cotyledon.oslo_config_glue [-] ovn.enable_distributed_floating_ip = False {{(pid=105256) log_opt_values /opt/stack/data/venv/lib/python3.12/site-packages/oslo_config/cfg.py:2824}}
Feb 17 20:31:43.315318 np0000156148 neutron-periodic-workers[105256]: DEBUG cotyledon.oslo_config_glue [-] ovn.fdb_age_threshold = 0 {{(pid=105256) log_opt_values /opt/stack/data/venv/lib/python3.12/site-packages/oslo_config/cfg.py:2824}}
Feb 17 20:31:43.315365 np0000156148 neutron-periodic-workers[105256]: DEBUG cotyledon.oslo_config_glue [-] ovn.live_migration_activation_strategy = rarp {{(pid=105256) log_opt_values /opt/stack/data/venv/lib/python3.12/site-packages/oslo_config/cfg.py:2824}}
Feb 17 20:31:43.315405 np0000156148 neutron-periodic-workers[105256]: DEBUG cotyledon.oslo_config_glue [-] ovn.localnet_learn_fdb = False {{(pid=105256) log_opt_values /opt/stack/data/venv/lib/python3.12/site-packages/oslo_config/cfg.py:2824}}
Feb 17 20:31:43.315447 np0000156148 neutron-periodic-workers[105256]: DEBUG cotyledon.oslo_config_glue [-] ovn.mac_binding_age_threshold = 0 {{(pid=105256) log_opt_values /opt/stack/data/venv/lib/python3.12/site-packages/oslo_config/cfg.py:2824}}
Feb 17 20:31:43.315488 np0000156148 neutron-periodic-workers[105256]: DEBUG cotyledon.oslo_config_glue [-] ovn.neutron_sync_mode = log {{(pid=105256) log_opt_values /opt/stack/data/venv/lib/python3.12/site-packages/oslo_config/cfg.py:2824}}
Feb 17 20:31:43.315522 np0000156148 neutron-periodic-workers[105256]: DEBUG cotyledon.oslo_config_glue [-] ovn.ovn_dhcp4_global_options = {} {{(pid=105256) log_opt_values /opt/stack/data/venv/lib/python3.12/site-packages/oslo_config/cfg.py:2824}}
Feb 17 20:31:43.315569 np0000156148 neutron-periodic-workers[105256]: DEBUG cotyledon.oslo_config_glue [-] ovn.ovn_dhcp6_global_options = {} {{(pid=105256) log_opt_values /opt/stack/data/venv/lib/python3.12/site-packages/oslo_config/cfg.py:2824}}
Feb 17 20:31:43.315619 np0000156148 neutron-periodic-workers[105256]: DEBUG cotyledon.oslo_config_glue [-] ovn.ovn_l3_scheduler = leastloaded {{(pid=105256) log_opt_values /opt/stack/data/venv/lib/python3.12/site-packages/oslo_config/cfg.py:2824}}
Feb 17 20:31:43.315676 np0000156148 neutron-periodic-workers[105256]: DEBUG cotyledon.oslo_config_glue [-] ovn.ovn_metadata_enabled = True {{(pid=105256) log_opt_values /opt/stack/data/venv/lib/python3.12/site-packages/oslo_config/cfg.py:2824}}
Feb 17 20:31:43.315728 np0000156148 neutron-periodic-workers[105256]: DEBUG cotyledon.oslo_config_glue [-] ovn.ovn_nb_ca_cert = /opt/stack/data/CA/int-ca/ca-chain.pem {{(pid=105256) log_opt_values /opt/stack/data/venv/lib/python3.12/site-packages/oslo_config/cfg.py:2824}}
Feb 17 20:31:43.315778 np0000156148 neutron-periodic-workers[105256]: DEBUG cotyledon.oslo_config_glue [-] ovn.ovn_nb_certificate = /opt/stack/data/CA/int-ca/devstack-cert.crt {{(pid=105256) log_opt_values /opt/stack/data/venv/lib/python3.12/site-packages/oslo_config/cfg.py:2824}}
Feb 17 20:31:43.315835 np0000156148 neutron-periodic-workers[105256]: DEBUG cotyledon.oslo_config_glue [-] ovn.ovn_nb_connection = ['ssl:199.204.45.222:6641'] {{(pid=105256) log_opt_values /opt/stack/data/venv/lib/python3.12/site-packages/oslo_config/cfg.py:2824}}
Feb 17 20:31:43.315862 np0000156148 neutron-periodic-workers[105256]: DEBUG cotyledon.oslo_config_glue [-] ovn.ovn_nb_private_key = /opt/stack/data/CA/int-ca/private/devstack-cert.key {{(pid=105256) log_opt_values /opt/stack/data/venv/lib/python3.12/site-packages/oslo_config/cfg.py:2824}}
Feb 17 20:31:43.315889 np0000156148 neutron-periodic-workers[105256]: DEBUG cotyledon.oslo_config_glue [-] ovn.ovn_router_indirect_snat = False {{(pid=105256) log_opt_values /opt/stack/data/venv/lib/python3.12/site-packages/oslo_config/cfg.py:2824}}
Feb 17 20:31:43.315925 np0000156148 neutron-periodic-workers[105256]: DEBUG cotyledon.oslo_config_glue [-] ovn.ovn_sb_ca_cert = /opt/stack/data/CA/int-ca/ca-chain.pem {{(pid=105256) log_opt_values /opt/stack/data/venv/lib/python3.12/site-packages/oslo_config/cfg.py:2824}}
Feb 17 20:31:43.315959 np0000156148 neutron-periodic-workers[105256]: DEBUG cotyledon.oslo_config_glue [-] ovn.ovn_sb_certificate = /opt/stack/data/CA/int-ca/devstack-cert.crt {{(pid=105256) log_opt_values /opt/stack/data/venv/lib/python3.12/site-packages/oslo_config/cfg.py:2824}}
Feb 17 20:31:43.316005 np0000156148 neutron-periodic-workers[105256]: DEBUG cotyledon.oslo_config_glue [-] ovn.ovn_sb_connection = ['ssl:199.204.45.222:6642'] {{(pid=105256) log_opt_values /opt/stack/data/venv/lib/python3.12/site-packages/oslo_config/cfg.py:2824}}
Feb 17 20:31:43.316048 np0000156148 neutron-periodic-workers[105256]: DEBUG cotyledon.oslo_config_glue [-] ovn.ovn_sb_private_key = /opt/stack/data/CA/int-ca/private/devstack-cert.key {{(pid=105256) log_opt_values /opt/stack/data/venv/lib/python3.12/site-packages/oslo_config/cfg.py:2824}}
Feb 17 20:31:43.316083 np0000156148 neutron-periodic-workers[105256]: DEBUG cotyledon.oslo_config_glue [-] ovn.ovs_create_tap = False {{(pid=105256) log_opt_values /opt/stack/data/venv/lib/python3.12/site-packages/oslo_config/cfg.py:2824}}
Feb 17 20:31:43.316125 np0000156148 neutron-periodic-workers[105256]: DEBUG cotyledon.oslo_config_glue [-] ovn.ovsdb_connection_timeout = 180 {{(pid=105256) log_opt_values /opt/stack/data/venv/lib/python3.12/site-packages/oslo_config/cfg.py:2824}}
Feb 17 20:31:43.316159 np0000156148 neutron-periodic-workers[105256]: DEBUG cotyledon.oslo_config_glue [-] ovn.ovsdb_log_level = INFO {{(pid=105256) log_opt_values /opt/stack/data/venv/lib/python3.12/site-packages/oslo_config/cfg.py:2824}}
Feb 17 20:31:43.316204 np0000156148 neutron-periodic-workers[105256]: DEBUG cotyledon.oslo_config_glue [-] ovn.ovsdb_probe_interval = 60000 {{(pid=105256) log_opt_values /opt/stack/data/venv/lib/python3.12/site-packages/oslo_config/cfg.py:2824}}
Feb 17 20:31:43.316245 np0000156148 neutron-periodic-workers[105256]: DEBUG cotyledon.oslo_config_glue [-] ovn.ovsdb_retry_max_interval = 180 {{(pid=105256) log_opt_values /opt/stack/data/venv/lib/python3.12/site-packages/oslo_config/cfg.py:2824}}
Feb 17 20:31:43.316295 np0000156148 neutron-periodic-workers[105256]: DEBUG cotyledon.oslo_config_glue [-] ovn.stateless_nat_enabled = False {{(pid=105256) log_opt_values /opt/stack/data/venv/lib/python3.12/site-packages/oslo_config/cfg.py:2824}}
Feb 17 20:31:43.316342 np0000156148 neutron-periodic-workers[105256]: DEBUG cotyledon.oslo_config_glue [-] ovn.vhost_sock_dir = /var/run/openvswitch {{(pid=105256) log_opt_values /opt/stack/data/venv/lib/python3.12/site-packages/oslo_config/cfg.py:2824}}
Feb 17 20:31:43.316394 np0000156148 neutron-periodic-workers[105256]: DEBUG cotyledon.oslo_config_glue [-] OVS.bridge_mac_table_size = 50000 {{(pid=105256) log_opt_values /opt/stack/data/venv/lib/python3.12/site-packages/oslo_config/cfg.py:2824}}
Feb 17 20:31:43.316437 np0000156148 neutron-periodic-workers[105256]: DEBUG cotyledon.oslo_config_glue [-] OVS.igmp_flood = False {{(pid=105256) log_opt_values /opt/stack/data/venv/lib/python3.12/site-packages/oslo_config/cfg.py:2824}}
Feb 17 20:31:43.316484 np0000156148 neutron-periodic-workers[105256]: DEBUG cotyledon.oslo_config_glue [-] OVS.igmp_flood_reports = True {{(pid=105256) log_opt_values /opt/stack/data/venv/lib/python3.12/site-packages/oslo_config/cfg.py:2824}}
Feb 17 20:31:43.316519 np0000156148 neutron-periodic-workers[105256]: DEBUG cotyledon.oslo_config_glue [-] OVS.igmp_flood_unregistered = False {{(pid=105256) log_opt_values /opt/stack/data/venv/lib/python3.12/site-packages/oslo_config/cfg.py:2824}}
Feb 17 20:31:43.316563 np0000156148 neutron-periodic-workers[105256]: DEBUG cotyledon.oslo_config_glue [-] OVS.igmp_snooping_enable = False {{(pid=105256) log_opt_values /opt/stack/data/venv/lib/python3.12/site-packages/oslo_config/cfg.py:2824}}
Feb 17 20:31:43.316626 np0000156148 neutron-periodic-workers[105256]: DEBUG cotyledon.oslo_config_glue [-] OVS.ovsdb_timeout = 10 {{(pid=105256) log_opt_values /opt/stack/data/venv/lib/python3.12/site-packages/oslo_config/cfg.py:2824}}
Feb 17 20:31:43.316732 np0000156148 neutron-periodic-workers[105256]: DEBUG cotyledon.oslo_config_glue [-] ovn_nb_global.fdb_removal_limit = 0 {{(pid=105256) log_opt_values /opt/stack/data/venv/lib/python3.12/site-packages/oslo_config/cfg.py:2824}}
Feb 17 20:31:43.316732 np0000156148 neutron-periodic-workers[105256]: DEBUG cotyledon.oslo_config_glue [-] ovn_nb_global.ignore_lsp_down = False {{(pid=105256) log_opt_values /opt/stack/data/venv/lib/python3.12/site-packages/oslo_config/cfg.py:2824}}
Feb 17 20:31:43.316803 np0000156148 neutron-periodic-workers[105256]: DEBUG cotyledon.oslo_config_glue [-] ovn_nb_global.mac_binding_removal_limit = 0 {{(pid=105256) log_opt_values /opt/stack/data/venv/lib/python3.12/site-packages/oslo_config/cfg.py:2824}}
Feb 17 20:31:43.316803 np0000156148 neutron-periodic-workers[105256]: DEBUG cotyledon.oslo_config_glue [-] ******************************************************************************** {{(pid=105256) log_opt_values /opt/stack/data/venv/lib/python3.12/site-packages/oslo_config/cfg.py:2828}}
Feb 17 20:31:43.316980 np0000156148 neutron-periodic-workers[105256]: DEBUG cotyledon._service_worker [-] Run service ServiceWrapper(0) [105256] {{(pid=105256) wait_forever /opt/stack/data/venv/lib/python3.12/site-packages/cotyledon/_service_worker.py:218}}
Feb 17 20:31:52.975108 np0000156148 neutron-periodic-workers[104514]: DEBUG dbcounter [-] [104514] Writing DB stats neutron:SELECT=4 {{(pid=104514) stat_writer /opt/stack/data/venv/lib/python3.12/site-packages/dbcounter.py:115}}
Feb 17 20:31:58.326481 np0000156148 neutron-periodic-workers[105256]: DEBUG oslo_db.sqlalchemy.engines [None req-6a8417ab-722d-4e2d-8f88-11dfdf1d9fb1 None None] Parent process 104514 forked (105256) with an open database connection, which is being discarded and recreated. {{(pid=105256) checkout /opt/stack/data/venv/lib/python3.12/site-packages/oslo_db/sqlalchemy/engines.py:402}}
Feb 17 20:31:58.353105 np0000156148 neutron-periodic-workers[105256]: DEBUG dbcounter [-] [105256] Writer thread running {{(pid=105256) stat_writer /opt/stack/data/venv/lib/python3.12/site-packages/dbcounter.py:102}}
Feb 17 20:31:58.366217 np0000156148 neutron-periodic-workers[105256]: DEBUG oslo.service.backend._threading.loopingcall [None req-6a8417ab-722d-4e2d-8f88-11dfdf1d9fb1 None None] Fixed interval looping call 'neutron.services.ovn_l3.plugin.L3_NAT_dbonly_mixin._clean_garbage' sleeping for 299.95 seconds {{(pid=105256) _run_loop /opt/stack/data/venv/lib/python3.12/site-packages/oslo_service/backend/_threading/loopingcall.py:125}}
Feb 17 20:32:08.364691 np0000156148 neutron-periodic-workers[105256]: DEBUG dbcounter [-] [105256] Writing DB stats neutron:SELECT=1 {{(pid=105256) stat_writer /opt/stack/data/venv/lib/python3.12/site-packages/dbcounter.py:115}}
Feb 17 20:32:28.271963 np0000156148 neutron-periodic-workers[105224]: DEBUG dbcounter [-] [105224] Writer thread running {{(pid=105224) stat_writer /opt/stack/data/venv/lib/python3.12/site-packages/dbcounter.py:102}}
Feb 17 20:32:28.280824 np0000156148 neutron-periodic-workers[105224]: DEBUG oslo.service.backend._threading.loopingcall [None req-f3854b63-a113-4753-8adf-7bfcc79115ca None None] Fixed interval looping call 'neutron.plugins.ml2.plugin.DhcpAgentSchedulerDbMixin.remove_networks_from_down_agents' sleeping for 36.98 seconds {{(pid=105224) _run_loop /opt/stack/data/venv/lib/python3.12/site-packages/oslo_service/backend/_threading/loopingcall.py:125}}
Feb 17 20:32:38.279577 np0000156148 neutron-periodic-workers[105224]: DEBUG dbcounter [-] [105224] Writing DB stats neutron:SELECT=3 {{(pid=105224) stat_writer /opt/stack/data/venv/lib/python3.12/site-packages/dbcounter.py:115}}
Feb 17 20:32:57.302111 np0000156148 neutron-periodic-workers[105233]: DEBUG dbcounter [-] [105233] Writer thread running {{(pid=105233) stat_writer /opt/stack/data/venv/lib/python3.12/site-packages/dbcounter.py:102}}
Feb 17 20:32:57.306299 np0000156148 neutron-periodic-workers[105233]: DEBUG neutron.db.agents_db [None req-d1de6a9f-0d99-41d3-add3-5157e7babbbb None None] Agent healthcheck: found 0 active agents {{(pid=105233) agent_health_check /opt/stack/neutron/neutron/db/agents_db.py:317}}
Feb 17 20:32:57.306469 np0000156148 neutron-periodic-workers[105233]: DEBUG oslo.service.backend._threading.loopingcall [None req-d1de6a9f-0d99-41d3-add3-5157e7babbbb None None] Fixed interval looping call 'neutron.plugins.ml2.plugin.AgentDbMixin.agent_health_check' sleeping for 36.97 seconds {{(pid=105233) _run_loop /opt/stack/data/venv/lib/python3.12/site-packages/oslo_service/backend/_threading/loopingcall.py:125}}
Feb 17 20:33:05.270423 np0000156148 neutron-periodic-workers[105224]: DEBUG oslo.service.backend._threading.loopingcall [None req-f3854b63-a113-4753-8adf-7bfcc79115ca None None] Fixed interval looping call 'neutron.plugins.ml2.plugin.DhcpAgentSchedulerDbMixin.remove_networks_from_down_agents' sleeping for 36.99 seconds {{(pid=105224) _run_loop /opt/stack/data/venv/lib/python3.12/site-packages/oslo_service/backend/_threading/loopingcall.py:125}}
Feb 17 20:33:07.302779 np0000156148 neutron-periodic-workers[105233]: DEBUG dbcounter [-] [105233] Writing DB stats neutron:SELECT=1 {{(pid=105233) stat_writer /opt/stack/data/venv/lib/python3.12/site-packages/dbcounter.py:115}}
Feb 17 20:33:15.269063 np0000156148 neutron-periodic-workers[105224]: DEBUG dbcounter [-] [105224] Writing DB stats neutron:SELECT=3 {{(pid=105224) stat_writer /opt/stack/data/venv/lib/python3.12/site-packages/dbcounter.py:115}}
Feb 17 20:33:34.282338 np0000156148 neutron-periodic-workers[105233]: DEBUG neutron.db.agents_db [None req-d1de6a9f-0d99-41d3-add3-5157e7babbbb None None] Agent healthcheck: found 0 active agents {{(pid=105233) agent_health_check /opt/stack/neutron/neutron/db/agents_db.py:317}}
Feb 17 20:33:34.283200 np0000156148 neutron-periodic-workers[105233]: DEBUG oslo.service.backend._threading.loopingcall [None req-d1de6a9f-0d99-41d3-add3-5157e7babbbb None None] Fixed interval looping call 'neutron.plugins.ml2.plugin.AgentDbMixin.agent_health_check' sleeping for 36.99 seconds {{(pid=105233) _run_loop /opt/stack/data/venv/lib/python3.12/site-packages/oslo_service/backend/_threading/loopingcall.py:125}}
Feb 17 20:33:42.270967 np0000156148 neutron-periodic-workers[105224]: DEBUG oslo.service.backend._threading.loopingcall [None req-f3854b63-a113-4753-8adf-7bfcc79115ca None None] Fixed interval looping call 'neutron.plugins.ml2.plugin.DhcpAgentSchedulerDbMixin.remove_networks_from_down_agents' sleeping for 36.99 seconds {{(pid=105224) _run_loop /opt/stack/data/venv/lib/python3.12/site-packages/oslo_service/backend/_threading/loopingcall.py:125}}
Feb 17 20:33:43.310510 np0000156148 neutron-periodic-workers[105242]: DEBUG dbcounter [-] [105242] Writer thread running {{(pid=105242) stat_writer /opt/stack/data/venv/lib/python3.12/site-packages/dbcounter.py:102}}
Feb 17 20:33:43.312237 np0000156148 neutron-periodic-workers[105242]: DEBUG oslo.service.backend._threading.loopingcall [None req-7e6de3f8-de77-4dff-8de9-de77c4e3738d None None] Fixed interval looping call 'neutron.db.quota.driver_nolock.DbQuotaNoLockDriver._remove_expired_reservations' sleeping for 119.99 seconds {{(pid=105242) _run_loop /opt/stack/data/venv/lib/python3.12/site-packages/oslo_service/backend/_threading/loopingcall.py:125}}
Feb 17 20:33:44.279361 np0000156148 neutron-periodic-workers[105233]: DEBUG dbcounter [-] [105233] Writing DB stats neutron:SELECT=1 {{(pid=105233) stat_writer /opt/stack/data/venv/lib/python3.12/site-packages/dbcounter.py:115}}
Feb 17 20:33:52.269409 np0000156148 neutron-periodic-workers[105224]: DEBUG dbcounter [-] [105224] Writing DB stats neutron:SELECT=3 {{(pid=105224) stat_writer /opt/stack/data/venv/lib/python3.12/site-packages/dbcounter.py:115}}
Feb 17 20:33:53.311238 np0000156148 neutron-periodic-workers[105242]: DEBUG dbcounter [-] [105242] Writing DB stats neutron:DELETE=1 {{(pid=105242) stat_writer /opt/stack/data/venv/lib/python3.12/site-packages/dbcounter.py:115}}
Feb 17 20:34:11.278377 np0000156148 neutron-periodic-workers[105233]: DEBUG neutron.db.agents_db [None req-d1de6a9f-0d99-41d3-add3-5157e7babbbb None None] Agent healthcheck: found 0 active agents {{(pid=105233) agent_health_check /opt/stack/neutron/neutron/db/agents_db.py:317}}
Feb 17 20:34:11.278944 np0000156148 neutron-periodic-workers[105233]: DEBUG oslo.service.backend._threading.loopingcall [None req-d1de6a9f-0d99-41d3-add3-5157e7babbbb None None] Fixed interval looping call 'neutron.plugins.ml2.plugin.AgentDbMixin.agent_health_check' sleeping for 36.99 seconds {{(pid=105233) _run_loop /opt/stack/data/venv/lib/python3.12/site-packages/oslo_service/backend/_threading/loopingcall.py:125}}
Feb 17 20:34:19.270644 np0000156148 neutron-periodic-workers[105224]: DEBUG oslo.service.backend._threading.loopingcall [None req-f3854b63-a113-4753-8adf-7bfcc79115ca None None] Fixed interval looping call 'neutron.plugins.ml2.plugin.DhcpAgentSchedulerDbMixin.remove_networks_from_down_agents' sleeping for 36.99 seconds {{(pid=105224) _run_loop /opt/stack/data/venv/lib/python3.12/site-packages/oslo_service/backend/_threading/loopingcall.py:125}}
Feb 17 20:34:21.276495 np0000156148 neutron-periodic-workers[105233]: DEBUG dbcounter [-] [105233] Writing DB stats neutron:SELECT=1 {{(pid=105233) stat_writer /opt/stack/data/venv/lib/python3.12/site-packages/dbcounter.py:115}}
Feb 17 20:34:29.269093 np0000156148 neutron-periodic-workers[105224]: DEBUG dbcounter [-] [105224] Writing DB stats neutron:SELECT=3 {{(pid=105224) stat_writer /opt/stack/data/venv/lib/python3.12/site-packages/dbcounter.py:115}}
Feb 17 20:34:48.274256 np0000156148 neutron-periodic-workers[105233]: DEBUG neutron.db.agents_db [None req-d1de6a9f-0d99-41d3-add3-5157e7babbbb None None] Agent healthcheck: found 0 active agents {{(pid=105233) agent_health_check /opt/stack/neutron/neutron/db/agents_db.py:317}}
Feb 17 20:34:48.275001 np0000156148 neutron-periodic-workers[105233]: DEBUG oslo.service.backend._threading.loopingcall [None req-d1de6a9f-0d99-41d3-add3-5157e7babbbb None None] Fixed interval looping call 'neutron.plugins.ml2.plugin.AgentDbMixin.agent_health_check' sleeping for 36.99 seconds {{(pid=105233) _run_loop /opt/stack/data/venv/lib/python3.12/site-packages/oslo_service/backend/_threading/loopingcall.py:125}}
Feb 17 20:34:56.273907 np0000156148 neutron-periodic-workers[105224]: DEBUG oslo.service.backend._threading.loopingcall [None req-f3854b63-a113-4753-8adf-7bfcc79115ca None None] Fixed interval looping call 'neutron.plugins.ml2.plugin.DhcpAgentSchedulerDbMixin.remove_networks_from_down_agents' sleeping for 36.99 seconds {{(pid=105224) _run_loop /opt/stack/data/venv/lib/python3.12/site-packages/oslo_service/backend/_threading/loopingcall.py:125}}
Feb 17 20:34:58.272567 np0000156148 neutron-periodic-workers[105233]: DEBUG dbcounter [-] [105233] Writing DB stats neutron:SELECT=1 {{(pid=105233) stat_writer /opt/stack/data/venv/lib/python3.12/site-packages/dbcounter.py:115}}
Feb 17 20:35:06.272116 np0000156148 neutron-periodic-workers[105224]: DEBUG dbcounter [-] [105224] Writing DB stats neutron:SELECT=3 {{(pid=105224) stat_writer /opt/stack/data/venv/lib/python3.12/site-packages/dbcounter.py:115}}
Feb 17 20:35:25.269802 np0000156148 neutron-periodic-workers[105233]: DEBUG neutron.db.agents_db [None req-d1de6a9f-0d99-41d3-add3-5157e7babbbb None None] Agent healthcheck: found 0 active agents {{(pid=105233) agent_health_check /opt/stack/neutron/neutron/db/agents_db.py:317}}
Feb 17 20:35:25.270524 np0000156148 neutron-periodic-workers[105233]: DEBUG oslo.service.backend._threading.loopingcall [None req-d1de6a9f-0d99-41d3-add3-5157e7babbbb None None] Fixed interval looping call 'neutron.plugins.ml2.plugin.AgentDbMixin.agent_health_check' sleeping for 36.99 seconds {{(pid=105233) _run_loop /opt/stack/data/venv/lib/python3.12/site-packages/oslo_service/backend/_threading/loopingcall.py:125}}
Feb 17 20:35:33.273363 np0000156148 neutron-periodic-workers[105224]: DEBUG oslo.service.backend._threading.loopingcall [None req-f3854b63-a113-4753-8adf-7bfcc79115ca None None] Fixed interval looping call 'neutron.plugins.ml2.plugin.DhcpAgentSchedulerDbMixin.remove_networks_from_down_agents' sleeping for 36.99 seconds {{(pid=105224) _run_loop /opt/stack/data/venv/lib/python3.12/site-packages/oslo_service/backend/_threading/loopingcall.py:125}}
Feb 17 20:35:35.268066 np0000156148 neutron-periodic-workers[105233]: DEBUG dbcounter [-] [105233] Writing DB stats neutron:SELECT=1 {{(pid=105233) stat_writer /opt/stack/data/venv/lib/python3.12/site-packages/dbcounter.py:115}}
Feb 17 20:35:43.272471 np0000156148 neutron-periodic-workers[105224]: DEBUG dbcounter [-] [105224] Writing DB stats neutron:SELECT=3 {{(pid=105224) stat_writer /opt/stack/data/venv/lib/python3.12/site-packages/dbcounter.py:115}}
Feb 17 20:35:43.307702 np0000156148 neutron-periodic-workers[105242]: DEBUG oslo.service.backend._threading.loopingcall [None req-7e6de3f8-de77-4dff-8de9-de77c4e3738d None None] Fixed interval looping call 'neutron.db.quota.driver_nolock.DbQuotaNoLockDriver._remove_expired_reservations' sleeping for 120.00 seconds {{(pid=105242) _run_loop /opt/stack/data/venv/lib/python3.12/site-packages/oslo_service/backend/_threading/loopingcall.py:125}}
Feb 17 20:35:53.306101 np0000156148 neutron-periodic-workers[105242]: DEBUG dbcounter [-] [105242] Writing DB stats neutron:DELETE=1 {{(pid=105242) stat_writer /opt/stack/data/venv/lib/python3.12/site-packages/dbcounter.py:115}}
Feb 17 20:36:02.265229 np0000156148 neutron-periodic-workers[105233]: DEBUG neutron.db.agents_db [None req-d1de6a9f-0d99-41d3-add3-5157e7babbbb None None] Agent healthcheck: found 0 active agents {{(pid=105233) agent_health_check /opt/stack/neutron/neutron/db/agents_db.py:317}}
Feb 17 20:36:02.265779 np0000156148 neutron-periodic-workers[105233]: DEBUG oslo.service.backend._threading.loopingcall [None req-d1de6a9f-0d99-41d3-add3-5157e7babbbb None None] Fixed interval looping call 'neutron.plugins.ml2.plugin.AgentDbMixin.agent_health_check' sleeping for 36.99 seconds {{(pid=105233) _run_loop /opt/stack/data/venv/lib/python3.12/site-packages/oslo_service/backend/_threading/loopingcall.py:125}}
Feb 17 20:36:10.272982 np0000156148 neutron-periodic-workers[105224]: DEBUG oslo.service.backend._threading.loopingcall [None req-f3854b63-a113-4753-8adf-7bfcc79115ca None None] Fixed interval looping call 'neutron.plugins.ml2.plugin.DhcpAgentSchedulerDbMixin.remove_networks_from_down_agents' sleeping for 36.99 seconds {{(pid=105224) _run_loop /opt/stack/data/venv/lib/python3.12/site-packages/oslo_service/backend/_threading/loopingcall.py:125}}
Feb 17 20:36:12.263660 np0000156148 neutron-periodic-workers[105233]: DEBUG dbcounter [-] [105233] Writing DB stats neutron:SELECT=1 {{(pid=105233) stat_writer /opt/stack/data/venv/lib/python3.12/site-packages/dbcounter.py:115}}
Feb 17 20:36:20.271751 np0000156148 neutron-periodic-workers[105224]: DEBUG dbcounter [-] [105224] Writing DB stats neutron:SELECT=3 {{(pid=105224) stat_writer /opt/stack/data/venv/lib/python3.12/site-packages/dbcounter.py:115}}
Feb 17 20:36:39.260494 np0000156148 neutron-periodic-workers[105233]: DEBUG neutron.db.agents_db [None req-d1de6a9f-0d99-41d3-add3-5157e7babbbb None None] Agent healthcheck: found 0 active agents {{(pid=105233) agent_health_check /opt/stack/neutron/neutron/db/agents_db.py:317}}
Feb 17 20:36:39.260994 np0000156148 neutron-periodic-workers[105233]: DEBUG oslo.service.backend._threading.loopingcall [None req-d1de6a9f-0d99-41d3-add3-5157e7babbbb None None] Fixed interval looping call 'neutron.plugins.ml2.plugin.AgentDbMixin.agent_health_check' sleeping for 37.00 seconds {{(pid=105233) _run_loop /opt/stack/data/venv/lib/python3.12/site-packages/oslo_service/backend/_threading/loopingcall.py:125}}
Feb 17 20:36:47.275047 np0000156148 neutron-periodic-workers[105224]: DEBUG oslo.service.backend._threading.loopingcall [None req-f3854b63-a113-4753-8adf-7bfcc79115ca None None] Fixed interval looping call 'neutron.plugins.ml2.plugin.DhcpAgentSchedulerDbMixin.remove_networks_from_down_agents' sleeping for 36.99 seconds {{(pid=105224) _run_loop /opt/stack/data/venv/lib/python3.12/site-packages/oslo_service/backend/_threading/loopingcall.py:125}}
Feb 17 20:36:49.260679 np0000156148 neutron-periodic-workers[105233]: DEBUG dbcounter [-] [105233] Writing DB stats neutron:SELECT=1 {{(pid=105233) stat_writer /opt/stack/data/venv/lib/python3.12/site-packages/dbcounter.py:115}}
Feb 17 20:36:57.273267 np0000156148 neutron-periodic-workers[105224]: DEBUG dbcounter [-] [105224] Writing DB stats neutron:SELECT=3 {{(pid=105224) stat_writer /opt/stack/data/venv/lib/python3.12/site-packages/dbcounter.py:115}}
Feb 17 20:36:58.325292 np0000156148 neutron-periodic-workers[105256]: DEBUG oslo.service.backend._threading.loopingcall [None req-6a8417ab-722d-4e2d-8f88-11dfdf1d9fb1 None None] Fixed interval looping call 'neutron.services.ovn_l3.plugin.L3_NAT_dbonly_mixin._clean_garbage' sleeping for 299.99 seconds {{(pid=105256) _run_loop /opt/stack/data/venv/lib/python3.12/site-packages/oslo_service/backend/_threading/loopingcall.py:125}}
Feb 17 20:37:08.319912 np0000156148 neutron-periodic-workers[105256]: DEBUG dbcounter [-] [105256] Writing DB stats neutron:SELECT=1 {{(pid=105256) stat_writer /opt/stack/data/venv/lib/python3.12/site-packages/dbcounter.py:115}}
Feb 17 20:37:16.265749 np0000156148 neutron-periodic-workers[105233]: DEBUG neutron.db.agents_db [None req-d1de6a9f-0d99-41d3-add3-5157e7babbbb None None] Agent healthcheck: found 0 active agents {{(pid=105233) agent_health_check /opt/stack/neutron/neutron/db/agents_db.py:317}}
Feb 17 20:37:16.266223 np0000156148 neutron-periodic-workers[105233]: DEBUG oslo.service.backend._threading.loopingcall [None req-d1de6a9f-0d99-41d3-add3-5157e7babbbb None None] Fixed interval looping call 'neutron.plugins.ml2.plugin.AgentDbMixin.agent_health_check' sleeping for 36.99 seconds {{(pid=105233) _run_loop /opt/stack/data/venv/lib/python3.12/site-packages/oslo_service/backend/_threading/loopingcall.py:125}}
Feb 17 20:37:24.274495 np0000156148 neutron-periodic-workers[105224]: DEBUG oslo.service.backend._threading.loopingcall [None req-f3854b63-a113-4753-8adf-7bfcc79115ca None None] Fixed interval looping call 'neutron.plugins.ml2.plugin.DhcpAgentSchedulerDbMixin.remove_networks_from_down_agents' sleeping for 36.99 seconds {{(pid=105224) _run_loop /opt/stack/data/venv/lib/python3.12/site-packages/oslo_service/backend/_threading/loopingcall.py:125}}
Feb 17 20:37:26.264055 np0000156148 neutron-periodic-workers[105233]: DEBUG dbcounter [-] [105233] Writing DB stats neutron:SELECT=1 {{(pid=105233) stat_writer /opt/stack/data/venv/lib/python3.12/site-packages/dbcounter.py:115}}
Feb 17 20:37:34.272906 np0000156148 neutron-periodic-workers[105224]: DEBUG dbcounter [-] [105224] Writing DB stats neutron:SELECT=3 {{(pid=105224) stat_writer /opt/stack/data/venv/lib/python3.12/site-packages/dbcounter.py:115}}
Feb 17 20:37:43.312621 np0000156148 neutron-periodic-workers[105242]: DEBUG oslo.service.backend._threading.loopingcall [None req-7e6de3f8-de77-4dff-8de9-de77c4e3738d None None] Fixed interval looping call 'neutron.db.quota.driver_nolock.DbQuotaNoLockDriver._remove_expired_reservations' sleeping for 120.00 seconds {{(pid=105242) _run_loop /opt/stack/data/venv/lib/python3.12/site-packages/oslo_service/backend/_threading/loopingcall.py:125}}
Feb 17 20:37:53.261675 np0000156148 neutron-periodic-workers[105233]: DEBUG neutron.db.agents_db [None req-d1de6a9f-0d99-41d3-add3-5157e7babbbb None None] Agent healthcheck: found 0 active agents {{(pid=105233) agent_health_check /opt/stack/neutron/neutron/db/agents_db.py:317}}
Feb 17 20:37:53.262258 np0000156148 neutron-periodic-workers[105233]: DEBUG oslo.service.backend._threading.loopingcall [None req-d1de6a9f-0d99-41d3-add3-5157e7babbbb None None] Fixed interval looping call 'neutron.plugins.ml2.plugin.AgentDbMixin.agent_health_check' sleeping for 36.99 seconds {{(pid=105233) _run_loop /opt/stack/data/venv/lib/python3.12/site-packages/oslo_service/backend/_threading/loopingcall.py:125}}
Feb 17 20:37:53.311690 np0000156148 neutron-periodic-workers[105242]: DEBUG dbcounter [-] [105242] Writing DB stats neutron:DELETE=1 {{(pid=105242) stat_writer /opt/stack/data/venv/lib/python3.12/site-packages/dbcounter.py:115}}
Feb 17 20:38:01.273215 np0000156148 neutron-periodic-workers[105224]: DEBUG oslo.service.backend._threading.loopingcall [None req-f3854b63-a113-4753-8adf-7bfcc79115ca None None] Fixed interval looping call 'neutron.plugins.ml2.plugin.DhcpAgentSchedulerDbMixin.remove_networks_from_down_agents' sleeping for 36.99 seconds {{(pid=105224) _run_loop /opt/stack/data/venv/lib/python3.12/site-packages/oslo_service/backend/_threading/loopingcall.py:125}}
Feb 17 20:38:03.259924 np0000156148 neutron-periodic-workers[105233]: DEBUG dbcounter [-] [105233] Writing DB stats neutron:SELECT=1 {{(pid=105233) stat_writer /opt/stack/data/venv/lib/python3.12/site-packages/dbcounter.py:115}}
Feb 17 20:38:11.272306 np0000156148 neutron-periodic-workers[105224]: DEBUG dbcounter [-] [105224] Writing DB stats neutron:SELECT=3 {{(pid=105224) stat_writer /opt/stack/data/venv/lib/python3.12/site-packages/dbcounter.py:115}}
Feb 17 20:38:30.257412 np0000156148 neutron-periodic-workers[105233]: DEBUG neutron.db.agents_db [None req-d1de6a9f-0d99-41d3-add3-5157e7babbbb None None] Agent healthcheck: found 0 active agents {{(pid=105233) agent_health_check /opt/stack/neutron/neutron/db/agents_db.py:317}}
Feb 17 20:38:30.257412 np0000156148 neutron-periodic-workers[105233]: DEBUG oslo.service.backend._threading.loopingcall [None req-d1de6a9f-0d99-41d3-add3-5157e7babbbb None None] Fixed interval looping call 'neutron.plugins.ml2.plugin.AgentDbMixin.agent_health_check' sleeping for 36.99 seconds {{(pid=105233) _run_loop /opt/stack/data/venv/lib/python3.12/site-packages/oslo_service/backend/_threading/loopingcall.py:125}}
Feb 17 20:38:38.274142 np0000156148 neutron-periodic-workers[105224]: DEBUG oslo.service.backend._threading.loopingcall [None req-f3854b63-a113-4753-8adf-7bfcc79115ca None None] Fixed interval looping call 'neutron.plugins.ml2.plugin.DhcpAgentSchedulerDbMixin.remove_networks_from_down_agents' sleeping for 36.99 seconds {{(pid=105224) _run_loop /opt/stack/data/venv/lib/python3.12/site-packages/oslo_service/backend/_threading/loopingcall.py:125}}
Feb 17 20:38:40.255533 np0000156148 neutron-periodic-workers[105233]: DEBUG dbcounter [-] [105233] Writing DB stats neutron:SELECT=1 {{(pid=105233) stat_writer /opt/stack/data/venv/lib/python3.12/site-packages/dbcounter.py:115}}
Feb 17 20:38:48.272815 np0000156148 neutron-periodic-workers[105224]: DEBUG dbcounter [-] [105224] Writing DB stats neutron:SELECT=3 {{(pid=105224) stat_writer /opt/stack/data/venv/lib/python3.12/site-packages/dbcounter.py:115}}
Feb 17 20:39:07.251173 np0000156148 neutron-periodic-workers[105233]: DEBUG neutron.db.agents_db [None req-d1de6a9f-0d99-41d3-add3-5157e7babbbb None None] Agent healthcheck: found 0 active agents {{(pid=105233) agent_health_check /opt/stack/neutron/neutron/db/agents_db.py:317}}
Feb 17 20:39:07.251173 np0000156148 neutron-periodic-workers[105233]: DEBUG oslo.service.backend._threading.loopingcall [None req-d1de6a9f-0d99-41d3-add3-5157e7babbbb None None] Fixed interval looping call 'neutron.plugins.ml2.plugin.AgentDbMixin.agent_health_check' sleeping for 37.00 seconds {{(pid=105233) _run_loop /opt/stack/data/venv/lib/python3.12/site-packages/oslo_service/backend/_threading/loopingcall.py:125}}
Feb 17 20:39:15.276436 np0000156148 neutron-periodic-workers[105224]: DEBUG oslo.service.backend._threading.loopingcall [None req-f3854b63-a113-4753-8adf-7bfcc79115ca None None] Fixed interval looping call 'neutron.plugins.ml2.plugin.DhcpAgentSchedulerDbMixin.remove_networks_from_down_agents' sleeping for 36.99 seconds {{(pid=105224) _run_loop /opt/stack/data/venv/lib/python3.12/site-packages/oslo_service/backend/_threading/loopingcall.py:125}}
Feb 17 20:39:17.250155 np0000156148 neutron-periodic-workers[105233]: DEBUG dbcounter [-] [105233] Writing DB stats neutron:SELECT=1 {{(pid=105233) stat_writer /opt/stack/data/venv/lib/python3.12/site-packages/dbcounter.py:115}}
Feb 17 20:39:25.274833 np0000156148 neutron-periodic-workers[105224]: DEBUG dbcounter [-] [105224] Writing DB stats neutron:SELECT=3 {{(pid=105224) stat_writer /opt/stack/data/venv/lib/python3.12/site-packages/dbcounter.py:115}}
Feb 17 20:39:43.317629 np0000156148 neutron-periodic-workers[105242]: DEBUG oslo.service.backend._threading.loopingcall [None req-7e6de3f8-de77-4dff-8de9-de77c4e3738d None None] Fixed interval looping call 'neutron.db.quota.driver_nolock.DbQuotaNoLockDriver._remove_expired_reservations' sleeping for 120.00 seconds {{(pid=105242) _run_loop /opt/stack/data/venv/lib/python3.12/site-packages/oslo_service/backend/_threading/loopingcall.py:125}}
Feb 17 20:39:44.256225 np0000156148 neutron-periodic-workers[105233]: DEBUG neutron.db.agents_db [None req-d1de6a9f-0d99-41d3-add3-5157e7babbbb None None] Agent healthcheck: found 0 active agents {{(pid=105233) agent_health_check /opt/stack/neutron/neutron/db/agents_db.py:317}}
Feb 17 20:39:44.256225 np0000156148 neutron-periodic-workers[105233]: DEBUG oslo.service.backend._threading.loopingcall [None req-d1de6a9f-0d99-41d3-add3-5157e7babbbb None None] Fixed interval looping call 'neutron.plugins.ml2.plugin.AgentDbMixin.agent_health_check' sleeping for 37.00 seconds {{(pid=105233) _run_loop /opt/stack/data/venv/lib/python3.12/site-packages/oslo_service/backend/_threading/loopingcall.py:125}}
Feb 17 20:39:52.276043 np0000156148 neutron-periodic-workers[105224]: DEBUG oslo.service.backend._threading.loopingcall [None req-f3854b63-a113-4753-8adf-7bfcc79115ca None None] Fixed interval looping call 'neutron.plugins.ml2.plugin.DhcpAgentSchedulerDbMixin.remove_networks_from_down_agents' sleeping for 36.99 seconds {{(pid=105224) _run_loop /opt/stack/data/venv/lib/python3.12/site-packages/oslo_service/backend/_threading/loopingcall.py:125}}
Feb 17 20:39:53.316415 np0000156148 neutron-periodic-workers[105242]: DEBUG dbcounter [-] [105242] Writing DB stats neutron:DELETE=1 {{(pid=105242) stat_writer /opt/stack/data/venv/lib/python3.12/site-packages/dbcounter.py:115}}
Feb 17 20:39:54.254708 np0000156148 neutron-periodic-workers[105233]: DEBUG dbcounter [-] [105233] Writing DB stats neutron:SELECT=1 {{(pid=105233) stat_writer /opt/stack/data/venv/lib/python3.12/site-packages/dbcounter.py:115}}
Feb 17 20:40:02.274749 np0000156148 neutron-periodic-workers[105224]: DEBUG dbcounter [-] [105224] Writing DB stats neutron:SELECT=3 {{(pid=105224) stat_writer /opt/stack/data/venv/lib/python3.12/site-packages/dbcounter.py:115}}
Feb 17 20:40:21.264071 np0000156148 neutron-periodic-workers[105233]: DEBUG neutron.db.agents_db [None req-d1de6a9f-0d99-41d3-add3-5157e7babbbb None None] Agent healthcheck: found 0 active agents {{(pid=105233) agent_health_check /opt/stack/neutron/neutron/db/agents_db.py:317}}
Feb 17 20:40:21.264539 np0000156148 neutron-periodic-workers[105233]: DEBUG oslo.service.backend._threading.loopingcall [None req-d1de6a9f-0d99-41d3-add3-5157e7babbbb None None] Fixed interval looping call 'neutron.plugins.ml2.plugin.AgentDbMixin.agent_health_check' sleeping for 36.99 seconds {{(pid=105233) _run_loop /opt/stack/data/venv/lib/python3.12/site-packages/oslo_service/backend/_threading/loopingcall.py:125}}
Feb 17 20:40:29.276325 np0000156148 neutron-periodic-workers[105224]: DEBUG oslo.service.backend._threading.loopingcall [None req-f3854b63-a113-4753-8adf-7bfcc79115ca None None] Fixed interval looping call 'neutron.plugins.ml2.plugin.DhcpAgentSchedulerDbMixin.remove_networks_from_down_agents' sleeping for 36.99 seconds {{(pid=105224) _run_loop /opt/stack/data/venv/lib/python3.12/site-packages/oslo_service/backend/_threading/loopingcall.py:125}}
Feb 17 20:40:31.261033 np0000156148 neutron-periodic-workers[105233]: DEBUG dbcounter [-] [105233] Writing DB stats neutron:SELECT=1 {{(pid=105233) stat_writer /opt/stack/data/venv/lib/python3.12/site-packages/dbcounter.py:115}}
Feb 17 20:40:39.304523 np0000156148 neutron-periodic-workers[105224]: DEBUG dbcounter [-] [105224] Writing DB stats neutron:SELECT=3 {{(pid=105224) stat_writer /opt/stack/data/venv/lib/python3.12/site-packages/dbcounter.py:115}}
Feb 17 20:40:58.269125 np0000156148 neutron-periodic-workers[105233]: DEBUG neutron.db.agents_db [None req-d1de6a9f-0d99-41d3-add3-5157e7babbbb None None] Agent healthcheck: found 0 active agents {{(pid=105233) agent_health_check /opt/stack/neutron/neutron/db/agents_db.py:317}}
Feb 17 20:40:58.269524 np0000156148 neutron-periodic-workers[105233]: DEBUG oslo.service.backend._threading.loopingcall [None req-d1de6a9f-0d99-41d3-add3-5157e7babbbb None None] Fixed interval looping call 'neutron.plugins.ml2.plugin.AgentDbMixin.agent_health_check' sleeping for 36.99 seconds {{(pid=105233) _run_loop /opt/stack/data/venv/lib/python3.12/site-packages/oslo_service/backend/_threading/loopingcall.py:125}}
Feb 17 20:41:06.286797 np0000156148 neutron-periodic-workers[105224]: DEBUG oslo.service.backend._threading.loopingcall [None req-f3854b63-a113-4753-8adf-7bfcc79115ca None None] Fixed interval looping call 'neutron.plugins.ml2.plugin.DhcpAgentSchedulerDbMixin.remove_networks_from_down_agents' sleeping for 36.98 seconds {{(pid=105224) _run_loop /opt/stack/data/venv/lib/python3.12/site-packages/oslo_service/backend/_threading/loopingcall.py:125}}
Feb 17 20:41:08.267078 np0000156148 neutron-periodic-workers[105233]: DEBUG dbcounter [-] [105233] Writing DB stats neutron:SELECT=1 {{(pid=105233) stat_writer /opt/stack/data/venv/lib/python3.12/site-packages/dbcounter.py:115}}
Feb 17 20:41:16.278128 np0000156148 neutron-periodic-workers[105224]: DEBUG dbcounter [-] [105224] Writing DB stats neutron:SELECT=3 {{(pid=105224) stat_writer /opt/stack/data/venv/lib/python3.12/site-packages/dbcounter.py:115}}
Feb 17 20:41:35.266864 np0000156148 neutron-periodic-workers[105233]: DEBUG neutron.db.agents_db [None req-d1de6a9f-0d99-41d3-add3-5157e7babbbb None None] Agent healthcheck: found 0 active agents {{(pid=105233) agent_health_check /opt/stack/neutron/neutron/db/agents_db.py:317}}
Feb 17 20:41:35.267702 np0000156148 neutron-periodic-workers[105233]: DEBUG oslo.service.backend._threading.loopingcall [None req-d1de6a9f-0d99-41d3-add3-5157e7babbbb None None] Fixed interval looping call 'neutron.plugins.ml2.plugin.AgentDbMixin.agent_health_check' sleeping for 36.99 seconds {{(pid=105233) _run_loop /opt/stack/data/venv/lib/python3.12/site-packages/oslo_service/backend/_threading/loopingcall.py:125}}
Feb 17 20:41:43.278488 np0000156148 neutron-periodic-workers[105224]: DEBUG oslo.service.backend._threading.loopingcall [None req-f3854b63-a113-4753-8adf-7bfcc79115ca None None] Fixed interval looping call 'neutron.plugins.ml2.plugin.DhcpAgentSchedulerDbMixin.remove_networks_from_down_agents' sleeping for 36.99 seconds {{(pid=105224) _run_loop /opt/stack/data/venv/lib/python3.12/site-packages/oslo_service/backend/_threading/loopingcall.py:125}}
Feb 17 20:41:43.323700 np0000156148 neutron-periodic-workers[105242]: DEBUG oslo.service.backend._threading.loopingcall [None req-7e6de3f8-de77-4dff-8de9-de77c4e3738d None None] Fixed interval looping call 'neutron.db.quota.driver_nolock.DbQuotaNoLockDriver._remove_expired_reservations' sleeping for 120.00 seconds {{(pid=105242) _run_loop /opt/stack/data/venv/lib/python3.12/site-packages/oslo_service/backend/_threading/loopingcall.py:125}}
Feb 17 20:41:45.264478 np0000156148 neutron-periodic-workers[105233]: DEBUG dbcounter [-] [105233] Writing DB stats neutron:SELECT=1 {{(pid=105233) stat_writer /opt/stack/data/venv/lib/python3.12/site-packages/dbcounter.py:115}}
Feb 17 20:41:53.276028 np0000156148 neutron-periodic-workers[105224]: DEBUG dbcounter [-] [105224] Writing DB stats neutron:SELECT=3 {{(pid=105224) stat_writer /opt/stack/data/venv/lib/python3.12/site-packages/dbcounter.py:115}}
Feb 17 20:41:53.321458 np0000156148 neutron-periodic-workers[105242]: DEBUG dbcounter [-] [105242] Writing DB stats neutron:DELETE=1 {{(pid=105242) stat_writer /opt/stack/data/venv/lib/python3.12/site-packages/dbcounter.py:115}}
