199.19.213.137 - - [03/Apr/2026:03:04:39 +0000] "POST /identity/v3/auth/tokens HTTP/1.1" 201 7632 "-" "uwsgi keystoneauth1/5.13.1 python-requests/2.32.5 CPython/3.12.3"
199.19.213.137 - - [03/Apr/2026:03:04:39 +0000] "POST /identity/v3/auth/tokens HTTP/1.1" 201 7632 "-" "uwsgi keystoneauth1/5.13.1 python-requests/2.32.5 CPython/3.12.3"
199.19.213.137 - - [03/Apr/2026:03:04:39 +0000] "POST /identity/v3/auth/tokens HTTP/1.1" 201 7632 "-" "uwsgi keystoneauth1/5.13.1 python-requests/2.32.5 CPython/3.12.3"
199.19.213.137 - - [03/Apr/2026:03:04:39 +0000] "GET /container-infra/v1/clusters/k8s-cluster HTTP/1.1" 200 4891 "-" "python-urllib3/2.6.3"
199.19.213.137 - - [03/Apr/2026:03:04:45 +0000] "GET /identity HTTP/1.1" 300 3232 "-" "openstacksdk/4.10.0 keystoneauth1/5.13.1 python-requests/2.32.5 CPython/3.12.3"
199.19.213.137 - - [03/Apr/2026:03:04:45 +0000] "POST /identity/v3/auth/tokens HTTP/1.1" 201 8058 "-" "openstacksdk/4.10.0 keystoneauth1/5.13.1 python-requests/2.32.5 CPython/3.12.3"
199.19.213.137 - - [03/Apr/2026:03:04:45 +0000] "GET /identity/v3/auth/tokens HTTP/1.1" 200 8053 "-" "python-keystoneclient"
199.19.213.137 - - [03/Apr/2026:03:04:46 +0000] "POST /identity/v3/auth/tokens HTTP/1.1" 201 7632 "-" "uwsgi keystoneauth1/5.13.1 python-requests/2.32.5 CPython/3.12.3"
199.19.213.137 - - [03/Apr/2026:03:04:46 +0000] "POST /identity/v3/auth/tokens HTTP/1.1" 201 7632 "-" "uwsgi keystoneauth1/5.13.1 python-requests/2.32.5 CPython/3.12.3"
199.19.213.137 - - [03/Apr/2026:03:04:46 +0000] "POST /identity/v3/auth/tokens HTTP/1.1" 201 7632 "-" "uwsgi keystoneauth1/5.13.1 python-requests/2.32.5 CPython/3.12.3"
199.19.213.137 - - [03/Apr/2026:03:04:45 +0000] "GET /container-infra/v1/clusters/k8s-cluster HTTP/1.1" 200 4891 "-" "python-urllib3/2.6.3"
199.19.213.137 - - [03/Apr/2026:03:04:52 +0000] "GET /identity HTTP/1.1" 300 3232 "-" "openstacksdk/4.10.0 keystoneauth1/5.13.1 python-requests/2.32.5 CPython/3.12.3"
199.19.213.137 - - [03/Apr/2026:03:04:52 +0000] "POST /identity/v3/auth/tokens HTTP/1.1" 201 8058 "-" "openstacksdk/4.10.0 keystoneauth1/5.13.1 python-requests/2.32.5 CPython/3.12.3"
199.19.213.137 - - [03/Apr/2026:03:04:52 +0000] "GET /identity/v3/auth/tokens HTTP/1.1" 200 8053 "-" "python-keystoneclient"
199.19.213.137 - - [03/Apr/2026:03:04:52 +0000] "POST /identity/v3/auth/tokens HTTP/1.1" 201 7632 "-" "uwsgi keystoneauth1/5.13.1 python-requests/2.32.5 CPython/3.12.3"
199.19.213.137 - - [03/Apr/2026:03:04:52 +0000] "POST /identity/v3/auth/tokens HTTP/1.1" 201 7632 "-" "uwsgi keystoneauth1/5.13.1 python-requests/2.32.5 CPython/3.12.3"
199.19.213.137 - - [03/Apr/2026:03:04:52 +0000] "POST /identity/v3/auth/tokens HTTP/1.1" 201 7632 "-" "uwsgi keystoneauth1/5.13.1 python-requests/2.32.5 CPython/3.12.3"
199.19.213.137 - - [03/Apr/2026:03:04:52 +0000] "GET /container-infra/v1/clusters/k8s-cluster HTTP/1.1" 200 4891 "-" "python-urllib3/2.6.3"
199.19.213.137 - - [03/Apr/2026:03:04:59 +0000] "GET /identity HTTP/1.1" 300 3232 "-" "openstacksdk/4.10.0 keystoneauth1/5.13.1 python-requests/2.32.5 CPython/3.12.3"
199.19.213.137 - - [03/Apr/2026:03:04:59 +0000] "POST /identity/v3/auth/tokens HTTP/1.1" 201 8058 "-" "openstacksdk/4.10.0 keystoneauth1/5.13.1 python-requests/2.32.5 CPython/3.12.3"
199.19.213.137 - - [03/Apr/2026:03:04:59 +0000] "GET /identity/v3/auth/tokens HTTP/1.1" 200 8053 "-" "python-keystoneclient"
199.19.213.137 - - [03/Apr/2026:03:04:59 +0000] "POST /identity/v3/auth/tokens HTTP/1.1" 201 7632 "-" "uwsgi keystoneauth1/5.13.1 python-requests/2.32.5 CPython/3.12.3"
199.19.213.137 - - [03/Apr/2026:03:04:59 +0000] "POST /identity/v3/auth/tokens HTTP/1.1" 201 7632 "-" "uwsgi keystoneauth1/5.13.1 python-requests/2.32.5 CPython/3.12.3"
199.19.213.137 - - [03/Apr/2026:03:04:59 +0000] "POST /identity/v3/auth/tokens HTTP/1.1" 201 7632 "-" "uwsgi keystoneauth1/5.13.1 python-requests/2.32.5 CPython/3.12.3"
199.19.213.137 - - [03/Apr/2026:03:04:59 +0000] "GET /container-infra/v1/clusters/k8s-cluster HTTP/1.1" 200 4891 "-" "python-urllib3/2.6.3"
199.19.213.137 - - [03/Apr/2026:03:05:06 +0000] "GET /identity HTTP/1.1" 300 3232 "-" "openstacksdk/4.10.0 keystoneauth1/5.13.1 python-requests/2.32.5 CPython/3.12.3"
199.19.213.137 - - [03/Apr/2026:03:05:06 +0000] "POST /identity/v3/auth/tokens HTTP/1.1" 201 8058 "-" "openstacksdk/4.10.0 keystoneauth1/5.13.1 python-requests/2.32.5 CPython/3.12.3"
199.19.213.137 - - [03/Apr/2026:03:05:06 +0000] "GET /identity/v3/auth/tokens HTTP/1.1" 200 8053 "-" "python-keystoneclient"
199.19.213.137 - - [03/Apr/2026:03:05:06 +0000] "POST /identity/v3/auth/tokens HTTP/1.1" 201 7632 "-" "uwsgi keystoneauth1/5.13.1 python-requests/2.32.5 CPython/3.12.3"
199.19.213.137 - - [03/Apr/2026:03:05:06 +0000] "POST /identity/v3/auth/tokens HTTP/1.1" 201 7632 "-" "uwsgi keystoneauth1/5.13.1 python-requests/2.32.5 CPython/3.12.3"
199.19.213.137 - - [03/Apr/2026:03:05:06 +0000] "POST /identity/v3/auth/tokens HTTP/1.1" 201 7632 "-" "uwsgi keystoneauth1/5.13.1 python-requests/2.32.5 CPython/3.12.3"
199.19.213.137 - - [03/Apr/2026:03:05:06 +0000] "GET /container-infra/v1/clusters/k8s-cluster HTTP/1.1" 200 4891 "-" "python-urllib3/2.6.3"
199.19.213.137 - - [03/Apr/2026:03:05:07 +0000] "GET /identity/v3/auth/tokens HTTP/1.1" 200 8100 "-" "python-keystoneclient"
199.19.213.137 - - [03/Apr/2026:03:05:07 +0000] "GET /placement/resource_providers/a574a0e3-0c88-4fb4-8f6b-51a00eac04b5/allocations HTTP/1.1" 200 3098 "-" "nova-compute keystoneauth1/5.13.1 python-requests/2.32.5 CPython/3.12.3"
199.19.213.137 - - [03/Apr/2026:03:05:07 +0000] "GET /placement/resource_providers?in_tree=a574a0e3-0c88-4fb4-8f6b-51a00eac04b5 HTTP/1.1" 200 3816 "-" "nova-compute keystoneauth1/5.13.1 python-requests/2.32.5 CPython/3.12.3"
199.19.213.137 - - [03/Apr/2026:03:05:07 +0000] "GET /placement/resource_providers/a574a0e3-0c88-4fb4-8f6b-51a00eac04b5/inventories HTTP/1.1" 200 3344 "-" "nova-compute keystoneauth1/5.13.1 python-requests/2.32.5 CPython/3.12.3"
199.19.213.137 - - [03/Apr/2026:03:05:07 +0000] "GET /placement/resource_providers/a574a0e3-0c88-4fb4-8f6b-51a00eac04b5/aggregates HTTP/1.1" 200 3068 "-" "nova-compute keystoneauth1/5.13.1 python-requests/2.32.5 CPython/3.12.3"
199.19.213.137 - - [03/Apr/2026:03:05:07 +0000] "GET /placement/resource_providers/a574a0e3-0c88-4fb4-8f6b-51a00eac04b5/traits HTTP/1.1" 200 5008 "-" "nova-compute keystoneauth1/5.13.1 python-requests/2.32.5 CPython/3.12.3"
199.19.213.137 - - [03/Apr/2026:03:05:07 +0000] "GET /placement/resource_providers/a574a0e3-0c88-4fb4-8f6b-51a00eac04b5/allocations HTTP/1.1" 200 3098 "-" "nova-compute keystoneauth1/5.13.1 python-requests/2.32.5 CPython/3.12.3"
199.19.213.137 - - [03/Apr/2026:03:05:08 +0000] "GET /placement/allocations/e3168e3e-19d4-40e5-941f-24a2ff4fde76 HTTP/1.1" 200 3275 "-" "nova-compute keystoneauth1/5.13.1 python-requests/2.32.5 CPython/3.12.3"
199.19.213.137 - - [03/Apr/2026:03:05:13 +0000] "GET /identity HTTP/1.1" 300 3232 "-" "openstacksdk/4.10.0 keystoneauth1/5.13.1 python-requests/2.32.5 CPython/3.12.3"
199.19.213.137 - - [03/Apr/2026:03:05:13 +0000] "POST /identity/v3/auth/tokens HTTP/1.1" 201 8058 "-" "openstacksdk/4.10.0 keystoneauth1/5.13.1 python-requests/2.32.5 CPython/3.12.3"
199.19.213.137 - - [03/Apr/2026:03:05:13 +0000] "GET /identity/v3/auth/tokens HTTP/1.1" 200 8053 "-" "python-keystoneclient"
199.19.213.137 - - [03/Apr/2026:03:05:13 +0000] "POST /identity/v3/auth/tokens HTTP/1.1" 201 7632 "-" "uwsgi keystoneauth1/5.13.1 python-requests/2.32.5 CPython/3.12.3"
199.19.213.137 - - [03/Apr/2026:03:05:13 +0000] "POST /identity/v3/auth/tokens HTTP/1.1" 201 7632 "-" "uwsgi keystoneauth1/5.13.1 python-requests/2.32.5 CPython/3.12.3"
199.19.213.137 - - [03/Apr/2026:03:05:13 +0000] "POST /identity/v3/auth/tokens HTTP/1.1" 201 7632 "-" "uwsgi keystoneauth1/5.13.1 python-requests/2.32.5 CPython/3.12.3"
199.19.213.137 - - [03/Apr/2026:03:05:13 +0000] "GET /container-infra/v1/clusters/k8s-cluster HTTP/1.1" 200 4891 "-" "python-urllib3/2.6.3"
199.19.213.137 - - [03/Apr/2026:03:05:19 +0000] "GET /identity HTTP/1.1" 300 3232 "-" "openstacksdk/4.10.0 keystoneauth1/5.13.1 python-requests/2.32.5 CPython/3.12.3"
199.19.213.137 - - [03/Apr/2026:03:05:19 +0000] "POST /identity/v3/auth/tokens HTTP/1.1" 201 8058 "-" "openstacksdk/4.10.0 keystoneauth1/5.13.1 python-requests/2.32.5 CPython/3.12.3"
199.19.213.137 - - [03/Apr/2026:03:05:20 +0000] "GET /identity/v3/auth/tokens HTTP/1.1" 200 8053 "-" "python-keystoneclient"
199.19.213.137 - - [03/Apr/2026:03:05:20 +0000] "POST /identity/v3/auth/tokens HTTP/1.1" 201 7632 "-" "uwsgi keystoneauth1/5.13.1 python-requests/2.32.5 CPython/3.12.3"
199.19.213.137 - - [03/Apr/2026:03:05:20 +0000] "POST /identity/v3/auth/tokens HTTP/1.1" 201 7632 "-" "uwsgi keystoneauth1/5.13.1 python-requests/2.32.5 CPython/3.12.3"
199.19.213.137 - - [03/Apr/2026:03:05:20 +0000] "POST /identity/v3/auth/tokens HTTP/1.1" 201 7632 "-" "uwsgi keystoneauth1/5.13.1 python-requests/2.32.5 CPython/3.12.3"
199.19.213.137 - - [03/Apr/2026:03:05:20 +0000] "GET /container-infra/v1/clusters/k8s-cluster HTTP/1.1" 200 4891 "-" "python-urllib3/2.6.3"
199.19.213.137 - - [03/Apr/2026:03:05:26 +0000] "GET /identity HTTP/1.1" 300 3232 "-" "openstacksdk/4.10.0 keystoneauth1/5.13.1 python-requests/2.32.5 CPython/3.12.3"
199.19.213.137 - - [03/Apr/2026:03:05:26 +0000] "POST /identity/v3/auth/tokens HTTP/1.1" 201 8058 "-" "openstacksdk/4.10.0 keystoneauth1/5.13.1 python-requests/2.32.5 CPython/3.12.3"
199.19.213.137 - - [03/Apr/2026:03:05:27 +0000] "GET /identity/v3/auth/tokens HTTP/1.1" 200 8053 "-" "python-keystoneclient"
199.19.213.137 - - [03/Apr/2026:03:05:27 +0000] "POST /identity/v3/auth/tokens HTTP/1.1" 201 7632 "-" "uwsgi keystoneauth1/5.13.1 python-requests/2.32.5 CPython/3.12.3"
199.19.213.137 - - [03/Apr/2026:03:05:27 +0000] "POST /identity/v3/auth/tokens HTTP/1.1" 201 7632 "-" "uwsgi keystoneauth1/5.13.1 python-requests/2.32.5 CPython/3.12.3"
199.19.213.137 - - [03/Apr/2026:03:05:27 +0000] "POST /identity/v3/auth/tokens HTTP/1.1" 201 7632 "-" "uwsgi keystoneauth1/5.13.1 python-requests/2.32.5 CPython/3.12.3"
199.19.213.137 - - [03/Apr/2026:03:05:27 +0000] "GET /container-infra/v1/clusters/k8s-cluster HTTP/1.1" 200 4891 "-" "python-urllib3/2.6.3"
199.19.213.137 - - [03/Apr/2026:03:05:33 +0000] "GET /identity HTTP/1.1" 300 3232 "-" "openstacksdk/4.10.0 keystoneauth1/5.13.1 python-requests/2.32.5 CPython/3.12.3"
199.19.213.137 - - [03/Apr/2026:03:05:33 +0000] "POST /identity/v3/auth/tokens HTTP/1.1" 201 8058 "-" "openstacksdk/4.10.0 keystoneauth1/5.13.1 python-requests/2.32.5 CPython/3.12.3"
199.19.213.137 - - [03/Apr/2026:03:05:33 +0000] "GET /identity/v3/auth/tokens HTTP/1.1" 200 8053 "-" "python-keystoneclient"
199.19.213.137 - - [03/Apr/2026:03:05:33 +0000] "POST /identity/v3/auth/tokens HTTP/1.1" 201 7632 "-" "uwsgi keystoneauth1/5.13.1 python-requests/2.32.5 CPython/3.12.3"
199.19.213.137 - - [03/Apr/2026:03:05:34 +0000] "POST /identity/v3/auth/tokens HTTP/1.1" 201 7632 "-" "uwsgi keystoneauth1/5.13.1 python-requests/2.32.5 CPython/3.12.3"
199.19.213.137 - - [03/Apr/2026:03:05:34 +0000] "POST /identity/v3/auth/tokens HTTP/1.1" 201 7632 "-" "uwsgi keystoneauth1/5.13.1 python-requests/2.32.5 CPython/3.12.3"
199.19.213.137 - - [03/Apr/2026:03:05:33 +0000] "GET /container-infra/v1/clusters/k8s-cluster HTTP/1.1" 200 4891 "-" "python-urllib3/2.6.3"
199.19.213.137 - - [03/Apr/2026:03:05:40 +0000] "GET /identity HTTP/1.1" 300 3232 "-" "openstacksdk/4.10.0 keystoneauth1/5.13.1 python-requests/2.32.5 CPython/3.12.3"
199.19.213.137 - - [03/Apr/2026:03:05:40 +0000] "POST /identity/v3/auth/tokens HTTP/1.1" 201 8058 "-" "openstacksdk/4.10.0 keystoneauth1/5.13.1 python-requests/2.32.5 CPython/3.12.3"
199.19.213.137 - - [03/Apr/2026:03:05:40 +0000] "GET /identity/v3/auth/tokens HTTP/1.1" 200 8053 "-" "python-keystoneclient"
199.19.213.137 - - [03/Apr/2026:03:05:40 +0000] "POST /identity/v3/auth/tokens HTTP/1.1" 201 7632 "-" "uwsgi keystoneauth1/5.13.1 python-requests/2.32.5 CPython/3.12.3"
199.19.213.137 - - [03/Apr/2026:03:05:40 +0000] "POST /identity/v3/auth/tokens HTTP/1.1" 201 7632 "-" "uwsgi keystoneauth1/5.13.1 python-requests/2.32.5 CPython/3.12.3"
199.19.213.137 - - [03/Apr/2026:03:05:40 +0000] "POST /identity/v3/auth/tokens HTTP/1.1" 201 7632 "-" "uwsgi keystoneauth1/5.13.1 python-requests/2.32.5 CPython/3.12.3"
199.19.213.137 - - [03/Apr/2026:03:05:40 +0000] "GET /container-infra/v1/clusters/k8s-cluster HTTP/1.1" 200 4891 "-" "python-urllib3/2.6.3"
199.19.213.137 - - [03/Apr/2026:03:05:47 +0000] "GET /identity HTTP/1.1" 300 3232 "-" "openstacksdk/4.10.0 keystoneauth1/5.13.1 python-requests/2.32.5 CPython/3.12.3"
199.19.213.137 - - [03/Apr/2026:03:05:47 +0000] "POST /identity/v3/auth/tokens HTTP/1.1" 201 8058 "-" "openstacksdk/4.10.0 keystoneauth1/5.13.1 python-requests/2.32.5 CPython/3.12.3"
199.19.213.137 - - [03/Apr/2026:03:05:47 +0000] "GET /identity/v3/auth/tokens HTTP/1.1" 200 8053 "-" "python-keystoneclient"
199.19.213.137 - - [03/Apr/2026:03:05:47 +0000] "POST /identity/v3/auth/tokens HTTP/1.1" 201 7632 "-" "uwsgi keystoneauth1/5.13.1 python-requests/2.32.5 CPython/3.12.3"
199.19.213.137 - - [03/Apr/2026:03:05:47 +0000] "POST /identity/v3/auth/tokens HTTP/1.1" 201 7632 "-" "uwsgi keystoneauth1/5.13.1 python-requests/2.32.5 CPython/3.12.3"
199.19.213.137 - - [03/Apr/2026:03:05:47 +0000] "POST /identity/v3/auth/tokens HTTP/1.1" 201 7632 "-" "uwsgi keystoneauth1/5.13.1 python-requests/2.32.5 CPython/3.12.3"
199.19.213.137 - - [03/Apr/2026:03:05:47 +0000] "GET /container-infra/v1/clusters/k8s-cluster HTTP/1.1" 200 4891 "-" "python-urllib3/2.6.3"
199.19.213.137 - - [03/Apr/2026:03:05:54 +0000] "GET /identity HTTP/1.1" 300 3232 "-" "openstacksdk/4.10.0 keystoneauth1/5.13.1 python-requests/2.32.5 CPython/3.12.3"
199.19.213.137 - - [03/Apr/2026:03:05:54 +0000] "POST /identity/v3/auth/tokens HTTP/1.1" 201 8058 "-" "openstacksdk/4.10.0 keystoneauth1/5.13.1 python-requests/2.32.5 CPython/3.12.3"
199.19.213.137 - - [03/Apr/2026:03:05:54 +0000] "GET /identity/v3/auth/tokens HTTP/1.1" 200 8053 "-" "python-keystoneclient"
199.19.213.137 - - [03/Apr/2026:03:05:54 +0000] "POST /identity/v3/auth/tokens HTTP/1.1" 201 7632 "-" "uwsgi keystoneauth1/5.13.1 python-requests/2.32.5 CPython/3.12.3"
199.19.213.137 - - [03/Apr/2026:03:05:54 +0000] "POST /identity/v3/auth/tokens HTTP/1.1" 201 7632 "-" "uwsgi keystoneauth1/5.13.1 python-requests/2.32.5 CPython/3.12.3"
199.19.213.137 - - [03/Apr/2026:03:05:54 +0000] "POST /identity/v3/auth/tokens HTTP/1.1" 201 7632 "-" "uwsgi keystoneauth1/5.13.1 python-requests/2.32.5 CPython/3.12.3"
199.19.213.137 - - [03/Apr/2026:03:05:54 +0000] "GET /container-infra/v1/clusters/k8s-cluster HTTP/1.1" 200 4891 "-" "python-urllib3/2.6.3"
199.19.213.137 - - [03/Apr/2026:03:06:01 +0000] "GET /identity HTTP/1.1" 300 3232 "-" "openstacksdk/4.10.0 keystoneauth1/5.13.1 python-requests/2.32.5 CPython/3.12.3"
199.19.213.137 - - [03/Apr/2026:03:06:01 +0000] "POST /identity/v3/auth/tokens HTTP/1.1" 201 8058 "-" "openstacksdk/4.10.0 keystoneauth1/5.13.1 python-requests/2.32.5 CPython/3.12.3"
199.19.213.137 - - [03/Apr/2026:03:06:01 +0000] "GET /identity/v3/auth/tokens HTTP/1.1" 200 8053 "-" "python-keystoneclient"
199.19.213.137 - - [03/Apr/2026:03:06:01 +0000] "POST /identity/v3/auth/tokens HTTP/1.1" 201 7632 "-" "uwsgi keystoneauth1/5.13.1 python-requests/2.32.5 CPython/3.12.3"
199.19.213.137 - - [03/Apr/2026:03:06:01 +0000] "POST /identity/v3/auth/tokens HTTP/1.1" 201 7632 "-" "uwsgi keystoneauth1/5.13.1 python-requests/2.32.5 CPython/3.12.3"
199.19.213.137 - - [03/Apr/2026:03:06:01 +0000] "POST /identity/v3/auth/tokens HTTP/1.1" 201 7632 "-" "uwsgi keystoneauth1/5.13.1 python-requests/2.32.5 CPython/3.12.3"
199.19.213.137 - - [03/Apr/2026:03:06:01 +0000] "GET /container-infra/v1/clusters/k8s-cluster HTTP/1.1" 200 4891 "-" "python-urllib3/2.6.3"
199.19.213.137 - - [03/Apr/2026:03:06:07 +0000] "GET /placement/resource_providers/a574a0e3-0c88-4fb4-8f6b-51a00eac04b5/allocations HTTP/1.1" 200 3098 "-" "nova-compute keystoneauth1/5.13.1 python-requests/2.32.5 CPython/3.12.3"
199.19.213.137 - - [03/Apr/2026:03:06:07 +0000] "GET /placement/resource_providers/a574a0e3-0c88-4fb4-8f6b-51a00eac04b5/allocations HTTP/1.1" 200 3098 "-" "nova-compute keystoneauth1/5.13.1 python-requests/2.32.5 CPython/3.12.3"
199.19.213.137 - - [03/Apr/2026:03:06:07 +0000] "GET /placement/allocations/e3168e3e-19d4-40e5-941f-24a2ff4fde76 HTTP/1.1" 200 3275 "-" "nova-compute keystoneauth1/5.13.1 python-requests/2.32.5 CPython/3.12.3"
199.19.213.137 - - [03/Apr/2026:03:06:08 +0000] "GET /identity HTTP/1.1" 300 3232 "-" "openstacksdk/4.10.0 keystoneauth1/5.13.1 python-requests/2.32.5 CPython/3.12.3"
199.19.213.137 - - [03/Apr/2026:03:06:08 +0000] "POST /identity/v3/auth/tokens HTTP/1.1" 201 8058 "-" "openstacksdk/4.10.0 keystoneauth1/5.13.1 python-requests/2.32.5 CPython/3.12.3"
199.19.213.137 - - [03/Apr/2026:03:06:08 +0000] "GET /identity/v3/auth/tokens HTTP/1.1" 200 8053 "-" "python-keystoneclient"
199.19.213.137 - - [03/Apr/2026:03:06:08 +0000] "POST /identity/v3/auth/tokens HTTP/1.1" 201 7632 "-" "uwsgi keystoneauth1/5.13.1 python-requests/2.32.5 CPython/3.12.3"
199.19.213.137 - - [03/Apr/2026:03:06:08 +0000] "POST /identity/v3/auth/tokens HTTP/1.1" 201 7632 "-" "uwsgi keystoneauth1/5.13.1 python-requests/2.32.5 CPython/3.12.3"
199.19.213.137 - - [03/Apr/2026:03:06:08 +0000] "POST /identity/v3/auth/tokens HTTP/1.1" 201 7632 "-" "uwsgi keystoneauth1/5.13.1 python-requests/2.32.5 CPython/3.12.3"
199.19.213.137 - - [03/Apr/2026:03:06:08 +0000] "GET /container-infra/v1/clusters/k8s-cluster HTTP/1.1" 200 4891 "-" "python-urllib3/2.6.3"
172.18.0.2 - - [03/Apr/2026:03:06:14 +0000] "GET /compute/v2.1/ HTTP/1.1" 200 3432 "-" "cluster-api-provider-openstack/v0.12.4 gophercloud/v2.7.0"
199.19.213.137 - - [03/Apr/2026:03:06:14 +0000] "GET /networking/v2.0/ports?device_id=e3168e3e-19d4-40e5-941f-24a2ff4fde76 HTTP/1.1" 200 3710 "-" "python-neutronclient"
199.19.213.137 - - [03/Apr/2026:03:06:14 +0000] "GET /networking/v2.0/security-groups?id=f674cc4b-3e6a-4d04-90e6-a01050fa2690&fields=id&fields=name HTTP/1.1" 200 3016 "-" "python-neutronclient"
172.18.0.2 - - [03/Apr/2026:03:06:14 +0000] "GET /compute/v2.1/servers/e3168e3e-19d4-40e5-941f-24a2ff4fde76 HTTP/1.1" 200 4630 "-" "cluster-api-provider-openstack/v0.12.4 gophercloud/v2.7.0"
172.18.0.2 - - [03/Apr/2026:03:06:15 +0000] "GET /compute/v2.1/ HTTP/1.1" 200 3432 "-" "cluster-api-provider-openstack/v0.12.4 gophercloud/v2.7.0"
199.19.213.137 - - [03/Apr/2026:03:06:15 +0000] "GET /networking/v2.0/ports?device_id=e3168e3e-19d4-40e5-941f-24a2ff4fde76 HTTP/1.1" 200 3710 "-" "python-neutronclient"
199.19.213.137 - - [03/Apr/2026:03:06:15 +0000] "GET /identity HTTP/1.1" 300 3232 "-" "openstacksdk/4.10.0 keystoneauth1/5.13.1 python-requests/2.32.5 CPython/3.12.3"
199.19.213.137 - - [03/Apr/2026:03:06:15 +0000] "GET /networking/v2.0/security-groups?id=f674cc4b-3e6a-4d04-90e6-a01050fa2690&fields=id&fields=name HTTP/1.1" 200 3016 "-" "python-neutronclient"
199.19.213.137 - - [03/Apr/2026:03:06:15 +0000] "POST /identity/v3/auth/tokens HTTP/1.1" 201 8058 "-" "openstacksdk/4.10.0 keystoneauth1/5.13.1 python-requests/2.32.5 CPython/3.12.3"
172.18.0.2 - - [03/Apr/2026:03:06:15 +0000] "GET /compute/v2.1/servers/e3168e3e-19d4-40e5-941f-24a2ff4fde76 HTTP/1.1" 200 4630 "-" "cluster-api-provider-openstack/v0.12.4 gophercloud/v2.7.0"
199.19.213.137 - - [03/Apr/2026:03:06:15 +0000] "GET /identity/v3/auth/tokens HTTP/1.1" 200 8053 "-" "python-keystoneclient"
199.19.213.137 - - [03/Apr/2026:03:06:15 +0000] "POST /identity/v3/auth/tokens HTTP/1.1" 201 7632 "-" "uwsgi keystoneauth1/5.13.1 python-requests/2.32.5 CPython/3.12.3"
199.19.213.137 - - [03/Apr/2026:03:06:15 +0000] "POST /identity/v3/auth/tokens HTTP/1.1" 201 7632 "-" "uwsgi keystoneauth1/5.13.1 python-requests/2.32.5 CPython/3.12.3"
199.19.213.137 - - [03/Apr/2026:03:06:15 +0000] "POST /identity/v3/auth/tokens HTTP/1.1" 201 7632 "-" "uwsgi keystoneauth1/5.13.1 python-requests/2.32.5 CPython/3.12.3"
199.19.213.137 - - [03/Apr/2026:03:06:15 +0000] "GET /container-infra/v1/clusters/k8s-cluster HTTP/1.1" 200 4891 "-" "python-urllib3/2.6.3"
172.18.0.2 - - [03/Apr/2026:03:06:16 +0000] "GET /compute/v2.1/ HTTP/1.1" 200 3432 "-" "cluster-api-provider-openstack/v0.12.4 gophercloud/v2.7.0"
199.19.213.137 - - [03/Apr/2026:03:06:16 +0000] "GET /networking/v2.0/ports?device_id=e3168e3e-19d4-40e5-941f-24a2ff4fde76 HTTP/1.1" 200 3710 "-" "python-neutronclient"
199.19.213.137 - - [03/Apr/2026:03:06:16 +0000] "GET /networking/v2.0/security-groups?id=f674cc4b-3e6a-4d04-90e6-a01050fa2690&fields=id&fields=name HTTP/1.1" 200 3016 "-" "python-neutronclient"
172.18.0.2 - - [03/Apr/2026:03:06:16 +0000] "GET /compute/v2.1/servers/e3168e3e-19d4-40e5-941f-24a2ff4fde76 HTTP/1.1" 200 4630 "-" "cluster-api-provider-openstack/v0.12.4 gophercloud/v2.7.0"
172.18.0.2 - - [03/Apr/2026:03:06:16 +0000] "GET /compute/v2.1/ HTTP/1.1" 200 3432 "-" "cluster-api-provider-openstack/v0.12.4 gophercloud/v2.7.0"
172.18.0.2 - - [03/Apr/2026:03:06:16 +0000] "GET /compute/v2.1/ HTTP/1.1" 200 3432 "-" "cluster-api-provider-openstack/v0.12.4 gophercloud/v2.7.0"
172.18.0.2 - - [03/Apr/2026:03:06:16 +0000] "GET /compute/v2.1/flavors/detail HTTP/1.1" 200 7064 "-" "cluster-api-provider-openstack/v0.12.4 gophercloud/v2.7.0"
172.18.0.2 - - [03/Apr/2026:03:06:16 +0000] "GET /compute/v2.1/flavors/detail HTTP/1.1" 200 7064 "-" "cluster-api-provider-openstack/v0.12.4 gophercloud/v2.7.0"
172.18.0.2 - - [03/Apr/2026:03:06:16 +0000] "GET /compute/v2.1/ HTTP/1.1" 200 3432 "-" "cluster-api-provider-openstack/v0.12.4 gophercloud/v2.7.0"
172.18.0.2 - - [03/Apr/2026:03:06:16 +0000] "GET /compute/v2.1/flavors/detail HTTP/1.1" 200 7064 "-" "cluster-api-provider-openstack/v0.12.4 gophercloud/v2.7.0"
172.18.0.2 - - [03/Apr/2026:03:06:16 +0000] "GET /networking/v2.0/ports?name=kube-3q0g0-default-worker-mptb7-64b75-85ffg-0&network_id=500fc2d7-9128-4914-8cc8-1121225acbd4 HTTP/1.1" 200 2857 "-" "cluster-api-provider-openstack/v0.12.4 gophercloud/v2.7.0"
172.18.0.2 - - [03/Apr/2026:03:06:16 +0000] "GET /networking/v2.0/ports?name=kube-3q0g0-default-worker-mptb7-64b75-85ffg-0&network_id=500fc2d7-9128-4914-8cc8-1121225acbd4 HTTP/1.1" 200 2857 "-" "cluster-api-provider-openstack/v0.12.4 gophercloud/v2.7.0"
172.18.0.2 - - [03/Apr/2026:03:06:16 +0000] "GET /networking/v2.0/ports?name=kube-3q0g0-default-worker-mptb7-64b75-n6x6k-0&network_id=500fc2d7-9128-4914-8cc8-1121225acbd4 HTTP/1.1" 200 2857 "-" "cluster-api-provider-openstack/v0.12.4 gophercloud/v2.7.0"
172.18.0.2 - - [03/Apr/2026:03:06:16 +0000] "GET /networking/v2.0/ports?name=kube-3q0g0-default-worker-mptb7-64b75-n6x6k-0&network_id=500fc2d7-9128-4914-8cc8-1121225acbd4 HTTP/1.1" 200 2857 "-" "cluster-api-provider-openstack/v0.12.4 gophercloud/v2.7.0"
172.18.0.2 - - [03/Apr/2026:03:06:16 +0000] "POST /networking/v2.0/ports HTTP/1.1" 201 3653 "-" "cluster-api-provider-openstack/v0.12.4 gophercloud/v2.7.0"
172.18.0.2 - - [03/Apr/2026:03:06:17 +0000] "GET /compute/v2.1/ HTTP/1.1" 200 3432 "-" "cluster-api-provider-openstack/v0.12.4 gophercloud/v2.7.0"
172.18.0.2 - - [03/Apr/2026:03:06:16 +0000] "POST /networking/v2.0/ports HTTP/1.1" 201 3653 "-" "cluster-api-provider-openstack/v0.12.4 gophercloud/v2.7.0"
172.18.0.2 - - [03/Apr/2026:03:06:17 +0000] "GET /compute/v2.1/ HTTP/1.1" 200 3432 "-" "cluster-api-provider-openstack/v0.12.4 gophercloud/v2.7.0"
172.18.0.2 - - [03/Apr/2026:03:06:17 +0000] "GET /compute/v2.1/servers/detail?name=%5Ekube-3q0g0-default-worker-mptb7-64b75-85ffg%24 HTTP/1.1" 200 3055 "-" "cluster-api-provider-openstack/v0.12.4 gophercloud/v2.7.0"
172.18.0.2 - - [03/Apr/2026:03:06:17 +0000] "GET /compute/v2.1/ HTTP/1.1" 200 3432 "-" "cluster-api-provider-openstack/v0.12.4 gophercloud/v2.7.0"
172.18.0.2 - - [03/Apr/2026:03:06:17 +0000] "GET /compute/v2.1/servers/detail?name=%5Ekube-3q0g0-default-worker-mptb7-64b75-n6x6k%24 HTTP/1.1" 200 3055 "-" "cluster-api-provider-openstack/v0.12.4 gophercloud/v2.7.0"
199.19.213.137 - - [03/Apr/2026:03:06:17 +0000] "GET /image HTTP/1.1" 300 4285 "-" "uwsgi keystoneauth1/5.13.1 python-requests/2.32.5 CPython/3.12.3"
172.18.0.2 - - [03/Apr/2026:03:06:17 +0000] "GET /compute/v2.1/ HTTP/1.1" 200 3432 "-" "cluster-api-provider-openstack/v0.12.4 gophercloud/v2.7.0"
199.19.213.137 - - [03/Apr/2026:03:06:17 +0000] "GET /image/v2/images/a0d47397-8c71-4abb-bf9f-8a7b38d73516 HTTP/1.1" 200 3870 "-" "python-glanceclient"
199.19.213.137 - - [03/Apr/2026:03:06:17 +0000] "GET /image HTTP/1.1" 300 4285 "-" "uwsgi keystoneauth1/5.13.1 python-requests/2.32.5 CPython/3.12.3"
199.19.213.137 - - [03/Apr/2026:03:06:17 +0000] "GET /image/v2/schemas/image HTTP/1.1" 200 8961 "-" "python-glanceclient"
199.19.213.137 - - [03/Apr/2026:03:06:17 +0000] "GET /image/v2/images/a0d47397-8c71-4abb-bf9f-8a7b38d73516 HTTP/1.1" 200 3870 "-" "python-glanceclient"
199.19.213.137 - - [03/Apr/2026:03:06:17 +0000] "GET /image/v2/schemas/image HTTP/1.1" 200 8961 "-" "python-glanceclient"
199.19.213.137 - - [03/Apr/2026:03:06:17 +0000] "GET /networking/v2.0/ports/04a6d13d-68ef-46bc-882a-d9aa61a1cdd3 HTTP/1.1" 200 3679 "-" "python-neutronclient"
199.19.213.137 - - [03/Apr/2026:03:06:17 +0000] "POST /identity/v3/auth/tokens HTTP/1.1" 201 8105 "-" "uwsgi keystoneauth1/5.13.1 python-requests/2.32.5 CPython/3.12.3"
199.19.213.137 - - [03/Apr/2026:03:06:17 +0000] "GET /networking/v2.0/ports/14e79211-f4d1-4366-a0f5-70c1f9eaf37c HTTP/1.1" 200 3679 "-" "python-neutronclient"
199.19.213.137 - - [03/Apr/2026:03:06:17 +0000] "GET /identity/v3/auth/tokens?allow_expired=1 HTTP/1.1" 200 8100 "-" "python-keystoneclient"
199.19.213.137 - - [03/Apr/2026:03:06:17 +0000] "GET /networking/v2.0/extensions HTTP/1.1" 200 18131 "-" "python-neutronclient"
199.19.213.137 - - [03/Apr/2026:03:06:17 +0000] "POST /identity/v3/auth/tokens HTTP/1.1" 201 8105 "-" "uwsgi keystoneauth1/5.13.1 python-requests/2.32.5 CPython/3.12.3"
199.19.213.137 - - [03/Apr/2026:03:06:17 +0000] "GET /networking/v2.0/ports/04a6d13d-68ef-46bc-882a-d9aa61a1cdd3?fields=binding%3Avnic_type&fields=binding%3Aprofile&fields=network_id&fields=resource_request&fields=numa_affinity_policy&fields=device_profile HTTP/1.1" 200 2989 "-" "python-neutronclient"
199.19.213.137 - - [03/Apr/2026:03:06:17 +0000] "GET /identity/v3/auth/tokens?allow_expired=1 HTTP/1.1" 200 8100 "-" "python-keystoneclient"
199.19.213.137 - - [03/Apr/2026:03:06:17 +0000] "GET /networking/v2.0/networks/500fc2d7-9128-4914-8cc8-1121225acbd4?fields=segments HTTP/1.1" 200 2890 "-" "python-neutronclient"
199.19.213.137 - - [03/Apr/2026:03:06:17 +0000] "GET /networking/v2.0/extensions HTTP/1.1" 200 18131 "-" "python-neutronclient"
199.19.213.137 - - [03/Apr/2026:03:06:17 +0000] "GET /networking/v2.0/ports/14e79211-f4d1-4366-a0f5-70c1f9eaf37c?fields=binding%3Avnic_type&fields=binding%3Aprofile&fields=network_id&fields=resource_request&fields=numa_affinity_policy&fields=device_profile HTTP/1.1" 200 2989 "-" "python-neutronclient"
199.19.213.137 - - [03/Apr/2026:03:06:17 +0000] "GET /networking/v2.0/networks/500fc2d7-9128-4914-8cc8-1121225acbd4?fields=provider%3Aphysical_network&fields=provider%3Anetwork_type HTTP/1.1" 200 2955 "-" "python-neutronclient"
199.19.213.137 - - [03/Apr/2026:03:06:18 +0000] "GET /networking/v2.0/networks/500fc2d7-9128-4914-8cc8-1121225acbd4?fields=segments HTTP/1.1" 200 2890 "-" "python-neutronclient"
199.19.213.137 - - [03/Apr/2026:03:06:18 +0000] "GET /networking/v2.0/ports/04a6d13d-68ef-46bc-882a-d9aa61a1cdd3 HTTP/1.1" 200 3679 "-" "python-neutronclient"
199.19.213.137 - - [03/Apr/2026:03:06:18 +0000] "GET /networking/v2.0/networks/500fc2d7-9128-4914-8cc8-1121225acbd4?fields=provider%3Aphysical_network&fields=provider%3Anetwork_type HTTP/1.1" 200 2955 "-" "python-neutronclient"
199.19.213.137 - - [03/Apr/2026:03:06:18 +0000] "GET /networking/v2.0/ports/14e79211-f4d1-4366-a0f5-70c1f9eaf37c HTTP/1.1" 200 3679 "-" "python-neutronclient"
172.18.0.2 - - [03/Apr/2026:03:06:17 +0000] "POST /compute/v2.1/servers HTTP/1.1" 202 3527 "-" "cluster-api-provider-openstack/v0.12.4 gophercloud/v2.7.0"
172.18.0.2 - - [03/Apr/2026:03:06:18 +0000] "GET /networking/v2.0/ports?id=04a6d13d-68ef-46bc-882a-d9aa61a1cdd3&name=kube-3q0g0-default-worker-mptb7-64b75-85ffg-0&network_id=500fc2d7-9128-4914-8cc8-1121225acbd4 HTTP/1.1" 200 3651 "-" "cluster-api-provider-openstack/v0.12.4 gophercloud/v2.7.0"
172.18.0.2 - - [03/Apr/2026:03:06:18 +0000] "GET /compute/v2.1/ HTTP/1.1" 200 3432 "-" "cluster-api-provider-openstack/v0.12.4 gophercloud/v2.7.0"
199.19.213.137 - - [03/Apr/2026:03:06:18 +0000] "GET /identity HTTP/1.1" 300 3232 "-" "nova-scheduler keystoneauth1/5.13.1 python-requests/2.32.5 CPython/3.12.3"
199.19.213.137 - - [03/Apr/2026:03:06:18 +0000] "GET /networking/v2.0/ports?device_id=a16cb322-8295-42dd-b3d8-81867704c4f7 HTTP/1.1" 200 2888 "-" "python-neutronclient"
172.18.0.2 - - [03/Apr/2026:03:06:18 +0000] "GET /compute/v2.1/servers/a16cb322-8295-42dd-b3d8-81867704c4f7 HTTP/1.1" 200 4315 "-" "cluster-api-provider-openstack/v0.12.4 gophercloud/v2.7.0"
172.18.0.2 - - [03/Apr/2026:03:06:17 +0000] "POST /compute/v2.1/servers HTTP/1.1" 202 3527 "-" "cluster-api-provider-openstack/v0.12.4 gophercloud/v2.7.0"
199.19.213.137 - - [03/Apr/2026:03:06:18 +0000] "POST /identity/v3/auth/tokens HTTP/1.1" 201 8105 "-" "nova-scheduler keystoneauth1/5.13.1 python-requests/2.32.5 CPython/3.12.3"
172.18.0.2 - - [03/Apr/2026:03:06:18 +0000] "GET /networking/v2.0/ports?id=04a6d13d-68ef-46bc-882a-d9aa61a1cdd3&name=kube-3q0g0-default-worker-mptb7-64b75-85ffg-0&network_id=500fc2d7-9128-4914-8cc8-1121225acbd4 HTTP/1.1" 200 3651 "-" "cluster-api-provider-openstack/v0.12.4 gophercloud/v2.7.0"
172.18.0.2 - - [03/Apr/2026:03:06:18 +0000] "GET /networking/v2.0/ports?id=14e79211-f4d1-4366-a0f5-70c1f9eaf37c&name=kube-3q0g0-default-worker-mptb7-64b75-n6x6k-0&network_id=500fc2d7-9128-4914-8cc8-1121225acbd4 HTTP/1.1" 200 3651 "-" "cluster-api-provider-openstack/v0.12.4 gophercloud/v2.7.0"
172.18.0.2 - - [03/Apr/2026:03:06:18 +0000] "GET /compute/v2.1/ HTTP/1.1" 200 3432 "-" "cluster-api-provider-openstack/v0.12.4 gophercloud/v2.7.0"
172.18.0.2 - - [03/Apr/2026:03:06:18 +0000] "GET /compute/v2.1/ HTTP/1.1" 200 3432 "-" "cluster-api-provider-openstack/v0.12.4 gophercloud/v2.7.0"
199.19.213.137 - - [03/Apr/2026:03:06:18 +0000] "GET /identity/v3/auth/tokens HTTP/1.1" 200 8100 "-" "python-keystoneclient"
199.19.213.137 - - [03/Apr/2026:03:06:18 +0000] "GET /networking/v2.0/ports?device_id=a16cb322-8295-42dd-b3d8-81867704c4f7 HTTP/1.1" 200 2888 "-" "python-neutronclient"
199.19.213.137 - - [03/Apr/2026:03:06:18 +0000] "GET /networking/v2.0/ports/04a6d13d-68ef-46bc-882a-d9aa61a1cdd3 HTTP/1.1" 200 3679 "-" "python-neutronclient"
172.18.0.2 - - [03/Apr/2026:03:06:18 +0000] "GET /compute/v2.1/servers/a16cb322-8295-42dd-b3d8-81867704c4f7 HTTP/1.1" 200 4315 "-" "cluster-api-provider-openstack/v0.12.4 gophercloud/v2.7.0"
199.19.213.137 - - [03/Apr/2026:03:06:18 +0000] "GET /identity HTTP/1.1" 300 3232 "-" "nova-scheduler keystoneauth1/5.13.1 python-requests/2.32.5 CPython/3.12.3"
199.19.213.137 - - [03/Apr/2026:03:06:18 +0000] "GET /networking/v2.0/ports?device_id=0d5fdab7-8e60-43a0-aef8-607ba77d87f7 HTTP/1.1" 200 2888 "-" "python-neutronclient"
172.18.0.2 - - [03/Apr/2026:03:06:18 +0000] "GET /compute/v2.1/servers/0d5fdab7-8e60-43a0-aef8-607ba77d87f7 HTTP/1.1" 200 4315 "-" "cluster-api-provider-openstack/v0.12.4 gophercloud/v2.7.0"
172.18.0.2 - - [03/Apr/2026:03:06:18 +0000] "GET /networking/v2.0/ports?id=04a6d13d-68ef-46bc-882a-d9aa61a1cdd3&name=kube-3q0g0-default-worker-mptb7-64b75-85ffg-0&network_id=500fc2d7-9128-4914-8cc8-1121225acbd4 HTTP/1.1" 200 3651 "-" "cluster-api-provider-openstack/v0.12.4 gophercloud/v2.7.0"
172.18.0.2 - - [03/Apr/2026:03:06:18 +0000] "GET /compute/v2.1/ HTTP/1.1" 200 3432 "-" "cluster-api-provider-openstack/v0.12.4 gophercloud/v2.7.0"
199.19.213.137 - - [03/Apr/2026:03:06:18 +0000] "POST /identity/v3/auth/tokens HTTP/1.1" 201 8105 "-" "nova-scheduler keystoneauth1/5.13.1 python-requests/2.32.5 CPython/3.12.3"
172.18.0.2 - - [03/Apr/2026:03:06:18 +0000] "GET /networking/v2.0/ports?id=14e79211-f4d1-4366-a0f5-70c1f9eaf37c&name=kube-3q0g0-default-worker-mptb7-64b75-n6x6k-0&network_id=500fc2d7-9128-4914-8cc8-1121225acbd4 HTTP/1.1" 200 3651 "-" "cluster-api-provider-openstack/v0.12.4 gophercloud/v2.7.0"
172.18.0.2 - - [03/Apr/2026:03:06:18 +0000] "GET /compute/v2.1/ HTTP/1.1" 200 3432 "-" "cluster-api-provider-openstack/v0.12.4 gophercloud/v2.7.0"
199.19.213.137 - - [03/Apr/2026:03:06:18 +0000] "GET /placement/allocation_candidates?resources=DISK_GB%3A80%2CMEMORY_MB%3A8192%2CVCPU%3A4&root_required=%21COMPUTE_STATUS_DISABLED HTTP/1.1" 200 5551 "-" "nova-scheduler keystoneauth1/5.13.1 python-requests/2.32.5 CPython/3.12.3"
199.19.213.137 - - [03/Apr/2026:03:06:18 +0000] "GET /identity/v3/auth/tokens HTTP/1.1" 200 8100 "-" "python-keystoneclient"
199.19.213.137 - - [03/Apr/2026:03:06:18 +0000] "GET /networking/v2.0/ports?device_id=a16cb322-8295-42dd-b3d8-81867704c4f7 HTTP/1.1" 200 2888 "-" "python-neutronclient"
172.18.0.2 - - [03/Apr/2026:03:06:18 +0000] "GET /compute/v2.1/servers/a16cb322-8295-42dd-b3d8-81867704c4f7 HTTP/1.1" 200 4315 "-" "cluster-api-provider-openstack/v0.12.4 gophercloud/v2.7.0"
199.19.213.137 - - [03/Apr/2026:03:06:18 +0000] "GET /networking/v2.0/ports/14e79211-f4d1-4366-a0f5-70c1f9eaf37c HTTP/1.1" 200 3679 "-" "python-neutronclient"
199.19.213.137 - - [03/Apr/2026:03:06:18 +0000] "GET /networking/v2.0/ports?device_id=0d5fdab7-8e60-43a0-aef8-607ba77d87f7 HTTP/1.1" 200 2888 "-" "python-neutronclient"
172.18.0.2 - - [03/Apr/2026:03:06:18 +0000] "GET /compute/v2.1/servers/0d5fdab7-8e60-43a0-aef8-607ba77d87f7 HTTP/1.1" 200 4315 "-" "cluster-api-provider-openstack/v0.12.4 gophercloud/v2.7.0"
199.19.213.137 - - [03/Apr/2026:03:06:18 +0000] "GET /placement/allocation_candidates?resources=DISK_GB%3A80%2CMEMORY_MB%3A8192%2CVCPU%3A4&root_required=%21COMPUTE_STATUS_DISABLED HTTP/1.1" 200 5551 "-" "nova-scheduler keystoneauth1/5.13.1 python-requests/2.32.5 CPython/3.12.3"
199.19.213.137 - - [03/Apr/2026:03:06:18 +0000] "GET /placement/allocations/a16cb322-8295-42dd-b3d8-81867704c4f7 HTTP/1.1" 200 3034 "-" "nova-scheduler keystoneauth1/5.13.1 python-requests/2.32.5 CPython/3.12.3"
199.19.213.137 - - [03/Apr/2026:03:06:19 +0000] "GET /placement/allocations/0d5fdab7-8e60-43a0-aef8-607ba77d87f7 HTTP/1.1" 200 3034 "-" "nova-scheduler keystoneauth1/5.13.1 python-requests/2.32.5 CPython/3.12.3"
199.19.213.137 - - [03/Apr/2026:03:06:19 +0000] "PUT /placement/allocations/a16cb322-8295-42dd-b3d8-81867704c4f7 HTTP/1.1" 204 2900 "-" "nova-scheduler keystoneauth1/5.13.1 python-requests/2.32.5 CPython/3.12.3"
199.19.213.137 - - [03/Apr/2026:03:06:19 +0000] "PUT /placement/allocations/0d5fdab7-8e60-43a0-aef8-607ba77d87f7 HTTP/1.1" 204 2900 "-" "nova-scheduler keystoneauth1/5.13.1 python-requests/2.32.5 CPython/3.12.3"
199.19.213.137 - - [03/Apr/2026:03:06:20 +0000] "GET /placement/allocations/a16cb322-8295-42dd-b3d8-81867704c4f7 HTTP/1.1" 200 3275 "-" "nova-compute keystoneauth1/5.13.1 python-requests/2.32.5 CPython/3.12.3"
199.19.213.137 - - [03/Apr/2026:03:06:20 +0000] "GET /placement/allocations/0d5fdab7-8e60-43a0-aef8-607ba77d87f7 HTTP/1.1" 200 3275 "-" "nova-compute keystoneauth1/5.13.1 python-requests/2.32.5 CPython/3.12.3"
199.19.213.137 - - [03/Apr/2026:03:06:21 +0000] "GET /placement/resource_providers/a574a0e3-0c88-4fb4-8f6b-51a00eac04b5/allocations HTTP/1.1" 200 3302 "-" "nova-compute keystoneauth1/5.13.1 python-requests/2.32.5 CPython/3.12.3"
199.19.213.137 - - [03/Apr/2026:03:06:21 +0000] "GET /placement/allocations/0d5fdab7-8e60-43a0-aef8-607ba77d87f7 HTTP/1.1" 200 3275 "-" "nova-compute keystoneauth1/5.13.1 python-requests/2.32.5 CPython/3.12.3"
199.19.213.137 - - [03/Apr/2026:03:06:21 +0000] "GET /placement/allocations/e3168e3e-19d4-40e5-941f-24a2ff4fde76 HTTP/1.1" 200 3275 "-" "nova-compute keystoneauth1/5.13.1 python-requests/2.32.5 CPython/3.12.3"
199.19.213.137 - - [03/Apr/2026:03:06:21 +0000] "GET /placement/allocations/a16cb322-8295-42dd-b3d8-81867704c4f7 HTTP/1.1" 200 3275 "-" "nova-compute keystoneauth1/5.13.1 python-requests/2.32.5 CPython/3.12.3"
199.19.213.137 - - [03/Apr/2026:03:06:22 +0000] "GET /identity HTTP/1.1" 300 3232 "-" "openstacksdk/4.10.0 keystoneauth1/5.13.1 python-requests/2.32.5 CPython/3.12.3"
199.19.213.137 - - [03/Apr/2026:03:06:22 +0000] "POST /identity/v3/auth/tokens HTTP/1.1" 201 8058 "-" "openstacksdk/4.10.0 keystoneauth1/5.13.1 python-requests/2.32.5 CPython/3.12.3"
199.19.213.137 - - [03/Apr/2026:03:06:22 +0000] "GET /identity/v3/auth/tokens HTTP/1.1" 200 8053 "-" "python-keystoneclient"
199.19.213.137 - - [03/Apr/2026:03:06:22 +0000] "POST /identity/v3/auth/tokens HTTP/1.1" 201 7632 "-" "uwsgi keystoneauth1/5.13.1 python-requests/2.32.5 CPython/3.12.3"
199.19.213.137 - - [03/Apr/2026:03:06:22 +0000] "POST /identity/v3/auth/tokens HTTP/1.1" 201 7632 "-" "uwsgi keystoneauth1/5.13.1 python-requests/2.32.5 CPython/3.12.3"
199.19.213.137 - - [03/Apr/2026:03:06:22 +0000] "POST /identity/v3/auth/tokens HTTP/1.1" 201 7632 "-" "uwsgi keystoneauth1/5.13.1 python-requests/2.32.5 CPython/3.12.3"
199.19.213.137 - - [03/Apr/2026:03:06:22 +0000] "GET /container-infra/v1/clusters/k8s-cluster HTTP/1.1" 200 4891 "-" "python-urllib3/2.6.3"
199.19.213.137 - - [03/Apr/2026:03:06:23 +0000] "GET /networking/v2.0/ports/04a6d13d-68ef-46bc-882a-d9aa61a1cdd3 HTTP/1.1" 200 3775 "-" "python-neutronclient"
199.19.213.137 - - [03/Apr/2026:03:06:23 +0000] "GET /networking/v2.0/networks?id=500fc2d7-9128-4914-8cc8-1121225acbd4 HTTP/1.1" 200 3521 "-" "python-neutronclient"
199.19.213.137 - - [03/Apr/2026:03:06:24 +0000] "GET /placement/resource_providers/a574a0e3-0c88-4fb4-8f6b-51a00eac04b5/allocations HTTP/1.1" 200 3302 "-" "nova-compute keystoneauth1/5.13.1 python-requests/2.32.5 CPython/3.12.3"
199.19.213.137 - - [03/Apr/2026:03:06:24 +0000] "GET /placement/allocations/0d5fdab7-8e60-43a0-aef8-607ba77d87f7 HTTP/1.1" 200 3275 "-" "nova-compute keystoneauth1/5.13.1 python-requests/2.32.5 CPython/3.12.3"
199.19.213.137 - - [03/Apr/2026:03:06:24 +0000] "GET /placement/allocations/e3168e3e-19d4-40e5-941f-24a2ff4fde76 HTTP/1.1" 200 3275 "-" "nova-compute keystoneauth1/5.13.1 python-requests/2.32.5 CPython/3.12.3"
199.19.213.137 - - [03/Apr/2026:03:06:24 +0000] "GET /placement/allocations/a16cb322-8295-42dd-b3d8-81867704c4f7 HTTP/1.1" 200 3275 "-" "nova-compute keystoneauth1/5.13.1 python-requests/2.32.5 CPython/3.12.3"
199.19.213.137 - - [03/Apr/2026:03:06:23 +0000] "PUT /networking/v2.0/ports/04a6d13d-68ef-46bc-882a-d9aa61a1cdd3 HTTP/1.1" 200 3969 "-" "python-neutronclient"
199.19.213.137 - - [03/Apr/2026:03:06:24 +0000] "POST /compute/v2.1/os-server-external-events HTTP/1.1" 200 3249 "-" "python-novaclient"
199.19.213.137 - - [03/Apr/2026:03:06:24 +0000] "GET /networking/v2.0/ports?tenant_id=2e92b8e775974eb2944e97c57fd72a6c&device_id=a16cb322-8295-42dd-b3d8-81867704c4f7 HTTP/1.1" 200 3972 "-" "python-neutronclient"
199.19.213.137 - - [03/Apr/2026:03:06:25 +0000] "GET /networking/v2.0/networks?tenant_id=2e92b8e775974eb2944e97c57fd72a6c&shared=False HTTP/1.1" 200 3620 "-" "python-neutronclient"
199.19.213.137 - - [03/Apr/2026:03:06:25 +0000] "GET /networking/v2.0/networks?shared=True HTTP/1.1" 200 2891 "-" "python-neutronclient"
199.19.213.137 - - [03/Apr/2026:03:06:25 +0000] "GET /networking/v2.0/ports/14e79211-f4d1-4366-a0f5-70c1f9eaf37c HTTP/1.1" 200 3775 "-" "python-neutronclient"
199.19.213.137 - - [03/Apr/2026:03:06:25 +0000] "GET /networking/v2.0/networks?id=500fc2d7-9128-4914-8cc8-1121225acbd4 HTTP/1.1" 200 3521 "-" "python-neutronclient"
199.19.213.137 - - [03/Apr/2026:03:06:26 +0000] "GET /networking/v2.0/ports?tenant_id=2e92b8e775974eb2944e97c57fd72a6c&device_id=a16cb322-8295-42dd-b3d8-81867704c4f7 HTTP/1.1" 200 3972 "-" "python-neutronclient"
199.19.213.137 - - [03/Apr/2026:03:06:26 +0000] "GET /networking/v2.0/floatingips?fixed_ip_address=192.168.24.203&port_id=04a6d13d-68ef-46bc-882a-d9aa61a1cdd3 HTTP/1.1" 200 2895 "-" "python-neutronclient"
199.19.213.137 - - [03/Apr/2026:03:06:26 +0000] "GET /networking/v2.0/subnets?id=f147673c-f5a3-4f83-875f-c084e2e45988 HTTP/1.1" 200 3645 "-" "python-neutronclient"
199.19.213.137 - - [03/Apr/2026:03:06:26 +0000] "GET /networking/v2.0/ports?network_id=500fc2d7-9128-4914-8cc8-1121225acbd4&device_owner=network%3Adhcp HTTP/1.1" 200 2888 "-" "python-neutronclient"
199.19.213.137 - - [03/Apr/2026:03:06:26 +0000] "GET /networking/v2.0/networks/500fc2d7-9128-4914-8cc8-1121225acbd4?fields=segments HTTP/1.1" 200 2890 "-" "python-neutronclient"
199.19.213.137 - - [03/Apr/2026:03:06:26 +0000] "GET /networking/v2.0/networks/500fc2d7-9128-4914-8cc8-1121225acbd4?fields=provider%3Aphysical_network&fields=provider%3Anetwork_type HTTP/1.1" 200 2955 "-" "python-neutronclient"
199.19.213.137 - - [03/Apr/2026:03:06:26 +0000] "PUT /networking/v2.0/ports/14e79211-f4d1-4366-a0f5-70c1f9eaf37c HTTP/1.1" 200 3969 "-" "python-neutronclient"
199.19.213.137 - - [03/Apr/2026:03:06:26 +0000] "GET /identity HTTP/1.1" 300 3232 "-" "uwsgi keystoneauth1/5.13.1 python-requests/2.32.5 CPython/3.12.3"
199.19.213.137 - - [03/Apr/2026:03:06:26 +0000] "POST /identity/v3/auth/tokens HTTP/1.1" 201 8105 "-" "uwsgi keystoneauth1/5.13.1 python-requests/2.32.5 CPython/3.12.3"
199.19.213.137 - - [03/Apr/2026:03:06:26 +0000] "GET /identity/v3/auth/tokens HTTP/1.1" 200 8100 "-" "python-keystoneclient"
199.19.213.137 - - [03/Apr/2026:03:06:26 +0000] "POST /compute/v2.1/os-server-external-events HTTP/1.1" 200 3249 "-" "python-novaclient"
199.19.213.137 - - [03/Apr/2026:03:06:27 +0000] "GET /networking/v2.0/ports?tenant_id=2e92b8e775974eb2944e97c57fd72a6c&device_id=0d5fdab7-8e60-43a0-aef8-607ba77d87f7 HTTP/1.1" 200 3972 "-" "python-neutronclient"
199.19.213.137 - - [03/Apr/2026:03:06:27 +0000] "GET /networking/v2.0/networks?tenant_id=2e92b8e775974eb2944e97c57fd72a6c&shared=False HTTP/1.1" 200 3620 "-" "python-neutronclient"
199.19.213.137 - - [03/Apr/2026:03:06:27 +0000] "GET /networking/v2.0/networks?shared=True HTTP/1.1" 200 2891 "-" "python-neutronclient"
172.18.0.2 - - [03/Apr/2026:03:06:28 +0000] "GET /networking/v2.0/ports?id=04a6d13d-68ef-46bc-882a-d9aa61a1cdd3&name=kube-3q0g0-default-worker-mptb7-64b75-85ffg-0&network_id=500fc2d7-9128-4914-8cc8-1121225acbd4 HTTP/1.1" 200 3699 "-" "cluster-api-provider-openstack/v0.12.4 gophercloud/v2.7.0"
172.18.0.2 - - [03/Apr/2026:03:06:28 +0000] "GET /compute/v2.1/ HTTP/1.1" 200 3432 "-" "cluster-api-provider-openstack/v0.12.4 gophercloud/v2.7.0"
172.18.0.2 - - [03/Apr/2026:03:06:28 +0000] "GET /networking/v2.0/ports?id=14e79211-f4d1-4366-a0f5-70c1f9eaf37c&name=kube-3q0g0-default-worker-mptb7-64b75-n6x6k-0&network_id=500fc2d7-9128-4914-8cc8-1121225acbd4 HTTP/1.1" 200 3699 "-" "cluster-api-provider-openstack/v0.12.4 gophercloud/v2.7.0"
199.19.213.137 - - [03/Apr/2026:03:06:28 +0000] "GET /networking/v2.0/ports?device_id=a16cb322-8295-42dd-b3d8-81867704c4f7 HTTP/1.1" 200 3730 "-" "python-neutronclient"
172.18.0.2 - - [03/Apr/2026:03:06:28 +0000] "GET /compute/v2.1/ HTTP/1.1" 200 3432 "-" "cluster-api-provider-openstack/v0.12.4 gophercloud/v2.7.0"
199.19.213.137 - - [03/Apr/2026:03:06:28 +0000] "GET /networking/v2.0/security-groups?id=dc04c68d-a333-4939-bd43-514a39bcb41d&fields=id&fields=name HTTP/1.1" 200 3010 "-" "python-neutronclient"
172.18.0.2 - - [03/Apr/2026:03:06:28 +0000] "GET /compute/v2.1/servers/a16cb322-8295-42dd-b3d8-81867704c4f7 HTTP/1.1" 200 4460 "-" "cluster-api-provider-openstack/v0.12.4 gophercloud/v2.7.0"
199.19.213.137 - - [03/Apr/2026:03:06:28 +0000] "GET /networking/v2.0/ports?device_id=0d5fdab7-8e60-43a0-aef8-607ba77d87f7 HTTP/1.1" 200 3730 "-" "python-neutronclient"
199.19.213.137 - - [03/Apr/2026:03:06:28 +0000] "GET /networking/v2.0/ports?tenant_id=2e92b8e775974eb2944e97c57fd72a6c&device_id=0d5fdab7-8e60-43a0-aef8-607ba77d87f7 HTTP/1.1" 200 3972 "-" "python-neutronclient"
199.19.213.137 - - [03/Apr/2026:03:06:28 +0000] "GET /networking/v2.0/security-groups?id=dc04c68d-a333-4939-bd43-514a39bcb41d&fields=id&fields=name HTTP/1.1" 200 3010 "-" "python-neutronclient"
172.18.0.2 - - [03/Apr/2026:03:06:28 +0000] "GET /compute/v2.1/servers/0d5fdab7-8e60-43a0-aef8-607ba77d87f7 HTTP/1.1" 200 4460 "-" "cluster-api-provider-openstack/v0.12.4 gophercloud/v2.7.0"
199.19.213.137 - - [03/Apr/2026:03:06:28 +0000] "GET /networking/v2.0/floatingips?fixed_ip_address=192.168.24.223&port_id=14e79211-f4d1-4366-a0f5-70c1f9eaf37c HTTP/1.1" 200 2895 "-" "python-neutronclient"
199.19.213.137 - - [03/Apr/2026:03:06:28 +0000] "GET /identity HTTP/1.1" 300 3232 "-" "openstacksdk/4.10.0 keystoneauth1/5.13.1 python-requests/2.32.5 CPython/3.12.3"
199.19.213.137 - - [03/Apr/2026:03:06:28 +0000] "GET /networking/v2.0/subnets?id=f147673c-f5a3-4f83-875f-c084e2e45988 HTTP/1.1" 200 3645 "-" "python-neutronclient"
199.19.213.137 - - [03/Apr/2026:03:06:28 +0000] "POST /identity/v3/auth/tokens HTTP/1.1" 201 8058 "-" "openstacksdk/4.10.0 keystoneauth1/5.13.1 python-requests/2.32.5 CPython/3.12.3"
199.19.213.137 - - [03/Apr/2026:03:06:29 +0000] "GET /networking/v2.0/ports?network_id=500fc2d7-9128-4914-8cc8-1121225acbd4&device_owner=network%3Adhcp HTTP/1.1" 200 2888 "-" "python-neutronclient"
199.19.213.137 - - [03/Apr/2026:03:06:29 +0000] "GET /networking/v2.0/networks/500fc2d7-9128-4914-8cc8-1121225acbd4?fields=segments HTTP/1.1" 200 2890 "-" "python-neutronclient"
199.19.213.137 - - [03/Apr/2026:03:06:29 +0000] "GET /networking/v2.0/networks/500fc2d7-9128-4914-8cc8-1121225acbd4?fields=provider%3Aphysical_network&fields=provider%3Anetwork_type HTTP/1.1" 200 2955 "-" "python-neutronclient"
199.19.213.137 - - [03/Apr/2026:03:06:29 +0000] "GET /identity/v3/auth/tokens HTTP/1.1" 200 8053 "-" "python-keystoneclient"
199.19.213.137 - - [03/Apr/2026:03:06:29 +0000] "POST /identity/v3/auth/tokens HTTP/1.1" 201 7632 "-" "uwsgi keystoneauth1/5.13.1 python-requests/2.32.5 CPython/3.12.3"
199.19.213.137 - - [03/Apr/2026:03:06:29 +0000] "POST /identity/v3/auth/tokens HTTP/1.1" 201 7632 "-" "uwsgi keystoneauth1/5.13.1 python-requests/2.32.5 CPython/3.12.3"
199.19.213.137 - - [03/Apr/2026:03:06:29 +0000] "POST /identity/v3/auth/tokens HTTP/1.1" 201 7632 "-" "uwsgi keystoneauth1/5.13.1 python-requests/2.32.5 CPython/3.12.3"
199.19.213.137 - - [03/Apr/2026:03:06:29 +0000] "GET /container-infra/v1/clusters/k8s-cluster HTTP/1.1" 200 4890 "-" "python-urllib3/2.6.3"
199.19.213.137 - - [03/Apr/2026:03:06:29 +0000] "POST /compute/v2.1/os-server-external-events HTTP/1.1" 200 3253 "-" "python-novaclient"
199.19.213.137 - - [03/Apr/2026:03:06:31 +0000] "POST /compute/v2.1/os-server-external-events HTTP/1.1" 200 3253 "-" "python-novaclient"
199.19.213.137 - - [03/Apr/2026:03:06:32 +0000] "POST /compute/v2.1/os-server-external-events HTTP/1.1" 200 3253 "-" "python-novaclient"
199.19.213.137 - - [03/Apr/2026:03:06:34 +0000] "POST /compute/v2.1/os-server-external-events HTTP/1.1" 200 3253 "-" "python-novaclient"
199.19.213.137 - - [03/Apr/2026:03:06:36 +0000] "GET /identity HTTP/1.1" 300 3232 "-" "openstacksdk/4.10.0 keystoneauth1/5.13.1 python-requests/2.32.5 CPython/3.12.3"
199.19.213.137 - - [03/Apr/2026:03:06:36 +0000] "POST /identity/v3/auth/tokens HTTP/1.1" 201 8058 "-" "openstacksdk/4.10.0 keystoneauth1/5.13.1 python-requests/2.32.5 CPython/3.12.3"
199.19.213.137 - - [03/Apr/2026:03:06:36 +0000] "GET /identity/v3/auth/tokens HTTP/1.1" 200 8053 "-" "python-keystoneclient"
199.19.213.137 - - [03/Apr/2026:03:06:36 +0000] "POST /identity/v3/auth/tokens HTTP/1.1" 201 7632 "-" "uwsgi keystoneauth1/5.13.1 python-requests/2.32.5 CPython/3.12.3"
199.19.213.137 - - [03/Apr/2026:03:06:36 +0000] "POST /identity/v3/auth/tokens HTTP/1.1" 201 7632 "-" "uwsgi keystoneauth1/5.13.1 python-requests/2.32.5 CPython/3.12.3"
199.19.213.137 - - [03/Apr/2026:03:06:36 +0000] "POST /identity/v3/auth/tokens HTTP/1.1" 201 7632 "-" "uwsgi keystoneauth1/5.13.1 python-requests/2.32.5 CPython/3.12.3"
199.19.213.137 - - [03/Apr/2026:03:06:36 +0000] "GET /container-infra/v1/clusters/k8s-cluster HTTP/1.1" 200 4890 "-" "python-urllib3/2.6.3"
172.18.0.2 - - [03/Apr/2026:03:06:38 +0000] "GET /networking/v2.0/ports?id=04a6d13d-68ef-46bc-882a-d9aa61a1cdd3&name=kube-3q0g0-default-worker-mptb7-64b75-85ffg-0&network_id=500fc2d7-9128-4914-8cc8-1121225acbd4 HTTP/1.1" 200 3701 "-" "cluster-api-provider-openstack/v0.12.4 gophercloud/v2.7.0"
172.18.0.2 - - [03/Apr/2026:03:06:38 +0000] "GET /compute/v2.1/ HTTP/1.1" 200 3432 "-" "cluster-api-provider-openstack/v0.12.4 gophercloud/v2.7.0"
172.18.0.2 - - [03/Apr/2026:03:06:38 +0000] "GET /networking/v2.0/ports?id=14e79211-f4d1-4366-a0f5-70c1f9eaf37c&name=kube-3q0g0-default-worker-mptb7-64b75-n6x6k-0&network_id=500fc2d7-9128-4914-8cc8-1121225acbd4 HTTP/1.1" 200 3701 "-" "cluster-api-provider-openstack/v0.12.4 gophercloud/v2.7.0"
172.18.0.2 - - [03/Apr/2026:03:06:38 +0000] "GET /compute/v2.1/ HTTP/1.1" 200 3432 "-" "cluster-api-provider-openstack/v0.12.4 gophercloud/v2.7.0"
199.19.213.137 - - [03/Apr/2026:03:06:38 +0000] "GET /networking/v2.0/ports?device_id=a16cb322-8295-42dd-b3d8-81867704c4f7 HTTP/1.1" 200 3732 "-" "python-neutronclient"
199.19.213.137 - - [03/Apr/2026:03:06:39 +0000] "GET /networking/v2.0/security-groups?id=dc04c68d-a333-4939-bd43-514a39bcb41d&fields=id&fields=name HTTP/1.1" 200 3010 "-" "python-neutronclient"
172.18.0.2 - - [03/Apr/2026:03:06:38 +0000] "GET /compute/v2.1/servers/a16cb322-8295-42dd-b3d8-81867704c4f7 HTTP/1.1" 200 4646 "-" "cluster-api-provider-openstack/v0.12.4 gophercloud/v2.7.0"
199.19.213.137 - - [03/Apr/2026:03:06:39 +0000] "GET /networking/v2.0/ports?device_id=0d5fdab7-8e60-43a0-aef8-607ba77d87f7 HTTP/1.1" 200 3732 "-" "python-neutronclient"
172.18.0.2 - - [03/Apr/2026:03:06:39 +0000] "GET /compute/v2.1/ HTTP/1.1" 200 3432 "-" "cluster-api-provider-openstack/v0.12.4 gophercloud/v2.7.0"
