172.18.0.2 - - [03/Apr/2026:03:06:39 +0000] "GET /networking/v2.0/ports?id=04a6d13d-68ef-46bc-882a-d9aa61a1cdd3&name=kube-3q0g0-default-worker-mptb7-64b75-85ffg-0&network_id=500fc2d7-9128-4914-8cc8-1121225acbd4 HTTP/1.1" 200 3701 "-" "cluster-api-provider-openstack/v0.12.4 gophercloud/v2.7.0"
172.18.0.2 - - [03/Apr/2026:03:06:39 +0000] "GET /compute/v2.1/ HTTP/1.1" 200 3432 "-" "cluster-api-provider-openstack/v0.12.4 gophercloud/v2.7.0"
199.19.213.137 - - [03/Apr/2026:03:06:39 +0000] "GET /networking/v2.0/security-groups?id=dc04c68d-a333-4939-bd43-514a39bcb41d&fields=id&fields=name HTTP/1.1" 200 3010 "-" "python-neutronclient"
172.18.0.2 - - [03/Apr/2026:03:06:38 +0000] "GET /compute/v2.1/servers/0d5fdab7-8e60-43a0-aef8-607ba77d87f7 HTTP/1.1" 200 4646 "-" "cluster-api-provider-openstack/v0.12.4 gophercloud/v2.7.0"
172.18.0.2 - - [03/Apr/2026:03:06:39 +0000] "GET /compute/v2.1/ HTTP/1.1" 200 3432 "-" "cluster-api-provider-openstack/v0.12.4 gophercloud/v2.7.0"
199.19.213.137 - - [03/Apr/2026:03:06:39 +0000] "GET /networking/v2.0/ports?device_id=a16cb322-8295-42dd-b3d8-81867704c4f7 HTTP/1.1" 200 3732 "-" "python-neutronclient"
199.19.213.137 - - [03/Apr/2026:03:06:39 +0000] "GET /networking/v2.0/ports?device_id=a16cb322-8295-42dd-b3d8-81867704c4f7 HTTP/1.1" 200 3732 "-" "python-neutronclient"
172.18.0.2 - - [03/Apr/2026:03:06:39 +0000] "GET /networking/v2.0/ports?id=14e79211-f4d1-4366-a0f5-70c1f9eaf37c&name=kube-3q0g0-default-worker-mptb7-64b75-n6x6k-0&network_id=500fc2d7-9128-4914-8cc8-1121225acbd4 HTTP/1.1" 200 3701 "-" "cluster-api-provider-openstack/v0.12.4 gophercloud/v2.7.0"
172.18.0.2 - - [03/Apr/2026:03:06:39 +0000] "GET /compute/v2.1/ HTTP/1.1" 200 3432 "-" "cluster-api-provider-openstack/v0.12.4 gophercloud/v2.7.0"
199.19.213.137 - - [03/Apr/2026:03:06:39 +0000] "GET /networking/v2.0/security-groups?id=dc04c68d-a333-4939-bd43-514a39bcb41d&fields=id&fields=name HTTP/1.1" 200 3010 "-" "python-neutronclient"
199.19.213.137 - - [03/Apr/2026:03:06:39 +0000] "GET /networking/v2.0/security-groups?id=dc04c68d-a333-4939-bd43-514a39bcb41d&fields=id&fields=name HTTP/1.1" 200 3010 "-" "python-neutronclient"
172.18.0.2 - - [03/Apr/2026:03:06:39 +0000] "GET /compute/v2.1/servers/a16cb322-8295-42dd-b3d8-81867704c4f7 HTTP/1.1" 200 4646 "-" "cluster-api-provider-openstack/v0.12.4 gophercloud/v2.7.0"
172.18.0.2 - - [03/Apr/2026:03:06:39 +0000] "GET /compute/v2.1/servers/a16cb322-8295-42dd-b3d8-81867704c4f7 HTTP/1.1" 200 4646 "-" "cluster-api-provider-openstack/v0.12.4 gophercloud/v2.7.0"
199.19.213.137 - - [03/Apr/2026:03:06:39 +0000] "GET /networking/v2.0/ports?device_id=0d5fdab7-8e60-43a0-aef8-607ba77d87f7 HTTP/1.1" 200 3732 "-" "python-neutronclient"
172.18.0.2 - - [03/Apr/2026:03:06:39 +0000] "GET /compute/v2.1/ HTTP/1.1" 200 3432 "-" "cluster-api-provider-openstack/v0.12.4 gophercloud/v2.7.0"
199.19.213.137 - - [03/Apr/2026:03:06:39 +0000] "GET /networking/v2.0/ports?device_id=0d5fdab7-8e60-43a0-aef8-607ba77d87f7 HTTP/1.1" 200 3732 "-" "python-neutronclient"
172.18.0.2 - - [03/Apr/2026:03:06:39 +0000] "GET /networking/v2.0/ports?id=04a6d13d-68ef-46bc-882a-d9aa61a1cdd3&name=kube-3q0g0-default-worker-mptb7-64b75-85ffg-0&network_id=500fc2d7-9128-4914-8cc8-1121225acbd4 HTTP/1.1" 200 3701 "-" "cluster-api-provider-openstack/v0.12.4 gophercloud/v2.7.0"
172.18.0.2 - - [03/Apr/2026:03:06:39 +0000] "GET /compute/v2.1/ HTTP/1.1" 200 3432 "-" "cluster-api-provider-openstack/v0.12.4 gophercloud/v2.7.0"
199.19.213.137 - - [03/Apr/2026:03:06:39 +0000] "GET /networking/v2.0/security-groups?id=dc04c68d-a333-4939-bd43-514a39bcb41d&fields=id&fields=name HTTP/1.1" 200 3010 "-" "python-neutronclient"
172.18.0.2 - - [03/Apr/2026:03:06:39 +0000] "GET /compute/v2.1/servers/0d5fdab7-8e60-43a0-aef8-607ba77d87f7 HTTP/1.1" 200 4646 "-" "cluster-api-provider-openstack/v0.12.4 gophercloud/v2.7.0"
199.19.213.137 - - [03/Apr/2026:03:06:39 +0000] "GET /networking/v2.0/security-groups?id=dc04c68d-a333-4939-bd43-514a39bcb41d&fields=id&fields=name HTTP/1.1" 200 3010 "-" "python-neutronclient"
172.18.0.2 - - [03/Apr/2026:03:06:39 +0000] "GET /compute/v2.1/servers/0d5fdab7-8e60-43a0-aef8-607ba77d87f7 HTTP/1.1" 200 4646 "-" "cluster-api-provider-openstack/v0.12.4 gophercloud/v2.7.0"
199.19.213.137 - - [03/Apr/2026:03:06:39 +0000] "GET /networking/v2.0/ports?device_id=a16cb322-8295-42dd-b3d8-81867704c4f7 HTTP/1.1" 200 3732 "-" "python-neutronclient"
172.18.0.2 - - [03/Apr/2026:03:06:39 +0000] "GET /compute/v2.1/ HTTP/1.1" 200 3432 "-" "cluster-api-provider-openstack/v0.12.4 gophercloud/v2.7.0"
199.19.213.137 - - [03/Apr/2026:03:06:39 +0000] "GET /networking/v2.0/ports?device_id=a16cb322-8295-42dd-b3d8-81867704c4f7 HTTP/1.1" 200 3732 "-" "python-neutronclient"
199.19.213.137 - - [03/Apr/2026:03:06:39 +0000] "GET /networking/v2.0/security-groups?id=dc04c68d-a333-4939-bd43-514a39bcb41d&fields=id&fields=name HTTP/1.1" 200 3010 "-" "python-neutronclient"
172.18.0.2 - - [03/Apr/2026:03:06:39 +0000] "GET /compute/v2.1/servers/a16cb322-8295-42dd-b3d8-81867704c4f7 HTTP/1.1" 200 4646 "-" "cluster-api-provider-openstack/v0.12.4 gophercloud/v2.7.0"
172.18.0.2 - - [03/Apr/2026:03:06:39 +0000] "GET /compute/v2.1/ HTTP/1.1" 200 3432 "-" "cluster-api-provider-openstack/v0.12.4 gophercloud/v2.7.0"
199.19.213.137 - - [03/Apr/2026:03:06:39 +0000] "GET /networking/v2.0/ports?device_id=0d5fdab7-8e60-43a0-aef8-607ba77d87f7 HTTP/1.1" 200 3732 "-" "python-neutronclient"
199.19.213.137 - - [03/Apr/2026:03:06:39 +0000] "GET /networking/v2.0/security-groups?id=dc04c68d-a333-4939-bd43-514a39bcb41d&fields=id&fields=name HTTP/1.1" 200 3010 "-" "python-neutronclient"
172.18.0.2 - - [03/Apr/2026:03:06:39 +0000] "GET /compute/v2.1/servers/a16cb322-8295-42dd-b3d8-81867704c4f7 HTTP/1.1" 200 4646 "-" "cluster-api-provider-openstack/v0.12.4 gophercloud/v2.7.0"
199.19.213.137 - - [03/Apr/2026:03:06:40 +0000] "GET /networking/v2.0/security-groups?id=dc04c68d-a333-4939-bd43-514a39bcb41d&fields=id&fields=name HTTP/1.1" 200 3010 "-" "python-neutronclient"
172.18.0.2 - - [03/Apr/2026:03:06:39 +0000] "GET /compute/v2.1/servers/0d5fdab7-8e60-43a0-aef8-607ba77d87f7 HTTP/1.1" 200 4646 "-" "cluster-api-provider-openstack/v0.12.4 gophercloud/v2.7.0"
172.18.0.2 - - [03/Apr/2026:03:06:40 +0000] "GET /compute/v2.1/ HTTP/1.1" 200 3432 "-" "cluster-api-provider-openstack/v0.12.4 gophercloud/v2.7.0"
199.19.213.137 - - [03/Apr/2026:03:06:40 +0000] "GET /networking/v2.0/ports?device_id=a16cb322-8295-42dd-b3d8-81867704c4f7 HTTP/1.1" 200 3732 "-" "python-neutronclient"
199.19.213.137 - - [03/Apr/2026:03:06:40 +0000] "GET /networking/v2.0/security-groups?id=dc04c68d-a333-4939-bd43-514a39bcb41d&fields=id&fields=name HTTP/1.1" 200 3010 "-" "python-neutronclient"
172.18.0.2 - - [03/Apr/2026:03:06:39 +0000] "GET /compute/v2.1/servers/a16cb322-8295-42dd-b3d8-81867704c4f7 HTTP/1.1" 200 4646 "-" "cluster-api-provider-openstack/v0.12.4 gophercloud/v2.7.0"
199.19.213.137 - - [03/Apr/2026:03:06:40 +0000] "GET /networking/v2.0/ports?device_id=0d5fdab7-8e60-43a0-aef8-607ba77d87f7 HTTP/1.1" 200 3732 "-" "python-neutronclient"
199.19.213.137 - - [03/Apr/2026:03:06:40 +0000] "GET /networking/v2.0/security-groups?id=dc04c68d-a333-4939-bd43-514a39bcb41d&fields=id&fields=name HTTP/1.1" 200 3010 "-" "python-neutronclient"
172.18.0.2 - - [03/Apr/2026:03:06:40 +0000] "GET /compute/v2.1/servers/0d5fdab7-8e60-43a0-aef8-607ba77d87f7 HTTP/1.1" 200 4646 "-" "cluster-api-provider-openstack/v0.12.4 gophercloud/v2.7.0"
199.19.213.137 - - [03/Apr/2026:03:06:43 +0000] "GET /identity HTTP/1.1" 300 3232 "-" "openstacksdk/4.10.0 keystoneauth1/5.13.1 python-requests/2.32.5 CPython/3.12.3"
199.19.213.137 - - [03/Apr/2026:03:06:43 +0000] "POST /identity/v3/auth/tokens HTTP/1.1" 201 8058 "-" "openstacksdk/4.10.0 keystoneauth1/5.13.1 python-requests/2.32.5 CPython/3.12.3"
199.19.213.137 - - [03/Apr/2026:03:06:43 +0000] "GET /identity/v3/auth/tokens HTTP/1.1" 200 8053 "-" "python-keystoneclient"
199.19.213.137 - - [03/Apr/2026:03:06:43 +0000] "POST /identity/v3/auth/tokens HTTP/1.1" 201 7632 "-" "uwsgi keystoneauth1/5.13.1 python-requests/2.32.5 CPython/3.12.3"
199.19.213.137 - - [03/Apr/2026:03:06:43 +0000] "POST /identity/v3/auth/tokens HTTP/1.1" 201 7632 "-" "uwsgi keystoneauth1/5.13.1 python-requests/2.32.5 CPython/3.12.3"
199.19.213.137 - - [03/Apr/2026:03:06:44 +0000] "POST /identity/v3/auth/tokens HTTP/1.1" 201 7632 "-" "uwsgi keystoneauth1/5.13.1 python-requests/2.32.5 CPython/3.12.3"
199.19.213.137 - - [03/Apr/2026:03:06:43 +0000] "GET /container-infra/v1/clusters/k8s-cluster HTTP/1.1" 200 4890 "-" "python-urllib3/2.6.3"
199.19.213.137 - - [03/Apr/2026:03:06:50 +0000] "GET /identity HTTP/1.1" 300 3232 "-" "openstacksdk/4.10.0 keystoneauth1/5.13.1 python-requests/2.32.5 CPython/3.12.3"
199.19.213.137 - - [03/Apr/2026:03:06:50 +0000] "POST /identity/v3/auth/tokens HTTP/1.1" 201 8058 "-" "openstacksdk/4.10.0 keystoneauth1/5.13.1 python-requests/2.32.5 CPython/3.12.3"
199.19.213.137 - - [03/Apr/2026:03:06:51 +0000] "GET /identity/v3/auth/tokens HTTP/1.1" 200 8053 "-" "python-keystoneclient"
199.19.213.137 - - [03/Apr/2026:03:06:51 +0000] "POST /identity/v3/auth/tokens HTTP/1.1" 201 7632 "-" "uwsgi keystoneauth1/5.13.1 python-requests/2.32.5 CPython/3.12.3"
199.19.213.137 - - [03/Apr/2026:03:06:51 +0000] "POST /identity/v3/auth/tokens HTTP/1.1" 201 7632 "-" "uwsgi keystoneauth1/5.13.1 python-requests/2.32.5 CPython/3.12.3"
199.19.213.137 - - [03/Apr/2026:03:06:51 +0000] "POST /identity/v3/auth/tokens HTTP/1.1" 201 7632 "-" "uwsgi keystoneauth1/5.13.1 python-requests/2.32.5 CPython/3.12.3"
199.19.213.137 - - [03/Apr/2026:03:06:51 +0000] "GET /container-infra/v1/clusters/k8s-cluster HTTP/1.1" 200 4890 "-" "python-urllib3/2.6.3"
199.19.213.137 - - [03/Apr/2026:03:06:53 +0000] "GET /identity HTTP/1.1" 300 3232 "-" "uwsgi keystoneauth1/5.13.1 python-requests/2.32.5 CPython/3.12.3"
199.19.213.137 - - [03/Apr/2026:03:06:54 +0000] "POST /identity/v3/auth/tokens HTTP/1.1" 201 8105 "-" "uwsgi keystoneauth1/5.13.1 python-requests/2.32.5 CPython/3.12.3"
199.19.213.137 - - [03/Apr/2026:03:06:54 +0000] "POST /identity/v3/auth/tokens HTTP/1.1" 201 8105 "-" "uwsgi keystoneauth1/5.13.1 python-requests/2.32.5 CPython/3.12.3"
199.19.213.137 - - [03/Apr/2026:03:06:54 +0000] "GET /identity/v3/auth/tokens HTTP/1.1" 200 8100 "-" "python-keystoneclient"
199.19.213.137 - - [03/Apr/2026:03:06:54 +0000] "GET /identity/v3/auth/tokens?allow_expired=1 HTTP/1.1" 200 8100 "-" "python-keystoneclient"
199.19.213.137 - - [03/Apr/2026:03:06:54 +0000] "GET /networking/v2.0/ports?device_id=e3168e3e-19d4-40e5-941f-24a2ff4fde76 HTTP/1.1" 200 3952 "-" "python-neutronclient"
199.19.213.137 - - [03/Apr/2026:03:06:54 +0000] "GET /networking/v2.0/security-groups?id=f674cc4b-3e6a-4d04-90e6-a01050fa2690&fields=id&fields=name HTTP/1.1" 200 3016 "-" "python-neutronclient"
199.19.213.137 - - [03/Apr/2026:03:06:54 +0000] "GET /identity HTTP/1.1" 300 3232 "-" "uwsgi keystoneauth1/5.13.1 python-requests/2.32.5 CPython/3.12.3"
199.19.213.137 - - [03/Apr/2026:03:06:54 +0000] "POST /identity/v3/auth/tokens HTTP/1.1" 201 8105 "-" "uwsgi keystoneauth1/5.13.1 python-requests/2.32.5 CPython/3.12.3"
199.19.213.137 - - [03/Apr/2026:03:06:55 +0000] "POST /identity/v3/auth/tokens HTTP/1.1" 201 8105 "-" "uwsgi keystoneauth1/5.13.1 python-requests/2.32.5 CPython/3.12.3"
199.19.213.137 - - [03/Apr/2026:03:06:55 +0000] "GET /identity/v3/auth/tokens HTTP/1.1" 200 8100 "-" "python-keystoneclient"
199.19.213.137 - - [03/Apr/2026:03:06:55 +0000] "GET /identity/v3/auth/tokens?allow_expired=1 HTTP/1.1" 200 8100 "-" "python-keystoneclient"
199.19.213.137 - - [03/Apr/2026:03:06:55 +0000] "GET /networking/v2.0/ports?device_id=0d5fdab7-8e60-43a0-aef8-607ba77d87f7 HTTP/1.1" 200 3974 "-" "python-neutronclient"
199.19.213.137 - - [03/Apr/2026:03:06:55 +0000] "GET /networking/v2.0/security-groups?id=dc04c68d-a333-4939-bd43-514a39bcb41d&fields=id&fields=name HTTP/1.1" 200 3010 "-" "python-neutronclient"
199.19.213.137 - - [03/Apr/2026:03:06:56 +0000] "GET /identity HTTP/1.1" 300 3232 "-" "uwsgi keystoneauth1/5.13.1 python-requests/2.32.5 CPython/3.12.3"
172.24.5.138 - - [03/Apr/2026:03:06:56 +0000] "GET /identity/ HTTP/1.1" 300 3201 "-" "openstack-cloud-controller-manager/v1.35.0 gophercloud/v2.8.0"
172.24.5.138 - - [03/Apr/2026:03:06:56 +0000] "POST /identity/v3/auth/tokens HTTP/1.1" 201 8200 "-" "openstack-cloud-controller-manager/v1.35.0 gophercloud/v2.8.0"
199.19.213.137 - - [03/Apr/2026:03:06:56 +0000] "POST /identity/v3/auth/tokens HTTP/1.1" 201 8105 "-" "uwsgi keystoneauth1/5.13.1 python-requests/2.32.5 CPython/3.12.3"
172.24.5.138 - - [03/Apr/2026:03:06:56 +0000] "GET /networking/ HTTP/1.1" 200 2910 "-" "openstack-cloud-controller-manager/v1.35.0 gophercloud/v2.8.0"
199.19.213.137 - - [03/Apr/2026:03:06:56 +0000] "POST /identity/v3/auth/tokens HTTP/1.1" 201 8105 "-" "uwsgi keystoneauth1/5.13.1 python-requests/2.32.5 CPython/3.12.3"
172.24.5.138 - - [03/Apr/2026:03:06:56 +0000] "GET /networking/ HTTP/1.1" 200 2910 "-" "openstack-cloud-controller-manager/v1.35.0 gophercloud/v2.8.0"
172.24.5.138 - - [03/Apr/2026:03:06:56 +0000] "GET /networking/ HTTP/1.1" 200 2910 "-" "openstack-cloud-controller-manager/v1.35.0 gophercloud/v2.8.0"
199.19.213.137 - - [03/Apr/2026:03:06:56 +0000] "GET /identity HTTP/1.1" 300 3232 "-" "octavia/18.1.0.dev6 keystonemiddleware.auth_token/12.0.0 keystoneauth1/5.13.1 python-requests/2.32.5 CPython/3.12.3"
199.19.213.137 - - [03/Apr/2026:03:06:56 +0000] "GET /identity/v3/auth/tokens HTTP/1.1" 200 8100 "-" "python-keystoneclient"
199.19.213.137 - - [03/Apr/2026:03:06:56 +0000] "GET /identity/v3/auth/tokens?allow_expired=1 HTTP/1.1" 200 8100 "-" "python-keystoneclient"
199.19.213.137 - - [03/Apr/2026:03:06:56 +0000] "POST /identity/v3/auth/tokens HTTP/1.1" 201 7860 "-" "octavia/18.1.0.dev6 keystonemiddleware.auth_token/12.0.0 keystoneauth1/5.13.1 python-requests/2.32.5 CPython/3.12.3"
199.19.213.137 - - [03/Apr/2026:03:06:56 +0000] "GET /identity/v3/auth/tokens HTTP/1.1" 200 8226 "-" "python-keystoneclient"
199.19.213.137 - - [03/Apr/2026:03:06:56 +0000] "GET /networking/v2.0/ports?device_id=a16cb322-8295-42dd-b3d8-81867704c4f7 HTTP/1.1" 200 3974 "-" "python-neutronclient"
172.24.5.138 - - [03/Apr/2026:03:06:56 +0000] "GET /networking/ HTTP/1.1" 200 2910 "-" "openstack-cloud-controller-manager/v1.35.0 gophercloud/v2.8.0"
172.24.5.138 - - [03/Apr/2026:03:06:56 +0000] "GET /networking/v2.0/extensions HTTP/1.1" 200 18100 "-" "openstack-cloud-controller-manager/v1.35.0 gophercloud/v2.8.0"
172.24.5.138 - - [03/Apr/2026:03:06:57 +0000] "GET /networking/ HTTP/1.1" 200 2910 "-" "openstack-cloud-controller-manager/v1.35.0 gophercloud/v2.8.0"
199.19.213.137 - - [03/Apr/2026:03:06:57 +0000] "GET /networking/v2.0/ports?device_id=e3168e3e-19d4-40e5-941f-24a2ff4fde76 HTTP/1.1" 200 3710 "-" "python-neutronclient"
199.19.213.137 - - [03/Apr/2026:03:06:57 +0000] "GET /networking/v2.0/security-groups?id=f674cc4b-3e6a-4d04-90e6-a01050fa2690&fields=id&fields=name HTTP/1.1" 200 3016 "-" "python-neutronclient"
199.19.213.137 - - [03/Apr/2026:03:06:56 +0000] "GET /networking/v2.0/security-groups?id=dc04c68d-a333-4939-bd43-514a39bcb41d&fields=id&fields=name HTTP/1.1" 200 3010 "-" "python-neutronclient"
172.24.5.138 - - [03/Apr/2026:03:06:57 +0000] "GET /compute/v2.1/servers/detail?name=%5Ekube-3q0g0-qjd4s-x2skt%24 HTTP/1.1" 200 4581 "-" "openstack-cloud-controller-manager/v1.35.0 gophercloud/v2.8.0"
172.24.5.138 - - [03/Apr/2026:03:06:57 +0000] "GET /compute/v2.1/flavors/4 HTTP/1.1" 200 3412 "-" "openstack-cloud-controller-manager/v1.35.0 gophercloud/v2.8.0"
172.24.5.138 - - [03/Apr/2026:03:06:57 +0000] "GET /networking/v2.0/ports?device_id=e3168e3e-19d4-40e5-941f-24a2ff4fde76 HTTP/1.1" 200 3679 "-" "openstack-cloud-controller-manager/v1.35.0 gophercloud/v2.8.0"
172.18.0.2 - - [03/Apr/2026:03:06:57 +0000] "GET /compute/v2.1/ HTTP/1.1" 200 3432 "-" "cluster-api-provider-openstack/v0.12.4 gophercloud/v2.7.0"
199.19.213.137 - - [03/Apr/2026:03:06:57 +0000] "GET /networking/v2.0/ports?device_id=e3168e3e-19d4-40e5-941f-24a2ff4fde76 HTTP/1.1" 200 3710 "-" "python-neutronclient"
199.19.213.137 - - [03/Apr/2026:03:06:57 +0000] "GET /identity HTTP/1.1" 300 3232 "-" "openstacksdk/4.10.0 keystoneauth1/5.13.1 python-requests/2.32.5 CPython/3.12.3"
199.19.213.137 - - [03/Apr/2026:03:06:57 +0000] "POST /identity/v3/auth/tokens HTTP/1.1" 201 8058 "-" "openstacksdk/4.10.0 keystoneauth1/5.13.1 python-requests/2.32.5 CPython/3.12.3"
199.19.213.137 - - [03/Apr/2026:03:06:57 +0000] "GET /networking/v2.0/security-groups?id=f674cc4b-3e6a-4d04-90e6-a01050fa2690&fields=id&fields=name HTTP/1.1" 200 3016 "-" "python-neutronclient"
172.18.0.2 - - [03/Apr/2026:03:06:57 +0000] "GET /compute/v2.1/servers/e3168e3e-19d4-40e5-941f-24a2ff4fde76 HTTP/1.1" 200 4630 "-" "cluster-api-provider-openstack/v0.12.4 gophercloud/v2.7.0"
172.18.0.2 - - [03/Apr/2026:03:06:58 +0000] "GET /compute/v2.1/ HTTP/1.1" 200 3432 "-" "cluster-api-provider-openstack/v0.12.4 gophercloud/v2.7.0"
199.19.213.137 - - [03/Apr/2026:03:06:58 +0000] "GET /identity/v3/auth/tokens HTTP/1.1" 200 8053 "-" "python-keystoneclient"
199.19.213.137 - - [03/Apr/2026:03:06:58 +0000] "POST /identity/v3/auth/tokens HTTP/1.1" 201 7632 "-" "uwsgi keystoneauth1/5.13.1 python-requests/2.32.5 CPython/3.12.3"
199.19.213.137 - - [03/Apr/2026:03:06:58 +0000] "GET /networking/v2.0/ports?device_id=e3168e3e-19d4-40e5-941f-24a2ff4fde76 HTTP/1.1" 200 3710 "-" "python-neutronclient"
199.19.213.137 - - [03/Apr/2026:03:06:58 +0000] "POST /identity/v3/auth/tokens HTTP/1.1" 201 7632 "-" "uwsgi keystoneauth1/5.13.1 python-requests/2.32.5 CPython/3.12.3"
199.19.213.137 - - [03/Apr/2026:03:06:58 +0000] "GET /networking/v2.0/security-groups?id=f674cc4b-3e6a-4d04-90e6-a01050fa2690&fields=id&fields=name HTTP/1.1" 200 3016 "-" "python-neutronclient"
172.18.0.2 - - [03/Apr/2026:03:06:58 +0000] "GET /compute/v2.1/servers/e3168e3e-19d4-40e5-941f-24a2ff4fde76 HTTP/1.1" 200 4630 "-" "cluster-api-provider-openstack/v0.12.4 gophercloud/v2.7.0"
199.19.213.137 - - [03/Apr/2026:03:06:58 +0000] "POST /identity/v3/auth/tokens HTTP/1.1" 201 7632 "-" "uwsgi keystoneauth1/5.13.1 python-requests/2.32.5 CPython/3.12.3"
199.19.213.137 - - [03/Apr/2026:03:06:58 +0000] "GET /container-infra/v1/clusters/k8s-cluster HTTP/1.1" 200 4890 "-" "python-urllib3/2.6.3"
172.18.0.2 - - [03/Apr/2026:03:06:58 +0000] "GET /compute/v2.1/ HTTP/1.1" 200 3432 "-" "cluster-api-provider-openstack/v0.12.4 gophercloud/v2.7.0"
199.19.213.137 - - [03/Apr/2026:03:06:58 +0000] "GET /networking/v2.0/ports?device_id=e3168e3e-19d4-40e5-941f-24a2ff4fde76 HTTP/1.1" 200 3710 "-" "python-neutronclient"
199.19.213.137 - - [03/Apr/2026:03:06:58 +0000] "GET /networking/v2.0/security-groups?id=f674cc4b-3e6a-4d04-90e6-a01050fa2690&fields=id&fields=name HTTP/1.1" 200 3016 "-" "python-neutronclient"
172.18.0.2 - - [03/Apr/2026:03:06:58 +0000] "GET /compute/v2.1/servers/e3168e3e-19d4-40e5-941f-24a2ff4fde76 HTTP/1.1" 200 4630 "-" "cluster-api-provider-openstack/v0.12.4 gophercloud/v2.7.0"
199.19.213.137 - - [03/Apr/2026:03:07:05 +0000] "GET /identity HTTP/1.1" 300 3232 "-" "openstacksdk/4.10.0 keystoneauth1/5.13.1 python-requests/2.32.5 CPython/3.12.3"
199.19.213.137 - - [03/Apr/2026:03:07:05 +0000] "POST /identity/v3/auth/tokens HTTP/1.1" 201 8058 "-" "openstacksdk/4.10.0 keystoneauth1/5.13.1 python-requests/2.32.5 CPython/3.12.3"
199.19.213.137 - - [03/Apr/2026:03:07:05 +0000] "GET /identity/v3/auth/tokens HTTP/1.1" 200 8053 "-" "python-keystoneclient"
199.19.213.137 - - [03/Apr/2026:03:07:05 +0000] "POST /identity/v3/auth/tokens HTTP/1.1" 201 7632 "-" "uwsgi keystoneauth1/5.13.1 python-requests/2.32.5 CPython/3.12.3"
199.19.213.137 - - [03/Apr/2026:03:07:05 +0000] "POST /identity/v3/auth/tokens HTTP/1.1" 201 7632 "-" "uwsgi keystoneauth1/5.13.1 python-requests/2.32.5 CPython/3.12.3"
199.19.213.137 - - [03/Apr/2026:03:07:05 +0000] "POST /identity/v3/auth/tokens HTTP/1.1" 201 7632 "-" "uwsgi keystoneauth1/5.13.1 python-requests/2.32.5 CPython/3.12.3"
199.19.213.137 - - [03/Apr/2026:03:07:05 +0000] "GET /container-infra/v1/clusters/k8s-cluster HTTP/1.1" 200 4890 "-" "python-urllib3/2.6.3"
172.24.5.138 - - [03/Apr/2026:03:07:05 +0000] "GET /networking/ HTTP/1.1" 200 2910 "-" "openstack-cloud-controller-manager/v1.35.0 gophercloud/v2.8.0"
199.19.213.137 - - [03/Apr/2026:03:07:06 +0000] "GET /networking/v2.0/ports?device_id=0d5fdab7-8e60-43a0-aef8-607ba77d87f7 HTTP/1.1" 200 3732 "-" "python-neutronclient"
199.19.213.137 - - [03/Apr/2026:03:07:06 +0000] "GET /networking/v2.0/security-groups?id=dc04c68d-a333-4939-bd43-514a39bcb41d&fields=id&fields=name HTTP/1.1" 200 3010 "-" "python-neutronclient"
172.24.5.138 - - [03/Apr/2026:03:07:05 +0000] "GET /compute/v2.1/servers/detail?name=%5Ekube-3q0g0-default-worker-mptb7-64b75-n6x6k%24 HTTP/1.1" 200 4597 "-" "openstack-cloud-controller-manager/v1.35.0 gophercloud/v2.8.0"
172.24.5.138 - - [03/Apr/2026:03:07:06 +0000] "GET /compute/v2.1/flavors/4 HTTP/1.1" 200 3412 "-" "openstack-cloud-controller-manager/v1.35.0 gophercloud/v2.8.0"
172.24.5.138 - - [03/Apr/2026:03:07:06 +0000] "GET /networking/v2.0/ports?device_id=0d5fdab7-8e60-43a0-aef8-607ba77d87f7 HTTP/1.1" 200 3701 "-" "openstack-cloud-controller-manager/v1.35.0 gophercloud/v2.8.0"
172.18.0.2 - - [03/Apr/2026:03:07:06 +0000] "GET /compute/v2.1/ HTTP/1.1" 200 3432 "-" "cluster-api-provider-openstack/v0.12.4 gophercloud/v2.7.0"
199.19.213.137 - - [03/Apr/2026:03:07:06 +0000] "GET /networking/v2.0/ports?device_id=0d5fdab7-8e60-43a0-aef8-607ba77d87f7 HTTP/1.1" 200 3732 "-" "python-neutronclient"
172.24.5.138 - - [03/Apr/2026:03:07:06 +0000] "GET /networking/ HTTP/1.1" 200 2910 "-" "openstack-cloud-controller-manager/v1.35.0 gophercloud/v2.8.0"
199.19.213.137 - - [03/Apr/2026:03:07:06 +0000] "GET /networking/v2.0/security-groups?id=dc04c68d-a333-4939-bd43-514a39bcb41d&fields=id&fields=name HTTP/1.1" 200 3010 "-" "python-neutronclient"
172.18.0.2 - - [03/Apr/2026:03:07:06 +0000] "GET /compute/v2.1/servers/0d5fdab7-8e60-43a0-aef8-607ba77d87f7 HTTP/1.1" 200 4646 "-" "cluster-api-provider-openstack/v0.12.4 gophercloud/v2.7.0"
172.18.0.2 - - [03/Apr/2026:03:07:06 +0000] "GET /compute/v2.1/ HTTP/1.1" 200 3432 "-" "cluster-api-provider-openstack/v0.12.4 gophercloud/v2.7.0"
199.19.213.137 - - [03/Apr/2026:03:07:06 +0000] "GET /networking/v2.0/ports?device_id=0d5fdab7-8e60-43a0-aef8-607ba77d87f7 HTTP/1.1" 200 3732 "-" "python-neutronclient"
199.19.213.137 - - [03/Apr/2026:03:07:06 +0000] "GET /networking/v2.0/ports?device_id=0d5fdab7-8e60-43a0-aef8-607ba77d87f7 HTTP/1.1" 200 3732 "-" "python-neutronclient"
199.19.213.137 - - [03/Apr/2026:03:07:06 +0000] "GET /networking/v2.0/security-groups?id=dc04c68d-a333-4939-bd43-514a39bcb41d&fields=id&fields=name HTTP/1.1" 200 3010 "-" "python-neutronclient"
172.24.5.138 - - [03/Apr/2026:03:07:06 +0000] "GET /compute/v2.1/servers/0d5fdab7-8e60-43a0-aef8-607ba77d87f7 HTTP/1.1" 200 4594 "-" "openstack-cloud-controller-manager/v1.35.0 gophercloud/v2.8.0"
172.24.5.138 - - [03/Apr/2026:03:07:07 +0000] "GET /networking/ HTTP/1.1" 200 2910 "-" "openstack-cloud-controller-manager/v1.35.0 gophercloud/v2.8.0"
199.19.213.137 - - [03/Apr/2026:03:07:07 +0000] "GET /networking/v2.0/security-groups?id=dc04c68d-a333-4939-bd43-514a39bcb41d&fields=id&fields=name HTTP/1.1" 200 3010 "-" "python-neutronclient"
172.18.0.2 - - [03/Apr/2026:03:07:06 +0000] "GET /compute/v2.1/servers/0d5fdab7-8e60-43a0-aef8-607ba77d87f7 HTTP/1.1" 200 4646 "-" "cluster-api-provider-openstack/v0.12.4 gophercloud/v2.7.0"
199.19.213.137 - - [03/Apr/2026:03:07:07 +0000] "GET /networking/v2.0/ports?device_id=0d5fdab7-8e60-43a0-aef8-607ba77d87f7 HTTP/1.1" 200 3732 "-" "python-neutronclient"
199.19.213.137 - - [03/Apr/2026:03:07:07 +0000] "GET /networking/v2.0/security-groups?id=dc04c68d-a333-4939-bd43-514a39bcb41d&fields=id&fields=name HTTP/1.1" 200 3010 "-" "python-neutronclient"
172.24.5.138 - - [03/Apr/2026:03:07:07 +0000] "GET /compute/v2.1/servers/0d5fdab7-8e60-43a0-aef8-607ba77d87f7 HTTP/1.1" 200 4594 "-" "openstack-cloud-controller-manager/v1.35.0 gophercloud/v2.8.0"
172.24.5.138 - - [03/Apr/2026:03:07:08 +0000] "GET /networking/ HTTP/1.1" 200 2910 "-" "openstack-cloud-controller-manager/v1.35.0 gophercloud/v2.8.0"
199.19.213.137 - - [03/Apr/2026:03:07:08 +0000] "GET /networking/v2.0/ports?device_id=a16cb322-8295-42dd-b3d8-81867704c4f7 HTTP/1.1" 200 3732 "-" "python-neutronclient"
199.19.213.137 - - [03/Apr/2026:03:07:08 +0000] "GET /networking/v2.0/security-groups?id=dc04c68d-a333-4939-bd43-514a39bcb41d&fields=id&fields=name HTTP/1.1" 200 3010 "-" "python-neutronclient"
172.24.5.138 - - [03/Apr/2026:03:07:08 +0000] "GET /compute/v2.1/servers/detail?name=%5Ekube-3q0g0-default-worker-mptb7-64b75-85ffg%24 HTTP/1.1" 200 4597 "-" "openstack-cloud-controller-manager/v1.35.0 gophercloud/v2.8.0"
172.24.5.138 - - [03/Apr/2026:03:07:08 +0000] "GET /compute/v2.1/flavors/4 HTTP/1.1" 200 3412 "-" "openstack-cloud-controller-manager/v1.35.0 gophercloud/v2.8.0"
172.24.5.138 - - [03/Apr/2026:03:07:08 +0000] "GET /networking/v2.0/ports?device_id=a16cb322-8295-42dd-b3d8-81867704c4f7 HTTP/1.1" 200 3701 "-" "openstack-cloud-controller-manager/v1.35.0 gophercloud/v2.8.0"
172.18.0.2 - - [03/Apr/2026:03:07:08 +0000] "GET /compute/v2.1/ HTTP/1.1" 200 3432 "-" "cluster-api-provider-openstack/v0.12.4 gophercloud/v2.7.0"
199.19.213.137 - - [03/Apr/2026:03:07:08 +0000] "GET /networking/v2.0/ports?device_id=a16cb322-8295-42dd-b3d8-81867704c4f7 HTTP/1.1" 200 3732 "-" "python-neutronclient"
199.19.213.137 - - [03/Apr/2026:03:07:08 +0000] "GET /networking/v2.0/security-groups?id=dc04c68d-a333-4939-bd43-514a39bcb41d&fields=id&fields=name HTTP/1.1" 200 3010 "-" "python-neutronclient"
172.18.0.2 - - [03/Apr/2026:03:07:08 +0000] "GET /compute/v2.1/servers/a16cb322-8295-42dd-b3d8-81867704c4f7 HTTP/1.1" 200 4646 "-" "cluster-api-provider-openstack/v0.12.4 gophercloud/v2.7.0"
199.19.213.137 - - [03/Apr/2026:03:07:09 +0000] "GET /placement/resource_providers/a574a0e3-0c88-4fb4-8f6b-51a00eac04b5/allocations HTTP/1.1" 200 3302 "-" "nova-compute keystoneauth1/5.13.1 python-requests/2.32.5 CPython/3.12.3"
172.18.0.2 - - [03/Apr/2026:03:07:09 +0000] "GET /compute/v2.1/ HTTP/1.1" 200 3432 "-" "cluster-api-provider-openstack/v0.12.4 gophercloud/v2.7.0"
199.19.213.137 - - [03/Apr/2026:03:07:09 +0000] "GET /placement/resource_providers/a574a0e3-0c88-4fb4-8f6b-51a00eac04b5/allocations HTTP/1.1" 200 3302 "-" "nova-compute keystoneauth1/5.13.1 python-requests/2.32.5 CPython/3.12.3"
199.19.213.137 - - [03/Apr/2026:03:07:09 +0000] "GET /placement/allocations/0d5fdab7-8e60-43a0-aef8-607ba77d87f7 HTTP/1.1" 200 3275 "-" "nova-compute keystoneauth1/5.13.1 python-requests/2.32.5 CPython/3.12.3"
199.19.213.137 - - [03/Apr/2026:03:07:09 +0000] "GET /networking/v2.0/ports?device_id=a16cb322-8295-42dd-b3d8-81867704c4f7 HTTP/1.1" 200 3732 "-" "python-neutronclient"
199.19.213.137 - - [03/Apr/2026:03:07:09 +0000] "GET /placement/allocations/e3168e3e-19d4-40e5-941f-24a2ff4fde76 HTTP/1.1" 200 3275 "-" "nova-compute keystoneauth1/5.13.1 python-requests/2.32.5 CPython/3.12.3"
199.19.213.137 - - [03/Apr/2026:03:07:09 +0000] "GET /networking/v2.0/security-groups?id=dc04c68d-a333-4939-bd43-514a39bcb41d&fields=id&fields=name HTTP/1.1" 200 3010 "-" "python-neutronclient"
172.18.0.2 - - [03/Apr/2026:03:07:09 +0000] "GET /compute/v2.1/servers/a16cb322-8295-42dd-b3d8-81867704c4f7 HTTP/1.1" 200 4646 "-" "cluster-api-provider-openstack/v0.12.4 gophercloud/v2.7.0"
199.19.213.137 - - [03/Apr/2026:03:07:09 +0000] "GET /placement/allocations/a16cb322-8295-42dd-b3d8-81867704c4f7 HTTP/1.1" 200 3275 "-" "nova-compute keystoneauth1/5.13.1 python-requests/2.32.5 CPython/3.12.3"
199.19.213.137 - - [03/Apr/2026:03:07:12 +0000] "GET /identity HTTP/1.1" 300 3232 "-" "openstacksdk/4.10.0 keystoneauth1/5.13.1 python-requests/2.32.5 CPython/3.12.3"
199.19.213.137 - - [03/Apr/2026:03:07:12 +0000] "POST /identity/v3/auth/tokens HTTP/1.1" 201 8058 "-" "openstacksdk/4.10.0 keystoneauth1/5.13.1 python-requests/2.32.5 CPython/3.12.3"
172.24.5.138 - - [03/Apr/2026:03:07:12 +0000] "GET /networking/ HTTP/1.1" 200 2910 "-" "openstack-cloud-controller-manager/v1.35.0 gophercloud/v2.8.0"
199.19.213.137 - - [03/Apr/2026:03:07:12 +0000] "GET /networking/v2.0/ports?device_id=0d5fdab7-8e60-43a0-aef8-607ba77d87f7 HTTP/1.1" 200 3732 "-" "python-neutronclient"
199.19.213.137 - - [03/Apr/2026:03:07:12 +0000] "GET /identity/v3/auth/tokens HTTP/1.1" 200 8053 "-" "python-keystoneclient"
199.19.213.137 - - [03/Apr/2026:03:07:12 +0000] "POST /identity/v3/auth/tokens HTTP/1.1" 201 7632 "-" "uwsgi keystoneauth1/5.13.1 python-requests/2.32.5 CPython/3.12.3"
199.19.213.137 - - [03/Apr/2026:03:07:12 +0000] "GET /networking/v2.0/security-groups?id=dc04c68d-a333-4939-bd43-514a39bcb41d&fields=id&fields=name HTTP/1.1" 200 3010 "-" "python-neutronclient"
172.24.5.138 - - [03/Apr/2026:03:07:12 +0000] "GET /compute/v2.1/servers/0d5fdab7-8e60-43a0-aef8-607ba77d87f7 HTTP/1.1" 200 4594 "-" "openstack-cloud-controller-manager/v1.35.0 gophercloud/v2.8.0"
172.24.5.138 - - [03/Apr/2026:03:07:12 +0000] "GET /networking/ HTTP/1.1" 200 2910 "-" "openstack-cloud-controller-manager/v1.35.0 gophercloud/v2.8.0"
199.19.213.137 - - [03/Apr/2026:03:07:12 +0000] "POST /identity/v3/auth/tokens HTTP/1.1" 201 7632 "-" "uwsgi keystoneauth1/5.13.1 python-requests/2.32.5 CPython/3.12.3"
199.19.213.137 - - [03/Apr/2026:03:07:12 +0000] "POST /identity/v3/auth/tokens HTTP/1.1" 201 7632 "-" "uwsgi keystoneauth1/5.13.1 python-requests/2.32.5 CPython/3.12.3"
199.19.213.137 - - [03/Apr/2026:03:07:12 +0000] "GET /container-infra/v1/clusters/k8s-cluster HTTP/1.1" 200 4890 "-" "python-urllib3/2.6.3"
199.19.213.137 - - [03/Apr/2026:03:07:12 +0000] "GET /networking/v2.0/ports?device_id=0d5fdab7-8e60-43a0-aef8-607ba77d87f7 HTTP/1.1" 200 3732 "-" "python-neutronclient"
199.19.213.137 - - [03/Apr/2026:03:07:12 +0000] "GET /networking/v2.0/security-groups?id=dc04c68d-a333-4939-bd43-514a39bcb41d&fields=id&fields=name HTTP/1.1" 200 3010 "-" "python-neutronclient"
172.24.5.138 - - [03/Apr/2026:03:07:12 +0000] "GET /compute/v2.1/servers/0d5fdab7-8e60-43a0-aef8-607ba77d87f7 HTTP/1.1" 200 4594 "-" "openstack-cloud-controller-manager/v1.35.0 gophercloud/v2.8.0"
172.24.5.138 - - [03/Apr/2026:03:07:12 +0000] "GET /networking/ HTTP/1.1" 200 2910 "-" "openstack-cloud-controller-manager/v1.35.0 gophercloud/v2.8.0"
199.19.213.137 - - [03/Apr/2026:03:07:13 +0000] "GET /networking/v2.0/ports?device_id=a16cb322-8295-42dd-b3d8-81867704c4f7 HTTP/1.1" 200 3732 "-" "python-neutronclient"
199.19.213.137 - - [03/Apr/2026:03:07:13 +0000] "GET /networking/v2.0/security-groups?id=dc04c68d-a333-4939-bd43-514a39bcb41d&fields=id&fields=name HTTP/1.1" 200 3010 "-" "python-neutronclient"
172.24.5.138 - - [03/Apr/2026:03:07:12 +0000] "GET /compute/v2.1/servers/a16cb322-8295-42dd-b3d8-81867704c4f7 HTTP/1.1" 200 4594 "-" "openstack-cloud-controller-manager/v1.35.0 gophercloud/v2.8.0"
172.24.5.138 - - [03/Apr/2026:03:07:13 +0000] "GET /networking/ HTTP/1.1" 200 2910 "-" "openstack-cloud-controller-manager/v1.35.0 gophercloud/v2.8.0"
199.19.213.137 - - [03/Apr/2026:03:07:13 +0000] "GET /networking/v2.0/ports?device_id=a16cb322-8295-42dd-b3d8-81867704c4f7 HTTP/1.1" 200 3732 "-" "python-neutronclient"
199.19.213.137 - - [03/Apr/2026:03:07:13 +0000] "GET /networking/v2.0/security-groups?id=dc04c68d-a333-4939-bd43-514a39bcb41d&fields=id&fields=name HTTP/1.1" 200 3010 "-" "python-neutronclient"
172.24.5.138 - - [03/Apr/2026:03:07:13 +0000] "GET /compute/v2.1/servers/a16cb322-8295-42dd-b3d8-81867704c4f7 HTTP/1.1" 200 4594 "-" "openstack-cloud-controller-manager/v1.35.0 gophercloud/v2.8.0"
172.24.5.138 - - [03/Apr/2026:03:07:14 +0000] "GET /identity/ HTTP/1.1" 300 3201 "-" "cinder-csi-plugin/v1.32.0 gophercloud/v2.5.0"
172.24.5.138 - - [03/Apr/2026:03:07:14 +0000] "POST /identity/v3/auth/tokens HTTP/1.1" 201 8200 "-" "cinder-csi-plugin/v1.32.0 gophercloud/v2.5.0"
199.19.213.137 - - [03/Apr/2026:03:07:15 +0000] "GET /identity/v3/auth/tokens HTTP/1.1" 200 8226 "-" "python-keystoneclient"
172.24.5.138 - - [03/Apr/2026:03:07:15 +0000] "GET /volume/v3/volumes/detail HTTP/1.1" 200 2988 "-" "cinder-csi-plugin/v1.32.0 gophercloud/v2.5.0"
172.18.0.2 - - [03/Apr/2026:03:07:16 +0000] "GET /compute/v2.1/ HTTP/1.1" 200 3432 "-" "cluster-api-provider-openstack/v0.12.4 gophercloud/v2.7.0"
199.19.213.137 - - [03/Apr/2026:03:07:16 +0000] "GET /networking/v2.0/ports?device_id=0d5fdab7-8e60-43a0-aef8-607ba77d87f7 HTTP/1.1" 200 3732 "-" "python-neutronclient"
199.19.213.137 - - [03/Apr/2026:03:07:16 +0000] "GET /networking/v2.0/security-groups?id=dc04c68d-a333-4939-bd43-514a39bcb41d&fields=id&fields=name HTTP/1.1" 200 3010 "-" "python-neutronclient"
172.18.0.2 - - [03/Apr/2026:03:07:16 +0000] "GET /compute/v2.1/servers/0d5fdab7-8e60-43a0-aef8-607ba77d87f7 HTTP/1.1" 200 4646 "-" "cluster-api-provider-openstack/v0.12.4 gophercloud/v2.7.0"
172.18.0.2 - - [03/Apr/2026:03:07:18 +0000] "GET /compute/v2.1/ HTTP/1.1" 200 3432 "-" "cluster-api-provider-openstack/v0.12.4 gophercloud/v2.7.0"
199.19.213.137 - - [03/Apr/2026:03:07:18 +0000] "GET /networking/v2.0/ports?device_id=a16cb322-8295-42dd-b3d8-81867704c4f7 HTTP/1.1" 200 3732 "-" "python-neutronclient"
199.19.213.137 - - [03/Apr/2026:03:07:18 +0000] "GET /networking/v2.0/security-groups?id=dc04c68d-a333-4939-bd43-514a39bcb41d&fields=id&fields=name HTTP/1.1" 200 3010 "-" "python-neutronclient"
172.18.0.2 - - [03/Apr/2026:03:07:18 +0000] "GET /compute/v2.1/servers/a16cb322-8295-42dd-b3d8-81867704c4f7 HTTP/1.1" 200 4646 "-" "cluster-api-provider-openstack/v0.12.4 gophercloud/v2.7.0"
172.24.5.138 - - [03/Apr/2026:03:07:18 +0000] "GET /networking/ HTTP/1.1" 200 2910 "-" "openstack-cloud-controller-manager/v1.35.0 gophercloud/v2.8.0"
199.19.213.137 - - [03/Apr/2026:03:07:18 +0000] "GET /networking/v2.0/ports?device_id=0d5fdab7-8e60-43a0-aef8-607ba77d87f7 HTTP/1.1" 200 3732 "-" "python-neutronclient"
199.19.213.137 - - [03/Apr/2026:03:07:19 +0000] "GET /networking/v2.0/security-groups?id=dc04c68d-a333-4939-bd43-514a39bcb41d&fields=id&fields=name HTTP/1.1" 200 3010 "-" "python-neutronclient"
172.24.5.138 - - [03/Apr/2026:03:07:18 +0000] "GET /compute/v2.1/servers/0d5fdab7-8e60-43a0-aef8-607ba77d87f7 HTTP/1.1" 200 4594 "-" "openstack-cloud-controller-manager/v1.35.0 gophercloud/v2.8.0"
172.24.5.138 - - [03/Apr/2026:03:07:19 +0000] "GET /networking/ HTTP/1.1" 200 2910 "-" "openstack-cloud-controller-manager/v1.35.0 gophercloud/v2.8.0"
199.19.213.137 - - [03/Apr/2026:03:07:19 +0000] "GET /networking/v2.0/ports?device_id=0d5fdab7-8e60-43a0-aef8-607ba77d87f7 HTTP/1.1" 200 3732 "-" "python-neutronclient"
199.19.213.137 - - [03/Apr/2026:03:07:19 +0000] "GET /identity HTTP/1.1" 300 3232 "-" "openstacksdk/4.10.0 keystoneauth1/5.13.1 python-requests/2.32.5 CPython/3.12.3"
199.19.213.137 - - [03/Apr/2026:03:07:19 +0000] "POST /identity/v3/auth/tokens HTTP/1.1" 201 8058 "-" "openstacksdk/4.10.0 keystoneauth1/5.13.1 python-requests/2.32.5 CPython/3.12.3"
199.19.213.137 - - [03/Apr/2026:03:07:19 +0000] "GET /networking/v2.0/security-groups?id=dc04c68d-a333-4939-bd43-514a39bcb41d&fields=id&fields=name HTTP/1.1" 200 3010 "-" "python-neutronclient"
172.24.5.138 - - [03/Apr/2026:03:07:19 +0000] "GET /compute/v2.1/servers/0d5fdab7-8e60-43a0-aef8-607ba77d87f7 HTTP/1.1" 200 4594 "-" "openstack-cloud-controller-manager/v1.35.0 gophercloud/v2.8.0"
172.24.5.138 - - [03/Apr/2026:03:07:19 +0000] "GET /networking/ HTTP/1.1" 200 2910 "-" "openstack-cloud-controller-manager/v1.35.0 gophercloud/v2.8.0"
199.19.213.137 - - [03/Apr/2026:03:07:19 +0000] "GET /networking/v2.0/ports?device_id=a16cb322-8295-42dd-b3d8-81867704c4f7 HTTP/1.1" 200 3732 "-" "python-neutronclient"
199.19.213.137 - - [03/Apr/2026:03:07:19 +0000] "GET /networking/v2.0/security-groups?id=dc04c68d-a333-4939-bd43-514a39bcb41d&fields=id&fields=name HTTP/1.1" 200 3010 "-" "python-neutronclient"
172.24.5.138 - - [03/Apr/2026:03:07:19 +0000] "GET /compute/v2.1/servers/a16cb322-8295-42dd-b3d8-81867704c4f7 HTTP/1.1" 200 4594 "-" "openstack-cloud-controller-manager/v1.35.0 gophercloud/v2.8.0"
199.19.213.137 - - [03/Apr/2026:03:07:19 +0000] "GET /identity/v3/auth/tokens HTTP/1.1" 200 8053 "-" "python-keystoneclient"
172.24.5.138 - - [03/Apr/2026:03:07:19 +0000] "GET /networking/ HTTP/1.1" 200 2910 "-" "openstack-cloud-controller-manager/v1.35.0 gophercloud/v2.8.0"
199.19.213.137 - - [03/Apr/2026:03:07:19 +0000] "POST /identity/v3/auth/tokens HTTP/1.1" 201 7632 "-" "uwsgi keystoneauth1/5.13.1 python-requests/2.32.5 CPython/3.12.3"
199.19.213.137 - - [03/Apr/2026:03:07:19 +0000] "POST /identity/v3/auth/tokens HTTP/1.1" 201 7632 "-" "uwsgi keystoneauth1/5.13.1 python-requests/2.32.5 CPython/3.12.3"
199.19.213.137 - - [03/Apr/2026:03:07:19 +0000] "POST /identity/v3/auth/tokens HTTP/1.1" 201 7632 "-" "uwsgi keystoneauth1/5.13.1 python-requests/2.32.5 CPython/3.12.3"
199.19.213.137 - - [03/Apr/2026:03:07:19 +0000] "GET /container-infra/v1/clusters/k8s-cluster HTTP/1.1" 200 4890 "-" "python-urllib3/2.6.3"
199.19.213.137 - - [03/Apr/2026:03:07:19 +0000] "GET /networking/v2.0/ports?device_id=a16cb322-8295-42dd-b3d8-81867704c4f7 HTTP/1.1" 200 3732 "-" "python-neutronclient"
199.19.213.137 - - [03/Apr/2026:03:07:19 +0000] "GET /networking/v2.0/security-groups?id=dc04c68d-a333-4939-bd43-514a39bcb41d&fields=id&fields=name HTTP/1.1" 200 3010 "-" "python-neutronclient"
172.24.5.138 - - [03/Apr/2026:03:07:19 +0000] "GET /compute/v2.1/servers/a16cb322-8295-42dd-b3d8-81867704c4f7 HTTP/1.1" 200 4594 "-" "openstack-cloud-controller-manager/v1.35.0 gophercloud/v2.8.0"
172.24.5.138 - - [03/Apr/2026:03:07:25 +0000] "GET /networking/ HTTP/1.1" 200 2910 "-" "openstack-cloud-controller-manager/v1.35.0 gophercloud/v2.8.0"
199.19.213.137 - - [03/Apr/2026:03:07:25 +0000] "GET /networking/v2.0/ports?device_id=0d5fdab7-8e60-43a0-aef8-607ba77d87f7 HTTP/1.1" 200 3732 "-" "python-neutronclient"
199.19.213.137 - - [03/Apr/2026:03:07:25 +0000] "GET /networking/v2.0/security-groups?id=dc04c68d-a333-4939-bd43-514a39bcb41d&fields=id&fields=name HTTP/1.1" 200 3010 "-" "python-neutronclient"
172.24.5.138 - - [03/Apr/2026:03:07:25 +0000] "GET /compute/v2.1/servers/0d5fdab7-8e60-43a0-aef8-607ba77d87f7 HTTP/1.1" 200 4594 "-" "openstack-cloud-controller-manager/v1.35.0 gophercloud/v2.8.0"
172.24.5.138 - - [03/Apr/2026:03:07:25 +0000] "GET /networking/ HTTP/1.1" 200 2910 "-" "openstack-cloud-controller-manager/v1.35.0 gophercloud/v2.8.0"
199.19.213.137 - - [03/Apr/2026:03:07:25 +0000] "GET /networking/v2.0/ports?device_id=0d5fdab7-8e60-43a0-aef8-607ba77d87f7 HTTP/1.1" 200 3732 "-" "python-neutronclient"
199.19.213.137 - - [03/Apr/2026:03:07:25 +0000] "GET /networking/v2.0/security-groups?id=dc04c68d-a333-4939-bd43-514a39bcb41d&fields=id&fields=name HTTP/1.1" 200 3010 "-" "python-neutronclient"
172.24.5.138 - - [03/Apr/2026:03:07:25 +0000] "GET /compute/v2.1/servers/0d5fdab7-8e60-43a0-aef8-607ba77d87f7 HTTP/1.1" 200 4594 "-" "openstack-cloud-controller-manager/v1.35.0 gophercloud/v2.8.0"
172.24.5.138 - - [03/Apr/2026:03:07:25 +0000] "GET /networking/ HTTP/1.1" 200 2910 "-" "openstack-cloud-controller-manager/v1.35.0 gophercloud/v2.8.0"
199.19.213.137 - - [03/Apr/2026:03:07:25 +0000] "GET /networking/v2.0/ports?device_id=a16cb322-8295-42dd-b3d8-81867704c4f7 HTTP/1.1" 200 3732 "-" "python-neutronclient"
199.19.213.137 - - [03/Apr/2026:03:07:25 +0000] "GET /networking/v2.0/security-groups?id=dc04c68d-a333-4939-bd43-514a39bcb41d&fields=id&fields=name HTTP/1.1" 200 3010 "-" "python-neutronclient"
172.24.5.138 - - [03/Apr/2026:03:07:25 +0000] "GET /compute/v2.1/servers/a16cb322-8295-42dd-b3d8-81867704c4f7 HTTP/1.1" 200 4594 "-" "openstack-cloud-controller-manager/v1.35.0 gophercloud/v2.8.0"
172.24.5.138 - - [03/Apr/2026:03:07:26 +0000] "GET /networking/ HTTP/1.1" 200 2910 "-" "openstack-cloud-controller-manager/v1.35.0 gophercloud/v2.8.0"
199.19.213.137 - - [03/Apr/2026:03:07:26 +0000] "GET /networking/v2.0/ports?device_id=a16cb322-8295-42dd-b3d8-81867704c4f7 HTTP/1.1" 200 3732 "-" "python-neutronclient"
199.19.213.137 - - [03/Apr/2026:03:07:26 +0000] "GET /networking/v2.0/security-groups?id=dc04c68d-a333-4939-bd43-514a39bcb41d&fields=id&fields=name HTTP/1.1" 200 3010 "-" "python-neutronclient"
172.24.5.138 - - [03/Apr/2026:03:07:26 +0000] "GET /compute/v2.1/servers/a16cb322-8295-42dd-b3d8-81867704c4f7 HTTP/1.1" 200 4594 "-" "openstack-cloud-controller-manager/v1.35.0 gophercloud/v2.8.0"
199.19.213.137 - - [03/Apr/2026:03:07:26 +0000] "GET /identity HTTP/1.1" 300 3232 "-" "openstacksdk/4.10.0 keystoneauth1/5.13.1 python-requests/2.32.5 CPython/3.12.3"
199.19.213.137 - - [03/Apr/2026:03:07:26 +0000] "POST /identity/v3/auth/tokens HTTP/1.1" 201 8058 "-" "openstacksdk/4.10.0 keystoneauth1/5.13.1 python-requests/2.32.5 CPython/3.12.3"
199.19.213.137 - - [03/Apr/2026:03:07:26 +0000] "GET /identity/v3/auth/tokens HTTP/1.1" 200 8053 "-" "python-keystoneclient"
199.19.213.137 - - [03/Apr/2026:03:07:26 +0000] "POST /identity/v3/auth/tokens HTTP/1.1" 201 7632 "-" "uwsgi keystoneauth1/5.13.1 python-requests/2.32.5 CPython/3.12.3"
199.19.213.137 - - [03/Apr/2026:03:07:26 +0000] "POST /identity/v3/auth/tokens HTTP/1.1" 201 7632 "-" "uwsgi keystoneauth1/5.13.1 python-requests/2.32.5 CPython/3.12.3"
199.19.213.137 - - [03/Apr/2026:03:07:26 +0000] "POST /identity/v3/auth/tokens HTTP/1.1" 201 7632 "-" "uwsgi keystoneauth1/5.13.1 python-requests/2.32.5 CPython/3.12.3"
199.19.213.137 - - [03/Apr/2026:03:07:26 +0000] "GET /container-infra/v1/clusters/k8s-cluster HTTP/1.1" 200 4889 "-" "python-urllib3/2.6.3"
172.18.0.2 - - [03/Apr/2026:03:07:29 +0000] "GET /compute/v2.1/ HTTP/1.1" 200 3432 "-" "cluster-api-provider-openstack/v0.12.4 gophercloud/v2.7.0"
199.19.213.137 - - [03/Apr/2026:03:07:29 +0000] "GET /identity/v3/auth/tokens HTTP/1.1" 200 8226 "-" "python-keystoneclient"
199.19.213.137 - - [03/Apr/2026:03:07:29 +0000] "GET /networking/v2.0/ports?device_id=0d5fdab7-8e60-43a0-aef8-607ba77d87f7 HTTP/1.1" 200 3732 "-" "python-neutronclient"
199.19.213.137 - - [03/Apr/2026:03:07:29 +0000] "GET /networking/v2.0/security-groups?id=dc04c68d-a333-4939-bd43-514a39bcb41d&fields=id&fields=name HTTP/1.1" 200 3010 "-" "python-neutronclient"
172.18.0.2 - - [03/Apr/2026:03:07:29 +0000] "GET /compute/v2.1/servers/0d5fdab7-8e60-43a0-aef8-607ba77d87f7 HTTP/1.1" 200 4646 "-" "cluster-api-provider-openstack/v0.12.4 gophercloud/v2.7.0"
172.18.0.2 - - [03/Apr/2026:03:07:29 +0000] "GET /compute/v2.1/ HTTP/1.1" 200 3432 "-" "cluster-api-provider-openstack/v0.12.4 gophercloud/v2.7.0"
199.19.213.137 - - [03/Apr/2026:03:07:29 +0000] "GET /networking/v2.0/ports?device_id=0d5fdab7-8e60-43a0-aef8-607ba77d87f7 HTTP/1.1" 200 3732 "-" "python-neutronclient"
199.19.213.137 - - [03/Apr/2026:03:07:29 +0000] "GET /networking/v2.0/security-groups?id=dc04c68d-a333-4939-bd43-514a39bcb41d&fields=id&fields=name HTTP/1.1" 200 3010 "-" "python-neutronclient"
172.18.0.2 - - [03/Apr/2026:03:07:29 +0000] "GET /compute/v2.1/servers/0d5fdab7-8e60-43a0-aef8-607ba77d87f7 HTTP/1.1" 200 4646 "-" "cluster-api-provider-openstack/v0.12.4 gophercloud/v2.7.0"
172.24.5.138 - - [03/Apr/2026:03:07:31 +0000] "GET /networking/ HTTP/1.1" 200 2910 "-" "openstack-cloud-controller-manager/v1.35.0 gophercloud/v2.8.0"
199.19.213.137 - - [03/Apr/2026:03:07:31 +0000] "GET /networking/v2.0/ports?device_id=a16cb322-8295-42dd-b3d8-81867704c4f7 HTTP/1.1" 200 3732 "-" "python-neutronclient"
199.19.213.137 - - [03/Apr/2026:03:07:31 +0000] "GET /networking/v2.0/security-groups?id=dc04c68d-a333-4939-bd43-514a39bcb41d&fields=id&fields=name HTTP/1.1" 200 3010 "-" "python-neutronclient"
172.24.5.138 - - [03/Apr/2026:03:07:31 +0000] "GET /compute/v2.1/servers/a16cb322-8295-42dd-b3d8-81867704c4f7 HTTP/1.1" 200 4594 "-" "openstack-cloud-controller-manager/v1.35.0 gophercloud/v2.8.0"
172.24.5.138 - - [03/Apr/2026:03:07:31 +0000] "GET /networking/ HTTP/1.1" 200 2910 "-" "openstack-cloud-controller-manager/v1.35.0 gophercloud/v2.8.0"
199.19.213.137 - - [03/Apr/2026:03:07:31 +0000] "GET /networking/v2.0/ports?device_id=a16cb322-8295-42dd-b3d8-81867704c4f7 HTTP/1.1" 200 3732 "-" "python-neutronclient"
199.19.213.137 - - [03/Apr/2026:03:07:31 +0000] "GET /networking/v2.0/security-groups?id=dc04c68d-a333-4939-bd43-514a39bcb41d&fields=id&fields=name HTTP/1.1" 200 3010 "-" "python-neutronclient"
172.24.5.138 - - [03/Apr/2026:03:07:31 +0000] "GET /compute/v2.1/servers/a16cb322-8295-42dd-b3d8-81867704c4f7 HTTP/1.1" 200 4594 "-" "openstack-cloud-controller-manager/v1.35.0 gophercloud/v2.8.0"
172.18.0.2 - - [03/Apr/2026:03:07:32 +0000] "GET /compute/v2.1/ HTTP/1.1" 200 3432 "-" "cluster-api-provider-openstack/v0.12.4 gophercloud/v2.7.0"
199.19.213.137 - - [03/Apr/2026:03:07:32 +0000] "GET /networking/v2.0/ports?device_id=a16cb322-8295-42dd-b3d8-81867704c4f7 HTTP/1.1" 200 3732 "-" "python-neutronclient"
199.19.213.137 - - [03/Apr/2026:03:07:32 +0000] "GET /networking/v2.0/security-groups?id=dc04c68d-a333-4939-bd43-514a39bcb41d&fields=id&fields=name HTTP/1.1" 200 3010 "-" "python-neutronclient"
172.18.0.2 - - [03/Apr/2026:03:07:32 +0000] "GET /compute/v2.1/servers/a16cb322-8295-42dd-b3d8-81867704c4f7 HTTP/1.1" 200 4646 "-" "cluster-api-provider-openstack/v0.12.4 gophercloud/v2.7.0"
172.18.0.2 - - [03/Apr/2026:03:07:32 +0000] "GET /compute/v2.1/ HTTP/1.1" 200 3432 "-" "cluster-api-provider-openstack/v0.12.4 gophercloud/v2.7.0"
199.19.213.137 - - [03/Apr/2026:03:07:32 +0000] "GET /networking/v2.0/ports?device_id=a16cb322-8295-42dd-b3d8-81867704c4f7 HTTP/1.1" 200 3732 "-" "python-neutronclient"
199.19.213.137 - - [03/Apr/2026:03:07:33 +0000] "GET /networking/v2.0/security-groups?id=dc04c68d-a333-4939-bd43-514a39bcb41d&fields=id&fields=name HTTP/1.1" 200 3010 "-" "python-neutronclient"
172.18.0.2 - - [03/Apr/2026:03:07:32 +0000] "GET /compute/v2.1/servers/a16cb322-8295-42dd-b3d8-81867704c4f7 HTTP/1.1" 200 4646 "-" "cluster-api-provider-openstack/v0.12.4 gophercloud/v2.7.0"
199.19.213.137 - - [03/Apr/2026:03:07:33 +0000] "GET /identity HTTP/1.1" 300 3232 "-" "openstacksdk/4.10.0 keystoneauth1/5.13.1 python-requests/2.32.5 CPython/3.12.3"
199.19.213.137 - - [03/Apr/2026:03:07:33 +0000] "POST /identity/v3/auth/tokens HTTP/1.1" 201 8058 "-" "openstacksdk/4.10.0 keystoneauth1/5.13.1 python-requests/2.32.5 CPython/3.12.3"
199.19.213.137 - - [03/Apr/2026:03:07:34 +0000] "GET /identity/v3/auth/tokens HTTP/1.1" 200 8053 "-" "python-keystoneclient"
199.19.213.137 - - [03/Apr/2026:03:07:34 +0000] "POST /identity/v3/auth/tokens HTTP/1.1" 201 7632 "-" "uwsgi keystoneauth1/5.13.1 python-requests/2.32.5 CPython/3.12.3"
199.19.213.137 - - [03/Apr/2026:03:07:34 +0000] "POST /identity/v3/auth/tokens HTTP/1.1" 201 7632 "-" "uwsgi keystoneauth1/5.13.1 python-requests/2.32.5 CPython/3.12.3"
199.19.213.137 - - [03/Apr/2026:03:07:34 +0000] "POST /identity/v3/auth/tokens HTTP/1.1" 201 7632 "-" "uwsgi keystoneauth1/5.13.1 python-requests/2.32.5 CPython/3.12.3"
199.19.213.137 - - [03/Apr/2026:03:07:34 +0000] "GET /container-infra/v1/clusters/k8s-cluster HTTP/1.1" 200 4889 "-" "python-urllib3/2.6.3"
199.19.213.137 - - [03/Apr/2026:03:07:37 +0000] "GET /networking/v2.0/ports?device_id=a16cb322-8295-42dd-b3d8-81867704c4f7 HTTP/1.1" 200 3974 "-" "python-neutronclient"
199.19.213.137 - - [03/Apr/2026:03:07:37 +0000] "GET /networking/v2.0/security-groups?id=dc04c68d-a333-4939-bd43-514a39bcb41d&fields=id&fields=name HTTP/1.1" 200 3010 "-" "python-neutronclient"
199.19.213.137 - - [03/Apr/2026:03:07:39 +0000] "GET /networking/v2.0/ports?device_id=0d5fdab7-8e60-43a0-aef8-607ba77d87f7 HTTP/1.1" 200 3974 "-" "python-neutronclient"
199.19.213.137 - - [03/Apr/2026:03:07:39 +0000] "GET /networking/v2.0/security-groups?id=dc04c68d-a333-4939-bd43-514a39bcb41d&fields=id&fields=name HTTP/1.1" 200 3010 "-" "python-neutronclient"
199.19.213.137 - - [03/Apr/2026:03:07:40 +0000] "GET /identity HTTP/1.1" 300 3232 "-" "openstacksdk/4.10.0 keystoneauth1/5.13.1 python-requests/2.32.5 CPython/3.12.3"
199.19.213.137 - - [03/Apr/2026:03:07:40 +0000] "POST /identity/v3/auth/tokens HTTP/1.1" 201 8058 "-" "openstacksdk/4.10.0 keystoneauth1/5.13.1 python-requests/2.32.5 CPython/3.12.3"
199.19.213.137 - - [03/Apr/2026:03:07:41 +0000] "GET /identity/v3/auth/tokens HTTP/1.1" 200 8053 "-" "python-keystoneclient"
199.19.213.137 - - [03/Apr/2026:03:07:41 +0000] "POST /identity/v3/auth/tokens HTTP/1.1" 201 7632 "-" "uwsgi keystoneauth1/5.13.1 python-requests/2.32.5 CPython/3.12.3"
199.19.213.137 - - [03/Apr/2026:03:07:41 +0000] "POST /identity/v3/auth/tokens HTTP/1.1" 201 7632 "-" "uwsgi keystoneauth1/5.13.1 python-requests/2.32.5 CPython/3.12.3"
199.19.213.137 - - [03/Apr/2026:03:07:41 +0000] "POST /identity/v3/auth/tokens HTTP/1.1" 201 7632 "-" "uwsgi keystoneauth1/5.13.1 python-requests/2.32.5 CPython/3.12.3"
199.19.213.137 - - [03/Apr/2026:03:07:41 +0000] "GET /container-infra/v1/clusters/k8s-cluster HTTP/1.1" 200 4664 "-" "python-urllib3/2.6.3"
199.19.213.137 - - [03/Apr/2026:03:07:42 +0000] "GET /identity HTTP/1.1" 300 3232 "-" "openstacksdk/4.10.0 keystoneauth1/5.13.1 python-requests/2.32.5 CPython/3.12.3"
199.19.213.137 - - [03/Apr/2026:03:07:42 +0000] "POST /identity/v3/auth/tokens HTTP/1.1" 201 8058 "-" "openstacksdk/4.10.0 keystoneauth1/5.13.1 python-requests/2.32.5 CPython/3.12.3"
199.19.213.137 - - [03/Apr/2026:03:07:43 +0000] "GET /identity/v3/auth/tokens HTTP/1.1" 200 8053 "-" "python-keystoneclient"
199.19.213.137 - - [03/Apr/2026:03:07:43 +0000] "POST /identity/v3/auth/tokens HTTP/1.1" 201 7632 "-" "uwsgi keystoneauth1/5.13.1 python-requests/2.32.5 CPython/3.12.3"
199.19.213.137 - - [03/Apr/2026:03:07:43 +0000] "POST /identity/v3/auth/tokens HTTP/1.1" 201 7632 "-" "uwsgi keystoneauth1/5.13.1 python-requests/2.32.5 CPython/3.12.3"
199.19.213.137 - - [03/Apr/2026:03:07:43 +0000] "POST /identity/v3/auth/tokens HTTP/1.1" 201 7632 "-" "uwsgi keystoneauth1/5.13.1 python-requests/2.32.5 CPython/3.12.3"
199.19.213.137 - - [03/Apr/2026:03:07:43 +0000] "GET /container-infra/v1/clusters/k8s-cluster HTTP/1.1" 200 4664 "-" "python-urllib3/2.6.3"
