2026-08-22 11:52:09.242 7 INFO neutron_taas.services.taas.taas_plugin [None req-7002a44b-a89f-498d-bf3a-04c62cc929e7 b9c4523fc20c4634bcad9db6eec71a7a 0f6650396d7342cf96882aac825b3457 - - default default] TaaS: Handle Delete Port: 71ca9251-bccf-46cb-a630-292738eea5fb
2026-08-22 11:52:09.246 7 INFO neutron_taas.services.taas.tap_mirror_plugin [None req-7002a44b-a89f-498d-bf3a-04c62cc929e7 b9c4523fc20c4634bcad9db6eec71a7a 0f6650396d7342cf96882aac825b3457 - - default default] Tap Mirror: Handle Delete Port: 71ca9251-bccf-46cb-a630-292738eea5fb
2026-08-22 11:52:09.365 8 INFO neutron.plugins.ml2.drivers.ovn.mech_driver.ovsdb.commands [None req-ec880f2e-b786-42dd-8487-cbccdb44f226 - - - - - -] Schedule LRP lrp-b7b336cb-f4f7-4c6e-b4ac-b73c5703bd17 on gateway 6f214bc7-a67c-42c5-9004-92397c10799d with priority 1
2026-08-22 11:52:09.421 8 INFO neutron.plugins.ml2.drivers.ovn.mech_driver.mech_driver [None req-5785186a-c437-47ac-89ea-999ab9beeb6f - - - - - -] OVN reports status up for port: b7b336cb-f4f7-4c6e-b4ac-b73c5703bd17
2026-08-22 11:52:09.425 8 INFO neutron.plugins.ml2.drivers.ovn.mech_driver.ovsdb.ovsdb_monitor [None req-0aeb1650-68fa-493e-92df-8fbfb6c4ba97 - - - - - -] Router 880ac87a-bdeb-479b-9927-0d22fc18c91b is bound to host instance
2026-08-22 11:52:09.520 8 INFO neutron.plugins.ml2.plugin [None req-5785186a-c437-47ac-89ea-999ab9beeb6f - - - - - -] Attempt 1 to provision port b7b336cb-f4f7-4c6e-b4ac-b73c5703bd17
2026-08-22 11:52:09.559 8 INFO neutron.db.ovn_revision_numbers_db [None req-c341bd16-8c9d-45ec-9c63-f2ea5617f21b b9c4523fc20c4634bcad9db6eec71a7a 0f6650396d7342cf96882aac825b3457 - - default default] Successfully bumped revision number for resource b7b336cb-f4f7-4c6e-b4ac-b73c5703bd17 (type: router_ports) to 1 [pid: 7|app: 0|req: 807/1689] 10.0.0.71 () {32 vars in 723 bytes} [Sat Aug 22 11:52:08 2026] DELETE /v2.0/routers/2d4d3d68-a544-4b95-8923-bb5559ba815f => generated 0 bytes in 888 msecs (HTTP/1.1 204) 2 headers in 112 bytes (1 switches on core 0)
2026-08-22 11:52:09.826 8 INFO neutron.db.ovn_revision_numbers_db [None req-c341bd16-8c9d-45ec-9c63-f2ea5617f21b b9c4523fc20c4634bcad9db6eec71a7a 0f6650396d7342cf96882aac825b3457 - - default default] Successfully bumped revision number for resource 880ac87a-bdeb-479b-9927-0d22fc18c91b (type: routers) to 2 [pid: 8|app: 0|req: 883/1690] 10.0.0.71 () {34 vars in 668 bytes} [Sat Aug 22 11:52:07 2026] POST /v2.0/routers => generated 966 bytes in 2637 msecs (HTTP/1.1 201) 4 headers in 162 bytes (1 switches on core 0) [pid: 7|app: 0|req: 808/1691] 10.0.0.71 () {32 vars in 723 bytes} [Sat Aug 22 11:52:09 2026] DELETE /v2.0/subnets/c9f977c8-5de3-4656-a30d-27eadc07bfa4 => generated 0 bytes in 183 msecs (HTTP/1.1 204) 3 headers in 131 bytes (1 switches on core 0)
2026-08-22 11:52:10.070 7 INFO neutron_taas.services.taas.taas_plugin [None req-0dcb0f44-b51c-4252-86ae-d30a012d5e26 b9c4523fc20c4634bcad9db6eec71a7a 0f6650396d7342cf96882aac825b3457 - - default default] TaaS: Handle Delete Port: 9471e9a8-3442-4f0f-9ac1-74d884783918
2026-08-22 11:52:10.073 7 INFO neutron_taas.services.taas.tap_mirror_plugin [None req-0dcb0f44-b51c-4252-86ae-d30a012d5e26 b9c4523fc20c4634bcad9db6eec71a7a 0f6650396d7342cf96882aac825b3457 - - default default] Tap Mirror: Handle Delete Port: 9471e9a8-3442-4f0f-9ac1-74d884783918
2026-08-22 11:52:10.262 7 INFO neutron.services.segments.plugin [-] Segment 7f0a7cbe-8e5a-4b75-aa50-96b963f9709a resource provider aggregate not found
2026-08-22 11:52:10.268 7 INFO neutron.services.segments.plugin [-] Segment 7f0a7cbe-8e5a-4b75-aa50-96b963f9709a resource provider aggregate not found
2026-08-22 11:52:10.288 7 INFO neutron.services.segments.plugin [-] Segment 7f0a7cbe-8e5a-4b75-aa50-96b963f9709a resource provider not found; error: Placement Client Error (4xx): {"errors": [{"status": 404, "title": "Not Found", "detail": "The resource could not be found.\n\n No resource provider with uuid 7f0a7cbe-8e5a-4b75-aa50-96b963f9709a found for delete ", "request_id": "req-091bde16-851d-4814-91a9-7cb63f9aab50"}]}
2026-08-22 11:52:10.290 7 INFO neutron.services.segments.plugin [-] Segment 7f0a7cbe-8e5a-4b75-aa50-96b963f9709a resource provider not found; error: Placement Client Error (4xx): {"errors": [{"status": 404, "title": "Not Found", "detail": "The resource could not be found.\n\n No resource provider with uuid 7f0a7cbe-8e5a-4b75-aa50-96b963f9709a found for delete ", "request_id": "req-764323f1-1894-4a96-8a15-ceeb8b462ceb"}]} [pid: 7|app: 0|req: 809/1692] 10.0.0.71 () {32 vars in 725 bytes} [Sat Aug 22 11:52:09 2026] DELETE /v2.0/networks/cca2c0fe-f628-47c0-8ab5-c54226ba9f5e => generated 0 bytes in 382 msecs (HTTP/1.1 204) 3 headers in 131 bytes (1 switches on core 0) [pid: 7|app: 0|req: 810/1693] 10.0.0.71 () {32 vars in 773 bytes} [Sat Aug 22 11:52:10 2026] GET /v2.0/security-groups?tenant_id=72fbbaa1a42b4bd3b4bbb05a8ebc0980&name=default => generated 2925 bytes in 34 msecs (HTTP/1.1 200) 4 headers in 158 bytes (1 switches on core 0) [pid: 7|app: 0|req: 811/1694] 10.0.0.71 () {32 vars in 739 bytes} [Sat Aug 22 11:52:10 2026] DELETE /v2.0/security-groups/851ae9de-37af-4d28-a0b9-ff0094835c22 => generated 0 bytes in 259 msecs (HTTP/1.1 204) 2 headers in 112 bytes (1 switches on core 0)
2026-08-22 11:52:10.885 8 WARNING neutron.scheduler.dhcp_agent_scheduler [None req-2a598b72-8cd0-491f-b270-c4982e161d2f b9c4523fc20c4634bcad9db6eec71a7a 0f6650396d7342cf96882aac825b3457 - - default default] No more DHCP agents
2026-08-22 11:52:10.892 8 WARNING neutron.api.rpc.agentnotifiers.dhcp_rpc_agent_api [None req-2a598b72-8cd0-491f-b270-c4982e161d2f b9c4523fc20c4634bcad9db6eec71a7a 0f6650396d7342cf96882aac825b3457 - - default default] Unable to schedule network bd7682e6-b4d2-4bf9-bd60-d6e3ac25fc3f: no agents available; will retry on subsequent port and subnet creation events.
2026-08-22 11:52:11.113 7 INFO neutron.db.ovn_revision_numbers_db [None req-2cc06352-ea9e-41a7-a646-fd7972c4e039 07f50a4b3318454ca648590e6fa10535 3c5b18edc2074138a40bcce965568727 - - default default] Successfully bumped revision number for resource 486e4b7e-5cc0-4003-bcdc-868c9c7bfd0f (type: security_groups) to 1
2026-08-22 11:52:11.127 7 INFO neutron.db.ovn_revision_numbers_db [None req-2cc06352-ea9e-41a7-a646-fd7972c4e039 07f50a4b3318454ca648590e6fa10535 3c5b18edc2074138a40bcce965568727 - - default default] Successfully bumped revision number for resource 5ed7a7eb-7a60-4d42-aa1b-d3626831058c (type: security_group_rules) to 0
2026-08-22 11:52:11.154 7 INFO neutron.db.ovn_revision_numbers_db [None req-2cc06352-ea9e-41a7-a646-fd7972c4e039 07f50a4b3318454ca648590e6fa10535 3c5b18edc2074138a40bcce965568727 - - default default] Successfully bumped revision number for resource e5937fbd-44b6-467e-a147-79d49a98e596 (type: security_group_rules) to 0
2026-08-22 11:52:11.182 7 INFO neutron.plugins.ml2.drivers.ovn.mech_driver.mech_driver [None req-74a6f77e-7d97-4591-8492-599a9be140a7 - - - - - -] OVN reports status down for port: 2a2ec056-bbb6-4c09-844c-9c5a490fa6af
2026-08-22 11:52:11.184 7 INFO neutron.db.ovn_revision_numbers_db [None req-2cc06352-ea9e-41a7-a646-fd7972c4e039 07f50a4b3318454ca648590e6fa10535 3c5b18edc2074138a40bcce965568727 - - default default] Successfully bumped revision number for resource eda7473c-bf3c-47b5-9407-4e481a916f2f (type: security_group_rules) to 0
2026-08-22 11:52:11.209 7 INFO neutron.db.ovn_revision_numbers_db [None req-2cc06352-ea9e-41a7-a646-fd7972c4e039 07f50a4b3318454ca648590e6fa10535 3c5b18edc2074138a40bcce965568727 - - default default] Successfully bumped revision number for resource f077043c-6885-4dfb-997a-06d3d0e7fc16 (type: security_group_rules) to 0
2026-08-22 11:52:11.219 8 INFO neutron.db.ovn_revision_numbers_db [None req-2a598b72-8cd0-491f-b270-c4982e161d2f b9c4523fc20c4634bcad9db6eec71a7a 0f6650396d7342cf96882aac825b3457 - - default default] Successfully bumped revision number for resource 2a2ec056-bbb6-4c09-844c-9c5a490fa6af (type: ports) to 1
2026-08-22 11:52:11.384 7 INFO neutron.db.ovn_revision_numbers_db [None req-2cc06352-ea9e-41a7-a646-fd7972c4e039 07f50a4b3318454ca648590e6fa10535 3c5b18edc2074138a40bcce965568727 - - default default] Successfully bumped revision number for resource de576027-4ae9-4191-8a68-2641430b28b5 (type: security_groups) to 1
2026-08-22 11:52:11.396 7 INFO neutron.db.ovn_revision_numbers_db [None req-2cc06352-ea9e-41a7-a646-fd7972c4e039 07f50a4b3318454ca648590e6fa10535 3c5b18edc2074138a40bcce965568727 - - default default] Successfully bumped revision number for resource 55ad2c94-cf76-4a8e-99b0-9dbbec60b69d (type: security_group_rules) to 0
2026-08-22 11:52:11.413 7 INFO neutron.db.ovn_revision_numbers_db [None req-2cc06352-ea9e-41a7-a646-fd7972c4e039 07f50a4b3318454ca648590e6fa10535 3c5b18edc2074138a40bcce965568727 - - default default] Successfully bumped revision number for resource b5a3f1aa-5f2b-4c77-94d6-ea344f1731ab (type: security_group_rules) to 0 [pid: 7|app: 0|req: 812/1695] 10.0.0.71 () {34 vars in 683 bytes} [Sat Aug 22 11:52:10 2026] POST /v2.0/security-groups => generated 1601 bytes in 697 msecs (HTTP/1.1 201) 4 headers in 163 bytes (1 switches on core 0)
2026-08-22 11:52:11.484 8 INFO neutron.db.ovn_revision_numbers_db [None req-002499b3-9050-4245-8187-7275b377434d - - - - - -] Successfully bumped revision number for resource b7b336cb-f4f7-4c6e-b4ac-b73c5703bd17 (type: ports) to 4
2026-08-22 11:52:11.614 7 INFO neutron.db.ovn_revision_numbers_db [None req-97e75207-22a1-4435-8047-c4f262647b0f 07f50a4b3318454ca648590e6fa10535 3c5b18edc2074138a40bcce965568727 - - default default] Successfully bumped revision number for resource df520818-a389-4c16-b513-41a781e310ea (type: security_groups) to 1
2026-08-22 11:52:11.629 7 INFO neutron.db.ovn_revision_numbers_db [None req-97e75207-22a1-4435-8047-c4f262647b0f 07f50a4b3318454ca648590e6fa10535 3c5b18edc2074138a40bcce965568727 - - default default] Successfully bumped revision number for resource 1b9779a4-b15a-490b-90dc-e055e22e6ebc (type: security_group_rules) to 0
2026-08-22 11:52:11.645 7 INFO neutron.db.ovn_revision_numbers_db [None req-97e75207-22a1-4435-8047-c4f262647b0f 07f50a4b3318454ca648590e6fa10535 3c5b18edc2074138a40bcce965568727 - - default default] Successfully bumped revision number for resource 97284013-2f23-4953-b222-c62b7ccfd4dc (type: security_group_rules) to 0 [pid: 7|app: 0|req: 813/1696] 10.0.0.71 () {34 vars in 683 bytes} [Sat Aug 22 11:52:11 2026] POST /v2.0/security-groups => generated 1601 bytes in 211 msecs (HTTP/1.1 201) 4 headers in 163 bytes (1 switches on core 0)
2026-08-22 11:52:11.792 7 INFO neutron.db.ovn_revision_numbers_db [None req-b41ce4b0-dd86-4c5b-a3b0-ea1b71f7943d 07f50a4b3318454ca648590e6fa10535 3c5b18edc2074138a40bcce965568727 - - default default] Successfully bumped revision number for resource 211f7b39-cfde-4e41-9624-7872712f87b5 (type: security_groups) to 1
2026-08-22 11:52:11.807 7 INFO neutron.db.ovn_revision_numbers_db [None req-b41ce4b0-dd86-4c5b-a3b0-ea1b71f7943d 07f50a4b3318454ca648590e6fa10535 3c5b18edc2074138a40bcce965568727 - - default default] Successfully bumped revision number for resource 85773211-f809-401c-8f2b-e03e9c579c38 (type: security_group_rules) to 0
2026-08-22 11:52:11.821 7 INFO neutron.db.ovn_revision_numbers_db [None req-b41ce4b0-dd86-4c5b-a3b0-ea1b71f7943d 07f50a4b3318454ca648590e6fa10535 3c5b18edc2074138a40bcce965568727 - - default default] Successfully bumped revision number for resource ee3ef9db-16ff-442b-a842-fe8fba737ab0 (type: security_group_rules) to 0 [pid: 7|app: 0|req: 814/1697] 10.0.0.71 () {34 vars in 683 bytes} [Sat Aug 22 11:52:11 2026] POST /v2.0/security-groups => generated 1601 bytes in 174 msecs (HTTP/1.1 201) 4 headers in 163 bytes (1 switches on core 0)
2026-08-22 11:52:12.017 7 INFO neutron.db.ovn_revision_numbers_db [None req-a0ebe5cd-5c24-4b16-8a84-e3c26662ee3e 07f50a4b3318454ca648590e6fa10535 3c5b18edc2074138a40bcce965568727 - - default default] Successfully bumped revision number for resource 229811cf-6eca-494e-bf7d-5e5dfba41eaf (type: security_groups) to 1
2026-08-22 11:52:12.041 7 INFO neutron.db.ovn_revision_numbers_db [None req-a0ebe5cd-5c24-4b16-8a84-e3c26662ee3e 07f50a4b3318454ca648590e6fa10535 3c5b18edc2074138a40bcce965568727 - - default default] Successfully bumped revision number for resource 85756a44-9e52-4be2-b4f5-ed48a4e39e82 (type: security_group_rules) to 0
2026-08-22 11:52:12.056 7 INFO neutron.db.ovn_revision_numbers_db [None req-a0ebe5cd-5c24-4b16-8a84-e3c26662ee3e 07f50a4b3318454ca648590e6fa10535 3c5b18edc2074138a40bcce965568727 - - default default] Successfully bumped revision number for resource 8e0280a5-e4d2-4c20-a54a-8e34de7600ad (type: security_group_rules) to 0 [pid: 7|app: 0|req: 815/1698] 10.0.0.71 () {34 vars in 683 bytes} [Sat Aug 22 11:52:11 2026] POST /v2.0/security-groups => generated 1601 bytes in 228 msecs (HTTP/1.1 201) 4 headers in 163 bytes (1 switches on core 0)
2026-08-22 11:52:12.257 7 INFO neutron.db.ovn_revision_numbers_db [None req-c0e262c9-5be9-464b-9308-e111ee333d96 07f50a4b3318454ca648590e6fa10535 3c5b18edc2074138a40bcce965568727 - - default default] Successfully bumped revision number for resource aaf7247b-faa7-47af-b862-da95bc2a8e54 (type: security_groups) to 1
2026-08-22 11:52:12.267 8 INFO neutron.db.ovn_revision_numbers_db [None req-002499b3-9050-4245-8187-7275b377434d - - - - - -] Successfully bumped revision number for resource b7b336cb-f4f7-4c6e-b4ac-b73c5703bd17 (type: ports) to 5
2026-08-22 11:52:12.270 7 INFO neutron.db.ovn_revision_numbers_db [None req-c0e262c9-5be9-464b-9308-e111ee333d96 07f50a4b3318454ca648590e6fa10535 3c5b18edc2074138a40bcce965568727 - - default default] Successfully bumped revision number for resource 60bfc3da-f4d2-43de-9377-5c5a79b0013a (type: security_group_rules) to 0
2026-08-22 11:52:12.283 7 INFO neutron.db.ovn_revision_numbers_db [None req-c0e262c9-5be9-464b-9308-e111ee333d96 07f50a4b3318454ca648590e6fa10535 3c5b18edc2074138a40bcce965568727 - - default default] Successfully bumped revision number for resource 9612cd86-e52e-4ab3-ad78-1edc7d0dad0e (type: security_group_rules) to 0 [pid: 7|app: 0|req: 816/1699] 10.0.0.71 () {34 vars in 683 bytes} [Sat Aug 22 11:52:12 2026] POST /v2.0/security-groups => generated 1601 bytes in 232 msecs (HTTP/1.1 201) 4 headers in 163 bytes (1 switches on core 0) [pid: 7|app: 0|req: 817/1700] 10.0.0.71 () {34 vars in 766 bytes} [Sat Aug 22 11:52:12 2026] PUT /v2.0/security-groups/de576027-4ae9-4191-8a68-2641430b28b5/tags => generated 17 bytes in 79 msecs (HTTP/1.1 200) 4 headers in 156 bytes (1 switches on core 0)
2026-08-22 11:52:12.491 7 INFO neutron.plugins.ml2.drivers.ovn.mech_driver.mech_driver [None req-74a6f77e-7d97-4591-8492-599a9be140a7 - - - - - -] OVN reports status up for port: 2a2ec056-bbb6-4c09-844c-9c5a490fa6af [pid: 7|app: 0|req: 818/1701] 10.0.0.71 () {34 vars in 766 bytes} [Sat Aug 22 11:52:12 2026] PUT /v2.0/security-groups/df520818-a389-4c16-b513-41a781e310ea/tags => generated 25 bytes in 90 msecs (HTTP/1.1 200) 4 headers in 156 bytes (1 switches on core 0)
2026-08-22 11:52:12.516 7 INFO neutron.plugins.ml2.plugin [None req-74a6f77e-7d97-4591-8492-599a9be140a7 - - - - - -] Attempt 1 to provision port 2a2ec056-bbb6-4c09-844c-9c5a490fa6af
2026-08-22 11:52:12.542 8 WARNING neutron.scheduler.dhcp_agent_scheduler [None req-2a598b72-8cd0-491f-b270-c4982e161d2f b9c4523fc20c4634bcad9db6eec71a7a 0f6650396d7342cf96882aac825b3457 - - default default] No more DHCP agents
2026-08-22 11:52:12.543 8 WARNING neutron.api.rpc.agentnotifiers.dhcp_rpc_agent_api [None req-2a598b72-8cd0-491f-b270-c4982e161d2f b9c4523fc20c4634bcad9db6eec71a7a 0f6650396d7342cf96882aac825b3457 - - default default] Unable to schedule network bd7682e6-b4d2-4bf9-bd60-d6e3ac25fc3f: no agents available; will retry on subsequent port and subnet creation events. [pid: 7|app: 0|req: 819/1702] 10.0.0.71 () {34 vars in 766 bytes} [Sat Aug 22 11:52:12 2026] PUT /v2.0/security-groups/211f7b39-cfde-4e41-9624-7872712f87b5/tags => generated 34 bytes in 83 msecs (HTTP/1.1 200) 4 headers in 156 bytes (1 switches on core 0) [pid: 7|app: 0|req: 820/1703] 10.0.0.71 () {34 vars in 766 bytes} [Sat Aug 22 11:52:12 2026] PUT /v2.0/security-groups/229811cf-6eca-494e-bf7d-5e5dfba41eaf/tags => generated 19 bytes in 96 msecs (HTTP/1.1 200) 4 headers in 156 bytes (1 switches on core 0)
2026-08-22 11:52:13.072 8 INFO neutron.db.ovn_revision_numbers_db [None req-2a598b72-8cd0-491f-b270-c4982e161d2f b9c4523fc20c4634bcad9db6eec71a7a 0f6650396d7342cf96882aac825b3457 - - default default] Successfully bumped revision number for resource 2a2ec056-bbb6-4c09-844c-9c5a490fa6af (type: router_ports) to 1 [pid: 8|app: 0|req: 884/1704] 10.0.0.71 () {34 vars in 782 bytes} [Sat Aug 22 11:52:09 2026] PUT /v2.0/routers/880ac87a-bdeb-479b-9927-0d22fc18c91b/add_router_interface => generated 309 bytes in 3177 msecs (HTTP/1.1 200) 4 headers in 157 bytes (1 switches on core 0) [pid: 8|app: 0|req: 885/1705] 10.0.0.71 () {32 vars in 679 bytes} [Sat Aug 22 11:52:13 2026] GET /v2.0/security-groups?tags=red => generated 4804 bytes in 50 msecs (HTTP/1.1 200) 4 headers in 158 bytes (1 switches on core 0) [pid: 8|app: 0|req: 886/1706] 10.0.0.71 () {32 vars in 693 bytes} [Sat Aug 22 11:52:13 2026] GET /v2.0/security-groups?tags=red%2Cblue => generated 3218 bytes in 51 msecs (HTTP/1.1 200) 4 headers in 158 bytes (1 switches on core 0) [pid: 8|app: 0|req: 887/1707] 10.0.0.71 () {32 vars in 689 bytes} [Sat Aug 22 11:52:13 2026] GET /v2.0/security-groups?tags-any=blue => generated 3218 bytes in 62 msecs (HTTP/1.1 200) 4 headers in 158 bytes (1 switches on core 0)
2026-08-22 11:52:13.277 7 INFO neutron.db.ovn_revision_numbers_db [None req-be6d547e-1562-4223-a43f-a3ff4ea4ce04 b9c4523fc20c4634bcad9db6eec71a7a 0f6650396d7342cf96882aac825b3457 - - default default] Successfully bumped revision number for resource a1d4f32a-3970-4aa5-b3a6-3eb8d1127128 (type: security_groups) to 1 [pid: 8|app: 0|req: 888/1708] 10.0.0.71 () {32 vars in 701 bytes} [Sat Aug 22 11:52:13 2026] GET /v2.0/security-groups?tags-any=red%2Cblue => generated 4804 bytes in 42 msecs (HTTP/1.1 200) 4 headers in 158 bytes (1 switches on core 0)
2026-08-22 11:52:13.304 7 INFO neutron.db.ovn_revision_numbers_db [None req-be6d547e-1562-4223-a43f-a3ff4ea4ce04 b9c4523fc20c4634bcad9db6eec71a7a 0f6650396d7342cf96882aac825b3457 - - default default] Successfully bumped revision number for resource 45f09a6b-90e6-4ab5-9f93-e6c18f5e256f (type: security_group_rules) to 0
2026-08-22 11:52:13.335 7 INFO neutron.db.ovn_revision_numbers_db [None req-be6d547e-1562-4223-a43f-a3ff4ea4ce04 b9c4523fc20c4634bcad9db6eec71a7a 0f6650396d7342cf96882aac825b3457 - - default default] Successfully bumped revision number for resource 4dc49441-4c90-4275-bcf5-9382a7f77b52 (type: security_group_rules) to 0 [pid: 8|app: 0|req: 889/1709] 10.0.0.71 () {32 vars in 687 bytes} [Sat Aug 22 11:52:13 2026] GET /v2.0/security-groups?not-tags=red => generated 6094 bytes in 57 msecs (HTTP/1.1 200) 4 headers in 158 bytes (1 switches on core 0)
2026-08-22 11:52:13.368 7 INFO neutron.db.ovn_revision_numbers_db [None req-be6d547e-1562-4223-a43f-a3ff4ea4ce04 b9c4523fc20c4634bcad9db6eec71a7a 0f6650396d7342cf96882aac825b3457 - - default default] Successfully bumped revision number for resource 816f39e6-3c82-41f6-9898-9bdb86fa616a (type: security_group_rules) to 0
2026-08-22 11:52:13.395 7 INFO neutron.db.ovn_revision_numbers_db [None req-be6d547e-1562-4223-a43f-a3ff4ea4ce04 b9c4523fc20c4634bcad9db6eec71a7a 0f6650396d7342cf96882aac825b3457 - - default default] Successfully bumped revision number for resource ef8a5cf0-6c5a-4f4c-a492-3981bba82d5e (type: security_group_rules) to 0
2026-08-22 11:52:13.399 7 INFO neutron.db.ovn_revision_numbers_db [None req-74a6f77e-7d97-4591-8492-599a9be140a7 - - - - - -] Successfully bumped revision number for resource 2a2ec056-bbb6-4c09-844c-9c5a490fa6af (type: ports) to 2 [pid: 8|app: 0|req: 890/1710] 10.0.0.71 () {32 vars in 701 bytes} [Sat Aug 22 11:52:13 2026] GET /v2.0/security-groups?not-tags=red%2Cblue => generated 7680 bytes in 51 msecs (HTTP/1.1 200) 4 headers in 158 bytes (1 switches on core 0) [pid: 8|app: 0|req: 891/1711] 10.0.0.71 () {32 vars in 697 bytes} [Sat Aug 22 11:52:13 2026] GET /v2.0/security-groups?not-tags-any=blue => generated 7680 bytes in 46 msecs (HTTP/1.1 200) 4 headers in 158 bytes (1 switches on core 0) [pid: 8|app: 0|req: 892/1712] 10.0.0.71 () {32 vars in 709 bytes} [Sat Aug 22 11:52:13 2026] GET /v2.0/security-groups?not-tags-any=red%2Cblue => generated 6094 bytes in 34 msecs (HTTP/1.1 200) 4 headers in 158 bytes (1 switches on core 0)
2026-08-22 11:52:13.516 7 INFO neutron.db.segments_db [None req-be6d547e-1562-4223-a43f-a3ff4ea4ce04 b9c4523fc20c4634bcad9db6eec71a7a 0f6650396d7342cf96882aac825b3457 - - default default] Added segment 0de567bc-94e9-46e8-aca2-b829f9affc8b of type geneve for network 33dcb690-fe83-4a51-90ca-bd4bdf4d5874 [pid: 8|app: 0|req: 893/1713] 10.0.0.71 () {32 vars in 739 bytes} [Sat Aug 22 11:52:13 2026] DELETE /v2.0/security-groups/de576027-4ae9-4191-8a68-2641430b28b5 => generated 0 bytes in 127 msecs (HTTP/1.1 204) 2 headers in 112 bytes (1 switches on core 0)
2026-08-22 11:52:13.651 7 INFO neutron.db.ovn_revision_numbers_db [None req-be6d547e-1562-4223-a43f-a3ff4ea4ce04 b9c4523fc20c4634bcad9db6eec71a7a 0f6650396d7342cf96882aac825b3457 - - default default] Successfully bumped revision number for resource 33dcb690-fe83-4a51-90ca-bd4bdf4d5874 (type: networks) to 1 [pid: 8|app: 0|req: 894/1714] 10.0.0.71 () {32 vars in 739 bytes} [Sat Aug 22 11:52:13 2026] DELETE /v2.0/security-groups/df520818-a389-4c16-b513-41a781e310ea => generated 0 bytes in 135 msecs (HTTP/1.1 204) 2 headers in 112 bytes (1 switches on core 0)
2026-08-22 11:52:13.871 7 WARNING neutron.scheduler.dhcp_agent_scheduler [None req-be6d547e-1562-4223-a43f-a3ff4ea4ce04 b9c4523fc20c4634bcad9db6eec71a7a 0f6650396d7342cf96882aac825b3457 - - default default] No more DHCP agents
2026-08-22 11:52:13.875 7 WARNING neutron.api.rpc.agentnotifiers.dhcp_rpc_agent_api [None req-be6d547e-1562-4223-a43f-a3ff4ea4ce04 b9c4523fc20c4634bcad9db6eec71a7a 0f6650396d7342cf96882aac825b3457 - - default default] Unable to schedule network 33dcb690-fe83-4a51-90ca-bd4bdf4d5874: no agents available; will retry on subsequent port and subnet creation events. [pid: 8|app: 0|req: 895/1715] 10.0.0.71 () {32 vars in 739 bytes} [Sat Aug 22 11:52:13 2026] DELETE /v2.0/security-groups/211f7b39-cfde-4e41-9624-7872712f87b5 => generated 0 bytes in 166 msecs (HTTP/1.1 204) 2 headers in 112 bytes (1 switches on core 0)
2026-08-22 11:52:14.020 7 INFO neutron.db.ovn_revision_numbers_db [None req-be6d547e-1562-4223-a43f-a3ff4ea4ce04 b9c4523fc20c4634bcad9db6eec71a7a 0f6650396d7342cf96882aac825b3457 - - default default] Successfully bumped revision number for resource 766409e8-9333-4216-81fc-e0c969511612 (type: ports) to 1 [pid: 7|app: 0|req: 821/1716] 10.0.0.71 () {34 vars in 670 bytes} [Sat Aug 22 11:52:12 2026] POST /v2.0/networks => generated 767 bytes in 1341 msecs (HTTP/1.1 201) 4 headers in 162 bytes (1 switches on core 0) [pid: 8|app: 0|req: 896/1717] 10.0.0.71 () {32 vars in 739 bytes} [Sat Aug 22 11:52:13 2026] DELETE /v2.0/security-groups/229811cf-6eca-494e-bf7d-5e5dfba41eaf => generated 0 bytes in 158 msecs (HTTP/1.1 204) 2 headers in 112 bytes (1 switches on core 0)
2026-08-22 11:52:14.221 7 WARNING neutron.scheduler.dhcp_agent_scheduler [None req-f514c6b6-feb0-4b56-a085-f6a25644cbb3 b9c4523fc20c4634bcad9db6eec71a7a 0f6650396d7342cf96882aac825b3457 - - default default] No more DHCP agents
2026-08-22 11:52:14.225 7 WARNING neutron.api.rpc.agentnotifiers.dhcp_rpc_agent_api [None req-f514c6b6-feb0-4b56-a085-f6a25644cbb3 b9c4523fc20c4634bcad9db6eec71a7a 0f6650396d7342cf96882aac825b3457 - - default default] Unable to schedule network 33dcb690-fe83-4a51-90ca-bd4bdf4d5874: no agents available; will retry on subsequent port and subnet creation events. [pid: 8|app: 0|req: 897/1718] 10.0.0.71 () {32 vars in 739 bytes} [Sat Aug 22 11:52:14 2026] DELETE /v2.0/security-groups/aaf7247b-faa7-47af-b862-da95bc2a8e54 => generated 0 bytes in 128 msecs (HTTP/1.1 204) 2 headers in 112 bytes (1 switches on core 0)
2026-08-22 11:52:14.448 8 INFO neutron.db.ovn_revision_numbers_db [None req-0c262325-d606-4bd7-9792-64184f7e1623 b9c4523fc20c4634bcad9db6eec71a7a 0f6650396d7342cf96882aac825b3457 - - default default] Successfully bumped revision number for resource 99cc6261-7ab5-4637-a679-58b45630c0d7 (type: security_groups) to 1
2026-08-22 11:52:14.481 8 INFO neutron.db.ovn_revision_numbers_db [None req-0c262325-d606-4bd7-9792-64184f7e1623 b9c4523fc20c4634bcad9db6eec71a7a 0f6650396d7342cf96882aac825b3457 - - default default] Successfully bumped revision number for resource 336bb3e9-a76c-4f92-b790-d43e99a9c665 (type: security_group_rules) to 0
2026-08-22 11:52:14.515 8 INFO neutron.db.ovn_revision_numbers_db [None req-0c262325-d606-4bd7-9792-64184f7e1623 b9c4523fc20c4634bcad9db6eec71a7a 0f6650396d7342cf96882aac825b3457 - - default default] Successfully bumped revision number for resource 41159cd9-e991-4ed0-808a-fffbe97db5c6 (type: security_group_rules) to 0
2026-08-22 11:52:14.533 8 INFO neutron.db.ovn_revision_numbers_db [None req-0c262325-d606-4bd7-9792-64184f7e1623 b9c4523fc20c4634bcad9db6eec71a7a 0f6650396d7342cf96882aac825b3457 - - default default] Successfully bumped revision number for resource a8f692bc-5eaa-43a9-9914-06d8650ce18c (type: security_group_rules) to 0
2026-08-22 11:52:14.551 8 INFO neutron.db.ovn_revision_numbers_db [None req-0c262325-d606-4bd7-9792-64184f7e1623 b9c4523fc20c4634bcad9db6eec71a7a 0f6650396d7342cf96882aac825b3457 - - default default] Successfully bumped revision number for resource eb530fe3-7e1d-4cd9-a19d-32ff45afbb20 (type: security_group_rules) to 0
2026-08-22 11:52:14.643 8 INFO neutron.db.segments_db [None req-0c262325-d606-4bd7-9792-64184f7e1623 b9c4523fc20c4634bcad9db6eec71a7a 0f6650396d7342cf96882aac825b3457 - - default default] Added segment 26a212ee-f6eb-4b4a-988d-39894d202980 of type geneve for network 6b1b88c5-ccf0-4b6f-a2a4-25fbe06570b7
2026-08-22 11:52:14.740 7 INFO neutron.db.ovn_revision_numbers_db [None req-1c73b294-c78d-4110-9d81-5ceddf8e1e14 - - - - - -] Successfully bumped revision number for resource 766409e8-9333-4216-81fc-e0c969511612 (type: ports) to 2
2026-08-22 11:52:14.785 8 INFO neutron.db.ovn_revision_numbers_db [None req-0c262325-d606-4bd7-9792-64184f7e1623 b9c4523fc20c4634bcad9db6eec71a7a 0f6650396d7342cf96882aac825b3457 - - default default] Successfully bumped revision number for resource 6b1b88c5-ccf0-4b6f-a2a4-25fbe06570b7 (type: networks) to 1
2026-08-22 11:52:14.790 7 INFO neutron.db.ovn_revision_numbers_db [None req-1c73b294-c78d-4110-9d81-5ceddf8e1e14 - - - - - -] Successfully bumped revision number for resource 884b15a1-676a-4f15-af0b-28ff1ac51285 (type: subnets) to 0 [pid: 7|app: 0|req: 822/1719] 10.0.0.71 () {34 vars in 668 bytes} [Sat Aug 22 11:52:14 2026] POST /v2.0/subnets => generated 692 bytes in 757 msecs (HTTP/1.1 201) 4 headers in 162 bytes (1 switches on core 0)
2026-08-22 11:52:14.977 8 WARNING neutron.scheduler.dhcp_agent_scheduler [None req-0c262325-d606-4bd7-9792-64184f7e1623 b9c4523fc20c4634bcad9db6eec71a7a 0f6650396d7342cf96882aac825b3457 - - default default] No more DHCP agents
2026-08-22 11:52:14.978 8 WARNING neutron.api.rpc.agentnotifiers.dhcp_rpc_agent_api [None req-0c262325-d606-4bd7-9792-64184f7e1623 b9c4523fc20c4634bcad9db6eec71a7a 0f6650396d7342cf96882aac825b3457 - - default default] Unable to schedule network 6b1b88c5-ccf0-4b6f-a2a4-25fbe06570b7: no agents available; will retry on subsequent port and subnet creation events.
2026-08-22 11:52:15.073 8 INFO neutron.db.ovn_revision_numbers_db [None req-0c262325-d606-4bd7-9792-64184f7e1623 b9c4523fc20c4634bcad9db6eec71a7a 0f6650396d7342cf96882aac825b3457 - - default default] Successfully bumped revision number for resource 6b717551-23cd-406c-bfcf-60880a98d888 (type: ports) to 1 [pid: 8|app: 0|req: 898/1720] 10.0.0.71 () {34 vars in 670 bytes} [Sat Aug 22 11:52:14 2026] POST /v2.0/networks => generated 763 bytes in 846 msecs (HTTP/1.1 201) 4 headers in 162 bytes (1 switches on core 0)
2026-08-22 11:52:15.244 8 WARNING neutron.scheduler.dhcp_agent_scheduler [None req-1413f522-8073-4e66-a5e0-1c0b0076440a b9c4523fc20c4634bcad9db6eec71a7a 0f6650396d7342cf96882aac825b3457 - - default default] No more DHCP agents
2026-08-22 11:52:15.246 8 WARNING neutron.api.rpc.agentnotifiers.dhcp_rpc_agent_api [None req-1413f522-8073-4e66-a5e0-1c0b0076440a b9c4523fc20c4634bcad9db6eec71a7a 0f6650396d7342cf96882aac825b3457 - - default default] Unable to schedule network 6b1b88c5-ccf0-4b6f-a2a4-25fbe06570b7: no agents available; will retry on subsequent port and subnet creation events.
2026-08-22 11:52:15.333 7 WARNING neutron.scheduler.dhcp_agent_scheduler [None req-472ab647-8636-4535-ab0f-75ad13419052 b9c4523fc20c4634bcad9db6eec71a7a 0f6650396d7342cf96882aac825b3457 - - default default] No more DHCP agents
2026-08-22 11:52:15.334 7 WARNING neutron.api.rpc.agentnotifiers.dhcp_rpc_agent_api [None req-472ab647-8636-4535-ab0f-75ad13419052 b9c4523fc20c4634bcad9db6eec71a7a 0f6650396d7342cf96882aac825b3457 - - default default] Unable to schedule network df816ead-c7af-46fd-af8b-f60d4cc0e998: no agents available; will retry on subsequent port and subnet creation events.
2026-08-22 11:52:15.489 7 INFO neutron.db.ovn_revision_numbers_db [None req-472ab647-8636-4535-ab0f-75ad13419052 b9c4523fc20c4634bcad9db6eec71a7a 0f6650396d7342cf96882aac825b3457 - - default default] Successfully bumped revision number for resource fadc49fc-ed07-4655-9f1e-f7350edf7067 (type: ports) to 1
2026-08-22 11:52:15.729 8 INFO neutron.db.ovn_revision_numbers_db [None req-aa1e465b-6655-469d-b1db-0106c01e5337 - - - - - -] Successfully bumped revision number for resource 6b717551-23cd-406c-bfcf-60880a98d888 (type: ports) to 2
2026-08-22 11:52:15.758 8 INFO neutron.db.ovn_revision_numbers_db [None req-aa1e465b-6655-469d-b1db-0106c01e5337 - - - - - -] Successfully bumped revision number for resource 308bc33c-01a4-46a7-a747-4ef1e8255f2f (type: subnets) to 0 [pid: 8|app: 0|req: 899/1721] 10.0.0.71 () {34 vars in 668 bytes} [Sat Aug 22 11:52:15 2026] POST /v2.0/subnets => generated 688 bytes in 673 msecs (HTTP/1.1 201) 4 headers in 162 bytes (1 switches on core 0)
2026-08-22 11:52:16.105 8 INFO neutron.db.ovn_revision_numbers_db [None req-4a4392e8-d2bc-4ddf-8e40-958d16b1d89c b9c4523fc20c4634bcad9db6eec71a7a 0f6650396d7342cf96882aac825b3457 - - default default] Successfully bumped revision number for resource ddb2e80f-759f-4b9a-8fd3-b31b127cf01a (type: security_groups) to 1
2026-08-22 11:52:16.122 8 INFO neutron.db.ovn_revision_numbers_db [None req-4a4392e8-d2bc-4ddf-8e40-958d16b1d89c b9c4523fc20c4634bcad9db6eec71a7a 0f6650396d7342cf96882aac825b3457 - - default default] Successfully bumped revision number for resource 299670bd-6236-4ed6-8a5a-97f388d0ed8f (type: security_group_rules) to 0
2026-08-22 11:52:16.135 8 INFO neutron.db.ovn_revision_numbers_db [None req-4a4392e8-d2bc-4ddf-8e40-958d16b1d89c b9c4523fc20c4634bcad9db6eec71a7a 0f6650396d7342cf96882aac825b3457 - - default default] Successfully bumped revision number for resource 5e2bd264-7885-4022-9c55-53a5aa8deb70 (type: security_group_rules) to 0
2026-08-22 11:52:16.146 8 INFO neutron.db.ovn_revision_numbers_db [None req-4a4392e8-d2bc-4ddf-8e40-958d16b1d89c b9c4523fc20c4634bcad9db6eec71a7a 0f6650396d7342cf96882aac825b3457 - - default default] Successfully bumped revision number for resource c6d32b54-fad6-46b6-bd2f-cba9d9c112de (type: security_group_rules) to 0
2026-08-22 11:52:16.158 8 INFO neutron.db.ovn_revision_numbers_db [None req-4a4392e8-d2bc-4ddf-8e40-958d16b1d89c b9c4523fc20c4634bcad9db6eec71a7a 0f6650396d7342cf96882aac825b3457 - - default default] Successfully bumped revision number for resource ff4822fa-259b-40e3-a53c-db2bf8843ce0 (type: security_group_rules) to 0
2026-08-22 11:52:16.187 7 INFO neutron.plugins.ml2.drivers.ovn.mech_driver.ovsdb.commands [None req-92d42b10-59b2-4b7b-b7ac-9ea6c5be155a - - - - - -] Schedule LRP lrp-fadc49fc-ed07-4655-9f1e-f7350edf7067 on gateway 6f214bc7-a67c-42c5-9004-92397c10799d with priority 1 [pid: 8|app: 0|req: 900/1722] 10.0.0.71 () {32 vars in 773 bytes} [Sat Aug 22 11:52:15 2026] GET /v2.0/security-groups?tenant_id=668cee167ef04d159a3b94c6832402e9&name=default => generated 2925 bytes in 452 msecs (HTTP/1.1 200) 4 headers in 158 bytes (1 switches on core 0)
2026-08-22 11:52:16.267 8 INFO neutron.plugins.ml2.drivers.ovn.mech_driver.ovsdb.ovsdb_monitor [None req-002499b3-9050-4245-8187-7275b377434d - - - - - -] Router cff10d2c-a70d-4abc-8a27-3c8a0075adf2 is bound to host instance
2026-08-22 11:52:16.274 7 INFO neutron.db.ovn_revision_numbers_db [None req-472ab647-8636-4535-ab0f-75ad13419052 b9c4523fc20c4634bcad9db6eec71a7a 0f6650396d7342cf96882aac825b3457 - - default default] Successfully bumped revision number for resource fadc49fc-ed07-4655-9f1e-f7350edf7067 (type: router_ports) to 1
2026-08-22 11:52:16.357 7 INFO neutron.db.ovn_revision_numbers_db [None req-472ab647-8636-4535-ab0f-75ad13419052 b9c4523fc20c4634bcad9db6eec71a7a 0f6650396d7342cf96882aac825b3457 - - default default] Successfully bumped revision number for resource cff10d2c-a70d-4abc-8a27-3c8a0075adf2 (type: routers) to 2 [pid: 7|app: 0|req: 823/1723] 10.0.0.71 () {34 vars in 668 bytes} [Sat Aug 22 11:52:14 2026] POST /v2.0/routers => generated 970 bytes in 1542 msecs (HTTP/1.1 201) 4 headers in 162 bytes (1 switches on core 0) [pid: 7|app: 0|req: 824/1724] 10.0.0.71 () {32 vars in 739 bytes} [Sat Aug 22 11:52:16 2026] DELETE /v2.0/security-groups/ddb2e80f-759f-4b9a-8fd3-b31b127cf01a => generated 0 bytes in 232 msecs (HTTP/1.1 204) 2 headers in 112 bytes (1 switches on core 0)
2026-08-22 11:52:17.044 8 WARNING neutron.scheduler.dhcp_agent_scheduler [None req-06379a9d-8d80-4a8c-8f52-5e5f7376f8f7 b9c4523fc20c4634bcad9db6eec71a7a 0f6650396d7342cf96882aac825b3457 - - default default] No more DHCP agents
2026-08-22 11:52:17.047 8 WARNING neutron.api.rpc.agentnotifiers.dhcp_rpc_agent_api [None req-06379a9d-8d80-4a8c-8f52-5e5f7376f8f7 b9c4523fc20c4634bcad9db6eec71a7a 0f6650396d7342cf96882aac825b3457 - - default default] Unable to schedule network df816ead-c7af-46fd-af8b-f60d4cc0e998: no agents available; will retry on subsequent port and subnet creation events.
2026-08-22 11:52:17.087 7 WARNING neutron.scheduler.dhcp_agent_scheduler [None req-3c8b714c-92d3-417e-bb8a-71680491098b b9c4523fc20c4634bcad9db6eec71a7a 0f6650396d7342cf96882aac825b3457 - - default default] No more DHCP agents
2026-08-22 11:52:17.089 7 WARNING neutron.api.rpc.agentnotifiers.dhcp_rpc_agent_api [None req-3c8b714c-92d3-417e-bb8a-71680491098b b9c4523fc20c4634bcad9db6eec71a7a 0f6650396d7342cf96882aac825b3457 - - default default] Unable to schedule network 33dcb690-fe83-4a51-90ca-bd4bdf4d5874: no agents available; will retry on subsequent port and subnet creation events.
2026-08-22 11:52:17.212 8 INFO neutron.plugins.ml2.drivers.ovn.mech_driver.mech_driver [None req-5785186a-c437-47ac-89ea-999ab9beeb6f - - - - - -] OVN reports status down for port: 0fcbb6f5-d2f8-48e5-a274-899f2142c248
2026-08-22 11:52:17.223 7 INFO neutron.db.ovn_revision_numbers_db [None req-3c8b714c-92d3-417e-bb8a-71680491098b b9c4523fc20c4634bcad9db6eec71a7a 0f6650396d7342cf96882aac825b3457 - - default default] Successfully bumped revision number for resource 0fcbb6f5-d2f8-48e5-a274-899f2142c248 (type: ports) to 1
2026-08-22 11:52:17.433 8 INFO neutron.plugins.ml2.drivers.ovn.mech_driver.mech_driver [None req-5785186a-c437-47ac-89ea-999ab9beeb6f - - - - - -] OVN reports status down for port: fcd802a1-51f7-4af1-99b9-bb8e508f5000
2026-08-22 11:52:17.442 8 INFO neutron.db.ovn_revision_numbers_db [None req-06379a9d-8d80-4a8c-8f52-5e5f7376f8f7 b9c4523fc20c4634bcad9db6eec71a7a 0f6650396d7342cf96882aac825b3457 - - default default] Successfully bumped revision number for resource fcd802a1-51f7-4af1-99b9-bb8e508f5000 (type: ports) to 1
2026-08-22 11:52:17.916 8 INFO neutron.plugins.ml2.drivers.ovn.mech_driver.mech_driver [None req-5785186a-c437-47ac-89ea-999ab9beeb6f - - - - - -] OVN reports status up for port: 0fcbb6f5-d2f8-48e5-a274-899f2142c248
2026-08-22 11:52:17.954 8 INFO neutron.plugins.ml2.plugin [None req-5785186a-c437-47ac-89ea-999ab9beeb6f - - - - - -] Attempt 1 to provision port 0fcbb6f5-d2f8-48e5-a274-899f2142c248
2026-08-22 11:52:17.961 7 WARNING neutron.scheduler.dhcp_agent_scheduler [None req-3c8b714c-92d3-417e-bb8a-71680491098b b9c4523fc20c4634bcad9db6eec71a7a 0f6650396d7342cf96882aac825b3457 - - default default] No more DHCP agents
2026-08-22 11:52:17.964 7 WARNING neutron.api.rpc.agentnotifiers.dhcp_rpc_agent_api [None req-3c8b714c-92d3-417e-bb8a-71680491098b b9c4523fc20c4634bcad9db6eec71a7a 0f6650396d7342cf96882aac825b3457 - - default default] Unable to schedule network 33dcb690-fe83-4a51-90ca-bd4bdf4d5874: no agents available; will retry on subsequent port and subnet creation events.
2026-08-22 11:52:18.469 7 INFO neutron.db.ovn_revision_numbers_db [None req-3c8b714c-92d3-417e-bb8a-71680491098b b9c4523fc20c4634bcad9db6eec71a7a 0f6650396d7342cf96882aac825b3457 - - default default] Successfully bumped revision number for resource 0fcbb6f5-d2f8-48e5-a274-899f2142c248 (type: router_ports) to 1 [pid: 7|app: 0|req: 825/1725] 10.0.0.71 () {34 vars in 782 bytes} [Sat Aug 22 11:52:16 2026] PUT /v2.0/routers/cff10d2c-a70d-4abc-8a27-3c8a0075adf2/add_router_interface => generated 309 bytes in 1866 msecs (HTTP/1.1 200) 4 headers in 157 bytes (1 switches on core 0)
2026-08-22 11:52:18.631 7 INFO neutron.db.ovn_revision_numbers_db [None req-e42d9615-8ad4-4cc8-8cfc-3c9b76bc13ea b9c4523fc20c4634bcad9db6eec71a7a 0f6650396d7342cf96882aac825b3457 - - default default] Successfully bumped revision number for resource 1bbd341d-5613-4a5d-8fbd-18e78c2474f4 (type: security_groups) to 1
2026-08-22 11:52:18.651 7 INFO neutron.db.ovn_revision_numbers_db [None req-e42d9615-8ad4-4cc8-8cfc-3c9b76bc13ea b9c4523fc20c4634bcad9db6eec71a7a 0f6650396d7342cf96882aac825b3457 - - default default] Successfully bumped revision number for resource 53d52d48-5a69-4277-9cb3-4c6fba01f9ad (type: security_group_rules) to 0
2026-08-22 11:52:18.663 7 INFO neutron.db.ovn_revision_numbers_db [None req-e42d9615-8ad4-4cc8-8cfc-3c9b76bc13ea b9c4523fc20c4634bcad9db6eec71a7a 0f6650396d7342cf96882aac825b3457 - - default default] Successfully bumped revision number for resource 7853987b-0c9c-4d5d-b17c-27329b2e8b5d (type: security_group_rules) to 0
2026-08-22 11:52:18.675 7 INFO neutron.db.ovn_revision_numbers_db [None req-e42d9615-8ad4-4cc8-8cfc-3c9b76bc13ea b9c4523fc20c4634bcad9db6eec71a7a 0f6650396d7342cf96882aac825b3457 - - default default] Successfully bumped revision number for resource 8d2b8f3f-b312-4e67-8973-8f9c520899e4 (type: security_group_rules) to 0
2026-08-22 11:52:18.689 7 INFO neutron.db.ovn_revision_numbers_db [None req-e42d9615-8ad4-4cc8-8cfc-3c9b76bc13ea b9c4523fc20c4634bcad9db6eec71a7a 0f6650396d7342cf96882aac825b3457 - - default default] Successfully bumped revision number for resource 90f9f345-b0de-44e3-b6c9-4d61fb96ba44 (type: security_group_rules) to 0 [pid: 7|app: 0|req: 826/1726] 10.0.0.71 () {32 vars in 773 bytes} [Sat Aug 22 11:52:18 2026] GET /v2.0/security-groups?tenant_id=8d2ecab963674393890ef0af7245e6a4&name=default => generated 2925 bytes in 285 msecs (HTTP/1.1 200) 4 headers in 158 bytes (1 switches on core 0)
2026-08-22 11:52:18.769 7 WARNING neutron.plugins.ml2.drivers.ovn.mech_driver.ovsdb.ovn_client [None req-23eb16c9-dd29-4d90-9b3a-8567a0e80640 - - - - - -] No hosting information found for port 2a2ec056-bbb6-4c09-844c-9c5a490fa6af: RuntimeError: No hosting information found for port 2a2ec056-bbb6-4c09-844c-9c5a490fa6af
2026-08-22 11:52:18.789 8 INFO neutron.db.ovn_revision_numbers_db [None req-acefb926-d3e1-4d5d-80af-e3466c2fae03 - - - - - -] Successfully bumped revision number for resource fadc49fc-ed07-4655-9f1e-f7350edf7067 (type: ports) to 4
2026-08-22 11:52:18.955 7 INFO neutron.db.ovn_revision_numbers_db [None req-23eb16c9-dd29-4d90-9b3a-8567a0e80640 - - - - - -] Successfully bumped revision number for resource 2a2ec056-bbb6-4c09-844c-9c5a490fa6af (type: router_ports) to 2
2026-08-22 11:52:19.058 7 INFO neutron.plugins.ml2.drivers.ovn.mech_driver.mech_driver [None req-23eb16c9-dd29-4d90-9b3a-8567a0e80640 - - - - - -] OVN reports status down for port: 766409e8-9333-4216-81fc-e0c969511612
2026-08-22 11:52:19.170 7 INFO neutron.plugins.ml2.drivers.ovn.mech_driver.mech_driver [None req-23eb16c9-dd29-4d90-9b3a-8567a0e80640 - - - - - -] OVN reports status down for port: 6b717551-23cd-406c-bfcf-60880a98d888 [pid: 7|app: 0|req: 827/1727] 10.0.0.71 () {32 vars in 739 bytes} [Sat Aug 22 11:52:18 2026] DELETE /v2.0/security-groups/1bbd341d-5613-4a5d-8fbd-18e78c2474f4 => generated 0 bytes in 476 msecs (HTTP/1.1 204) 2 headers in 112 bytes (1 switches on core 0)
2026-08-22 11:52:19.254 7 INFO neutron.plugins.ml2.drivers.ovn.mech_driver.mech_driver [None req-23eb16c9-dd29-4d90-9b3a-8567a0e80640 - - - - - -] OVN reports status down for port: fadc49fc-ed07-4655-9f1e-f7350edf7067
2026-08-22 11:52:19.306 7 WARNING neutron.plugins.ml2.drivers.ovn.mech_driver.ovsdb.ovn_client [None req-23eb16c9-dd29-4d90-9b3a-8567a0e80640 - - - - - -] Logical_Switch_Port %s host information not removed, the port state is up
2026-08-22 11:52:19.306 7 INFO neutron.plugins.ml2.drivers.ovn.mech_driver.mech_driver [None req-23eb16c9-dd29-4d90-9b3a-8567a0e80640 - - - - - -] OVN reports status up for port: fadc49fc-ed07-4655-9f1e-f7350edf7067
2026-08-22 11:52:19.348 7 INFO neutron.plugins.ml2.plugin [None req-23eb16c9-dd29-4d90-9b3a-8567a0e80640 - - - - - -] Attempt 1 to provision port fadc49fc-ed07-4655-9f1e-f7350edf7067 [pid: 7|app: 0|req: 828/1728] 10.0.0.71 () {32 vars in 773 bytes} [Sat Aug 22 11:52:19 2026] GET /v2.0/security-groups?tenant_id=3c5b18edc2074138a40bcce965568727&name=default => generated 2925 bytes in 68 msecs (HTTP/1.1 200) 4 headers in 158 bytes (1 switches on core 0) [pid: 7|app: 0|req: 829/1729] 10.0.0.105 () {34 vars in 982 bytes} [Sat Aug 22 11:52:19 2026] GET /v2.0/networks?id=33dcb690-fe83-4a51-90ca-bd4bdf4d5874 => generated 715 bytes in 45 msecs (HTTP/1.1 200) 4 headers in 157 bytes (1 switches on core 0)
2026-08-22 11:52:19.588 8 INFO neutron.db.ovn_revision_numbers_db [None req-5785186a-c437-47ac-89ea-999ab9beeb6f - - - - - -] Successfully bumped revision number for resource 0fcbb6f5-d2f8-48e5-a274-899f2142c248 (type: ports) to 2
2026-08-22 11:52:19.695 8 INFO neutron.plugins.ml2.drivers.ovn.mech_driver.ovsdb.commands [None req-ec880f2e-b786-42dd-8487-cbccdb44f226 - - - - - -] Schedule LRP lrp-fcd802a1-51f7-4af1-99b9-bb8e508f5000 on gateway 6f214bc7-a67c-42c5-9004-92397c10799d with priority 1
2026-08-22 11:52:19.741 7 INFO neutron.plugins.ml2.drivers.ovn.mech_driver.ovsdb.ovsdb_monitor [None req-918f9c01-96c3-4749-87a1-96247abe1d9c - - - - - -] Router 28230070-adf3-4f8a-a343-d2dbbdc2586b is bound to host instance [pid: 7|app: 0|req: 830/1730] 10.0.0.71 () {32 vars in 739 bytes} [Sat Aug 22 11:52:19 2026] DELETE /v2.0/security-groups/486e4b7e-5cc0-4003-bcdc-868c9c7bfd0f => generated 0 bytes in 302 msecs (HTTP/1.1 204) 2 headers in 112 bytes (1 switches on core 0) [pid: 7|app: 0|req: 831/1731] 10.0.0.105 () {34 vars in 965 bytes} [Sat Aug 22 11:52:19 2026] GET /v2.0/quotas/ef90672e79cc4747841a32b4068e670b => generated 292 bytes in 29 msecs (HTTP/1.1 200) 4 headers in 157 bytes (1 switches on core 0)
2026-08-22 11:52:19.943 8 INFO neutron.db.ovn_revision_numbers_db [None req-06379a9d-8d80-4a8c-8f52-5e5f7376f8f7 b9c4523fc20c4634bcad9db6eec71a7a 0f6650396d7342cf96882aac825b3457 - - default default] Successfully bumped revision number for resource fcd802a1-51f7-4af1-99b9-bb8e508f5000 (type: router_ports) to 1 [pid: 7|app: 0|req: 832/1732] 10.0.0.105 () {34 vars in 1002 bytes} [Sat Aug 22 11:52:19 2026] GET /v2.0/ports?tenant_id=ef90672e79cc4747841a32b4068e670b&fields=id => generated 103 bytes in 210 msecs (HTTP/1.1 200) 4 headers in 157 bytes (1 switches on core 0)
2026-08-22 11:52:20.117 8 INFO neutron.db.ovn_revision_numbers_db [None req-06379a9d-8d80-4a8c-8f52-5e5f7376f8f7 b9c4523fc20c4634bcad9db6eec71a7a 0f6650396d7342cf96882aac825b3457 - - default default] Successfully bumped revision number for resource 28230070-adf3-4f8a-a343-d2dbbdc2586b (type: routers) to 2 [pid: 8|app: 0|req: 901/1733] 10.0.0.71 () {34 vars in 668 bytes} [Sat Aug 22 11:52:16 2026] POST /v2.0/routers => generated 966 bytes in 3911 msecs (HTTP/1.1 201) 4 headers in 162 bytes (1 switches on core 0)
2026-08-22 11:52:20.145 8 INFO neutron.db.ovn_revision_numbers_db [None req-acefb926-d3e1-4d5d-80af-e3466c2fae03 - - - - - -] Successfully bumped revision number for resource fadc49fc-ed07-4655-9f1e-f7350edf7067 (type: ports) to 5 [pid: 7|app: 0|req: 833/1734] 10.0.0.105 () {34 vars in 1008 bytes} [Sat Aug 22 11:52:20 2026] GET /v2.0/networks/33dcb690-fe83-4a51-90ca-bd4bdf4d5874?fields=segments => generated 14 bytes in 105 msecs (HTTP/1.1 200) 4 headers in 156 bytes (1 switches on core 0) [pid: 7|app: 0|req: 834/1735] 10.0.0.105 () {34 vars in 1108 bytes} [Sat Aug 22 11:52:20 2026] GET /v2.0/networks/33dcb690-fe83-4a51-90ca-bd4bdf4d5874?fields=provider%3Aphysical_network&fields=provider%3Anetwork_type => generated 79 bytes in 85 msecs (HTTP/1.1 200) 4 headers in 156 bytes (1 switches on core 0) [pid: 7|app: 0|req: 835/1736] 10.0.0.105 () {34 vars in 990 bytes} [Sat Aug 22 11:52:20 2026] GET /v2.0/ports?device_id=8b1f5bde-29e3-4027-a02a-12f7fbe3ae19 => generated 12 bytes in 35 msecs (HTTP/1.1 200) 4 headers in 156 bytes (1 switches on core 0)
2026-08-22 11:52:20.662 8 WARNING neutron.scheduler.dhcp_agent_scheduler [None req-de9a8598-c876-4765-8b54-b4474d5d5b5c b9c4523fc20c4634bcad9db6eec71a7a 0f6650396d7342cf96882aac825b3457 - - default default] No more DHCP agents
2026-08-22 11:52:20.663 8 WARNING neutron.api.rpc.agentnotifiers.dhcp_rpc_agent_api [None req-de9a8598-c876-4765-8b54-b4474d5d5b5c b9c4523fc20c4634bcad9db6eec71a7a 0f6650396d7342cf96882aac825b3457 - - default default] Unable to schedule network 6b1b88c5-ccf0-4b6f-a2a4-25fbe06570b7: no agents available; will retry on subsequent port and subnet creation events.
2026-08-22 11:52:20.881 7 INFO neutron.db.ovn_revision_numbers_db [None req-6fd8e48a-231c-4e16-a78b-c5fa547375a2 - - - - - -] Successfully bumped revision number for resource fcd802a1-51f7-4af1-99b9-bb8e508f5000 (type: ports) to 4
2026-08-22 11:52:20.918 8 INFO neutron.db.ovn_revision_numbers_db [None req-de9a8598-c876-4765-8b54-b4474d5d5b5c b9c4523fc20c4634bcad9db6eec71a7a 0f6650396d7342cf96882aac825b3457 - - default default] Successfully bumped revision number for resource 50496da7-1c65-4610-b52c-f997ec21b77f (type: ports) to 1
2026-08-22 11:52:21.261 7 INFO neutron.db.ovn_revision_numbers_db [None req-15910eb0-ff68-4599-b948-bc29655b0517 b9c4523fc20c4634bcad9db6eec71a7a 0f6650396d7342cf96882aac825b3457 - - default default] Successfully bumped revision number for resource bdae3523-e28f-4874-a120-0ac919429d88 (type: security_groups) to 1
2026-08-22 11:52:21.278 7 INFO neutron.db.ovn_revision_numbers_db [None req-15910eb0-ff68-4599-b948-bc29655b0517 b9c4523fc20c4634bcad9db6eec71a7a 0f6650396d7342cf96882aac825b3457 - - default default] Successfully bumped revision number for resource 2377209a-d900-42a7-b92d-d0ab05a70bf6 (type: security_group_rules) to 0
2026-08-22 11:52:21.307 7 INFO neutron.db.ovn_revision_numbers_db [None req-15910eb0-ff68-4599-b948-bc29655b0517 b9c4523fc20c4634bcad9db6eec71a7a 0f6650396d7342cf96882aac825b3457 - - default default] Successfully bumped revision number for resource 670dcda7-9506-4a8f-999d-697ea689c2f0 (type: security_group_rules) to 0
2026-08-22 11:52:21.325 7 INFO neutron.db.ovn_revision_numbers_db [None req-15910eb0-ff68-4599-b948-bc29655b0517 b9c4523fc20c4634bcad9db6eec71a7a 0f6650396d7342cf96882aac825b3457 - - default default] Successfully bumped revision number for resource cc0e526d-b085-4d6d-8427-86946fac463b (type: security_group_rules) to 0
2026-08-22 11:52:21.361 7 INFO neutron.db.ovn_revision_numbers_db [None req-15910eb0-ff68-4599-b948-bc29655b0517 b9c4523fc20c4634bcad9db6eec71a7a 0f6650396d7342cf96882aac825b3457 - - default default] Successfully bumped revision number for resource d0e9b2f9-0710-4c97-9e45-287c6649bed1 (type: security_group_rules) to 0
2026-08-22 11:52:21.410 7 INFO neutron.db.ovn_revision_numbers_db [None req-6fd8e48a-231c-4e16-a78b-c5fa547375a2 - - - - - -] Successfully bumped revision number for resource fcd802a1-51f7-4af1-99b9-bb8e508f5000 (type: ports) to 5 [pid: 7|app: 0|req: 836/1737] 10.0.0.71 () {32 vars in 773 bytes} [Sat Aug 22 11:52:20 2026] GET /v2.0/security-groups?tenant_id=ed794b37fbca4eaa89fe5b4da5108f19&name=default => generated 2925 bytes in 558 msecs (HTTP/1.1 200) 4 headers in 158 bytes (1 switches on core 0)
2026-08-22 11:52:21.681 8 WARNING neutron.scheduler.dhcp_agent_scheduler [None req-de9a8598-c876-4765-8b54-b4474d5d5b5c b9c4523fc20c4634bcad9db6eec71a7a 0f6650396d7342cf96882aac825b3457 - - default default] No more DHCP agents
2026-08-22 11:52:21.682 8 WARNING neutron.api.rpc.agentnotifiers.dhcp_rpc_agent_api [None req-de9a8598-c876-4765-8b54-b4474d5d5b5c b9c4523fc20c4634bcad9db6eec71a7a 0f6650396d7342cf96882aac825b3457 - - default default] Unable to schedule network 6b1b88c5-ccf0-4b6f-a2a4-25fbe06570b7: no agents available; will retry on subsequent port and subnet creation events. [pid: 7|app: 0|req: 837/1738] 10.0.0.71 () {32 vars in 739 bytes} [Sat Aug 22 11:52:21 2026] DELETE /v2.0/security-groups/bdae3523-e28f-4874-a120-0ac919429d88 => generated 0 bytes in 317 msecs (HTTP/1.1 204) 2 headers in 112 bytes (1 switches on core 0) [pid: 7|app: 0|req: 838/1739] 10.0.0.105 () {34 vars in 990 bytes} [Sat Aug 22 11:52:21 2026] GET /v2.0/ports?device_id=8b1f5bde-29e3-4027-a02a-12f7fbe3ae19 => generated 12 bytes in 17 msecs (HTTP/1.1 200) 4 headers in 156 bytes (1 switches on core 0)
