2026-08-22 11:54:10.409 7 INFO neutron.db.ovn_revision_numbers_db [None req-94df1341-1c5a-48d6-92bb-3ea0054c668c 163b74b53c2d49d2a88b8d6461698d23 2b2342f2b1de4074ac6ca6d4128802c0 - - default default] Successfully bumped revision number for resource c43ff13b-6eaf-4cce-9019-1fc0dfcabb7a (type: subnets) to 0 [pid: 7|app: 0|req: 1220/2531] 10.0.0.71 () {34 vars in 668 bytes} [Sat Aug 22 11:54:10 2026] POST /v2.0/subnets => generated 729 bytes in 235 msecs (HTTP/1.1 201) 4 headers in 162 bytes (1 switches on core 0)
2026-08-22 11:54:10.555 8 WARNING neutron.scheduler.dhcp_agent_scheduler [None req-acd47a85-3662-4461-8467-f34b9d457d06 84e5b59236944c7cae2df66248857471 d8ea3047e0454b9f8121eec9d8da1a2c - - default default] No more DHCP agents
2026-08-22 11:54:10.556 8 WARNING neutron.api.rpc.agentnotifiers.dhcp_rpc_agent_api [None req-acd47a85-3662-4461-8467-f34b9d457d06 84e5b59236944c7cae2df66248857471 d8ea3047e0454b9f8121eec9d8da1a2c - - default default] Unable to schedule network 61392c5c-3d19-4d17-ad25-825576509fb3: no agents available; will retry on subsequent port and subnet creation events.
2026-08-22 11:54:10.623 7 INFO neutron.plugins.ml2.drivers.ovn.mech_driver.mech_driver [None req-35087513-0791-48ef-8428-831958886623 - - - - - -] OVN reports status down for port: 600e47e9-6759-4815-a153-532c4ff39eed
2026-08-22 11:54:10.642 8 INFO neutron.db.ovn_revision_numbers_db [None req-acd47a85-3662-4461-8467-f34b9d457d06 84e5b59236944c7cae2df66248857471 d8ea3047e0454b9f8121eec9d8da1a2c - - default default] Successfully bumped revision number for resource 600e47e9-6759-4815-a153-532c4ff39eed (type: ports) to 1 [pid: 8|app: 0|req: 1312/2532] 10.0.0.71 () {34 vars in 669 bytes} [Sat Aug 22 11:54:09 2026] POST /v2.0/networks => generated 645 bytes in 882 msecs (HTTP/1.1 201) 4 headers in 162 bytes (1 switches on core 0)
2026-08-22 11:54:10.931 8 INFO neutron.db.ovn_revision_numbers_db [None req-c9b25fae-1394-40b1-907c-77ac79a8cad7 b9c4523fc20c4634bcad9db6eec71a7a 0f6650396d7342cf96882aac825b3457 - - default default] Successfully bumped revision number for resource 4b3e96ed-8dc7-456a-ab40-3e5312780e57 (type: security_groups) to 1
2026-08-22 11:54:10.941 7 WARNING neutron.scheduler.dhcp_agent_scheduler [None req-8fde65ef-3dc9-4701-9997-4fb9e617548a 163b74b53c2d49d2a88b8d6461698d23 2b2342f2b1de4074ac6ca6d4128802c0 - - default default] No more DHCP agents
2026-08-22 11:54:10.945 7 WARNING neutron.api.rpc.agentnotifiers.dhcp_rpc_agent_api [None req-8fde65ef-3dc9-4701-9997-4fb9e617548a 163b74b53c2d49d2a88b8d6461698d23 2b2342f2b1de4074ac6ca6d4128802c0 - - default default] Unable to schedule network df816ead-c7af-46fd-af8b-f60d4cc0e998: no agents available; will retry on subsequent port and subnet creation events.
2026-08-22 11:54:10.948 8 INFO neutron.db.ovn_revision_numbers_db [None req-c9b25fae-1394-40b1-907c-77ac79a8cad7 b9c4523fc20c4634bcad9db6eec71a7a 0f6650396d7342cf96882aac825b3457 - - default default] Successfully bumped revision number for resource 18c1aefd-a05b-4bc5-90e4-c6627911b0b8 (type: security_group_rules) to 0
2026-08-22 11:54:10.967 8 INFO neutron.db.ovn_revision_numbers_db [None req-c9b25fae-1394-40b1-907c-77ac79a8cad7 b9c4523fc20c4634bcad9db6eec71a7a 0f6650396d7342cf96882aac825b3457 - - default default] Successfully bumped revision number for resource 79b65295-1dfc-4d77-8f7f-9cffa26df690 (type: security_group_rules) to 0
2026-08-22 11:54:10.977 8 INFO neutron.db.ovn_revision_numbers_db [None req-c9b25fae-1394-40b1-907c-77ac79a8cad7 b9c4523fc20c4634bcad9db6eec71a7a 0f6650396d7342cf96882aac825b3457 - - default default] Successfully bumped revision number for resource 90a9a271-6e08-485a-81a2-5e1d477725bc (type: security_group_rules) to 0
2026-08-22 11:54:10.988 8 INFO neutron.db.ovn_revision_numbers_db [None req-c9b25fae-1394-40b1-907c-77ac79a8cad7 b9c4523fc20c4634bcad9db6eec71a7a 0f6650396d7342cf96882aac825b3457 - - default default] Successfully bumped revision number for resource 918460c1-a763-4474-872e-5f09181d2078 (type: security_group_rules) to 0 [pid: 8|app: 0|req: 1313/2533] 10.0.0.71 () {32 vars in 773 bytes} [Sat Aug 22 11:54:10 2026] GET /v2.0/security-groups?tenant_id=c2b38f7b84ca47a5a5f84e86cf9a4102&name=default => generated 2925 bytes in 370 msecs (HTTP/1.1 200) 4 headers in 158 bytes (1 switches on core 0)
2026-08-22 11:54:11.086 8 INFO neutron.plugins.ml2.drivers.ovn.mech_driver.mech_driver [None req-e1e5e98d-d488-46f2-8f5f-9692b0c13ff1 - - - - - -] OVN reports status down for port: c549efb8-f983-4aab-9e27-daee6b46e492
2026-08-22 11:54:11.102 7 INFO neutron.db.ovn_revision_numbers_db [None req-8fde65ef-3dc9-4701-9997-4fb9e617548a 163b74b53c2d49d2a88b8d6461698d23 2b2342f2b1de4074ac6ca6d4128802c0 - - default default] Successfully bumped revision number for resource c549efb8-f983-4aab-9e27-daee6b46e492 (type: ports) to 1
2026-08-22 11:54:11.279 8 WARNING neutron.scheduler.dhcp_agent_scheduler [None req-33dd869e-3c75-4c59-a7ab-6b382e8df113 84e5b59236944c7cae2df66248857471 d8ea3047e0454b9f8121eec9d8da1a2c - - default default] No more DHCP agents
2026-08-22 11:54:11.281 8 WARNING neutron.api.rpc.agentnotifiers.dhcp_rpc_agent_api [None req-33dd869e-3c75-4c59-a7ab-6b382e8df113 84e5b59236944c7cae2df66248857471 d8ea3047e0454b9f8121eec9d8da1a2c - - default default] Unable to schedule network 61392c5c-3d19-4d17-ad25-825576509fb3: no agents available; will retry on subsequent port and subnet creation events.
2026-08-22 11:54:11.696 7 INFO neutron.plugins.ml2.drivers.ovn.mech_driver.ovsdb.commands [None req-92d42b10-59b2-4b7b-b7ac-9ea6c5be155a - - - - - -] Schedule LRP lrp-c549efb8-f983-4aab-9e27-daee6b46e492 on gateway 6f214bc7-a67c-42c5-9004-92397c10799d with priority 1
2026-08-22 11:54:11.706 8 INFO neutron.db.ovn_revision_numbers_db [None req-63a59c7a-9618-4d9e-b846-f19a00c8b692 - - - - - -] Successfully bumped revision number for resource 600e47e9-6759-4815-a153-532c4ff39eed (type: ports) to 2
2026-08-22 11:54:11.739 7 INFO neutron.plugins.ml2.drivers.ovn.mech_driver.ovsdb.ovsdb_monitor [None req-8200c66c-2a61-4cf8-95ba-e565affa80da - - - - - -] Router e6461708-fc29-452a-8c14-f2df9c8893fe is bound to host instance
2026-08-22 11:54:11.751 8 INFO neutron.plugins.ml2.drivers.ovn.mech_driver.mech_driver [None req-e1e5e98d-d488-46f2-8f5f-9692b0c13ff1 - - - - - -] OVN reports status up for port: c549efb8-f983-4aab-9e27-daee6b46e492
2026-08-22 11:54:11.782 8 INFO neutron.plugins.ml2.plugin [None req-e1e5e98d-d488-46f2-8f5f-9692b0c13ff1 - - - - - -] Attempt 1 to provision port c549efb8-f983-4aab-9e27-daee6b46e492
2026-08-22 11:54:11.797 8 INFO neutron.db.ovn_revision_numbers_db [None req-63a59c7a-9618-4d9e-b846-f19a00c8b692 - - - - - -] Successfully bumped revision number for resource 3e85d7db-9167-4111-8b6a-740e71e81634 (type: subnets) to 0
2026-08-22 11:54:11.816 7 INFO neutron.db.ovn_revision_numbers_db [None req-8fde65ef-3dc9-4701-9997-4fb9e617548a 163b74b53c2d49d2a88b8d6461698d23 2b2342f2b1de4074ac6ca6d4128802c0 - - default default] Successfully bumped revision number for resource c549efb8-f983-4aab-9e27-daee6b46e492 (type: router_ports) to 1 [pid: 8|app: 0|req: 1314/2534] 10.0.0.71 () {34 vars in 668 bytes} [Sat Aug 22 11:54:11 2026] POST /v2.0/subnets => generated 626 bytes in 783 msecs (HTTP/1.1 201) 4 headers in 162 bytes (1 switches on core 0)
2026-08-22 11:54:11.959 7 INFO neutron.db.ovn_revision_numbers_db [None req-8fde65ef-3dc9-4701-9997-4fb9e617548a 163b74b53c2d49d2a88b8d6461698d23 2b2342f2b1de4074ac6ca6d4128802c0 - - default default] Successfully bumped revision number for resource e6461708-fc29-452a-8c14-f2df9c8893fe (type: routers) to 2 [pid: 7|app: 0|req: 1221/2535] 10.0.0.71 () {34 vars in 668 bytes} [Sat Aug 22 11:54:10 2026] POST /v2.0/routers => generated 945 bytes in 1566 msecs (HTTP/1.1 201) 4 headers in 162 bytes (1 switches on core 0) [pid: 8|app: 0|req: 1315/2536] 10.0.0.71 () {32 vars in 739 bytes} [Sat Aug 22 11:54:11 2026] DELETE /v2.0/security-groups/4b3e96ed-8dc7-456a-ab40-3e5312780e57 => generated 0 bytes in 302 msecs (HTTP/1.1 204) 2 headers in 112 bytes (1 switches on core 0)
2026-08-22 11:54:12.627 8 WARNING neutron.scheduler.dhcp_agent_scheduler [None req-9cf22a99-9a1c-409f-937a-ac889b23ba14 163b74b53c2d49d2a88b8d6461698d23 2b2342f2b1de4074ac6ca6d4128802c0 - - default default] No more DHCP agents
2026-08-22 11:54:12.628 8 WARNING neutron.api.rpc.agentnotifiers.dhcp_rpc_agent_api [None req-9cf22a99-9a1c-409f-937a-ac889b23ba14 163b74b53c2d49d2a88b8d6461698d23 2b2342f2b1de4074ac6ca6d4128802c0 - - default default] Unable to schedule network 5432673d-ab03-45f6-b8d0-bd9fee505cca: no agents available; will retry on subsequent port and subnet creation events.
2026-08-22 11:54:12.777 7 INFO neutron.plugins.ml2.drivers.ovn.mech_driver.mech_driver [None req-35087513-0791-48ef-8428-831958886623 - - - - - -] OVN reports status down for port: 2ed8786e-884a-4e9f-9013-85f488b78102
2026-08-22 11:54:12.783 8 INFO neutron.db.ovn_revision_numbers_db [None req-9cf22a99-9a1c-409f-937a-ac889b23ba14 163b74b53c2d49d2a88b8d6461698d23 2b2342f2b1de4074ac6ca6d4128802c0 - - default default] Successfully bumped revision number for resource 2ed8786e-884a-4e9f-9013-85f488b78102 (type: ports) to 1
2026-08-22 11:54:12.952 7 WARNING neutron.scheduler.dhcp_agent_scheduler [None req-1ca5029c-5803-47e6-b60f-94384c19302c 84e5b59236944c7cae2df66248857471 d8ea3047e0454b9f8121eec9d8da1a2c - - default default] No more DHCP agents
2026-08-22 11:54:12.961 7 WARNING neutron.api.rpc.agentnotifiers.dhcp_rpc_agent_api [None req-1ca5029c-5803-47e6-b60f-94384c19302c 84e5b59236944c7cae2df66248857471 d8ea3047e0454b9f8121eec9d8da1a2c - - default default] Unable to schedule network df816ead-c7af-46fd-af8b-f60d4cc0e998: no agents available; will retry on subsequent port and subnet creation events.
2026-08-22 11:54:13.259 7 INFO neutron.db.ovn_revision_numbers_db [None req-1ca5029c-5803-47e6-b60f-94384c19302c 84e5b59236944c7cae2df66248857471 d8ea3047e0454b9f8121eec9d8da1a2c - - default default] Successfully bumped revision number for resource 9198431f-197b-42c7-a203-5677d9f38680 (type: ports) to 1
2026-08-22 11:54:13.431 7 INFO neutron.plugins.ml2.drivers.ovn.mech_driver.mech_driver [None req-35087513-0791-48ef-8428-831958886623 - - - - - -] OVN reports status up for port: 2ed8786e-884a-4e9f-9013-85f488b78102
2026-08-22 11:54:13.465 8 WARNING neutron.scheduler.dhcp_agent_scheduler [None req-9cf22a99-9a1c-409f-937a-ac889b23ba14 163b74b53c2d49d2a88b8d6461698d23 2b2342f2b1de4074ac6ca6d4128802c0 - - default default] No more DHCP agents
2026-08-22 11:54:13.466 8 WARNING neutron.api.rpc.agentnotifiers.dhcp_rpc_agent_api [None req-9cf22a99-9a1c-409f-937a-ac889b23ba14 163b74b53c2d49d2a88b8d6461698d23 2b2342f2b1de4074ac6ca6d4128802c0 - - default default] Unable to schedule network 5432673d-ab03-45f6-b8d0-bd9fee505cca: no agents available; will retry on subsequent port and subnet creation events.
2026-08-22 11:54:13.469 7 INFO neutron.plugins.ml2.plugin [None req-35087513-0791-48ef-8428-831958886623 - - - - - -] Attempt 1 to provision port 2ed8786e-884a-4e9f-9013-85f488b78102
2026-08-22 11:54:13.582 7 INFO neutron.db.ovn_revision_numbers_db [None req-5f1937f1-e6ad-4f04-ac8d-83df1b62421c - - - - - -] Successfully bumped revision number for resource c549efb8-f983-4aab-9e27-daee6b46e492 (type: ports) to 4
2026-08-22 11:54:14.389 8 INFO neutron.plugins.ml2.drivers.ovn.mech_driver.mech_driver [None req-e1e5e98d-d488-46f2-8f5f-9692b0c13ff1 - - - - - -] OVN reports status down for port: 9198431f-197b-42c7-a203-5677d9f38680
2026-08-22 11:54:14.593 8 INFO neutron.db.ovn_revision_numbers_db [None req-9cf22a99-9a1c-409f-937a-ac889b23ba14 163b74b53c2d49d2a88b8d6461698d23 2b2342f2b1de4074ac6ca6d4128802c0 - - default default] Successfully bumped revision number for resource 2ed8786e-884a-4e9f-9013-85f488b78102 (type: router_ports) to 1 [pid: 8|app: 0|req: 1316/2537] 10.0.0.71 () {34 vars in 782 bytes} [Sat Aug 22 11:54:12 2026] PUT /v2.0/routers/e6461708-fc29-452a-8c14-f2df9c8893fe/add_router_interface => generated 309 bytes in 2478 msecs (HTTP/1.1 200) 4 headers in 157 bytes (1 switches on core 0) [pid: 8|app: 0|req: 1317/2538] 10.0.0.71 () {32 vars in 773 bytes} [Sat Aug 22 11:54:14 2026] GET /v2.0/security-groups?tenant_id=3d827f2ab77e482985dfdbebf500155c&name=default => generated 2925 bytes in 39 msecs (HTTP/1.1 200) 4 headers in 158 bytes (1 switches on core 0)
2026-08-22 11:54:15.205 7 INFO neutron.db.ovn_revision_numbers_db [None req-5f1937f1-e6ad-4f04-ac8d-83df1b62421c - - - - - -] Successfully bumped revision number for resource c549efb8-f983-4aab-9e27-daee6b46e492 (type: ports) to 5
2026-08-22 11:54:15.211 8 WARNING neutron.scheduler.dhcp_agent_scheduler [None req-7cd04a16-cf59-4260-b926-a4576832f4d1 163b74b53c2d49d2a88b8d6461698d23 2b2342f2b1de4074ac6ca6d4128802c0 - - default default] No more DHCP agents
2026-08-22 11:54:15.213 8 WARNING neutron.api.rpc.agentnotifiers.dhcp_rpc_agent_api [None req-7cd04a16-cf59-4260-b926-a4576832f4d1 163b74b53c2d49d2a88b8d6461698d23 2b2342f2b1de4074ac6ca6d4128802c0 - - default default] Unable to schedule network 143f84c6-2c72-478a-9b1a-b241120658d2: no agents available; will retry on subsequent port and subnet creation events.
2026-08-22 11:54:15.327 8 INFO neutron.plugins.ml2.drivers.ovn.mech_driver.mech_driver [None req-e1e5e98d-d488-46f2-8f5f-9692b0c13ff1 - - - - - -] OVN reports status down for port: c138c5cf-0184-4855-ae38-ef6ea15decad
2026-08-22 11:54:15.389 8 INFO neutron.db.ovn_revision_numbers_db [None req-7cd04a16-cf59-4260-b926-a4576832f4d1 163b74b53c2d49d2a88b8d6461698d23 2b2342f2b1de4074ac6ca6d4128802c0 - - default default] Successfully bumped revision number for resource c138c5cf-0184-4855-ae38-ef6ea15decad (type: ports) to 1
2026-08-22 11:54:15.394 7 INFO neutron.db.ovn_revision_numbers_db [None req-35087513-0791-48ef-8428-831958886623 - - - - - -] Successfully bumped revision number for resource 2ed8786e-884a-4e9f-9013-85f488b78102 (type: ports) to 2
2026-08-22 11:54:15.648 7 INFO neutron.plugins.ml2.drivers.ovn.mech_driver.ovsdb.commands [None req-92d42b10-59b2-4b7b-b7ac-9ea6c5be155a - - - - - -] Schedule LRP lrp-9198431f-197b-42c7-a203-5677d9f38680 on gateway 6f214bc7-a67c-42c5-9004-92397c10799d with priority 1
2026-08-22 11:54:15.709 8 INFO neutron.plugins.ml2.drivers.ovn.mech_driver.mech_driver [None req-e1e5e98d-d488-46f2-8f5f-9692b0c13ff1 - - - - - -] OVN reports status up for port: 9198431f-197b-42c7-a203-5677d9f38680
2026-08-22 11:54:15.714 7 INFO neutron.db.ovn_revision_numbers_db [None req-1ca5029c-5803-47e6-b60f-94384c19302c 84e5b59236944c7cae2df66248857471 d8ea3047e0454b9f8121eec9d8da1a2c - - default default] Successfully bumped revision number for resource 9198431f-197b-42c7-a203-5677d9f38680 (type: router_ports) to 1
2026-08-22 11:54:15.745 8 INFO neutron.plugins.ml2.plugin [None req-e1e5e98d-d488-46f2-8f5f-9692b0c13ff1 - - - - - -] Attempt 1 to provision port 9198431f-197b-42c7-a203-5677d9f38680
2026-08-22 11:54:15.780 7 INFO neutron.db.ovn_revision_numbers_db [None req-1ca5029c-5803-47e6-b60f-94384c19302c 84e5b59236944c7cae2df66248857471 d8ea3047e0454b9f8121eec9d8da1a2c - - default default] Successfully bumped revision number for resource bb36d2df-331c-48d6-b455-bff580361125 (type: routers) to 2 [pid: 7|app: 0|req: 1222/2539] 10.0.0.71 () {34 vars in 668 bytes} [Sat Aug 22 11:54:11 2026] POST /v2.0/routers => generated 935 bytes in 3802 msecs (HTTP/1.1 201) 4 headers in 162 bytes (1 switches on core 0) [pid: 7|app: 0|req: 1223/2540] 10.0.0.71 () {32 vars in 739 bytes} [Sat Aug 22 11:54:15 2026] DELETE /v2.0/security-groups/eec5c3f1-772a-44ee-949d-a8cfb0f8b20d => generated 0 bytes in 263 msecs (HTTP/1.1 204) 2 headers in 112 bytes (1 switches on core 0)
2026-08-22 11:54:16.338 8 WARNING neutron.scheduler.dhcp_agent_scheduler [None req-7cd04a16-cf59-4260-b926-a4576832f4d1 163b74b53c2d49d2a88b8d6461698d23 2b2342f2b1de4074ac6ca6d4128802c0 - - default default] No more DHCP agents
2026-08-22 11:54:16.339 8 WARNING neutron.api.rpc.agentnotifiers.dhcp_rpc_agent_api [None req-7cd04a16-cf59-4260-b926-a4576832f4d1 163b74b53c2d49d2a88b8d6461698d23 2b2342f2b1de4074ac6ca6d4128802c0 - - default default] Unable to schedule network 143f84c6-2c72-478a-9b1a-b241120658d2: no agents available; will retry on subsequent port and subnet creation events.
2026-08-22 11:54:16.538 7 WARNING neutron.scheduler.dhcp_agent_scheduler [None req-9974ff18-ec90-4a17-ac97-57fc2748f941 84e5b59236944c7cae2df66248857471 d8ea3047e0454b9f8121eec9d8da1a2c - - default default] No more DHCP agents
2026-08-22 11:54:16.539 7 WARNING neutron.api.rpc.agentnotifiers.dhcp_rpc_agent_api [None req-9974ff18-ec90-4a17-ac97-57fc2748f941 84e5b59236944c7cae2df66248857471 d8ea3047e0454b9f8121eec9d8da1a2c - - default default] Unable to schedule network 61392c5c-3d19-4d17-ad25-825576509fb3: no agents available; will retry on subsequent port and subnet creation events.
2026-08-22 11:54:16.697 7 INFO neutron.db.ovn_revision_numbers_db [None req-9974ff18-ec90-4a17-ac97-57fc2748f941 84e5b59236944c7cae2df66248857471 d8ea3047e0454b9f8121eec9d8da1a2c - - default default] Successfully bumped revision number for resource 3f38917a-8862-45b6-90f9-0144ee3e997b (type: ports) to 1
2026-08-22 11:54:16.765 8 INFO neutron.db.ovn_revision_numbers_db [None req-7cd04a16-cf59-4260-b926-a4576832f4d1 163b74b53c2d49d2a88b8d6461698d23 2b2342f2b1de4074ac6ca6d4128802c0 - - default default] Successfully bumped revision number for resource c138c5cf-0184-4855-ae38-ef6ea15decad (type: router_ports) to 1 [pid: 8|app: 0|req: 1318/2541] 10.0.0.71 () {34 vars in 782 bytes} [Sat Aug 22 11:54:14 2026] PUT /v2.0/routers/e6461708-fc29-452a-8c14-f2df9c8893fe/add_router_interface => generated 309 bytes in 2133 msecs (HTTP/1.1 200) 4 headers in 157 bytes (1 switches on core 0)
2026-08-22 11:54:17.258 8 WARNING neutron.scheduler.dhcp_agent_scheduler [None req-45df0ce6-cbf2-4cce-8ee1-8079843bb89a 163b74b53c2d49d2a88b8d6461698d23 2b2342f2b1de4074ac6ca6d4128802c0 - - default default] No more DHCP agents
2026-08-22 11:54:17.259 8 WARNING neutron.api.rpc.agentnotifiers.dhcp_rpc_agent_api [None req-45df0ce6-cbf2-4cce-8ee1-8079843bb89a 163b74b53c2d49d2a88b8d6461698d23 2b2342f2b1de4074ac6ca6d4128802c0 - - default default] Unable to schedule network 221a8161-bd37-43c7-82d5-59d3a212a6c2: no agents available; will retry on subsequent port and subnet creation events.
2026-08-22 11:54:17.395 8 INFO neutron.db.ovn_revision_numbers_db [None req-45df0ce6-cbf2-4cce-8ee1-8079843bb89a 163b74b53c2d49d2a88b8d6461698d23 2b2342f2b1de4074ac6ca6d4128802c0 - - default default] Successfully bumped revision number for resource 412c323c-26a8-4fa2-b8d5-b22c0ad98e60 (type: ports) to 1
2026-08-22 11:54:17.536 7 WARNING neutron.scheduler.dhcp_agent_scheduler [None req-9974ff18-ec90-4a17-ac97-57fc2748f941 84e5b59236944c7cae2df66248857471 d8ea3047e0454b9f8121eec9d8da1a2c - - default default] No more DHCP agents
2026-08-22 11:54:17.537 7 WARNING neutron.api.rpc.agentnotifiers.dhcp_rpc_agent_api [None req-9974ff18-ec90-4a17-ac97-57fc2748f941 84e5b59236944c7cae2df66248857471 d8ea3047e0454b9f8121eec9d8da1a2c - - default default] Unable to schedule network 61392c5c-3d19-4d17-ad25-825576509fb3: no agents available; will retry on subsequent port and subnet creation events.
2026-08-22 11:54:17.980 7 INFO neutron.db.ovn_revision_numbers_db [None req-9974ff18-ec90-4a17-ac97-57fc2748f941 84e5b59236944c7cae2df66248857471 d8ea3047e0454b9f8121eec9d8da1a2c - - default default] Successfully bumped revision number for resource 3f38917a-8862-45b6-90f9-0144ee3e997b (type: router_ports) to 1 [pid: 7|app: 0|req: 1224/2542] 10.0.0.71 () {34 vars in 782 bytes} [Sat Aug 22 11:54:16 2026] PUT /v2.0/routers/bb36d2df-331c-48d6-b455-bff580361125/add_router_interface => generated 309 bytes in 1925 msecs (HTTP/1.1 200) 4 headers in 157 bytes (1 switches on core 0)
2026-08-22 11:54:18.300 8 WARNING neutron.scheduler.dhcp_agent_scheduler [None req-45df0ce6-cbf2-4cce-8ee1-8079843bb89a 163b74b53c2d49d2a88b8d6461698d23 2b2342f2b1de4074ac6ca6d4128802c0 - - default default] No more DHCP agents
2026-08-22 11:54:18.308 8 WARNING neutron.api.rpc.agentnotifiers.dhcp_rpc_agent_api [None req-45df0ce6-cbf2-4cce-8ee1-8079843bb89a 163b74b53c2d49d2a88b8d6461698d23 2b2342f2b1de4074ac6ca6d4128802c0 - - default default] Unable to schedule network 221a8161-bd37-43c7-82d5-59d3a212a6c2: no agents available; will retry on subsequent port and subnet creation events.
2026-08-22 11:54:18.677 7 WARNING neutron.scheduler.dhcp_agent_scheduler [None req-233a6e2b-8e21-465a-8e04-c0331d2cd10b - - - - - -] No more DHCP agents
2026-08-22 11:54:18.678 8 INFO neutron.db.ovn_revision_numbers_db [None req-45df0ce6-cbf2-4cce-8ee1-8079843bb89a 163b74b53c2d49d2a88b8d6461698d23 2b2342f2b1de4074ac6ca6d4128802c0 - - default default] Successfully bumped revision number for resource 412c323c-26a8-4fa2-b8d5-b22c0ad98e60 (type: router_ports) to 1
2026-08-22 11:54:18.680 7 WARNING neutron.api.rpc.agentnotifiers.dhcp_rpc_agent_api [None req-233a6e2b-8e21-465a-8e04-c0331d2cd10b - - - - - -] Unable to schedule network df816ead-c7af-46fd-af8b-f60d4cc0e998: no agents available; will retry on subsequent port and subnet creation events. [pid: 8|app: 0|req: 1319/2543] 10.0.0.71 () {34 vars in 782 bytes} [Sat Aug 22 11:54:16 2026] PUT /v2.0/routers/e6461708-fc29-452a-8c14-f2df9c8893fe/add_router_interface => generated 309 bytes in 1906 msecs (HTTP/1.1 200) 4 headers in 157 bytes (1 switches on core 0)
2026-08-22 11:54:18.872 7 INFO neutron.db.ovn_revision_numbers_db [None req-233a6e2b-8e21-465a-8e04-c0331d2cd10b - - - - - -] Successfully bumped revision number for resource 26eac1bf-efcc-41dc-bdb4-8a8ab1a2a2a1 (type: ports) to 1
2026-08-22 11:54:18.912 8 INFO neutron.db.ovn_revision_numbers_db [None req-c950d79a-e9c0-4062-ab44-76ce7cf6b7fd 163b74b53c2d49d2a88b8d6461698d23 2b2342f2b1de4074ac6ca6d4128802c0 - - default default] Successfully bumped revision number for resource 281301f0-183d-493a-b800-df8fc61e34b4 (type: security_groups) to 1
2026-08-22 11:54:18.938 8 INFO neutron.db.ovn_revision_numbers_db [None req-c950d79a-e9c0-4062-ab44-76ce7cf6b7fd 163b74b53c2d49d2a88b8d6461698d23 2b2342f2b1de4074ac6ca6d4128802c0 - - default default] Successfully bumped revision number for resource 026ded23-e7d5-49a6-aafc-021ed1be61e2 (type: security_group_rules) to 0
2026-08-22 11:54:18.956 8 INFO neutron.db.ovn_revision_numbers_db [None req-c950d79a-e9c0-4062-ab44-76ce7cf6b7fd 163b74b53c2d49d2a88b8d6461698d23 2b2342f2b1de4074ac6ca6d4128802c0 - - default default] Successfully bumped revision number for resource e7a0c242-fb48-4880-8723-1f9c6e35fd59 (type: security_group_rules) to 0 [pid: 8|app: 0|req: 1320/2544] 10.0.0.71 () {34 vars in 683 bytes} [Sat Aug 22 11:54:18 2026] POST /v2.0/security-groups => generated 1628 bytes in 240 msecs (HTTP/1.1 201) 4 headers in 163 bytes (1 switches on core 0)
2026-08-22 11:54:19.135 8 INFO neutron.db.ovn_revision_numbers_db [None req-4a268f7b-564b-4f6a-8454-7708b4bb7b3c 163b74b53c2d49d2a88b8d6461698d23 2b2342f2b1de4074ac6ca6d4128802c0 - - default default] Successfully bumped revision number for resource 16122a25-5c5b-470a-b8c4-407e23e6a391 (type: security_group_rules) to 0
2026-08-22 11:54:19.152 7 INFO neutron.db.ovn_revision_numbers_db [None req-233a6e2b-8e21-465a-8e04-c0331d2cd10b - - - - - -] Successfully bumped revision number for resource 26eac1bf-efcc-41dc-bdb4-8a8ab1a2a2a1 (type: ports) to 3 [pid: 8|app: 0|req: 1321/2545] 10.0.0.71 () {34 vars in 694 bytes} [Sat Aug 22 11:54:18 2026] POST /v2.0/security-group-rules => generated 597 bytes in 169 msecs (HTTP/1.1 201) 4 headers in 162 bytes (1 switches on core 0)
2026-08-22 11:54:19.217 7 INFO neutron.db.segments_db [None req-233a6e2b-8e21-465a-8e04-c0331d2cd10b - - - - - -] Added segment cd520ebb-f75f-413a-8f1c-03dced7d406a of type geneve for network 7c43cebc-51a9-4d04-9d5f-b62c130010ca
2026-08-22 11:54:19.309 8 INFO neutron.db.ovn_revision_numbers_db [None req-2235dff9-f8fc-43d8-a5b4-9db4202955da 163b74b53c2d49d2a88b8d6461698d23 2b2342f2b1de4074ac6ca6d4128802c0 - - default default] Successfully bumped revision number for resource 0c0e8032-3672-4450-9552-de5676d12aea (type: security_group_rules) to 0
2026-08-22 11:54:19.341 7 INFO neutron.db.ovn_revision_numbers_db [None req-1c56030e-341d-4642-a3d3-d257291d2f9e - - - - - -] Successfully bumped revision number for resource 7c43cebc-51a9-4d04-9d5f-b62c130010ca (type: networks) to 1 [pid: 8|app: 0|req: 1322/2546] 10.0.0.71 () {34 vars in 694 bytes} [Sat Aug 22 11:54:19 2026] POST /v2.0/security-group-rules => generated 597 bytes in 183 msecs (HTTP/1.1 201) 4 headers in 162 bytes (1 switches on core 0)
2026-08-22 11:54:19.464 7 WARNING neutron.scheduler.dhcp_agent_scheduler [None req-1c56030e-341d-4642-a3d3-d257291d2f9e - - - - - -] No more DHCP agents
2026-08-22 11:54:19.465 7 WARNING neutron.api.rpc.agentnotifiers.dhcp_rpc_agent_api [None req-1c56030e-341d-4642-a3d3-d257291d2f9e - - - - - -] Unable to schedule network 7c43cebc-51a9-4d04-9d5f-b62c130010ca: no agents available; will retry on subsequent port and subnet creation events.
2026-08-22 11:54:19.498 8 INFO neutron.db.ovn_revision_numbers_db [None req-429cca1f-62e2-4bc6-9514-894a3671fb9e 163b74b53c2d49d2a88b8d6461698d23 2b2342f2b1de4074ac6ca6d4128802c0 - - default default] Successfully bumped revision number for resource 3276faf8-147f-43bb-9b57-45080ce7f0b3 (type: security_group_rules) to 0
2026-08-22 11:54:19.553 7 INFO neutron.db.ovn_revision_numbers_db [None req-1c56030e-341d-4642-a3d3-d257291d2f9e - - - - - -] Successfully bumped revision number for resource cfbbb0c3-c2cc-4271-a94c-35a16398420f (type: ports) to 1 [pid: 8|app: 0|req: 1323/2547] 10.0.0.71 () {34 vars in 694 bytes} [Sat Aug 22 11:54:19 2026] POST /v2.0/security-group-rules => generated 599 bytes in 211 msecs (HTTP/1.1 201) 4 headers in 162 bytes (1 switches on core 0)
2026-08-22 11:54:19.664 7 WARNING neutron.scheduler.dhcp_agent_scheduler [None req-1c56030e-341d-4642-a3d3-d257291d2f9e - - - - - -] No more DHCP agents
2026-08-22 11:54:19.665 7 WARNING neutron.api.rpc.agentnotifiers.dhcp_rpc_agent_api [None req-1c56030e-341d-4642-a3d3-d257291d2f9e - - - - - -] Unable to schedule network 7c43cebc-51a9-4d04-9d5f-b62c130010ca: no agents available; will retry on subsequent port and subnet creation events.
2026-08-22 11:54:19.682 7 INFO neutron.db.ovn_revision_numbers_db [None req-1c56030e-341d-4642-a3d3-d257291d2f9e - - - - - -] Successfully bumped revision number for resource 01f9dfb8-4a2c-47d8-a26b-e3e370629ba4 (type: subnets) to 0
2026-08-22 11:54:19.724 8 INFO neutron.db.ovn_revision_numbers_db [None req-6949ebd5-64d7-4cb1-93c1-11483c40d1fe 163b74b53c2d49d2a88b8d6461698d23 2b2342f2b1de4074ac6ca6d4128802c0 - - default default] Successfully bumped revision number for resource b63f7da2-ac74-4a44-b9ab-6877dbe51d47 (type: security_group_rules) to 0 [pid: 8|app: 0|req: 1324/2548] 10.0.0.71 () {34 vars in 694 bytes} [Sat Aug 22 11:54:19 2026] POST /v2.0/security-group-rules => generated 601 bytes in 180 msecs (HTTP/1.1 201) 4 headers in 162 bytes (1 switches on core 0)
2026-08-22 11:54:19.924 8 INFO neutron.db.ovn_revision_numbers_db [None req-059ecb12-eef6-4e88-8d59-328b3a261126 163b74b53c2d49d2a88b8d6461698d23 2b2342f2b1de4074ac6ca6d4128802c0 - - default default] Successfully bumped revision number for resource 4aa5efd6-d562-4155-bba6-96822cc5f9f0 (type: security_group_rules) to 0 [pid: 8|app: 0|req: 1325/2549] 10.0.0.71 () {34 vars in 694 bytes} [Sat Aug 22 11:54:19 2026] POST /v2.0/security-group-rules => generated 601 bytes in 196 msecs (HTTP/1.1 201) 4 headers in 162 bytes (1 switches on core 0)
2026-08-22 11:54:20.093 7 WARNING neutron.scheduler.dhcp_agent_scheduler [None req-1c56030e-341d-4642-a3d3-d257291d2f9e - - - - - -] No more DHCP agents
2026-08-22 11:54:20.094 7 WARNING neutron.api.rpc.agentnotifiers.dhcp_rpc_agent_api [None req-1c56030e-341d-4642-a3d3-d257291d2f9e - - - - - -] Unable to schedule network 7c43cebc-51a9-4d04-9d5f-b62c130010ca: no agents available; will retry on subsequent port and subnet creation events.
2026-08-22 11:54:20.115 8 INFO neutron.db.ovn_revision_numbers_db [None req-4edb6b0b-5276-45f6-bfbf-2420001eb14c 163b74b53c2d49d2a88b8d6461698d23 2b2342f2b1de4074ac6ca6d4128802c0 - - default default] Successfully bumped revision number for resource 939c3755-3f06-4a36-b1b0-bbd49658b547 (type: security_group_rules) to 0 [pid: 8|app: 0|req: 1326/2550] 10.0.0.71 () {34 vars in 694 bytes} [Sat Aug 22 11:54:19 2026] POST /v2.0/security-group-rules => generated 597 bytes in 178 msecs (HTTP/1.1 201) 4 headers in 162 bytes (1 switches on core 0)
2026-08-22 11:54:20.279 7 INFO neutron.db.ovn_revision_numbers_db [None req-1c56030e-341d-4642-a3d3-d257291d2f9e - - - - - -] Successfully bumped revision number for resource 1b633bc5-fc27-4a43-a479-856d9795a36b (type: ports) to 1
2026-08-22 11:54:20.334 8 INFO neutron.db.ovn_revision_numbers_db [None req-f26d7672-41e7-40f8-bccf-3b4bf228deca 163b74b53c2d49d2a88b8d6461698d23 2b2342f2b1de4074ac6ca6d4128802c0 - - default default] Successfully bumped revision number for resource 3c42f48c-6873-46f0-990a-ed5a25f74519 (type: security_group_rules) to 0 [pid: 8|app: 0|req: 1327/2551] 10.0.0.71 () {34 vars in 694 bytes} [Sat Aug 22 11:54:20 2026] POST /v2.0/security-group-rules => generated 597 bytes in 222 msecs (HTTP/1.1 201) 4 headers in 162 bytes (1 switches on core 0)
2026-08-22 11:54:20.616 8 WARNING neutron.plugins.ml2.drivers.ovn.mech_driver.ovsdb.ovn_client [None req-e1e5e98d-d488-46f2-8f5f-9692b0c13ff1 - - - - - -] No hosting information found for port 9198431f-197b-42c7-a203-5677d9f38680: RuntimeError: No hosting information found for port 9198431f-197b-42c7-a203-5677d9f38680
2026-08-22 11:54:20.617 8 INFO neutron.plugins.ml2.drivers.ovn.mech_driver.mech_driver [None req-e1e5e98d-d488-46f2-8f5f-9692b0c13ff1 - - - - - -] OVN reports status up for port: c138c5cf-0184-4855-ae38-ef6ea15decad
2026-08-22 11:54:20.648 8 INFO neutron.plugins.ml2.plugin [None req-e1e5e98d-d488-46f2-8f5f-9692b0c13ff1 - - - - - -] Attempt 1 to provision port c138c5cf-0184-4855-ae38-ef6ea15decad
2026-08-22 11:54:20.726 8 INFO neutron.db.ovn_revision_numbers_db [None req-81a50e82-0143-490a-a558-301ac04e261d d125b7c5aa374e49aa925fdf3df5f79e 6e658cf97c8e4352a4b1e087468db13f - - default default] Successfully bumped revision number for resource 6915f7ea-ca9a-4d8f-9f87-ad8897dc66b3 (type: security_groups) to 1
2026-08-22 11:54:20.765 8 INFO neutron.db.ovn_revision_numbers_db [None req-81a50e82-0143-490a-a558-301ac04e261d d125b7c5aa374e49aa925fdf3df5f79e 6e658cf97c8e4352a4b1e087468db13f - - default default] Successfully bumped revision number for resource 914550e0-429c-44c0-8245-bd66bd7237c5 (type: security_group_rules) to 0
2026-08-22 11:54:20.794 8 INFO neutron.db.ovn_revision_numbers_db [None req-81a50e82-0143-490a-a558-301ac04e261d d125b7c5aa374e49aa925fdf3df5f79e 6e658cf97c8e4352a4b1e087468db13f - - default default] Successfully bumped revision number for resource 9e3fd52d-91fe-4161-ad2e-0da348c3b1ac (type: security_group_rules) to 0
2026-08-22 11:54:20.831 8 INFO neutron.db.ovn_revision_numbers_db [None req-81a50e82-0143-490a-a558-301ac04e261d d125b7c5aa374e49aa925fdf3df5f79e 6e658cf97c8e4352a4b1e087468db13f - - default default] Successfully bumped revision number for resource a9d629e0-77a6-4147-afce-e4c734d84998 (type: security_group_rules) to 0
2026-08-22 11:54:20.865 8 INFO neutron.db.ovn_revision_numbers_db [None req-81a50e82-0143-490a-a558-301ac04e261d d125b7c5aa374e49aa925fdf3df5f79e 6e658cf97c8e4352a4b1e087468db13f - - default default] Successfully bumped revision number for resource c6c36a83-9873-485a-a89c-fc287411d8da (type: security_group_rules) to 0
2026-08-22 11:54:21.006 8 INFO neutron.db.segments_db [None req-81a50e82-0143-490a-a558-301ac04e261d d125b7c5aa374e49aa925fdf3df5f79e 6e658cf97c8e4352a4b1e087468db13f - - default default] Added segment 9b82b0df-a222-4134-a441-1b6ece632eeb of type geneve for network 731a6000-0134-496a-bdb6-1c344cc222a6
2026-08-22 11:54:21.020 7 WARNING neutron.scheduler.dhcp_agent_scheduler [None req-1c56030e-341d-4642-a3d3-d257291d2f9e - - - - - -] No more DHCP agents
2026-08-22 11:54:21.022 7 WARNING neutron.api.rpc.agentnotifiers.dhcp_rpc_agent_api [None req-1c56030e-341d-4642-a3d3-d257291d2f9e - - - - - -] Unable to schedule network 7c43cebc-51a9-4d04-9d5f-b62c130010ca: no agents available; will retry on subsequent port and subnet creation events.
2026-08-22 11:54:21.137 7 WARNING neutron.plugins.ml2.drivers.ovn.mech_driver.ovsdb.ovn_client [None req-4cd47b64-9d85-41e7-a83b-b9fa784b27cd - - - - - -] No hosting information found for port 2ed8786e-884a-4e9f-9013-85f488b78102: RuntimeError: No hosting information found for port 2ed8786e-884a-4e9f-9013-85f488b78102
2026-08-22 11:54:21.235 8 INFO neutron.db.ovn_revision_numbers_db [None req-81a50e82-0143-490a-a558-301ac04e261d d125b7c5aa374e49aa925fdf3df5f79e 6e658cf97c8e4352a4b1e087468db13f - - default default] Successfully bumped revision number for resource 731a6000-0134-496a-bdb6-1c344cc222a6 (type: networks) to 1
2026-08-22 11:54:21.303 7 INFO neutron.db.ovn_revision_numbers_db [None req-4cd47b64-9d85-41e7-a83b-b9fa784b27cd - - - - - -] Successfully bumped revision number for resource 2ed8786e-884a-4e9f-9013-85f488b78102 (type: router_ports) to 2
2026-08-22 11:54:21.395 7 INFO neutron.plugins.ml2.drivers.ovn.mech_driver.mech_driver [None req-4cd47b64-9d85-41e7-a83b-b9fa784b27cd - - - - - -] OVN reports status down for port: 3f38917a-8862-45b6-90f9-0144ee3e997b
2026-08-22 11:54:21.448 8 INFO neutron.db.ovn_revision_numbers_db [None req-e1e5e98d-d488-46f2-8f5f-9692b0c13ff1 - - - - - -] Successfully bumped revision number for resource c138c5cf-0184-4855-ae38-ef6ea15decad (type: ports) to 2
2026-08-22 11:54:21.520 7 WARNING neutron.plugins.ml2.drivers.ovn.mech_driver.ovsdb.ovn_client [None req-4cd47b64-9d85-41e7-a83b-b9fa784b27cd - - - - - -] Logical_Switch_Port %s host information not removed, the port state is up
2026-08-22 11:54:21.520 7 INFO neutron.plugins.ml2.drivers.ovn.mech_driver.mech_driver [None req-4cd47b64-9d85-41e7-a83b-b9fa784b27cd - - - - - -] OVN reports status down for port: 412c323c-26a8-4fa2-b8d5-b22c0ad98e60
2026-08-22 11:54:21.542 8 WARNING neutron.scheduler.dhcp_agent_scheduler [None req-81a50e82-0143-490a-a558-301ac04e261d d125b7c5aa374e49aa925fdf3df5f79e 6e658cf97c8e4352a4b1e087468db13f - - default default] No more DHCP agents
2026-08-22 11:54:21.550 8 WARNING neutron.api.rpc.agentnotifiers.dhcp_rpc_agent_api [None req-81a50e82-0143-490a-a558-301ac04e261d d125b7c5aa374e49aa925fdf3df5f79e 6e658cf97c8e4352a4b1e087468db13f - - default default] Unable to schedule network 731a6000-0134-496a-bdb6-1c344cc222a6: no agents available; will retry on subsequent port and subnet creation events.
2026-08-22 11:54:21.660 8 INFO neutron.db.ovn_revision_numbers_db [None req-81a50e82-0143-490a-a558-301ac04e261d d125b7c5aa374e49aa925fdf3df5f79e 6e658cf97c8e4352a4b1e087468db13f - - default default] Successfully bumped revision number for resource afe02d2d-b286-4bdc-86c5-34c407f4c0b9 (type: ports) to 1
2026-08-22 11:54:21.676 7 WARNING neutron.plugins.ml2.drivers.ovn.mech_driver.ovsdb.ovn_client [None req-4cd47b64-9d85-41e7-a83b-b9fa784b27cd - - - - - -] Logical_Switch_Port %s host information not removed, the port state is up
2026-08-22 11:54:21.678 7 INFO neutron.plugins.ml2.drivers.ovn.mech_driver.mech_driver [None req-4cd47b64-9d85-41e7-a83b-b9fa784b27cd - - - - - -] OVN reports status up for port: 3f38917a-8862-45b6-90f9-0144ee3e997b [pid: 8|app: 0|req: 1328/2552] 10.0.0.71 () {34 vars in 669 bytes} [Sat Aug 22 11:54:20 2026] POST /v2.0/networks => generated 651 bytes in 1317 msecs (HTTP/1.1 201) 4 headers in 162 bytes (1 switches on core 0)
2026-08-22 11:54:21.705 7 INFO neutron.plugins.ml2.plugin [None req-4cd47b64-9d85-41e7-a83b-b9fa784b27cd - - - - - -] Attempt 1 to provision port 3f38917a-8862-45b6-90f9-0144ee3e997b
2026-08-22 11:54:21.865 8 INFO neutron.db.ovn_revision_numbers_db [None req-cda8821c-9bc0-4c0a-a9ff-e8b84a6656da 163b74b53c2d49d2a88b8d6461698d23 2b2342f2b1de4074ac6ca6d4128802c0 - - default default] Successfully bumped revision number for resource 64164a57-7e4f-4876-a226-fbadf1b3f3e9 (type: security_group_rules) to 0 [pid: 8|app: 0|req: 1329/2553] 10.0.0.71 () {34 vars in 694 bytes} [Sat Aug 22 11:54:21 2026] POST /v2.0/security-group-rules => generated 597 bytes in 223 msecs (HTTP/1.1 201) 4 headers in 162 bytes (1 switches on core 0)
2026-08-22 11:54:21.941 7 INFO neutron.db.ovn_revision_numbers_db [None req-1c56030e-341d-4642-a3d3-d257291d2f9e - - - - - -] Successfully bumped revision number for resource 1b633bc5-fc27-4a43-a479-856d9795a36b (type: router_ports) to 1
2026-08-22 11:54:22.133 8 WARNING neutron.scheduler.dhcp_agent_scheduler [None req-8292bcd0-0133-485c-ae9d-6198d4d112da d125b7c5aa374e49aa925fdf3df5f79e 6e658cf97c8e4352a4b1e087468db13f - - default default] No more DHCP agents
2026-08-22 11:54:22.135 8 WARNING neutron.api.rpc.agentnotifiers.dhcp_rpc_agent_api [None req-8292bcd0-0133-485c-ae9d-6198d4d112da d125b7c5aa374e49aa925fdf3df5f79e 6e658cf97c8e4352a4b1e087468db13f - - default default] Unable to schedule network 731a6000-0134-496a-bdb6-1c344cc222a6: no agents available; will retry on subsequent port and subnet creation events.
2026-08-22 11:54:22.223 8 INFO neutron.db.ovn_revision_numbers_db [None req-8292bcd0-0133-485c-ae9d-6198d4d112da d125b7c5aa374e49aa925fdf3df5f79e 6e658cf97c8e4352a4b1e087468db13f - - default default] Successfully bumped revision number for resource 5d55bce8-7760-4ab7-9f6c-785d70f58360 (type: ports) to 1 [pid: 8|app: 0|req: 1330/2554] 10.0.0.71 () {34 vars in 663 bytes} [Sat Aug 22 11:54:21 2026] POST /v2.0/ports => generated 743 bytes in 366 msecs (HTTP/1.1 201) 4 headers in 162 bytes (1 switches on core 0) /var/lib/openstack/lib/python3.12/site-packages/pycadf/identifier.py:70: UserWarning: Invalid uuid: neutron. To ensure interoperability, identifiers should be a valid uuid. warnings.warn(('Invalid uuid: %s. To ensure interoperability, '
2026-08-22 11:54:22.417 7 WARNING neutron.scheduler.dhcp_agent_scheduler [None req-1c56030e-341d-4642-a3d3-d257291d2f9e - - - - - -] No more DHCP agents
2026-08-22 11:54:22.420 7 WARNING neutron.api.rpc.agentnotifiers.dhcp_rpc_agent_api [None req-1c56030e-341d-4642-a3d3-d257291d2f9e - - - - - -] Unable to schedule network 7c43cebc-51a9-4d04-9d5f-b62c130010ca: no agents available; will retry on subsequent port and subnet creation events.
2026-08-22 11:54:22.472 8 INFO neutron.db.ovn_revision_numbers_db [None req-05075522-29e2-4b78-89f4-254732e7279a 163b74b53c2d49d2a88b8d6461698d23 2b2342f2b1de4074ac6ca6d4128802c0 - - default default] Successfully bumped revision number for resource 369da5b2-3c6b-4998-9cef-73f598d00135 (type: security_group_rules) to 0 [pid: 8|app: 0|req: 1331/2555] 10.0.0.71 () {34 vars in 694 bytes} [Sat Aug 22 11:54:22 2026] POST /v2.0/security-group-rules => generated 599 bytes in 230 msecs (HTTP/1.1 201) 4 headers in 162 bytes (1 switches on core 0)
2026-08-22 11:54:22.592 7 INFO neutron.db.ovn_revision_numbers_db [None req-4cd47b64-9d85-41e7-a83b-b9fa784b27cd - - - - - -] Successfully bumped revision number for resource 3f38917a-8862-45b6-90f9-0144ee3e997b (type: ports) to 2
2026-08-22 11:54:22.612 8 INFO neutron.db.segments_db [None req-99d6f534-7847-467e-abf7-4e18a829018d d125b7c5aa374e49aa925fdf3df5f79e 6e658cf97c8e4352a4b1e087468db13f - - default default] Added segment 2f256a6d-ce89-498c-8a53-eb08fb8dc8d1 of type geneve for network 18e6caa3-a4ea-437f-b864-9854aca8291c
2026-08-22 11:54:22.708 7 INFO neutron.db.ovn_revision_numbers_db [None req-1c56030e-341d-4642-a3d3-d257291d2f9e - - - - - -] Successfully bumped revision number for resource 00c40a78-0c33-40c7-974a-05b2b07ffe14 (type: ports) to 1
2026-08-22 11:54:22.756 8 INFO neutron.db.ovn_revision_numbers_db [None req-99d6f534-7847-467e-abf7-4e18a829018d d125b7c5aa374e49aa925fdf3df5f79e 6e658cf97c8e4352a4b1e087468db13f - - default default] Successfully bumped revision number for resource 18e6caa3-a4ea-437f-b864-9854aca8291c (type: networks) to 1
2026-08-22 11:54:22.954 8 WARNING neutron.scheduler.dhcp_agent_scheduler [None req-99d6f534-7847-467e-abf7-4e18a829018d d125b7c5aa374e49aa925fdf3df5f79e 6e658cf97c8e4352a4b1e087468db13f - - default default] No more DHCP agents
2026-08-22 11:54:22.956 8 WARNING neutron.api.rpc.agentnotifiers.dhcp_rpc_agent_api [None req-99d6f534-7847-467e-abf7-4e18a829018d d125b7c5aa374e49aa925fdf3df5f79e 6e658cf97c8e4352a4b1e087468db13f - - default default] Unable to schedule network 18e6caa3-a4ea-437f-b864-9854aca8291c: no agents available; will retry on subsequent port and subnet creation events.
2026-08-22 11:54:23.047 7 INFO neutron.db.ovn_revision_numbers_db [None req-1c56030e-341d-4642-a3d3-d257291d2f9e - - - - - -] Successfully bumped revision number for resource 00c40a78-0c33-40c7-974a-05b2b07ffe14 (type: ports) to 3
2026-08-22 11:54:23.050 8 INFO neutron.db.ovn_revision_numbers_db [None req-99d6f534-7847-467e-abf7-4e18a829018d d125b7c5aa374e49aa925fdf3df5f79e 6e658cf97c8e4352a4b1e087468db13f - - default default] Successfully bumped revision number for resource f232baa8-f63b-4944-b65a-27061d8636dc (type: ports) to 1 [pid: 8|app: 0|req: 1332/2556] 10.0.0.71 () {34 vars in 669 bytes} [Sat Aug 22 11:54:22 2026] POST /v2.0/networks => generated 651 bytes in 566 msecs (HTTP/1.1 201) 4 headers in 162 bytes (1 switches on core 0)
2026-08-22 11:54:23.282 8 INFO neutron.db.ovn_revision_numbers_db [None req-fa66f8fd-9ee7-4bb6-a816-bcbbeb2879c4 163b74b53c2d49d2a88b8d6461698d23 2b2342f2b1de4074ac6ca6d4128802c0 - - default default] Successfully bumped revision number for resource 718a70d0-1908-4e87-98ec-488e562fdac9 (type: security_group_rules) to 0 [pid: 8|app: 0|req: 1335/2559] 10.0.0.71 () {34 vars in 694 bytes} [Sat Aug 22 11:54:23 2026] POST /v2.0/security-group-rules => generated 601 bytes in 233 msecs (HTTP/1.1 201) 4 headers in 162 bytes (1 switches on core 0) [pid: 7|app: 0|req: 1225/2560] 10.0.0.71 () {34 vars in 684 bytes} [Sat Aug 22 11:54:17 2026] POST /v2.0/vpn/vpnservices => generated 458 bytes in 5324 msecs (HTTP/1.1 201) 4 headers in 162 bytes (1 switches on core 0)
2026-08-22 11:54:23.507 8 WARNING neutron.scheduler.dhcp_agent_scheduler [None req-eea1ff66-ce07-43d4-b699-085dade4c0b6 d125b7c5aa374e49aa925fdf3df5f79e 6e658cf97c8e4352a4b1e087468db13f - - default default] No more DHCP agents
2026-08-22 11:54:23.508 8 WARNING neutron.api.rpc.agentnotifiers.dhcp_rpc_agent_api [None req-eea1ff66-ce07-43d4-b699-085dade4c0b6 d125b7c5aa374e49aa925fdf3df5f79e 6e658cf97c8e4352a4b1e087468db13f - - default default] Unable to schedule network 18e6caa3-a4ea-437f-b864-9854aca8291c: no agents available; will retry on subsequent port and subnet creation events.
2026-08-22 11:54:23.518 7 INFO neutron.db.ovn_revision_numbers_db [None req-68e554e9-3977-4928-8567-1f72e8c3314c 163b74b53c2d49d2a88b8d6461698d23 2b2342f2b1de4074ac6ca6d4128802c0 - - default default] Successfully bumped revision number for resource 0baad9e1-898d-4fa1-9737-c2d58845b5e0 (type: security_group_rules) to 0 [pid: 7|app: 0|req: 1226/2561] 10.0.0.71 () {34 vars in 694 bytes} [Sat Aug 22 11:54:23 2026] POST /v2.0/security-group-rules => generated 597 bytes in 232 msecs (HTTP/1.1 201) 4 headers in 162 bytes (1 switches on core 0)
2026-08-22 11:54:23.608 8 INFO neutron.db.ovn_revision_numbers_db [None req-eea1ff66-ce07-43d4-b699-085dade4c0b6 d125b7c5aa374e49aa925fdf3df5f79e 6e658cf97c8e4352a4b1e087468db13f - - default default] Successfully bumped revision number for resource 983a4ad6-f25a-4ca5-bb04-9bc91ee27025 (type: ports) to 1 [pid: 8|app: 0|req: 1336/2562] 10.0.0.71 () {34 vars in 663 bytes} [Sat Aug 22 11:54:23 2026] POST /v2.0/ports => generated 743 bytes in 347 msecs (HTTP/1.1 201) 4 headers in 162 bytes (1 switches on core 0) /var/lib/openstack/lib/python3.12/site-packages/pycadf/identifier.py:70: UserWarning: Invalid uuid: neutron. To ensure interoperability, identifiers should be a valid uuid. warnings.warn(('Invalid uuid: %s. To ensure interoperability, '
2026-08-22 11:54:23.772 8 INFO neutron.db.segments_db [None req-a5bdb3d6-2e76-45f9-bb5e-c85fee608277 d125b7c5aa374e49aa925fdf3df5f79e 6e658cf97c8e4352a4b1e087468db13f - - default default] Added segment 7726d0df-a2dc-453c-bfd7-a98db61a41aa of type geneve for network de133d9d-4621-4c5a-a338-0f23aadd993e
2026-08-22 11:54:23.895 8 INFO neutron.db.ovn_revision_numbers_db [None req-a5bdb3d6-2e76-45f9-bb5e-c85fee608277 d125b7c5aa374e49aa925fdf3df5f79e 6e658cf97c8e4352a4b1e087468db13f - - default default] Successfully bumped revision number for resource de133d9d-4621-4c5a-a338-0f23aadd993e (type: networks) to 1 [pid: 7|app: 0|req: 1227/2563] 10.0.0.71 () {34 vars in 684 bytes} [Sat Aug 22 11:54:23 2026] POST /v2.0/vpn/vpnservices => generated 424 bytes in 355 msecs (HTTP/1.1 201) 4 headers in 162 bytes (1 switches on core 0) [pid: 7|app: 0|req: 1228/2564] 10.0.0.105 () {34 vars in 1096 bytes} [Sat Aug 22 11:54:23 2026] GET /v2.0/security-groups?name=tempest-lb_member_SG-1709016971&fields=id&tenant_id=2b2342f2b1de4074ac6ca6d4128802c0 => generated 69 bytes in 55 msecs (HTTP/1.1 200) 4 headers in 156 bytes (1 switches on core 0) [pid: 7|app: 0|req: 1229/2565] 10.0.0.71 () {34 vars in 683 bytes} [Sat Aug 22 11:54:23 2026] POST /v2.0/vpn/ikepolicies => generated 403 bytes in 44 msecs (HTTP/1.1 201) 4 headers in 162 bytes (1 switches on core 0) [pid: 7|app: 0|req: 1230/2566] 10.0.0.105 () {34 vars in 982 bytes} [Sat Aug 22 11:54:24 2026] GET /v2.0/networks?id=143f84c6-2c72-478a-9b1a-b241120658d2 => generated 742 bytes in 44 msecs (HTTP/1.1 200) 4 headers in 157 bytes (1 switches on core 0)
2026-08-22 11:54:24.078 8 WARNING neutron.scheduler.dhcp_agent_scheduler [None req-a5bdb3d6-2e76-45f9-bb5e-c85fee608277 d125b7c5aa374e49aa925fdf3df5f79e 6e658cf97c8e4352a4b1e087468db13f - - default default] No more DHCP agents
2026-08-22 11:54:24.079 8 WARNING neutron.api.rpc.agentnotifiers.dhcp_rpc_agent_api [None req-a5bdb3d6-2e76-45f9-bb5e-c85fee608277 d125b7c5aa374e49aa925fdf3df5f79e 6e658cf97c8e4352a4b1e087468db13f - - default default] Unable to schedule network de133d9d-4621-4c5a-a338-0f23aadd993e: no agents available; will retry on subsequent port and subnet creation events. [pid: 7|app: 0|req: 1231/2567] 10.0.0.71 () {34 vars in 687 bytes} [Sat Aug 22 11:54:24 2026] POST /v2.0/vpn/ipsecpolicies => generated 413 bytes in 39 msecs (HTTP/1.1 201) 4 headers in 162 bytes (1 switches on core 0) [pid: 7|app: 0|req: 1232/2568] 10.0.0.105 () {34 vars in 965 bytes} [Sat Aug 22 11:54:24 2026] GET /v2.0/quotas/2b2342f2b1de4074ac6ca6d4128802c0 => generated 292 bytes in 12 msecs (HTTP/1.1 200) 4 headers in 157 bytes (1 switches on core 0)
2026-08-22 11:54:24.162 8 INFO neutron.db.ovn_revision_numbers_db [None req-a5bdb3d6-2e76-45f9-bb5e-c85fee608277 d125b7c5aa374e49aa925fdf3df5f79e 6e658cf97c8e4352a4b1e087468db13f - - default default] Successfully bumped revision number for resource c60fbd9d-fbcc-4af2-92e0-7752bb1ae578 (type: ports) to 1 [pid: 8|app: 0|req: 1337/2569] 10.0.0.71 () {34 vars in 669 bytes} [Sat Aug 22 11:54:23 2026] POST /v2.0/networks => generated 651 bytes in 524 msecs (HTTP/1.1 201) 4 headers in 162 bytes (1 switches on core 0) [pid: 7|app: 0|req: 1233/2570] 10.0.0.71 () {34 vars in 692 bytes} [Sat Aug 22 11:54:24 2026] POST /v2.0/vpn/endpoint-groups => generated 328 bytes in 90 msecs (HTTP/1.1 201) 4 headers in 162 bytes (1 switches on core 0) [pid: 8|app: 0|req: 1338/2571] 10.0.0.105 () {34 vars in 1002 bytes} [Sat Aug 22 11:54:24 2026] GET /v2.0/ports?tenant_id=2b2342f2b1de4074ac6ca6d4128802c0&fields=id => generated 287 bytes in 143 msecs (HTTP/1.1 200) 4 headers in 157 bytes (1 switches on core 0) [pid: 8|app: 0|req: 1339/2572] 10.0.0.71 () {34 vars in 692 bytes} [Sat Aug 22 11:54:24 2026] POST /v2.0/vpn/endpoint-groups => generated 320 bytes in 40 msecs (HTTP/1.1 201) 4 headers in 162 bytes (1 switches on core 0) [pid: 8|app: 0|req: 1340/2573] 10.0.0.105 () {34 vars in 1008 bytes} [Sat Aug 22 11:54:24 2026] GET /v2.0/networks/143f84c6-2c72-478a-9b1a-b241120658d2?fields=segments => generated 14 bytes in 40 msecs (HTTP/1.1 200) 4 headers in 156 bytes (1 switches on core 0)
2026-08-22 11:54:24.431 7 WARNING neutron.scheduler.dhcp_agent_scheduler [None req-cbe84063-e59e-4d3e-9743-9f5d7ab033a1 d125b7c5aa374e49aa925fdf3df5f79e 6e658cf97c8e4352a4b1e087468db13f - - default default] No more DHCP agents
2026-08-22 11:54:24.433 7 WARNING neutron.api.rpc.agentnotifiers.dhcp_rpc_agent_api [None req-cbe84063-e59e-4d3e-9743-9f5d7ab033a1 d125b7c5aa374e49aa925fdf3df5f79e 6e658cf97c8e4352a4b1e087468db13f - - default default] Unable to schedule network de133d9d-4621-4c5a-a338-0f23aadd993e: no agents available; will retry on subsequent port and subnet creation events.
2026-08-22 11:54:24.548 7 INFO neutron.db.ovn_revision_numbers_db [None req-cbe84063-e59e-4d3e-9743-9f5d7ab033a1 d125b7c5aa374e49aa925fdf3df5f79e 6e658cf97c8e4352a4b1e087468db13f - - default default] Successfully bumped revision number for resource e7153079-4ea9-4e85-a0ba-048e07cdbdac (type: ports) to 1 [pid: 7|app: 0|req: 1234/2574] 10.0.0.71 () {34 vars in 663 bytes} [Sat Aug 22 11:54:24 2026] POST /v2.0/ports => generated 743 bytes in 391 msecs (HTTP/1.1 201) 4 headers in 162 bytes (1 switches on core 0) /var/lib/openstack/lib/python3.12/site-packages/pycadf/identifier.py:70: UserWarning: Invalid uuid: neutron. To ensure interoperability, identifiers should be a valid uuid. warnings.warn(('Invalid uuid: %s. To ensure interoperability, ' [pid: 7|app: 0|req: 1235/2575] 10.0.0.105 () {34 vars in 1108 bytes} [Sat Aug 22 11:54:24 2026] GET /v2.0/networks/143f84c6-2c72-478a-9b1a-b241120658d2?fields=provider%3Aphysical_network&fields=provider%3Anetwork_type => generated 79 bytes in 43 msecs (HTTP/1.1 200) 4 headers in 156 bytes (1 switches on core 0)
