2026-08-22 11:53:15.862 8 INFO placement.requestlog [None req-b376a962-fa7d-498b-b990-21118b7d6856 - - - - - -] 10.0.0.155 "GET /" status: 200 len: 136 microversion: 1.0
2026-08-22 11:53:20.420 7 INFO placement.requestlog [None req-840b7bce-db2c-4ffc-b307-c8579ad2b4b7 b6b90e99ba8b42baabbc612e69ec1551 064f7b3adb99497f9e0c58cfe2460040 - - 565ac6d3a33e4b9aa4c759fc8243a8be 565ac6d3a33e4b9aa4c759fc8243a8be] 10.0.0.110 "GET /resource_providers/c35f8b80-525b-4cd1-82e2-90c5c907fa33/aggregates" status: 404 len: 235 microversion: 1.1 [pid: 7|app: 0|req: 471/948] 10.0.0.110 () {32 vars in 816 bytes} [Sat Aug 22 11:53:20 2026] GET /resource_providers/c35f8b80-525b-4cd1-82e2-90c5c907fa33/aggregates => generated 235 bytes in 10 msecs (HTTP/1.1 404) 5 headers in 202 bytes (1 switches on core 0)
2026-08-22 11:53:20.424 8 INFO placement.requestlog [None req-b7f118fd-9112-482b-b630-eb8f748eb1d3 b6b90e99ba8b42baabbc612e69ec1551 064f7b3adb99497f9e0c58cfe2460040 - - 565ac6d3a33e4b9aa4c759fc8243a8be 565ac6d3a33e4b9aa4c759fc8243a8be] 10.0.0.110 "GET /resource_providers/c35f8b80-525b-4cd1-82e2-90c5c907fa33/aggregates" status: 404 len: 235 microversion: 1.1 [pid: 8|app: 0|req: 478/949] 10.0.0.110 () {32 vars in 816 bytes} [Sat Aug 22 11:53:20 2026] GET /resource_providers/c35f8b80-525b-4cd1-82e2-90c5c907fa33/aggregates => generated 235 bytes in 12 msecs (HTTP/1.1 404) 5 headers in 202 bytes (1 switches on core 0)
2026-08-22 11:53:20.443 7 INFO placement.requestlog [None req-b77d41a6-ce47-45d3-86ee-d152995f1d3d b6b90e99ba8b42baabbc612e69ec1551 064f7b3adb99497f9e0c58cfe2460040 - - 565ac6d3a33e4b9aa4c759fc8243a8be 565ac6d3a33e4b9aa4c759fc8243a8be] 10.0.0.110 "DELETE /resource_providers/c35f8b80-525b-4cd1-82e2-90c5c907fa33" status: 404 len: 246 microversion: 1.1 [pid: 7|app: 0|req: 472/950] 10.0.0.110 () {34 vars in 816 bytes} [Sat Aug 22 11:53:20 2026] DELETE /resource_providers/c35f8b80-525b-4cd1-82e2-90c5c907fa33 => generated 246 bytes in 11 msecs (HTTP/1.1 404) 6 headers in 231 bytes (1 switches on core 0)
2026-08-22 11:53:20.445 8 INFO placement.requestlog [None req-6b798fb8-cdba-4422-9771-1cbca808bc38 b6b90e99ba8b42baabbc612e69ec1551 064f7b3adb99497f9e0c58cfe2460040 - - 565ac6d3a33e4b9aa4c759fc8243a8be 565ac6d3a33e4b9aa4c759fc8243a8be] 10.0.0.110 "DELETE /resource_providers/c35f8b80-525b-4cd1-82e2-90c5c907fa33" status: 404 len: 246 microversion: 1.1 [pid: 8|app: 0|req: 479/951] 10.0.0.110 () {34 vars in 816 bytes} [Sat Aug 22 11:53:20 2026] DELETE /resource_providers/c35f8b80-525b-4cd1-82e2-90c5c907fa33 => generated 246 bytes in 9 msecs (HTTP/1.1 404) 6 headers in 231 bytes (1 switches on core 0)
2026-08-22 11:53:22.465 7 INFO placement.requestlog [None req-1e6010ae-484d-435a-abbf-7dc1509dcd61 b6b90e99ba8b42baabbc612e69ec1551 064f7b3adb99497f9e0c58cfe2460040 - - 565ac6d3a33e4b9aa4c759fc8243a8be 565ac6d3a33e4b9aa4c759fc8243a8be] 10.0.0.110 "GET /resource_providers/685993c5-a4a8-4001-8343-9354d470c8b9/aggregates" status: 404 len: 235 microversion: 1.1 [pid: 7|app: 0|req: 473/952] 10.0.0.110 () {32 vars in 816 bytes} [Sat Aug 22 11:53:22 2026] GET /resource_providers/685993c5-a4a8-4001-8343-9354d470c8b9/aggregates => generated 235 bytes in 10 msecs (HTTP/1.1 404) 5 headers in 202 bytes (1 switches on core 0)
2026-08-22 11:53:22.468 8 INFO placement.requestlog [None req-2d5152ea-0481-45cd-b154-88b300fc56b8 b6b90e99ba8b42baabbc612e69ec1551 064f7b3adb99497f9e0c58cfe2460040 - - 565ac6d3a33e4b9aa4c759fc8243a8be 565ac6d3a33e4b9aa4c759fc8243a8be] 10.0.0.110 "GET /resource_providers/685993c5-a4a8-4001-8343-9354d470c8b9/aggregates" status: 404 len: 235 microversion: 1.1 [pid: 8|app: 0|req: 480/953] 10.0.0.110 () {32 vars in 816 bytes} [Sat Aug 22 11:53:22 2026] GET /resource_providers/685993c5-a4a8-4001-8343-9354d470c8b9/aggregates => generated 235 bytes in 9 msecs (HTTP/1.1 404) 5 headers in 202 bytes (1 switches on core 0)
2026-08-22 11:53:22.489 8 INFO placement.requestlog [None req-2397003a-837f-4883-a50c-76983b8b8977 b6b90e99ba8b42baabbc612e69ec1551 064f7b3adb99497f9e0c58cfe2460040 - - 565ac6d3a33e4b9aa4c759fc8243a8be 565ac6d3a33e4b9aa4c759fc8243a8be] 10.0.0.110 "DELETE /resource_providers/685993c5-a4a8-4001-8343-9354d470c8b9" status: 404 len: 246 microversion: 1.1 [pid: 8|app: 0|req: 481/954] 10.0.0.110 () {34 vars in 816 bytes} [Sat Aug 22 11:53:22 2026] DELETE /resource_providers/685993c5-a4a8-4001-8343-9354d470c8b9 => generated 246 bytes in 8 msecs (HTTP/1.1 404) 6 headers in 231 bytes (1 switches on core 0)
2026-08-22 11:53:22.490 7 INFO placement.requestlog [None req-38acf09f-d299-4434-903b-955b2e197482 b6b90e99ba8b42baabbc612e69ec1551 064f7b3adb99497f9e0c58cfe2460040 - - 565ac6d3a33e4b9aa4c759fc8243a8be 565ac6d3a33e4b9aa4c759fc8243a8be] 10.0.0.110 "DELETE /resource_providers/685993c5-a4a8-4001-8343-9354d470c8b9" status: 404 len: 246 microversion: 1.1 [pid: 7|app: 0|req: 474/955] 10.0.0.110 () {34 vars in 816 bytes} [Sat Aug 22 11:53:22 2026] DELETE /resource_providers/685993c5-a4a8-4001-8343-9354d470c8b9 => generated 246 bytes in 11 msecs (HTTP/1.1 404) 6 headers in 231 bytes (1 switches on core 0)
2026-08-22 11:53:25.858 8 INFO placement.requestlog [None req-607c677c-da75-4697-a446-ee8a35e4ddb6 - - - - - -] 10.0.0.155 "GET /" status: 200 len: 136 microversion: 1.0
2026-08-22 11:53:25.861 7 INFO placement.requestlog [None req-eea1d308-a941-4a68-9e1d-c4a3b4a583ab - - - - - -] 10.0.0.155 "GET /" status: 200 len: 136 microversion: 1.0
2026-08-22 11:53:26.458 8 INFO placement.requestlog [None req-c9d3a5f3-b71d-4b86-a575-8d9fbf5fd1f8 b6b90e99ba8b42baabbc612e69ec1551 064f7b3adb99497f9e0c58cfe2460040 - - 565ac6d3a33e4b9aa4c759fc8243a8be 565ac6d3a33e4b9aa4c759fc8243a8be] 10.0.0.110 "GET /resource_providers/baeaf058-76e2-4e41-843a-778077aaa6c8/aggregates" status: 404 len: 235 microversion: 1.1 [pid: 8|app: 0|req: 483/958] 10.0.0.110 () {32 vars in 816 bytes} [Sat Aug 22 11:53:26 2026] GET /resource_providers/baeaf058-76e2-4e41-843a-778077aaa6c8/aggregates => generated 235 bytes in 11 msecs (HTTP/1.1 404) 5 headers in 202 bytes (1 switches on core 0)
2026-08-22 11:53:26.460 7 INFO placement.requestlog [None req-8b995156-e13e-4018-a90b-7f09f2a06dd3 b6b90e99ba8b42baabbc612e69ec1551 064f7b3adb99497f9e0c58cfe2460040 - - 565ac6d3a33e4b9aa4c759fc8243a8be 565ac6d3a33e4b9aa4c759fc8243a8be] 10.0.0.110 "GET /resource_providers/baeaf058-76e2-4e41-843a-778077aaa6c8/aggregates" status: 404 len: 235 microversion: 1.1 [pid: 7|app: 0|req: 476/959] 10.0.0.110 () {32 vars in 816 bytes} [Sat Aug 22 11:53:26 2026] GET /resource_providers/baeaf058-76e2-4e41-843a-778077aaa6c8/aggregates => generated 235 bytes in 8 msecs (HTTP/1.1 404) 5 headers in 202 bytes (1 switches on core 0)
2026-08-22 11:53:26.483 7 INFO placement.requestlog [None req-914c1d8f-5dc7-4fff-9a91-1464ac4bb3d5 b6b90e99ba8b42baabbc612e69ec1551 064f7b3adb99497f9e0c58cfe2460040 - - 565ac6d3a33e4b9aa4c759fc8243a8be 565ac6d3a33e4b9aa4c759fc8243a8be] 10.0.0.110 "DELETE /resource_providers/baeaf058-76e2-4e41-843a-778077aaa6c8" status: 404 len: 246 microversion: 1.1 [pid: 7|app: 0|req: 477/960] 10.0.0.110 () {34 vars in 816 bytes} [Sat Aug 22 11:53:26 2026] DELETE /resource_providers/baeaf058-76e2-4e41-843a-778077aaa6c8 => generated 246 bytes in 10 msecs (HTTP/1.1 404) 6 headers in 231 bytes (1 switches on core 0)
2026-08-22 11:53:26.487 8 INFO placement.requestlog [None req-6b39b0fe-22e6-4857-8150-e46636ca276e b6b90e99ba8b42baabbc612e69ec1551 064f7b3adb99497f9e0c58cfe2460040 - - 565ac6d3a33e4b9aa4c759fc8243a8be 565ac6d3a33e4b9aa4c759fc8243a8be] 10.0.0.110 "DELETE /resource_providers/baeaf058-76e2-4e41-843a-778077aaa6c8" status: 404 len: 246 microversion: 1.1 [pid: 8|app: 0|req: 484/961] 10.0.0.110 () {34 vars in 816 bytes} [Sat Aug 22 11:53:26 2026] DELETE /resource_providers/baeaf058-76e2-4e41-843a-778077aaa6c8 => generated 246 bytes in 15 msecs (HTTP/1.1 404) 6 headers in 231 bytes (1 switches on core 0)
2026-08-22 11:53:26.790 8 INFO placement.requestlog [None req-cee9f4cf-c057-40b7-a18d-9d83878a603c b6b90e99ba8b42baabbc612e69ec1551 064f7b3adb99497f9e0c58cfe2460040 - - 565ac6d3a33e4b9aa4c759fc8243a8be 565ac6d3a33e4b9aa4c759fc8243a8be] 10.0.0.110 "GET /resource_providers/71f713e0-fd0b-48de-8e57-9e18623a7473/aggregates" status: 404 len: 235 microversion: 1.1 [pid: 8|app: 0|req: 485/962] 10.0.0.110 () {32 vars in 816 bytes} [Sat Aug 22 11:53:26 2026] GET /resource_providers/71f713e0-fd0b-48de-8e57-9e18623a7473/aggregates => generated 235 bytes in 10 msecs (HTTP/1.1 404) 5 headers in 202 bytes (1 switches on core 0)
2026-08-22 11:53:26.792 7 INFO placement.requestlog [None req-442ddc88-bebb-4cc0-9c23-f33b51da3bef b6b90e99ba8b42baabbc612e69ec1551 064f7b3adb99497f9e0c58cfe2460040 - - 565ac6d3a33e4b9aa4c759fc8243a8be 565ac6d3a33e4b9aa4c759fc8243a8be] 10.0.0.110 "GET /resource_providers/71f713e0-fd0b-48de-8e57-9e18623a7473/aggregates" status: 404 len: 235 microversion: 1.1 [pid: 7|app: 0|req: 478/963] 10.0.0.110 () {32 vars in 816 bytes} [Sat Aug 22 11:53:26 2026] GET /resource_providers/71f713e0-fd0b-48de-8e57-9e18623a7473/aggregates => generated 235 bytes in 11 msecs (HTTP/1.1 404) 5 headers in 202 bytes (1 switches on core 0)
2026-08-22 11:53:26.818 8 INFO placement.requestlog [None req-5096c806-60ff-4609-bb32-54480a3c9c88 b6b90e99ba8b42baabbc612e69ec1551 064f7b3adb99497f9e0c58cfe2460040 - - 565ac6d3a33e4b9aa4c759fc8243a8be 565ac6d3a33e4b9aa4c759fc8243a8be] 10.0.0.110 "DELETE /resource_providers/71f713e0-fd0b-48de-8e57-9e18623a7473" status: 404 len: 246 microversion: 1.1 [pid: 8|app: 0|req: 486/964] 10.0.0.110 () {34 vars in 816 bytes} [Sat Aug 22 11:53:26 2026] DELETE /resource_providers/71f713e0-fd0b-48de-8e57-9e18623a7473 => generated 246 bytes in 17 msecs (HTTP/1.1 404) 6 headers in 231 bytes (1 switches on core 0)
2026-08-22 11:53:26.819 7 INFO placement.requestlog [None req-dfd06413-7c2d-4cd9-a2c7-f86ae298cbcc b6b90e99ba8b42baabbc612e69ec1551 064f7b3adb99497f9e0c58cfe2460040 - - 565ac6d3a33e4b9aa4c759fc8243a8be 565ac6d3a33e4b9aa4c759fc8243a8be] 10.0.0.110 "DELETE /resource_providers/71f713e0-fd0b-48de-8e57-9e18623a7473" status: 404 len: 246 microversion: 1.1 [pid: 7|app: 0|req: 479/965] 10.0.0.110 () {34 vars in 816 bytes} [Sat Aug 22 11:53:26 2026] DELETE /resource_providers/71f713e0-fd0b-48de-8e57-9e18623a7473 => generated 246 bytes in 16 msecs (HTTP/1.1 404) 6 headers in 231 bytes (1 switches on core 0)
2026-08-22 11:53:27.499 8 INFO placement.requestlog [req-7c795fba-1b60-4b5f-ad57-e7da87fb1971 req-fe094c54-2d02-4609-8dbd-ab0de024f95e e7bd52170adf4579bcce6f4e9c850d63 064f7b3adb99497f9e0c58cfe2460040 - - 565ac6d3a33e4b9aa4c759fc8243a8be 565ac6d3a33e4b9aa4c759fc8243a8be] 10.0.0.29 "GET /allocation_candidates?limit=1000&resources=DISK_GB%3A1%2CMEMORY_MB%3A512%2CVCPU%3A1&root_required=%21COMPUTE_STATUS_DISABLED" status: 200 len: 2783 microversion: 1.36 [pid: 8|app: 0|req: 487/966] 10.0.0.29 () {34 vars in 1011 bytes} [Sat Aug 22 11:53:27 2026] GET /allocation_candidates?limit=1000&resources=DISK_GB%3A1%2CMEMORY_MB%3A512%2CVCPU%3A1&root_required=%21COMPUTE_STATUS_DISABLED => generated 2783 bytes in 42 msecs (HTTP/1.1 200) 8 headers in 297 bytes (1 switches on core 0)
2026-08-22 11:53:27.531 7 INFO placement.requestlog [req-7c795fba-1b60-4b5f-ad57-e7da87fb1971 req-08419e98-e418-4c01-9348-94e8c3cb7b41 e7bd52170adf4579bcce6f4e9c850d63 064f7b3adb99497f9e0c58cfe2460040 - - 565ac6d3a33e4b9aa4c759fc8243a8be 565ac6d3a33e4b9aa4c759fc8243a8be] 10.0.0.29 "GET /allocations/84d7a02e-6071-454b-b321-c7826d6da080" status: 200 len: 19 microversion: 1.28 [pid: 7|app: 0|req: 480/967] 10.0.0.29 () {34 vars in 860 bytes} [Sat Aug 22 11:53:27 2026] GET /allocations/84d7a02e-6071-454b-b321-c7826d6da080 => generated 19 bytes in 10 msecs (HTTP/1.1 200) 8 headers in 295 bytes (1 switches on core 0)
2026-08-22 11:53:27.583 8 INFO placement.requestlog [req-7c795fba-1b60-4b5f-ad57-e7da87fb1971 req-7a7e2dbd-e97a-409e-aeae-cc094506f9e0 e7bd52170adf4579bcce6f4e9c850d63 064f7b3adb99497f9e0c58cfe2460040 - - 565ac6d3a33e4b9aa4c759fc8243a8be 565ac6d3a33e4b9aa4c759fc8243a8be] 10.0.0.29 "PUT /allocations/84d7a02e-6071-454b-b321-c7826d6da080" status: 204 len: 0 microversion: 1.36 [pid: 8|app: 0|req: 488/968] 10.0.0.29 () {38 vars in 913 bytes} [Sat Aug 22 11:53:27 2026] PUT /allocations/84d7a02e-6071-454b-b321-c7826d6da080 => generated 0 bytes in 46 msecs (HTTP/1.1 204) 5 headers in 199 bytes (1 switches on core 0)
2026-08-22 11:53:28.847 7 INFO placement.requestlog [None req-413717e4-00c0-4e9b-a5cf-0d3059ef236b b6b90e99ba8b42baabbc612e69ec1551 064f7b3adb99497f9e0c58cfe2460040 - - 565ac6d3a33e4b9aa4c759fc8243a8be 565ac6d3a33e4b9aa4c759fc8243a8be] 10.0.0.110 "GET /resource_providers/77d97e6d-6f14-48ad-80bd-711ae3e7ad18/aggregates" status: 404 len: 235 microversion: 1.1 [pid: 7|app: 0|req: 481/969] 10.0.0.110 () {32 vars in 816 bytes} [Sat Aug 22 11:53:28 2026] GET /resource_providers/77d97e6d-6f14-48ad-80bd-711ae3e7ad18/aggregates => generated 235 bytes in 12 msecs (HTTP/1.1 404) 5 headers in 202 bytes (1 switches on core 0)
2026-08-22 11:53:28.848 8 INFO placement.requestlog [None req-6de231d5-929a-4820-b4ce-14d8ef9a8127 b6b90e99ba8b42baabbc612e69ec1551 064f7b3adb99497f9e0c58cfe2460040 - - 565ac6d3a33e4b9aa4c759fc8243a8be 565ac6d3a33e4b9aa4c759fc8243a8be] 10.0.0.110 "GET /resource_providers/77d97e6d-6f14-48ad-80bd-711ae3e7ad18/aggregates" status: 404 len: 235 microversion: 1.1 [pid: 8|app: 0|req: 489/970] 10.0.0.110 () {32 vars in 816 bytes} [Sat Aug 22 11:53:28 2026] GET /resource_providers/77d97e6d-6f14-48ad-80bd-711ae3e7ad18/aggregates => generated 235 bytes in 11 msecs (HTTP/1.1 404) 5 headers in 202 bytes (1 switches on core 0)
2026-08-22 11:53:28.879 7 INFO placement.requestlog [None req-cc5f060a-f102-4be5-b540-34efbb71bcd7 b6b90e99ba8b42baabbc612e69ec1551 064f7b3adb99497f9e0c58cfe2460040 - - 565ac6d3a33e4b9aa4c759fc8243a8be 565ac6d3a33e4b9aa4c759fc8243a8be] 10.0.0.110 "DELETE /resource_providers/77d97e6d-6f14-48ad-80bd-711ae3e7ad18" status: 404 len: 246 microversion: 1.1 [pid: 7|app: 0|req: 482/971] 10.0.0.110 () {34 vars in 816 bytes} [Sat Aug 22 11:53:28 2026] DELETE /resource_providers/77d97e6d-6f14-48ad-80bd-711ae3e7ad18 => generated 246 bytes in 16 msecs (HTTP/1.1 404) 6 headers in 231 bytes (1 switches on core 0)
2026-08-22 11:53:28.891 8 INFO placement.requestlog [None req-3a9a7260-ab7a-494a-8aac-b3cddf4b9e4e b6b90e99ba8b42baabbc612e69ec1551 064f7b3adb99497f9e0c58cfe2460040 - - 565ac6d3a33e4b9aa4c759fc8243a8be 565ac6d3a33e4b9aa4c759fc8243a8be] 10.0.0.110 "DELETE /resource_providers/77d97e6d-6f14-48ad-80bd-711ae3e7ad18" status: 404 len: 246 microversion: 1.1 [pid: 8|app: 0|req: 490/972] 10.0.0.110 () {34 vars in 816 bytes} [Sat Aug 22 11:53:28 2026] DELETE /resource_providers/77d97e6d-6f14-48ad-80bd-711ae3e7ad18 => generated 246 bytes in 15 msecs (HTTP/1.1 404) 6 headers in 231 bytes (1 switches on core 0)
2026-08-22 11:53:29.123 7 INFO placement.requestlog [req-7c795fba-1b60-4b5f-ad57-e7da87fb1971 req-069cba6f-7741-4ac3-bead-72fe7d3ebb7c e7bd52170adf4579bcce6f4e9c850d63 064f7b3adb99497f9e0c58cfe2460040 - - 565ac6d3a33e4b9aa4c759fc8243a8be 565ac6d3a33e4b9aa4c759fc8243a8be] 199.19.213.177 "GET /allocations/84d7a02e-6071-454b-b321-c7826d6da080" status: 200 len: 258 microversion: 1.28 [pid: 7|app: 0|req: 483/973] 199.19.213.177 () {34 vars in 863 bytes} [Sat Aug 22 11:53:29 2026] GET /allocations/84d7a02e-6071-454b-b321-c7826d6da080 => generated 258 bytes in 18 msecs (HTTP/1.1 200) 8 headers in 296 bytes (1 switches on core 0)
2026-08-22 11:53:30.171 8 INFO placement.requestlog [req-7c795fba-1b60-4b5f-ad57-e7da87fb1971 req-1e02c595-9aa8-4f0d-9d0c-3aeb062c69bb e7bd52170adf4579bcce6f4e9c850d63 064f7b3adb99497f9e0c58cfe2460040 - - 565ac6d3a33e4b9aa4c759fc8243a8be 565ac6d3a33e4b9aa4c759fc8243a8be] 199.19.213.177 "GET /resource_providers/9bbe1bae-7610-4a1f-80cf-21a91f8f3758/allocations" status: 200 len: 253 microversion: 1.0 [pid: 8|app: 0|req: 491/974] 199.19.213.177 () {32 vars in 857 bytes} [Sat Aug 22 11:53:30 2026] GET /resource_providers/9bbe1bae-7610-4a1f-80cf-21a91f8f3758/allocations => generated 253 bytes in 21 msecs (HTTP/1.1 200) 6 headers in 224 bytes (1 switches on core 0)
2026-08-22 11:53:30.191 7 INFO placement.requestlog [req-7c795fba-1b60-4b5f-ad57-e7da87fb1971 req-9c9d6971-6dd1-4671-9fdf-8876a0c2167e e7bd52170adf4579bcce6f4e9c850d63 064f7b3adb99497f9e0c58cfe2460040 - - 565ac6d3a33e4b9aa4c759fc8243a8be 565ac6d3a33e4b9aa4c759fc8243a8be] 199.19.213.177 "GET /allocations/84d7a02e-6071-454b-b321-c7826d6da080" status: 200 len: 258 microversion: 1.28 [pid: 7|app: 0|req: 484/975] 199.19.213.177 () {34 vars in 863 bytes} [Sat Aug 22 11:53:30 2026] GET /allocations/84d7a02e-6071-454b-b321-c7826d6da080 => generated 258 bytes in 11 msecs (HTTP/1.1 200) 8 headers in 296 bytes (1 switches on core 0)
2026-08-22 11:53:30.217 8 INFO placement.requestlog [req-7c795fba-1b60-4b5f-ad57-e7da87fb1971 req-234a6ead-e41a-4264-8498-9751bc2be6f1 e7bd52170adf4579bcce6f4e9c850d63 064f7b3adb99497f9e0c58cfe2460040 - - 565ac6d3a33e4b9aa4c759fc8243a8be 565ac6d3a33e4b9aa4c759fc8243a8be] 199.19.213.177 "GET /allocations/19d87be4-7e9b-4b1c-ae33-dbbbc686ef75" status: 200 len: 258 microversion: 1.28 [pid: 8|app: 0|req: 492/976] 199.19.213.177 () {34 vars in 863 bytes} [Sat Aug 22 11:53:30 2026] GET /allocations/19d87be4-7e9b-4b1c-ae33-dbbbc686ef75 => generated 258 bytes in 17 msecs (HTTP/1.1 200) 8 headers in 296 bytes (1 switches on core 0)
2026-08-22 11:53:31.881 7 INFO placement.requestlog [None req-23930460-1335-4afd-ad1d-3d39e0e4ecbf b6b90e99ba8b42baabbc612e69ec1551 064f7b3adb99497f9e0c58cfe2460040 - - 565ac6d3a33e4b9aa4c759fc8243a8be 565ac6d3a33e4b9aa4c759fc8243a8be] 10.0.0.110 "GET /resource_providers/46ec1680-fd1c-4d3a-89c3-166628ef3746/aggregates" status: 404 len: 235 microversion: 1.1 [pid: 7|app: 0|req: 485/977] 10.0.0.110 () {32 vars in 816 bytes} [Sat Aug 22 11:53:31 2026] GET /resource_providers/46ec1680-fd1c-4d3a-89c3-166628ef3746/aggregates => generated 235 bytes in 12 msecs (HTTP/1.1 404) 5 headers in 202 bytes (1 switches on core 0)
2026-08-22 11:53:31.883 8 INFO placement.requestlog [None req-5da499eb-c8c0-44f9-90cb-a56b5818322a b6b90e99ba8b42baabbc612e69ec1551 064f7b3adb99497f9e0c58cfe2460040 - - 565ac6d3a33e4b9aa4c759fc8243a8be 565ac6d3a33e4b9aa4c759fc8243a8be] 10.0.0.110 "GET /resource_providers/46ec1680-fd1c-4d3a-89c3-166628ef3746/aggregates" status: 404 len: 235 microversion: 1.1 [pid: 8|app: 0|req: 493/978] 10.0.0.110 () {32 vars in 816 bytes} [Sat Aug 22 11:53:31 2026] GET /resource_providers/46ec1680-fd1c-4d3a-89c3-166628ef3746/aggregates => generated 235 bytes in 12 msecs (HTTP/1.1 404) 5 headers in 202 bytes (1 switches on core 0)
2026-08-22 11:53:31.907 7 INFO placement.requestlog [None req-648e460b-f402-4509-9139-984d0b6ea2bd b6b90e99ba8b42baabbc612e69ec1551 064f7b3adb99497f9e0c58cfe2460040 - - 565ac6d3a33e4b9aa4c759fc8243a8be 565ac6d3a33e4b9aa4c759fc8243a8be] 10.0.0.110 "DELETE /resource_providers/46ec1680-fd1c-4d3a-89c3-166628ef3746" status: 404 len: 246 microversion: 1.1 [pid: 7|app: 0|req: 486/979] 10.0.0.110 () {34 vars in 816 bytes} [Sat Aug 22 11:53:31 2026] DELETE /resource_providers/46ec1680-fd1c-4d3a-89c3-166628ef3746 => generated 246 bytes in 10 msecs (HTTP/1.1 404) 6 headers in 231 bytes (1 switches on core 0)
2026-08-22 11:53:31.910 8 INFO placement.requestlog [None req-90e2be56-6c09-4d05-8069-c52c0d434985 b6b90e99ba8b42baabbc612e69ec1551 064f7b3adb99497f9e0c58cfe2460040 - - 565ac6d3a33e4b9aa4c759fc8243a8be 565ac6d3a33e4b9aa4c759fc8243a8be] 10.0.0.110 "DELETE /resource_providers/46ec1680-fd1c-4d3a-89c3-166628ef3746" status: 404 len: 246 microversion: 1.1 [pid: 8|app: 0|req: 494/980] 10.0.0.110 () {34 vars in 816 bytes} [Sat Aug 22 11:53:31 2026] DELETE /resource_providers/46ec1680-fd1c-4d3a-89c3-166628ef3746 => generated 246 bytes in 12 msecs (HTTP/1.1 404) 6 headers in 231 bytes (1 switches on core 0)
2026-08-22 11:53:35.859 8 INFO placement.requestlog [None req-222c4723-714e-4209-b0ac-e09f6ab5ef70 - - - - - -] 10.0.0.155 "GET /" status: 200 len: 136 microversion: 1.0
2026-08-22 11:53:35.860 7 INFO placement.requestlog [None req-b6c1fcd3-3290-485c-86e9-89818931686f - - - - - -] 10.0.0.155 "GET /" status: 200 len: 136 microversion: 1.0
2026-08-22 11:53:36.436 8 INFO placement.requestlog [None req-322cb459-fb74-40da-a5b2-1008bde4e97d b6b90e99ba8b42baabbc612e69ec1551 064f7b3adb99497f9e0c58cfe2460040 - - 565ac6d3a33e4b9aa4c759fc8243a8be 565ac6d3a33e4b9aa4c759fc8243a8be] 10.0.0.110 "GET /resource_providers/bd266aaa-d369-4cd0-8af4-61edc3a9c008/aggregates" status: 404 len: 235 microversion: 1.1
2026-08-22 11:53:36.437 7 INFO placement.requestlog [None req-e2141031-3fd3-46f0-aaec-a52bef2eafc4 b6b90e99ba8b42baabbc612e69ec1551 064f7b3adb99497f9e0c58cfe2460040 - - 565ac6d3a33e4b9aa4c759fc8243a8be 565ac6d3a33e4b9aa4c759fc8243a8be] 10.0.0.110 "GET /resource_providers/bd266aaa-d369-4cd0-8af4-61edc3a9c008/aggregates" status: 404 len: 235 microversion: 1.1 [pid: 8|app: 0|req: 496/983] 10.0.0.110 () {32 vars in 816 bytes} [Sat Aug 22 11:53:36 2026] GET /resource_providers/bd266aaa-d369-4cd0-8af4-61edc3a9c008/aggregates => generated 235 bytes in 10 msecs (HTTP/1.1 404) 5 headers in 202 bytes (1 switches on core 0) [pid: 7|app: 0|req: 488/984] 10.0.0.110 () {32 vars in 816 bytes} [Sat Aug 22 11:53:36 2026] GET /resource_providers/bd266aaa-d369-4cd0-8af4-61edc3a9c008/aggregates => generated 235 bytes in 10 msecs (HTTP/1.1 404) 5 headers in 202 bytes (1 switches on core 0)
2026-08-22 11:53:36.456 8 INFO placement.requestlog [None req-61b195f8-4ea6-40eb-bdc2-8428e2f70e77 b6b90e99ba8b42baabbc612e69ec1551 064f7b3adb99497f9e0c58cfe2460040 - - 565ac6d3a33e4b9aa4c759fc8243a8be 565ac6d3a33e4b9aa4c759fc8243a8be] 10.0.0.110 "DELETE /resource_providers/bd266aaa-d369-4cd0-8af4-61edc3a9c008" status: 404 len: 246 microversion: 1.1 [pid: 8|app: 0|req: 497/985] 10.0.0.110 () {34 vars in 816 bytes} [Sat Aug 22 11:53:36 2026] DELETE /resource_providers/bd266aaa-d369-4cd0-8af4-61edc3a9c008 => generated 246 bytes in 9 msecs (HTTP/1.1 404) 6 headers in 231 bytes (1 switches on core 0)
2026-08-22 11:53:36.457 7 INFO placement.requestlog [None req-cc62f6c9-12df-45f8-aba4-d10495dc6ea1 b6b90e99ba8b42baabbc612e69ec1551 064f7b3adb99497f9e0c58cfe2460040 - - 565ac6d3a33e4b9aa4c759fc8243a8be 565ac6d3a33e4b9aa4c759fc8243a8be] 10.0.0.110 "DELETE /resource_providers/bd266aaa-d369-4cd0-8af4-61edc3a9c008" status: 404 len: 246 microversion: 1.1 [pid: 7|app: 0|req: 489/986] 10.0.0.110 () {34 vars in 816 bytes} [Sat Aug 22 11:53:36 2026] DELETE /resource_providers/bd266aaa-d369-4cd0-8af4-61edc3a9c008 => generated 246 bytes in 10 msecs (HTTP/1.1 404) 6 headers in 231 bytes (1 switches on core 0)
2026-08-22 11:53:38.398 8 INFO placement.requestlog [None req-b0642ca0-a3d8-4a9d-9ba2-2134566bb943 b6b90e99ba8b42baabbc612e69ec1551 064f7b3adb99497f9e0c58cfe2460040 - - 565ac6d3a33e4b9aa4c759fc8243a8be 565ac6d3a33e4b9aa4c759fc8243a8be] 10.0.0.110 "GET /resource_providers/b6c04c44-5c8d-464e-b68a-129f2c271f38/aggregates" status: 404 len: 235 microversion: 1.1 [pid: 8|app: 0|req: 498/987] 10.0.0.110 () {32 vars in 816 bytes} [Sat Aug 22 11:53:38 2026] GET /resource_providers/b6c04c44-5c8d-464e-b68a-129f2c271f38/aggregates => generated 235 bytes in 9 msecs (HTTP/1.1 404) 5 headers in 202 bytes (1 switches on core 0)
2026-08-22 11:53:38.403 7 INFO placement.requestlog [None req-76250cfa-ff52-4a21-9f6d-b0d468b18f66 b6b90e99ba8b42baabbc612e69ec1551 064f7b3adb99497f9e0c58cfe2460040 - - 565ac6d3a33e4b9aa4c759fc8243a8be 565ac6d3a33e4b9aa4c759fc8243a8be] 10.0.0.110 "GET /resource_providers/b6c04c44-5c8d-464e-b68a-129f2c271f38/aggregates" status: 404 len: 235 microversion: 1.1 [pid: 7|app: 0|req: 490/988] 10.0.0.110 () {32 vars in 816 bytes} [Sat Aug 22 11:53:38 2026] GET /resource_providers/b6c04c44-5c8d-464e-b68a-129f2c271f38/aggregates => generated 235 bytes in 7 msecs (HTTP/1.1 404) 5 headers in 202 bytes (1 switches on core 0)
2026-08-22 11:53:38.428 7 INFO placement.requestlog [None req-e3007feb-09ea-4604-9311-e91c3684b8d8 b6b90e99ba8b42baabbc612e69ec1551 064f7b3adb99497f9e0c58cfe2460040 - - 565ac6d3a33e4b9aa4c759fc8243a8be 565ac6d3a33e4b9aa4c759fc8243a8be] 10.0.0.110 "DELETE /resource_providers/b6c04c44-5c8d-464e-b68a-129f2c271f38" status: 404 len: 246 microversion: 1.1
2026-08-22 11:53:38.427 8 INFO placement.requestlog [None req-cb5bdf98-fcfd-47eb-89a0-556f85e830d8 b6b90e99ba8b42baabbc612e69ec1551 064f7b3adb99497f9e0c58cfe2460040 - - 565ac6d3a33e4b9aa4c759fc8243a8be 565ac6d3a33e4b9aa4c759fc8243a8be] 10.0.0.110 "DELETE /resource_providers/b6c04c44-5c8d-464e-b68a-129f2c271f38" status: 404 len: 246 microversion: 1.1 [pid: 7|app: 0|req: 491/989] 10.0.0.110 () {34 vars in 816 bytes} [Sat Aug 22 11:53:38 2026] DELETE /resource_providers/b6c04c44-5c8d-464e-b68a-129f2c271f38 => generated 246 bytes in 11 msecs (HTTP/1.1 404) 6 headers in 231 bytes (1 switches on core 0) [pid: 8|app: 0|req: 499/990] 10.0.0.110 () {34 vars in 816 bytes} [Sat Aug 22 11:53:38 2026] DELETE /resource_providers/b6c04c44-5c8d-464e-b68a-129f2c271f38 => generated 246 bytes in 13 msecs (HTTP/1.1 404) 6 headers in 231 bytes (1 switches on core 0)
2026-08-22 11:53:38.475 7 INFO placement.requestlog [None req-508f06c6-4ea5-4c96-9a06-67a40bc591e9 b6b90e99ba8b42baabbc612e69ec1551 064f7b3adb99497f9e0c58cfe2460040 - - 565ac6d3a33e4b9aa4c759fc8243a8be 565ac6d3a33e4b9aa4c759fc8243a8be] 10.0.0.110 "GET /resource_providers/ca32668b-8489-4fbc-98dd-fc489500b142/aggregates" status: 404 len: 235 microversion: 1.1 [pid: 7|app: 0|req: 492/991] 10.0.0.110 () {32 vars in 816 bytes} [Sat Aug 22 11:53:38 2026] GET /resource_providers/ca32668b-8489-4fbc-98dd-fc489500b142/aggregates => generated 235 bytes in 6 msecs (HTTP/1.1 404) 5 headers in 202 bytes (1 switches on core 0)
2026-08-22 11:53:38.483 8 INFO placement.requestlog [None req-d46ac919-a959-4e7c-a140-2d09c66eca89 b6b90e99ba8b42baabbc612e69ec1551 064f7b3adb99497f9e0c58cfe2460040 - - 565ac6d3a33e4b9aa4c759fc8243a8be 565ac6d3a33e4b9aa4c759fc8243a8be] 10.0.0.110 "GET /resource_providers/ca32668b-8489-4fbc-98dd-fc489500b142/aggregates" status: 404 len: 235 microversion: 1.1 [pid: 8|app: 0|req: 500/992] 10.0.0.110 () {32 vars in 816 bytes} [Sat Aug 22 11:53:38 2026] GET /resource_providers/ca32668b-8489-4fbc-98dd-fc489500b142/aggregates => generated 235 bytes in 9 msecs (HTTP/1.1 404) 5 headers in 202 bytes (1 switches on core 0)
2026-08-22 11:53:38.496 7 INFO placement.requestlog [None req-4d5ebac0-e543-4fc8-a646-f16303c2de18 b6b90e99ba8b42baabbc612e69ec1551 064f7b3adb99497f9e0c58cfe2460040 - - 565ac6d3a33e4b9aa4c759fc8243a8be 565ac6d3a33e4b9aa4c759fc8243a8be] 10.0.0.110 "DELETE /resource_providers/ca32668b-8489-4fbc-98dd-fc489500b142" status: 404 len: 246 microversion: 1.1 [pid: 7|app: 0|req: 493/993] 10.0.0.110 () {34 vars in 816 bytes} [Sat Aug 22 11:53:38 2026] DELETE /resource_providers/ca32668b-8489-4fbc-98dd-fc489500b142 => generated 246 bytes in 10 msecs (HTTP/1.1 404) 6 headers in 231 bytes (1 switches on core 0)
2026-08-22 11:53:38.505 8 INFO placement.requestlog [None req-d2b9d50b-2346-4d35-8975-ae5d5d7e571c b6b90e99ba8b42baabbc612e69ec1551 064f7b3adb99497f9e0c58cfe2460040 - - 565ac6d3a33e4b9aa4c759fc8243a8be 565ac6d3a33e4b9aa4c759fc8243a8be] 10.0.0.110 "DELETE /resource_providers/ca32668b-8489-4fbc-98dd-fc489500b142" status: 404 len: 246 microversion: 1.1 [pid: 8|app: 0|req: 501/994] 10.0.0.110 () {34 vars in 816 bytes} [Sat Aug 22 11:53:38 2026] DELETE /resource_providers/ca32668b-8489-4fbc-98dd-fc489500b142 => generated 246 bytes in 9 msecs (HTTP/1.1 404) 6 headers in 231 bytes (1 switches on core 0)
2026-08-22 11:53:40.450 8 INFO placement.requestlog [None req-b20e8585-b816-418f-9ad1-aba8a61fcd76 b6b90e99ba8b42baabbc612e69ec1551 064f7b3adb99497f9e0c58cfe2460040 - - 565ac6d3a33e4b9aa4c759fc8243a8be 565ac6d3a33e4b9aa4c759fc8243a8be] 10.0.0.110 "GET /resource_providers/3c0f20a8-e9d4-4ec3-bacd-9aaf0a00be35/aggregates" status: 404 len: 235 microversion: 1.1 [pid: 8|app: 0|req: 502/995] 10.0.0.110 () {32 vars in 816 bytes} [Sat Aug 22 11:53:40 2026] GET /resource_providers/3c0f20a8-e9d4-4ec3-bacd-9aaf0a00be35/aggregates => generated 235 bytes in 9 msecs (HTTP/1.1 404) 5 headers in 202 bytes (1 switches on core 0)
2026-08-22 11:53:40.453 7 INFO placement.requestlog [None req-3a01b07f-6a44-4d24-8225-72f0a2142a40 b6b90e99ba8b42baabbc612e69ec1551 064f7b3adb99497f9e0c58cfe2460040 - - 565ac6d3a33e4b9aa4c759fc8243a8be 565ac6d3a33e4b9aa4c759fc8243a8be] 10.0.0.110 "GET /resource_providers/3c0f20a8-e9d4-4ec3-bacd-9aaf0a00be35/aggregates" status: 404 len: 235 microversion: 1.1 [pid: 7|app: 0|req: 494/996] 10.0.0.110 () {32 vars in 816 bytes} [Sat Aug 22 11:53:40 2026] GET /resource_providers/3c0f20a8-e9d4-4ec3-bacd-9aaf0a00be35/aggregates => generated 235 bytes in 14 msecs (HTTP/1.1 404) 5 headers in 202 bytes (1 switches on core 0)
2026-08-22 11:53:40.469 8 INFO placement.requestlog [None req-abfe4153-dd83-4a85-a571-5d83174c244a b6b90e99ba8b42baabbc612e69ec1551 064f7b3adb99497f9e0c58cfe2460040 - - 565ac6d3a33e4b9aa4c759fc8243a8be 565ac6d3a33e4b9aa4c759fc8243a8be] 10.0.0.110 "DELETE /resource_providers/3c0f20a8-e9d4-4ec3-bacd-9aaf0a00be35" status: 404 len: 246 microversion: 1.1 [pid: 8|app: 0|req: 503/997] 10.0.0.110 () {34 vars in 816 bytes} [Sat Aug 22 11:53:40 2026] DELETE /resource_providers/3c0f20a8-e9d4-4ec3-bacd-9aaf0a00be35 => generated 246 bytes in 9 msecs (HTTP/1.1 404) 6 headers in 231 bytes (1 switches on core 0)
2026-08-22 11:53:40.471 7 INFO placement.requestlog [None req-1aa96fb1-7c3a-4acc-b3ee-2f3603b8733f b6b90e99ba8b42baabbc612e69ec1551 064f7b3adb99497f9e0c58cfe2460040 - - 565ac6d3a33e4b9aa4c759fc8243a8be 565ac6d3a33e4b9aa4c759fc8243a8be] 10.0.0.110 "DELETE /resource_providers/3c0f20a8-e9d4-4ec3-bacd-9aaf0a00be35" status: 404 len: 246 microversion: 1.1 [pid: 7|app: 0|req: 495/998] 10.0.0.110 () {34 vars in 816 bytes} [Sat Aug 22 11:53:40 2026] DELETE /resource_providers/3c0f20a8-e9d4-4ec3-bacd-9aaf0a00be35 => generated 246 bytes in 9 msecs (HTTP/1.1 404) 6 headers in 231 bytes (1 switches on core 0)
2026-08-22 11:53:40.489 8 INFO placement.requestlog [None req-ba1c99ac-7c79-4b12-92de-10caedea1b81 b6b90e99ba8b42baabbc612e69ec1551 064f7b3adb99497f9e0c58cfe2460040 - - 565ac6d3a33e4b9aa4c759fc8243a8be 565ac6d3a33e4b9aa4c759fc8243a8be] 10.0.0.110 "GET /resource_providers/230c1520-ecb7-43e4-ac4e-00b32a2365f9/aggregates" status: 404 len: 235 microversion: 1.1 [pid: 8|app: 0|req: 504/999] 10.0.0.110 () {32 vars in 816 bytes} [Sat Aug 22 11:53:40 2026] GET /resource_providers/230c1520-ecb7-43e4-ac4e-00b32a2365f9/aggregates => generated 235 bytes in 9 msecs (HTTP/1.1 404) 5 headers in 202 bytes (1 switches on core 0)
2026-08-22 11:53:40.490 7 INFO placement.requestlog [None req-96267949-d843-46b0-b8cb-886e27317de5 b6b90e99ba8b42baabbc612e69ec1551 064f7b3adb99497f9e0c58cfe2460040 - - 565ac6d3a33e4b9aa4c759fc8243a8be 565ac6d3a33e4b9aa4c759fc8243a8be] 10.0.0.110 "GET /resource_providers/230c1520-ecb7-43e4-ac4e-00b32a2365f9/aggregates" status: 404 len: 235 microversion: 1.1 [pid: 7|app: 0|req: 496/1000] 10.0.0.110 () {32 vars in 816 bytes} [Sat Aug 22 11:53:40 2026] GET /resource_providers/230c1520-ecb7-43e4-ac4e-00b32a2365f9/aggregates => generated 235 bytes in 9 msecs (HTTP/1.1 404) 5 headers in 202 bytes (1 switches on core 0)
2026-08-22 11:53:40.513 8 INFO placement.requestlog [None req-611384f6-eba9-4606-aee4-2e26d18b4f4f b6b90e99ba8b42baabbc612e69ec1551 064f7b3adb99497f9e0c58cfe2460040 - - 565ac6d3a33e4b9aa4c759fc8243a8be 565ac6d3a33e4b9aa4c759fc8243a8be] 10.0.0.110 "DELETE /resource_providers/230c1520-ecb7-43e4-ac4e-00b32a2365f9" status: 404 len: 246 microversion: 1.1 [pid: 8|app: 0|req: 505/1001] 10.0.0.110 () {34 vars in 816 bytes} [Sat Aug 22 11:53:40 2026] DELETE /resource_providers/230c1520-ecb7-43e4-ac4e-00b32a2365f9 => generated 246 bytes in 10 msecs (HTTP/1.1 404) 6 headers in 231 bytes (1 switches on core 0)
2026-08-22 11:53:40.515 7 INFO placement.requestlog [None req-f1d4abc4-ecdd-464f-b243-127e164fba12 b6b90e99ba8b42baabbc612e69ec1551 064f7b3adb99497f9e0c58cfe2460040 - - 565ac6d3a33e4b9aa4c759fc8243a8be 565ac6d3a33e4b9aa4c759fc8243a8be] 10.0.0.110 "DELETE /resource_providers/230c1520-ecb7-43e4-ac4e-00b32a2365f9" status: 404 len: 246 microversion: 1.1 [pid: 7|app: 0|req: 497/1002] 10.0.0.110 () {34 vars in 816 bytes} [Sat Aug 22 11:53:40 2026] DELETE /resource_providers/230c1520-ecb7-43e4-ac4e-00b32a2365f9 => generated 246 bytes in 8 msecs (HTTP/1.1 404) 6 headers in 231 bytes (1 switches on core 0)
2026-08-22 11:53:40.537 8 INFO placement.requestlog [None req-5b26c5b9-e7b8-40ec-8d9d-7d060630bf5d b6b90e99ba8b42baabbc612e69ec1551 064f7b3adb99497f9e0c58cfe2460040 - - 565ac6d3a33e4b9aa4c759fc8243a8be 565ac6d3a33e4b9aa4c759fc8243a8be] 10.0.0.110 "GET /resource_providers/13caab72-5482-4ce8-9a50-145e93f1e34d/aggregates" status: 404 len: 235 microversion: 1.1 [pid: 8|app: 0|req: 506/1003] 10.0.0.110 () {32 vars in 816 bytes} [Sat Aug 22 11:53:40 2026] GET /resource_providers/13caab72-5482-4ce8-9a50-145e93f1e34d/aggregates => generated 235 bytes in 12 msecs (HTTP/1.1 404) 5 headers in 202 bytes (1 switches on core 0)
2026-08-22 11:53:40.541 7 INFO placement.requestlog [None req-d5c1d56e-5b6d-41a5-abfe-07fe24c8dce7 b6b90e99ba8b42baabbc612e69ec1551 064f7b3adb99497f9e0c58cfe2460040 - - 565ac6d3a33e4b9aa4c759fc8243a8be 565ac6d3a33e4b9aa4c759fc8243a8be] 10.0.0.110 "GET /resource_providers/13caab72-5482-4ce8-9a50-145e93f1e34d/aggregates" status: 404 len: 235 microversion: 1.1 [pid: 7|app: 0|req: 498/1004] 10.0.0.110 () {32 vars in 816 bytes} [Sat Aug 22 11:53:40 2026] GET /resource_providers/13caab72-5482-4ce8-9a50-145e93f1e34d/aggregates => generated 235 bytes in 14 msecs (HTTP/1.1 404) 5 headers in 202 bytes (1 switches on core 0)
2026-08-22 11:53:40.559 8 INFO placement.requestlog [None req-067aaf33-88a6-45ca-9a18-d16fa394120f b6b90e99ba8b42baabbc612e69ec1551 064f7b3adb99497f9e0c58cfe2460040 - - 565ac6d3a33e4b9aa4c759fc8243a8be 565ac6d3a33e4b9aa4c759fc8243a8be] 10.0.0.110 "DELETE /resource_providers/13caab72-5482-4ce8-9a50-145e93f1e34d" status: 404 len: 246 microversion: 1.1 [pid: 8|app: 0|req: 507/1005] 10.0.0.110 () {34 vars in 816 bytes} [Sat Aug 22 11:53:40 2026] DELETE /resource_providers/13caab72-5482-4ce8-9a50-145e93f1e34d => generated 246 bytes in 12 msecs (HTTP/1.1 404) 6 headers in 231 bytes (1 switches on core 0)
2026-08-22 11:53:40.566 7 INFO placement.requestlog [None req-62f47a9f-dabe-4f8e-bb64-21481d0d1490 b6b90e99ba8b42baabbc612e69ec1551 064f7b3adb99497f9e0c58cfe2460040 - - 565ac6d3a33e4b9aa4c759fc8243a8be 565ac6d3a33e4b9aa4c759fc8243a8be] 10.0.0.110 "DELETE /resource_providers/13caab72-5482-4ce8-9a50-145e93f1e34d" status: 404 len: 246 microversion: 1.1 [pid: 7|app: 0|req: 499/1006] 10.0.0.110 () {34 vars in 816 bytes} [Sat Aug 22 11:53:40 2026] DELETE /resource_providers/13caab72-5482-4ce8-9a50-145e93f1e34d => generated 246 bytes in 12 msecs (HTTP/1.1 404) 6 headers in 231 bytes (1 switches on core 0)
2026-08-22 11:53:45.858 7 INFO placement.requestlog [None req-5c93f5b3-f111-4288-9d1c-242065aa37f0 - - - - - -] 10.0.0.155 "GET /" status: 200 len: 136 microversion: 1.0
2026-08-22 11:53:45.859 7 INFO placement.requestlog [None req-7bc0f08f-2cee-409e-a185-354e5d7126d9 - - - - - -] 10.0.0.155 "GET /" status: 200 len: 136 microversion: 1.0
2026-08-22 11:53:45.869 8 INFO placement.requestlog [req-369d19f4-646c-4d47-aa8e-778a52576593 req-09279cfe-3d24-469e-a39b-d6f780605f76 e7bd52170adf4579bcce6f4e9c850d63 064f7b3adb99497f9e0c58cfe2460040 - - 565ac6d3a33e4b9aa4c759fc8243a8be 565ac6d3a33e4b9aa4c759fc8243a8be] 199.19.213.177 "GET /resource_providers/9bbe1bae-7610-4a1f-80cf-21a91f8f3758/allocations" status: 200 len: 253 microversion: 1.0 [pid: 8|app: 0|req: 508/1009] 199.19.213.177 () {32 vars in 857 bytes} [Sat Aug 22 11:53:45 2026] GET /resource_providers/9bbe1bae-7610-4a1f-80cf-21a91f8f3758/allocations => generated 253 bytes in 29 msecs (HTTP/1.1 200) 6 headers in 224 bytes (1 switches on core 0)
2026-08-22 11:53:45.901 7 INFO placement.requestlog [req-369d19f4-646c-4d47-aa8e-778a52576593 req-6cae29ce-45bb-4bcd-9bdf-a3b7f7836519 e7bd52170adf4579bcce6f4e9c850d63 064f7b3adb99497f9e0c58cfe2460040 - - 565ac6d3a33e4b9aa4c759fc8243a8be 565ac6d3a33e4b9aa4c759fc8243a8be] 199.19.213.177 "GET /resource_providers?in_tree=9bbe1bae-7610-4a1f-80cf-21a91f8f3758" status: 200 len: 798 microversion: 1.14 [pid: 7|app: 0|req: 502/1010] 199.19.213.177 () {34 vars in 892 bytes} [Sat Aug 22 11:53:45 2026] GET /resource_providers?in_tree=9bbe1bae-7610-4a1f-80cf-21a91f8f3758 => generated 798 bytes in 23 msecs (HTTP/1.1 200) 6 headers in 225 bytes (1 switches on core 0)
2026-08-22 11:53:45.934 8 INFO placement.requestlog [req-369d19f4-646c-4d47-aa8e-778a52576593 req-34bf8ea6-2dc9-4105-9907-07ce7c722875 e7bd52170adf4579bcce6f4e9c850d63 064f7b3adb99497f9e0c58cfe2460040 - - 565ac6d3a33e4b9aa4c759fc8243a8be 565ac6d3a33e4b9aa4c759fc8243a8be] 199.19.213.177 "GET /resource_providers/9bbe1bae-7610-4a1f-80cf-21a91f8f3758/inventories" status: 200 len: 401 microversion: 1.0 [pid: 8|app: 0|req: 509/1011] 199.19.213.177 () {32 vars in 857 bytes} [Sat Aug 22 11:53:45 2026] GET /resource_providers/9bbe1bae-7610-4a1f-80cf-21a91f8f3758/inventories => generated 401 bytes in 25 msecs (HTTP/1.1 200) 6 headers in 224 bytes (1 switches on core 0)
2026-08-22 11:53:45.959 7 INFO placement.requestlog [req-369d19f4-646c-4d47-aa8e-778a52576593 req-c6136ecd-3be0-48bf-91f2-a866e142cee5 e7bd52170adf4579bcce6f4e9c850d63 064f7b3adb99497f9e0c58cfe2460040 - - 565ac6d3a33e4b9aa4c759fc8243a8be 565ac6d3a33e4b9aa4c759fc8243a8be] 199.19.213.177 "GET /resource_providers/9bbe1bae-7610-4a1f-80cf-21a91f8f3758/aggregates" status: 200 len: 54 microversion: 1.19 [pid: 7|app: 0|req: 503/1012] 199.19.213.177 () {34 vars in 899 bytes} [Sat Aug 22 11:53:45 2026] GET /resource_providers/9bbe1bae-7610-4a1f-80cf-21a91f8f3758/aggregates => generated 54 bytes in 17 msecs (HTTP/1.1 200) 8 headers in 295 bytes (1 switches on core 0)
2026-08-22 11:53:46.005 8 INFO placement.requestlog [req-369d19f4-646c-4d47-aa8e-778a52576593 req-9f85eb82-e62f-475d-880f-02028fe491d2 e7bd52170adf4579bcce6f4e9c850d63 064f7b3adb99497f9e0c58cfe2460040 - - 565ac6d3a33e4b9aa4c759fc8243a8be 565ac6d3a33e4b9aa4c759fc8243a8be] 199.19.213.177 "GET /resource_providers/9bbe1bae-7610-4a1f-80cf-21a91f8f3758/traits" status: 200 len: 2317 microversion: 1.6 [pid: 8|app: 0|req: 510/1013] 199.19.213.177 () {34 vars in 890 bytes} [Sat Aug 22 11:53:45 2026] GET /resource_providers/9bbe1bae-7610-4a1f-80cf-21a91f8f3758/traits => generated 2317 bytes in 36 msecs (HTTP/1.1 200) 6 headers in 225 bytes (1 switches on core 0)
2026-08-22 11:53:46.028 7 INFO placement.requestlog [req-369d19f4-646c-4d47-aa8e-778a52576593 req-a33c9b18-9b3a-4bc5-bb39-b6dbdfabd2f7 e7bd52170adf4579bcce6f4e9c850d63 064f7b3adb99497f9e0c58cfe2460040 - - 565ac6d3a33e4b9aa4c759fc8243a8be 565ac6d3a33e4b9aa4c759fc8243a8be] 199.19.213.177 "GET /resource_providers/9bbe1bae-7610-4a1f-80cf-21a91f8f3758/allocations" status: 200 len: 253 microversion: 1.0 [pid: 7|app: 0|req: 504/1014] 199.19.213.177 () {32 vars in 857 bytes} [Sat Aug 22 11:53:46 2026] GET /resource_providers/9bbe1bae-7610-4a1f-80cf-21a91f8f3758/allocations => generated 253 bytes in 16 msecs (HTTP/1.1 200) 6 headers in 224 bytes (1 switches on core 0)
2026-08-22 11:53:46.054 8 INFO placement.requestlog [req-369d19f4-646c-4d47-aa8e-778a52576593 req-00291443-ee97-4e8d-ab67-e379b2e035fe e7bd52170adf4579bcce6f4e9c850d63 064f7b3adb99497f9e0c58cfe2460040 - - 565ac6d3a33e4b9aa4c759fc8243a8be 565ac6d3a33e4b9aa4c759fc8243a8be] 199.19.213.177 "GET /allocations/84d7a02e-6071-454b-b321-c7826d6da080" status: 200 len: 258 microversion: 1.28 [pid: 8|app: 0|req: 511/1015] 199.19.213.177 () {34 vars in 863 bytes} [Sat Aug 22 11:53:46 2026] GET /allocations/84d7a02e-6071-454b-b321-c7826d6da080 => generated 258 bytes in 19 msecs (HTTP/1.1 200) 8 headers in 296 bytes (1 switches on core 0)
2026-08-22 11:53:46.075 7 INFO placement.requestlog [req-369d19f4-646c-4d47-aa8e-778a52576593 req-2ca268eb-91de-4f06-998c-5dae1f3a8c12 e7bd52170adf4579bcce6f4e9c850d63 064f7b3adb99497f9e0c58cfe2460040 - - 565ac6d3a33e4b9aa4c759fc8243a8be 565ac6d3a33e4b9aa4c759fc8243a8be] 199.19.213.177 "GET /allocations/19d87be4-7e9b-4b1c-ae33-dbbbc686ef75" status: 200 len: 258 microversion: 1.28 [pid: 7|app: 0|req: 505/1016] 199.19.213.177 () {34 vars in 863 bytes} [Sat Aug 22 11:53:46 2026] GET /allocations/19d87be4-7e9b-4b1c-ae33-dbbbc686ef75 => generated 258 bytes in 15 msecs (HTTP/1.1 200) 8 headers in 296 bytes (1 switches on core 0)
2026-08-22 11:53:55.857 8 INFO placement.requestlog [None req-dbb2b57d-39c1-46f6-9afc-72bbf48b159a - - - - - -] 10.0.0.155 "GET /" status: 200 len: 136 microversion: 1.0
2026-08-22 11:53:55.858 7 INFO placement.requestlog [None req-42163d0d-4464-4c39-8733-545b587bbfd0 - - - - - -] 10.0.0.155 "GET /" status: 200 len: 136 microversion: 1.0
2026-08-22 11:53:58.731 8 INFO placement.requestlog [req-274611ac-1354-4d95-9e3c-19ddfe79efbc req-e387f480-2c7e-4141-8efe-c00d4be330c8 e7bd52170adf4579bcce6f4e9c850d63 064f7b3adb99497f9e0c58cfe2460040 - - 565ac6d3a33e4b9aa4c759fc8243a8be 565ac6d3a33e4b9aa4c759fc8243a8be] 199.19.213.177 "GET /resource_providers/9bbe1bae-7610-4a1f-80cf-21a91f8f3758/allocations" status: 200 len: 253 microversion: 1.0 [pid: 8|app: 0|req: 513/1019] 199.19.213.177 () {32 vars in 857 bytes} [Sat Aug 22 11:53:58 2026] GET /resource_providers/9bbe1bae-7610-4a1f-80cf-21a91f8f3758/allocations => generated 253 bytes in 20 msecs (HTTP/1.1 200) 6 headers in 224 bytes (1 switches on core 0)
2026-08-22 11:53:58.751 7 INFO placement.requestlog [req-274611ac-1354-4d95-9e3c-19ddfe79efbc req-e720aefb-0068-4bc1-b920-1543bbc09566 e7bd52170adf4579bcce6f4e9c850d63 064f7b3adb99497f9e0c58cfe2460040 - - 565ac6d3a33e4b9aa4c759fc8243a8be 565ac6d3a33e4b9aa4c759fc8243a8be] 199.19.213.177 "GET /allocations/84d7a02e-6071-454b-b321-c7826d6da080" status: 200 len: 258 microversion: 1.28 [pid: 7|app: 0|req: 507/1020] 199.19.213.177 () {34 vars in 863 bytes} [Sat Aug 22 11:53:58 2026] GET /allocations/84d7a02e-6071-454b-b321-c7826d6da080 => generated 258 bytes in 13 msecs (HTTP/1.1 200) 8 headers in 296 bytes (1 switches on core 0)
2026-08-22 11:53:58.771 8 INFO placement.requestlog [req-274611ac-1354-4d95-9e3c-19ddfe79efbc req-0a946090-3b3f-4671-9333-9e5064d5fc95 e7bd52170adf4579bcce6f4e9c850d63 064f7b3adb99497f9e0c58cfe2460040 - - 565ac6d3a33e4b9aa4c759fc8243a8be 565ac6d3a33e4b9aa4c759fc8243a8be] 199.19.213.177 "GET /allocations/19d87be4-7e9b-4b1c-ae33-dbbbc686ef75" status: 200 len: 258 microversion: 1.28 [pid: 8|app: 0|req: 514/1021] 199.19.213.177 () {34 vars in 863 bytes} [Sat Aug 22 11:53:58 2026] GET /allocations/19d87be4-7e9b-4b1c-ae33-dbbbc686ef75 => generated 258 bytes in 12 msecs (HTTP/1.1 200) 8 headers in 296 bytes (1 switches on core 0)
2026-08-22 11:53:59.820 7 INFO placement.requestlog [req-274611ac-1354-4d95-9e3c-19ddfe79efbc req-0b635457-243d-4d5c-a7f5-c4b656b861e5 e7bd52170adf4579bcce6f4e9c850d63 064f7b3adb99497f9e0c58cfe2460040 - - 565ac6d3a33e4b9aa4c759fc8243a8be 565ac6d3a33e4b9aa4c759fc8243a8be] 199.19.213.177 "DELETE /allocations/84d7a02e-6071-454b-b321-c7826d6da080" status: 204 len: 0 microversion: 1.0 [pid: 7|app: 0|req: 508/1022] 199.19.213.177 () {34 vars in 841 bytes} [Sat Aug 22 11:53:59 2026] DELETE /allocations/84d7a02e-6071-454b-b321-c7826d6da080 => generated 0 bytes in 19 msecs (HTTP/1.1 204) 5 headers in 198 bytes (1 switches on core 0)
2026-08-22 11:54:04.371 8 INFO placement.requestlog [None req-90ac387b-e851-47a2-93f9-91ee2da4e12a b6b90e99ba8b42baabbc612e69ec1551 064f7b3adb99497f9e0c58cfe2460040 - - 565ac6d3a33e4b9aa4c759fc8243a8be 565ac6d3a33e4b9aa4c759fc8243a8be] 10.0.0.110 "GET /resource_providers/fe5a2364-e1a6-494f-94d6-2ba4d9a09283/aggregates" status: 404 len: 235 microversion: 1.1 [pid: 8|app: 0|req: 515/1023] 10.0.0.110 () {32 vars in 816 bytes} [Sat Aug 22 11:54:04 2026] GET /resource_providers/fe5a2364-e1a6-494f-94d6-2ba4d9a09283/aggregates => generated 235 bytes in 11 msecs (HTTP/1.1 404) 5 headers in 202 bytes (1 switches on core 0)
2026-08-22 11:54:04.376 7 INFO placement.requestlog [None req-389b924a-7fbb-413a-98ec-ec7ba6ea35f6 b6b90e99ba8b42baabbc612e69ec1551 064f7b3adb99497f9e0c58cfe2460040 - - 565ac6d3a33e4b9aa4c759fc8243a8be 565ac6d3a33e4b9aa4c759fc8243a8be] 10.0.0.110 "GET /resource_providers/fe5a2364-e1a6-494f-94d6-2ba4d9a09283/aggregates" status: 404 len: 235 microversion: 1.1 [pid: 7|app: 0|req: 509/1024] 10.0.0.110 () {32 vars in 816 bytes} [Sat Aug 22 11:54:04 2026] GET /resource_providers/fe5a2364-e1a6-494f-94d6-2ba4d9a09283/aggregates => generated 235 bytes in 11 msecs (HTTP/1.1 404) 5 headers in 202 bytes (1 switches on core 0)
2026-08-22 11:54:04.392 8 INFO placement.requestlog [None req-c998f17d-3355-4f45-8d51-b9b5274a3ab7 b6b90e99ba8b42baabbc612e69ec1551 064f7b3adb99497f9e0c58cfe2460040 - - 565ac6d3a33e4b9aa4c759fc8243a8be 565ac6d3a33e4b9aa4c759fc8243a8be] 10.0.0.110 "DELETE /resource_providers/fe5a2364-e1a6-494f-94d6-2ba4d9a09283" status: 404 len: 246 microversion: 1.1 [pid: 8|app: 0|req: 516/1025] 10.0.0.110 () {34 vars in 816 bytes} [Sat Aug 22 11:54:04 2026] DELETE /resource_providers/fe5a2364-e1a6-494f-94d6-2ba4d9a09283 => generated 246 bytes in 17 msecs (HTTP/1.1 404) 6 headers in 231 bytes (1 switches on core 0)
2026-08-22 11:54:04.395 7 INFO placement.requestlog [None req-9e2c24a0-27fd-4af0-9848-ac6d1ec34ead b6b90e99ba8b42baabbc612e69ec1551 064f7b3adb99497f9e0c58cfe2460040 - - 565ac6d3a33e4b9aa4c759fc8243a8be 565ac6d3a33e4b9aa4c759fc8243a8be] 10.0.0.110 "DELETE /resource_providers/fe5a2364-e1a6-494f-94d6-2ba4d9a09283" status: 404 len: 246 microversion: 1.1 [pid: 7|app: 0|req: 510/1026] 10.0.0.110 () {34 vars in 816 bytes} [Sat Aug 22 11:54:04 2026] DELETE /resource_providers/fe5a2364-e1a6-494f-94d6-2ba4d9a09283 => generated 246 bytes in 11 msecs (HTTP/1.1 404) 6 headers in 231 bytes (1 switches on core 0)
2026-08-22 11:54:05.335 8 INFO placement.requestlog [req-c923c6b4-3134-4e5c-9aea-48d071eb1c7c req-05ab2347-ee7f-4b88-96de-ee3c7f5749ad e7bd52170adf4579bcce6f4e9c850d63 064f7b3adb99497f9e0c58cfe2460040 - - 565ac6d3a33e4b9aa4c759fc8243a8be 565ac6d3a33e4b9aa4c759fc8243a8be] 199.19.213.177 "GET /resource_providers/9bbe1bae-7610-4a1f-80cf-21a91f8f3758/allocations" status: 200 len: 153 microversion: 1.0 [pid: 8|app: 0|req: 517/1027] 199.19.213.177 () {32 vars in 857 bytes} [Sat Aug 22 11:54:05 2026] GET /resource_providers/9bbe1bae-7610-4a1f-80cf-21a91f8f3758/allocations => generated 153 bytes in 15 msecs (HTTP/1.1 200) 6 headers in 224 bytes (1 switches on core 0)
2026-08-22 11:54:05.351 7 INFO placement.requestlog [req-c923c6b4-3134-4e5c-9aea-48d071eb1c7c req-78970ace-312c-44db-abd4-c5968a8598c3 e7bd52170adf4579bcce6f4e9c850d63 064f7b3adb99497f9e0c58cfe2460040 - - 565ac6d3a33e4b9aa4c759fc8243a8be 565ac6d3a33e4b9aa4c759fc8243a8be] 199.19.213.177 "GET /allocations/19d87be4-7e9b-4b1c-ae33-dbbbc686ef75" status: 200 len: 258 microversion: 1.28 [pid: 7|app: 0|req: 511/1028] 199.19.213.177 () {34 vars in 863 bytes} [Sat Aug 22 11:54:05 2026] GET /allocations/19d87be4-7e9b-4b1c-ae33-dbbbc686ef75 => generated 258 bytes in 12 msecs (HTTP/1.1 200) 8 headers in 296 bytes (1 switches on core 0)
2026-08-22 11:54:05.858 8 INFO placement.requestlog [None req-304903dd-fda8-4542-94a4-5df074b28f6f - - - - - -] 10.0.0.155 "GET /" status: 200 len: 136 microversion: 1.0
2026-08-22 11:54:05.858 7 INFO placement.requestlog [None req-e109d15c-e2e9-4dd1-bee3-6ee5f5f8c5bc - - - - - -] 10.0.0.155 "GET /" status: 200 len: 136 microversion: 1.0
2026-08-22 11:54:06.404 8 INFO placement.requestlog [req-c923c6b4-3134-4e5c-9aea-48d071eb1c7c req-52711488-b97c-44dd-9105-125b0da6112e e7bd52170adf4579bcce6f4e9c850d63 064f7b3adb99497f9e0c58cfe2460040 - - 565ac6d3a33e4b9aa4c759fc8243a8be 565ac6d3a33e4b9aa4c759fc8243a8be] 199.19.213.177 "DELETE /allocations/19d87be4-7e9b-4b1c-ae33-dbbbc686ef75" status: 204 len: 0 microversion: 1.0 [pid: 8|app: 0|req: 519/1031] 199.19.213.177 () {34 vars in 841 bytes} [Sat Aug 22 11:54:06 2026] DELETE /allocations/19d87be4-7e9b-4b1c-ae33-dbbbc686ef75 => generated 0 bytes in 25 msecs (HTTP/1.1 204) 5 headers in 198 bytes (1 switches on core 0)
2026-08-22 11:54:09.724 8 INFO placement.requestlog [None req-e0fa6781-b921-47e1-9333-e98cdc01a2d5 b6b90e99ba8b42baabbc612e69ec1551 064f7b3adb99497f9e0c58cfe2460040 - - 565ac6d3a33e4b9aa4c759fc8243a8be 565ac6d3a33e4b9aa4c759fc8243a8be] 10.0.0.110 "GET /resource_providers/fdb6a6d8-7ac6-4e68-8cb1-a054cd075699/aggregates" status: 404 len: 235 microversion: 1.1 [pid: 8|app: 0|req: 520/1032] 10.0.0.110 () {32 vars in 816 bytes} [Sat Aug 22 11:54:09 2026] GET /resource_providers/fdb6a6d8-7ac6-4e68-8cb1-a054cd075699/aggregates => generated 235 bytes in 8 msecs (HTTP/1.1 404) 5 headers in 202 bytes (1 switches on core 0)
2026-08-22 11:54:09.727 7 INFO placement.requestlog [None req-76aca973-ece4-4b47-9497-abc8415f2751 b6b90e99ba8b42baabbc612e69ec1551 064f7b3adb99497f9e0c58cfe2460040 - - 565ac6d3a33e4b9aa4c759fc8243a8be 565ac6d3a33e4b9aa4c759fc8243a8be] 10.0.0.110 "GET /resource_providers/fdb6a6d8-7ac6-4e68-8cb1-a054cd075699/aggregates" status: 404 len: 235 microversion: 1.1 [pid: 7|app: 0|req: 513/1033] 10.0.0.110 () {32 vars in 816 bytes} [Sat Aug 22 11:54:09 2026] GET /resource_providers/fdb6a6d8-7ac6-4e68-8cb1-a054cd075699/aggregates => generated 235 bytes in 11 msecs (HTTP/1.1 404) 5 headers in 202 bytes (1 switches on core 0)
2026-08-22 11:54:09.749 8 INFO placement.requestlog [None req-8af96c16-4e6e-498b-b83c-2b0532f8b51f b6b90e99ba8b42baabbc612e69ec1551 064f7b3adb99497f9e0c58cfe2460040 - - 565ac6d3a33e4b9aa4c759fc8243a8be 565ac6d3a33e4b9aa4c759fc8243a8be] 10.0.0.110 "DELETE /resource_providers/fdb6a6d8-7ac6-4e68-8cb1-a054cd075699" status: 404 len: 246 microversion: 1.1 [pid: 8|app: 0|req: 521/1034] 10.0.0.110 () {34 vars in 816 bytes} [Sat Aug 22 11:54:09 2026] DELETE /resource_providers/fdb6a6d8-7ac6-4e68-8cb1-a054cd075699 => generated 246 bytes in 8 msecs (HTTP/1.1 404) 6 headers in 231 bytes (1 switches on core 0)
