Apr 12 17:48:57.686573 np0000165285 neutron-periodic-workers[105806]: DEBUG cotyledon.oslo_config_glue [-] ml2.path_mtu = 0 {{(pid=105806) log_opt_values /opt/stack/data/venv/lib/python3.12/site-packages/oslo_config/cfg.py:3006}}
Apr 12 17:48:57.686573 np0000165285 neutron-periodic-workers[105806]: DEBUG cotyledon.oslo_config_glue [-] ml2.physical_network_mtus = {} {{(pid=105806) log_opt_values /opt/stack/data/venv/lib/python3.12/site-packages/oslo_config/cfg.py:3006}}
Apr 12 17:48:57.687073 np0000165285 neutron-periodic-workers[105806]: DEBUG cotyledon.oslo_config_glue [-] ml2.project_network_types = ['geneve'] {{(pid=105806) log_opt_values /opt/stack/data/venv/lib/python3.12/site-packages/oslo_config/cfg.py:3006}}
Apr 12 17:48:57.687073 np0000165285 neutron-periodic-workers[105806]: DEBUG cotyledon.oslo_config_glue [-] ml2.tunnelled_network_rp_name = rp_tunnelled {{(pid=105806) log_opt_values /opt/stack/data/venv/lib/python3.12/site-packages/oslo_config/cfg.py:3006}}
Apr 12 17:48:57.687073 np0000165285 neutron-periodic-workers[105806]: DEBUG cotyledon.oslo_config_glue [-] ml2.type_drivers = ['local', 'flat', 'vlan', 'geneve'] {{(pid=105806) log_opt_values /opt/stack/data/venv/lib/python3.12/site-packages/oslo_config/cfg.py:3006}}
Apr 12 17:48:57.687073 np0000165285 neutron-periodic-workers[105806]: DEBUG cotyledon.oslo_config_glue [-] ml2_type_flat.flat_networks = ['public'] {{(pid=105806) log_opt_values /opt/stack/data/venv/lib/python3.12/site-packages/oslo_config/cfg.py:3006}}
Apr 12 17:48:57.687073 np0000165285 neutron-periodic-workers[105806]: DEBUG cotyledon.oslo_config_glue [-] ml2_type_geneve.max_header_size = 38 {{(pid=105806) log_opt_values /opt/stack/data/venv/lib/python3.12/site-packages/oslo_config/cfg.py:3006}}
Apr 12 17:48:57.687073 np0000165285 neutron-periodic-workers[105806]: DEBUG cotyledon.oslo_config_glue [-] ml2_type_geneve.vni_ranges = ['1:65536'] {{(pid=105806) log_opt_values /opt/stack/data/venv/lib/python3.12/site-packages/oslo_config/cfg.py:3006}}
Apr 12 17:48:57.687073 np0000165285 neutron-periodic-workers[105806]: DEBUG cotyledon.oslo_config_glue [-] ml2_type_vlan.network_vlan_ranges = ['public'] {{(pid=105806) log_opt_values /opt/stack/data/venv/lib/python3.12/site-packages/oslo_config/cfg.py:3006}}
Apr 12 17:48:57.687073 np0000165285 neutron-periodic-workers[105806]: DEBUG cotyledon.oslo_config_glue [-] network_log.burst_limit = 25 {{(pid=105806) log_opt_values /opt/stack/data/venv/lib/python3.12/site-packages/oslo_config/cfg.py:3006}}
Apr 12 17:48:57.687073 np0000165285 neutron-periodic-workers[105806]: DEBUG cotyledon.oslo_config_glue [-] network_log.local_output_log_base = None {{(pid=105806) log_opt_values /opt/stack/data/venv/lib/python3.12/site-packages/oslo_config/cfg.py:3006}}
Apr 12 17:48:57.687493 np0000165285 neutron-periodic-workers[105806]: DEBUG cotyledon.oslo_config_glue [-] network_log.rate_limit = 100 {{(pid=105806) log_opt_values /opt/stack/data/venv/lib/python3.12/site-packages/oslo_config/cfg.py:3006}}
Apr 12 17:48:57.687493 np0000165285 neutron-periodic-workers[105806]: DEBUG cotyledon.oslo_config_glue [-] database.asyncio_connection = **** {{(pid=105806) log_opt_values /opt/stack/data/venv/lib/python3.12/site-packages/oslo_config/cfg.py:3006}}
Apr 12 17:48:57.687493 np0000165285 neutron-periodic-workers[105806]: DEBUG cotyledon.oslo_config_glue [-] database.asyncio_slave_connection = **** {{(pid=105806) log_opt_values /opt/stack/data/venv/lib/python3.12/site-packages/oslo_config/cfg.py:3006}}
Apr 12 17:48:57.687493 np0000165285 neutron-periodic-workers[105806]: DEBUG cotyledon.oslo_config_glue [-] database.backend = sqlalchemy {{(pid=105806) log_opt_values /opt/stack/data/venv/lib/python3.12/site-packages/oslo_config/cfg.py:3006}}
Apr 12 17:48:57.687493 np0000165285 neutron-periodic-workers[105806]: DEBUG cotyledon.oslo_config_glue [-] database.connection = **** {{(pid=105806) log_opt_values /opt/stack/data/venv/lib/python3.12/site-packages/oslo_config/cfg.py:3006}}
Apr 12 17:48:57.687493 np0000165285 neutron-periodic-workers[105806]: DEBUG cotyledon.oslo_config_glue [-] database.connection_debug = 0 {{(pid=105806) log_opt_values /opt/stack/data/venv/lib/python3.12/site-packages/oslo_config/cfg.py:3006}}
Apr 12 17:48:57.687493 np0000165285 neutron-periodic-workers[105806]: DEBUG cotyledon.oslo_config_glue [-] database.connection_parameters = {{(pid=105806) log_opt_values /opt/stack/data/venv/lib/python3.12/site-packages/oslo_config/cfg.py:3006}}
Apr 12 17:48:57.687493 np0000165285 neutron-periodic-workers[105806]: DEBUG cotyledon.oslo_config_glue [-] database.connection_recycle_time = 3600 {{(pid=105806) log_opt_values /opt/stack/data/venv/lib/python3.12/site-packages/oslo_config/cfg.py:3006}}
Apr 12 17:48:57.687493 np0000165285 neutron-periodic-workers[105806]: DEBUG cotyledon.oslo_config_glue [-] database.connection_trace = False {{(pid=105806) log_opt_values /opt/stack/data/venv/lib/python3.12/site-packages/oslo_config/cfg.py:3006}}
Apr 12 17:48:57.687972 np0000165285 neutron-periodic-workers[105806]: DEBUG cotyledon.oslo_config_glue [-] database.db_inc_retry_interval = True {{(pid=105806) log_opt_values /opt/stack/data/venv/lib/python3.12/site-packages/oslo_config/cfg.py:3006}}
Apr 12 17:48:57.687972 np0000165285 neutron-periodic-workers[105806]: DEBUG cotyledon.oslo_config_glue [-] database.db_max_retries = 20 {{(pid=105806) log_opt_values /opt/stack/data/venv/lib/python3.12/site-packages/oslo_config/cfg.py:3006}}
Apr 12 17:48:57.687972 np0000165285 neutron-periodic-workers[105806]: DEBUG cotyledon.oslo_config_glue [-] database.db_max_retry_interval = 10 {{(pid=105806) log_opt_values /opt/stack/data/venv/lib/python3.12/site-packages/oslo_config/cfg.py:3006}}
Apr 12 17:48:57.687972 np0000165285 neutron-periodic-workers[105806]: DEBUG cotyledon.oslo_config_glue [-] database.db_retry_interval = 1 {{(pid=105806) log_opt_values /opt/stack/data/venv/lib/python3.12/site-packages/oslo_config/cfg.py:3006}}
Apr 12 17:48:57.687972 np0000165285 neutron-periodic-workers[105806]: DEBUG cotyledon.oslo_config_glue [-] database.max_overflow = 50 {{(pid=105806) log_opt_values /opt/stack/data/venv/lib/python3.12/site-packages/oslo_config/cfg.py:3006}}
Apr 12 17:48:57.687972 np0000165285 neutron-periodic-workers[105806]: DEBUG cotyledon.oslo_config_glue [-] database.max_pool_size = 5 {{(pid=105806) log_opt_values /opt/stack/data/venv/lib/python3.12/site-packages/oslo_config/cfg.py:3006}}
Apr 12 17:48:57.687972 np0000165285 neutron-periodic-workers[105806]: DEBUG cotyledon.oslo_config_glue [-] database.max_retries = 10 {{(pid=105806) log_opt_values /opt/stack/data/venv/lib/python3.12/site-packages/oslo_config/cfg.py:3006}}
Apr 12 17:48:57.687972 np0000165285 neutron-periodic-workers[105806]: DEBUG cotyledon.oslo_config_glue [-] database.mysql_sql_mode = TRADITIONAL {{(pid=105806) log_opt_values /opt/stack/data/venv/lib/python3.12/site-packages/oslo_config/cfg.py:3006}}
Apr 12 17:48:57.687972 np0000165285 neutron-periodic-workers[105806]: DEBUG cotyledon.oslo_config_glue [-] database.mysql_wsrep_sync_wait = None {{(pid=105806) log_opt_values /opt/stack/data/venv/lib/python3.12/site-packages/oslo_config/cfg.py:3006}}
Apr 12 17:48:57.688581 np0000165285 neutron-periodic-workers[105806]: DEBUG cotyledon.oslo_config_glue [-] database.pool_timeout = None {{(pid=105806) log_opt_values /opt/stack/data/venv/lib/python3.12/site-packages/oslo_config/cfg.py:3006}}
Apr 12 17:48:57.688581 np0000165285 neutron-periodic-workers[105806]: DEBUG cotyledon.oslo_config_glue [-] database.retry_interval = 10 {{(pid=105806) log_opt_values /opt/stack/data/venv/lib/python3.12/site-packages/oslo_config/cfg.py:3006}}
Apr 12 17:48:57.688581 np0000165285 neutron-periodic-workers[105806]: DEBUG cotyledon.oslo_config_glue [-] database.slave_connection = **** {{(pid=105806) log_opt_values /opt/stack/data/venv/lib/python3.12/site-packages/oslo_config/cfg.py:3006}}
Apr 12 17:48:57.688581 np0000165285 neutron-periodic-workers[105806]: DEBUG cotyledon.oslo_config_glue [-] database.sqlite_synchronous = True {{(pid=105806) log_opt_values /opt/stack/data/venv/lib/python3.12/site-packages/oslo_config/cfg.py:3006}}
Apr 12 17:48:57.688581 np0000165285 neutron-periodic-workers[105806]: DEBUG cotyledon.oslo_config_glue [-] database.synchronous_reader = True {{(pid=105806) log_opt_values /opt/stack/data/venv/lib/python3.12/site-packages/oslo_config/cfg.py:3006}}
Apr 12 17:48:57.688581 np0000165285 neutron-periodic-workers[105806]: DEBUG cotyledon.oslo_config_glue [-] database.use_db_reconnect = False {{(pid=105806) log_opt_values /opt/stack/data/venv/lib/python3.12/site-packages/oslo_config/cfg.py:3006}}
Apr 12 17:48:57.688581 np0000165285 neutron-periodic-workers[105806]: DEBUG cotyledon.oslo_config_glue [-] ovn.bfd_min_rx = 1000 {{(pid=105806) log_opt_values /opt/stack/data/venv/lib/python3.12/site-packages/oslo_config/cfg.py:3006}}
Apr 12 17:48:57.688581 np0000165285 neutron-periodic-workers[105806]: DEBUG cotyledon.oslo_config_glue [-] ovn.bfd_min_tx = 100 {{(pid=105806) log_opt_values /opt/stack/data/venv/lib/python3.12/site-packages/oslo_config/cfg.py:3006}}
Apr 12 17:48:57.688581 np0000165285 neutron-periodic-workers[105806]: DEBUG cotyledon.oslo_config_glue [-] ovn.bfd_mult = 3 {{(pid=105806) log_opt_values /opt/stack/data/venv/lib/python3.12/site-packages/oslo_config/cfg.py:3006}}
Apr 12 17:48:57.689016 np0000165285 neutron-periodic-workers[105806]: DEBUG cotyledon.oslo_config_glue [-] ovn.broadcast_arps_to_all_routers = True {{(pid=105806) log_opt_values /opt/stack/data/venv/lib/python3.12/site-packages/oslo_config/cfg.py:3006}}
Apr 12 17:48:57.689016 np0000165285 neutron-periodic-workers[105806]: DEBUG cotyledon.oslo_config_glue [-] ovn.dhcp_default_lease_time = 43200 {{(pid=105806) log_opt_values /opt/stack/data/venv/lib/python3.12/site-packages/oslo_config/cfg.py:3006}}
Apr 12 17:48:57.689016 np0000165285 neutron-periodic-workers[105806]: DEBUG cotyledon.oslo_config_glue [-] ovn.disable_ovn_dhcp_for_baremetal_ports = False {{(pid=105806) log_opt_values /opt/stack/data/venv/lib/python3.12/site-packages/oslo_config/cfg.py:3006}}
Apr 12 17:48:57.689016 np0000165285 neutron-periodic-workers[105806]: DEBUG cotyledon.oslo_config_glue [-] ovn.dns_records_ovn_owned = False {{(pid=105806) log_opt_values /opt/stack/data/venv/lib/python3.12/site-packages/oslo_config/cfg.py:3006}}
Apr 12 17:48:57.689016 np0000165285 neutron-periodic-workers[105806]: DEBUG cotyledon.oslo_config_glue [-] ovn.dns_servers = [] {{(pid=105806) log_opt_values /opt/stack/data/venv/lib/python3.12/site-packages/oslo_config/cfg.py:3006}}
Apr 12 17:48:57.689016 np0000165285 neutron-periodic-workers[105806]: DEBUG cotyledon.oslo_config_glue [-] ovn.enable_distributed_floating_ip = False {{(pid=105806) log_opt_values /opt/stack/data/venv/lib/python3.12/site-packages/oslo_config/cfg.py:3006}}
Apr 12 17:48:57.689016 np0000165285 neutron-periodic-workers[105806]: DEBUG cotyledon.oslo_config_glue [-] ovn.fdb_age_threshold = 300 {{(pid=105806) log_opt_values /opt/stack/data/venv/lib/python3.12/site-packages/oslo_config/cfg.py:3006}}
Apr 12 17:48:57.689016 np0000165285 neutron-periodic-workers[105806]: DEBUG cotyledon.oslo_config_glue [-] ovn.ha_failover_strategy = normal {{(pid=105806) log_opt_values /opt/stack/data/venv/lib/python3.12/site-packages/oslo_config/cfg.py:3006}}
Apr 12 17:48:57.689016 np0000165285 neutron-periodic-workers[105806]: DEBUG cotyledon.oslo_config_glue [-] ovn.live_migration_activation_strategy = rarp {{(pid=105806) log_opt_values /opt/stack/data/venv/lib/python3.12/site-packages/oslo_config/cfg.py:3006}}
Apr 12 17:48:57.689379 np0000165285 neutron-periodic-workers[105806]: DEBUG cotyledon.oslo_config_glue [-] ovn.localnet_learn_fdb = False {{(pid=105806) log_opt_values /opt/stack/data/venv/lib/python3.12/site-packages/oslo_config/cfg.py:3006}}
Apr 12 17:48:57.689379 np0000165285 neutron-periodic-workers[105806]: DEBUG cotyledon.oslo_config_glue [-] ovn.mac_binding_age_threshold = 300 {{(pid=105806) log_opt_values /opt/stack/data/venv/lib/python3.12/site-packages/oslo_config/cfg.py:3006}}
Apr 12 17:48:57.689379 np0000165285 neutron-periodic-workers[105806]: DEBUG cotyledon.oslo_config_glue [-] ovn.neutron_sync_mode = log {{(pid=105806) log_opt_values /opt/stack/data/venv/lib/python3.12/site-packages/oslo_config/cfg.py:3006}}
Apr 12 17:48:57.689379 np0000165285 neutron-periodic-workers[105806]: DEBUG cotyledon.oslo_config_glue [-] ovn.ovn_dhcp4_global_options = {} {{(pid=105806) log_opt_values /opt/stack/data/venv/lib/python3.12/site-packages/oslo_config/cfg.py:3006}}
Apr 12 17:48:57.689379 np0000165285 neutron-periodic-workers[105806]: DEBUG cotyledon.oslo_config_glue [-] ovn.ovn_dhcp6_global_options = {} {{(pid=105806) log_opt_values /opt/stack/data/venv/lib/python3.12/site-packages/oslo_config/cfg.py:3006}}
Apr 12 17:48:57.689379 np0000165285 neutron-periodic-workers[105806]: DEBUG cotyledon.oslo_config_glue [-] ovn.ovn_l3_scheduler = leastloaded {{(pid=105806) log_opt_values /opt/stack/data/venv/lib/python3.12/site-packages/oslo_config/cfg.py:3006}}
Apr 12 17:48:57.689379 np0000165285 neutron-periodic-workers[105806]: DEBUG cotyledon.oslo_config_glue [-] ovn.ovn_metadata_enabled = True {{(pid=105806) log_opt_values /opt/stack/data/venv/lib/python3.12/site-packages/oslo_config/cfg.py:3006}}
Apr 12 17:48:57.689379 np0000165285 neutron-periodic-workers[105806]: DEBUG cotyledon.oslo_config_glue [-] ovn.ovn_nb_ca_cert = /opt/stack/data/CA/int-ca/ca-chain.pem {{(pid=105806) log_opt_values /opt/stack/data/venv/lib/python3.12/site-packages/oslo_config/cfg.py:3006}}
Apr 12 17:48:57.689379 np0000165285 neutron-periodic-workers[105806]: DEBUG cotyledon.oslo_config_glue [-] ovn.ovn_nb_certificate = /opt/stack/data/CA/int-ca/devstack-cert.crt {{(pid=105806) log_opt_values /opt/stack/data/venv/lib/python3.12/site-packages/oslo_config/cfg.py:3006}}
Apr 12 17:48:57.689757 np0000165285 neutron-periodic-workers[105806]: DEBUG cotyledon.oslo_config_glue [-] ovn.ovn_nb_connection = ['ssl:199.19.213.229:6641'] {{(pid=105806) log_opt_values /opt/stack/data/venv/lib/python3.12/site-packages/oslo_config/cfg.py:3006}}
Apr 12 17:48:57.689757 np0000165285 neutron-periodic-workers[105806]: DEBUG cotyledon.oslo_config_glue [-] ovn.ovn_nb_private_key = /opt/stack/data/CA/int-ca/private/devstack-cert.key {{(pid=105806) log_opt_values /opt/stack/data/venv/lib/python3.12/site-packages/oslo_config/cfg.py:3006}}
Apr 12 17:48:57.689757 np0000165285 neutron-periodic-workers[105806]: DEBUG cotyledon.oslo_config_glue [-] ovn.ovn_router_indirect_snat = False {{(pid=105806) log_opt_values /opt/stack/data/venv/lib/python3.12/site-packages/oslo_config/cfg.py:3006}}
Apr 12 17:48:57.689757 np0000165285 neutron-periodic-workers[105806]: DEBUG cotyledon.oslo_config_glue [-] ovn.ovn_sb_ca_cert = /opt/stack/data/CA/int-ca/ca-chain.pem {{(pid=105806) log_opt_values /opt/stack/data/venv/lib/python3.12/site-packages/oslo_config/cfg.py:3006}}
Apr 12 17:48:57.689757 np0000165285 neutron-periodic-workers[105806]: DEBUG cotyledon.oslo_config_glue [-] ovn.ovn_sb_certificate = /opt/stack/data/CA/int-ca/devstack-cert.crt {{(pid=105806) log_opt_values /opt/stack/data/venv/lib/python3.12/site-packages/oslo_config/cfg.py:3006}}
Apr 12 17:48:57.689757 np0000165285 neutron-periodic-workers[105806]: DEBUG cotyledon.oslo_config_glue [-] ovn.ovn_sb_connection = ['ssl:199.19.213.229:6642'] {{(pid=105806) log_opt_values /opt/stack/data/venv/lib/python3.12/site-packages/oslo_config/cfg.py:3006}}
Apr 12 17:48:57.689757 np0000165285 neutron-periodic-workers[105806]: DEBUG cotyledon.oslo_config_glue [-] ovn.ovn_sb_private_key = /opt/stack/data/CA/int-ca/private/devstack-cert.key {{(pid=105806) log_opt_values /opt/stack/data/venv/lib/python3.12/site-packages/oslo_config/cfg.py:3006}}
Apr 12 17:48:57.689757 np0000165285 neutron-periodic-workers[105806]: DEBUG cotyledon.oslo_config_glue [-] ovn.ovs_create_tap = False {{(pid=105806) log_opt_values /opt/stack/data/venv/lib/python3.12/site-packages/oslo_config/cfg.py:3006}}
Apr 12 17:48:57.690429 np0000165285 neutron-periodic-workers[105806]: DEBUG cotyledon.oslo_config_glue [-] ovn.ovsdb_connection_timeout = 180 {{(pid=105806) log_opt_values /opt/stack/data/venv/lib/python3.12/site-packages/oslo_config/cfg.py:3006}}
Apr 12 17:48:57.690429 np0000165285 neutron-periodic-workers[105806]: DEBUG cotyledon.oslo_config_glue [-] ovn.ovsdb_log_level = INFO {{(pid=105806) log_opt_values /opt/stack/data/venv/lib/python3.12/site-packages/oslo_config/cfg.py:3006}}
Apr 12 17:48:57.690429 np0000165285 neutron-periodic-workers[105806]: DEBUG cotyledon.oslo_config_glue [-] ovn.ovsdb_probe_interval = 60000 {{(pid=105806) log_opt_values /opt/stack/data/venv/lib/python3.12/site-packages/oslo_config/cfg.py:3006}}
Apr 12 17:48:57.690429 np0000165285 neutron-periodic-workers[105806]: DEBUG cotyledon.oslo_config_glue [-] ovn.ovsdb_retry_max_interval = 180 {{(pid=105806) log_opt_values /opt/stack/data/venv/lib/python3.12/site-packages/oslo_config/cfg.py:3006}}
Apr 12 17:48:57.690429 np0000165285 neutron-periodic-workers[105806]: DEBUG cotyledon.oslo_config_glue [-] ovn.stateless_nat_enabled = False {{(pid=105806) log_opt_values /opt/stack/data/venv/lib/python3.12/site-packages/oslo_config/cfg.py:3006}}
Apr 12 17:48:57.690429 np0000165285 neutron-periodic-workers[105806]: DEBUG cotyledon.oslo_config_glue [-] ovn.vhost_sock_dir = /var/run/openvswitch {{(pid=105806) log_opt_values /opt/stack/data/venv/lib/python3.12/site-packages/oslo_config/cfg.py:3006}}
Apr 12 17:48:57.690429 np0000165285 neutron-periodic-workers[105806]: DEBUG cotyledon.oslo_config_glue [-] OVS.bridge_mac_table_size = 50000 {{(pid=105806) log_opt_values /opt/stack/data/venv/lib/python3.12/site-packages/oslo_config/cfg.py:3006}}
Apr 12 17:48:57.690429 np0000165285 neutron-periodic-workers[105806]: DEBUG cotyledon.oslo_config_glue [-] OVS.igmp_flood = False {{(pid=105806) log_opt_values /opt/stack/data/venv/lib/python3.12/site-packages/oslo_config/cfg.py:3006}}
Apr 12 17:48:57.690429 np0000165285 neutron-periodic-workers[105806]: DEBUG cotyledon.oslo_config_glue [-] OVS.igmp_flood_reports = True {{(pid=105806) log_opt_values /opt/stack/data/venv/lib/python3.12/site-packages/oslo_config/cfg.py:3006}}
Apr 12 17:48:57.690843 np0000165285 neutron-periodic-workers[105806]: DEBUG cotyledon.oslo_config_glue [-] OVS.igmp_flood_unregistered = False {{(pid=105806) log_opt_values /opt/stack/data/venv/lib/python3.12/site-packages/oslo_config/cfg.py:3006}}
Apr 12 17:48:57.690843 np0000165285 neutron-periodic-workers[105806]: DEBUG cotyledon.oslo_config_glue [-] OVS.igmp_snooping_enable = False {{(pid=105806) log_opt_values /opt/stack/data/venv/lib/python3.12/site-packages/oslo_config/cfg.py:3006}}
Apr 12 17:48:57.690843 np0000165285 neutron-periodic-workers[105806]: DEBUG cotyledon.oslo_config_glue [-] OVS.ovsdb_timeout = 10 {{(pid=105806) log_opt_values /opt/stack/data/venv/lib/python3.12/site-packages/oslo_config/cfg.py:3006}}
Apr 12 17:48:57.690843 np0000165285 neutron-periodic-workers[105806]: DEBUG cotyledon.oslo_config_glue [-] ovn_nb_global.fdb_removal_limit = 0 {{(pid=105806) log_opt_values /opt/stack/data/venv/lib/python3.12/site-packages/oslo_config/cfg.py:3006}}
Apr 12 17:48:57.690843 np0000165285 neutron-periodic-workers[105806]: DEBUG cotyledon.oslo_config_glue [-] ovn_nb_global.ignore_lsp_down = False {{(pid=105806) log_opt_values /opt/stack/data/venv/lib/python3.12/site-packages/oslo_config/cfg.py:3006}}
Apr 12 17:48:57.690843 np0000165285 neutron-periodic-workers[105806]: DEBUG cotyledon.oslo_config_glue [-] ovn_nb_global.mac_binding_removal_limit = 0 {{(pid=105806) log_opt_values /opt/stack/data/venv/lib/python3.12/site-packages/oslo_config/cfg.py:3006}}
Apr 12 17:48:57.690843 np0000165285 neutron-periodic-workers[105806]: DEBUG cotyledon.oslo_config_glue [-] ******************************************************************************** {{(pid=105806) log_opt_values /opt/stack/data/venv/lib/python3.12/site-packages/oslo_config/cfg.py:3013}}
Apr 12 17:48:57.690843 np0000165285 neutron-periodic-workers[105806]: DEBUG cotyledon._service_worker [-] Run service ServiceWrapper(0) [105806] {{(pid=105806) wait_forever /opt/stack/data/venv/lib/python3.12/site-packages/cotyledon/_service_worker.py:218}}
Apr 12 17:49:07.362272 np0000165285 neutron-periodic-workers[105045]: DEBUG dbcounter [-] [105045] Writing DB stats neutron:SELECT=4 {{(pid=105045) stat_writer /opt/stack/data/venv/lib/python3.12/site-packages/dbcounter.py:115}}
Apr 12 17:49:38.644289 np0000165285 neutron-periodic-workers[105784]: DEBUG oslo_db.sqlalchemy.engines [None req-7ecfcb11-89f8-4001-979f-ef766b452eec None None] Parent process 105045 forked (105784) with an open database connection, which is being discarded and recreated. {{(pid=105784) checkout /opt/stack/data/venv/lib/python3.12/site-packages/oslo_db/sqlalchemy/engines.py:402}}
Apr 12 17:49:38.653406 np0000165285 neutron-periodic-workers[105784]: DEBUG dbcounter [-] [105784] Writer thread running {{(pid=105784) stat_writer /opt/stack/data/venv/lib/python3.12/site-packages/dbcounter.py:102}}
Apr 12 17:49:38.656218 np0000165285 neutron-periodic-workers[105784]: DEBUG neutron.db.agents_db [None req-7ecfcb11-89f8-4001-979f-ef766b452eec None None] Agent healthcheck: found 0 active agents {{(pid=105784) agent_health_check /opt/stack/neutron/neutron/db/agents_db.py:317}}
Apr 12 17:49:38.656379 np0000165285 neutron-periodic-workers[105784]: DEBUG oslo.service.backend._threading.loopingcall [None req-7ecfcb11-89f8-4001-979f-ef766b452eec None None] Fixed interval looping call 'neutron.plugins.ml2.plugin.AgentDbMixin.agent_health_check' sleeping for 36.98 seconds {{(pid=105784) _run_loop /opt/stack/data/venv/lib/python3.12/site-packages/oslo_service/backend/_threading/loopingcall.py:125}}
Apr 12 17:49:48.654095 np0000165285 neutron-periodic-workers[105784]: DEBUG dbcounter [-] [105784] Writing DB stats neutron:SELECT=1 {{(pid=105784) stat_writer /opt/stack/data/venv/lib/python3.12/site-packages/dbcounter.py:115}}
Apr 12 17:50:08.638207 np0000165285 neutron-periodic-workers[105777]: DEBUG dbcounter [-] [105777] Writer thread running {{(pid=105777) stat_writer /opt/stack/data/venv/lib/python3.12/site-packages/dbcounter.py:102}}
Apr 12 17:50:08.645894 np0000165285 neutron-periodic-workers[105777]: DEBUG oslo.service.backend._threading.loopingcall [None req-81cd43c0-aec3-47d9-8921-0e4cb02673a0 None None] Fixed interval looping call 'neutron.plugins.ml2.plugin.DhcpAgentSchedulerDbMixin.remove_networks_from_down_agents' sleeping for 36.98 seconds {{(pid=105777) _run_loop /opt/stack/data/venv/lib/python3.12/site-packages/oslo_service/backend/_threading/loopingcall.py:125}}
Apr 12 17:50:15.642698 np0000165285 neutron-periodic-workers[105784]: DEBUG neutron.db.agents_db [None req-7ecfcb11-89f8-4001-979f-ef766b452eec None None] Agent healthcheck: found 0 active agents {{(pid=105784) agent_health_check /opt/stack/neutron/neutron/db/agents_db.py:317}}
Apr 12 17:50:15.643256 np0000165285 neutron-periodic-workers[105784]: DEBUG oslo.service.backend._threading.loopingcall [None req-7ecfcb11-89f8-4001-979f-ef766b452eec None None] Fixed interval looping call 'neutron.plugins.ml2.plugin.AgentDbMixin.agent_health_check' sleeping for 36.99 seconds {{(pid=105784) _run_loop /opt/stack/data/venv/lib/python3.12/site-packages/oslo_service/backend/_threading/loopingcall.py:125}}
Apr 12 17:50:18.645429 np0000165285 neutron-periodic-workers[105777]: DEBUG dbcounter [-] [105777] Writing DB stats neutron:SELECT=3 {{(pid=105777) stat_writer /opt/stack/data/venv/lib/python3.12/site-packages/dbcounter.py:115}}
Apr 12 17:50:25.640918 np0000165285 neutron-periodic-workers[105784]: DEBUG dbcounter [-] [105784] Writing DB stats neutron:SELECT=1 {{(pid=105784) stat_writer /opt/stack/data/venv/lib/python3.12/site-packages/dbcounter.py:115}}
Apr 12 17:50:45.634677 np0000165285 neutron-periodic-workers[105777]: DEBUG oslo.service.backend._threading.loopingcall [None req-81cd43c0-aec3-47d9-8921-0e4cb02673a0 None None] Fixed interval looping call 'neutron.plugins.ml2.plugin.DhcpAgentSchedulerDbMixin.remove_networks_from_down_agents' sleeping for 36.99 seconds {{(pid=105777) _run_loop /opt/stack/data/venv/lib/python3.12/site-packages/oslo_service/backend/_threading/loopingcall.py:125}}
Apr 12 17:50:52.638643 np0000165285 neutron-periodic-workers[105784]: DEBUG neutron.db.agents_db [None req-7ecfcb11-89f8-4001-979f-ef766b452eec None None] Agent healthcheck: found 0 active agents {{(pid=105784) agent_health_check /opt/stack/neutron/neutron/db/agents_db.py:317}}
Apr 12 17:50:52.639449 np0000165285 neutron-periodic-workers[105784]: DEBUG oslo.service.backend._threading.loopingcall [None req-7ecfcb11-89f8-4001-979f-ef766b452eec None None] Fixed interval looping call 'neutron.plugins.ml2.plugin.AgentDbMixin.agent_health_check' sleeping for 36.99 seconds {{(pid=105784) _run_loop /opt/stack/data/venv/lib/python3.12/site-packages/oslo_service/backend/_threading/loopingcall.py:125}}
Apr 12 17:50:55.633479 np0000165285 neutron-periodic-workers[105777]: DEBUG dbcounter [-] [105777] Writing DB stats neutron:SELECT=3 {{(pid=105777) stat_writer /opt/stack/data/venv/lib/python3.12/site-packages/dbcounter.py:115}}
Apr 12 17:50:57.681300 np0000165285 neutron-periodic-workers[105794]: DEBUG dbcounter [-] [105794] Writer thread running {{(pid=105794) stat_writer /opt/stack/data/venv/lib/python3.12/site-packages/dbcounter.py:102}}
Apr 12 17:50:57.683044 np0000165285 neutron-periodic-workers[105794]: DEBUG oslo.service.backend._threading.loopingcall [None req-a33c6a9a-c466-4423-a014-76a1e1516908 None None] Fixed interval looping call 'neutron.db.quota.driver_nolock.DbQuotaNoLockDriver._remove_expired_reservations' sleeping for 119.98 seconds {{(pid=105794) _run_loop /opt/stack/data/venv/lib/python3.12/site-packages/oslo_service/backend/_threading/loopingcall.py:125}}
Apr 12 17:51:02.637088 np0000165285 neutron-periodic-workers[105784]: DEBUG dbcounter [-] [105784] Writing DB stats neutron:SELECT=1 {{(pid=105784) stat_writer /opt/stack/data/venv/lib/python3.12/site-packages/dbcounter.py:115}}
Apr 12 17:51:07.682056 np0000165285 neutron-periodic-workers[105794]: DEBUG dbcounter [-] [105794] Writing DB stats neutron:DELETE=1 {{(pid=105794) stat_writer /opt/stack/data/venv/lib/python3.12/site-packages/dbcounter.py:115}}
Apr 12 17:51:08.712847 np0000165285 neutron-periodic-workers[105806]: DEBUG dbcounter [-] [105806] Writer thread running {{(pid=105806) stat_writer /opt/stack/data/venv/lib/python3.12/site-packages/dbcounter.py:102}}
Apr 12 17:51:08.721749 np0000165285 neutron-periodic-workers[105806]: DEBUG oslo.service.backend._threading.loopingcall [None req-f06959cf-1a85-41d8-8b7f-307e7ee54d6c None None] Fixed interval looping call 'neutron.services.ovn_l3.plugin.L3_NAT_dbonly_mixin._clean_garbage' sleeping for 299.96 seconds {{(pid=105806) _run_loop /opt/stack/data/venv/lib/python3.12/site-packages/oslo_service/backend/_threading/loopingcall.py:125}}
Apr 12 17:51:18.713385 np0000165285 neutron-periodic-workers[105806]: DEBUG dbcounter [-] [105806] Writing DB stats neutron:SELECT=1 {{(pid=105806) stat_writer /opt/stack/data/venv/lib/python3.12/site-packages/dbcounter.py:115}}
Apr 12 17:51:22.635614 np0000165285 neutron-periodic-workers[105777]: DEBUG oslo.service.backend._threading.loopingcall [None req-81cd43c0-aec3-47d9-8921-0e4cb02673a0 None None] Fixed interval looping call 'neutron.plugins.ml2.plugin.DhcpAgentSchedulerDbMixin.remove_networks_from_down_agents' sleeping for 36.99 seconds {{(pid=105777) _run_loop /opt/stack/data/venv/lib/python3.12/site-packages/oslo_service/backend/_threading/loopingcall.py:125}}
Apr 12 17:51:29.635709 np0000165285 neutron-periodic-workers[105784]: DEBUG neutron.db.agents_db [None req-7ecfcb11-89f8-4001-979f-ef766b452eec None None] Agent healthcheck: found 0 active agents {{(pid=105784) agent_health_check /opt/stack/neutron/neutron/db/agents_db.py:317}}
Apr 12 17:51:29.636399 np0000165285 neutron-periodic-workers[105784]: DEBUG oslo.service.backend._threading.loopingcall [None req-7ecfcb11-89f8-4001-979f-ef766b452eec None None] Fixed interval looping call 'neutron.plugins.ml2.plugin.AgentDbMixin.agent_health_check' sleeping for 36.99 seconds {{(pid=105784) _run_loop /opt/stack/data/venv/lib/python3.12/site-packages/oslo_service/backend/_threading/loopingcall.py:125}}
Apr 12 17:51:32.633277 np0000165285 neutron-periodic-workers[105777]: DEBUG dbcounter [-] [105777] Writing DB stats neutron:SELECT=3 {{(pid=105777) stat_writer /opt/stack/data/venv/lib/python3.12/site-packages/dbcounter.py:115}}
Apr 12 17:51:39.638451 np0000165285 neutron-periodic-workers[105784]: DEBUG dbcounter [-] [105784] Writing DB stats neutron:SELECT=1 {{(pid=105784) stat_writer /opt/stack/data/venv/lib/python3.12/site-packages/dbcounter.py:115}}
Apr 12 17:51:59.658678 np0000165285 neutron-periodic-workers[105777]: DEBUG oslo.service.backend._threading.loopingcall [None req-81cd43c0-aec3-47d9-8921-0e4cb02673a0 None None] Fixed interval looping call 'neutron.plugins.ml2.plugin.DhcpAgentSchedulerDbMixin.remove_networks_from_down_agents' sleeping for 36.97 seconds {{(pid=105777) _run_loop /opt/stack/data/venv/lib/python3.12/site-packages/oslo_service/backend/_threading/loopingcall.py:125}}
Apr 12 17:52:06.631548 np0000165285 neutron-periodic-workers[105784]: DEBUG neutron.db.agents_db [None req-7ecfcb11-89f8-4001-979f-ef766b452eec None None] Agent healthcheck: found 0 active agents {{(pid=105784) agent_health_check /opt/stack/neutron/neutron/db/agents_db.py:317}}
Apr 12 17:52:06.632046 np0000165285 neutron-periodic-workers[105784]: DEBUG oslo.service.backend._threading.loopingcall [None req-7ecfcb11-89f8-4001-979f-ef766b452eec None None] Fixed interval looping call 'neutron.plugins.ml2.plugin.AgentDbMixin.agent_health_check' sleeping for 36.99 seconds {{(pid=105784) _run_loop /opt/stack/data/venv/lib/python3.12/site-packages/oslo_service/backend/_threading/loopingcall.py:125}}
Apr 12 17:52:09.657986 np0000165285 neutron-periodic-workers[105777]: DEBUG dbcounter [-] [105777] Writing DB stats neutron:SELECT=3 {{(pid=105777) stat_writer /opt/stack/data/venv/lib/python3.12/site-packages/dbcounter.py:115}}
Apr 12 17:52:16.630440 np0000165285 neutron-periodic-workers[105784]: DEBUG dbcounter [-] [105784] Writing DB stats neutron:SELECT=1 {{(pid=105784) stat_writer /opt/stack/data/venv/lib/python3.12/site-packages/dbcounter.py:115}}
Apr 12 17:52:36.638671 np0000165285 neutron-periodic-workers[105777]: DEBUG oslo.service.backend._threading.loopingcall [None req-81cd43c0-aec3-47d9-8921-0e4cb02673a0 None None] Fixed interval looping call 'neutron.plugins.ml2.plugin.DhcpAgentSchedulerDbMixin.remove_networks_from_down_agents' sleeping for 36.99 seconds {{(pid=105777) _run_loop /opt/stack/data/venv/lib/python3.12/site-packages/oslo_service/backend/_threading/loopingcall.py:125}}
Apr 12 17:52:43.627570 np0000165285 neutron-periodic-workers[105784]: DEBUG neutron.db.agents_db [None req-7ecfcb11-89f8-4001-979f-ef766b452eec None None] Agent healthcheck: found 0 active agents {{(pid=105784) agent_health_check /opt/stack/neutron/neutron/db/agents_db.py:317}}
Apr 12 17:52:43.628234 np0000165285 neutron-periodic-workers[105784]: DEBUG oslo.service.backend._threading.loopingcall [None req-7ecfcb11-89f8-4001-979f-ef766b452eec None None] Fixed interval looping call 'neutron.plugins.ml2.plugin.AgentDbMixin.agent_health_check' sleeping for 36.99 seconds {{(pid=105784) _run_loop /opt/stack/data/venv/lib/python3.12/site-packages/oslo_service/backend/_threading/loopingcall.py:125}}
Apr 12 17:52:46.638300 np0000165285 neutron-periodic-workers[105777]: DEBUG dbcounter [-] [105777] Writing DB stats neutron:SELECT=3 {{(pid=105777) stat_writer /opt/stack/data/venv/lib/python3.12/site-packages/dbcounter.py:115}}
Apr 12 17:52:53.625763 np0000165285 neutron-periodic-workers[105784]: DEBUG dbcounter [-] [105784] Writing DB stats neutron:SELECT=1 {{(pid=105784) stat_writer /opt/stack/data/venv/lib/python3.12/site-packages/dbcounter.py:115}}
Apr 12 17:52:57.670609 np0000165285 neutron-periodic-workers[105794]: DEBUG oslo.service.backend._threading.loopingcall [None req-a33c6a9a-c466-4423-a014-76a1e1516908 None None] Fixed interval looping call 'neutron.db.quota.driver_nolock.DbQuotaNoLockDriver._remove_expired_reservations' sleeping for 119.99 seconds {{(pid=105794) _run_loop /opt/stack/data/venv/lib/python3.12/site-packages/oslo_service/backend/_threading/loopingcall.py:125}}
Apr 12 17:53:07.669510 np0000165285 neutron-periodic-workers[105794]: DEBUG dbcounter [-] [105794] Writing DB stats neutron:DELETE=1 {{(pid=105794) stat_writer /opt/stack/data/venv/lib/python3.12/site-packages/dbcounter.py:115}}
Apr 12 17:53:13.637648 np0000165285 neutron-periodic-workers[105777]: DEBUG oslo.service.backend._threading.loopingcall [None req-81cd43c0-aec3-47d9-8921-0e4cb02673a0 None None] Fixed interval looping call 'neutron.plugins.ml2.plugin.DhcpAgentSchedulerDbMixin.remove_networks_from_down_agents' sleeping for 36.99 seconds {{(pid=105777) _run_loop /opt/stack/data/venv/lib/python3.12/site-packages/oslo_service/backend/_threading/loopingcall.py:125}}
Apr 12 17:53:20.623805 np0000165285 neutron-periodic-workers[105784]: DEBUG neutron.db.agents_db [None req-7ecfcb11-89f8-4001-979f-ef766b452eec None None] Agent healthcheck: found 0 active agents {{(pid=105784) agent_health_check /opt/stack/neutron/neutron/db/agents_db.py:317}}
Apr 12 17:53:20.624613 np0000165285 neutron-periodic-workers[105784]: DEBUG oslo.service.backend._threading.loopingcall [None req-7ecfcb11-89f8-4001-979f-ef766b452eec None None] Fixed interval looping call 'neutron.plugins.ml2.plugin.AgentDbMixin.agent_health_check' sleeping for 36.99 seconds {{(pid=105784) _run_loop /opt/stack/data/venv/lib/python3.12/site-packages/oslo_service/backend/_threading/loopingcall.py:125}}
Apr 12 17:53:23.636591 np0000165285 neutron-periodic-workers[105777]: DEBUG dbcounter [-] [105777] Writing DB stats neutron:SELECT=3 {{(pid=105777) stat_writer /opt/stack/data/venv/lib/python3.12/site-packages/dbcounter.py:115}}
Apr 12 17:53:30.622102 np0000165285 neutron-periodic-workers[105784]: DEBUG dbcounter [-] [105784] Writing DB stats neutron:SELECT=1 {{(pid=105784) stat_writer /opt/stack/data/venv/lib/python3.12/site-packages/dbcounter.py:115}}
Apr 12 17:53:50.637537 np0000165285 neutron-periodic-workers[105777]: DEBUG oslo.service.backend._threading.loopingcall [None req-81cd43c0-aec3-47d9-8921-0e4cb02673a0 None None] Fixed interval looping call 'neutron.plugins.ml2.plugin.DhcpAgentSchedulerDbMixin.remove_networks_from_down_agents' sleeping for 36.99 seconds {{(pid=105777) _run_loop /opt/stack/data/venv/lib/python3.12/site-packages/oslo_service/backend/_threading/loopingcall.py:125}}
Apr 12 17:53:57.619966 np0000165285 neutron-periodic-workers[105784]: DEBUG neutron.db.agents_db [None req-7ecfcb11-89f8-4001-979f-ef766b452eec None None] Agent healthcheck: found 0 active agents {{(pid=105784) agent_health_check /opt/stack/neutron/neutron/db/agents_db.py:317}}
Apr 12 17:53:57.619966 np0000165285 neutron-periodic-workers[105784]: DEBUG oslo.service.backend._threading.loopingcall [None req-7ecfcb11-89f8-4001-979f-ef766b452eec None None] Fixed interval looping call 'neutron.plugins.ml2.plugin.AgentDbMixin.agent_health_check' sleeping for 36.99 seconds {{(pid=105784) _run_loop /opt/stack/data/venv/lib/python3.12/site-packages/oslo_service/backend/_threading/loopingcall.py:125}}
Apr 12 17:54:00.636666 np0000165285 neutron-periodic-workers[105777]: DEBUG dbcounter [-] [105777] Writing DB stats neutron:SELECT=3 {{(pid=105777) stat_writer /opt/stack/data/venv/lib/python3.12/site-packages/dbcounter.py:115}}
Apr 12 17:54:07.618004 np0000165285 neutron-periodic-workers[105784]: DEBUG dbcounter [-] [105784] Writing DB stats neutron:SELECT=1 {{(pid=105784) stat_writer /opt/stack/data/venv/lib/python3.12/site-packages/dbcounter.py:115}}
Apr 12 17:54:27.637383 np0000165285 neutron-periodic-workers[105777]: DEBUG oslo.service.backend._threading.loopingcall [None req-81cd43c0-aec3-47d9-8921-0e4cb02673a0 None None] Fixed interval looping call 'neutron.plugins.ml2.plugin.DhcpAgentSchedulerDbMixin.remove_networks_from_down_agents' sleeping for 36.99 seconds {{(pid=105777) _run_loop /opt/stack/data/venv/lib/python3.12/site-packages/oslo_service/backend/_threading/loopingcall.py:125}}
Apr 12 17:54:34.616124 np0000165285 neutron-periodic-workers[105784]: DEBUG neutron.db.agents_db [None req-7ecfcb11-89f8-4001-979f-ef766b452eec None None] Agent healthcheck: found 0 active agents {{(pid=105784) agent_health_check /opt/stack/neutron/neutron/db/agents_db.py:317}}
Apr 12 17:54:34.617559 np0000165285 neutron-periodic-workers[105784]: DEBUG oslo.service.backend._threading.loopingcall [None req-7ecfcb11-89f8-4001-979f-ef766b452eec None None] Fixed interval looping call 'neutron.plugins.ml2.plugin.AgentDbMixin.agent_health_check' sleeping for 36.99 seconds {{(pid=105784) _run_loop /opt/stack/data/venv/lib/python3.12/site-packages/oslo_service/backend/_threading/loopingcall.py:125}}
Apr 12 17:54:37.636339 np0000165285 neutron-periodic-workers[105777]: DEBUG dbcounter [-] [105777] Writing DB stats neutron:SELECT=3 {{(pid=105777) stat_writer /opt/stack/data/venv/lib/python3.12/site-packages/dbcounter.py:115}}