2026-05-16 02:36:04.891 8 WARNING tagging [None req-53dd4768-ccbf-46ff-b00e-d5304db33cbb 39e98ab14d7b4caaa81817876da46f3b 99c801bdba7c42e895dac1a45c9e6ac5 - - default default] project_id key not found in request, using tenant_id instead. This support has been deprecated and will be removed in a future release.
2026-05-16 02:36:04.898 7 WARNING neutron.scheduler.dhcp_agent_scheduler [None req-43020b1c-5e25-4521-874e-772421782ccf 853a8f78c2a44664bba93e9f20981ff7 aa43cb7cb44a4c238b6d9ffefb78f95d - - default default] No more DHCP agents
2026-05-16 02:36:04.899 7 WARNING neutron.api.rpc.agentnotifiers.dhcp_rpc_agent_api [None req-43020b1c-5e25-4521-874e-772421782ccf 853a8f78c2a44664bba93e9f20981ff7 aa43cb7cb44a4c238b6d9ffefb78f95d - - default default] Unable to schedule network 9ab6e736-6c94-4419-89e4-5d4b481bdf2c: no agents available; will retry on subsequent port and subnet creation events. [pid: 8|app: 0|req: 1030/2055] 10.0.0.162 () {32 vars in 735 bytes} [Sat May 16 02:36:04 2026] DELETE /v2.0/policies/408f0d8b-cccb-48f1-aae5-d1a75be78c00/tags => generated 0 bytes in 43 msecs (HTTP/1.1 204) 2 headers in 112 bytes (1 switches on core 0)
2026-05-16 02:36:04.939 8 WARNING tagging [None req-54998c61-980e-4e58-aff8-8272ec651c60 39e98ab14d7b4caaa81817876da46f3b 99c801bdba7c42e895dac1a45c9e6ac5 - - default default] project_id key not found in request, using tenant_id instead. This support has been deprecated and will be removed in a future release. [pid: 8|app: 0|req: 1031/2056] 10.0.0.162 () {32 vars in 732 bytes} [Sat May 16 02:36:04 2026] GET /v2.0/policies/408f0d8b-cccb-48f1-aae5-d1a75be78c00/tags => generated 12 bytes in 27 msecs (HTTP/1.1 200) 4 headers in 156 bytes (1 switches on core 0) [pid: 8|app: 0|req: 1032/2057] 10.0.0.162 () {32 vars in 733 bytes} [Sat May 16 02:36:04 2026] DELETE /v2.0/qos/policies/408f0d8b-cccb-48f1-aae5-d1a75be78c00 => generated 0 bytes in 60 msecs (HTTP/1.1 204) 2 headers in 112 bytes (1 switches on core 0) [pid: 7|app: 0|req: 1026/2058] 10.0.0.162 () {34 vars in 675 bytes} [Sat May 16 02:36:04 2026] POST /v2.0/floatingips => generated 552 bytes in 527 msecs (HTTP/1.1 201) 4 headers in 162 bytes (1 switches on core 0)
2026-05-16 02:36:05.248 8 INFO neutron.notifiers.nova [-] Nova event matching ['req-d3f71596-cc0c-4330-a382-e308489c3547'] response: {'server_uuid': '03d019a6-f952-4cbc-b2a2-7f97e951bed0', 'name': 'network-vif-unplugged', 'status': 'completed', 'tag': '7b5cd01f-96a1-411d-8323-08f1a63d1788', 'code': 200}
2026-05-16 02:36:05.249 8 INFO neutron.notifiers.nova [-] Nova event matching ['req-d3f71596-cc0c-4330-a382-e308489c3547'] response: {'server_uuid': '03d019a6-f952-4cbc-b2a2-7f97e951bed0', 'name': 'network-vif-deleted', 'tag': '7b5cd01f-96a1-411d-8323-08f1a63d1788', 'status': 'completed', 'code': 200}
2026-05-16 02:36:05.446 8 WARNING neutron.scheduler.dhcp_agent_scheduler [None req-ea3c405c-2bc4-48b3-83ea-93440e1d091b 853a8f78c2a44664bba93e9f20981ff7 aa43cb7cb44a4c238b6d9ffefb78f95d - - default default] No more DHCP agents
2026-05-16 02:36:05.447 8 WARNING neutron.api.rpc.agentnotifiers.dhcp_rpc_agent_api [None req-ea3c405c-2bc4-48b3-83ea-93440e1d091b 853a8f78c2a44664bba93e9f20981ff7 aa43cb7cb44a4c238b6d9ffefb78f95d - - default default] Unable to schedule network 9ab6e736-6c94-4419-89e4-5d4b481bdf2c: no agents available; will retry on subsequent port and subnet creation events. [pid: 8|app: 0|req: 1033/2059] 10.0.0.162 () {34 vars in 675 bytes} [Sat May 16 02:36:05 2026] POST /v2.0/floatingips => generated 552 bytes in 531 msecs (HTTP/1.1 201) 4 headers in 162 bytes (1 switches on core 0)
2026-05-16 02:36:05.763 8 WARNING neutron.db.securitygroups_db [None req-e810aa9b-5b97-4e14-9a26-7997d1ab0b3d 02d1b09f7b6a4f50bc562543c76fb991 837319e3be18474083d7e8a36dbc21c3 - - default default] project_id key not found in filters, using tenant_id instead. This support has been deprecated and will be removed in a future release.
2026-05-16 02:36:05.883 7 INFO neutron.db.ovn_revision_numbers_db [None req-cd1788ee-008f-4cbc-9cf3-276ce3a41bb1 14d0bfac5223407c85e5f36648971860 4483d30228554d9485a4a3f43ed7abbf - - default default] Successfully bumped revision number for resource f03c0e02-f835-49fc-8c5a-9732c8e9bb8f (type: security_groups) to 1
2026-05-16 02:36:05.893 8 INFO neutron.db.ovn_revision_numbers_db [None req-e810aa9b-5b97-4e14-9a26-7997d1ab0b3d 02d1b09f7b6a4f50bc562543c76fb991 837319e3be18474083d7e8a36dbc21c3 - - default default] Successfully bumped revision number for resource df59c243-6284-4533-8070-72e28c8e5251 (type: security_groups) to 1
2026-05-16 02:36:05.899 7 INFO neutron.db.ovn_revision_numbers_db [None req-cd1788ee-008f-4cbc-9cf3-276ce3a41bb1 14d0bfac5223407c85e5f36648971860 4483d30228554d9485a4a3f43ed7abbf - - default default] Successfully bumped revision number for resource 11ae4e59-8fa4-41f3-8dea-035529a7012f (type: security_group_rules) to 0
2026-05-16 02:36:05.909 8 INFO neutron.db.ovn_revision_numbers_db [None req-e810aa9b-5b97-4e14-9a26-7997d1ab0b3d 02d1b09f7b6a4f50bc562543c76fb991 837319e3be18474083d7e8a36dbc21c3 - - default default] Successfully bumped revision number for resource 155ef467-febc-46fd-8805-4ba490079ee5 (type: security_group_rules) to 0
2026-05-16 02:36:05.912 7 INFO neutron.db.ovn_revision_numbers_db [None req-cd1788ee-008f-4cbc-9cf3-276ce3a41bb1 14d0bfac5223407c85e5f36648971860 4483d30228554d9485a4a3f43ed7abbf - - default default] Successfully bumped revision number for resource 178e9077-21ac-4555-8b85-0fbdc7ed31f7 (type: security_group_rules) to 0
2026-05-16 02:36:05.923 8 INFO neutron.db.ovn_revision_numbers_db [None req-e810aa9b-5b97-4e14-9a26-7997d1ab0b3d 02d1b09f7b6a4f50bc562543c76fb991 837319e3be18474083d7e8a36dbc21c3 - - default default] Successfully bumped revision number for resource 89eab46f-0cd5-4f18-9b29-81dec8152f93 (type: security_group_rules) to 0
2026-05-16 02:36:05.924 7 INFO neutron.db.ovn_revision_numbers_db [None req-cd1788ee-008f-4cbc-9cf3-276ce3a41bb1 14d0bfac5223407c85e5f36648971860 4483d30228554d9485a4a3f43ed7abbf - - default default] Successfully bumped revision number for resource ae2e8494-9d35-4b28-940f-535eeb06e6be (type: security_group_rules) to 0
2026-05-16 02:36:05.933 8 INFO neutron.db.ovn_revision_numbers_db [None req-e810aa9b-5b97-4e14-9a26-7997d1ab0b3d 02d1b09f7b6a4f50bc562543c76fb991 837319e3be18474083d7e8a36dbc21c3 - - default default] Successfully bumped revision number for resource aab53edc-c814-47dd-9ed1-ce1668b0e447 (type: security_group_rules) to 0
2026-05-16 02:36:05.941 7 INFO neutron.db.ovn_revision_numbers_db [None req-cd1788ee-008f-4cbc-9cf3-276ce3a41bb1 14d0bfac5223407c85e5f36648971860 4483d30228554d9485a4a3f43ed7abbf - - default default] Successfully bumped revision number for resource da686e1c-d458-4ca1-9a26-1d50400734b4 (type: security_group_rules) to 0
2026-05-16 02:36:05.945 8 INFO neutron.db.ovn_revision_numbers_db [None req-e810aa9b-5b97-4e14-9a26-7997d1ab0b3d 02d1b09f7b6a4f50bc562543c76fb991 837319e3be18474083d7e8a36dbc21c3 - - default default] Successfully bumped revision number for resource e0c70572-53c0-427f-a60a-0d46799fbf7b (type: security_group_rules) to 0 [pid: 8|app: 0|req: 1034/2060] 10.0.0.162 () {32 vars in 773 bytes} [Sat May 16 02:36:05 2026] GET /v2.0/security-groups?tenant_id=433794a64e444e0c915760ad3abe7053&name=default => generated 2925 bytes in 264 msecs (HTTP/1.1 200) 4 headers in 158 bytes (1 switches on core 0)
2026-05-16 02:36:06.011 7 INFO neutron.db.segments_db [None req-cd1788ee-008f-4cbc-9cf3-276ce3a41bb1 14d0bfac5223407c85e5f36648971860 4483d30228554d9485a4a3f43ed7abbf - - default default] Added segment 5b5c8119-e8fa-4e74-8c42-54ffd7c66649 of type geneve for network 33737cd9-8ad3-4bf2-809c-75f5d20847f2
2026-05-16 02:36:06.012 8 WARNING tagging [None req-f9e6f0a0-9d6d-4871-9a0f-ba66c64ba320 853a8f78c2a44664bba93e9f20981ff7 aa43cb7cb44a4c238b6d9ffefb78f95d - - default default] project_id key not found in request, using tenant_id instead. This support has been deprecated and will be removed in a future release. [pid: 8|app: 0|req: 1035/2061] 10.0.0.162 () {34 vars in 758 bytes} [Sat May 16 02:36:05 2026] PUT /v2.0/floatingips/fd871c3b-b64e-42e6-91c3-c26e34b031b6/tags => generated 17 bytes in 52 msecs (HTTP/1.1 200) 4 headers in 156 bytes (1 switches on core 0) [pid: 8|app: 0|req: 1036/2062] 10.0.0.144 () {34 vars in 989 bytes} [Sat May 16 02:36:06 2026] GET /v2.0/ports?device_id=03d019a6-f952-4cbc-b2a2-7f97e951bed0 => generated 12 bytes in 19 msecs (HTTP/1.1 200) 4 headers in 156 bytes (1 switches on core 0)
2026-05-16 02:36:06.097 7 INFO neutron.db.ovn_revision_numbers_db [None req-cd1788ee-008f-4cbc-9cf3-276ce3a41bb1 14d0bfac5223407c85e5f36648971860 4483d30228554d9485a4a3f43ed7abbf - - default default] Successfully bumped revision number for resource 33737cd9-8ad3-4bf2-809c-75f5d20847f2 (type: networks) to 1 [pid: 8|app: 0|req: 1037/2063] 10.0.0.162 () {32 vars in 739 bytes} [Sat May 16 02:36:06 2026] DELETE /v2.0/security-groups/df59c243-6284-4533-8070-72e28c8e5251 => generated 0 bytes in 167 msecs (HTTP/1.1 204) 2 headers in 112 bytes (1 switches on core 0)
2026-05-16 02:36:06.254 8 WARNING tagging [None req-96e93210-e86a-4f2e-bab9-678c5c66794d 853a8f78c2a44664bba93e9f20981ff7 aa43cb7cb44a4c238b6d9ffefb78f95d - - default default] project_id key not found in request, using tenant_id instead. This support has been deprecated and will be removed in a future release.
2026-05-16 02:36:06.265 7 WARNING neutron.scheduler.dhcp_agent_scheduler [None req-cd1788ee-008f-4cbc-9cf3-276ce3a41bb1 14d0bfac5223407c85e5f36648971860 4483d30228554d9485a4a3f43ed7abbf - - default default] No more DHCP agents
2026-05-16 02:36:06.267 7 WARNING neutron.api.rpc.agentnotifiers.dhcp_rpc_agent_api [None req-cd1788ee-008f-4cbc-9cf3-276ce3a41bb1 14d0bfac5223407c85e5f36648971860 4483d30228554d9485a4a3f43ed7abbf - - default default] Unable to schedule network 33737cd9-8ad3-4bf2-809c-75f5d20847f2: no agents available; will retry on subsequent port and subnet creation events. [pid: 8|app: 0|req: 1038/2064] 10.0.0.162 () {34 vars in 758 bytes} [Sat May 16 02:36:06 2026] PUT /v2.0/floatingips/c77f77db-f065-499e-a5bf-23c55be926ef/tags => generated 25 bytes in 50 msecs (HTTP/1.1 200) 4 headers in 156 bytes (1 switches on core 0)
2026-05-16 02:36:06.323 8 WARNING tagging [None req-69739d48-dbf1-4957-aafb-5a67dfbf7d6d 853a8f78c2a44664bba93e9f20981ff7 aa43cb7cb44a4c238b6d9ffefb78f95d - - default default] project_id key not found in request, using tenant_id instead. This support has been deprecated and will be removed in a future release.
2026-05-16 02:36:06.336 8 INFO neutron.plugins.ml2.drivers.ovn.mech_driver.mech_driver [None req-ce946600-e144-4fc5-82b0-4203e76dbbca - - - - - -] OVN reports status down for port: a3488413-f058-4ab8-aea9-e0a9d62adcc9
2026-05-16 02:36:06.357 7 INFO neutron.db.ovn_revision_numbers_db [None req-cd1788ee-008f-4cbc-9cf3-276ce3a41bb1 14d0bfac5223407c85e5f36648971860 4483d30228554d9485a4a3f43ed7abbf - - default default] Successfully bumped revision number for resource a3488413-f058-4ab8-aea9-e0a9d62adcc9 (type: ports) to 1 [pid: 7|app: 0|req: 1027/2065] 10.0.0.162 () {34 vars in 669 bytes} [Sat May 16 02:36:05 2026] POST /v2.0/networks => generated 669 bytes in 837 msecs (HTTP/1.1 201) 4 headers in 162 bytes (1 switches on core 0)
2026-05-16 02:36:06.384 7 WARNING neutron.db.securitygroups_db [None req-0203cd43-caa2-4613-944a-a00c74f26aba 02d1b09f7b6a4f50bc562543c76fb991 837319e3be18474083d7e8a36dbc21c3 - - default default] project_id key not found in filters, using tenant_id instead. This support has been deprecated and will be removed in a future release. [pid: 8|app: 0|req: 1039/2066] 10.0.0.162 () {34 vars in 758 bytes} [Sat May 16 02:36:06 2026] PUT /v2.0/floatingips/87a662d1-c05a-44d9-8ce4-8d4772d51051/tags => generated 34 bytes in 97 msecs (HTTP/1.1 200) 4 headers in 156 bytes (1 switches on core 0)
2026-05-16 02:36:06.500 8 INFO neutron.db.segments_db [None req-fd243484-494b-41d4-805f-0bd11b1429dd 14d0bfac5223407c85e5f36648971860 4483d30228554d9485a4a3f43ed7abbf - - default default] Added segment f0684b3b-c049-4039-8eb9-569eb0890c66 of type geneve for network dea842dc-b679-432b-a396-f4650d0ab719
2026-05-16 02:36:06.508 7 INFO neutron.db.ovn_revision_numbers_db [None req-0203cd43-caa2-4613-944a-a00c74f26aba 02d1b09f7b6a4f50bc562543c76fb991 837319e3be18474083d7e8a36dbc21c3 - - default default] Successfully bumped revision number for resource a85d3e5f-575c-4513-82eb-b3198e6dba77 (type: security_groups) to 1
2026-05-16 02:36:06.521 7 INFO neutron.db.ovn_revision_numbers_db [None req-0203cd43-caa2-4613-944a-a00c74f26aba 02d1b09f7b6a4f50bc562543c76fb991 837319e3be18474083d7e8a36dbc21c3 - - default default] Successfully bumped revision number for resource 175d2bda-c1cd-414e-8f9e-ea6c54df4953 (type: security_group_rules) to 0
2026-05-16 02:36:06.533 7 INFO neutron.db.ovn_revision_numbers_db [None req-0203cd43-caa2-4613-944a-a00c74f26aba 02d1b09f7b6a4f50bc562543c76fb991 837319e3be18474083d7e8a36dbc21c3 - - default default] Successfully bumped revision number for resource 1e13756d-63e1-4735-9625-3976d80a3702 (type: security_group_rules) to 0
2026-05-16 02:36:06.545 7 INFO neutron.db.ovn_revision_numbers_db [None req-0203cd43-caa2-4613-944a-a00c74f26aba 02d1b09f7b6a4f50bc562543c76fb991 837319e3be18474083d7e8a36dbc21c3 - - default default] Successfully bumped revision number for resource 5fac3ea5-bc8e-4157-a86c-326d57edbc05 (type: security_group_rules) to 0
2026-05-16 02:36:06.554 7 INFO neutron.db.ovn_revision_numbers_db [None req-0203cd43-caa2-4613-944a-a00c74f26aba 02d1b09f7b6a4f50bc562543c76fb991 837319e3be18474083d7e8a36dbc21c3 - - default default] Successfully bumped revision number for resource d6e70797-0ffc-450e-a5c2-05e7ad972259 (type: security_group_rules) to 0 [pid: 7|app: 0|req: 1028/2067] 10.0.0.162 () {32 vars in 773 bytes} [Sat May 16 02:36:06 2026] GET /v2.0/security-groups?tenant_id=99c801bdba7c42e895dac1a45c9e6ac5&name=default => generated 2925 bytes in 217 msecs (HTTP/1.1 200) 4 headers in 158 bytes (1 switches on core 0)
2026-05-16 02:36:06.611 8 INFO neutron.db.ovn_revision_numbers_db [None req-fd243484-494b-41d4-805f-0bd11b1429dd 14d0bfac5223407c85e5f36648971860 4483d30228554d9485a4a3f43ed7abbf - - default default] Successfully bumped revision number for resource dea842dc-b679-432b-a396-f4650d0ab719 (type: networks) to 1
2026-05-16 02:36:06.618 7 WARNING tagging [None req-5738a7f1-123e-43b5-b5b4-b184d38c34c2 853a8f78c2a44664bba93e9f20981ff7 aa43cb7cb44a4c238b6d9ffefb78f95d - - default default] project_id key not found in request, using tenant_id instead. This support has been deprecated and will be removed in a future release. [pid: 7|app: 0|req: 1029/2068] 10.0.0.162 () {34 vars in 758 bytes} [Sat May 16 02:36:06 2026] PUT /v2.0/floatingips/f687e7c3-95af-46ea-9ecc-372a4a6bd672/tags => generated 19 bytes in 48 msecs (HTTP/1.1 200) 4 headers in 156 bytes (1 switches on core 0)
2026-05-16 02:36:06.774 8 WARNING neutron.scheduler.dhcp_agent_scheduler [None req-fd243484-494b-41d4-805f-0bd11b1429dd 14d0bfac5223407c85e5f36648971860 4483d30228554d9485a4a3f43ed7abbf - - default default] No more DHCP agents
2026-05-16 02:36:06.776 8 WARNING neutron.api.rpc.agentnotifiers.dhcp_rpc_agent_api [None req-fd243484-494b-41d4-805f-0bd11b1429dd 14d0bfac5223407c85e5f36648971860 4483d30228554d9485a4a3f43ed7abbf - - default default] Unable to schedule network dea842dc-b679-432b-a396-f4650d0ab719: no agents available; will retry on subsequent port and subnet creation events.
2026-05-16 02:36:06.842 8 INFO neutron.plugins.ml2.drivers.ovn.mech_driver.mech_driver [None req-ce946600-e144-4fc5-82b0-4203e76dbbca - - - - - -] OVN reports status down for port: c435a727-a559-4f4d-b47f-5602b13f9a37 [pid: 7|app: 0|req: 1030/2069] 10.0.0.162 () {32 vars in 739 bytes} [Sat May 16 02:36:06 2026] DELETE /v2.0/security-groups/a85d3e5f-575c-4513-82eb-b3198e6dba77 => generated 0 bytes in 201 msecs (HTTP/1.1 204) 2 headers in 112 bytes (1 switches on core 0) [pid: 7|app: 0|req: 1031/2070] 10.0.0.162 () {32 vars in 671 bytes} [Sat May 16 02:36:06 2026] GET /v2.0/floatingips?tags=red => generated 1671 bytes in 45 msecs (HTTP/1.1 200) 4 headers in 158 bytes (1 switches on core 0)
2026-05-16 02:36:06.907 8 INFO neutron.db.ovn_revision_numbers_db [None req-fd243484-494b-41d4-805f-0bd11b1429dd 14d0bfac5223407c85e5f36648971860 4483d30228554d9485a4a3f43ed7abbf - - default default] Successfully bumped revision number for resource c435a727-a559-4f4d-b47f-5602b13f9a37 (type: ports) to 1 [pid: 7|app: 0|req: 1032/2071] 10.0.0.162 () {32 vars in 685 bytes} [Sat May 16 02:36:06 2026] GET /v2.0/floatingips?tags=red%2Cblue => generated 1128 bytes in 42 msecs (HTTP/1.1 200) 4 headers in 158 bytes (1 switches on core 0) [pid: 8|app: 0|req: 1040/2072] 10.0.0.162 () {34 vars in 669 bytes} [Sat May 16 02:36:06 2026] POST /v2.0/networks => generated 669 bytes in 560 msecs (HTTP/1.1 201) 4 headers in 162 bytes (1 switches on core 0) [pid: 7|app: 0|req: 1033/2073] 10.0.0.162 () {32 vars in 681 bytes} [Sat May 16 02:36:06 2026] GET /v2.0/floatingips?tags-any=blue => generated 1128 bytes in 47 msecs (HTTP/1.1 200) 4 headers in 158 bytes (1 switches on core 0) [pid: 8|app: 0|req: 1041/2074] 10.0.0.162 () {34 vars in 752 bytes} [Sat May 16 02:36:06 2026] PUT /v2.0/networks/33737cd9-8ad3-4bf2-809c-75f5d20847f2/tags => generated 25 bytes in 66 msecs (HTTP/1.1 200) 4 headers in 156 bytes (1 switches on core 0) [pid: 7|app: 0|req: 1034/2075] 10.0.0.162 () {32 vars in 693 bytes} [Sat May 16 02:36:06 2026] GET /v2.0/floatingips?tags-any=red%2Cblue => generated 1671 bytes in 26 msecs (HTTP/1.1 200) 4 headers in 158 bytes (1 switches on core 0) [pid: 8|app: 0|req: 1042/2076] 10.0.0.162 () {32 vars in 732 bytes} [Sat May 16 02:36:07 2026] GET /v2.0/networks/33737cd9-8ad3-4bf2-809c-75f5d20847f2/tags => generated 25 bytes in 43 msecs (HTTP/1.1 200) 4 headers in 156 bytes (1 switches on core 0) [pid: 7|app: 0|req: 1035/2077] 10.0.0.162 () {32 vars in 679 bytes} [Sat May 16 02:36:07 2026] GET /v2.0/floatingips?not-tags=red => generated 1100 bytes in 45 msecs (HTTP/1.1 200) 4 headers in 158 bytes (1 switches on core 0) [pid: 8|app: 0|req: 1043/2078] 10.0.0.162 () {34 vars in 752 bytes} [Sat May 16 02:36:07 2026] PUT /v2.0/networks/dea842dc-b679-432b-a396-f4650d0ab719/tags => generated 17 bytes in 55 msecs (HTTP/1.1 200) 4 headers in 156 bytes (1 switches on core 0) [pid: 7|app: 0|req: 1036/2079] 10.0.0.162 () {32 vars in 693 bytes} [Sat May 16 02:36:07 2026] GET /v2.0/floatingips?not-tags=red%2Cblue => generated 1643 bytes in 46 msecs (HTTP/1.1 200) 4 headers in 158 bytes (1 switches on core 0) [pid: 8|app: 0|req: 1044/2080] 10.0.0.162 () {32 vars in 732 bytes} [Sat May 16 02:36:07 2026] GET /v2.0/networks/dea842dc-b679-432b-a396-f4650d0ab719/tags => generated 17 bytes in 41 msecs (HTTP/1.1 200) 4 headers in 156 bytes (1 switches on core 0) [pid: 7|app: 0|req: 1037/2081] 10.0.0.162 () {32 vars in 689 bytes} [Sat May 16 02:36:07 2026] GET /v2.0/floatingips?not-tags-any=blue => generated 1643 bytes in 47 msecs (HTTP/1.1 200) 4 headers in 158 bytes (1 switches on core 0) [pid: 8|app: 0|req: 1045/2082] 10.0.0.144 () {34 vars in 989 bytes} [Sat May 16 02:36:07 2026] GET /v2.0/ports?device_id=03d019a6-f952-4cbc-b2a2-7f97e951bed0 => generated 12 bytes in 23 msecs (HTTP/1.1 200) 4 headers in 156 bytes (1 switches on core 0) [pid: 7|app: 0|req: 1038/2083] 10.0.0.162 () {34 vars in 752 bytes} [Sat May 16 02:36:07 2026] PUT /v2.0/networks/dea842dc-b679-432b-a396-f4650d0ab719/tags => generated 12 bytes in 48 msecs (HTTP/1.1 200) 4 headers in 156 bytes (1 switches on core 0) [pid: 8|app: 0|req: 1046/2084] 10.0.0.162 () {32 vars in 701 bytes} [Sat May 16 02:36:07 2026] GET /v2.0/floatingips?not-tags-any=red%2Cblue => generated 1100 bytes in 47 msecs (HTTP/1.1 200) 4 headers in 158 bytes (1 switches on core 0) [pid: 7|app: 0|req: 1039/2085] 10.0.0.162 () {32 vars in 732 bytes} [Sat May 16 02:36:07 2026] GET /v2.0/networks/dea842dc-b679-432b-a396-f4650d0ab719/tags => generated 12 bytes in 39 msecs (HTTP/1.1 200) 4 headers in 156 bytes (1 switches on core 0) [pid: 7|app: 0|req: 1040/2086] 10.0.0.162 () {32 vars in 732 bytes} [Sat May 16 02:36:07 2026] GET /v2.0/networks/33737cd9-8ad3-4bf2-809c-75f5d20847f2/tags => generated 25 bytes in 35 msecs (HTTP/1.1 200) 4 headers in 156 bytes (1 switches on core 0)
2026-05-16 02:36:07.369 8 INFO neutron_taas.services.taas.taas_plugin [None req-5edd0b0d-db18-487a-94a0-4605cc587122 853a8f78c2a44664bba93e9f20981ff7 aa43cb7cb44a4c238b6d9ffefb78f95d - - default default] TaaS: Handle Delete Port: 7c016bef-bb19-4ee3-a72c-0332de34fb8a
2026-05-16 02:36:07.372 8 INFO neutron_taas.services.taas.tap_mirror_plugin [None req-5edd0b0d-db18-487a-94a0-4605cc587122 853a8f78c2a44664bba93e9f20981ff7 aa43cb7cb44a4c238b6d9ffefb78f95d - - default default] Tap Mirror: Handle Delete Port: 7c016bef-bb19-4ee3-a72c-0332de34fb8a
2026-05-16 02:36:07.418 7 INFO neutron_taas.services.taas.taas_plugin [None req-41a602ba-c0ab-4604-9b16-be36d0958310 14d0bfac5223407c85e5f36648971860 4483d30228554d9485a4a3f43ed7abbf - - default default] TaaS: Handle Delete Port: a3488413-f058-4ab8-aea9-e0a9d62adcc9
2026-05-16 02:36:07.421 7 INFO neutron_taas.services.taas.tap_mirror_plugin [None req-41a602ba-c0ab-4604-9b16-be36d0958310 14d0bfac5223407c85e5f36648971860 4483d30228554d9485a4a3f43ed7abbf - - default default] Tap Mirror: Handle Delete Port: a3488413-f058-4ab8-aea9-e0a9d62adcc9 [pid: 8|app: 0|req: 1047/2087] 10.0.0.162 () {32 vars in 731 bytes} [Sat May 16 02:36:07 2026] DELETE /v2.0/floatingips/fd871c3b-b64e-42e6-91c3-c26e34b031b6 => generated 0 bytes in 299 msecs (HTTP/1.1 204) 2 headers in 112 bytes (1 switches on core 0)
2026-05-16 02:36:07.629 7 INFO neutron.services.segments.plugin [-] Segment 5b5c8119-e8fa-4e74-8c42-54ffd7c66649 resource provider aggregate not found
2026-05-16 02:36:07.632 7 INFO neutron.services.segments.plugin [-] Segment 5b5c8119-e8fa-4e74-8c42-54ffd7c66649 resource provider aggregate not found
2026-05-16 02:36:07.651 7 INFO neutron.services.segments.plugin [-] Segment 5b5c8119-e8fa-4e74-8c42-54ffd7c66649 resource provider not found; error: Placement Client Error (4xx): {"errors": [{"status": 404, "title": "Not Found", "detail": "The resource could not be found.\n\n No resource provider with uuid 5b5c8119-e8fa-4e74-8c42-54ffd7c66649 found for delete ", "request_id": "req-838c01c2-b74e-4d90-81f5-c0596a987f83"}]}
2026-05-16 02:36:07.656 7 INFO neutron.services.segments.plugin [-] Segment 5b5c8119-e8fa-4e74-8c42-54ffd7c66649 resource provider not found; error: Placement Client Error (4xx): {"errors": [{"status": 404, "title": "Not Found", "detail": "The resource could not be found.\n\n No resource provider with uuid 5b5c8119-e8fa-4e74-8c42-54ffd7c66649 found for delete ", "request_id": "req-f87e44b8-5595-4fdd-a6f4-5ff409c319b8"}]} [pid: 7|app: 0|req: 1041/2088] 10.0.0.162 () {32 vars in 725 bytes} [Sat May 16 02:36:07 2026] DELETE /v2.0/networks/33737cd9-8ad3-4bf2-809c-75f5d20847f2 => generated 0 bytes in 368 msecs (HTTP/1.1 204) 3 headers in 131 bytes (1 switches on core 0)
2026-05-16 02:36:07.703 8 INFO neutron_taas.services.taas.taas_plugin [None req-b69f7559-a893-40eb-b479-bc729b7c6291 853a8f78c2a44664bba93e9f20981ff7 aa43cb7cb44a4c238b6d9ffefb78f95d - - default default] TaaS: Handle Delete Port: e376f1da-8689-4059-b96f-0b30c22f6bdb
2026-05-16 02:36:07.707 8 INFO neutron_taas.services.taas.tap_mirror_plugin [None req-b69f7559-a893-40eb-b479-bc729b7c6291 853a8f78c2a44664bba93e9f20981ff7 aa43cb7cb44a4c238b6d9ffefb78f95d - - default default] Tap Mirror: Handle Delete Port: e376f1da-8689-4059-b96f-0b30c22f6bdb
2026-05-16 02:36:07.809 7 INFO neutron_taas.services.taas.taas_plugin [None req-8014b87d-71ae-45f7-b3b7-fd0518d9a21e 14d0bfac5223407c85e5f36648971860 4483d30228554d9485a4a3f43ed7abbf - - default default] TaaS: Handle Delete Port: c435a727-a559-4f4d-b47f-5602b13f9a37
2026-05-16 02:36:07.812 7 INFO neutron_taas.services.taas.tap_mirror_plugin [None req-8014b87d-71ae-45f7-b3b7-fd0518d9a21e 14d0bfac5223407c85e5f36648971860 4483d30228554d9485a4a3f43ed7abbf - - default default] Tap Mirror: Handle Delete Port: c435a727-a559-4f4d-b47f-5602b13f9a37 [pid: 8|app: 0|req: 1048/2089] 10.0.0.162 () {32 vars in 731 bytes} [Sat May 16 02:36:07 2026] DELETE /v2.0/floatingips/c77f77db-f065-499e-a5bf-23c55be926ef => generated 0 bytes in 297 msecs (HTTP/1.1 204) 2 headers in 112 bytes (1 switches on core 0)
2026-05-16 02:36:08.008 8 INFO neutron_taas.services.taas.taas_plugin [None req-abd05a6a-2412-4935-800b-9bd92d36e750 853a8f78c2a44664bba93e9f20981ff7 aa43cb7cb44a4c238b6d9ffefb78f95d - - default default] TaaS: Handle Delete Port: f02c03dd-18a8-428c-8597-336f47c29720
2026-05-16 02:36:08.011 8 INFO neutron_taas.services.taas.tap_mirror_plugin [None req-abd05a6a-2412-4935-800b-9bd92d36e750 853a8f78c2a44664bba93e9f20981ff7 aa43cb7cb44a4c238b6d9ffefb78f95d - - default default] Tap Mirror: Handle Delete Port: f02c03dd-18a8-428c-8597-336f47c29720 [pid: 7|app: 0|req: 1042/2090] 10.0.0.162 () {32 vars in 725 bytes} [Sat May 16 02:36:07 2026] DELETE /v2.0/networks/dea842dc-b679-432b-a396-f4650d0ab719 => generated 0 bytes in 402 msecs (HTTP/1.1 204) 3 headers in 131 bytes (1 switches on core 0) [pid: 8|app: 0|req: 1049/2091] 10.0.0.162 () {32 vars in 731 bytes} [Sat May 16 02:36:07 2026] DELETE /v2.0/floatingips/87a662d1-c05a-44d9-8ce4-8d4772d51051 => generated 0 bytes in 353 msecs (HTTP/1.1 204) 2 headers in 112 bytes (1 switches on core 0)
2026-05-16 02:36:08.340 7 INFO neutron_taas.services.taas.taas_plugin [None req-1a4aa882-d2cb-463e-9f15-d0d7d3f49740 853a8f78c2a44664bba93e9f20981ff7 aa43cb7cb44a4c238b6d9ffefb78f95d - - default default] TaaS: Handle Delete Port: 891bcd74-1368-4375-b1a5-0c87fa2203ef
2026-05-16 02:36:08.343 7 INFO neutron_taas.services.taas.tap_mirror_plugin [None req-1a4aa882-d2cb-463e-9f15-d0d7d3f49740 853a8f78c2a44664bba93e9f20981ff7 aa43cb7cb44a4c238b6d9ffefb78f95d - - default default] Tap Mirror: Handle Delete Port: 891bcd74-1368-4375-b1a5-0c87fa2203ef [pid: 8|app: 0|req: 1050/2092] 10.0.0.162 () {32 vars in 739 bytes} [Sat May 16 02:36:08 2026] DELETE /v2.0/security-groups/30f373a7-d3ac-4bbc-84df-8c4c6fa9202a => generated 0 bytes in 158 msecs (HTTP/1.1 204) 2 headers in 112 bytes (1 switches on core 0)
2026-05-16 02:36:08.447 8 INFO neutron.api.v2.resource [None req-e282cc9a-18ae-425b-976f-631f38cfc858 11a5e8ce34da4f28816389f9f212120d b36ff55fac1c44a9b6c5d3594c88c54f - - default default] show failed (client error): The resource could not be found. [pid: 8|app: 0|req: 1051/2093] 10.0.0.162 () {32 vars in 736 bytes} [Sat May 16 02:36:08 2026] GET /v2.0/security-groups/30f373a7-d3ac-4bbc-84df-8c4c6fa9202a => generated 146 bytes in 11 msecs (HTTP/1.1 404) 4 headers in 164 bytes (1 switches on core 0) [pid: 7|app: 0|req: 1043/2094] 10.0.0.162 () {32 vars in 731 bytes} [Sat May 16 02:36:08 2026] DELETE /v2.0/floatingips/f687e7c3-95af-46ea-9ecc-372a4a6bd672 => generated 0 bytes in 273 msecs (HTTP/1.1 204) 2 headers in 112 bytes (1 switches on core 0)
2026-05-16 02:36:08.588 8 INFO neutron_taas.services.taas.taas_plugin [None req-24edf2fc-de58-4529-a8b8-0e0eb5ffd36e 11a5e8ce34da4f28816389f9f212120d b36ff55fac1c44a9b6c5d3594c88c54f - - default default] TaaS: Handle Delete Port: c56050a1-7947-4ebb-8693-cf9571e3c51d
2026-05-16 02:36:08.591 8 INFO neutron_taas.services.taas.tap_mirror_plugin [None req-24edf2fc-de58-4529-a8b8-0e0eb5ffd36e 11a5e8ce34da4f28816389f9f212120d b36ff55fac1c44a9b6c5d3594c88c54f - - default default] Tap Mirror: Handle Delete Port: c56050a1-7947-4ebb-8693-cf9571e3c51d
2026-05-16 02:36:08.620 7 INFO neutron_taas.services.taas.taas_plugin [None req-6ad54707-0dfb-47c1-bad6-b821dc4d55bc 853a8f78c2a44664bba93e9f20981ff7 aa43cb7cb44a4c238b6d9ffefb78f95d - - default default] TaaS: Handle Delete Port: a35aeeac-6fbf-4e02-b675-db1aac722fb6
2026-05-16 02:36:08.622 7 INFO neutron_taas.services.taas.tap_mirror_plugin [None req-6ad54707-0dfb-47c1-bad6-b821dc4d55bc 853a8f78c2a44664bba93e9f20981ff7 aa43cb7cb44a4c238b6d9ffefb78f95d - - default default] Tap Mirror: Handle Delete Port: a35aeeac-6fbf-4e02-b675-db1aac722fb6 [pid: 8|app: 0|req: 1052/2095] 10.0.0.162 () {32 vars in 731 bytes} [Sat May 16 02:36:08 2026] DELETE /v2.0/floatingips/2fb8ee41-d047-42df-a8ef-c81bd9b8ed64 => generated 0 bytes in 297 msecs (HTTP/1.1 204) 2 headers in 112 bytes (1 switches on core 0) [pid: 7|app: 0|req: 1044/2096] 10.0.0.162 () {32 vars in 731 bytes} [Sat May 16 02:36:08 2026] DELETE /v2.0/floatingips/0f25a580-87ac-4fe7-95cf-e0d2a3737755 => generated 0 bytes in 271 msecs (HTTP/1.1 204) 2 headers in 112 bytes (1 switches on core 0)
2026-05-16 02:36:09.003 8 WARNING neutron.db.securitygroups_db [None req-0bad9395-9cbf-48ce-aea3-03e2f2610867 02d1b09f7b6a4f50bc562543c76fb991 837319e3be18474083d7e8a36dbc21c3 - - default default] project_id key not found in filters, using tenant_id instead. This support has been deprecated and will be removed in a future release.
2026-05-16 02:36:09.042 7 INFO neutron_taas.services.taas.taas_plugin [None req-95a1ceb0-6099-4e30-b359-68f53fe7e119 02d1b09f7b6a4f50bc562543c76fb991 837319e3be18474083d7e8a36dbc21c3 - - default default] TaaS: Handle Delete Port: 3d29c76f-9ed3-4b70-b5b0-cef31755ba1d
2026-05-16 02:36:09.046 7 INFO neutron_taas.services.taas.tap_mirror_plugin [None req-95a1ceb0-6099-4e30-b359-68f53fe7e119 02d1b09f7b6a4f50bc562543c76fb991 837319e3be18474083d7e8a36dbc21c3 - - default default] Tap Mirror: Handle Delete Port: 3d29c76f-9ed3-4b70-b5b0-cef31755ba1d
2026-05-16 02:36:09.115 8 INFO neutron.db.ovn_revision_numbers_db [None req-0bad9395-9cbf-48ce-aea3-03e2f2610867 02d1b09f7b6a4f50bc562543c76fb991 837319e3be18474083d7e8a36dbc21c3 - - default default] Successfully bumped revision number for resource 6fda93a3-f362-47ab-b7fc-de46dbc62503 (type: security_groups) to 1
2026-05-16 02:36:09.128 8 INFO neutron.db.ovn_revision_numbers_db [None req-0bad9395-9cbf-48ce-aea3-03e2f2610867 02d1b09f7b6a4f50bc562543c76fb991 837319e3be18474083d7e8a36dbc21c3 - - default default] Successfully bumped revision number for resource 6c21d2d7-d292-4b24-a29b-aa879ac4fa38 (type: security_group_rules) to 0
2026-05-16 02:36:09.143 8 INFO neutron.db.ovn_revision_numbers_db [None req-0bad9395-9cbf-48ce-aea3-03e2f2610867 02d1b09f7b6a4f50bc562543c76fb991 837319e3be18474083d7e8a36dbc21c3 - - default default] Successfully bumped revision number for resource 80d9244c-b8d7-4a86-85a1-84c5d7b708c1 (type: security_group_rules) to 0
2026-05-16 02:36:09.157 8 INFO neutron.db.ovn_revision_numbers_db [None req-0bad9395-9cbf-48ce-aea3-03e2f2610867 02d1b09f7b6a4f50bc562543c76fb991 837319e3be18474083d7e8a36dbc21c3 - - default default] Successfully bumped revision number for resource a6106b55-e01a-44e0-8904-d8e205c5635f (type: security_group_rules) to 0
2026-05-16 02:36:09.170 8 INFO neutron.db.ovn_revision_numbers_db [None req-0bad9395-9cbf-48ce-aea3-03e2f2610867 02d1b09f7b6a4f50bc562543c76fb991 837319e3be18474083d7e8a36dbc21c3 - - default default] Successfully bumped revision number for resource f2ab8dca-a294-4be0-bef1-d22b197c9127 (type: security_group_rules) to 0 [pid: 8|app: 0|req: 1053/2097] 10.0.0.162 () {32 vars in 773 bytes} [Sat May 16 02:36:08 2026] GET /v2.0/security-groups?tenant_id=0228bf45aa744be58930c8a77fe4b645&name=default => generated 2925 bytes in 462 msecs (HTTP/1.1 200) 4 headers in 158 bytes (1 switches on core 0) [pid: 8|app: 0|req: 1054/2098] 10.0.0.162 () {32 vars in 739 bytes} [Sat May 16 02:36:09 2026] DELETE /v2.0/security-groups/6fda93a3-f362-47ab-b7fc-de46dbc62503 => generated 0 bytes in 189 msecs (HTTP/1.1 204) 2 headers in 112 bytes (1 switches on core 0)
2026-05-16 02:36:09.679 7 INFO neutron.services.segments.plugin [-] Segment f0684b3b-c049-4039-8eb9-569eb0890c66 resource provider aggregate not found
2026-05-16 02:36:09.689 7 INFO neutron.services.segments.plugin [-] Segment f0684b3b-c049-4039-8eb9-569eb0890c66 resource provider aggregate not found
2026-05-16 02:36:09.709 7 INFO neutron.services.segments.plugin [-] Segment f0684b3b-c049-4039-8eb9-569eb0890c66 resource provider not found; error: Placement Client Error (4xx): {"errors": [{"status": 404, "title": "Not Found", "detail": "The resource could not be found.\n\n No resource provider with uuid f0684b3b-c049-4039-8eb9-569eb0890c66 found for delete ", "request_id": "req-c0c40c2a-39c3-43c8-8b89-fe2e13284de1"}]}
2026-05-16 02:36:09.717 7 INFO neutron.services.segments.plugin [-] Segment f0684b3b-c049-4039-8eb9-569eb0890c66 resource provider not found; error: Placement Client Error (4xx): {"errors": [{"status": 404, "title": "Not Found", "detail": "The resource could not be found.\n\n No resource provider with uuid f0684b3b-c049-4039-8eb9-569eb0890c66 found for delete ", "request_id": "req-8974cc9f-29aa-4472-8e62-195218cafac4"}]}
2026-05-16 02:36:09.728 8 WARNING neutron.db.securitygroups_db [None req-2d91902d-3eb8-4f89-b7e8-6d4d1b783ad6 02d1b09f7b6a4f50bc562543c76fb991 837319e3be18474083d7e8a36dbc21c3 - - default default] project_id key not found in filters, using tenant_id instead. This support has been deprecated and will be removed in a future release. [pid: 7|app: 0|req: 1045/2099] 10.0.0.162 () {34 vars in 788 bytes} [Sat May 16 02:36:08 2026] PUT /v2.0/routers/f400d7ca-0cf6-4e19-82ee-1bad8e2250ea/remove_router_interface => generated 310 bytes in 969 msecs (HTTP/1.1 200) 4 headers in 157 bytes (1 switches on core 0) /var/lib/openstack/lib/python3.12/site-packages/pycadf/identifier.py:70: UserWarning: Invalid uuid: neutron. To ensure interoperability, identifiers should be a valid uuid. warnings.warn(('Invalid uuid: %s. To ensure interoperability, '
2026-05-16 02:36:09.759 7 WARNING neutron.db.securitygroups_db [None req-7e742c4a-4196-44f4-a6b6-7ea9479ca655 02d1b09f7b6a4f50bc562543c76fb991 837319e3be18474083d7e8a36dbc21c3 - - default default] project_id key not found in filters, using tenant_id instead. This support has been deprecated and will be removed in a future release. [pid: 7|app: 0|req: 1046/2100] 10.0.0.162 () {32 vars in 773 bytes} [Sat May 16 02:36:09 2026] GET /v2.0/security-groups?tenant_id=4483d30228554d9485a4a3f43ed7abbf&name=default => generated 2925 bytes in 53 msecs (HTTP/1.1 200) 4 headers in 158 bytes (1 switches on core 0)
2026-05-16 02:36:09.852 8 INFO neutron.db.ovn_revision_numbers_db [None req-2d91902d-3eb8-4f89-b7e8-6d4d1b783ad6 02d1b09f7b6a4f50bc562543c76fb991 837319e3be18474083d7e8a36dbc21c3 - - default default] Successfully bumped revision number for resource e2a7cd9e-ca04-4073-ac0f-13632ad261a2 (type: security_groups) to 1
2026-05-16 02:36:09.861 8 INFO neutron.db.ovn_revision_numbers_db [None req-2d91902d-3eb8-4f89-b7e8-6d4d1b783ad6 02d1b09f7b6a4f50bc562543c76fb991 837319e3be18474083d7e8a36dbc21c3 - - default default] Successfully bumped revision number for resource 37667c04-4c9d-4ea2-b5a9-815b2ba4cab1 (type: security_group_rules) to 0
2026-05-16 02:36:09.872 8 INFO neutron.db.ovn_revision_numbers_db [None req-2d91902d-3eb8-4f89-b7e8-6d4d1b783ad6 02d1b09f7b6a4f50bc562543c76fb991 837319e3be18474083d7e8a36dbc21c3 - - default default] Successfully bumped revision number for resource 477c2d74-14cc-4964-8946-bbc2327be08e (type: security_group_rules) to 0
2026-05-16 02:36:09.881 8 INFO neutron.db.ovn_revision_numbers_db [None req-2d91902d-3eb8-4f89-b7e8-6d4d1b783ad6 02d1b09f7b6a4f50bc562543c76fb991 837319e3be18474083d7e8a36dbc21c3 - - default default] Successfully bumped revision number for resource 846b2190-fda6-4544-9a46-7ab8a74ca75d (type: security_group_rules) to 0
2026-05-16 02:36:09.890 8 INFO neutron.db.ovn_revision_numbers_db [None req-2d91902d-3eb8-4f89-b7e8-6d4d1b783ad6 02d1b09f7b6a4f50bc562543c76fb991 837319e3be18474083d7e8a36dbc21c3 - - default default] Successfully bumped revision number for resource 872dd6de-abaf-49f5-a453-a9651bcb6816 (type: security_group_rules) to 0 [pid: 8|app: 0|req: 1055/2101] 10.0.0.162 () {32 vars in 773 bytes} [Sat May 16 02:36:09 2026] GET /v2.0/security-groups?tenant_id=62b37b4f91b94124a661f3d78664dd77&name=default => generated 2925 bytes in 432 msecs (HTTP/1.1 200) 4 headers in 158 bytes (1 switches on core 0) [pid: 8|app: 0|req: 1056/2102] 10.0.0.162 () {32 vars in 739 bytes} [Sat May 16 02:36:09 2026] DELETE /v2.0/security-groups/f03c0e02-f835-49fc-8c5a-9732c8e9bb8f => generated 0 bytes in 150 msecs (HTTP/1.1 204) 2 headers in 112 bytes (1 switches on core 0) [pid: 8|app: 0|req: 1057/2103] 10.0.0.162 () {32 vars in 739 bytes} [Sat May 16 02:36:10 2026] DELETE /v2.0/security-groups/e2a7cd9e-ca04-4073-ac0f-13632ad261a2 => generated 0 bytes in 150 msecs (HTTP/1.1 204) 2 headers in 112 bytes (1 switches on core 0)
2026-05-16 02:36:10.376 8 WARNING neutron.db.securitygroups_db [None req-2971d0f4-afe7-4a67-85cd-695e0c2ffcab 02d1b09f7b6a4f50bc562543c76fb991 837319e3be18474083d7e8a36dbc21c3 - - default default] project_id key not found in filters, using tenant_id instead. This support has been deprecated and will be removed in a future release.
2026-05-16 02:36:10.482 8 INFO neutron.db.ovn_revision_numbers_db [None req-2971d0f4-afe7-4a67-85cd-695e0c2ffcab 02d1b09f7b6a4f50bc562543c76fb991 837319e3be18474083d7e8a36dbc21c3 - - default default] Successfully bumped revision number for resource 44c82bfe-0645-4b5d-9264-7c3e9092b55a (type: security_groups) to 1
2026-05-16 02:36:10.494 8 INFO neutron.db.ovn_revision_numbers_db [None req-2971d0f4-afe7-4a67-85cd-695e0c2ffcab 02d1b09f7b6a4f50bc562543c76fb991 837319e3be18474083d7e8a36dbc21c3 - - default default] Successfully bumped revision number for resource 4be77e93-9e63-4508-90fa-9e5c6e567764 (type: security_group_rules) to 0
2026-05-16 02:36:10.506 8 INFO neutron.db.ovn_revision_numbers_db [None req-2971d0f4-afe7-4a67-85cd-695e0c2ffcab 02d1b09f7b6a4f50bc562543c76fb991 837319e3be18474083d7e8a36dbc21c3 - - default default] Successfully bumped revision number for resource 8768d7e6-96bb-45de-aa1f-5ccd5eaf2563 (type: security_group_rules) to 0
2026-05-16 02:36:10.519 8 INFO neutron.db.ovn_revision_numbers_db [None req-2971d0f4-afe7-4a67-85cd-695e0c2ffcab 02d1b09f7b6a4f50bc562543c76fb991 837319e3be18474083d7e8a36dbc21c3 - - default default] Successfully bumped revision number for resource 9e6f36dd-e052-407f-a2df-6a96c8bc3cb1 (type: security_group_rules) to 0
2026-05-16 02:36:10.532 8 INFO neutron.db.ovn_revision_numbers_db [None req-2971d0f4-afe7-4a67-85cd-695e0c2ffcab 02d1b09f7b6a4f50bc562543c76fb991 837319e3be18474083d7e8a36dbc21c3 - - default default] Successfully bumped revision number for resource ed196178-f479-4ab1-9dae-9060721be54d (type: security_group_rules) to 0 [pid: 8|app: 0|req: 1058/2104] 10.0.0.162 () {32 vars in 773 bytes} [Sat May 16 02:36:10 2026] GET /v2.0/security-groups?tenant_id=aa43cb7cb44a4c238b6d9ffefb78f95d&name=default => generated 2925 bytes in 207 msecs (HTTP/1.1 200) 4 headers in 158 bytes (1 switches on core 0)
2026-05-16 02:36:10.700 7 INFO neutron_taas.services.taas.taas_plugin [None req-2bfb58a3-d5ef-40ae-a0ce-fdb596909927 02d1b09f7b6a4f50bc562543c76fb991 837319e3be18474083d7e8a36dbc21c3 - - default default] TaaS: Handle Delete Port: fecde3cf-abaa-48a7-b108-e7dfca070b5b
2026-05-16 02:36:10.704 7 INFO neutron_taas.services.taas.tap_mirror_plugin [None req-2bfb58a3-d5ef-40ae-a0ce-fdb596909927 02d1b09f7b6a4f50bc562543c76fb991 837319e3be18474083d7e8a36dbc21c3 - - default default] Tap Mirror: Handle Delete Port: fecde3cf-abaa-48a7-b108-e7dfca070b5b [pid: 8|app: 0|req: 1059/2105] 10.0.0.162 () {32 vars in 739 bytes} [Sat May 16 02:36:10 2026] DELETE /v2.0/security-groups/44c82bfe-0645-4b5d-9264-7c3e9092b55a => generated 0 bytes in 158 msecs (HTTP/1.1 204) 2 headers in 112 bytes (1 switches on core 0)
2026-05-16 02:36:10.830 8 WARNING neutron.db.securitygroups_db [None req-c3428dca-572e-42b8-86a6-adc0abb7a57c 02d1b09f7b6a4f50bc562543c76fb991 837319e3be18474083d7e8a36dbc21c3 - - default default] project_id key not found in filters, using tenant_id instead. This support has been deprecated and will be removed in a future release.
2026-05-16 02:36:11.010 8 INFO neutron.db.ovn_revision_numbers_db [None req-c3428dca-572e-42b8-86a6-adc0abb7a57c 02d1b09f7b6a4f50bc562543c76fb991 837319e3be18474083d7e8a36dbc21c3 - - default default] Successfully bumped revision number for resource 5ae4bf77-1384-4e00-bb93-16cbc063b7ff (type: security_groups) to 1
2026-05-16 02:36:11.022 8 INFO neutron.db.ovn_revision_numbers_db [None req-c3428dca-572e-42b8-86a6-adc0abb7a57c 02d1b09f7b6a4f50bc562543c76fb991 837319e3be18474083d7e8a36dbc21c3 - - default default] Successfully bumped revision number for resource 1e31d2d4-164c-416d-b170-25fd7797bf6e (type: security_group_rules) to 0
2026-05-16 02:36:11.034 8 INFO neutron.db.ovn_revision_numbers_db [None req-c3428dca-572e-42b8-86a6-adc0abb7a57c 02d1b09f7b6a4f50bc562543c76fb991 837319e3be18474083d7e8a36dbc21c3 - - default default] Successfully bumped revision number for resource 9326e86d-999d-47c5-b012-e9142b41e66b (type: security_group_rules) to 0
2026-05-16 02:36:11.059 8 INFO neutron.db.ovn_revision_numbers_db [None req-c3428dca-572e-42b8-86a6-adc0abb7a57c 02d1b09f7b6a4f50bc562543c76fb991 837319e3be18474083d7e8a36dbc21c3 - - default default] Successfully bumped revision number for resource a58ae5a7-0545-46c6-9f41-8d0cc4b8fb35 (type: security_group_rules) to 0 [pid: 7|app: 0|req: 1047/2106] 10.0.0.162 () {32 vars in 723 bytes} [Sat May 16 02:36:09 2026] DELETE /v2.0/routers/f400d7ca-0cf6-4e19-82ee-1bad8e2250ea => generated 0 bytes in 1275 msecs (HTTP/1.1 204) 2 headers in 112 bytes (1 switches on core 0)
2026-05-16 02:36:11.076 8 INFO neutron.db.ovn_revision_numbers_db [None req-c3428dca-572e-42b8-86a6-adc0abb7a57c 02d1b09f7b6a4f50bc562543c76fb991 837319e3be18474083d7e8a36dbc21c3 - - default default] Successfully bumped revision number for resource ef33ff27-3aa2-4dc6-96ed-18e06f27f084 (type: security_group_rules) to 0 [pid: 8|app: 0|req: 1060/2107] 10.0.0.162 () {32 vars in 773 bytes} [Sat May 16 02:36:10 2026] GET /v2.0/security-groups?tenant_id=63e2e452b8f84847bc15ace25d801b43&name=default => generated 2925 bytes in 290 msecs (HTTP/1.1 200) 4 headers in 158 bytes (1 switches on core 0) [pid: 7|app: 0|req: 1048/2108] 10.0.0.162 () {32 vars in 723 bytes} [Sat May 16 02:36:11 2026] DELETE /v2.0/subnets/3c121884-050e-49b1-889e-dc29c1909e0c => generated 0 bytes in 139 msecs (HTTP/1.1 204) 3 headers in 131 bytes (1 switches on core 0) [pid: 8|app: 0|req: 1061/2109] 10.0.0.162 () {32 vars in 739 bytes} [Sat May 16 02:36:11 2026] DELETE /v2.0/security-groups/5ae4bf77-1384-4e00-bb93-16cbc063b7ff => generated 0 bytes in 176 msecs (HTTP/1.1 204) 2 headers in 112 bytes (1 switches on core 0)
2026-05-16 02:36:11.317 7 INFO neutron_taas.services.taas.taas_plugin [None req-04bf7ecb-46e5-4131-874e-e0f2797b32af 02d1b09f7b6a4f50bc562543c76fb991 837319e3be18474083d7e8a36dbc21c3 - - default default] TaaS: Handle Delete Port: b28fb9c0-bc8a-4d4a-8274-8e915dfb8577
2026-05-16 02:36:11.320 7 INFO neutron_taas.services.taas.tap_mirror_plugin [None req-04bf7ecb-46e5-4131-874e-e0f2797b32af 02d1b09f7b6a4f50bc562543c76fb991 837319e3be18474083d7e8a36dbc21c3 - - default default] Tap Mirror: Handle Delete Port: b28fb9c0-bc8a-4d4a-8274-8e915dfb8577 [pid: 7|app: 0|req: 1049/2110] 10.0.0.162 () {32 vars in 725 bytes} [Sat May 16 02:36:11 2026] DELETE /v2.0/networks/8137c65b-fa7e-420b-8c9c-4f565ce4944e => generated 0 bytes in 300 msecs (HTTP/1.1 204) 3 headers in 131 bytes (1 switches on core 0)
2026-05-16 02:36:11.670 8 WARNING neutron.db.securitygroups_db [None req-d15f7fbc-cba5-47ef-9980-9c04a6dfa9db 02d1b09f7b6a4f50bc562543c76fb991 837319e3be18474083d7e8a36dbc21c3 - - default default] project_id key not found in filters, using tenant_id instead. This support has been deprecated and will be removed in a future release. [pid: 8|app: 0|req: 1062/2111] 10.0.0.162 () {32 vars in 773 bytes} [Sat May 16 02:36:11 2026] GET /v2.0/security-groups?tenant_id=b36ff55fac1c44a9b6c5d3594c88c54f&name=default => generated 2925 bytes in 47 msecs (HTTP/1.1 200) 4 headers in 158 bytes (1 switches on core 0)
2026-05-16 02:36:11.735 7 INFO neutron.services.segments.plugin [-] Segment d7ff8616-e310-4018-943f-e60e4152fbe0 resource provider aggregate not found
2026-05-16 02:36:11.738 7 INFO neutron.services.segments.plugin [-] Segment d7ff8616-e310-4018-943f-e60e4152fbe0 resource provider aggregate not found
2026-05-16 02:36:11.750 7 INFO neutron.services.segments.plugin [-] Segment d7ff8616-e310-4018-943f-e60e4152fbe0 resource provider not found; error: Placement Client Error (4xx): {"errors": [{"status": 404, "title": "Not Found", "detail": "The resource could not be found.\n\n No resource provider with uuid d7ff8616-e310-4018-943f-e60e4152fbe0 found for delete ", "request_id": "req-62c52dce-126e-4ef1-b1f3-843cfee3f674"}]}
2026-05-16 02:36:11.752 7 INFO neutron.services.segments.plugin [-] Segment d7ff8616-e310-4018-943f-e60e4152fbe0 resource provider not found; error: Placement Client Error (4xx): {"errors": [{"status": 404, "title": "Not Found", "detail": "The resource could not be found.\n\n No resource provider with uuid d7ff8616-e310-4018-943f-e60e4152fbe0 found for delete ", "request_id": "req-72673874-2a4c-4d76-9356-3918a8980ce4"}]} [pid: 7|app: 0|req: 1050/2112] 10.0.0.162 () {32 vars in 739 bytes} [Sat May 16 02:36:11 2026] DELETE /v2.0/security-groups/a1bb5099-77b9-437c-8448-1aaf54010b91 => generated 0 bytes in 194 msecs (HTTP/1.1 204) 2 headers in 112 bytes (1 switches on core 0)
2026-05-16 02:36:13.920 8 INFO neutron.db.ovn_revision_numbers_db [None req-7a5761e2-5836-45b6-a11a-4df8cb44c2a2 02d1b09f7b6a4f50bc562543c76fb991 837319e3be18474083d7e8a36dbc21c3 - - default default] Successfully bumped revision number for resource 11c33283-3dd6-4a5c-91ff-597fcf8dcfcd (type: security_groups) to 1
2026-05-16 02:36:13.935 8 INFO neutron.db.ovn_revision_numbers_db [None req-7a5761e2-5836-45b6-a11a-4df8cb44c2a2 02d1b09f7b6a4f50bc562543c76fb991 837319e3be18474083d7e8a36dbc21c3 - - default default] Successfully bumped revision number for resource 116f350e-85f8-472f-b5c5-4670c16d5f87 (type: security_group_rules) to 0
2026-05-16 02:36:13.946 8 INFO neutron.db.ovn_revision_numbers_db [None req-7a5761e2-5836-45b6-a11a-4df8cb44c2a2 02d1b09f7b6a4f50bc562543c76fb991 837319e3be18474083d7e8a36dbc21c3 - - default default] Successfully bumped revision number for resource 1ba45bd9-40f9-447b-976b-2e4586c94ec5 (type: security_group_rules) to 0
2026-05-16 02:36:13.957 8 INFO neutron.db.ovn_revision_numbers_db [None req-7a5761e2-5836-45b6-a11a-4df8cb44c2a2 02d1b09f7b6a4f50bc562543c76fb991 837319e3be18474083d7e8a36dbc21c3 - - default default] Successfully bumped revision number for resource a2d62517-9d4e-4419-8baa-c9a505a7f8be (type: security_group_rules) to 0
2026-05-16 02:36:13.972 8 INFO neutron.db.ovn_revision_numbers_db [None req-7a5761e2-5836-45b6-a11a-4df8cb44c2a2 02d1b09f7b6a4f50bc562543c76fb991 837319e3be18474083d7e8a36dbc21c3 - - default default] Successfully bumped revision number for resource f759c29f-5537-41cb-ac00-7daa1ebe164a (type: security_group_rules) to 0
2026-05-16 02:36:14.044 8 INFO neutron.db.segments_db [None req-7a5761e2-5836-45b6-a11a-4df8cb44c2a2 02d1b09f7b6a4f50bc562543c76fb991 837319e3be18474083d7e8a36dbc21c3 - - default default] Added segment 54cf7f9b-232f-4790-8381-973942b09e38 of type geneve for network b4bd1e40-005f-4177-ae46-e03627b97421
2026-05-16 02:36:14.137 8 INFO neutron.db.ovn_revision_numbers_db [None req-7a5761e2-5836-45b6-a11a-4df8cb44c2a2 02d1b09f7b6a4f50bc562543c76fb991 837319e3be18474083d7e8a36dbc21c3 - - default default] Successfully bumped revision number for resource b4bd1e40-005f-4177-ae46-e03627b97421 (type: networks) to 1
2026-05-16 02:36:14.278 8 WARNING neutron.scheduler.dhcp_agent_scheduler [None req-7a5761e2-5836-45b6-a11a-4df8cb44c2a2 02d1b09f7b6a4f50bc562543c76fb991 837319e3be18474083d7e8a36dbc21c3 - - default default] No more DHCP agents
2026-05-16 02:36:14.279 8 WARNING neutron.api.rpc.agentnotifiers.dhcp_rpc_agent_api [None req-7a5761e2-5836-45b6-a11a-4df8cb44c2a2 02d1b09f7b6a4f50bc562543c76fb991 837319e3be18474083d7e8a36dbc21c3 - - default default] Unable to schedule network b4bd1e40-005f-4177-ae46-e03627b97421: no agents available; will retry on subsequent port and subnet creation events.
2026-05-16 02:36:14.327 7 INFO neutron.plugins.ml2.drivers.ovn.mech_driver.mech_driver [None req-f89b6bce-8560-4702-bfc8-d0f6efd8d550 - - - - - -] OVN reports status down for port: b48a6d34-9d50-4877-ad48-6ab8fe2ae9b8
2026-05-16 02:36:14.346 8 INFO neutron.db.ovn_revision_numbers_db [None req-7a5761e2-5836-45b6-a11a-4df8cb44c2a2 02d1b09f7b6a4f50bc562543c76fb991 837319e3be18474083d7e8a36dbc21c3 - - default default] Successfully bumped revision number for resource b48a6d34-9d50-4877-ad48-6ab8fe2ae9b8 (type: ports) to 1 [pid: 8|app: 0|req: 1063/2113] 10.0.0.162 () {34 vars in 670 bytes} [Sat May 16 02:36:13 2026] POST /v2.0/networks => generated 785 bytes in 751 msecs (HTTP/1.1 201) 4 headers in 162 bytes (1 switches on core 0)
2026-05-16 02:36:14.497 7 WARNING neutron.scheduler.dhcp_agent_scheduler [None req-25d0c40f-545e-4930-8a6c-3dd69e1bfce8 02d1b09f7b6a4f50bc562543c76fb991 837319e3be18474083d7e8a36dbc21c3 - - default default] No more DHCP agents
2026-05-16 02:36:14.498 7 WARNING neutron.api.rpc.agentnotifiers.dhcp_rpc_agent_api [None req-25d0c40f-545e-4930-8a6c-3dd69e1bfce8 02d1b09f7b6a4f50bc562543c76fb991 837319e3be18474083d7e8a36dbc21c3 - - default default] Unable to schedule network b4bd1e40-005f-4177-ae46-e03627b97421: no agents available; will retry on subsequent port and subnet creation events.
2026-05-16 02:36:14.933 7 INFO neutron.db.ovn_revision_numbers_db [None req-25d0c40f-545e-4930-8a6c-3dd69e1bfce8 02d1b09f7b6a4f50bc562543c76fb991 837319e3be18474083d7e8a36dbc21c3 - - default default] Successfully bumped revision number for resource b48a6d34-9d50-4877-ad48-6ab8fe2ae9b8 (type: ports) to 2
