2026-05-16 02:36:58.175 7 WARNING neutron.db.securitygroups_db [None req-063d5430-ca22-42cd-a284-97494e34224f 02d1b09f7b6a4f50bc562543c76fb991 837319e3be18474083d7e8a36dbc21c3 - - default default] project_id key not found in filters, using tenant_id instead. This support has been deprecated and will be removed in a future release.
2026-05-16 02:36:58.187 8 INFO neutron.db.ovn_revision_numbers_db [None req-12fc7a75-0f35-4594-8e31-55c3eb49e41b 02d1b09f7b6a4f50bc562543c76fb991 837319e3be18474083d7e8a36dbc21c3 - - default default] Successfully bumped revision number for resource 2c4e5a8d-0946-4367-abcd-c8574d0550f1 (type: security_group_rules) to 0
2026-05-16 02:36:58.199 8 INFO neutron.db.ovn_revision_numbers_db [None req-12fc7a75-0f35-4594-8e31-55c3eb49e41b 02d1b09f7b6a4f50bc562543c76fb991 837319e3be18474083d7e8a36dbc21c3 - - default default] Successfully bumped revision number for resource 3834b7db-9669-4395-9b07-3e99633331ae (type: security_group_rules) to 0
2026-05-16 02:36:58.213 8 INFO neutron.db.ovn_revision_numbers_db [None req-12fc7a75-0f35-4594-8e31-55c3eb49e41b 02d1b09f7b6a4f50bc562543c76fb991 837319e3be18474083d7e8a36dbc21c3 - - default default] Successfully bumped revision number for resource 48d35995-7c95-4828-afc0-69c9a1dadb72 (type: security_group_rules) to 0
2026-05-16 02:36:58.226 8 INFO neutron.db.ovn_revision_numbers_db [None req-12fc7a75-0f35-4594-8e31-55c3eb49e41b 02d1b09f7b6a4f50bc562543c76fb991 837319e3be18474083d7e8a36dbc21c3 - - default default] Successfully bumped revision number for resource 7cb1b0e6-cedc-411d-a0b7-f90581f968ed (type: security_group_rules) to 0 [pid: 8|app: 0|req: 1249/2431] 10.0.0.162 () {32 vars in 773 bytes} [Sat May 16 02:36:57 2026] GET /v2.0/security-groups?tenant_id=55d122c7d1b9431189c9350281d7a975&name=default => generated 2925 bytes in 407 msecs (HTTP/1.1 200) 4 headers in 158 bytes (1 switches on core 0)
2026-05-16 02:36:58.304 7 INFO neutron.db.ovn_revision_numbers_db [None req-063d5430-ca22-42cd-a284-97494e34224f 02d1b09f7b6a4f50bc562543c76fb991 837319e3be18474083d7e8a36dbc21c3 - - default default] Successfully bumped revision number for resource 6a8f4dc0-6c65-434e-81d3-1765f1a016c6 (type: security_groups) to 1
2026-05-16 02:36:58.317 7 INFO neutron.db.ovn_revision_numbers_db [None req-063d5430-ca22-42cd-a284-97494e34224f 02d1b09f7b6a4f50bc562543c76fb991 837319e3be18474083d7e8a36dbc21c3 - - default default] Successfully bumped revision number for resource 087d4e08-3f94-4294-8513-acebb288ccd0 (type: security_group_rules) to 0
2026-05-16 02:36:58.330 7 INFO neutron.db.ovn_revision_numbers_db [None req-063d5430-ca22-42cd-a284-97494e34224f 02d1b09f7b6a4f50bc562543c76fb991 837319e3be18474083d7e8a36dbc21c3 - - default default] Successfully bumped revision number for resource 265ce6f9-04bb-4394-8d0d-c050db8b8ba3 (type: security_group_rules) to 0
2026-05-16 02:36:58.343 7 INFO neutron.db.ovn_revision_numbers_db [None req-063d5430-ca22-42cd-a284-97494e34224f 02d1b09f7b6a4f50bc562543c76fb991 837319e3be18474083d7e8a36dbc21c3 - - default default] Successfully bumped revision number for resource 605ad593-71b0-4ba3-9936-a613e611ee90 (type: security_group_rules) to 0
2026-05-16 02:36:58.361 7 INFO neutron.db.ovn_revision_numbers_db [None req-063d5430-ca22-42cd-a284-97494e34224f 02d1b09f7b6a4f50bc562543c76fb991 837319e3be18474083d7e8a36dbc21c3 - - default default] Successfully bumped revision number for resource e42a8ab8-3109-41c8-b4e1-01b34a26098d (type: security_group_rules) to 0 [pid: 7|app: 0|req: 1183/2432] 10.0.0.162 () {32 vars in 773 bytes} [Sat May 16 02:36:58 2026] GET /v2.0/security-groups?tenant_id=8f146e1beee14b1cbed0b1303a6543be&name=default => generated 2925 bytes in 251 msecs (HTTP/1.1 200) 4 headers in 158 bytes (1 switches on core 0) [pid: 8|app: 0|req: 1250/2433] 10.0.0.162 () {32 vars in 739 bytes} [Sat May 16 02:36:58 2026] DELETE /v2.0/security-groups/ea766993-627c-4325-95db-93fee19b8281 => generated 0 bytes in 319 msecs (HTTP/1.1 204) 2 headers in 112 bytes (1 switches on core 0) [pid: 7|app: 0|req: 1184/2434] 10.0.0.162 () {32 vars in 739 bytes} [Sat May 16 02:36:58 2026] DELETE /v2.0/security-groups/6a8f4dc0-6c65-434e-81d3-1765f1a016c6 => generated 0 bytes in 231 msecs (HTTP/1.1 204) 2 headers in 112 bytes (1 switches on core 0)
2026-05-16 02:36:58.717 8 WARNING neutron.db.securitygroups_db [None req-26579a8c-cf2d-476e-9503-6f7ba1c7d235 02d1b09f7b6a4f50bc562543c76fb991 837319e3be18474083d7e8a36dbc21c3 - - default default] project_id key not found in filters, using tenant_id instead. This support has been deprecated and will be removed in a future release.
2026-05-16 02:36:58.825 8 INFO neutron.db.ovn_revision_numbers_db [None req-26579a8c-cf2d-476e-9503-6f7ba1c7d235 02d1b09f7b6a4f50bc562543c76fb991 837319e3be18474083d7e8a36dbc21c3 - - default default] Successfully bumped revision number for resource 751294bd-ec8f-4ba2-a777-c65b7731ba10 (type: security_groups) to 1
2026-05-16 02:36:58.836 8 INFO neutron.db.ovn_revision_numbers_db [None req-26579a8c-cf2d-476e-9503-6f7ba1c7d235 02d1b09f7b6a4f50bc562543c76fb991 837319e3be18474083d7e8a36dbc21c3 - - default default] Successfully bumped revision number for resource 1fe2eb26-eea2-4512-b15f-e6eaaef378b0 (type: security_group_rules) to 0
2026-05-16 02:36:58.847 8 INFO neutron.db.ovn_revision_numbers_db [None req-26579a8c-cf2d-476e-9503-6f7ba1c7d235 02d1b09f7b6a4f50bc562543c76fb991 837319e3be18474083d7e8a36dbc21c3 - - default default] Successfully bumped revision number for resource 20e63e92-9142-4f8d-a459-a0f3d37733cd (type: security_group_rules) to 0
2026-05-16 02:36:58.858 8 INFO neutron.db.ovn_revision_numbers_db [None req-26579a8c-cf2d-476e-9503-6f7ba1c7d235 02d1b09f7b6a4f50bc562543c76fb991 837319e3be18474083d7e8a36dbc21c3 - - default default] Successfully bumped revision number for resource 68c4c0d2-98df-4e38-9c7f-0e11c1610306 (type: security_group_rules) to 0
2026-05-16 02:36:58.868 8 INFO neutron.db.ovn_revision_numbers_db [None req-26579a8c-cf2d-476e-9503-6f7ba1c7d235 02d1b09f7b6a4f50bc562543c76fb991 837319e3be18474083d7e8a36dbc21c3 - - default default] Successfully bumped revision number for resource 8d00db73-d68c-48cc-bf41-c33f01d14796 (type: security_group_rules) to 0 [pid: 8|app: 0|req: 1251/2435] 10.0.0.162 () {32 vars in 773 bytes} [Sat May 16 02:36:58 2026] GET /v2.0/security-groups?tenant_id=b154333925854cabaeef6a66cc84ffcf&name=default => generated 2925 bytes in 192 msecs (HTTP/1.1 200) 4 headers in 158 bytes (1 switches on core 0) [pid: 7|app: 0|req: 1185/2436] 10.0.0.162 () {32 vars in 739 bytes} [Sat May 16 02:36:58 2026] DELETE /v2.0/security-groups/751294bd-ec8f-4ba2-a777-c65b7731ba10 => generated 0 bytes in 187 msecs (HTTP/1.1 204) 2 headers in 112 bytes (1 switches on core 0) [pid: 8|app: 0|req: 1252/2437] 199.204.45.4 () {34 vars in 983 bytes} [Sat May 16 02:36:59 2026] GET /v2.0/networks?id=0eb7419e-2cba-4fed-938c-139c175a9970 => generated 742 bytes in 62 msecs (HTTP/1.1 200) 4 headers in 157 bytes (1 switches on core 0)
2026-05-16 02:36:59.573 7 WARNING neutron.db.securitygroups_db [req-f9c0f895-512e-4d3e-bcf4-313fe2b02d56 req-f1bb7da1-4ea4-4a31-88e7-447bfb10fe72 8035cc942436495bad661041912d3eda 63f35ee84d1741dc85a9156494d1f894 - - default default] project_id key not found in filters, using tenant_id instead. This support has been deprecated and will be removed in a future release. [pid: 7|app: 0|req: 1186/2438] 199.204.45.4 () {34 vars in 1047 bytes} [Sat May 16 02:36:59 2026] GET /v2.0/security-groups?fields=id&fields=name&tenant_id=63f35ee84d1741dc85a9156494d1f894 => generated 178 bytes in 37 msecs (HTTP/1.1 200) 4 headers in 157 bytes (1 switches on core 0)
2026-05-16 02:36:59.912 8 WARNING neutron.scheduler.dhcp_agent_scheduler [req-f9c0f895-512e-4d3e-bcf4-313fe2b02d56 req-c9da3f64-edaa-41b5-8224-c0490a6cf547 8035cc942436495bad661041912d3eda 63f35ee84d1741dc85a9156494d1f894 - - default default] No more DHCP agents
2026-05-16 02:36:59.914 8 WARNING neutron.api.rpc.agentnotifiers.dhcp_rpc_agent_api [req-f9c0f895-512e-4d3e-bcf4-313fe2b02d56 req-c9da3f64-edaa-41b5-8224-c0490a6cf547 8035cc942436495bad661041912d3eda 63f35ee84d1741dc85a9156494d1f894 - - default default] Unable to schedule network 0eb7419e-2cba-4fed-938c-139c175a9970: no agents available; will retry on subsequent port and subnet creation events.
2026-05-16 02:37:00.050 8 INFO neutron.plugins.ml2.drivers.ovn.mech_driver.mech_driver [None req-875a6618-772d-45e3-b27b-d481532820b1 - - - - - -] OVN reports status down for port: 87a6380d-268e-4eea-9096-27de6f8cc706
2026-05-16 02:37:00.114 8 INFO neutron.db.ovn_revision_numbers_db [req-f9c0f895-512e-4d3e-bcf4-313fe2b02d56 req-c9da3f64-edaa-41b5-8224-c0490a6cf547 8035cc942436495bad661041912d3eda 63f35ee84d1741dc85a9156494d1f894 - - default default] Successfully bumped revision number for resource 87a6380d-268e-4eea-9096-27de6f8cc706 (type: ports) to 1 [pid: 8|app: 0|req: 1253/2439] 199.204.45.4 () {38 vars in 952 bytes} [Sat May 16 02:36:59 2026] POST /v2.0/ports => generated 1183 bytes in 597 msecs (HTTP/1.1 201) 4 headers in 163 bytes (1 switches on core 0) /var/lib/openstack/lib/python3.12/site-packages/pycadf/identifier.py:70: UserWarning: Invalid uuid: neutron. To ensure interoperability, identifiers should be a valid uuid. warnings.warn(('Invalid uuid: %s. To ensure interoperability, ' [pid: 8|app: 0|req: 1254/2440] 10.0.0.144 () {34 vars in 989 bytes} [Sat May 16 02:37:00 2026] GET /v2.0/ports?device_id=24c8b6e9-b715-44bf-bd53-8399e519eb5b => generated 1186 bytes in 41 msecs (HTTP/1.1 200) 4 headers in 158 bytes (1 switches on core 0) [pid: 8|app: 0|req: 1255/2441] 10.0.0.144 () {34 vars in 1039 bytes} [Sat May 16 02:37:00 2026] GET /v2.0/security-groups?id=c205ae70-62c6-476c-9ffd-8bc26ecde1b1&fields=id&fields=name => generated 111 bytes in 40 msecs (HTTP/1.1 200) 4 headers in 157 bytes (1 switches on core 0)
2026-05-16 02:37:00.593 7 INFO neutron.db.ovn_revision_numbers_db [req-f9c0f895-512e-4d3e-bcf4-313fe2b02d56 req-bc0d33a3-74fa-4cc8-80c5-605b673466b0 b1aff0b174fb4c66af3764638a5a61c4 bb97ca797fe644bfb6c7dd9ed950dbf5 - - 4a07e8a173014b7ea111fa3e4dffa0ca 4a07e8a173014b7ea111fa3e4dffa0ca] Successfully bumped revision number for resource 87a6380d-268e-4eea-9096-27de6f8cc706 (type: ports) to 2
2026-05-16 02:37:00.810 7 INFO neutron.db.ovn_revision_numbers_db [req-f9c0f895-512e-4d3e-bcf4-313fe2b02d56 req-bc0d33a3-74fa-4cc8-80c5-605b673466b0 b1aff0b174fb4c66af3764638a5a61c4 bb97ca797fe644bfb6c7dd9ed950dbf5 - - 4a07e8a173014b7ea111fa3e4dffa0ca 4a07e8a173014b7ea111fa3e4dffa0ca] Successfully bumped revision number for resource 87a6380d-268e-4eea-9096-27de6f8cc706 (type: ports) to 4 [pid: 7|app: 0|req: 1187/2442] 199.204.45.4 () {38 vars in 1025 bytes} [Sat May 16 02:37:00 2026] PUT /v2.0/ports/87a6380d-268e-4eea-9096-27de6f8cc706 => generated 1456 bytes in 610 msecs (HTTP/1.1 200) 4 headers in 158 bytes (1 switches on core 0)
2026-05-16 02:37:00.869 7 INFO neutron.notifiers.nova [-] Nova event matching ['req-32a0a70b-f957-4e4e-94f1-2e7997a3dc4b'] response: {'name': 'network-changed', 'server_uuid': '24c8b6e9-b715-44bf-bd53-8399e519eb5b', 'tag': '87a6380d-268e-4eea-9096-27de6f8cc706', 'status': 'completed', 'code': 200} /var/lib/openstack/lib/python3.12/site-packages/pycadf/identifier.py:70: UserWarning: Invalid uuid: neutron. To ensure interoperability, identifiers should be a valid uuid. warnings.warn(('Invalid uuid: %s. To ensure interoperability, ' [pid: 7|app: 0|req: 1189/2445] 199.204.45.4 () {34 vars in 1077 bytes} [Sat May 16 02:37:01 2026] GET /v2.0/ports?tenant_id=63f35ee84d1741dc85a9156494d1f894&device_id=24c8b6e9-b715-44bf-bd53-8399e519eb5b => generated 1459 bytes in 32 msecs (HTTP/1.1 200) 4 headers in 158 bytes (1 switches on core 0) [pid: 8|app: 0|req: 1257/2446] 199.204.45.4 () {34 vars in 1015 bytes} [Sat May 16 02:37:01 2026] GET /v2.0/networks?tenant_id=63f35ee84d1741dc85a9156494d1f894&shared=False => generated 2497 bytes in 60 msecs (HTTP/1.1 200) 4 headers in 158 bytes (1 switches on core 0) [pid: 7|app: 0|req: 1190/2447] 199.204.45.4 () {34 vars in 927 bytes} [Sat May 16 02:37:01 2026] GET /v2.0/networks?shared=True => generated 791 bytes in 34 msecs (HTTP/1.1 200) 4 headers in 157 bytes (1 switches on core 0)
2026-05-16 02:37:02.387 8 WARNING keystonemiddleware.audit [req-46ab6a1f-e438-48c2-b77d-f5b159c93ebc req-caf628de-02ef-49ad-a2c3-8631362b2221 b1aff0b174fb4c66af3764638a5a61c4 bb97ca797fe644bfb6c7dd9ed950dbf5 - - 4a07e8a173014b7ea111fa3e4dffa0ca 4a07e8a173014b7ea111fa3e4dffa0ca] Skipping service tempest-service-1505553096 as it have no endpoints.
2026-05-16 02:37:02.555 8 INFO neutron.db.ovn_revision_numbers_db [None req-d668bc4c-d1fa-4f6a-b5e1-5299b02e21b9 f13cb9c2898541bfb57fd9aaf7d4fd9f 504000cb70054942a9ae8771ab17edd4 - - default default] Successfully bumped revision number for resource a14f1793-bb77-491e-ad5a-a3f2099aae1c (type: security_groups) to 1
2026-05-16 02:37:02.568 8 INFO neutron.db.ovn_revision_numbers_db [None req-d668bc4c-d1fa-4f6a-b5e1-5299b02e21b9 f13cb9c2898541bfb57fd9aaf7d4fd9f 504000cb70054942a9ae8771ab17edd4 - - default default] Successfully bumped revision number for resource 06aaa1c6-a3fc-449c-ad9b-35dc438f54cc (type: security_group_rules) to 0 [pid: 7|app: 0|req: 1191/2448] 199.204.45.4 () {34 vars in 1077 bytes} [Sat May 16 02:37:02 2026] GET /v2.0/ports?tenant_id=63f35ee84d1741dc85a9156494d1f894&device_id=24c8b6e9-b715-44bf-bd53-8399e519eb5b => generated 1459 bytes in 31 msecs (HTTP/1.1 200) 4 headers in 158 bytes (1 switches on core 0)
2026-05-16 02:37:02.581 8 INFO neutron.db.ovn_revision_numbers_db [None req-d668bc4c-d1fa-4f6a-b5e1-5299b02e21b9 f13cb9c2898541bfb57fd9aaf7d4fd9f 504000cb70054942a9ae8771ab17edd4 - - default default] Successfully bumped revision number for resource 11901d9a-0424-4ba5-9ecc-55a5cb9d2d3e (type: security_group_rules) to 0 [pid: 7|app: 0|req: 1192/2449] 199.204.45.4 () {34 vars in 1053 bytes} [Sat May 16 02:37:02 2026] GET /v2.0/floatingips?fixed_ip_address=10.2.2.18&port_id=87a6380d-268e-4eea-9096-27de6f8cc706 => generated 19 bytes in 14 msecs (HTTP/1.1 200) 4 headers in 156 bytes (1 switches on core 0)
2026-05-16 02:37:02.596 8 INFO neutron.db.ovn_revision_numbers_db [None req-d668bc4c-d1fa-4f6a-b5e1-5299b02e21b9 f13cb9c2898541bfb57fd9aaf7d4fd9f 504000cb70054942a9ae8771ab17edd4 - - default default] Successfully bumped revision number for resource 53e802a3-cf15-4033-b67f-d764d138108a (type: security_group_rules) to 0
2026-05-16 02:37:02.608 8 INFO neutron.db.ovn_revision_numbers_db [None req-d668bc4c-d1fa-4f6a-b5e1-5299b02e21b9 f13cb9c2898541bfb57fd9aaf7d4fd9f 504000cb70054942a9ae8771ab17edd4 - - default default] Successfully bumped revision number for resource 76008257-b37a-4120-91ae-93cfc11b161a (type: security_group_rules) to 0 [pid: 7|app: 0|req: 1193/2450] 199.204.45.4 () {34 vars in 1103 bytes} [Sat May 16 02:37:02 2026] GET /v2.0/floatingips?fixed_ip_address=fd77%3A1457%3A4cf0%3A26a8%3A%3A290&port_id=87a6380d-268e-4eea-9096-27de6f8cc706 => generated 19 bytes in 13 msecs (HTTP/1.1 200) 4 headers in 156 bytes (1 switches on core 0) [pid: 7|app: 0|req: 1194/2451] 199.204.45.4 () {34 vars in 1061 bytes} [Sat May 16 02:37:02 2026] GET /v2.0/subnets?id=87b552d8-8cc2-4179-b1ef-0c75291f6d8a&id=1ae961fc-733f-4b22-acba-a33eeba7c91d => generated 1413 bytes in 26 msecs (HTTP/1.1 200) 4 headers in 158 bytes (1 switches on core 0) [pid: 7|app: 0|req: 1195/2452] 199.204.45.4 () {34 vars in 1049 bytes} [Sat May 16 02:37:02 2026] GET /v2.0/ports?network_id=0eb7419e-2cba-4fed-938c-139c175a9970&device_owner=network%3Adhcp => generated 12 bytes in 13 msecs (HTTP/1.1 200) 4 headers in 156 bytes (1 switches on core 0)
2026-05-16 02:37:02.682 8 INFO neutron.db.segments_db [None req-d668bc4c-d1fa-4f6a-b5e1-5299b02e21b9 f13cb9c2898541bfb57fd9aaf7d4fd9f 504000cb70054942a9ae8771ab17edd4 - - default default] Added segment 2007734e-0b21-4a2c-b8be-5bd790b7a209 of type geneve for network 6f3e1da4-2ccc-40a0-a604-6d2c32233f2e [pid: 7|app: 0|req: 1196/2453] 199.204.45.4 () {34 vars in 1049 bytes} [Sat May 16 02:37:02 2026] GET /v2.0/ports?network_id=0eb7419e-2cba-4fed-938c-139c175a9970&device_owner=network%3Adhcp => generated 12 bytes in 12 msecs (HTTP/1.1 200) 4 headers in 156 bytes (1 switches on core 0) [pid: 7|app: 0|req: 1197/2454] 199.204.45.4 () {34 vars in 1009 bytes} [Sat May 16 02:37:02 2026] GET /v2.0/networks/0eb7419e-2cba-4fed-938c-139c175a9970?fields=segments => generated 14 bytes in 31 msecs (HTTP/1.1 200) 4 headers in 156 bytes (1 switches on core 0) [pid: 7|app: 0|req: 1198/2455] 199.204.45.4 () {34 vars in 1109 bytes} [Sat May 16 02:37:02 2026] GET /v2.0/networks/0eb7419e-2cba-4fed-938c-139c175a9970?fields=provider%3Aphysical_network&fields=provider%3Anetwork_type => generated 79 bytes in 43 msecs (HTTP/1.1 200) 4 headers in 156 bytes (1 switches on core 0)
2026-05-16 02:37:02.817 8 INFO neutron.db.ovn_revision_numbers_db [None req-d668bc4c-d1fa-4f6a-b5e1-5299b02e21b9 f13cb9c2898541bfb57fd9aaf7d4fd9f 504000cb70054942a9ae8771ab17edd4 - - default default] Successfully bumped revision number for resource 6f3e1da4-2ccc-40a0-a604-6d2c32233f2e (type: networks) to 1
2026-05-16 02:37:02.974 8 WARNING neutron.scheduler.dhcp_agent_scheduler [None req-d668bc4c-d1fa-4f6a-b5e1-5299b02e21b9 f13cb9c2898541bfb57fd9aaf7d4fd9f 504000cb70054942a9ae8771ab17edd4 - - default default] No more DHCP agents
2026-05-16 02:37:02.975 8 WARNING neutron.api.rpc.agentnotifiers.dhcp_rpc_agent_api [None req-d668bc4c-d1fa-4f6a-b5e1-5299b02e21b9 f13cb9c2898541bfb57fd9aaf7d4fd9f 504000cb70054942a9ae8771ab17edd4 - - default default] Unable to schedule network 6f3e1da4-2ccc-40a0-a604-6d2c32233f2e: no agents available; will retry on subsequent port and subnet creation events.
2026-05-16 02:37:03.018 7 INFO neutron.plugins.ml2.drivers.ovn.mech_driver.mech_driver [None req-f32a9a88-bc34-4a02-ba9f-bd3375dfe4ee - - - - - -] OVN reports status down for port: 4279b4aa-57c6-432a-a1e1-70f317c08dbb
2026-05-16 02:37:03.071 8 INFO neutron.db.ovn_revision_numbers_db [None req-d668bc4c-d1fa-4f6a-b5e1-5299b02e21b9 f13cb9c2898541bfb57fd9aaf7d4fd9f 504000cb70054942a9ae8771ab17edd4 - - default default] Successfully bumped revision number for resource 4279b4aa-57c6-432a-a1e1-70f317c08dbb (type: ports) to 1 [pid: 8|app: 0|req: 1258/2456] 10.0.0.162 () {34 vars in 669 bytes} [Sat May 16 02:37:02 2026] POST /v2.0/networks => generated 670 bytes in 838 msecs (HTTP/1.1 201) 4 headers in 162 bytes (1 switches on core 0)
2026-05-16 02:37:03.112 7 WARNING keystonemiddleware.audit [req-f9c0f895-512e-4d3e-bcf4-313fe2b02d56 req-df27971e-988d-4e30-a7ca-7184e99cd581 b1aff0b174fb4c66af3764638a5a61c4 bb97ca797fe644bfb6c7dd9ed950dbf5 - - 4a07e8a173014b7ea111fa3e4dffa0ca 4a07e8a173014b7ea111fa3e4dffa0ca] Skipping service tempest-service-1505553096 as it have no endpoints.
2026-05-16 02:37:03.270 8 WARNING neutron.db.securitygroups_db [None req-1242a2c6-fbeb-4847-b211-38ae8b0f9f52 02d1b09f7b6a4f50bc562543c76fb991 837319e3be18474083d7e8a36dbc21c3 - - default default] project_id key not found in filters, using tenant_id instead. This support has been deprecated and will be removed in a future release.
2026-05-16 02:37:03.331 7 WARNING neutron.scheduler.dhcp_agent_scheduler [None req-31f55396-fd8a-493a-a962-7f523b96ee16 f13cb9c2898541bfb57fd9aaf7d4fd9f 504000cb70054942a9ae8771ab17edd4 - - default default] No more DHCP agents
2026-05-16 02:37:03.332 7 WARNING neutron.api.rpc.agentnotifiers.dhcp_rpc_agent_api [None req-31f55396-fd8a-493a-a962-7f523b96ee16 f13cb9c2898541bfb57fd9aaf7d4fd9f 504000cb70054942a9ae8771ab17edd4 - - default default] Unable to schedule network 6f3e1da4-2ccc-40a0-a604-6d2c32233f2e: no agents available; will retry on subsequent port and subnet creation events.
2026-05-16 02:37:03.387 8 INFO neutron.db.ovn_revision_numbers_db [None req-1242a2c6-fbeb-4847-b211-38ae8b0f9f52 02d1b09f7b6a4f50bc562543c76fb991 837319e3be18474083d7e8a36dbc21c3 - - default default] Successfully bumped revision number for resource 49952a36-ffb0-4bd5-8d05-63b6bfaba2d0 (type: security_groups) to 1
2026-05-16 02:37:03.401 8 INFO neutron.db.ovn_revision_numbers_db [None req-1242a2c6-fbeb-4847-b211-38ae8b0f9f52 02d1b09f7b6a4f50bc562543c76fb991 837319e3be18474083d7e8a36dbc21c3 - - default default] Successfully bumped revision number for resource 37781799-29bc-4012-89e3-1697a54cbb7d (type: security_group_rules) to 0
2026-05-16 02:37:03.413 8 INFO neutron.db.ovn_revision_numbers_db [None req-1242a2c6-fbeb-4847-b211-38ae8b0f9f52 02d1b09f7b6a4f50bc562543c76fb991 837319e3be18474083d7e8a36dbc21c3 - - default default] Successfully bumped revision number for resource 4186c885-605a-4a00-a1bb-c0994267e89c (type: security_group_rules) to 0
2026-05-16 02:37:03.424 8 INFO neutron.db.ovn_revision_numbers_db [None req-1242a2c6-fbeb-4847-b211-38ae8b0f9f52 02d1b09f7b6a4f50bc562543c76fb991 837319e3be18474083d7e8a36dbc21c3 - - default default] Successfully bumped revision number for resource 6607029c-9c43-4b37-99d2-4b0c45d23a6c (type: security_group_rules) to 0
2026-05-16 02:37:03.434 8 INFO neutron.db.ovn_revision_numbers_db [None req-1242a2c6-fbeb-4847-b211-38ae8b0f9f52 02d1b09f7b6a4f50bc562543c76fb991 837319e3be18474083d7e8a36dbc21c3 - - default default] Successfully bumped revision number for resource ad6c76f3-1579-4c70-95dd-d0191d246890 (type: security_group_rules) to 0 [pid: 8|app: 0|req: 1259/2457] 10.0.0.162 () {32 vars in 773 bytes} [Sat May 16 02:37:03 2026] GET /v2.0/security-groups?tenant_id=47af5e6ee4e24f9088f5d0dd5bda047d&name=default => generated 2925 bytes in 349 msecs (HTTP/1.1 200) 4 headers in 158 bytes (1 switches on core 0) [pid: 8|app: 0|req: 1260/2458] 10.0.0.162 () {32 vars in 739 bytes} [Sat May 16 02:37:03 2026] DELETE /v2.0/security-groups/49952a36-ffb0-4bd5-8d05-63b6bfaba2d0 => generated 0 bytes in 177 msecs (HTTP/1.1 204) 2 headers in 112 bytes (1 switches on core 0)
2026-05-16 02:37:03.742 8 WARNING neutron.db.securitygroups_db [None req-e4150b31-b079-416f-93f3-30b783763b54 02d1b09f7b6a4f50bc562543c76fb991 837319e3be18474083d7e8a36dbc21c3 - - default default] project_id key not found in filters, using tenant_id instead. This support has been deprecated and will be removed in a future release.
2026-05-16 02:37:03.795 7 INFO neutron.db.ovn_revision_numbers_db [None req-31f55396-fd8a-493a-a962-7f523b96ee16 f13cb9c2898541bfb57fd9aaf7d4fd9f 504000cb70054942a9ae8771ab17edd4 - - default default] Successfully bumped revision number for resource 4279b4aa-57c6-432a-a1e1-70f317c08dbb (type: ports) to 2
2026-05-16 02:37:03.828 7 INFO neutron.db.ovn_revision_numbers_db [None req-31f55396-fd8a-493a-a962-7f523b96ee16 f13cb9c2898541bfb57fd9aaf7d4fd9f 504000cb70054942a9ae8771ab17edd4 - - default default] Successfully bumped revision number for resource 5ed963d0-3ddc-4874-b0b8-9c12b8a6431d (type: subnets) to 0 [pid: 7|app: 0|req: 1199/2459] 10.0.0.162 () {34 vars in 668 bytes} [Sat May 16 02:37:03 2026] POST /v2.0/subnets => generated 626 bytes in 734 msecs (HTTP/1.1 201) 4 headers in 162 bytes (1 switches on core 0)
2026-05-16 02:37:03.855 7 WARNING keystonemiddleware.audit [None req-31f55396-fd8a-493a-a962-7f523b96ee16 f13cb9c2898541bfb57fd9aaf7d4fd9f 504000cb70054942a9ae8771ab17edd4 - - default default] Skipping service tempest-service-1505553096 as it have no endpoints.
2026-05-16 02:37:03.882 8 INFO neutron.db.ovn_revision_numbers_db [None req-e4150b31-b079-416f-93f3-30b783763b54 02d1b09f7b6a4f50bc562543c76fb991 837319e3be18474083d7e8a36dbc21c3 - - default default] Successfully bumped revision number for resource e00e2b96-5e81-4228-ac82-569aac583fb5 (type: security_groups) to 1
2026-05-16 02:37:03.892 8 INFO neutron.db.ovn_revision_numbers_db [None req-e4150b31-b079-416f-93f3-30b783763b54 02d1b09f7b6a4f50bc562543c76fb991 837319e3be18474083d7e8a36dbc21c3 - - default default] Successfully bumped revision number for resource 1f981ebc-ed61-4d78-86e8-2c40552f431d (type: security_group_rules) to 0 [pid: 7|app: 0|req: 1200/2460] 10.0.0.162 () {34 vars in 750 bytes} [Sat May 16 02:37:03 2026] PUT /v2.0/subnets/5ed963d0-3ddc-4874-b0b8-9c12b8a6431d/tags => generated 25 bytes in 51 msecs (HTTP/1.1 200) 4 headers in 156 bytes (1 switches on core 0)
2026-05-16 02:37:03.903 8 INFO neutron.db.ovn_revision_numbers_db [None req-e4150b31-b079-416f-93f3-30b783763b54 02d1b09f7b6a4f50bc562543c76fb991 837319e3be18474083d7e8a36dbc21c3 - - default default] Successfully bumped revision number for resource 9da6a60b-7a9b-4131-88bc-bdb5c47f7ce7 (type: security_group_rules) to 0
2026-05-16 02:37:03.908 7 WARNING keystonemiddleware.audit [None req-2154b13d-b8d4-4324-8578-c4ba3316db99 f13cb9c2898541bfb57fd9aaf7d4fd9f 504000cb70054942a9ae8771ab17edd4 - - default default] Skipping service tempest-service-1505553096 as it have no endpoints.
2026-05-16 02:37:03.914 8 INFO neutron.db.ovn_revision_numbers_db [None req-e4150b31-b079-416f-93f3-30b783763b54 02d1b09f7b6a4f50bc562543c76fb991 837319e3be18474083d7e8a36dbc21c3 - - default default] Successfully bumped revision number for resource f09b9228-e6f0-4cc2-953f-402edc8ae216 (type: security_group_rules) to 0
2026-05-16 02:37:03.926 8 INFO neutron.db.ovn_revision_numbers_db [None req-e4150b31-b079-416f-93f3-30b783763b54 02d1b09f7b6a4f50bc562543c76fb991 837319e3be18474083d7e8a36dbc21c3 - - default default] Successfully bumped revision number for resource ff20eadf-7fb5-41ec-a6fd-53665b9b7451 (type: security_group_rules) to 0 [pid: 7|app: 0|req: 1201/2461] 10.0.0.162 () {32 vars in 730 bytes} [Sat May 16 02:37:03 2026] GET /v2.0/subnets/5ed963d0-3ddc-4874-b0b8-9c12b8a6431d/tags => generated 25 bytes in 33 msecs (HTTP/1.1 200) 4 headers in 156 bytes (1 switches on core 0)
2026-05-16 02:37:03.946 7 WARNING keystonemiddleware.audit [None req-b37935f7-c54e-4346-b639-8c91f6ebba3f f13cb9c2898541bfb57fd9aaf7d4fd9f 504000cb70054942a9ae8771ab17edd4 - - default default] Skipping service tempest-service-1505553096 as it have no endpoints. [pid: 8|app: 0|req: 1261/2462] 10.0.0.162 () {32 vars in 773 bytes} [Sat May 16 02:37:03 2026] GET /v2.0/security-groups?tenant_id=d666a8a026534aebae7b2326f55130f0&name=default => generated 2925 bytes in 225 msecs (HTTP/1.1 200) 4 headers in 158 bytes (1 switches on core 0) [pid: 7|app: 0|req: 1202/2463] 10.0.0.162 () {34 vars in 761 bytes} [Sat May 16 02:37:03 2026] PUT /v2.0/subnets/5ed963d0-3ddc-4874-b0b8-9c12b8a6431d/tags/green => generated 4 bytes in 62 msecs (HTTP/1.1 201) 4 headers in 160 bytes (1 switches on core 0)
2026-05-16 02:37:04.013 7 WARNING keystonemiddleware.audit [None req-b5c0f2c1-39c7-4e3f-b735-397c48141d5e f13cb9c2898541bfb57fd9aaf7d4fd9f 504000cb70054942a9ae8771ab17edd4 - - default default] Skipping service tempest-service-1505553096 as it have no endpoints. [pid: 7|app: 0|req: 1203/2464] 10.0.0.162 () {32 vars in 730 bytes} [Sat May 16 02:37:04 2026] GET /v2.0/subnets/5ed963d0-3ddc-4874-b0b8-9c12b8a6431d/tags => generated 34 bytes in 55 msecs (HTTP/1.1 200) 4 headers in 156 bytes (1 switches on core 0)
2026-05-16 02:37:04.079 7 WARNING keystonemiddleware.audit [None req-e5c119d5-1140-4237-a86e-0b2683b75ebd f13cb9c2898541bfb57fd9aaf7d4fd9f 504000cb70054942a9ae8771ab17edd4 - - default default] Skipping service tempest-service-1505553096 as it have no endpoints. [pid: 8|app: 0|req: 1262/2465] 10.0.0.162 () {32 vars in 739 bytes} [Sat May 16 02:37:03 2026] DELETE /v2.0/security-groups/e00e2b96-5e81-4228-ac82-569aac583fb5 => generated 0 bytes in 183 msecs (HTTP/1.1 204) 2 headers in 112 bytes (1 switches on core 0) [pid: 7|app: 0|req: 1204/2466] 10.0.0.162 () {34 vars in 757 bytes} [Sat May 16 02:37:04 2026] PUT /v2.0/subnets/5ed963d0-3ddc-4874-b0b8-9c12b8a6431d/tags/red => generated 4 bytes in 75 msecs (HTTP/1.1 201) 4 headers in 160 bytes (1 switches on core 0)
2026-05-16 02:37:04.155 8 WARNING keystonemiddleware.audit [None req-1531b7d0-9388-4258-8e05-bd3db7df9968 02d1b09f7b6a4f50bc562543c76fb991 837319e3be18474083d7e8a36dbc21c3 - - default default] Skipping service tempest-service-1505553096 as it have no endpoints. [pid: 8|app: 0|req: 1263/2467] 10.0.0.162 () {32 vars in 730 bytes} [Sat May 16 02:37:04 2026] GET /v2.0/subnets/5ed963d0-3ddc-4874-b0b8-9c12b8a6431d/tags => generated 34 bytes in 39 msecs (HTTP/1.1 200) 4 headers in 156 bytes (1 switches on core 0)
2026-05-16 02:37:04.201 7 WARNING keystonemiddleware.audit [None req-fdb4126b-1724-47f2-b1fb-b71f9bd46a09 f13cb9c2898541bfb57fd9aaf7d4fd9f 504000cb70054942a9ae8771ab17edd4 - - default default] Skipping service tempest-service-1505553096 as it have no endpoints. [pid: 7|app: 0|req: 1205/2468] 10.0.0.162 () {34 vars in 779 bytes} [Sat May 16 02:37:04 2026] PUT /v2.0/subnets/5ed963d0-3ddc-4874-b0b8-9c12b8a6431d/tags/black.or.white => generated 4 bytes in 78 msecs (HTTP/1.1 201) 4 headers in 160 bytes (1 switches on core 0)
2026-05-16 02:37:04.287 8 WARNING keystonemiddleware.audit [None req-33be0923-06e4-47d6-896b-faa22a6d193b f13cb9c2898541bfb57fd9aaf7d4fd9f 504000cb70054942a9ae8771ab17edd4 - - default default] Skipping service tempest-service-1505553096 as it have no endpoints. [pid: 8|app: 0|req: 1264/2469] 10.0.0.162 () {32 vars in 730 bytes} [Sat May 16 02:37:04 2026] GET /v2.0/subnets/5ed963d0-3ddc-4874-b0b8-9c12b8a6431d/tags => generated 52 bytes in 41 msecs (HTTP/1.1 200) 4 headers in 156 bytes (1 switches on core 0)
2026-05-16 02:37:04.333 7 WARNING keystonemiddleware.audit [None req-125aee2e-11c1-45c8-a5ca-62b261d0d724 f13cb9c2898541bfb57fd9aaf7d4fd9f 504000cb70054942a9ae8771ab17edd4 - - default default] Skipping service tempest-service-1505553096 as it have no endpoints. [pid: 7|app: 0|req: 1206/2470] 10.0.0.162 () {34 vars in 750 bytes} [Sat May 16 02:37:04 2026] PUT /v2.0/subnets/5ed963d0-3ddc-4874-b0b8-9c12b8a6431d/tags => generated 37 bytes in 56 msecs (HTTP/1.1 200) 4 headers in 156 bytes (1 switches on core 0)
2026-05-16 02:37:04.392 8 WARNING keystonemiddleware.audit [None req-13cdf5de-e5ac-46da-9604-7e259fa24c81 f13cb9c2898541bfb57fd9aaf7d4fd9f 504000cb70054942a9ae8771ab17edd4 - - default default] Skipping service tempest-service-1505553096 as it have no endpoints. [pid: 8|app: 0|req: 1265/2471] 10.0.0.162 () {32 vars in 730 bytes} [Sat May 16 02:37:04 2026] GET /v2.0/subnets/5ed963d0-3ddc-4874-b0b8-9c12b8a6431d/tags => generated 37 bytes in 41 msecs (HTTP/1.1 200) 4 headers in 156 bytes (1 switches on core 0)
2026-05-16 02:37:04.436 7 WARNING keystonemiddleware.audit [None req-27f114f5-347f-4eff-a32c-c439553ce2b3 f13cb9c2898541bfb57fd9aaf7d4fd9f 504000cb70054942a9ae8771ab17edd4 - - default default] Skipping service tempest-service-1505553096 as it have no endpoints. [pid: 7|app: 0|req: 1207/2472] 10.0.0.162 () {32 vars in 738 bytes} [Sat May 16 02:37:04 2026] GET /v2.0/subnets/5ed963d0-3ddc-4874-b0b8-9c12b8a6431d/tags/red => generated 0 bytes in 51 msecs (HTTP/1.1 204) 2 headers in 112 bytes (1 switches on core 0)
2026-05-16 02:37:04.492 8 WARNING keystonemiddleware.audit [None req-6e0a9858-46f5-4372-9492-921be4381375 f13cb9c2898541bfb57fd9aaf7d4fd9f 504000cb70054942a9ae8771ab17edd4 - - default default] Skipping service tempest-service-1505553096 as it have no endpoints.
2026-05-16 02:37:04.533 8 INFO neutron.api.v2.resource [None req-7404398d-ce62-48db-8ca2-82cf7c82ae64 f13cb9c2898541bfb57fd9aaf7d4fd9f 504000cb70054942a9ae8771ab17edd4 - - default default] show failed (client error): The resource could not be found. [pid: 8|app: 0|req: 1266/2473] 10.0.0.162 () {32 vars in 742 bytes} [Sat May 16 02:37:04 2026] GET /v2.0/subnets/5ed963d0-3ddc-4874-b0b8-9c12b8a6431d/tags/green => generated 99 bytes in 46 msecs (HTTP/1.1 404) 4 headers in 163 bytes (1 switches on core 0)
2026-05-16 02:37:04.542 7 WARNING keystonemiddleware.audit [None req-93928f08-f2b6-4454-9bc4-1096c0cc96c2 f13cb9c2898541bfb57fd9aaf7d4fd9f 504000cb70054942a9ae8771ab17edd4 - - default default] Skipping service tempest-service-1505553096 as it have no endpoints. [pid: 7|app: 0|req: 1208/2474] 10.0.0.162 () {32 vars in 741 bytes} [Sat May 16 02:37:04 2026] DELETE /v2.0/subnets/5ed963d0-3ddc-4874-b0b8-9c12b8a6431d/tags/red => generated 0 bytes in 59 msecs (HTTP/1.1 204) 2 headers in 112 bytes (1 switches on core 0)
2026-05-16 02:37:04.605 8 WARNING keystonemiddleware.audit [None req-7404398d-ce62-48db-8ca2-82cf7c82ae64 f13cb9c2898541bfb57fd9aaf7d4fd9f 504000cb70054942a9ae8771ab17edd4 - - default default] Skipping service tempest-service-1505553096 as it have no endpoints. [pid: 8|app: 0|req: 1267/2475] 10.0.0.162 () {32 vars in 730 bytes} [Sat May 16 02:37:04 2026] GET /v2.0/subnets/5ed963d0-3ddc-4874-b0b8-9c12b8a6431d/tags => generated 30 bytes in 42 msecs (HTTP/1.1 200) 4 headers in 156 bytes (1 switches on core 0)
2026-05-16 02:37:04.652 7 WARNING keystonemiddleware.audit [None req-43b9eabc-62e3-4815-bf92-2ef83a2396c4 f13cb9c2898541bfb57fd9aaf7d4fd9f 504000cb70054942a9ae8771ab17edd4 - - default default] Skipping service tempest-service-1505553096 as it have no endpoints.
2026-05-16 02:37:04.694 7 INFO neutron.api.v2.resource [None req-8462a692-a5bd-4f99-8f8b-9fc3eb24b929 f13cb9c2898541bfb57fd9aaf7d4fd9f 504000cb70054942a9ae8771ab17edd4 - - default default] delete failed (client error): The resource could not be found. [pid: 7|app: 0|req: 1209/2476] 10.0.0.162 () {32 vars in 745 bytes} [Sat May 16 02:37:04 2026] DELETE /v2.0/subnets/5ed963d0-3ddc-4874-b0b8-9c12b8a6431d/tags/green => generated 99 bytes in 47 msecs (HTTP/1.1 404) 4 headers in 163 bytes (1 switches on core 0)
2026-05-16 02:37:04.705 8 WARNING keystonemiddleware.audit [None req-04153596-35b6-4d9f-9518-116c9cf8653a f13cb9c2898541bfb57fd9aaf7d4fd9f 504000cb70054942a9ae8771ab17edd4 - - default default] Skipping service tempest-service-1505553096 as it have no endpoints. [pid: 8|app: 0|req: 1268/2477] 10.0.0.162 () {32 vars in 733 bytes} [Sat May 16 02:37:04 2026] DELETE /v2.0/subnets/5ed963d0-3ddc-4874-b0b8-9c12b8a6431d/tags => generated 0 bytes in 57 msecs (HTTP/1.1 204) 2 headers in 112 bytes (1 switches on core 0)
2026-05-16 02:37:04.764 7 WARNING keystonemiddleware.audit [None req-8462a692-a5bd-4f99-8f8b-9fc3eb24b929 f13cb9c2898541bfb57fd9aaf7d4fd9f 504000cb70054942a9ae8771ab17edd4 - - default default] Skipping service tempest-service-1505553096 as it have no endpoints. [pid: 7|app: 0|req: 1210/2478] 10.0.0.162 () {32 vars in 730 bytes} [Sat May 16 02:37:04 2026] GET /v2.0/subnets/5ed963d0-3ddc-4874-b0b8-9c12b8a6431d/tags => generated 12 bytes in 37 msecs (HTTP/1.1 200) 4 headers in 156 bytes (1 switches on core 0)
2026-05-16 02:37:04.809 8 WARNING keystonemiddleware.audit [None req-e7f82f9e-faf4-46d2-b27e-3bedc193fb4b f13cb9c2898541bfb57fd9aaf7d4fd9f 504000cb70054942a9ae8771ab17edd4 - - default default] Skipping service tempest-service-1505553096 as it have no endpoints. [pid: 8|app: 0|req: 1269/2479] 10.0.0.162 () {32 vars in 723 bytes} [Sat May 16 02:37:04 2026] DELETE /v2.0/subnets/5ed963d0-3ddc-4874-b0b8-9c12b8a6431d => generated 0 bytes in 169 msecs (HTTP/1.1 204) 3 headers in 131 bytes (1 switches on core 0)
2026-05-16 02:37:04.985 7 WARNING keystonemiddleware.audit [None req-57cb0805-df5d-4eb9-a97e-ba9c13b876a6 f13cb9c2898541bfb57fd9aaf7d4fd9f 504000cb70054942a9ae8771ab17edd4 - - default default] Skipping service tempest-service-1505553096 as it have no endpoints.
2026-05-16 02:37:05.089 7 INFO neutron_taas.services.taas.taas_plugin [None req-c361300d-9bda-4086-9bb4-662e851e7ffa f13cb9c2898541bfb57fd9aaf7d4fd9f 504000cb70054942a9ae8771ab17edd4 - - default default] TaaS: Handle Delete Port: 4279b4aa-57c6-432a-a1e1-70f317c08dbb
2026-05-16 02:37:05.091 7 INFO neutron_taas.services.taas.tap_mirror_plugin [None req-c361300d-9bda-4086-9bb4-662e851e7ffa f13cb9c2898541bfb57fd9aaf7d4fd9f 504000cb70054942a9ae8771ab17edd4 - - default default] Tap Mirror: Handle Delete Port: 4279b4aa-57c6-432a-a1e1-70f317c08dbb
2026-05-16 02:37:05.269 7 INFO neutron.services.segments.plugin [-] Segment 2007734e-0b21-4a2c-b8be-5bd790b7a209 resource provider aggregate not found
2026-05-16 02:37:05.286 7 INFO neutron.services.segments.plugin [-] Segment 2007734e-0b21-4a2c-b8be-5bd790b7a209 resource provider not found; error: Placement Client Error (4xx): {"errors": [{"status": 404, "title": "Not Found", "detail": "The resource could not be found.\n\n No resource provider with uuid 2007734e-0b21-4a2c-b8be-5bd790b7a209 found for delete ", "request_id": "req-1d5837bc-42f0-470b-b9d7-648d2ac81b4c"}]}
2026-05-16 02:37:05.289 7 INFO neutron.services.segments.plugin [-] Segment 2007734e-0b21-4a2c-b8be-5bd790b7a209 resource provider aggregate not found
2026-05-16 02:37:05.311 7 INFO neutron.services.segments.plugin [-] Segment 2007734e-0b21-4a2c-b8be-5bd790b7a209 resource provider not found; error: Placement Client Error (4xx): {"errors": [{"status": 404, "title": "Not Found", "detail": "The resource could not be found.\n\n No resource provider with uuid 2007734e-0b21-4a2c-b8be-5bd790b7a209 found for delete ", "request_id": "req-5f909c5c-e42c-4a06-b4db-2f08c85e437b"}]} [pid: 7|app: 0|req: 1211/2480] 10.0.0.162 () {32 vars in 725 bytes} [Sat May 16 02:37:04 2026] DELETE /v2.0/networks/6f3e1da4-2ccc-40a0-a604-6d2c32233f2e => generated 0 bytes in 336 msecs (HTTP/1.1 204) 3 headers in 131 bytes (1 switches on core 0)
2026-05-16 02:37:05.466 8 INFO neutron.plugins.ml2.drivers.ovn.mech_driver.mech_driver [None req-875a6618-772d-45e3-b27b-d481532820b1 - - - - - -] OVN reports status up for port: 87a6380d-268e-4eea-9096-27de6f8cc706
2026-05-16 02:37:05.482 8 INFO neutron.plugins.ml2.plugin [None req-875a6618-772d-45e3-b27b-d481532820b1 - - - - - -] Attempt 1 to provision port 87a6380d-268e-4eea-9096-27de6f8cc706 [pid: 8|app: 0|req: 1270/2481] 10.0.0.144 () {34 vars in 989 bytes} [Sat May 16 02:37:05 2026] GET /v2.0/ports?device_id=24c8b6e9-b715-44bf-bd53-8399e519eb5b => generated 1198 bytes in 129 msecs (HTTP/1.1 200) 4 headers in 158 bytes (1 switches on core 0) [pid: 7|app: 0|req: 1212/2482] 10.0.0.144 () {34 vars in 1039 bytes} [Sat May 16 02:37:05 2026] GET /v2.0/security-groups?id=c205ae70-62c6-476c-9ffd-8bc26ecde1b1&fields=id&fields=name => generated 111 bytes in 35 msecs (HTTP/1.1 200) 4 headers in 157 bytes (1 switches on core 0)
2026-05-16 02:37:05.689 8 INFO neutron.notifiers.nova [-] Nova event matching ['req-de0ecfbb-de46-4af0-a2f2-898f6b3ca2b2'] response: {'server_uuid': '24c8b6e9-b715-44bf-bd53-8399e519eb5b', 'name': 'network-vif-plugged', 'status': 'completed', 'tag': '87a6380d-268e-4eea-9096-27de6f8cc706', 'code': 200}
2026-05-16 02:37:05.884 8 INFO neutron.db.ovn_revision_numbers_db [None req-875a6618-772d-45e3-b27b-d481532820b1 - - - - - -] Successfully bumped revision number for resource 87a6380d-268e-4eea-9096-27de6f8cc706 (type: ports) to 5 /var/lib/openstack/lib/python3.12/site-packages/pycadf/identifier.py:70: UserWarning: Invalid uuid: neutron. To ensure interoperability, identifiers should be a valid uuid. warnings.warn(('Invalid uuid: %s. To ensure interoperability, '
2026-05-16 02:37:06.276 8 WARNING neutron.db.securitygroups_db [None req-f923c62a-9fb0-4e2c-879e-75956ef5bff2 02d1b09f7b6a4f50bc562543c76fb991 837319e3be18474083d7e8a36dbc21c3 - - default default] project_id key not found in filters, using tenant_id instead. This support has been deprecated and will be removed in a future release.
2026-05-16 02:37:06.397 8 INFO neutron.db.ovn_revision_numbers_db [None req-f923c62a-9fb0-4e2c-879e-75956ef5bff2 02d1b09f7b6a4f50bc562543c76fb991 837319e3be18474083d7e8a36dbc21c3 - - default default] Successfully bumped revision number for resource d11180ae-4467-4e51-bd84-d52bc97bde0b (type: security_groups) to 1
2026-05-16 02:37:06.409 8 INFO neutron.db.ovn_revision_numbers_db [None req-f923c62a-9fb0-4e2c-879e-75956ef5bff2 02d1b09f7b6a4f50bc562543c76fb991 837319e3be18474083d7e8a36dbc21c3 - - default default] Successfully bumped revision number for resource 7bec7fe6-7fbd-4ec6-9329-4d051cb4c428 (type: security_group_rules) to 0
2026-05-16 02:37:06.421 8 INFO neutron.db.ovn_revision_numbers_db [None req-f923c62a-9fb0-4e2c-879e-75956ef5bff2 02d1b09f7b6a4f50bc562543c76fb991 837319e3be18474083d7e8a36dbc21c3 - - default default] Successfully bumped revision number for resource 889a78e7-27a1-4bda-95a4-67812a66053a (type: security_group_rules) to 0
2026-05-16 02:37:06.438 8 INFO neutron.db.ovn_revision_numbers_db [None req-f923c62a-9fb0-4e2c-879e-75956ef5bff2 02d1b09f7b6a4f50bc562543c76fb991 837319e3be18474083d7e8a36dbc21c3 - - default default] Successfully bumped revision number for resource 8b1eb35c-7201-486e-bc26-56631154ce1d (type: security_group_rules) to 0
2026-05-16 02:37:06.452 8 INFO neutron.db.ovn_revision_numbers_db [None req-f923c62a-9fb0-4e2c-879e-75956ef5bff2 02d1b09f7b6a4f50bc562543c76fb991 837319e3be18474083d7e8a36dbc21c3 - - default default] Successfully bumped revision number for resource de5899ff-3061-4d70-9545-a955737e63fd (type: security_group_rules) to 0 [pid: 8|app: 0|req: 1271/2483] 10.0.0.162 () {32 vars in 773 bytes} [Sat May 16 02:37:06 2026] GET /v2.0/security-groups?tenant_id=92cbcd87757a4e9097af63cd63cbb826&name=default => generated 2925 bytes in 378 msecs (HTTP/1.1 200) 4 headers in 158 bytes (1 switches on core 0) [pid: 7|app: 0|req: 1213/2484] 10.0.0.162 () {32 vars in 739 bytes} [Sat May 16 02:37:06 2026] DELETE /v2.0/security-groups/d11180ae-4467-4e51-bd84-d52bc97bde0b => generated 0 bytes in 193 msecs (HTTP/1.1 204) 2 headers in 112 bytes (1 switches on core 0)
2026-05-16 02:37:06.802 8 WARNING neutron.db.securitygroups_db [None req-8fd9186c-55b3-4ad3-9228-35ef69c00838 02d1b09f7b6a4f50bc562543c76fb991 837319e3be18474083d7e8a36dbc21c3 - - default default] project_id key not found in filters, using tenant_id instead. This support has been deprecated and will be removed in a future release. [pid: 8|app: 0|req: 1272/2485] 10.0.0.162 () {32 vars in 773 bytes} [Sat May 16 02:37:06 2026] GET /v2.0/security-groups?tenant_id=504000cb70054942a9ae8771ab17edd4&name=default => generated 2925 bytes in 29 msecs (HTTP/1.1 200) 4 headers in 158 bytes (1 switches on core 0) [pid: 7|app: 0|req: 1214/2486] 10.0.0.162 () {32 vars in 739 bytes} [Sat May 16 02:37:06 2026] DELETE /v2.0/security-groups/a14f1793-bb77-491e-ad5a-a3f2099aae1c => generated 0 bytes in 197 msecs (HTTP/1.1 204) 2 headers in 112 bytes (1 switches on core 0)
2026-05-16 02:37:07.733 8 INFO neutron.notifiers.nova [-] Nova event matching ['req-99693800-7fad-4f0e-9be8-453d7289c87e'] response: {'server_uuid': '24c8b6e9-b715-44bf-bd53-8399e519eb5b', 'name': 'network-vif-plugged', 'status': 'completed', 'tag': '87a6380d-268e-4eea-9096-27de6f8cc706', 'code': 200}
2026-05-16 02:37:08.271 8 WARNING neutron.db.securitygroups_db [None req-772abf02-fec2-4c01-a3bf-c278cb4a8b2e 02d1b09f7b6a4f50bc562543c76fb991 837319e3be18474083d7e8a36dbc21c3 - - default default] project_id key not found in filters, using tenant_id instead. This support has been deprecated and will be removed in a future release.
2026-05-16 02:37:08.424 8 INFO neutron.db.ovn_revision_numbers_db [None req-772abf02-fec2-4c01-a3bf-c278cb4a8b2e 02d1b09f7b6a4f50bc562543c76fb991 837319e3be18474083d7e8a36dbc21c3 - - default default] Successfully bumped revision number for resource 2d8fd132-fe45-459b-8628-bfc59cb66c09 (type: security_groups) to 1
2026-05-16 02:37:08.436 8 INFO neutron.db.ovn_revision_numbers_db [None req-772abf02-fec2-4c01-a3bf-c278cb4a8b2e 02d1b09f7b6a4f50bc562543c76fb991 837319e3be18474083d7e8a36dbc21c3 - - default default] Successfully bumped revision number for resource 18f80115-6f2e-46ba-a1f6-f802b15488b2 (type: security_group_rules) to 0
2026-05-16 02:37:08.448 8 INFO neutron.db.ovn_revision_numbers_db [None req-772abf02-fec2-4c01-a3bf-c278cb4a8b2e 02d1b09f7b6a4f50bc562543c76fb991 837319e3be18474083d7e8a36dbc21c3 - - default default] Successfully bumped revision number for resource 1c6a9c62-7e99-401f-af9b-184ebb52704e (type: security_group_rules) to 0
2026-05-16 02:37:08.472 8 INFO neutron.db.ovn_revision_numbers_db [None req-772abf02-fec2-4c01-a3bf-c278cb4a8b2e 02d1b09f7b6a4f50bc562543c76fb991 837319e3be18474083d7e8a36dbc21c3 - - default default] Successfully bumped revision number for resource 2c0c4be8-ba24-40cb-ac17-a51b6068e45b (type: security_group_rules) to 0
2026-05-16 02:37:08.483 8 INFO neutron.db.ovn_revision_numbers_db [None req-772abf02-fec2-4c01-a3bf-c278cb4a8b2e 02d1b09f7b6a4f50bc562543c76fb991 837319e3be18474083d7e8a36dbc21c3 - - default default] Successfully bumped revision number for resource fc1eccab-4860-4376-9f99-e22e36e54260 (type: security_group_rules) to 0 [pid: 8|app: 0|req: 1273/2487] 10.0.0.162 () {32 vars in 773 bytes} [Sat May 16 02:37:08 2026] GET /v2.0/security-groups?tenant_id=fd78633fc44a49fe9f5f1771183746f0&name=default => generated 2925 bytes in 452 msecs (HTTP/1.1 200) 4 headers in 158 bytes (1 switches on core 0) [pid: 7|app: 0|req: 1215/2488] 10.0.0.162 () {32 vars in 739 bytes} [Sat May 16 02:37:08 2026] DELETE /v2.0/security-groups/2d8fd132-fe45-459b-8628-bfc59cb66c09 => generated 0 bytes in 218 msecs (HTTP/1.1 204) 2 headers in 112 bytes (1 switches on core 0)
2026-05-16 02:37:08.907 8 WARNING neutron.db.securitygroups_db [None req-295b94e7-9cc4-42d6-965c-568837b0d5ca 02d1b09f7b6a4f50bc562543c76fb991 837319e3be18474083d7e8a36dbc21c3 - - default default] project_id key not found in filters, using tenant_id instead. This support has been deprecated and will be removed in a future release.
2026-05-16 02:37:09.006 8 INFO neutron.db.ovn_revision_numbers_db [None req-295b94e7-9cc4-42d6-965c-568837b0d5ca 02d1b09f7b6a4f50bc562543c76fb991 837319e3be18474083d7e8a36dbc21c3 - - default default] Successfully bumped revision number for resource 48d83394-4081-4315-9eb3-a70a50f1fd08 (type: security_groups) to 1
2026-05-16 02:37:09.015 8 INFO neutron.db.ovn_revision_numbers_db [None req-295b94e7-9cc4-42d6-965c-568837b0d5ca 02d1b09f7b6a4f50bc562543c76fb991 837319e3be18474083d7e8a36dbc21c3 - - default default] Successfully bumped revision number for resource 9bf2e408-bf92-4432-b419-edebc63b52cb (type: security_group_rules) to 0
2026-05-16 02:37:09.024 8 INFO neutron.db.ovn_revision_numbers_db [None req-295b94e7-9cc4-42d6-965c-568837b0d5ca 02d1b09f7b6a4f50bc562543c76fb991 837319e3be18474083d7e8a36dbc21c3 - - default default] Successfully bumped revision number for resource c9954178-6c75-49c5-a6f3-151e45f95c3a (type: security_group_rules) to 0
2026-05-16 02:37:09.037 8 INFO neutron.db.ovn_revision_numbers_db [None req-295b94e7-9cc4-42d6-965c-568837b0d5ca 02d1b09f7b6a4f50bc562543c76fb991 837319e3be18474083d7e8a36dbc21c3 - - default default] Successfully bumped revision number for resource f5cbf727-8dc4-4cdb-9099-1819d0d5daec (type: security_group_rules) to 0
2026-05-16 02:37:09.049 8 INFO neutron.db.ovn_revision_numbers_db [None req-295b94e7-9cc4-42d6-965c-568837b0d5ca 02d1b09f7b6a4f50bc562543c76fb991 837319e3be18474083d7e8a36dbc21c3 - - default default] Successfully bumped revision number for resource ff41bbe9-0bba-4b28-8663-2ef6ae7c1f00 (type: security_group_rules) to 0 [pid: 8|app: 0|req: 1274/2489] 10.0.0.162 () {32 vars in 773 bytes} [Sat May 16 02:37:08 2026] GET /v2.0/security-groups?tenant_id=6b3ff428789b4082975b0344ff87d91d&name=default => generated 2925 bytes in 191 msecs (HTTP/1.1 200) 4 headers in 158 bytes (1 switches on core 0) [pid: 7|app: 0|req: 1216/2490] 10.0.0.162 () {32 vars in 739 bytes} [Sat May 16 02:37:09 2026] DELETE /v2.0/security-groups/48d83394-4081-4315-9eb3-a70a50f1fd08 => generated 0 bytes in 204 msecs (HTTP/1.1 204) 2 headers in 112 bytes (1 switches on core 0)
2026-05-16 02:37:10.452 8 INFO neutron.db.ovn_revision_numbers_db [None req-04491757-391e-445c-b587-39e9b74a54fc 4b0de2337c674eb4b8b79d1cbc1c9e6c c5e1966d837d4d12b661de94a78e6241 - - default default] Successfully bumped revision number for resource de7c84af-1b24-4fea-9290-7cfde945a00e (type: security_groups) to 1
2026-05-16 02:37:10.465 8 INFO neutron.db.ovn_revision_numbers_db [None req-04491757-391e-445c-b587-39e9b74a54fc 4b0de2337c674eb4b8b79d1cbc1c9e6c c5e1966d837d4d12b661de94a78e6241 - - default default] Successfully bumped revision number for resource 37a6a7f1-f9ce-4645-aaaf-e419c58cd12f (type: security_group_rules) to 0
2026-05-16 02:37:10.476 8 INFO neutron.db.ovn_revision_numbers_db [None req-04491757-391e-445c-b587-39e9b74a54fc 4b0de2337c674eb4b8b79d1cbc1c9e6c c5e1966d837d4d12b661de94a78e6241 - - default default] Successfully bumped revision number for resource 3c834c33-c77b-4c8b-a7e2-d98fde37f89e (type: security_group_rules) to 0
2026-05-16 02:37:10.487 8 INFO neutron.db.ovn_revision_numbers_db [None req-04491757-391e-445c-b587-39e9b74a54fc 4b0de2337c674eb4b8b79d1cbc1c9e6c c5e1966d837d4d12b661de94a78e6241 - - default default] Successfully bumped revision number for resource 81d06fcd-f8c5-473d-b496-10567550b849 (type: security_group_rules) to 0
2026-05-16 02:37:10.497 8 INFO neutron.db.ovn_revision_numbers_db [None req-04491757-391e-445c-b587-39e9b74a54fc 4b0de2337c674eb4b8b79d1cbc1c9e6c c5e1966d837d4d12b661de94a78e6241 - - default default] Successfully bumped revision number for resource 9d6e2b0c-646e-4eb5-adb2-3af915dc05e9 (type: security_group_rules) to 0
2026-05-16 02:37:10.569 8 INFO neutron.db.segments_db [None req-04491757-391e-445c-b587-39e9b74a54fc 4b0de2337c674eb4b8b79d1cbc1c9e6c c5e1966d837d4d12b661de94a78e6241 - - default default] Added segment a07a0409-ad5e-425d-badd-2a17cdcaf6af of type geneve for network 9013800a-d504-438f-8138-a2e4300774e1
2026-05-16 02:37:10.685 8 INFO neutron.db.ovn_revision_numbers_db [None req-04491757-391e-445c-b587-39e9b74a54fc 4b0de2337c674eb4b8b79d1cbc1c9e6c c5e1966d837d4d12b661de94a78e6241 - - default default] Successfully bumped revision number for resource 9013800a-d504-438f-8138-a2e4300774e1 (type: networks) to 1 [pid: 7|app: 0|req: 1217/2491] 10.0.0.144 () {34 vars in 989 bytes} [Sat May 16 02:37:10 2026] GET /v2.0/ports?device_id=24c8b6e9-b715-44bf-bd53-8399e519eb5b => generated 1200 bytes in 82 msecs (HTTP/1.1 200) 4 headers in 158 bytes (1 switches on core 0)
