May 20 01:51:54.359128 np0000175174 systemd[1]: Starting devstack@n-api-meta.service - Devstack devstack@n-api-meta.service...
May 20 01:51:54.364491 np0000175174 devstack@n-api-meta.service[108437]: [uWSGI] getting INI configuration from /etc/nova/nova-metadata-uwsgi.ini
May 20 01:51:54.366793 np0000175174 devstack@n-api-meta.service[108437]: *** Starting uWSGI 2.0.24-debian (64bit) on [Wed May 20 01:51:54 2026] ***
May 20 01:51:54.366793 np0000175174 devstack@n-api-meta.service[108437]: compiled with version: 13.2.0 on 17 April 2024 16:23:48
May 20 01:51:54.366793 np0000175174 devstack@n-api-meta.service[108437]: os: Linux-6.8.0-111-generic #111-Ubuntu SMP PREEMPT_DYNAMIC Sat Apr 11 23:16:02 UTC 2026
May 20 01:51:54.366793 np0000175174 devstack@n-api-meta.service[108437]: nodename: np0000175174
May 20 01:51:54.366793 np0000175174 devstack@n-api-meta.service[108437]: machine: x86_64
May 20 01:51:54.366793 np0000175174 devstack@n-api-meta.service[108437]: clock source: unix
May 20 01:51:54.366793 np0000175174 devstack@n-api-meta.service[108437]: pcre jit disabled
May 20 01:51:54.366793 np0000175174 devstack@n-api-meta.service[108437]: detected number of CPU cores: 16
May 20 01:51:54.366793 np0000175174 devstack@n-api-meta.service[108437]: current working directory: /
May 20 01:51:54.366793 np0000175174 devstack@n-api-meta.service[108437]: detected binary path: /usr/bin/uwsgi-core
May 20 01:51:54.366793 np0000175174 devstack@n-api-meta.service[108437]: your processes number limit is 256917
May 20 01:51:54.366793 np0000175174 devstack@n-api-meta.service[108437]: your memory page size is 4096 bytes
May 20 01:51:54.366793 np0000175174 devstack@n-api-meta.service[108437]: detected max file descriptor number: 2048
May 20 01:51:54.366793 np0000175174 devstack@n-api-meta.service[108437]: lock engine: pthread robust mutexes
May 20 01:51:54.367793 np0000175174 devstack@n-api-meta.service[108437]: thunder lock: enabled
May 20 01:51:54.367793 np0000175174 devstack@n-api-meta.service[108437]: uWSGI http bound on 0.0.0.0:8775 fd 5
May 20 01:51:54.367793 np0000175174 devstack@n-api-meta.service[108437]: uwsgi socket 0 bound to TCP address 127.0.0.1:43037 (port auto-assigned) fd 4
May 20 01:51:54.367793 np0000175174 devstack@n-api-meta.service[108437]: Python version: 3.12.3 (main, Mar 23 2026, 19:04:32) [GCC 13.3.0]
May 20 01:51:54.367793 np0000175174 devstack@n-api-meta.service[108437]: PEP 405 virtualenv detected: /opt/stack/data/venv
May 20 01:51:54.367793 np0000175174 devstack@n-api-meta.service[108437]: Set PythonHome to /opt/stack/data/venv
May 20 01:51:54.405811 np0000175174 devstack@n-api-meta.service[108437]: Python main interpreter initialized at 0x72a4a0ca3668
May 20 01:51:54.405811 np0000175174 devstack@n-api-meta.service[108437]: python threads support enabled
May 20 01:51:54.405811 np0000175174 devstack@n-api-meta.service[108437]: your server socket listen backlog is limited to 100 connections
May 20 01:51:54.405811 np0000175174 devstack@n-api-meta.service[108437]: your mercy for graceful operations on workers is 80 seconds
May 20 01:51:54.406329 np0000175174 devstack@n-api-meta.service[108437]: mapped 671795 bytes (656 KB) for 4 cores
May 20 01:51:54.406439 np0000175174 devstack@n-api-meta.service[108437]: *** Operational MODE: preforking ***
May 20 01:51:54.406632 np0000175174 devstack@n-api-meta.service[108437]: *** uWSGI is running in multiple interpreter mode ***
May 20 01:51:54.406632 np0000175174 devstack@n-api-meta.service[108437]: spawned uWSGI master process (pid: 108437)
May 20 01:51:54.406802 np0000175174 systemd[1]: Started devstack@n-api-meta.service - Devstack devstack@n-api-meta.service.
May 20 01:51:54.407302 np0000175174 devstack@n-api-meta.service[108437]: spawned uWSGI worker 1 (pid: 108438, cores: 1)
May 20 01:51:54.408047 np0000175174 devstack@n-api-meta.service[108437]: spawned uWSGI worker 2 (pid: 108439, cores: 1)
May 20 01:51:54.408543 np0000175174 devstack@n-api-meta.service[108437]: spawned uWSGI worker 3 (pid: 108440, cores: 1)
May 20 01:51:54.409015 np0000175174 devstack@n-api-meta.service[108437]: spawned uWSGI worker 4 (pid: 108441, cores: 1)
May 20 01:51:54.409532 np0000175174 devstack@n-api-meta.service[108437]: spawned uWSGI http 1 (pid: 108442)
May 20 01:51:54.409532 np0000175174 devstack@n-api-meta.service[108437]: running "unix_signal:15 gracefully_kill_them_all" (master-start)...
May 20 01:51:56.143324 np0000175174 devstack@n-api-meta.service[108440]: INFO dbcounter [None req-0391c719-94de-4701-bcd5-23a20702ea50 None None] Registered counter for database nova_api
May 20 01:51:56.161072 np0000175174 devstack@n-api-meta.service[108440]: DEBUG oslo_db.sqlalchemy.engines [None req-0391c719-94de-4701-bcd5-23a20702ea50 None None] MySQL server mode set to STRICT_TRANS_TABLES,STRICT_ALL_TABLES,NO_ZERO_IN_DATE,NO_ZERO_DATE,ERROR_FOR_DIVISION_BY_ZERO,TRADITIONAL,NO_ENGINE_SUBSTITUTION {{(pid=108440) _check_effective_sql_mode /opt/stack/data/venv/lib/python3.12/site-packages/oslo_db/sqlalchemy/engines.py:325}}
May 20 01:51:56.178095 np0000175174 devstack@n-api-meta.service[108438]: INFO dbcounter [None req-d1e1ec61-4aec-44e6-873f-bef83dace917 None None] Registered counter for database nova_api
May 20 01:51:56.193055 np0000175174 devstack@n-api-meta.service[108440]: DEBUG dbcounter [-] [108440] Writer thread running {{(pid=108440) stat_writer /opt/stack/data/venv/lib/python3.12/site-packages/dbcounter.py:102}}
May 20 01:51:56.193859 np0000175174 devstack@n-api-meta.service[108438]: DEBUG oslo_db.sqlalchemy.engines [None req-d1e1ec61-4aec-44e6-873f-bef83dace917 None None] MySQL server mode set to STRICT_TRANS_TABLES,STRICT_ALL_TABLES,NO_ZERO_IN_DATE,NO_ZERO_DATE,ERROR_FOR_DIVISION_BY_ZERO,TRADITIONAL,NO_ENGINE_SUBSTITUTION {{(pid=108438) _check_effective_sql_mode /opt/stack/data/venv/lib/python3.12/site-packages/oslo_db/sqlalchemy/engines.py:325}}
May 20 01:51:56.195150 np0000175174 devstack@n-api-meta.service[108440]: DEBUG nova.context [None req-0391c719-94de-4701-bcd5-23a20702ea50 None None] Found 2 cells: 00000000-0000-0000-0000-000000000000(cell0),6ce4c794-16e0-4fbb-a1d8-f697805d7ff4(cell1) {{(pid=108440) load_cells /opt/stack/nova/nova/context.py:509}}
May 20 01:51:56.195423 np0000175174 devstack@n-api-meta.service[108440]: INFO nova.utils [None req-0391c719-94de-4701-bcd5-23a20702ea50 None None] The cell worker thread pool MainProcess.cell_worker is initialized
May 20 01:51:56.197937 np0000175174 devstack@n-api-meta.service[108440]: DEBUG oslo_concurrency.lockutils [None req-0391c719-94de-4701-bcd5-23a20702ea50 None None] Acquiring lock "00000000-0000-0000-0000-000000000000" by "nova.context.set_target_cell..get_or_set_cached_cell_and_set_connections" {{(pid=108440) inner /opt/stack/data/venv/lib/python3.12/site-packages/oslo_concurrency/lockutils.py:511}}
May 20 01:51:56.198167 np0000175174 devstack@n-api-meta.service[108440]: DEBUG oslo_concurrency.lockutils [None req-0391c719-94de-4701-bcd5-23a20702ea50 None None] Lock "00000000-0000-0000-0000-000000000000" acquired by "nova.context.set_target_cell..get_or_set_cached_cell_and_set_connections" :: waited 0.000s {{(pid=108440) inner /opt/stack/data/venv/lib/python3.12/site-packages/oslo_concurrency/lockutils.py:524}}
May 20 01:51:56.198702 np0000175174 devstack@n-api-meta.service[108440]: DEBUG oslo_concurrency.lockutils [None req-0391c719-94de-4701-bcd5-23a20702ea50 None None] Lock "00000000-0000-0000-0000-000000000000" "released" by "nova.context.set_target_cell..get_or_set_cached_cell_and_set_connections" :: held 0.000s {{(pid=108440) inner /opt/stack/data/venv/lib/python3.12/site-packages/oslo_concurrency/lockutils.py:543}}
May 20 01:51:56.199700 np0000175174 devstack@n-api-meta.service[108440]: DEBUG oslo_concurrency.lockutils [None req-0391c719-94de-4701-bcd5-23a20702ea50 None None] Acquiring lock "6ce4c794-16e0-4fbb-a1d8-f697805d7ff4" by "nova.context.set_target_cell..get_or_set_cached_cell_and_set_connections" {{(pid=108440) inner /opt/stack/data/venv/lib/python3.12/site-packages/oslo_concurrency/lockutils.py:511}}
May 20 01:51:56.199902 np0000175174 devstack@n-api-meta.service[108440]: DEBUG oslo_concurrency.lockutils [None req-0391c719-94de-4701-bcd5-23a20702ea50 None None] Lock "6ce4c794-16e0-4fbb-a1d8-f697805d7ff4" acquired by "nova.context.set_target_cell..get_or_set_cached_cell_and_set_connections" :: waited 0.000s {{(pid=108440) inner /opt/stack/data/venv/lib/python3.12/site-packages/oslo_concurrency/lockutils.py:524}}
May 20 01:51:56.201059 np0000175174 devstack@n-api-meta.service[108440]: DEBUG oslo_concurrency.lockutils [None req-0391c719-94de-4701-bcd5-23a20702ea50 None None] Lock "6ce4c794-16e0-4fbb-a1d8-f697805d7ff4" "released" by "nova.context.set_target_cell..get_or_set_cached_cell_and_set_connections" :: held 0.001s {{(pid=108440) inner /opt/stack/data/venv/lib/python3.12/site-packages/oslo_concurrency/lockutils.py:543}}
May 20 01:51:56.204422 np0000175174 devstack@n-api-meta.service[108440]: INFO dbcounter [None req-0391c719-94de-4701-bcd5-23a20702ea50 None None] Registered counter for database nova_cell0
May 20 01:51:56.212211 np0000175174 devstack@n-api-meta.service[108440]: INFO dbcounter [None req-0391c719-94de-4701-bcd5-23a20702ea50 None None] Registered counter for database nova_cell1
May 20 01:51:56.214889 np0000175174 devstack@n-api-meta.service[108439]: INFO dbcounter [None req-fea93ed8-f8e1-435a-af35-003452399884 None None] Registered counter for database nova_api
May 20 01:51:56.221110 np0000175174 devstack@n-api-meta.service[108440]: DEBUG oslo_db.sqlalchemy.engines [None req-0391c719-94de-4701-bcd5-23a20702ea50 None None] MySQL server mode set to STRICT_TRANS_TABLES,STRICT_ALL_TABLES,NO_ZERO_IN_DATE,NO_ZERO_DATE,ERROR_FOR_DIVISION_BY_ZERO,TRADITIONAL,NO_ENGINE_SUBSTITUTION {{(pid=108440) _check_effective_sql_mode /opt/stack/data/venv/lib/python3.12/site-packages/oslo_db/sqlalchemy/engines.py:325}}
May 20 01:51:56.226707 np0000175174 devstack@n-api-meta.service[108440]: DEBUG oslo_db.sqlalchemy.engines [None req-0391c719-94de-4701-bcd5-23a20702ea50 None None] MySQL server mode set to STRICT_TRANS_TABLES,STRICT_ALL_TABLES,NO_ZERO_IN_DATE,NO_ZERO_DATE,ERROR_FOR_DIVISION_BY_ZERO,TRADITIONAL,NO_ENGINE_SUBSTITUTION {{(pid=108440) _check_effective_sql_mode /opt/stack/data/venv/lib/python3.12/site-packages/oslo_db/sqlalchemy/engines.py:325}}
May 20 01:51:56.228162 np0000175174 devstack@n-api-meta.service[108441]: INFO dbcounter [None req-9c89fa3d-e8ff-4e8c-8f8b-0badb028fd07 None None] Registered counter for database nova_api
May 20 01:51:56.228804 np0000175174 devstack@n-api-meta.service[108438]: DEBUG dbcounter [-] [108438] Writer thread running {{(pid=108438) stat_writer /opt/stack/data/venv/lib/python3.12/site-packages/dbcounter.py:102}}
May 20 01:51:56.230527 np0000175174 devstack@n-api-meta.service[108439]: DEBUG oslo_db.sqlalchemy.engines [None req-fea93ed8-f8e1-435a-af35-003452399884 None None] MySQL server mode set to STRICT_TRANS_TABLES,STRICT_ALL_TABLES,NO_ZERO_IN_DATE,NO_ZERO_DATE,ERROR_FOR_DIVISION_BY_ZERO,TRADITIONAL,NO_ENGINE_SUBSTITUTION {{(pid=108439) _check_effective_sql_mode /opt/stack/data/venv/lib/python3.12/site-packages/oslo_db/sqlalchemy/engines.py:325}}
May 20 01:51:56.230869 np0000175174 devstack@n-api-meta.service[108438]: DEBUG nova.context [None req-d1e1ec61-4aec-44e6-873f-bef83dace917 None None] Found 2 cells: 00000000-0000-0000-0000-000000000000(cell0),6ce4c794-16e0-4fbb-a1d8-f697805d7ff4(cell1) {{(pid=108438) load_cells /opt/stack/nova/nova/context.py:509}}
May 20 01:51:56.231139 np0000175174 devstack@n-api-meta.service[108438]: INFO nova.utils [None req-d1e1ec61-4aec-44e6-873f-bef83dace917 None None] The cell worker thread pool MainProcess.cell_worker is initialized
May 20 01:51:56.232914 np0000175174 devstack@n-api-meta.service[108438]: DEBUG oslo_concurrency.lockutils [None req-d1e1ec61-4aec-44e6-873f-bef83dace917 None None] Acquiring lock "00000000-0000-0000-0000-000000000000" by "nova.context.set_target_cell..get_or_set_cached_cell_and_set_connections" {{(pid=108438) inner /opt/stack/data/venv/lib/python3.12/site-packages/oslo_concurrency/lockutils.py:511}}
May 20 01:51:56.233076 np0000175174 devstack@n-api-meta.service[108438]: DEBUG oslo_concurrency.lockutils [None req-d1e1ec61-4aec-44e6-873f-bef83dace917 None None] Lock "00000000-0000-0000-0000-000000000000" acquired by "nova.context.set_target_cell..get_or_set_cached_cell_and_set_connections" :: waited 0.000s {{(pid=108438) inner /opt/stack/data/venv/lib/python3.12/site-packages/oslo_concurrency/lockutils.py:524}}
May 20 01:51:56.233458 np0000175174 devstack@n-api-meta.service[108438]: DEBUG oslo_concurrency.lockutils [None req-d1e1ec61-4aec-44e6-873f-bef83dace917 None None] Lock "00000000-0000-0000-0000-000000000000" "released" by "nova.context.set_target_cell..get_or_set_cached_cell_and_set_connections" :: held 0.000s {{(pid=108438) inner /opt/stack/data/venv/lib/python3.12/site-packages/oslo_concurrency/lockutils.py:543}}
May 20 01:51:56.234211 np0000175174 devstack@n-api-meta.service[108438]: DEBUG oslo_concurrency.lockutils [None req-d1e1ec61-4aec-44e6-873f-bef83dace917 None None] Acquiring lock "6ce4c794-16e0-4fbb-a1d8-f697805d7ff4" by "nova.context.set_target_cell..get_or_set_cached_cell_and_set_connections" {{(pid=108438) inner /opt/stack/data/venv/lib/python3.12/site-packages/oslo_concurrency/lockutils.py:511}}
May 20 01:51:56.234355 np0000175174 devstack@n-api-meta.service[108438]: DEBUG oslo_concurrency.lockutils [None req-d1e1ec61-4aec-44e6-873f-bef83dace917 None None] Lock "6ce4c794-16e0-4fbb-a1d8-f697805d7ff4" acquired by "nova.context.set_target_cell..get_or_set_cached_cell_and_set_connections" :: waited 0.000s {{(pid=108438) inner /opt/stack/data/venv/lib/python3.12/site-packages/oslo_concurrency/lockutils.py:524}}
May 20 01:51:56.235174 np0000175174 devstack@n-api-meta.service[108438]: DEBUG oslo_concurrency.lockutils [None req-d1e1ec61-4aec-44e6-873f-bef83dace917 None None] Lock "6ce4c794-16e0-4fbb-a1d8-f697805d7ff4" "released" by "nova.context.set_target_cell..get_or_set_cached_cell_and_set_connections" :: held 0.001s {{(pid=108438) inner /opt/stack/data/venv/lib/python3.12/site-packages/oslo_concurrency/lockutils.py:543}}
May 20 01:51:56.238447 np0000175174 devstack@n-api-meta.service[108438]: INFO dbcounter [None req-d1e1ec61-4aec-44e6-873f-bef83dace917 None None] Registered counter for database nova_cell0
May 20 01:51:56.244208 np0000175174 devstack@n-api-meta.service[108441]: DEBUG oslo_db.sqlalchemy.engines [None req-9c89fa3d-e8ff-4e8c-8f8b-0badb028fd07 None None] MySQL server mode set to STRICT_TRANS_TABLES,STRICT_ALL_TABLES,NO_ZERO_IN_DATE,NO_ZERO_DATE,ERROR_FOR_DIVISION_BY_ZERO,TRADITIONAL,NO_ENGINE_SUBSTITUTION {{(pid=108441) _check_effective_sql_mode /opt/stack/data/venv/lib/python3.12/site-packages/oslo_db/sqlalchemy/engines.py:325}}
May 20 01:51:56.244332 np0000175174 devstack@n-api-meta.service[108438]: INFO dbcounter [None req-d1e1ec61-4aec-44e6-873f-bef83dace917 None None] Registered counter for database nova_cell1
May 20 01:51:56.253729 np0000175174 devstack@n-api-meta.service[108438]: DEBUG oslo_db.sqlalchemy.engines [None req-d1e1ec61-4aec-44e6-873f-bef83dace917 None None] MySQL server mode set to STRICT_TRANS_TABLES,STRICT_ALL_TABLES,NO_ZERO_IN_DATE,NO_ZERO_DATE,ERROR_FOR_DIVISION_BY_ZERO,TRADITIONAL,NO_ENGINE_SUBSTITUTION {{(pid=108438) _check_effective_sql_mode /opt/stack/data/venv/lib/python3.12/site-packages/oslo_db/sqlalchemy/engines.py:325}}
May 20 01:51:56.260413 np0000175174 devstack@n-api-meta.service[108438]: DEBUG oslo_db.sqlalchemy.engines [None req-d1e1ec61-4aec-44e6-873f-bef83dace917 None None] MySQL server mode set to STRICT_TRANS_TABLES,STRICT_ALL_TABLES,NO_ZERO_IN_DATE,NO_ZERO_DATE,ERROR_FOR_DIVISION_BY_ZERO,TRADITIONAL,NO_ENGINE_SUBSTITUTION {{(pid=108438) _check_effective_sql_mode /opt/stack/data/venv/lib/python3.12/site-packages/oslo_db/sqlalchemy/engines.py:325}}
May 20 01:51:56.261984 np0000175174 devstack@n-api-meta.service[108439]: DEBUG dbcounter [-] [108439] Writer thread running {{(pid=108439) stat_writer /opt/stack/data/venv/lib/python3.12/site-packages/dbcounter.py:102}}
May 20 01:51:56.264401 np0000175174 devstack@n-api-meta.service[108439]: DEBUG nova.context [None req-fea93ed8-f8e1-435a-af35-003452399884 None None] Found 2 cells: 00000000-0000-0000-0000-000000000000(cell0),6ce4c794-16e0-4fbb-a1d8-f697805d7ff4(cell1) {{(pid=108439) load_cells /opt/stack/nova/nova/context.py:509}}
May 20 01:51:56.264633 np0000175174 devstack@n-api-meta.service[108439]: INFO nova.utils [None req-fea93ed8-f8e1-435a-af35-003452399884 None None] The cell worker thread pool MainProcess.cell_worker is initialized
May 20 01:51:56.266343 np0000175174 devstack@n-api-meta.service[108439]: DEBUG oslo_concurrency.lockutils [None req-fea93ed8-f8e1-435a-af35-003452399884 None None] Acquiring lock "00000000-0000-0000-0000-000000000000" by "nova.context.set_target_cell..get_or_set_cached_cell_and_set_connections" {{(pid=108439) inner /opt/stack/data/venv/lib/python3.12/site-packages/oslo_concurrency/lockutils.py:511}}
May 20 01:51:56.266512 np0000175174 devstack@n-api-meta.service[108439]: DEBUG oslo_concurrency.lockutils [None req-fea93ed8-f8e1-435a-af35-003452399884 None None] Lock "00000000-0000-0000-0000-000000000000" acquired by "nova.context.set_target_cell..get_or_set_cached_cell_and_set_connections" :: waited 0.000s {{(pid=108439) inner /opt/stack/data/venv/lib/python3.12/site-packages/oslo_concurrency/lockutils.py:524}}
May 20 01:51:56.266881 np0000175174 devstack@n-api-meta.service[108439]: DEBUG oslo_concurrency.lockutils [None req-fea93ed8-f8e1-435a-af35-003452399884 None None] Lock "00000000-0000-0000-0000-000000000000" "released" by "nova.context.set_target_cell..get_or_set_cached_cell_and_set_connections" :: held 0.000s {{(pid=108439) inner /opt/stack/data/venv/lib/python3.12/site-packages/oslo_concurrency/lockutils.py:543}}
May 20 01:51:56.267604 np0000175174 devstack@n-api-meta.service[108439]: DEBUG oslo_concurrency.lockutils [None req-fea93ed8-f8e1-435a-af35-003452399884 None None] Acquiring lock "6ce4c794-16e0-4fbb-a1d8-f697805d7ff4" by "nova.context.set_target_cell..get_or_set_cached_cell_and_set_connections" {{(pid=108439) inner /opt/stack/data/venv/lib/python3.12/site-packages/oslo_concurrency/lockutils.py:511}}
May 20 01:51:56.267776 np0000175174 devstack@n-api-meta.service[108439]: DEBUG oslo_concurrency.lockutils [None req-fea93ed8-f8e1-435a-af35-003452399884 None None] Lock "6ce4c794-16e0-4fbb-a1d8-f697805d7ff4" acquired by "nova.context.set_target_cell..get_or_set_cached_cell_and_set_connections" :: waited 0.000s {{(pid=108439) inner /opt/stack/data/venv/lib/python3.12/site-packages/oslo_concurrency/lockutils.py:524}}
May 20 01:51:56.268564 np0000175174 devstack@n-api-meta.service[108439]: DEBUG oslo_concurrency.lockutils [None req-fea93ed8-f8e1-435a-af35-003452399884 None None] Lock "6ce4c794-16e0-4fbb-a1d8-f697805d7ff4" "released" by "nova.context.set_target_cell..get_or_set_cached_cell_and_set_connections" :: held 0.001s {{(pid=108439) inner /opt/stack/data/venv/lib/python3.12/site-packages/oslo_concurrency/lockutils.py:543}}
May 20 01:51:56.271749 np0000175174 devstack@n-api-meta.service[108439]: INFO dbcounter [None req-fea93ed8-f8e1-435a-af35-003452399884 None None] Registered counter for database nova_cell0
May 20 01:51:56.272378 np0000175174 devstack@n-api-meta.service[108441]: DEBUG dbcounter [-] [108441] Writer thread running {{(pid=108441) stat_writer /opt/stack/data/venv/lib/python3.12/site-packages/dbcounter.py:102}}
May 20 01:51:56.274590 np0000175174 devstack@n-api-meta.service[108441]: DEBUG nova.context [None req-9c89fa3d-e8ff-4e8c-8f8b-0badb028fd07 None None] Found 2 cells: 00000000-0000-0000-0000-000000000000(cell0),6ce4c794-16e0-4fbb-a1d8-f697805d7ff4(cell1) {{(pid=108441) load_cells /opt/stack/nova/nova/context.py:509}}
May 20 01:51:56.274829 np0000175174 devstack@n-api-meta.service[108441]: INFO nova.utils [None req-9c89fa3d-e8ff-4e8c-8f8b-0badb028fd07 None None] The cell worker thread pool MainProcess.cell_worker is initialized
May 20 01:51:56.276481 np0000175174 devstack@n-api-meta.service[108441]: DEBUG oslo_concurrency.lockutils [None req-9c89fa3d-e8ff-4e8c-8f8b-0badb028fd07 None None] Acquiring lock "00000000-0000-0000-0000-000000000000" by "nova.context.set_target_cell..get_or_set_cached_cell_and_set_connections" {{(pid=108441) inner /opt/stack/data/venv/lib/python3.12/site-packages/oslo_concurrency/lockutils.py:511}}
May 20 01:51:56.276605 np0000175174 devstack@n-api-meta.service[108441]: DEBUG oslo_concurrency.lockutils [None req-9c89fa3d-e8ff-4e8c-8f8b-0badb028fd07 None None] Lock "00000000-0000-0000-0000-000000000000" acquired by "nova.context.set_target_cell..get_or_set_cached_cell_and_set_connections" :: waited 0.000s {{(pid=108441) inner /opt/stack/data/venv/lib/python3.12/site-packages/oslo_concurrency/lockutils.py:524}}
May 20 01:51:56.276729 np0000175174 devstack@n-api-meta.service[108439]: INFO dbcounter [None req-fea93ed8-f8e1-435a-af35-003452399884 None None] Registered counter for database nova_cell1
May 20 01:51:56.276980 np0000175174 devstack@n-api-meta.service[108441]: DEBUG oslo_concurrency.lockutils [None req-9c89fa3d-e8ff-4e8c-8f8b-0badb028fd07 None None] Lock "00000000-0000-0000-0000-000000000000" "released" by "nova.context.set_target_cell..get_or_set_cached_cell_and_set_connections" :: held 0.000s {{(pid=108441) inner /opt/stack/data/venv/lib/python3.12/site-packages/oslo_concurrency/lockutils.py:543}}
May 20 01:51:56.277675 np0000175174 devstack@n-api-meta.service[108441]: DEBUG oslo_concurrency.lockutils [None req-9c89fa3d-e8ff-4e8c-8f8b-0badb028fd07 None None] Acquiring lock "6ce4c794-16e0-4fbb-a1d8-f697805d7ff4" by "nova.context.set_target_cell..get_or_set_cached_cell_and_set_connections" {{(pid=108441) inner /opt/stack/data/venv/lib/python3.12/site-packages/oslo_concurrency/lockutils.py:511}}
May 20 01:51:56.277777 np0000175174 devstack@n-api-meta.service[108441]: DEBUG oslo_concurrency.lockutils [None req-9c89fa3d-e8ff-4e8c-8f8b-0badb028fd07 None None] Lock "6ce4c794-16e0-4fbb-a1d8-f697805d7ff4" acquired by "nova.context.set_target_cell..get_or_set_cached_cell_and_set_connections" :: waited 0.000s {{(pid=108441) inner /opt/stack/data/venv/lib/python3.12/site-packages/oslo_concurrency/lockutils.py:524}}
May 20 01:51:56.278569 np0000175174 devstack@n-api-meta.service[108441]: DEBUG oslo_concurrency.lockutils [None req-9c89fa3d-e8ff-4e8c-8f8b-0badb028fd07 None None] Lock "6ce4c794-16e0-4fbb-a1d8-f697805d7ff4" "released" by "nova.context.set_target_cell..get_or_set_cached_cell_and_set_connections" :: held 0.001s {{(pid=108441) inner /opt/stack/data/venv/lib/python3.12/site-packages/oslo_concurrency/lockutils.py:543}}
May 20 01:51:56.286998 np0000175174 devstack@n-api-meta.service[108439]: DEBUG oslo_db.sqlalchemy.engines [None req-fea93ed8-f8e1-435a-af35-003452399884 None None] MySQL server mode set to STRICT_TRANS_TABLES,STRICT_ALL_TABLES,NO_ZERO_IN_DATE,NO_ZERO_DATE,ERROR_FOR_DIVISION_BY_ZERO,TRADITIONAL,NO_ENGINE_SUBSTITUTION {{(pid=108439) _check_effective_sql_mode /opt/stack/data/venv/lib/python3.12/site-packages/oslo_db/sqlalchemy/engines.py:325}}
May 20 01:51:56.312745 np0000175174 devstack@n-api-meta.service[108441]: INFO dbcounter [None req-9c89fa3d-e8ff-4e8c-8f8b-0badb028fd07 None None] Registered counter for database nova_cell0
May 20 01:51:56.313371 np0000175174 devstack@n-api-meta.service[108440]: DEBUG dbcounter [-] [108440] Writer thread running {{(pid=108440) stat_writer /opt/stack/data/venv/lib/python3.12/site-packages/dbcounter.py:102}}
May 20 01:51:56.314273 np0000175174 devstack@n-api-meta.service[108440]: DEBUG dbcounter [-] [108440] Writer thread running {{(pid=108440) stat_writer /opt/stack/data/venv/lib/python3.12/site-packages/dbcounter.py:102}}
May 20 01:51:56.315364 np0000175174 devstack@n-api-meta.service[108441]: INFO dbcounter [None req-9c89fa3d-e8ff-4e8c-8f8b-0badb028fd07 None None] Registered counter for database nova_cell1
May 20 01:51:56.319282 np0000175174 devstack@n-api-meta.service[108440]: INFO dbcounter [None req-0391c719-94de-4701-bcd5-23a20702ea50 None None] Registered counter for database nova_cell0
May 20 01:51:56.321409 np0000175174 devstack@n-api-meta.service[108439]: DEBUG oslo_db.sqlalchemy.engines [None req-fea93ed8-f8e1-435a-af35-003452399884 None None] MySQL server mode set to STRICT_TRANS_TABLES,STRICT_ALL_TABLES,NO_ZERO_IN_DATE,NO_ZERO_DATE,ERROR_FOR_DIVISION_BY_ZERO,TRADITIONAL,NO_ENGINE_SUBSTITUTION {{(pid=108439) _check_effective_sql_mode /opt/stack/data/venv/lib/python3.12/site-packages/oslo_db/sqlalchemy/engines.py:325}}
May 20 01:51:56.324341 np0000175174 devstack@n-api-meta.service[108441]: DEBUG oslo_db.sqlalchemy.engines [None req-9c89fa3d-e8ff-4e8c-8f8b-0badb028fd07 None None] MySQL server mode set to STRICT_TRANS_TABLES,STRICT_ALL_TABLES,NO_ZERO_IN_DATE,NO_ZERO_DATE,ERROR_FOR_DIVISION_BY_ZERO,TRADITIONAL,NO_ENGINE_SUBSTITUTION {{(pid=108441) _check_effective_sql_mode /opt/stack/data/venv/lib/python3.12/site-packages/oslo_db/sqlalchemy/engines.py:325}}
May 20 01:51:56.329769 np0000175174 devstack@n-api-meta.service[108441]: DEBUG oslo_db.sqlalchemy.engines [None req-9c89fa3d-e8ff-4e8c-8f8b-0badb028fd07 None None] MySQL server mode set to STRICT_TRANS_TABLES,STRICT_ALL_TABLES,NO_ZERO_IN_DATE,NO_ZERO_DATE,ERROR_FOR_DIVISION_BY_ZERO,TRADITIONAL,NO_ENGINE_SUBSTITUTION {{(pid=108441) _check_effective_sql_mode /opt/stack/data/venv/lib/python3.12/site-packages/oslo_db/sqlalchemy/engines.py:325}}
May 20 01:51:56.334880 np0000175174 devstack@n-api-meta.service[108440]: DEBUG oslo_db.sqlalchemy.engines [None req-0391c719-94de-4701-bcd5-23a20702ea50 None None] MySQL server mode set to STRICT_TRANS_TABLES,STRICT_ALL_TABLES,NO_ZERO_IN_DATE,NO_ZERO_DATE,ERROR_FOR_DIVISION_BY_ZERO,TRADITIONAL,NO_ENGINE_SUBSTITUTION {{(pid=108440) _check_effective_sql_mode /opt/stack/data/venv/lib/python3.12/site-packages/oslo_db/sqlalchemy/engines.py:325}}
May 20 01:51:56.344723 np0000175174 devstack@n-api-meta.service[108440]: DEBUG dbcounter [-] [108440] Writer thread running {{(pid=108440) stat_writer /opt/stack/data/venv/lib/python3.12/site-packages/dbcounter.py:102}}
May 20 01:51:56.346315 np0000175174 devstack@n-api-meta.service[108438]: DEBUG dbcounter [-] [108438] Writer thread running {{(pid=108438) stat_writer /opt/stack/data/venv/lib/python3.12/site-packages/dbcounter.py:102}}
May 20 01:51:56.355556 np0000175174 devstack@n-api-meta.service[108438]: DEBUG dbcounter [-] [108438] Writer thread running {{(pid=108438) stat_writer /opt/stack/data/venv/lib/python3.12/site-packages/dbcounter.py:102}}
May 20 01:51:56.359532 np0000175174 devstack@n-api-meta.service[108438]: INFO dbcounter [None req-d1e1ec61-4aec-44e6-873f-bef83dace917 None None] Registered counter for database nova_cell0
May 20 01:51:56.374111 np0000175174 devstack@n-api-meta.service[108438]: DEBUG oslo_db.sqlalchemy.engines [None req-d1e1ec61-4aec-44e6-873f-bef83dace917 None None] MySQL server mode set to STRICT_TRANS_TABLES,STRICT_ALL_TABLES,NO_ZERO_IN_DATE,NO_ZERO_DATE,ERROR_FOR_DIVISION_BY_ZERO,TRADITIONAL,NO_ENGINE_SUBSTITUTION {{(pid=108438) _check_effective_sql_mode /opt/stack/data/venv/lib/python3.12/site-packages/oslo_db/sqlalchemy/engines.py:325}}
May 20 01:51:56.385018 np0000175174 devstack@n-api-meta.service[108438]: DEBUG dbcounter [-] [108438] Writer thread running {{(pid=108438) stat_writer /opt/stack/data/venv/lib/python3.12/site-packages/dbcounter.py:102}}
May 20 01:51:56.389240 np0000175174 devstack@n-api-meta.service[108440]: WARNING nova.api.metadata.handler [None req-0391c719-94de-4701-bcd5-23a20702ea50 None None] metadata_proxy_shared_secret is not configured, the metadata information returned by the proxy cannot be trusted
May 20 01:51:56.392521 np0000175174 devstack@n-api-meta.service[108440]: DEBUG nova.api.openstack.wsgi_app [None req-0391c719-94de-4701-bcd5-23a20702ea50 None None] ******************************************************************************** {{(pid=108440) log_opt_values /opt/stack/data/venv/lib/python3.12/site-packages/oslo_config/cfg.py:3229}}
May 20 01:51:56.392521 np0000175174 devstack@n-api-meta.service[108440]: DEBUG nova.api.openstack.wsgi_app [None req-0391c719-94de-4701-bcd5-23a20702ea50 None None] Configuration options gathered from: {{(pid=108440) log_opt_values /opt/stack/data/venv/lib/python3.12/site-packages/oslo_config/cfg.py:3230}}
May 20 01:51:56.392807 np0000175174 devstack@n-api-meta.service[108440]: DEBUG nova.api.openstack.wsgi_app [None req-0391c719-94de-4701-bcd5-23a20702ea50 None None] command line args: [] {{(pid=108440) log_opt_values /opt/stack/data/venv/lib/python3.12/site-packages/oslo_config/cfg.py:3231}}
May 20 01:51:56.392896 np0000175174 devstack@n-api-meta.service[108440]: DEBUG nova.api.openstack.wsgi_app [None req-0391c719-94de-4701-bcd5-23a20702ea50 None None] config files: ['/etc/nova/api-paste.ini', '/etc/nova/nova.conf'] {{(pid=108440) log_opt_values /opt/stack/data/venv/lib/python3.12/site-packages/oslo_config/cfg.py:3232}}
May 20 01:51:56.393096 np0000175174 devstack@n-api-meta.service[108440]: DEBUG nova.api.openstack.wsgi_app [None req-0391c719-94de-4701-bcd5-23a20702ea50 None None] ================================================================================ {{(pid=108440) log_opt_values /opt/stack/data/venv/lib/python3.12/site-packages/oslo_config/cfg.py:3237}}
May 20 01:51:56.393312 np0000175174 devstack@n-api-meta.service[108440]: DEBUG nova.api.openstack.wsgi_app [None req-0391c719-94de-4701-bcd5-23a20702ea50 None None] allow_resize_to_same_host = True {{(pid=108440) log_opt_values /opt/stack/data/venv/lib/python3.12/site-packages/oslo_config/cfg.py:3245}}
May 20 01:51:56.393515 np0000175174 devstack@n-api-meta.service[108440]: DEBUG nova.api.openstack.wsgi_app [None req-0391c719-94de-4701-bcd5-23a20702ea50 None None] arq_binding_timeout = 300 {{(pid=108440) log_opt_values /opt/stack/data/venv/lib/python3.12/site-packages/oslo_config/cfg.py:3245}}
May 20 01:51:56.393724 np0000175174 devstack@n-api-meta.service[108440]: DEBUG nova.api.openstack.wsgi_app [None req-0391c719-94de-4701-bcd5-23a20702ea50 None None] block_device_allocate_retries = 60 {{(pid=108440) log_opt_values /opt/stack/data/venv/lib/python3.12/site-packages/oslo_config/cfg.py:3245}}
May 20 01:51:56.393794 np0000175174 devstack@n-api-meta.service[108439]: DEBUG dbcounter [-] [108439] Writer thread running {{(pid=108439) stat_writer /opt/stack/data/venv/lib/python3.12/site-packages/dbcounter.py:102}}
May 20 01:51:56.393892 np0000175174 devstack@n-api-meta.service[108440]: DEBUG nova.api.openstack.wsgi_app [None req-0391c719-94de-4701-bcd5-23a20702ea50 None None] block_device_allocate_retries_interval = 3 {{(pid=108440) log_opt_values /opt/stack/data/venv/lib/python3.12/site-packages/oslo_config/cfg.py:3245}}
May 20 01:51:56.394050 np0000175174 devstack@n-api-meta.service[108440]: DEBUG nova.api.openstack.wsgi_app [None req-0391c719-94de-4701-bcd5-23a20702ea50 None None] cell_worker_thread_pool_size = 5 {{(pid=108440) log_opt_values /opt/stack/data/venv/lib/python3.12/site-packages/oslo_config/cfg.py:3245}}
May 20 01:51:56.394201 np0000175174 devstack@n-api-meta.service[108440]: DEBUG nova.api.openstack.wsgi_app [None req-0391c719-94de-4701-bcd5-23a20702ea50 None None] cert = self.pem {{(pid=108440) log_opt_values /opt/stack/data/venv/lib/python3.12/site-packages/oslo_config/cfg.py:3245}}
May 20 01:51:56.394339 np0000175174 devstack@n-api-meta.service[108440]: DEBUG nova.api.openstack.wsgi_app [None req-0391c719-94de-4701-bcd5-23a20702ea50 None None] compute_driver = libvirt.LibvirtDriver {{(pid=108440) log_opt_values /opt/stack/data/venv/lib/python3.12/site-packages/oslo_config/cfg.py:3245}}
May 20 01:51:56.394477 np0000175174 devstack@n-api-meta.service[108440]: DEBUG nova.api.openstack.wsgi_app [None req-0391c719-94de-4701-bcd5-23a20702ea50 None None] compute_monitors = [] {{(pid=108440) log_opt_values /opt/stack/data/venv/lib/python3.12/site-packages/oslo_config/cfg.py:3245}}
May 20 01:51:56.394654 np0000175174 devstack@n-api-meta.service[108440]: DEBUG nova.api.openstack.wsgi_app [None req-0391c719-94de-4701-bcd5-23a20702ea50 None None] config_dir = [] {{(pid=108440) log_opt_values /opt/stack/data/venv/lib/python3.12/site-packages/oslo_config/cfg.py:3245}}
May 20 01:51:56.394779 np0000175174 devstack@n-api-meta.service[108440]: DEBUG nova.api.openstack.wsgi_app [None req-0391c719-94de-4701-bcd5-23a20702ea50 None None] config_drive_format = iso9660 {{(pid=108440) log_opt_values /opt/stack/data/venv/lib/python3.12/site-packages/oslo_config/cfg.py:3245}}
May 20 01:51:56.394881 np0000175174 devstack@n-api-meta.service[108440]: DEBUG nova.api.openstack.wsgi_app [None req-0391c719-94de-4701-bcd5-23a20702ea50 None None] config_file = ['/etc/nova/api-paste.ini', '/etc/nova/nova.conf'] {{(pid=108440) log_opt_values /opt/stack/data/venv/lib/python3.12/site-packages/oslo_config/cfg.py:3245}}
May 20 01:51:56.395013 np0000175174 devstack@n-api-meta.service[108440]: DEBUG nova.api.openstack.wsgi_app [None req-0391c719-94de-4701-bcd5-23a20702ea50 None None] config_source = [] {{(pid=108440) log_opt_values /opt/stack/data/venv/lib/python3.12/site-packages/oslo_config/cfg.py:3245}}
May 20 01:51:56.395149 np0000175174 devstack@n-api-meta.service[108440]: DEBUG nova.api.openstack.wsgi_app [None req-0391c719-94de-4701-bcd5-23a20702ea50 None None] console_host = np0000175174 {{(pid=108440) log_opt_values /opt/stack/data/venv/lib/python3.12/site-packages/oslo_config/cfg.py:3245}}
May 20 01:51:56.395338 np0000175174 devstack@n-api-meta.service[108440]: DEBUG nova.api.openstack.wsgi_app [None req-0391c719-94de-4701-bcd5-23a20702ea50 None None] control_exchange = nova {{(pid=108440) log_opt_values /opt/stack/data/venv/lib/python3.12/site-packages/oslo_config/cfg.py:3245}}
May 20 01:51:56.395495 np0000175174 devstack@n-api-meta.service[108440]: DEBUG nova.api.openstack.wsgi_app [None req-0391c719-94de-4701-bcd5-23a20702ea50 None None] cpu_allocation_ratio = None {{(pid=108440) log_opt_values /opt/stack/data/venv/lib/python3.12/site-packages/oslo_config/cfg.py:3245}}
May 20 01:51:56.395629 np0000175174 devstack@n-api-meta.service[108440]: DEBUG nova.api.openstack.wsgi_app [None req-0391c719-94de-4701-bcd5-23a20702ea50 None None] daemon = False {{(pid=108440) log_opt_values /opt/stack/data/venv/lib/python3.12/site-packages/oslo_config/cfg.py:3245}}
May 20 01:51:56.395812 np0000175174 devstack@n-api-meta.service[108440]: DEBUG nova.api.openstack.wsgi_app [None req-0391c719-94de-4701-bcd5-23a20702ea50 None None] debug = True {{(pid=108440) log_opt_values /opt/stack/data/venv/lib/python3.12/site-packages/oslo_config/cfg.py:3245}}
May 20 01:51:56.395945 np0000175174 devstack@n-api-meta.service[108440]: DEBUG nova.api.openstack.wsgi_app [None req-0391c719-94de-4701-bcd5-23a20702ea50 None None] default_access_ip_network_name = None {{(pid=108440) log_opt_values /opt/stack/data/venv/lib/python3.12/site-packages/oslo_config/cfg.py:3245}}
May 20 01:51:56.396079 np0000175174 devstack@n-api-meta.service[108440]: DEBUG nova.api.openstack.wsgi_app [None req-0391c719-94de-4701-bcd5-23a20702ea50 None None] default_availability_zone = nova {{(pid=108440) log_opt_values /opt/stack/data/venv/lib/python3.12/site-packages/oslo_config/cfg.py:3245}}
May 20 01:51:56.396254 np0000175174 devstack@n-api-meta.service[108440]: DEBUG nova.api.openstack.wsgi_app [None req-0391c719-94de-4701-bcd5-23a20702ea50 None None] default_ephemeral_format = ext4 {{(pid=108440) log_opt_values /opt/stack/data/venv/lib/python3.12/site-packages/oslo_config/cfg.py:3245}}
May 20 01:51:56.396402 np0000175174 devstack@n-api-meta.service[108440]: DEBUG nova.api.openstack.wsgi_app [None req-0391c719-94de-4701-bcd5-23a20702ea50 None None] default_green_pool_size = 1000 {{(pid=108440) log_opt_values /opt/stack/data/venv/lib/python3.12/site-packages/oslo_config/cfg.py:3245}}
May 20 01:51:56.396634 np0000175174 devstack@n-api-meta.service[108440]: DEBUG nova.api.openstack.wsgi_app [None req-0391c719-94de-4701-bcd5-23a20702ea50 None None] default_log_levels = ['amqp=WARN', 'boto=WARN', 'sqlalchemy=WARN', 'suds=INFO', 'oslo.messaging=INFO', 'oslo_messaging=INFO', 'iso8601=WARN', 'requests.packages.urllib3.connectionpool=WARN', 'urllib3.connectionpool=WARN', 'websocket=WARN', 'requests.packages.urllib3.util.retry=WARN', 'urllib3.util.retry=WARN', 'keystonemiddleware=WARN', 'routes.middleware=WARN', 'stevedore=WARN', 'taskflow=WARN', 'keystoneauth=WARN', 'oslo.cache=INFO', 'oslo_policy=INFO', 'dogpile.core.dogpile=INFO', 'glanceclient=WARN', 'oslo.privsep.daemon=INFO'] {{(pid=108440) log_opt_values /opt/stack/data/venv/lib/python3.12/site-packages/oslo_config/cfg.py:3245}}
May 20 01:51:56.396767 np0000175174 devstack@n-api-meta.service[108440]: DEBUG nova.api.openstack.wsgi_app [None req-0391c719-94de-4701-bcd5-23a20702ea50 None None] default_schedule_zone = None {{(pid=108440) log_opt_values /opt/stack/data/venv/lib/python3.12/site-packages/oslo_config/cfg.py:3245}}
May 20 01:51:56.396885 np0000175174 devstack@n-api-meta.service[108440]: DEBUG nova.api.openstack.wsgi_app [None req-0391c719-94de-4701-bcd5-23a20702ea50 None None] default_thread_pool_size = 10 {{(pid=108440) log_opt_values /opt/stack/data/venv/lib/python3.12/site-packages/oslo_config/cfg.py:3245}}
May 20 01:51:56.397013 np0000175174 devstack@n-api-meta.service[108440]: DEBUG nova.api.openstack.wsgi_app [None req-0391c719-94de-4701-bcd5-23a20702ea50 None None] disk_allocation_ratio = None {{(pid=108440) log_opt_values /opt/stack/data/venv/lib/python3.12/site-packages/oslo_config/cfg.py:3245}}
May 20 01:51:56.397184 np0000175174 devstack@n-api-meta.service[108440]: DEBUG nova.api.openstack.wsgi_app [None req-0391c719-94de-4701-bcd5-23a20702ea50 None None] enable_new_services = True {{(pid=108440) log_opt_values /opt/stack/data/venv/lib/python3.12/site-packages/oslo_config/cfg.py:3245}}
May 20 01:51:56.397315 np0000175174 devstack@n-api-meta.service[108440]: DEBUG nova.api.openstack.wsgi_app [None req-0391c719-94de-4701-bcd5-23a20702ea50 None None] flat_injected = False {{(pid=108440) log_opt_values /opt/stack/data/venv/lib/python3.12/site-packages/oslo_config/cfg.py:3245}}
May 20 01:51:56.397446 np0000175174 devstack@n-api-meta.service[108440]: DEBUG nova.api.openstack.wsgi_app [None req-0391c719-94de-4701-bcd5-23a20702ea50 None None] force_config_drive = False {{(pid=108440) log_opt_values /opt/stack/data/venv/lib/python3.12/site-packages/oslo_config/cfg.py:3245}}
May 20 01:51:56.397697 np0000175174 devstack@n-api-meta.service[108440]: DEBUG nova.api.openstack.wsgi_app [None req-0391c719-94de-4701-bcd5-23a20702ea50 None None] force_raw_images = True {{(pid=108440) log_opt_values /opt/stack/data/venv/lib/python3.12/site-packages/oslo_config/cfg.py:3245}}
May 20 01:51:56.397767 np0000175174 devstack@n-api-meta.service[108440]: DEBUG nova.api.openstack.wsgi_app [None req-0391c719-94de-4701-bcd5-23a20702ea50 None None] graceful_shutdown_timeout = 5 {{(pid=108440) log_opt_values /opt/stack/data/venv/lib/python3.12/site-packages/oslo_config/cfg.py:3245}}
May 20 01:51:56.397870 np0000175174 devstack@n-api-meta.service[108440]: DEBUG nova.api.openstack.wsgi_app [None req-0391c719-94de-4701-bcd5-23a20702ea50 None None] heal_instance_info_cache_interval = -1 {{(pid=108440) log_opt_values /opt/stack/data/venv/lib/python3.12/site-packages/oslo_config/cfg.py:3245}}
May 20 01:51:56.398100 np0000175174 devstack@n-api-meta.service[108440]: DEBUG nova.api.openstack.wsgi_app [None req-0391c719-94de-4701-bcd5-23a20702ea50 None None] host = np0000175174 {{(pid=108440) log_opt_values /opt/stack/data/venv/lib/python3.12/site-packages/oslo_config/cfg.py:3245}}
May 20 01:51:56.398236 np0000175174 devstack@n-api-meta.service[108440]: DEBUG nova.api.openstack.wsgi_app [None req-0391c719-94de-4701-bcd5-23a20702ea50 None None] initial_cpu_allocation_ratio = 4.0 {{(pid=108440) log_opt_values /opt/stack/data/venv/lib/python3.12/site-packages/oslo_config/cfg.py:3245}}
May 20 01:51:56.398379 np0000175174 devstack@n-api-meta.service[108440]: DEBUG nova.api.openstack.wsgi_app [None req-0391c719-94de-4701-bcd5-23a20702ea50 None None] initial_disk_allocation_ratio = 1.0 {{(pid=108440) log_opt_values /opt/stack/data/venv/lib/python3.12/site-packages/oslo_config/cfg.py:3245}}
May 20 01:51:56.398497 np0000175174 devstack@n-api-meta.service[108440]: DEBUG nova.api.openstack.wsgi_app [None req-0391c719-94de-4701-bcd5-23a20702ea50 None None] initial_ram_allocation_ratio = 1.0 {{(pid=108440) log_opt_values /opt/stack/data/venv/lib/python3.12/site-packages/oslo_config/cfg.py:3245}}
May 20 01:51:56.398708 np0000175174 devstack@n-api-meta.service[108440]: DEBUG nova.api.openstack.wsgi_app [None req-0391c719-94de-4701-bcd5-23a20702ea50 None None] injected_network_template = /opt/stack/nova/nova/virt/interfaces.template {{(pid=108440) log_opt_values /opt/stack/data/venv/lib/python3.12/site-packages/oslo_config/cfg.py:3245}}
May 20 01:51:56.398835 np0000175174 devstack@n-api-meta.service[108440]: DEBUG nova.api.openstack.wsgi_app [None req-0391c719-94de-4701-bcd5-23a20702ea50 None None] instance_build_timeout = 0 {{(pid=108440) log_opt_values /opt/stack/data/venv/lib/python3.12/site-packages/oslo_config/cfg.py:3245}}
May 20 01:51:56.398962 np0000175174 devstack@n-api-meta.service[108440]: DEBUG nova.api.openstack.wsgi_app [None req-0391c719-94de-4701-bcd5-23a20702ea50 None None] instance_delete_interval = 300 {{(pid=108440) log_opt_values /opt/stack/data/venv/lib/python3.12/site-packages/oslo_config/cfg.py:3245}}
May 20 01:51:56.399111 np0000175174 devstack@n-api-meta.service[108440]: DEBUG nova.api.openstack.wsgi_app [None req-0391c719-94de-4701-bcd5-23a20702ea50 None None] instance_format = [instance: %(uuid)s] {{(pid=108440) log_opt_values /opt/stack/data/venv/lib/python3.12/site-packages/oslo_config/cfg.py:3245}}
May 20 01:51:56.399405 np0000175174 devstack@n-api-meta.service[108440]: DEBUG nova.api.openstack.wsgi_app [None req-0391c719-94de-4701-bcd5-23a20702ea50 None None] instance_name_template = instance-%08x {{(pid=108440) log_opt_values /opt/stack/data/venv/lib/python3.12/site-packages/oslo_config/cfg.py:3245}}
May 20 01:51:56.399543 np0000175174 devstack@n-api-meta.service[108439]: DEBUG dbcounter [-] [108439] Writer thread running {{(pid=108439) stat_writer /opt/stack/data/venv/lib/python3.12/site-packages/dbcounter.py:102}}
May 20 01:51:56.399691 np0000175174 devstack@n-api-meta.service[108440]: DEBUG nova.api.openstack.wsgi_app [None req-0391c719-94de-4701-bcd5-23a20702ea50 None None] instance_usage_audit = False {{(pid=108440) log_opt_values /opt/stack/data/venv/lib/python3.12/site-packages/oslo_config/cfg.py:3245}}
May 20 01:51:56.399788 np0000175174 devstack@n-api-meta.service[108440]: DEBUG nova.api.openstack.wsgi_app [None req-0391c719-94de-4701-bcd5-23a20702ea50 None None] instance_usage_audit_period = month {{(pid=108440) log_opt_values /opt/stack/data/venv/lib/python3.12/site-packages/oslo_config/cfg.py:3245}}
May 20 01:51:56.399892 np0000175174 devstack@n-api-meta.service[108440]: DEBUG nova.api.openstack.wsgi_app [None req-0391c719-94de-4701-bcd5-23a20702ea50 None None] instance_uuid_format = [instance: %(uuid)s] {{(pid=108440) log_opt_values /opt/stack/data/venv/lib/python3.12/site-packages/oslo_config/cfg.py:3245}}
May 20 01:51:56.399985 np0000175174 devstack@n-api-meta.service[108440]: DEBUG nova.api.openstack.wsgi_app [None req-0391c719-94de-4701-bcd5-23a20702ea50 None None] instances_path = /opt/stack/data/nova/instances {{(pid=108440) log_opt_values /opt/stack/data/venv/lib/python3.12/site-packages/oslo_config/cfg.py:3245}}
May 20 01:51:56.400183 np0000175174 devstack@n-api-meta.service[108440]: DEBUG nova.api.openstack.wsgi_app [None req-0391c719-94de-4701-bcd5-23a20702ea50 None None] internal_service_availability_zone = internal {{(pid=108440) log_opt_values /opt/stack/data/venv/lib/python3.12/site-packages/oslo_config/cfg.py:3245}}
May 20 01:51:56.400292 np0000175174 devstack@n-api-meta.service[108440]: DEBUG nova.api.openstack.wsgi_app [None req-0391c719-94de-4701-bcd5-23a20702ea50 None None] key = None {{(pid=108440) log_opt_values /opt/stack/data/venv/lib/python3.12/site-packages/oslo_config/cfg.py:3245}}
May 20 01:51:56.400447 np0000175174 devstack@n-api-meta.service[108440]: DEBUG nova.api.openstack.wsgi_app [None req-0391c719-94de-4701-bcd5-23a20702ea50 None None] live_migration_retry_count = 30 {{(pid=108440) log_opt_values /opt/stack/data/venv/lib/python3.12/site-packages/oslo_config/cfg.py:3245}}
May 20 01:51:56.400671 np0000175174 devstack@n-api-meta.service[108440]: DEBUG nova.api.openstack.wsgi_app [None req-0391c719-94de-4701-bcd5-23a20702ea50 None None] log_color = False {{(pid=108440) log_opt_values /opt/stack/data/venv/lib/python3.12/site-packages/oslo_config/cfg.py:3245}}
May 20 01:51:56.400817 np0000175174 devstack@n-api-meta.service[108440]: DEBUG nova.api.openstack.wsgi_app [None req-0391c719-94de-4701-bcd5-23a20702ea50 None None] log_config_append = None {{(pid=108440) log_opt_values /opt/stack/data/venv/lib/python3.12/site-packages/oslo_config/cfg.py:3245}}
May 20 01:51:56.400939 np0000175174 devstack@n-api-meta.service[108440]: DEBUG nova.api.openstack.wsgi_app [None req-0391c719-94de-4701-bcd5-23a20702ea50 None None] log_date_format = %Y-%m-%d %H:%M:%S {{(pid=108440) log_opt_values /opt/stack/data/venv/lib/python3.12/site-packages/oslo_config/cfg.py:3245}}
May 20 01:51:56.401094 np0000175174 devstack@n-api-meta.service[108440]: DEBUG nova.api.openstack.wsgi_app [None req-0391c719-94de-4701-bcd5-23a20702ea50 None None] log_dir = None {{(pid=108440) log_opt_values /opt/stack/data/venv/lib/python3.12/site-packages/oslo_config/cfg.py:3245}}
May 20 01:51:56.401208 np0000175174 devstack@n-api-meta.service[108440]: DEBUG nova.api.openstack.wsgi_app [None req-0391c719-94de-4701-bcd5-23a20702ea50 None None] log_file = None {{(pid=108440) log_opt_values /opt/stack/data/venv/lib/python3.12/site-packages/oslo_config/cfg.py:3245}}
May 20 01:51:56.401314 np0000175174 devstack@n-api-meta.service[108440]: DEBUG nova.api.openstack.wsgi_app [None req-0391c719-94de-4701-bcd5-23a20702ea50 None None] log_options = True {{(pid=108440) log_opt_values /opt/stack/data/venv/lib/python3.12/site-packages/oslo_config/cfg.py:3245}}
May 20 01:51:56.401474 np0000175174 devstack@n-api-meta.service[108440]: DEBUG nova.api.openstack.wsgi_app [None req-0391c719-94de-4701-bcd5-23a20702ea50 None None] log_rotate_interval = 1 {{(pid=108440) log_opt_values /opt/stack/data/venv/lib/python3.12/site-packages/oslo_config/cfg.py:3245}}
May 20 01:51:56.401635 np0000175174 devstack@n-api-meta.service[108440]: DEBUG nova.api.openstack.wsgi_app [None req-0391c719-94de-4701-bcd5-23a20702ea50 None None] log_rotate_interval_type = days {{(pid=108440) log_opt_values /opt/stack/data/venv/lib/python3.12/site-packages/oslo_config/cfg.py:3245}}
May 20 01:51:56.401774 np0000175174 devstack@n-api-meta.service[108440]: DEBUG nova.api.openstack.wsgi_app [None req-0391c719-94de-4701-bcd5-23a20702ea50 None None] log_rotation_type = none {{(pid=108440) log_opt_values /opt/stack/data/venv/lib/python3.12/site-packages/oslo_config/cfg.py:3245}}
May 20 01:51:56.401893 np0000175174 devstack@n-api-meta.service[108440]: DEBUG nova.api.openstack.wsgi_app [None req-0391c719-94de-4701-bcd5-23a20702ea50 None None] logging_context_format_string = %(color)s%(levelname)s %(name)s [%(global_request_id)s %(request_id)s %(project_name)s %(user_name)s%(color)s] %(instance)s%(color)s%(message)s {{(pid=108440) log_opt_values /opt/stack/data/venv/lib/python3.12/site-packages/oslo_config/cfg.py:3245}}
May 20 01:51:56.401981 np0000175174 devstack@n-api-meta.service[108440]: DEBUG nova.api.openstack.wsgi_app [None req-0391c719-94de-4701-bcd5-23a20702ea50 None None] logging_debug_format_suffix = {{(pid=%(process)d) %(funcName)s %(pathname)s:%(lineno)d}} {{(pid=108440) log_opt_values /opt/stack/data/venv/lib/python3.12/site-packages/oslo_config/cfg.py:3245}}
May 20 01:51:56.402122 np0000175174 devstack@n-api-meta.service[108440]: DEBUG nova.api.openstack.wsgi_app [None req-0391c719-94de-4701-bcd5-23a20702ea50 None None] logging_default_format_string = %(color)s%(levelname)s %(name)s [-%(color)s] %(instance)s%(color)s%(message)s {{(pid=108440) log_opt_values /opt/stack/data/venv/lib/python3.12/site-packages/oslo_config/cfg.py:3245}}
May 20 01:51:56.402288 np0000175174 devstack@n-api-meta.service[108440]: DEBUG nova.api.openstack.wsgi_app [None req-0391c719-94de-4701-bcd5-23a20702ea50 None None] logging_exception_prefix = ERROR %(name)s %(instance)s {{(pid=108440) log_opt_values /opt/stack/data/venv/lib/python3.12/site-packages/oslo_config/cfg.py:3245}}
May 20 01:51:56.402384 np0000175174 devstack@n-api-meta.service[108440]: DEBUG nova.api.openstack.wsgi_app [None req-0391c719-94de-4701-bcd5-23a20702ea50 None None] logging_user_identity_format = %(user)s %(project)s %(domain)s %(system_scope)s %(user_domain)s %(project_domain)s {{(pid=108440) log_opt_values /opt/stack/data/venv/lib/python3.12/site-packages/oslo_config/cfg.py:3245}}
May 20 01:51:56.402560 np0000175174 devstack@n-api-meta.service[108440]: DEBUG nova.api.openstack.wsgi_app [None req-0391c719-94de-4701-bcd5-23a20702ea50 None None] long_rpc_timeout = 1800 {{(pid=108440) log_opt_values /opt/stack/data/venv/lib/python3.12/site-packages/oslo_config/cfg.py:3245}}
May 20 01:51:56.402737 np0000175174 devstack@n-api-meta.service[108440]: DEBUG nova.api.openstack.wsgi_app [None req-0391c719-94de-4701-bcd5-23a20702ea50 None None] manager_shutdown_timeout = 160 {{(pid=108440) log_opt_values /opt/stack/data/venv/lib/python3.12/site-packages/oslo_config/cfg.py:3245}}
