2026-03-06 01:39:35.591 10 INFO neutron.wsgi [None req-1720fd17-23c8-4df1-a35a-e96cc4c6f0b2 c137bf5204334c9e898446b24dc8b96b 02801b8e0801495e95fee9a2759ed92e - - default default] 10.0.0.8 "POST /v2.0/networks HTTP/1.1" status: 201 len: 950 time: 0.9194105
2026-03-06 01:39:35.726 10 INFO neutron.db.ovn_revision_numbers_db [None req-6638cd5e-f3a8-4fb4-933b-601df051eace c137bf5204334c9e898446b24dc8b96b 02801b8e0801495e95fee9a2759ed92e - - default default] Successfully bumped revision number for resource af1a92f3-90de-49de-89db-8fdb116d0010 (type: security_groups) to 1
2026-03-06 01:39:35.744 10 INFO neutron.db.ovn_revision_numbers_db [None req-6638cd5e-f3a8-4fb4-933b-601df051eace c137bf5204334c9e898446b24dc8b96b 02801b8e0801495e95fee9a2759ed92e - - default default] Successfully bumped revision number for resource 052cbd09-3979-45da-8617-d750e2a79a30 (type: security_group_rules) to 0
2026-03-06 01:39:35.765 10 INFO neutron.db.ovn_revision_numbers_db [None req-6638cd5e-f3a8-4fb4-933b-601df051eace c137bf5204334c9e898446b24dc8b96b 02801b8e0801495e95fee9a2759ed92e - - default default] Successfully bumped revision number for resource 42abc359-0bde-4d5c-811e-178e4eb87fce (type: security_group_rules) to 0
2026-03-06 01:39:35.781 10 INFO neutron.db.ovn_revision_numbers_db [None req-6638cd5e-f3a8-4fb4-933b-601df051eace c137bf5204334c9e898446b24dc8b96b 02801b8e0801495e95fee9a2759ed92e - - default default] Successfully bumped revision number for resource 97685010-4d4a-4f15-9188-0d2c0bd61237 (type: security_group_rules) to 0
2026-03-06 01:39:35.797 10 WARNING neutron.scheduler.dhcp_agent_scheduler [None req-cbf8ea50-7787-4812-a514-fc5e0b8b59e0 c137bf5204334c9e898446b24dc8b96b 02801b8e0801495e95fee9a2759ed92e - - default default] No more DHCP agents
2026-03-06 01:39:35.800 10 WARNING neutron.api.rpc.agentnotifiers.dhcp_rpc_agent_api [None req-cbf8ea50-7787-4812-a514-fc5e0b8b59e0 c137bf5204334c9e898446b24dc8b96b 02801b8e0801495e95fee9a2759ed92e - - default default] Unable to schedule network 2d6b52da-9e66-495d-99a6-d46690b6cd55: no agents available; will retry on subsequent port and subnet creation events.
2026-03-06 01:39:35.802 10 INFO neutron.db.ovn_revision_numbers_db [None req-6638cd5e-f3a8-4fb4-933b-601df051eace c137bf5204334c9e898446b24dc8b96b 02801b8e0801495e95fee9a2759ed92e - - default default] Successfully bumped revision number for resource a2692000-0c3a-4795-ab61-33c0bd2b1532 (type: security_group_rules) to 0
2026-03-06 01:39:35.970 10 INFO neutron.db.segments_db [None req-6638cd5e-f3a8-4fb4-933b-601df051eace c137bf5204334c9e898446b24dc8b96b 02801b8e0801495e95fee9a2759ed92e - - default default] Added segment c89d1684-39b8-4705-8a51-9ca78097dc2b of type geneve for network 2679e45b-9f77-48b3-b807-f19f2a58bb67
2026-03-06 01:39:36.059 9 INFO neutron.db.ovn_revision_numbers_db [None req-bd313eee-096b-43bf-a012-9bdcb23e72ac c137bf5204334c9e898446b24dc8b96b 02801b8e0801495e95fee9a2759ed92e - - default default] Successfully bumped revision number for resource b3a1114a-c98f-41fc-87c2-fc416f7d5576 (type: security_groups) to 1
2026-03-06 01:39:36.075 9 INFO neutron.db.ovn_revision_numbers_db [None req-bd313eee-096b-43bf-a012-9bdcb23e72ac c137bf5204334c9e898446b24dc8b96b 02801b8e0801495e95fee9a2759ed92e - - default default] Successfully bumped revision number for resource 19a08e1b-e5c0-4d95-bdac-7c70cc5c7d83 (type: security_group_rules) to 0
2026-03-06 01:39:36.089 9 INFO neutron.db.ovn_revision_numbers_db [None req-bd313eee-096b-43bf-a012-9bdcb23e72ac c137bf5204334c9e898446b24dc8b96b 02801b8e0801495e95fee9a2759ed92e - - default default] Successfully bumped revision number for resource 85fa887f-bc1d-4064-82f7-871ff4f85b1f (type: security_group_rules) to 0
2026-03-06 01:39:36.101 9 INFO neutron.db.ovn_revision_numbers_db [None req-bd313eee-096b-43bf-a012-9bdcb23e72ac c137bf5204334c9e898446b24dc8b96b 02801b8e0801495e95fee9a2759ed92e - - default default] Successfully bumped revision number for resource a7d4bc36-3be5-4018-a8de-b28ddfc3edb6 (type: security_group_rules) to 0
2026-03-06 01:39:36.115 9 INFO neutron.db.ovn_revision_numbers_db [None req-bd313eee-096b-43bf-a012-9bdcb23e72ac c137bf5204334c9e898446b24dc8b96b 02801b8e0801495e95fee9a2759ed92e - - default default] Successfully bumped revision number for resource b66bfde9-67bd-4d67-a4ba-bcc5f4b13e83 (type: security_group_rules) to 0
2026-03-06 01:39:36.148 9 INFO neutron.wsgi [None req-bd313eee-096b-43bf-a012-9bdcb23e72ac c137bf5204334c9e898446b24dc8b96b 02801b8e0801495e95fee9a2759ed92e - - default default] 10.0.0.8 "GET /v2.0/security-groups?tenant_id=8aaa18b41e504d2db3ea3164af612a38&name=default HTTP/1.1" status: 200 len: 3116 time: 0.3735898
2026-03-06 01:39:36.227 9 INFO neutron.wsgi [-] 10.0.0.53 "GET / HTTP/1.1" status: 200 len: 247 time: 0.0016961
2026-03-06 01:39:36.229 9 INFO neutron.wsgi [-] 10.0.0.53 "GET / HTTP/1.1" status: 200 len: 247 time: 0.0012488
2026-03-06 01:39:36.263 10 INFO neutron.db.ovn_revision_numbers_db [None req-6638cd5e-f3a8-4fb4-933b-601df051eace c137bf5204334c9e898446b24dc8b96b 02801b8e0801495e95fee9a2759ed92e - - default default] Successfully bumped revision number for resource 2679e45b-9f77-48b3-b807-f19f2a58bb67 (type: networks) to 1
2026-03-06 01:39:36.403 9 INFO neutron.wsgi [None req-66496575-8e2a-4fcb-a657-8fd47600f4e4 c137bf5204334c9e898446b24dc8b96b 02801b8e0801495e95fee9a2759ed92e - - default default] 10.0.0.8 "DELETE /v2.0/security-groups/b3a1114a-c98f-41fc-87c2-fc416f7d5576 HTTP/1.1" status: 204 len: 168 time: 0.2466416
2026-03-06 01:39:36.422 10 INFO neutron.db.ovn_revision_numbers_db [None req-73c51b18-98b4-467f-bbf9-a7d4336cb1a5 c137bf5204334c9e898446b24dc8b96b 02801b8e0801495e95fee9a2759ed92e - - default default] Successfully bumped revision number for resource f1ed0cf0-fe41-407c-a1d4-52b741309a6e (type: security_groups) to 1
2026-03-06 01:39:36.456 10 INFO neutron.db.ovn_revision_numbers_db [None req-73c51b18-98b4-467f-bbf9-a7d4336cb1a5 c137bf5204334c9e898446b24dc8b96b 02801b8e0801495e95fee9a2759ed92e - - default default] Successfully bumped revision number for resource 13b721c5-03d8-4a7d-8458-0651644b7708 (type: security_group_rules) to 0
2026-03-06 01:39:36.491 10 INFO neutron.db.ovn_revision_numbers_db [None req-73c51b18-98b4-467f-bbf9-a7d4336cb1a5 c137bf5204334c9e898446b24dc8b96b 02801b8e0801495e95fee9a2759ed92e - - default default] Successfully bumped revision number for resource 5c123025-a880-4887-99f0-d937f15bc598 (type: security_group_rules) to 0
2026-03-06 01:39:36.530 10 INFO neutron.db.ovn_revision_numbers_db [None req-73c51b18-98b4-467f-bbf9-a7d4336cb1a5 c137bf5204334c9e898446b24dc8b96b 02801b8e0801495e95fee9a2759ed92e - - default default] Successfully bumped revision number for resource d4ce68b4-635f-4a10-b05d-7570be3e9e76 (type: security_group_rules) to 0
2026-03-06 01:39:36.563 10 INFO neutron.db.ovn_revision_numbers_db [None req-73c51b18-98b4-467f-bbf9-a7d4336cb1a5 c137bf5204334c9e898446b24dc8b96b 02801b8e0801495e95fee9a2759ed92e - - default default] Successfully bumped revision number for resource ee1ee6a7-1d83-4523-9ad6-436724987645 (type: security_group_rules) to 0
2026-03-06 01:39:36.596 10 WARNING neutron.scheduler.dhcp_agent_scheduler [None req-6638cd5e-f3a8-4fb4-933b-601df051eace c137bf5204334c9e898446b24dc8b96b 02801b8e0801495e95fee9a2759ed92e - - default default] No more DHCP agents
2026-03-06 01:39:36.604 10 WARNING neutron.api.rpc.agentnotifiers.dhcp_rpc_agent_api [None req-6638cd5e-f3a8-4fb4-933b-601df051eace c137bf5204334c9e898446b24dc8b96b 02801b8e0801495e95fee9a2759ed92e - - default default] Unable to schedule network 2679e45b-9f77-48b3-b807-f19f2a58bb67: no agents available; will retry on subsequent port and subnet creation events.
2026-03-06 01:39:36.609 10 INFO neutron.wsgi [None req-73c51b18-98b4-467f-bbf9-a7d4336cb1a5 c137bf5204334c9e898446b24dc8b96b 02801b8e0801495e95fee9a2759ed92e - - default default] 10.0.0.8 "GET /v2.0/security-groups?tenant_id=398e59b2b381443089af01626f260e97&name=default HTTP/1.1" status: 200 len: 3116 time: 0.6116509
2026-03-06 01:39:36.734 10 INFO neutron.db.ovn_revision_numbers_db [None req-6638cd5e-f3a8-4fb4-933b-601df051eace c137bf5204334c9e898446b24dc8b96b 02801b8e0801495e95fee9a2759ed92e - - default default] Successfully bumped revision number for resource 5ef20be4-74c9-4980-bcac-3758ce2ddc7e (type: ports) to 1
2026-03-06 01:39:36.767 10 INFO neutron.wsgi [None req-6638cd5e-f3a8-4fb4-933b-601df051eace c137bf5204334c9e898446b24dc8b96b 02801b8e0801495e95fee9a2759ed92e - - default default] 10.0.0.8 "POST /v2.0/networks HTTP/1.1" status: 201 len: 950 time: 1.4628861
2026-03-06 01:39:36.813 9 INFO neutron.wsgi [None req-ece44c18-c03a-4ac5-98b9-e68ea11bb305 c137bf5204334c9e898446b24dc8b96b 02801b8e0801495e95fee9a2759ed92e - - default default] 10.0.0.8 "DELETE /v2.0/security-groups/f1ed0cf0-fe41-407c-a1d4-52b741309a6e HTTP/1.1" status: 204 len: 168 time: 0.1993017
2026-03-06 01:39:36.833 10 INFO neutron.db.ovn_revision_numbers_db [None req-cbf8ea50-7787-4812-a514-fc5e0b8b59e0 c137bf5204334c9e898446b24dc8b96b 02801b8e0801495e95fee9a2759ed92e - - default default] Successfully bumped revision number for resource c6333ab3-98f3-4d8f-b8ab-429ddd61ad56 (type: ports) to 2
2026-03-06 01:39:36.886 10 INFO neutron.db.ovn_revision_numbers_db [None req-cbf8ea50-7787-4812-a514-fc5e0b8b59e0 c137bf5204334c9e898446b24dc8b96b 02801b8e0801495e95fee9a2759ed92e - - default default] Successfully bumped revision number for resource 319e8b87-dc00-4144-bd5d-e140dc0aebe7 (type: subnets) to 0
2026-03-06 01:39:36.910 10 INFO neutron.wsgi [None req-cbf8ea50-7787-4812-a514-fc5e0b8b59e0 c137bf5204334c9e898446b24dc8b96b 02801b8e0801495e95fee9a2759ed92e - - default default] 10.0.0.8 "POST /v2.0/subnets HTTP/1.1" status: 201 len: 870 time: 1.3125010
2026-03-06 01:39:36.947 10 WARNING neutron.scheduler.dhcp_agent_scheduler [None req-beb74b2c-affd-4b8b-99a4-6dae3e351a9f c137bf5204334c9e898446b24dc8b96b 02801b8e0801495e95fee9a2759ed92e - - default default] No more DHCP agents
2026-03-06 01:39:36.950 10 WARNING neutron.api.rpc.agentnotifiers.dhcp_rpc_agent_api [None req-beb74b2c-affd-4b8b-99a4-6dae3e351a9f c137bf5204334c9e898446b24dc8b96b 02801b8e0801495e95fee9a2759ed92e - - default default] Unable to schedule network 2679e45b-9f77-48b3-b807-f19f2a58bb67: no agents available; will retry on subsequent port and subnet creation events.
2026-03-06 01:39:37.428 10 INFO neutron.db.ovn_revision_numbers_db [None req-beb74b2c-affd-4b8b-99a4-6dae3e351a9f c137bf5204334c9e898446b24dc8b96b 02801b8e0801495e95fee9a2759ed92e - - default default] Successfully bumped revision number for resource 5ef20be4-74c9-4980-bcac-3758ce2ddc7e (type: ports) to 2
2026-03-06 01:39:37.461 10 INFO neutron.db.ovn_revision_numbers_db [None req-beb74b2c-affd-4b8b-99a4-6dae3e351a9f c137bf5204334c9e898446b24dc8b96b 02801b8e0801495e95fee9a2759ed92e - - default default] Successfully bumped revision number for resource d2bf8830-5ada-4633-adcb-9bdf12310d55 (type: subnets) to 0
2026-03-06 01:39:37.475 10 INFO neutron.wsgi [None req-beb74b2c-affd-4b8b-99a4-6dae3e351a9f c137bf5204334c9e898446b24dc8b96b 02801b8e0801495e95fee9a2759ed92e - - default default] 10.0.0.8 "POST /v2.0/subnets HTTP/1.1" status: 201 len: 870 time: 0.6991487
2026-03-06 01:39:37.651 9 WARNING neutron.scheduler.dhcp_agent_scheduler [None req-f06655c6-d973-4560-85c2-5ac9ac92d83b c137bf5204334c9e898446b24dc8b96b 02801b8e0801495e95fee9a2759ed92e - - default default] No more DHCP agents
2026-03-06 01:39:37.653 9 WARNING neutron.api.rpc.agentnotifiers.dhcp_rpc_agent_api [None req-f06655c6-d973-4560-85c2-5ac9ac92d83b c137bf5204334c9e898446b24dc8b96b 02801b8e0801495e95fee9a2759ed92e - - default default] Unable to schedule network 98cbf412-7a44-4abe-969e-76b16677fadc: no agents available; will retry on subsequent port and subnet creation events.
2026-03-06 01:39:37.800 9 INFO neutron.db.ovn_revision_numbers_db [None req-f06655c6-d973-4560-85c2-5ac9ac92d83b c137bf5204334c9e898446b24dc8b96b 02801b8e0801495e95fee9a2759ed92e - - default default] Successfully bumped revision number for resource 1e80cf3c-ea20-44f9-9d31-40de6d66f749 (type: ports) to 1
2026-03-06 01:39:38.226 10 WARNING neutron.scheduler.dhcp_agent_scheduler [None req-da3f2794-2111-4fa7-acf4-771387022365 c137bf5204334c9e898446b24dc8b96b 02801b8e0801495e95fee9a2759ed92e - - default default] No more DHCP agents
2026-03-06 01:39:38.231 10 WARNING neutron.api.rpc.agentnotifiers.dhcp_rpc_agent_api [None req-da3f2794-2111-4fa7-acf4-771387022365 c137bf5204334c9e898446b24dc8b96b 02801b8e0801495e95fee9a2759ed92e - - default default] Unable to schedule network 98cbf412-7a44-4abe-969e-76b16677fadc: no agents available; will retry on subsequent port and subnet creation events.
2026-03-06 01:39:38.274 9 INFO neutron.plugins.ml2.drivers.ovn.mech_driver.ovsdb.extensions.qos [None req-f06655c6-d973-4560-85c2-5ac9ac92d83b c137bf5204334c9e898446b24dc8b96b 02801b8e0801495e95fee9a2759ed92e - - default default] Starting OVNClientQosExtension
2026-03-06 01:39:38.426 10 INFO neutron.db.ovn_revision_numbers_db [None req-da3f2794-2111-4fa7-acf4-771387022365 c137bf5204334c9e898446b24dc8b96b 02801b8e0801495e95fee9a2759ed92e - - default default] Successfully bumped revision number for resource c1aa0b89-6ae9-4d76-b6bd-34324387257c (type: ports) to 1
2026-03-06 01:39:38.657 9 INFO neutron.plugins.ml2.drivers.ovn.mech_driver.ovsdb.commands [None req-2a130bcd-d1b2-4818-a4ba-2984cab633a1 - - - - - -] Schedule LRP lrp-1e80cf3c-ea20-44f9-9d31-40de6d66f749 on gateway f4c9a443-8575-4a99-906a-8390a196aed9 with priority 1
2026-03-06 01:39:38.666 9 INFO neutron.plugins.ml2.drivers.ovn.mech_driver.mech_driver [None req-8ec59884-6caf-4767-9c5b-6e411e1bab11 - - - - - -] OVN reports status up for port: 1e80cf3c-ea20-44f9-9d31-40de6d66f749
2026-03-06 01:39:38.688 10 INFO neutron.plugins.ml2.drivers.ovn.mech_driver.ovsdb.ovsdb_monitor [-] Router acd70e0d-5e28-4277-adb6-725e14466d33 is bound to host instance
2026-03-06 01:39:38.699 9 INFO neutron.plugins.ml2.plugin [None req-8ec59884-6caf-4767-9c5b-6e411e1bab11 - - - - - -] Attempt 1 to provision port 1e80cf3c-ea20-44f9-9d31-40de6d66f749
2026-03-06 01:39:38.723 9 INFO neutron.db.ovn_revision_numbers_db [None req-f06655c6-d973-4560-85c2-5ac9ac92d83b c137bf5204334c9e898446b24dc8b96b 02801b8e0801495e95fee9a2759ed92e - - default default] Successfully bumped revision number for resource 1e80cf3c-ea20-44f9-9d31-40de6d66f749 (type: router_ports) to 1
2026-03-06 01:39:38.801 9 INFO neutron.db.ovn_revision_numbers_db [None req-f06655c6-d973-4560-85c2-5ac9ac92d83b c137bf5204334c9e898446b24dc8b96b 02801b8e0801495e95fee9a2759ed92e - - default default] Successfully bumped revision number for resource acd70e0d-5e28-4277-adb6-725e14466d33 (type: routers) to 2
2026-03-06 01:39:38.821 9 INFO neutron.wsgi [None req-f06655c6-d973-4560-85c2-5ac9ac92d83b c137bf5204334c9e898446b24dc8b96b 02801b8e0801495e95fee9a2759ed92e - - default default] 10.0.0.8 "POST /v2.0/routers HTTP/1.1" status: 201 len: 1172 time: 1.9053524
2026-03-06 01:39:38.858 10 INFO neutron.db.ovn_revision_numbers_db [None req-953ab0f3-1db3-4b64-8e0b-2f29a05eda12 c137bf5204334c9e898446b24dc8b96b 02801b8e0801495e95fee9a2759ed92e - - default default] Successfully bumped revision number for resource b332acc5-2fb4-47d3-9cc2-70bf0d458e75 (type: security_groups) to 1
2026-03-06 01:39:38.893 10 INFO neutron.db.ovn_revision_numbers_db [None req-953ab0f3-1db3-4b64-8e0b-2f29a05eda12 c137bf5204334c9e898446b24dc8b96b 02801b8e0801495e95fee9a2759ed92e - - default default] Successfully bumped revision number for resource 62715120-5590-4362-b894-53b55743a85f (type: security_group_rules) to 0
2026-03-06 01:39:38.927 10 INFO neutron.db.ovn_revision_numbers_db [None req-953ab0f3-1db3-4b64-8e0b-2f29a05eda12 c137bf5204334c9e898446b24dc8b96b 02801b8e0801495e95fee9a2759ed92e - - default default] Successfully bumped revision number for resource a0a27bae-21b9-4707-a107-2f5b06bcb11d (type: security_group_rules) to 0
2026-03-06 01:39:38.956 10 INFO neutron.db.ovn_revision_numbers_db [None req-953ab0f3-1db3-4b64-8e0b-2f29a05eda12 c137bf5204334c9e898446b24dc8b96b 02801b8e0801495e95fee9a2759ed92e - - default default] Successfully bumped revision number for resource dd6cc952-8d97-47db-ac06-b47141817180 (type: security_group_rules) to 0
2026-03-06 01:39:38.986 10 INFO neutron.db.ovn_revision_numbers_db [None req-953ab0f3-1db3-4b64-8e0b-2f29a05eda12 c137bf5204334c9e898446b24dc8b96b 02801b8e0801495e95fee9a2759ed92e - - default default] Successfully bumped revision number for resource ea1c6873-9b24-4fbb-a044-d206f95601bc (type: security_group_rules) to 0
2026-03-06 01:39:39.026 10 INFO neutron.plugins.ml2.drivers.ovn.mech_driver.ovsdb.extensions.qos [None req-da3f2794-2111-4fa7-acf4-771387022365 c137bf5204334c9e898446b24dc8b96b 02801b8e0801495e95fee9a2759ed92e - - default default] Starting OVNClientQosExtension
2026-03-06 01:39:39.065 10 INFO neutron.db.segments_db [None req-953ab0f3-1db3-4b64-8e0b-2f29a05eda12 c137bf5204334c9e898446b24dc8b96b 02801b8e0801495e95fee9a2759ed92e - - default default] Added segment 5edea016-3b13-4055-b432-8ede90cba61b of type geneve for network 2d08822c-00eb-461f-9580-4bce36c8ef5d
2026-03-06 01:39:39.354 10 INFO neutron.db.ovn_revision_numbers_db [None req-953ab0f3-1db3-4b64-8e0b-2f29a05eda12 c137bf5204334c9e898446b24dc8b96b 02801b8e0801495e95fee9a2759ed92e - - default default] Successfully bumped revision number for resource 2d08822c-00eb-461f-9580-4bce36c8ef5d (type: networks) to 1
2026-03-06 01:39:39.450 9 WARNING neutron.scheduler.dhcp_agent_scheduler [None req-9218820c-a021-4ad2-85c0-6ac7700e169e c137bf5204334c9e898446b24dc8b96b 02801b8e0801495e95fee9a2759ed92e - - default default] No more DHCP agents
2026-03-06 01:39:39.452 9 WARNING neutron.api.rpc.agentnotifiers.dhcp_rpc_agent_api [None req-9218820c-a021-4ad2-85c0-6ac7700e169e c137bf5204334c9e898446b24dc8b96b 02801b8e0801495e95fee9a2759ed92e - - default default] Unable to schedule network 2d6b52da-9e66-495d-99a6-d46690b6cd55: no agents available; will retry on subsequent port and subnet creation events.
2026-03-06 01:39:39.595 9 INFO neutron.db.ovn_revision_numbers_db [None req-9218820c-a021-4ad2-85c0-6ac7700e169e c137bf5204334c9e898446b24dc8b96b 02801b8e0801495e95fee9a2759ed92e - - default default] Successfully bumped revision number for resource 5ff3c614-e041-42b3-bea4-94676e80742e (type: ports) to 1
2026-03-06 01:39:39.765 10 WARNING neutron.scheduler.dhcp_agent_scheduler [None req-953ab0f3-1db3-4b64-8e0b-2f29a05eda12 c137bf5204334c9e898446b24dc8b96b 02801b8e0801495e95fee9a2759ed92e - - default default] No more DHCP agents
2026-03-06 01:39:39.774 10 WARNING neutron.api.rpc.agentnotifiers.dhcp_rpc_agent_api [None req-953ab0f3-1db3-4b64-8e0b-2f29a05eda12 c137bf5204334c9e898446b24dc8b96b 02801b8e0801495e95fee9a2759ed92e - - default default] Unable to schedule network 2d08822c-00eb-461f-9580-4bce36c8ef5d: no agents available; will retry on subsequent port and subnet creation events.
2026-03-06 01:39:39.795 10 INFO neutron.plugins.ml2.drivers.ovn.mech_driver.ovsdb.commands [None req-5ba1ce5d-c531-457f-ad2b-bbdb974ca1f9 - - - - - -] Schedule LRP lrp-c1aa0b89-6ae9-4d76-b6bd-34324387257c on gateway f4c9a443-8575-4a99-906a-8390a196aed9 with priority 1
2026-03-06 01:39:39.818 9 INFO neutron.plugins.ml2.drivers.ovn.mech_driver.ovsdb.ovsdb_monitor [-] Router 3ec5248e-3e0f-4bbd-8089-87028f650daf is bound to host instance
2026-03-06 01:39:39.824 10 INFO neutron.plugins.ml2.drivers.ovn.mech_driver.mech_driver [-] OVN reports status up for port: c1aa0b89-6ae9-4d76-b6bd-34324387257c
2026-03-06 01:39:39.857 10 INFO neutron.plugins.ml2.plugin [None req-6543edd4-0e35-4cb3-818b-61de28e5ba93 - - - - - -] Attempt 1 to provision port c1aa0b89-6ae9-4d76-b6bd-34324387257c
2026-03-06 01:39:39.914 10 INFO neutron.db.ovn_revision_numbers_db [None req-da3f2794-2111-4fa7-acf4-771387022365 c137bf5204334c9e898446b24dc8b96b 02801b8e0801495e95fee9a2759ed92e - - default default] Successfully bumped revision number for resource c1aa0b89-6ae9-4d76-b6bd-34324387257c (type: router_ports) to 1
2026-03-06 01:39:39.972 10 INFO neutron.db.ovn_revision_numbers_db [None req-953ab0f3-1db3-4b64-8e0b-2f29a05eda12 c137bf5204334c9e898446b24dc8b96b 02801b8e0801495e95fee9a2759ed92e - - default default] Successfully bumped revision number for resource 9954dc34-5c14-4986-b179-3e8a851281ef (type: ports) to 1
2026-03-06 01:39:40.033 10 INFO neutron.wsgi [None req-953ab0f3-1db3-4b64-8e0b-2f29a05eda12 c137bf5204334c9e898446b24dc8b96b 02801b8e0801495e95fee9a2759ed92e - - default default] 10.0.0.8 "POST /v2.0/networks HTTP/1.1" status: 201 len: 954 time: 1.8263557
2026-03-06 01:39:40.056 10 INFO neutron.db.ovn_revision_numbers_db [None req-da3f2794-2111-4fa7-acf4-771387022365 c137bf5204334c9e898446b24dc8b96b 02801b8e0801495e95fee9a2759ed92e - - default default] Successfully bumped revision number for resource 3ec5248e-3e0f-4bbd-8089-87028f650daf (type: routers) to 2
2026-03-06 01:39:40.073 10 INFO neutron.wsgi [None req-da3f2794-2111-4fa7-acf4-771387022365 c137bf5204334c9e898446b24dc8b96b 02801b8e0801495e95fee9a2759ed92e - - default default] 10.0.0.8 "POST /v2.0/routers HTTP/1.1" status: 201 len: 1172 time: 2.5922353
2026-03-06 01:39:40.117 10 INFO neutron.db.ovn_revision_numbers_db [None req-c3897c4c-7619-4595-9459-bf6fd9f27d82 - - - - - -] Successfully bumped revision number for resource 1e80cf3c-ea20-44f9-9d31-40de6d66f749 (type: ports) to 1
2026-03-06 01:39:40.458 10 INFO neutron.wsgi [None req-c1588f3b-1e73-445c-9a68-436f5f62ed12 c137bf5204334c9e898446b24dc8b96b 02801b8e0801495e95fee9a2759ed92e - - default default] 10.0.0.130 "GET /v2.0/network-ip-availabilities HTTP/1.1" status: 200 len: 2544 time: 0.2315125
2026-03-06 01:39:40.527 10 INFO neutron.wsgi [None req-4491d461-d972-4689-9140-1ec0c342f510 c137bf5204334c9e898446b24dc8b96b 02801b8e0801495e95fee9a2759ed92e - - default default] 10.0.0.130 "GET /v2.0/ports HTTP/1.1" status: 200 len: 11495 time: 0.0670648
2026-03-06 01:39:40.605 9 WARNING neutron.scheduler.dhcp_agent_scheduler [None req-e66ef792-d707-4d42-8f98-7ac031751b3f c137bf5204334c9e898446b24dc8b96b 02801b8e0801495e95fee9a2759ed92e - - default default] No more DHCP agents
2026-03-06 01:39:40.615 9 WARNING neutron.api.rpc.agentnotifiers.dhcp_rpc_agent_api [None req-e66ef792-d707-4d42-8f98-7ac031751b3f c137bf5204334c9e898446b24dc8b96b 02801b8e0801495e95fee9a2759ed92e - - default default] Unable to schedule network 2d08822c-00eb-461f-9580-4bce36c8ef5d: no agents available; will retry on subsequent port and subnet creation events.
2026-03-06 01:39:40.667 9 ERROR ovsdbapp.backend.ovs_idl.command [None req-9218820c-a021-4ad2-85c0-6ac7700e169e c137bf5204334c9e898446b24dc8b96b 02801b8e0801495e95fee9a2759ed92e - - default default] Error executing command (DbGetCommand): ovsdbapp.backend.ovs_idl.idlutils.RowNotFound: Cannot find Logical_Router_Port with name=lrp-5ff3c614-e041-42b3-bea4-94676e80742e
2026-03-06 01:39:40.667 9 ERROR ovsdbapp.backend.ovs_idl.command
Traceback (most recent call last):
2026-03-06 01:39:40.667 9 ERROR ovsdbapp.backend.ovs_idl.command
File "/var/lib/openstack/lib/python3.10/site-packages/ovsdbapp/backend/ovs_idl/command.py", line 47, in execute
2026-03-06 01:39:40.667 9 ERROR ovsdbapp.backend.ovs_idl.command self.run_idl(None)
2026-03-06 01:39:40.667 9 ERROR ovsdbapp.backend.ovs_idl.command
File "/var/lib/openstack/lib/python3.10/site-packages/ovsdbapp/backend/ovs_idl/command.py", line 235, in run_idl
2026-03-06 01:39:40.667 9 ERROR ovsdbapp.backend.ovs_idl.command record = self.api.lookup(self.table, self.record)
2026-03-06 01:39:40.667 9 ERROR ovsdbapp.backend.ovs_idl.command
File "/var/lib/openstack/lib/python3.10/site-packages/ovsdbapp/backend/ovs_idl/__init__.py", line 184, in lookup
2026-03-06 01:39:40.667 9 ERROR ovsdbapp.backend.ovs_idl.command return self._lookup(table, record)
2026-03-06 01:39:40.667 9 ERROR ovsdbapp.backend.ovs_idl.command
File "/var/lib/openstack/lib/python3.10/site-packages/ovsdbapp/backend/ovs_idl/__init__.py", line 235, in _lookup
2026-03-06 01:39:40.667 9 ERROR ovsdbapp.backend.ovs_idl.command row = idlutils.row_by_value(self, rl.table, rl.column, record)
2026-03-06 01:39:40.667 9 ERROR ovsdbapp.backend.ovs_idl.command
File "/var/lib/openstack/lib/python3.10/site-packages/ovsdbapp/backend/ovs_idl/idlutils.py", line 114, in row_by_value
2026-03-06 01:39:40.667 9 ERROR ovsdbapp.backend.ovs_idl.command raise RowNotFound(table=table, col=column, match=match)
2026-03-06 01:39:40.667 9 ERROR ovsdbapp.backend.ovs_idl.command ovsdbapp.backend.ovs_idl.idlutils.RowNotFound: Cannot find Logical_Router_Port with name=lrp-5ff3c614-e041-42b3-bea4-94676e80742e
2026-03-06 01:39:40.667 9 ERROR ovsdbapp.backend.ovs_idl.command 
2026-03-06 01:39:40.668 9 ERROR neutron_lib.callbacks.manager [None req-9218820c-a021-4ad2-85c0-6ac7700e169e c137bf5204334c9e898446b24dc8b96b 02801b8e0801495e95fee9a2759ed92e - - default default] Error during notification for neutron.services.ovn_l3.plugin.OVNL3RouterPlugin._port_update-8762385418982 port, after_update: ovsdbapp.backend.ovs_idl.idlutils.RowNotFound: Cannot find Logical_Router_Port with name=lrp-5ff3c614-e041-42b3-bea4-94676e80742e
2026-03-06 01:39:40.668 9 ERROR neutron_lib.callbacks.manager
Traceback (most recent call last):
2026-03-06 01:39:40.668 9 ERROR neutron_lib.callbacks.manager
File "/var/lib/openstack/lib/python3.10/site-packages/neutron_lib/callbacks/manager.py", line 189, in _notify_loop
2026-03-06 01:39:40.668 9 ERROR neutron_lib.callbacks.manager callback.method(resource, event, trigger, payload=payload)
2026-03-06 01:39:40.668 9 ERROR neutron_lib.callbacks.manager
File "/var/lib/openstack/lib/python3.10/site-packages/neutron/services/ovn_l3/plugin.py", line 391, in _port_update
2026-03-06 01:39:40.668 9 ERROR neutron_lib.callbacks.manager l3plugin._ovn_client.update_router_port(context,
2026-03-06 01:39:40.668 9 ERROR neutron_lib.callbacks.manager
File "/var/lib/openstack/lib/python3.10/site-packages/neutron/plugins/ml2/drivers/ovn/mech_driver/ovsdb/ovn_client.py", line 1878, in update_router_port
2026-03-06 01:39:40.668 9 ERROR neutron_lib.callbacks.manager self._update_lrouter_port(context, port, if_exists=if_exists,
2026-03-06 01:39:40.668 9 ERROR neutron_lib.callbacks.manager
File "/var/lib/openstack/lib/python3.10/site-packages/neutron/plugins/ml2/drivers/ovn/mech_driver/ovsdb/ovn_client.py", line 1855, in _update_lrouter_port
2026-03-06 01:39:40.668 9 ERROR neutron_lib.callbacks.manager external_ids = self._nb_idl.db_get(
2026-03-06 01:39:40.668 9 ERROR neutron_lib.callbacks.manager
File "/var/lib/openstack/lib/python3.10/site-packages/ovsdbapp/backend/ovs_idl/command.py", line 47, in execute
2026-03-06 01:39:40.668 9 ERROR neutron_lib.callbacks.manager self.run_idl(None)
2026-03-06 01:39:40.668 9 ERROR neutron_lib.callbacks.manager
File "/var/lib/openstack/lib/python3.10/site-packages/ovsdbapp/backend/ovs_idl/command.py", line 235, in run_idl
2026-03-06 01:39:40.668 9 ERROR neutron_lib.callbacks.manager record = self.api.lookup(self.table, self.record)
2026-03-06 01:39:40.668 9 ERROR neutron_lib.callbacks.manager
File "/var/lib/openstack/lib/python3.10/site-packages/ovsdbapp/backend/ovs_idl/__init__.py", line 184, in lookup
2026-03-06 01:39:40.668 9 ERROR neutron_lib.callbacks.manager return self._lookup(table, record)
2026-03-06 01:39:40.668 9 ERROR neutron_lib.callbacks.manager
File "/var/lib/openstack/lib/python3.10/site-packages/ovsdbapp/backend/ovs_idl/__init__.py", line 235, in _lookup
2026-03-06 01:39:40.668 9 ERROR neutron_lib.callbacks.manager row = idlutils.row_by_value(self, rl.table, rl.column, record)
2026-03-06 01:39:40.668 9 ERROR neutron_lib.callbacks.manager
File "/var/lib/openstack/lib/python3.10/site-packages/ovsdbapp/backend/ovs_idl/idlutils.py", line 114, in row_by_value
2026-03-06 01:39:40.668 9 ERROR neutron_lib.callbacks.manager raise RowNotFound(table=table, col=column, match=match)
2026-03-06 01:39:40.668 9 ERROR neutron_lib.callbacks.manager ovsdbapp.backend.ovs_idl.idlutils.RowNotFound: Cannot find Logical_Router_Port with name=lrp-5ff3c614-e041-42b3-bea4-94676e80742e
2026-03-06 01:39:40.668 9 ERROR neutron_lib.callbacks.manager 
2026-03-06 01:39:40.705 10 INFO neutron.wsgi [None req-cee7a69e-8c9b-4128-8b4b-5abf26f90fb1 c137bf5204334c9e898446b24dc8b96b 02801b8e0801495e95fee9a2759ed92e - - default default] 10.0.0.130 "GET /v2.0/subnets HTTP/1.1" status: 200 len: 3424 time: 0.1658838
2026-03-06 01:39:40.722 10 INFO neutron.wsgi [None req-d6303e36-3d36-4e61-b539-db8e509b756a c137bf5204334c9e898446b24dc8b96b 02801b8e0801495e95fee9a2759ed92e - - default default] 10.0.0.130 "GET /v2.0/agents HTTP/1.1" status: 200 len: 1390 time: 0.0144184
2026-03-06 01:39:40.770 10 INFO neutron.wsgi [None req-550d31fb-776a-4730-9f69-d0b43020a7a8 c137bf5204334c9e898446b24dc8b96b 02801b8e0801495e95fee9a2759ed92e - - default default] 10.0.0.130 "GET /v2.0/subnets HTTP/1.1" status: 200 len: 3424 time: 0.0438259
2026-03-06 01:39:40.781 10 INFO neutron.wsgi [None req-87e6429b-3a4e-44bc-bbff-a085df5b683f c137bf5204334c9e898446b24dc8b96b 02801b8e0801495e95fee9a2759ed92e - - default default] 10.0.0.130 "GET /v2.0/subnetpools HTTP/1.1" status: 200 len: 193 time: 0.0089238
2026-03-06 01:39:40.786 10 INFO neutron.db.ovn_revision_numbers_db [None req-c3897c4c-7619-4595-9459-bf6fd9f27d82 - - - - - -] Successfully bumped revision number for resource 1e80cf3c-ea20-44f9-9d31-40de6d66f749 (type: router_ports) to 3
2026-03-06 01:39:40.852 10 INFO neutron.wsgi [None req-192da93d-53c6-42dc-8005-c06521716b0d c137bf5204334c9e898446b24dc8b96b 02801b8e0801495e95fee9a2759ed92e - - default default] 10.0.0.130 "GET /v2.0/networks HTTP/1.1" status: 200 len: 4649 time: 0.0706789
2026-03-06 01:39:40.933 10 INFO neutron.wsgi [None req-d707ef91-27b4-4f14-919c-e0f8d90a8742 c137bf5204334c9e898446b24dc8b96b 02801b8e0801495e95fee9a2759ed92e - - default default] 10.0.0.130 "GET /v2.0/security-groups HTTP/1.1" status: 200 len: 26274 time: 0.0742657
2026-03-06 01:39:41.089 10 INFO neutron.wsgi [None req-299dcfc9-8d83-4f00-814b-690c54fc20d3 c137bf5204334c9e898446b24dc8b96b 02801b8e0801495e95fee9a2759ed92e - - default default] 10.0.0.130 "GET /v2.0/routers HTTP/1.1" status: 200 len: 2127 time: 0.1506262
2026-03-06 01:39:41.110 10 INFO neutron.wsgi [None req-b9eb4cf7-5289-44b2-8c19-2cfdd21d5a75 c137bf5204334c9e898446b24dc8b96b 02801b8e0801495e95fee9a2759ed92e - - default default] 10.0.0.130 "GET /v2.0/agents?binary=ovn-controller HTTP/1.1" status: 200 len: 591 time: 0.0198708
2026-03-06 01:39:41.154 10 INFO neutron.wsgi [None req-1cc1da2e-4667-4887-963a-c2ef52636da3 c137bf5204334c9e898446b24dc8b96b 02801b8e0801495e95fee9a2759ed92e - - default default] 10.0.0.130 "GET /v2.0/floatingips HTTP/1.1" status: 200 len: 193 time: 0.0411117
2026-03-06 01:39:41.155 10 INFO neutron.db.ovn_revision_numbers_db [None req-c3897c4c-7619-4595-9459-bf6fd9f27d82 - - - - - -] Successfully bumped revision number for resource 1e80cf3c-ea20-44f9-9d31-40de6d66f749 (type: ports) to 2
2026-03-06 01:39:41.256 9 INFO neutron.db.ovn_revision_numbers_db [None req-9218820c-a021-4ad2-85c0-6ac7700e169e c137bf5204334c9e898446b24dc8b96b 02801b8e0801495e95fee9a2759ed92e - - default default] Successfully bumped revision number for resource 5ff3c614-e041-42b3-bea4-94676e80742e (type: ports) to 1
2026-03-06 01:39:41.456 9 WARNING neutron.scheduler.dhcp_agent_scheduler [None req-9218820c-a021-4ad2-85c0-6ac7700e169e c137bf5204334c9e898446b24dc8b96b 02801b8e0801495e95fee9a2759ed92e - - default default] No more DHCP agents
2026-03-06 01:39:41.463 9 WARNING neutron.api.rpc.agentnotifiers.dhcp_rpc_agent_api [None req-9218820c-a021-4ad2-85c0-6ac7700e169e c137bf5204334c9e898446b24dc8b96b 02801b8e0801495e95fee9a2759ed92e - - default default] Unable to schedule network 2d6b52da-9e66-495d-99a6-d46690b6cd55: no agents available; will retry on subsequent port and subnet creation events.
2026-03-06 01:39:41.522 9 INFO neutron.db.ovn_revision_numbers_db [None req-793b4682-9682-45e0-806c-a64839eaec55 - - - - - -] Successfully bumped revision number for resource c1aa0b89-6ae9-4d76-b6bd-34324387257c (type: ports) to 1
2026-03-06 01:39:41.582 9 WARNING neutron.scheduler.dhcp_agent_scheduler [None req-fa587327-fe10-4677-9c9b-e8a2bd3403f8 c137bf5204334c9e898446b24dc8b96b 02801b8e0801495e95fee9a2759ed92e - - default default] No more DHCP agents
2026-03-06 01:39:41.597 10 INFO neutron.db.ovn_revision_numbers_db [None req-c3897c4c-7619-4595-9459-bf6fd9f27d82 - - - - - -] Successfully bumped revision number for resource 1e80cf3c-ea20-44f9-9d31-40de6d66f749 (type: ports) to 4
2026-03-06 01:39:41.603 9 WARNING neutron.api.rpc.agentnotifiers.dhcp_rpc_agent_api [None req-fa587327-fe10-4677-9c9b-e8a2bd3403f8 c137bf5204334c9e898446b24dc8b96b 02801b8e0801495e95fee9a2759ed92e - - default default] Unable to schedule network 2679e45b-9f77-48b3-b807-f19f2a58bb67: no agents available; will retry on subsequent port and subnet creation events.
2026-03-06 01:39:41.818 9 INFO neutron.plugins.ml2.drivers.ovn.mech_driver.mech_driver [None req-8ec59884-6caf-4767-9c5b-6e411e1bab11 - - - - - -] OVN reports status up for port: 5ff3c614-e041-42b3-bea4-94676e80742e
2026-03-06 01:39:41.843 9 INFO neutron.plugins.ml2.plugin [None req-8ec59884-6caf-4767-9c5b-6e411e1bab11 - - - - - -] Attempt 1 to provision port 5ff3c614-e041-42b3-bea4-94676e80742e
2026-03-06 01:39:42.004 10 INFO neutron.db.ovn_revision_numbers_db [None req-c3897c4c-7619-4595-9459-bf6fd9f27d82 - - - - - -] Successfully bumped revision number for resource 1e80cf3c-ea20-44f9-9d31-40de6d66f749 (type: router_ports) to 4
2026-03-06 01:39:42.088 9 INFO neutron.db.ovn_revision_numbers_db [None req-fa587327-fe10-4677-9c9b-e8a2bd3403f8 c137bf5204334c9e898446b24dc8b96b 02801b8e0801495e95fee9a2759ed92e - - default default] Successfully bumped revision number for resource 49db13dd-00f9-4dc9-8b4f-27f90bc59456 (type: ports) to 1
2026-03-06 01:39:42.107 9 INFO neutron.db.ovn_revision_numbers_db [None req-e66ef792-d707-4d42-8f98-7ac031751b3f c137bf5204334c9e898446b24dc8b96b 02801b8e0801495e95fee9a2759ed92e - - default default] Successfully bumped revision number for resource 9954dc34-5c14-4986-b179-3e8a851281ef (type: ports) to 2
2026-03-06 01:39:42.224 9 INFO neutron.db.ovn_revision_numbers_db [None req-e66ef792-d707-4d42-8f98-7ac031751b3f c137bf5204334c9e898446b24dc8b96b 02801b8e0801495e95fee9a2759ed92e - - default default] Successfully bumped revision number for resource 0035d7f8-cd5a-40b0-8e6e-28fc30c2eed2 (type: subnets) to 0
2026-03-06 01:39:42.262 9 INFO neutron.wsgi [None req-e66ef792-d707-4d42-8f98-7ac031751b3f c137bf5204334c9e898446b24dc8b96b 02801b8e0801495e95fee9a2759ed92e - - default default] 10.0.0.8 "POST /v2.0/subnets HTTP/1.1" status: 201 len: 874 time: 2.2215028
2026-03-06 01:39:42.530 9 INFO neutron.db.ovn_revision_numbers_db [None req-793b4682-9682-45e0-806c-a64839eaec55 - - - - - -] Successfully bumped revision number for resource c1aa0b89-6ae9-4d76-b6bd-34324387257c (type: router_ports) to 3
2026-03-06 01:39:42.823 10 WARNING neutron.scheduler.dhcp_agent_scheduler [None req-56262e89-b842-46be-8626-f62194650ef4 c137bf5204334c9e898446b24dc8b96b 02801b8e0801495e95fee9a2759ed92e - - default default] No more DHCP agents
2026-03-06 01:39:42.824 10 WARNING neutron.api.rpc.agentnotifiers.dhcp_rpc_agent_api [None req-56262e89-b842-46be-8626-f62194650ef4 c137bf5204334c9e898446b24dc8b96b 02801b8e0801495e95fee9a2759ed92e - - default default] Unable to schedule network 98cbf412-7a44-4abe-969e-76b16677fadc: no agents available; will retry on subsequent port and subnet creation events.
2026-03-06 01:39:42.976 10 INFO neutron.db.ovn_revision_numbers_db [None req-56262e89-b842-46be-8626-f62194650ef4 c137bf5204334c9e898446b24dc8b96b 02801b8e0801495e95fee9a2759ed92e - - default default] Successfully bumped revision number for resource edf3b8f7-93cc-46d4-9334-299333bc3f07 (type: ports) to 1
2026-03-06 01:39:43.088 9 INFO neutron.db.ovn_revision_numbers_db [None req-9218820c-a021-4ad2-85c0-6ac7700e169e c137bf5204334c9e898446b24dc8b96b 02801b8e0801495e95fee9a2759ed92e - - default default] Successfully bumped revision number for resource 5ff3c614-e041-42b3-bea4-94676e80742e (type: router_ports) to 1
2026-03-06 01:39:43.095 9 INFO neutron.wsgi [None req-9218820c-a021-4ad2-85c0-6ac7700e169e c137bf5204334c9e898446b24dc8b96b 02801b8e0801495e95fee9a2759ed92e - - default default] 10.0.0.8 "PUT /v2.0/routers/acd70e0d-5e28-4277-adb6-725e14466d33/add_router_interface HTTP/1.1" status: 200 len: 503 time: 4.2692571
2026-03-06 01:39:43.113 9 INFO neutron.db.ovn_revision_numbers_db [None req-793b4682-9682-45e0-806c-a64839eaec55 - - - - - -] Successfully bumped revision number for resource c1aa0b89-6ae9-4d76-b6bd-34324387257c (type: ports) to 2
2026-03-06 01:39:43.131 9 INFO neutron.db.ovn_revision_numbers_db [None req-8ec59884-6caf-4767-9c5b-6e411e1bab11 - - - - - -] Successfully bumped revision number for resource 5ff3c614-e041-42b3-bea4-94676e80742e (type: ports) to 2
2026-03-06 01:39:43.306 9 ERROR ovsdbapp.backend.ovs_idl.command [None req-fa587327-fe10-4677-9c9b-e8a2bd3403f8 c137bf5204334c9e898446b24dc8b96b 02801b8e0801495e95fee9a2759ed92e - - default default] Error executing command (DbGetCommand): ovsdbapp.backend.ovs_idl.idlutils.RowNotFound: Cannot find Logical_Router_Port with name=lrp-49db13dd-00f9-4dc9-8b4f-27f90bc59456
2026-03-06 01:39:43.306 9 ERROR ovsdbapp.backend.ovs_idl.command
Traceback (most recent call last):
2026-03-06 01:39:43.306 9 ERROR ovsdbapp.backend.ovs_idl.command
File "/var/lib/openstack/lib/python3.10/site-packages/ovsdbapp/backend/ovs_idl/command.py", line 47, in execute
2026-03-06 01:39:43.306 9 ERROR ovsdbapp.backend.ovs_idl.command self.run_idl(None)
2026-03-06 01:39:43.306 9 ERROR ovsdbapp.backend.ovs_idl.command
File "/var/lib/openstack/lib/python3.10/site-packages/ovsdbapp/backend/ovs_idl/command.py", line 235, in run_idl
2026-03-06 01:39:43.306 9 ERROR ovsdbapp.backend.ovs_idl.command record = self.api.lookup(self.table, self.record)
2026-03-06 01:39:43.306 9 ERROR ovsdbapp.backend.ovs_idl.command
File "/var/lib/openstack/lib/python3.10/site-packages/ovsdbapp/backend/ovs_idl/__init__.py", line 184, in lookup
2026-03-06 01:39:43.306 9 ERROR ovsdbapp.backend.ovs_idl.command return self._lookup(table, record)
2026-03-06 01:39:43.306 9 ERROR ovsdbapp.backend.ovs_idl.command
File "/var/lib/openstack/lib/python3.10/site-packages/ovsdbapp/backend/ovs_idl/__init__.py", line 235, in _lookup
2026-03-06 01:39:43.306 9 ERROR ovsdbapp.backend.ovs_idl.command row = idlutils.row_by_value(self, rl.table, rl.column, record)
2026-03-06 01:39:43.306 9 ERROR ovsdbapp.backend.ovs_idl.command
File "/var/lib/openstack/lib/python3.10/site-packages/ovsdbapp/backend/ovs_idl/idlutils.py", line 114, in row_by_value
2026-03-06 01:39:43.306 9 ERROR ovsdbapp.backend.ovs_idl.command raise RowNotFound(table=table, col=column, match=match)
2026-03-06 01:39:43.306 9 ERROR ovsdbapp.backend.ovs_idl.command ovsdbapp.backend.ovs_idl.idlutils.RowNotFound: Cannot find Logical_Router_Port with name=lrp-49db13dd-00f9-4dc9-8b4f-27f90bc59456
2026-03-06 01:39:43.306 9 ERROR ovsdbapp.backend.ovs_idl.command 
2026-03-06 01:39:43.307 9 ERROR neutron_lib.callbacks.manager [None req-fa587327-fe10-4677-9c9b-e8a2bd3403f8 c137bf5204334c9e898446b24dc8b96b 02801b8e0801495e95fee9a2759ed92e - - default default] Error during notification for neutron.services.ovn_l3.plugin.OVNL3RouterPlugin._port_update-8762385418982 port, after_update: ovsdbapp.backend.ovs_idl.idlutils.RowNotFound: Cannot find Logical_Router_Port with name=lrp-49db13dd-00f9-4dc9-8b4f-27f90bc59456
2026-03-06 01:39:43.307 9 ERROR neutron_lib.callbacks.manager
Traceback (most recent call last):
2026-03-06 01:39:43.307 9 ERROR neutron_lib.callbacks.manager
File "/var/lib/openstack/lib/python3.10/site-packages/neutron_lib/callbacks/manager.py", line 189, in _notify_loop
2026-03-06 01:39:43.307 9 ERROR neutron_lib.callbacks.manager callback.method(resource, event, trigger, payload=payload)
2026-03-06 01:39:43.307 9 ERROR neutron_lib.callbacks.manager
File "/var/lib/openstack/lib/python3.10/site-packages/neutron/services/ovn_l3/plugin.py", line 391, in _port_update
2026-03-06 01:39:43.307 9 ERROR neutron_lib.callbacks.manager l3plugin._ovn_client.update_router_port(context,
2026-03-06 01:39:43.307 9 ERROR neutron_lib.callbacks.manager
File "/var/lib/openstack/lib/python3.10/site-packages/neutron/plugins/ml2/drivers/ovn/mech_driver/ovsdb/ovn_client.py", line 1878, in update_router_port
2026-03-06 01:39:43.307 9 ERROR neutron_lib.callbacks.manager self._update_lrouter_port(context, port, if_exists=if_exists,
2026-03-06 01:39:43.307 9 ERROR neutron_lib.callbacks.manager
File "/var/lib/openstack/lib/python3.10/site-packages/neutron/plugins/ml2/drivers/ovn/mech_driver/ovsdb/ovn_client.py", line 1855, in _update_lrouter_port
2026-03-06 01:39:43.307 9 ERROR neutron_lib.callbacks.manager external_ids = self._nb_idl.db_get(
2026-03-06 01:39:43.307 9 ERROR neutron_lib.callbacks.manager
File "/var/lib/openstack/lib/python3.10/site-packages/ovsdbapp/backend/ovs_idl/command.py", line 47, in execute
2026-03-06 01:39:43.307 9 ERROR neutron_lib.callbacks.manager self.run_idl(None)
2026-03-06 01:39:43.307 9 ERROR neutron_lib.callbacks.manager
File "/var/lib/openstack/lib/python3.10/site-packages/ovsdbapp/backend/ovs_idl/command.py", line 235, in run_idl
2026-03-06 01:39:43.307 9 ERROR neutron_lib.callbacks.manager record = self.api.lookup(self.table, self.record)
2026-03-06 01:39:43.307 9 ERROR neutron_lib.callbacks.manager
File "/var/lib/openstack/lib/python3.10/site-packages/ovsdbapp/backend/ovs_idl/__init__.py", line 184, in lookup
2026-03-06 01:39:43.307 9 ERROR neutron_lib.callbacks.manager return self._lookup(table, record)
2026-03-06 01:39:43.307 9 ERROR neutron_lib.callbacks.manager
File "/var/lib/openstack/lib/python3.10/site-packages/ovsdbapp/backend/ovs_idl/__init__.py", line 235, in _lookup
2026-03-06 01:39:43.307 9 ERROR neutron_lib.callbacks.manager row = idlutils.row_by_value(self, rl.table, rl.column, record)
2026-03-06 01:39:43.307 9 ERROR neutron_lib.callbacks.manager
File "/var/lib/openstack/lib/python3.10/site-packages/ovsdbapp/backend/ovs_idl/idlutils.py", line 114, in row_by_value
2026-03-06 01:39:43.307 9 ERROR neutron_lib.callbacks.manager raise RowNotFound(table=table, col=column, match=match)
2026-03-06 01:39:43.307 9 ERROR neutron_lib.callbacks.manager ovsdbapp.backend.ovs_idl.idlutils.RowNotFound: Cannot find Logical_Router_Port with name=lrp-49db13dd-00f9-4dc9-8b4f-27f90bc59456
2026-03-06 01:39:43.307 9 ERROR neutron_lib.callbacks.manager 
2026-03-06 01:39:43.395 9 INFO neutron.db.ovn_revision_numbers_db [None req-8ec59884-6caf-4767-9c5b-6e411e1bab11 - - - - - -] Successfully bumped revision number for resource 5ff3c614-e041-42b3-bea4-94676e80742e (type: router_ports) to 2
2026-03-06 01:39:43.627 10 INFO neutron.plugins.ml2.drivers.ovn.mech_driver.ovsdb.commands [None req-5ba1ce5d-c531-457f-ad2b-bbdb974ca1f9 - - - - - -] Schedule LRP lrp-edf3b8f7-93cc-46d4-9334-299333bc3f07 on gateway f4c9a443-8575-4a99-906a-8390a196aed9 with priority 1
2026-03-06 01:39:43.636 10 INFO neutron.plugins.ml2.drivers.ovn.mech_driver.mech_driver [None req-6543edd4-0e35-4cb3-818b-61de28e5ba93 - - - - - -] OVN reports status up for port: edf3b8f7-93cc-46d4-9334-299333bc3f07
2026-03-06 01:39:43.653 10 INFO neutron.plugins.ml2.drivers.ovn.mech_driver.ovsdb.ovsdb_monitor [None req-c3897c4c-7619-4595-9459-bf6fd9f27d82 - - - - - -] Router e51bfa58-7a7b-4db6-b313-54b2810177c1 is bound to host instance
2026-03-06 01:39:43.658 10 INFO neutron.plugins.ml2.plugin [None req-6543edd4-0e35-4cb3-818b-61de28e5ba93 - - - - - -] Attempt 1 to provision port edf3b8f7-93cc-46d4-9334-299333bc3f07
2026-03-06 01:39:43.711 9 INFO neutron.db.ovn_revision_numbers_db [None req-fa587327-fe10-4677-9c9b-e8a2bd3403f8 c137bf5204334c9e898446b24dc8b96b 02801b8e0801495e95fee9a2759ed92e - - default default] Successfully bumped revision number for resource 49db13dd-00f9-4dc9-8b4f-27f90bc59456 (type: ports) to 1
2026-03-06 01:39:43.815 9 WARNING neutron.scheduler.dhcp_agent_scheduler [None req-fa587327-fe10-4677-9c9b-e8a2bd3403f8 c137bf5204334c9e898446b24dc8b96b 02801b8e0801495e95fee9a2759ed92e - - default default] No more DHCP agents
2026-03-06 01:39:43.816 9 WARNING neutron.api.rpc.agentnotifiers.dhcp_rpc_agent_api [None req-fa587327-fe10-4677-9c9b-e8a2bd3403f8 c137bf5204334c9e898446b24dc8b96b 02801b8e0801495e95fee9a2759ed92e - - default default] Unable to schedule network 2679e45b-9f77-48b3-b807-f19f2a58bb67: no agents available; will retry on subsequent port and subnet creation events.
2026-03-06 01:39:43.826 10 INFO neutron.db.ovn_revision_numbers_db [None req-56262e89-b842-46be-8626-f62194650ef4 c137bf5204334c9e898446b24dc8b96b 02801b8e0801495e95fee9a2759ed92e - - default default] Successfully bumped revision number for resource edf3b8f7-93cc-46d4-9334-299333bc3f07 (type: router_ports) to 1
2026-03-06 01:39:43.867 9 INFO neutron.db.ovn_revision_numbers_db [None req-793b4682-9682-45e0-806c-a64839eaec55 - - - - - -] Successfully bumped revision number for resource c1aa0b89-6ae9-4d76-b6bd-34324387257c (type: ports) to 4
2026-03-06 01:39:43.942 10 INFO neutron.db.ovn_revision_numbers_db [None req-56262e89-b842-46be-8626-f62194650ef4 c137bf5204334c9e898446b24dc8b96b 02801b8e0801495e95fee9a2759ed92e - - default default] Successfully bumped revision number for resource e51bfa58-7a7b-4db6-b313-54b2810177c1 (type: routers) to 2
2026-03-06 01:39:43.969 10 INFO neutron.wsgi [None req-56262e89-b842-46be-8626-f62194650ef4 c137bf5204334c9e898446b24dc8b96b 02801b8e0801495e95fee9a2759ed92e - - default default] 10.0.0.8 "POST /v2.0/routers HTTP/1.1" status: 201 len: 1176 time: 1.6978886
2026-03-06 01:39:44.098 10 WARNING neutron_lib.context [req-82ad2cfb-de87-49d6-aec0-34eca7bf114a req-19c77663-83cf-4053-8d8a-308ad6eac162 326517e9a8074ae9b54c5db263b87fd6 b2ca882505af485a921632d70a634739 - - default default] Method 'is_advsvc' is deprecated since 2023.2 release (neutron-lib 3.8.0) and will be removed once support for the old RBAC API policies will be removed from Neutron. Please use method 'is_service_role' instead.
2026-03-06 01:39:44.203 9 INFO neutron.db.ovn_revision_numbers_db [None req-e0295f1a-0d04-4a92-be2d-ad0d78c72cb0 c137bf5204334c9e898446b24dc8b96b 02801b8e0801495e95fee9a2759ed92e - - default default] Successfully bumped revision number for resource 80b6cfa9-9aeb-43b4-a924-3267ac69e133 (type: security_groups) to 1
2026-03-06 01:39:44.241 9 INFO neutron.db.ovn_revision_numbers_db [None req-e0295f1a-0d04-4a92-be2d-ad0d78c72cb0 c137bf5204334c9e898446b24dc8b96b 02801b8e0801495e95fee9a2759ed92e - - default default] Successfully bumped revision number for resource 0356a19b-0a72-4df0-991e-929735a3cc67 (type: security_group_rules) to 0
2026-03-06 01:39:44.258 9 INFO neutron.db.ovn_revision_numbers_db [None req-e0295f1a-0d04-4a92-be2d-ad0d78c72cb0 c137bf5204334c9e898446b24dc8b96b 02801b8e0801495e95fee9a2759ed92e - - default default] Successfully bumped revision number for resource 342d4840-a8cf-4c8c-a3c0-e92c54ff1200 (type: security_group_rules) to 0
2026-03-06 01:39:44.277 9 INFO neutron.db.ovn_revision_numbers_db [None req-e0295f1a-0d04-4a92-be2d-ad0d78c72cb0 c137bf5204334c9e898446b24dc8b96b 02801b8e0801495e95fee9a2759ed92e - - default default] Successfully bumped revision number for resource cdc13ace-27d9-44dd-b732-cf0074e09c04 (type: security_group_rules) to 0
2026-03-06 01:39:44.320 9 INFO neutron.db.ovn_revision_numbers_db [None req-793b4682-9682-45e0-806c-a64839eaec55 - - - - - -] Successfully bumped revision number for resource c1aa0b89-6ae9-4d76-b6bd-34324387257c (type: router_ports) to 4
2026-03-06 01:39:44.328 9 INFO neutron.db.ovn_revision_numbers_db [None req-e0295f1a-0d04-4a92-be2d-ad0d78c72cb0 c137bf5204334c9e898446b24dc8b96b 02801b8e0801495e95fee9a2759ed92e - - default default] Successfully bumped revision number for resource fd7a212c-4f0d-4eaa-b21c-a5d4c1872dde (type: security_group_rules) to 0
2026-03-06 01:39:44.365 9 INFO neutron.wsgi [None req-e0295f1a-0d04-4a92-be2d-ad0d78c72cb0 c137bf5204334c9e898446b24dc8b96b 02801b8e0801495e95fee9a2759ed92e - - default default] 10.0.0.8 "GET /v2.0/security-groups?tenant_id=cd6cd9e06a294f64aa98bb43be07f55f&name=default HTTP/1.1" status: 200 len: 3116 time: 0.5316811
2026-03-06 01:39:44.431 10 INFO neutron.db.ovn_revision_numbers_db [req-82ad2cfb-de87-49d6-aec0-34eca7bf114a req-19c77663-83cf-4053-8d8a-308ad6eac162 326517e9a8074ae9b54c5db263b87fd6 b2ca882505af485a921632d70a634739 - - default default] Successfully bumped revision number for resource f299298c-6372-4e41-bdcc-ec7b27e73e72 (type: security_groups) to 1
2026-03-06 01:39:44.481 10 INFO neutron.db.ovn_revision_numbers_db [req-82ad2cfb-de87-49d6-aec0-34eca7bf114a req-19c77663-83cf-4053-8d8a-308ad6eac162 326517e9a8074ae9b54c5db263b87fd6 b2ca882505af485a921632d70a634739 - - default default] Successfully bumped revision number for resource 82aa2e83-4efd-4619-9ec9-3af33e79e3e4 (type: security_group_rules) to 0
2026-03-06 01:39:44.523 10 INFO neutron.db.ovn_revision_numbers_db [req-82ad2cfb-de87-49d6-aec0-34eca7bf114a req-19c77663-83cf-4053-8d8a-308ad6eac162 326517e9a8074ae9b54c5db263b87fd6 b2ca882505af485a921632d70a634739 - - default default] Successfully bumped revision number for resource 8ff475cb-eaaf-4989-bac0-676a949d2b6c (type: security_group_rules) to 0
2026-03-06 01:39:44.577 10 INFO neutron.wsgi [req-82ad2cfb-de87-49d6-aec0-34eca7bf114a req-19c77663-83cf-4053-8d8a-308ad6eac162 326517e9a8074ae9b54c5db263b87fd6 b2ca882505af485a921632d70a634739 - - default default] 10.0.0.51 "POST /v2.0/security-groups HTTP/1.1" status: 201 len: 1889 time: 0.5304916
2026-03-06 01:39:44.798 9 INFO neutron.wsgi [None req-6b8cfccb-937a-4dd0-9926-11bca1a00a05 c137bf5204334c9e898446b24dc8b96b 02801b8e0801495e95fee9a2759ed92e - - default default] 10.0.0.8 "DELETE /v2.0/security-groups/80b6cfa9-9aeb-43b4-a924-3267ac69e133 HTTP/1.1" status: 204 len: 168 time: 0.4251599
