2026-03-06 01:42:12.858 9 INFO neutron.wsgi [None req-27124236-4093-4c8a-8a2d-c369b969a485 05888feac85b4f7a9956f59e9475f099 1371407d3c734a98b7fc303ffd113b1e - - default default] 10.0.0.8 "DELETE /v2.0/networks/5a27097f-26fd-4274-9fc9-2e4185cc10aa HTTP/1.1" status: 404 len: 339 time: 0.0132310
2026-03-06 01:42:12.915 10 INFO neutron.db.ovn_revision_numbers_db [None req-b1a1de0a-d627-42b5-afdc-bb4642d87529 f4a48743e50b445e8854f30853da0afc ae5be7c75147467aa9e7f08a879cd8a5 - - default default] Successfully bumped revision number for resource 5c5d7237-5d7d-48aa-b523-e189129ddc2b (type: ports) to 2
2026-03-06 01:42:12.951 10 INFO neutron.db.ovn_revision_numbers_db [None req-b1a1de0a-d627-42b5-afdc-bb4642d87529 f4a48743e50b445e8854f30853da0afc ae5be7c75147467aa9e7f08a879cd8a5 - - default default] Successfully bumped revision number for resource 3379097b-527c-4a84-877b-dc7bcd8116ca (type: subnets) to 0
2026-03-06 01:42:12.970 10 INFO neutron.wsgi [None req-b1a1de0a-d627-42b5-afdc-bb4642d87529 f4a48743e50b445e8854f30853da0afc ae5be7c75147467aa9e7f08a879cd8a5 - - default default] 10.0.0.8 "POST /v2.0/subnets HTTP/1.1" status: 201 len: 804 time: 0.9277163
2026-03-06 01:42:12.982 10 WARNING neutron_lib.context [None req-51a942ab-daec-4e94-a2f0-5954e3c869b7 f4a48743e50b445e8854f30853da0afc ae5be7c75147467aa9e7f08a879cd8a5 - - default default] Method 'is_advsvc' is deprecated since 2023.2 release (neutron-lib 3.8.0) and will be removed once support for the old RBAC API policies will be removed from Neutron. Please use method 'is_service_role' instead.
2026-03-06 01:42:13.084 10 INFO neutron.db.segments_db [None req-51a942ab-daec-4e94-a2f0-5954e3c869b7 f4a48743e50b445e8854f30853da0afc ae5be7c75147467aa9e7f08a879cd8a5 - - default default] Added segment d22d10d1-b8a2-47f8-941e-a3f3e9e82aea of type geneve for network 5eb7eb80-de14-47d2-b3ba-f23837012e7e
2026-03-06 01:42:13.091 9 INFO neutron.wsgi [None req-3bfd2095-198c-4cd6-889a-f90f7c861285 05888feac85b4f7a9956f59e9475f099 1371407d3c734a98b7fc303ffd113b1e - - default default] 10.0.0.8 "DELETE /v2.0/subnets/71b0c712-c48f-4cd2-aa09-e572e1a99965 HTTP/1.1" status: 204 len: 168 time: 0.2292721
2026-03-06 01:42:13.236 10 INFO neutron.db.ovn_revision_numbers_db [None req-51a942ab-daec-4e94-a2f0-5954e3c869b7 f4a48743e50b445e8854f30853da0afc ae5be7c75147467aa9e7f08a879cd8a5 - - default default] Successfully bumped revision number for resource 5eb7eb80-de14-47d2-b3ba-f23837012e7e (type: networks) to 1
2026-03-06 01:42:13.441 10 WARNING neutron.scheduler.dhcp_agent_scheduler [None req-51a942ab-daec-4e94-a2f0-5954e3c869b7 f4a48743e50b445e8854f30853da0afc ae5be7c75147467aa9e7f08a879cd8a5 - - default default] No more DHCP agents
2026-03-06 01:42:13.446 10 WARNING neutron.api.rpc.agentnotifiers.dhcp_rpc_agent_api [None req-51a942ab-daec-4e94-a2f0-5954e3c869b7 f4a48743e50b445e8854f30853da0afc ae5be7c75147467aa9e7f08a879cd8a5 - - default default] Unable to schedule network 5eb7eb80-de14-47d2-b3ba-f23837012e7e: no agents available; will retry on subsequent port and subnet creation events.
2026-03-06 01:42:13.546 9 INFO neutron.wsgi [None req-268475d7-bed3-445e-be90-0d135d741eab 05888feac85b4f7a9956f59e9475f099 1371407d3c734a98b7fc303ffd113b1e - - default default] 10.0.0.8 "DELETE /v2.0/networks/4125904e-b12b-4f8b-9350-1de0b3d4b643 HTTP/1.1" status: 204 len: 168 time: 0.4492178
2026-03-06 01:42:13.549 10 INFO neutron.db.ovn_revision_numbers_db [None req-51a942ab-daec-4e94-a2f0-5954e3c869b7 f4a48743e50b445e8854f30853da0afc ae5be7c75147467aa9e7f08a879cd8a5 - - default default] Successfully bumped revision number for resource 2b8b8a22-a040-47dc-8791-1ad5a706d08a (type: ports) to 1
2026-03-06 01:42:13.570 10 INFO neutron.wsgi [None req-51a942ab-daec-4e94-a2f0-5954e3c869b7 f4a48743e50b445e8854f30853da0afc ae5be7c75147467aa9e7f08a879cd8a5 - - default default] 10.0.0.8 "POST /v2.0/networks HTTP/1.1" status: 201 len: 831 time: 0.5945160
2026-03-06 01:42:13.586 10 WARNING neutron_lib.context [None req-9ab3eb13-ec9d-4e7f-b495-dd620c56b1d1 f4a48743e50b445e8854f30853da0afc ae5be7c75147467aa9e7f08a879cd8a5 - - default default] Method 'is_advsvc' is deprecated since 2023.2 release (neutron-lib 3.8.0) and will be removed once support for the old RBAC API policies will be removed from Neutron. Please use method 'is_service_role' instead.
2026-03-06 01:42:13.818 10 WARNING neutron.scheduler.dhcp_agent_scheduler [None req-9ab3eb13-ec9d-4e7f-b495-dd620c56b1d1 f4a48743e50b445e8854f30853da0afc ae5be7c75147467aa9e7f08a879cd8a5 - - default default] No more DHCP agents
2026-03-06 01:42:13.820 10 WARNING neutron.api.rpc.agentnotifiers.dhcp_rpc_agent_api [None req-9ab3eb13-ec9d-4e7f-b495-dd620c56b1d1 f4a48743e50b445e8854f30853da0afc ae5be7c75147467aa9e7f08a879cd8a5 - - default default] Unable to schedule network 5eb7eb80-de14-47d2-b3ba-f23837012e7e: no agents available; will retry on subsequent port and subnet creation events.
2026-03-06 01:42:14.006 9 INFO neutron.services.segments.plugin [-] Segment 46eefe01-5e0a-4062-9836-9235367538de resource provider aggregate not found
2026-03-06 01:42:14.014 9 INFO neutron.services.segments.plugin [-] Segment 46eefe01-5e0a-4062-9836-9235367538de resource provider aggregate not found
2026-03-06 01:42:14.033 9 INFO neutron.services.segments.plugin [-] Segment 46eefe01-5e0a-4062-9836-9235367538de resource provider not found; error: Placement Client Error (4xx): {"errors": [{"status": 404, "title": "Not Found", "detail": "The resource could not be found.\n\n No resource provider with uuid 46eefe01-5e0a-4062-9836-9235367538de found for delete ", "request_id": "req-f8c7d614-1060-4a0a-a2c6-1c47668289a0"}]}
2026-03-06 01:42:14.034 9 INFO neutron.services.segments.plugin [-] Segment 46eefe01-5e0a-4062-9836-9235367538de resource provider not found; error: Placement Client Error (4xx): {"errors": [{"status": 404, "title": "Not Found", "detail": "The resource could not be found.\n\n No resource provider with uuid 46eefe01-5e0a-4062-9836-9235367538de found for delete ", "request_id": "req-bdc04b8b-110f-4d8c-a2b3-01dce55f17f3"}]}
2026-03-06 01:42:14.247 9 INFO neutron.wsgi [None req-c3f3b915-ab24-4f63-940d-b1eabc386a34 c137bf5204334c9e898446b24dc8b96b 02801b8e0801495e95fee9a2759ed92e - - default default] 10.0.0.8 "GET /v2.0/security-groups?tenant_id=1371407d3c734a98b7fc303ffd113b1e&name=default HTTP/1.1" status: 200 len: 3120 time: 0.1619229
2026-03-06 01:42:14.527 9 INFO neutron.wsgi [None req-6353002f-d08c-4dc1-bafc-abb9b448ec9b c137bf5204334c9e898446b24dc8b96b 02801b8e0801495e95fee9a2759ed92e - - default default] 10.0.0.8 "DELETE /v2.0/security-groups/a3dbf33b-2c6e-4e30-9ae1-0c57064bd005 HTTP/1.1" status: 204 len: 168 time: 0.2755527
2026-03-06 01:42:14.827 10 INFO neutron.db.ovn_revision_numbers_db [None req-9ab3eb13-ec9d-4e7f-b495-dd620c56b1d1 f4a48743e50b445e8854f30853da0afc ae5be7c75147467aa9e7f08a879cd8a5 - - default default] Successfully bumped revision number for resource 2b8b8a22-a040-47dc-8791-1ad5a706d08a (type: ports) to 2
2026-03-06 01:42:14.862 10 INFO neutron.db.ovn_revision_numbers_db [None req-9ab3eb13-ec9d-4e7f-b495-dd620c56b1d1 f4a48743e50b445e8854f30853da0afc ae5be7c75147467aa9e7f08a879cd8a5 - - default default] Successfully bumped revision number for resource 23c28152-a599-45d0-837c-ee46ea6cebf0 (type: subnets) to 0
2026-03-06 01:42:14.882 10 INFO neutron.wsgi [None req-9ab3eb13-ec9d-4e7f-b495-dd620c56b1d1 f4a48743e50b445e8854f30853da0afc ae5be7c75147467aa9e7f08a879cd8a5 - - default default] 10.0.0.8 "POST /v2.0/subnets HTTP/1.1" status: 201 len: 804 time: 1.3043206
2026-03-06 01:42:14.956 10 INFO neutron.wsgi [None req-9d11d3b6-8f6d-4edb-91e8-647e4e566046 f4a48743e50b445e8854f30853da0afc ae5be7c75147467aa9e7f08a879cd8a5 - - default default] 10.0.0.8 "PUT /v2.0/subnets/4bccd7b1-fcf5-4e35-a764-fa342e2c62f5/tags HTTP/1.1" status: 200 len: 210 time: 0.0661051
2026-03-06 01:42:15.022 10 INFO neutron.wsgi [None req-c5a3973a-5117-49fc-90ab-c3d5cf87096f f4a48743e50b445e8854f30853da0afc ae5be7c75147467aa9e7f08a879cd8a5 - - default default] 10.0.0.8 "PUT /v2.0/subnets/d4794555-579a-451f-93bf-9884c92b13a5/tags HTTP/1.1" status: 200 len: 218 time: 0.0608146
2026-03-06 01:42:15.095 9 INFO neutron.wsgi [None req-110f3777-d626-4ed0-82a0-1e9835994b2d f4a48743e50b445e8854f30853da0afc ae5be7c75147467aa9e7f08a879cd8a5 - - default default] 10.0.0.8 "PUT /v2.0/subnets/f9047c9e-2f20-4230-b65b-69884046206b/tags HTTP/1.1" status: 200 len: 227 time: 0.0667596
2026-03-06 01:42:15.156 10 INFO neutron.wsgi [None req-ec53e557-2fd2-4dec-840a-d4bf84f9163d f4a48743e50b445e8854f30853da0afc ae5be7c75147467aa9e7f08a879cd8a5 - - default default] 10.0.0.8 "PUT /v2.0/subnets/3379097b-527c-4a84-877b-dc7bcd8116ca/tags HTTP/1.1" status: 200 len: 212 time: 0.0474265
2026-03-06 01:42:15.224 9 INFO neutron.wsgi [None req-6e446675-ab52-4432-a6b2-667236929896 f4a48743e50b445e8854f30853da0afc ae5be7c75147467aa9e7f08a879cd8a5 - - default default] 10.0.0.8 "GET /v2.0/subnets?tags=red HTTP/1.1" status: 200 len: 2027 time: 0.0564787
2026-03-06 01:42:15.292 9 INFO neutron.wsgi [None req-48bb7541-7e12-444c-b98a-8dc49c7caca5 f4a48743e50b445e8854f30853da0afc ae5be7c75147467aa9e7f08a879cd8a5 - - default default] 10.0.0.8 "GET /v2.0/subnets?tags=red%2Cblue HTTP/1.1" status: 200 len: 1430 time: 0.0633674
2026-03-06 01:42:15.348 9 INFO neutron.wsgi [None req-28389cf7-cd32-4ce9-8e2e-9572a7d55c85 f4a48743e50b445e8854f30853da0afc ae5be7c75147467aa9e7f08a879cd8a5 - - default default] 10.0.0.8 "GET /v2.0/subnets?tags-any=blue HTTP/1.1" status: 200 len: 1430 time: 0.0504236
2026-03-06 01:42:15.398 9 INFO neutron.wsgi [None req-5fc2bf7e-a3cf-4d37-854a-040acd6c1991 f4a48743e50b445e8854f30853da0afc ae5be7c75147467aa9e7f08a879cd8a5 - - default default] 10.0.0.8 "GET /v2.0/subnets?tags-any=red%2Cblue HTTP/1.1" status: 200 len: 2027 time: 0.0430315
2026-03-06 01:42:15.476 10 INFO neutron.wsgi [None req-c810b152-acf8-4c6a-a0b5-1817047ed14d f4a48743e50b445e8854f30853da0afc ae5be7c75147467aa9e7f08a879cd8a5 - - default default] 10.0.0.8 "GET /v2.0/subnets?not-tags=red HTTP/1.1" status: 200 len: 2018 time: 0.0699410
2026-03-06 01:42:15.542 9 INFO neutron.wsgi [None req-6b4585e3-fb53-4aa6-8df4-8e49659f6d37 047da7db5b7c413e983fc1e60cc88061 4d190333b32345cf87badba3d035e165 - - default default] 10.0.0.8 "POST /v2.0/qos/policies HTTP/1.1" status: 201 len: 558 time: 0.1370945
2026-03-06 01:42:15.556 10 INFO neutron.wsgi [None req-9f0ad407-bd16-4343-a35b-e561bff22447 f4a48743e50b445e8854f30853da0afc ae5be7c75147467aa9e7f08a879cd8a5 - - default default] 10.0.0.8 "GET /v2.0/subnets?not-tags=red%2Cblue HTTP/1.1" status: 200 len: 2615 time: 0.0734446
2026-03-06 01:42:15.582 9 INFO neutron.wsgi [None req-475f6a75-4d58-4bb4-bc99-e47e0ceb556d 047da7db5b7c413e983fc1e60cc88061 4d190333b32345cf87badba3d035e165 - - default default] 10.0.0.8 "PUT /v2.0/policies/30ef1faa-f54d-42d3-9418-522f9b6f7888/tags HTTP/1.1" status: 200 len: 218 time: 0.0315554
2026-03-06 01:42:15.607 9 INFO neutron.wsgi [None req-ed25cd19-2d88-4503-8950-e6e887d5eee4 047da7db5b7c413e983fc1e60cc88061 4d190333b32345cf87badba3d035e165 - - default default] 10.0.0.8 "GET /v2.0/policies/30ef1faa-f54d-42d3-9418-522f9b6f7888/tags HTTP/1.1" status: 200 len: 218 time: 0.0184505
2026-03-06 01:42:15.648 9 INFO neutron.wsgi [None req-30dbf2f2-6128-4829-922c-cd3cf0636a46 047da7db5b7c413e983fc1e60cc88061 4d190333b32345cf87badba3d035e165 - - default default] 10.0.0.8 "PUT /v2.0/policies/30ef1faa-f54d-42d3-9418-522f9b6f7888/tags/green HTTP/1.1" status: 201 len: 201 time: 0.0367663
2026-03-06 01:42:15.676 9 INFO neutron.wsgi [None req-f479a3f7-290d-4d3f-8d14-4918e4ce7ef4 047da7db5b7c413e983fc1e60cc88061 4d190333b32345cf87badba3d035e165 - - default default] 10.0.0.8 "GET /v2.0/policies/30ef1faa-f54d-42d3-9418-522f9b6f7888/tags HTTP/1.1" status: 200 len: 227 time: 0.0238245
2026-03-06 01:42:15.678 10 INFO neutron.wsgi [None req-c5d1e287-ddba-400e-bc66-59d61a4aa8d5 f4a48743e50b445e8854f30853da0afc ae5be7c75147467aa9e7f08a879cd8a5 - - default default] 10.0.0.8 "GET /v2.0/subnets?not-tags-any=blue HTTP/1.1" status: 200 len: 2615 time: 0.1164770
2026-03-06 01:42:15.708 9 INFO neutron.wsgi [None req-1206db23-4abc-49df-b809-b81d6feb6f5e 047da7db5b7c413e983fc1e60cc88061 4d190333b32345cf87badba3d035e165 - - default default] 10.0.0.8 "PUT /v2.0/policies/30ef1faa-f54d-42d3-9418-522f9b6f7888/tags/red HTTP/1.1" status: 201 len: 201 time: 0.0244124
2026-03-06 01:42:15.731 9 INFO neutron.wsgi [None req-19443f88-34b1-4a2b-a511-a93782841b8e 047da7db5b7c413e983fc1e60cc88061 4d190333b32345cf87badba3d035e165 - - default default] 10.0.0.8 "GET /v2.0/policies/30ef1faa-f54d-42d3-9418-522f9b6f7888/tags HTTP/1.1" status: 200 len: 227 time: 0.0183914
2026-03-06 01:42:15.736 10 INFO neutron.wsgi [None req-217c7dfd-5680-400a-bb99-a0332750c11d f4a48743e50b445e8854f30853da0afc ae5be7c75147467aa9e7f08a879cd8a5 - - default default] 10.0.0.8 "GET /v2.0/subnets?not-tags-any=red%2Cblue HTTP/1.1" status: 200 len: 2018 time: 0.0529318
2026-03-06 01:42:15.787 9 INFO neutron.wsgi [None req-44074a3d-6bd8-44b0-a217-4c5c447d2309 047da7db5b7c413e983fc1e60cc88061 4d190333b32345cf87badba3d035e165 - - default default] 10.0.0.8 "PUT /v2.0/policies/30ef1faa-f54d-42d3-9418-522f9b6f7888/tags/black.or.white HTTP/1.1" status: 201 len: 201 time: 0.0495300
2026-03-06 01:42:15.821 10 INFO neutron.wsgi [None req-caae61ae-7d18-416c-913d-f85e54bfcbb4 047da7db5b7c413e983fc1e60cc88061 4d190333b32345cf87badba3d035e165 - - default default] 10.0.0.8 "GET /v2.0/policies/30ef1faa-f54d-42d3-9418-522f9b6f7888/tags HTTP/1.1" status: 200 len: 245 time: 0.0275266
2026-03-06 01:42:15.867 10 INFO neutron.wsgi [None req-47408903-ec9e-4407-9352-b4b4e954bee0 047da7db5b7c413e983fc1e60cc88061 4d190333b32345cf87badba3d035e165 - - default default] 10.0.0.8 "PUT /v2.0/policies/30ef1faa-f54d-42d3-9418-522f9b6f7888/tags HTTP/1.1" status: 200 len: 230 time: 0.0412951
2026-03-06 01:42:15.892 10 INFO neutron.wsgi [None req-0a61d5b4-141c-4390-b510-cf56e04a1cc8 047da7db5b7c413e983fc1e60cc88061 4d190333b32345cf87badba3d035e165 - - default default] 10.0.0.8 "GET /v2.0/policies/30ef1faa-f54d-42d3-9418-522f9b6f7888/tags HTTP/1.1" status: 200 len: 230 time: 0.0192966
2026-03-06 01:42:15.915 10 INFO neutron.wsgi [None req-e53bbb8c-0e30-41f8-8810-63d61ddeb45d 047da7db5b7c413e983fc1e60cc88061 4d190333b32345cf87badba3d035e165 - - default default] 10.0.0.8 "GET /v2.0/policies/30ef1faa-f54d-42d3-9418-522f9b6f7888/tags/red HTTP/1.1" status: 204 len: 168 time: 0.0163713
2026-03-06 01:42:15.940 9 INFO neutron.api.v2.resource [None req-67bfcb8b-69bf-44ad-8297-322f2fac026c 047da7db5b7c413e983fc1e60cc88061 4d190333b32345cf87badba3d035e165 - - default default] show failed (client error): The resource could not be found.
2026-03-06 01:42:15.941 9 INFO neutron.wsgi [None req-67bfcb8b-69bf-44ad-8297-322f2fac026c 047da7db5b7c413e983fc1e60cc88061 4d190333b32345cf87badba3d035e165 - - default default] 10.0.0.8 "GET /v2.0/policies/30ef1faa-f54d-42d3-9418-522f9b6f7888/tags/green HTTP/1.1" status: 404 len: 299 time: 0.0190406
2026-03-06 01:42:15.967 9 INFO neutron.wsgi [None req-e16755a5-d8b5-46e1-ad7a-cad6c45767a0 f4a48743e50b445e8854f30853da0afc ae5be7c75147467aa9e7f08a879cd8a5 - - default default] 10.0.0.8 "DELETE /v2.0/subnets/4bccd7b1-fcf5-4e35-a764-fa342e2c62f5 HTTP/1.1" status: 204 len: 168 time: 0.2232962
2026-03-06 01:42:15.990 9 INFO neutron.wsgi [None req-d281bc39-644d-42d0-9f8f-1b6ce99b9ad7 047da7db5b7c413e983fc1e60cc88061 4d190333b32345cf87badba3d035e165 - - default default] 10.0.0.8 "DELETE /v2.0/policies/30ef1faa-f54d-42d3-9418-522f9b6f7888/tags/red HTTP/1.1" status: 204 len: 168 time: 0.0438552
2026-03-06 01:42:16.010 9 INFO neutron.wsgi [None req-96158a96-f1b1-4258-b4b6-997a2590d348 047da7db5b7c413e983fc1e60cc88061 4d190333b32345cf87badba3d035e165 - - default default] 10.0.0.8 "GET /v2.0/policies/30ef1faa-f54d-42d3-9418-522f9b6f7888/tags HTTP/1.1" status: 200 len: 223 time: 0.0145605
2026-03-06 01:42:16.033 9 INFO neutron.api.v2.resource [None req-00c72909-c049-42fc-aaf3-92521c438abd 047da7db5b7c413e983fc1e60cc88061 4d190333b32345cf87badba3d035e165 - - default default] delete failed (client error): The resource could not be found.
2026-03-06 01:42:16.034 9 INFO neutron.wsgi [None req-00c72909-c049-42fc-aaf3-92521c438abd 047da7db5b7c413e983fc1e60cc88061 4d190333b32345cf87badba3d035e165 - - default default] 10.0.0.8 "DELETE /v2.0/policies/30ef1faa-f54d-42d3-9418-522f9b6f7888/tags/green HTTP/1.1" status: 404 len: 299 time: 0.0196593
2026-03-06 01:42:16.064 9 INFO neutron.wsgi [None req-0b7045bc-af16-4e85-869f-10e326bc4d0a 047da7db5b7c413e983fc1e60cc88061 4d190333b32345cf87badba3d035e165 - - default default] 10.0.0.8 "DELETE /v2.0/policies/30ef1faa-f54d-42d3-9418-522f9b6f7888/tags HTTP/1.1" status: 204 len: 168 time: 0.0241764
2026-03-06 01:42:16.081 9 INFO neutron.wsgi [None req-444b69d5-40cc-4480-9667-21c04c8454c3 047da7db5b7c413e983fc1e60cc88061 4d190333b32345cf87badba3d035e165 - - default default] 10.0.0.8 "GET /v2.0/policies/30ef1faa-f54d-42d3-9418-522f9b6f7888/tags HTTP/1.1" status: 200 len: 205 time: 0.0129933
2026-03-06 01:42:16.165 9 INFO neutron.wsgi [None req-c96091d7-dcb8-4695-b196-3db3aa61fe9a 047da7db5b7c413e983fc1e60cc88061 4d190333b32345cf87badba3d035e165 - - default default] 10.0.0.8 "DELETE /v2.0/qos/policies/30ef1faa-f54d-42d3-9418-522f9b6f7888 HTTP/1.1" status: 204 len: 168 time: 0.0762889
2026-03-06 01:42:16.199 10 INFO neutron.wsgi [None req-f86402eb-c1c3-47a7-a00f-3c1143c9d6f2 f4a48743e50b445e8854f30853da0afc ae5be7c75147467aa9e7f08a879cd8a5 - - default default] 10.0.0.8 "DELETE /v2.0/subnets/d4794555-579a-451f-93bf-9884c92b13a5 HTTP/1.1" status: 204 len: 168 time: 0.2260201
2026-03-06 01:42:16.357 10 INFO neutron.wsgi [None req-6da4eee7-1470-4a2e-8dad-ce7957e565ce f4a48743e50b445e8854f30853da0afc ae5be7c75147467aa9e7f08a879cd8a5 - - default default] 10.0.0.8 "DELETE /v2.0/subnets/f9047c9e-2f20-4230-b65b-69884046206b HTTP/1.1" status: 204 len: 168 time: 0.1527629
2026-03-06 01:42:16.540 10 INFO neutron.wsgi [None req-e470f81f-7257-4cb1-9014-93891f51a91e f4a48743e50b445e8854f30853da0afc ae5be7c75147467aa9e7f08a879cd8a5 - - default default] 10.0.0.8 "DELETE /v2.0/subnets/3379097b-527c-4a84-877b-dc7bcd8116ca HTTP/1.1" status: 204 len: 168 time: 0.1755393
2026-03-06 01:42:16.709 9 WARNING neutron_lib.context [None req-b137f7cb-3d8b-4dfc-8628-87e5a1981cf9 24fdc15fa3cc4985a0205c3f01e6031a 3233b8fd7c5e42939d7d5bc769ad43c6 - - default default] Method 'is_advsvc' is deprecated since 2023.2 release (neutron-lib 3.8.0) and will be removed once support for the old RBAC API policies will be removed from Neutron. Please use method 'is_service_role' instead.
2026-03-06 01:42:16.754 10 INFO neutron.wsgi [None req-401903dc-24ff-4482-ac35-8e910ed5ca65 f4a48743e50b445e8854f30853da0afc ae5be7c75147467aa9e7f08a879cd8a5 - - default default] 10.0.0.8 "DELETE /v2.0/subnets/23c28152-a599-45d0-837c-ee46ea6cebf0 HTTP/1.1" status: 204 len: 168 time: 0.2083664
2026-03-06 01:42:16.921 9 INFO neutron.db.ovn_revision_numbers_db [None req-b137f7cb-3d8b-4dfc-8628-87e5a1981cf9 24fdc15fa3cc4985a0205c3f01e6031a 3233b8fd7c5e42939d7d5bc769ad43c6 - - default default] Successfully bumped revision number for resource c18c4783-7182-4c0e-b0a1-7e5d82a000e1 (type: security_groups) to 1
2026-03-06 01:42:16.951 9 INFO neutron.db.ovn_revision_numbers_db [None req-b137f7cb-3d8b-4dfc-8628-87e5a1981cf9 24fdc15fa3cc4985a0205c3f01e6031a 3233b8fd7c5e42939d7d5bc769ad43c6 - - default default] Successfully bumped revision number for resource 4fc8909a-3c32-478c-9fdb-6564c1aa7a2b (type: security_group_rules) to 0
2026-03-06 01:42:16.974 9 INFO neutron.db.ovn_revision_numbers_db [None req-b137f7cb-3d8b-4dfc-8628-87e5a1981cf9 24fdc15fa3cc4985a0205c3f01e6031a 3233b8fd7c5e42939d7d5bc769ad43c6 - - default default] Successfully bumped revision number for resource 51ea8776-8eb1-47f4-8973-0e530dd56ad4 (type: security_group_rules) to 0
2026-03-06 01:42:17.010 9 INFO neutron.db.ovn_revision_numbers_db [None req-b137f7cb-3d8b-4dfc-8628-87e5a1981cf9 24fdc15fa3cc4985a0205c3f01e6031a 3233b8fd7c5e42939d7d5bc769ad43c6 - - default default] Successfully bumped revision number for resource 54e1a07b-9335-4676-a4b1-f2e0861d1294 (type: security_group_rules) to 0
2026-03-06 01:42:17.031 9 INFO neutron.db.ovn_revision_numbers_db [None req-b137f7cb-3d8b-4dfc-8628-87e5a1981cf9 24fdc15fa3cc4985a0205c3f01e6031a 3233b8fd7c5e42939d7d5bc769ad43c6 - - default default] Successfully bumped revision number for resource bc94c160-2403-46e0-a274-1c53e943695a (type: security_group_rules) to 0
2026-03-06 01:42:17.033 10 INFO neutron.db.ovn_revision_numbers_db [None req-6e9d1b1d-31d4-4a72-a476-8cafbe124bdd c137bf5204334c9e898446b24dc8b96b 02801b8e0801495e95fee9a2759ed92e - - default default] Successfully bumped revision number for resource b59fefc0-77fe-4752-b0cc-7a9aee38e223 (type: security_groups) to 1
2026-03-06 01:42:17.046 10 INFO neutron.db.ovn_revision_numbers_db [None req-6e9d1b1d-31d4-4a72-a476-8cafbe124bdd c137bf5204334c9e898446b24dc8b96b 02801b8e0801495e95fee9a2759ed92e - - default default] Successfully bumped revision number for resource 6db3bd28-61a8-403d-8a1d-8cf6488786dd (type: security_group_rules) to 0
2026-03-06 01:42:17.061 10 INFO neutron.db.ovn_revision_numbers_db [None req-6e9d1b1d-31d4-4a72-a476-8cafbe124bdd c137bf5204334c9e898446b24dc8b96b 02801b8e0801495e95fee9a2759ed92e - - default default] Successfully bumped revision number for resource 953e8300-6553-4ba0-902a-c3154b4baf47 (type: security_group_rules) to 0
2026-03-06 01:42:17.077 10 INFO neutron.db.ovn_revision_numbers_db [None req-6e9d1b1d-31d4-4a72-a476-8cafbe124bdd c137bf5204334c9e898446b24dc8b96b 02801b8e0801495e95fee9a2759ed92e - - default default] Successfully bumped revision number for resource 9ceaa270-5e4a-4933-a8ee-88f2d8b1eff0 (type: security_group_rules) to 0
2026-03-06 01:42:17.089 10 INFO neutron.db.ovn_revision_numbers_db [None req-6e9d1b1d-31d4-4a72-a476-8cafbe124bdd c137bf5204334c9e898446b24dc8b96b 02801b8e0801495e95fee9a2759ed92e - - default default] Successfully bumped revision number for resource a6e6b6ff-f177-417a-bdb3-e868addeae77 (type: security_group_rules) to 0
2026-03-06 01:42:17.113 10 INFO neutron.wsgi [None req-6e9d1b1d-31d4-4a72-a476-8cafbe124bdd c137bf5204334c9e898446b24dc8b96b 02801b8e0801495e95fee9a2759ed92e - - default default] 10.0.0.8 "GET /v2.0/security-groups?tenant_id=99becbce7c9f4ffc93c5de8ec15bfdfc&name=default HTTP/1.1" status: 200 len: 3120 time: 0.2468188
2026-03-06 01:42:17.117 9 INFO neutron.db.segments_db [None req-b137f7cb-3d8b-4dfc-8628-87e5a1981cf9 24fdc15fa3cc4985a0205c3f01e6031a 3233b8fd7c5e42939d7d5bc769ad43c6 - - default default] Added segment df459817-ae54-4c84-9881-20b6fa2dc516 of type geneve for network 648f9f6d-3b7f-4ebd-bf03-1f618b2a9f4c
2026-03-06 01:42:17.190 9 INFO neutron.db.ovn_revision_numbers_db [None req-380ad684-1c1a-4f2f-bca0-2b37fd8d901f c137bf5204334c9e898446b24dc8b96b 02801b8e0801495e95fee9a2759ed92e - - default default] Successfully bumped revision number for resource 2e40f710-5ac8-4380-b043-ac191f410cd5 (type: security_groups) to 1
2026-03-06 01:42:17.233 9 INFO neutron.db.ovn_revision_numbers_db [None req-380ad684-1c1a-4f2f-bca0-2b37fd8d901f c137bf5204334c9e898446b24dc8b96b 02801b8e0801495e95fee9a2759ed92e - - default default] Successfully bumped revision number for resource 64c2c258-af83-4085-b174-3da40c1dc5b4 (type: security_group_rules) to 0
2026-03-06 01:42:17.279 9 INFO neutron.db.ovn_revision_numbers_db [None req-380ad684-1c1a-4f2f-bca0-2b37fd8d901f c137bf5204334c9e898446b24dc8b96b 02801b8e0801495e95fee9a2759ed92e - - default default] Successfully bumped revision number for resource c891623e-9a49-443e-a2a8-97a1156be28b (type: security_group_rules) to 0
2026-03-06 01:42:17.314 9 INFO neutron.db.ovn_revision_numbers_db [None req-380ad684-1c1a-4f2f-bca0-2b37fd8d901f c137bf5204334c9e898446b24dc8b96b 02801b8e0801495e95fee9a2759ed92e - - default default] Successfully bumped revision number for resource ca06728d-ae6e-4a59-b4bd-e6520572df0c (type: security_group_rules) to 0
2026-03-06 01:42:17.349 9 INFO neutron.services.segments.plugin [-] Segment 5b78e02d-f95c-4c05-904f-46b27056d48a resource provider aggregate not found
2026-03-06 01:42:17.358 10 INFO neutron.wsgi [None req-d0933f69-7b4a-4c99-b747-2b591961b0c5 c137bf5204334c9e898446b24dc8b96b 02801b8e0801495e95fee9a2759ed92e - - default default] 10.0.0.8 "DELETE /v2.0/security-groups/b59fefc0-77fe-4752-b0cc-7a9aee38e223 HTTP/1.1" status: 204 len: 168 time: 0.2340891
2026-03-06 01:42:17.358 9 INFO neutron.services.segments.plugin [-] Segment 5b78e02d-f95c-4c05-904f-46b27056d48a resource provider aggregate not found
2026-03-06 01:42:17.371 9 INFO neutron.services.segments.plugin [-] Segment 5b78e02d-f95c-4c05-904f-46b27056d48a resource provider not found; error: Placement Client Error (4xx): {"errors": [{"status": 404, "title": "Not Found", "detail": "The resource could not be found.\n\n No resource provider with uuid 5b78e02d-f95c-4c05-904f-46b27056d48a found for delete ", "request_id": "req-93123557-a6bc-4b37-8c4b-d5ccae858059"}]}
2026-03-06 01:42:17.374 9 INFO neutron.db.ovn_revision_numbers_db [None req-b137f7cb-3d8b-4dfc-8628-87e5a1981cf9 24fdc15fa3cc4985a0205c3f01e6031a 3233b8fd7c5e42939d7d5bc769ad43c6 - - default default] Successfully bumped revision number for resource 648f9f6d-3b7f-4ebd-bf03-1f618b2a9f4c (type: networks) to 1
2026-03-06 01:42:17.376 9 INFO neutron.services.segments.plugin [-] Segment 5b78e02d-f95c-4c05-904f-46b27056d48a resource provider not found; error: Placement Client Error (4xx): {"errors": [{"status": 404, "title": "Not Found", "detail": "The resource could not be found.\n\n No resource provider with uuid 5b78e02d-f95c-4c05-904f-46b27056d48a found for delete ", "request_id": "req-8ce64a48-7d31-45dd-9621-17268c9ce1c9"}]}
2026-03-06 01:42:17.377 9 INFO neutron.db.ovn_revision_numbers_db [None req-380ad684-1c1a-4f2f-bca0-2b37fd8d901f c137bf5204334c9e898446b24dc8b96b 02801b8e0801495e95fee9a2759ed92e - - default default] Successfully bumped revision number for resource fd5c22f8-1912-4394-9476-ee09b4064b29 (type: security_group_rules) to 0
2026-03-06 01:42:17.412 9 INFO neutron.wsgi [None req-380ad684-1c1a-4f2f-bca0-2b37fd8d901f c137bf5204334c9e898446b24dc8b96b 02801b8e0801495e95fee9a2759ed92e - - default default] 10.0.0.8 "GET /v2.0/security-groups?tenant_id=4d190333b32345cf87badba3d035e165&name=default HTTP/1.1" status: 200 len: 3120 time: 0.5207944
2026-03-06 01:42:17.430 9 INFO neutron.wsgi [None req-ac52d8d6-2c6a-4bac-be11-2c9d049dcee0 f4a48743e50b445e8854f30853da0afc ae5be7c75147467aa9e7f08a879cd8a5 - - default default] 10.0.0.8 "DELETE /v2.0/networks/ef75ffbc-a7e5-4b0a-ac43-bd087b6c52bb HTTP/1.1" status: 204 len: 168 time: 0.6689415
2026-03-06 01:42:17.605 9 WARNING neutron.scheduler.dhcp_agent_scheduler [None req-b137f7cb-3d8b-4dfc-8628-87e5a1981cf9 24fdc15fa3cc4985a0205c3f01e6031a 3233b8fd7c5e42939d7d5bc769ad43c6 - - default default] No more DHCP agents
2026-03-06 01:42:17.610 9 WARNING neutron.api.rpc.agentnotifiers.dhcp_rpc_agent_api [None req-b137f7cb-3d8b-4dfc-8628-87e5a1981cf9 24fdc15fa3cc4985a0205c3f01e6031a 3233b8fd7c5e42939d7d5bc769ad43c6 - - default default] Unable to schedule network 648f9f6d-3b7f-4ebd-bf03-1f618b2a9f4c: no agents available; will retry on subsequent port and subnet creation events.
2026-03-06 01:42:17.633 9 INFO neutron.db.ovn_revision_numbers_db [None req-275d7523-d584-4e2a-8866-4d2fd77eda65 c137bf5204334c9e898446b24dc8b96b 02801b8e0801495e95fee9a2759ed92e - - default default] Successfully bumped revision number for resource 54639cc0-aae5-4e84-aa97-a31954b3fd34 (type: security_groups) to 1
2026-03-06 01:42:17.660 9 INFO neutron.db.ovn_revision_numbers_db [None req-275d7523-d584-4e2a-8866-4d2fd77eda65 c137bf5204334c9e898446b24dc8b96b 02801b8e0801495e95fee9a2759ed92e - - default default] Successfully bumped revision number for resource 0bf6d6c7-2ab8-42df-ae5e-4326fa9e845c (type: security_group_rules) to 0
2026-03-06 01:42:17.686 10 INFO neutron.wsgi [None req-71709f88-a070-4587-be79-d0f741e6d6a8 c137bf5204334c9e898446b24dc8b96b 02801b8e0801495e95fee9a2759ed92e - - default default] 10.0.0.8 "DELETE /v2.0/security-groups/2e40f710-5ac8-4380-b043-ac191f410cd5 HTTP/1.1" status: 204 len: 168 time: 0.2684309
2026-03-06 01:42:17.839 10 INFO neutron.services.segments.plugin [-] Segment dcc6807d-ecbc-4aa5-808f-35b2efa3acbf resource provider aggregate not found
2026-03-06 01:42:17.844 10 INFO neutron.services.segments.plugin [-] Segment dcc6807d-ecbc-4aa5-808f-35b2efa3acbf resource provider aggregate not found
2026-03-06 01:42:17.858 10 INFO neutron.services.segments.plugin [-] Segment dcc6807d-ecbc-4aa5-808f-35b2efa3acbf resource provider not found; error: Placement Client Error (4xx): {"errors": [{"status": 404, "title": "Not Found", "detail": "The resource could not be found.\n\n No resource provider with uuid dcc6807d-ecbc-4aa5-808f-35b2efa3acbf found for delete ", "request_id": "req-01021b9a-2bb8-44db-ac6f-34526cbe719f"}]}
2026-03-06 01:42:17.860 10 INFO neutron.services.segments.plugin [-] Segment dcc6807d-ecbc-4aa5-808f-35b2efa3acbf resource provider not found; error: Placement Client Error (4xx): {"errors": [{"status": 404, "title": "Not Found", "detail": "The resource could not be found.\n\n No resource provider with uuid dcc6807d-ecbc-4aa5-808f-35b2efa3acbf found for delete ", "request_id": "req-2a1bf2db-0dea-4bc8-88eb-ec325fcfcc38"}]}
2026-03-06 01:42:17.902 10 INFO neutron.wsgi [None req-0b9aabd6-139f-4056-b9c9-76b554054768 f4a48743e50b445e8854f30853da0afc ae5be7c75147467aa9e7f08a879cd8a5 - - default default] 10.0.0.8 "DELETE /v2.0/networks/689d8c50-26b8-45ee-b2ab-5ee592f3d63b HTTP/1.1" status: 204 len: 168 time: 0.4656222
2026-03-06 01:42:17.943 9 INFO neutron.db.ovn_revision_numbers_db [None req-275d7523-d584-4e2a-8866-4d2fd77eda65 c137bf5204334c9e898446b24dc8b96b 02801b8e0801495e95fee9a2759ed92e - - default default] Successfully bumped revision number for resource 2c4fa1b3-4ba5-48d2-a013-277833b09f3f (type: security_group_rules) to 0
2026-03-06 01:42:17.965 9 INFO neutron.db.ovn_revision_numbers_db [None req-275d7523-d584-4e2a-8866-4d2fd77eda65 c137bf5204334c9e898446b24dc8b96b 02801b8e0801495e95fee9a2759ed92e - - default default] Successfully bumped revision number for resource 45cec259-e7e5-41fc-a6ef-4efc6d345540 (type: security_group_rules) to 0
2026-03-06 01:42:17.972 9 INFO neutron.db.ovn_revision_numbers_db [None req-b137f7cb-3d8b-4dfc-8628-87e5a1981cf9 24fdc15fa3cc4985a0205c3f01e6031a 3233b8fd7c5e42939d7d5bc769ad43c6 - - default default] Successfully bumped revision number for resource a04bd611-5b00-4454-a644-903c606f5575 (type: ports) to 1
2026-03-06 01:42:17.985 9 INFO neutron.db.ovn_revision_numbers_db [None req-275d7523-d584-4e2a-8866-4d2fd77eda65 c137bf5204334c9e898446b24dc8b96b 02801b8e0801495e95fee9a2759ed92e - - default default] Successfully bumped revision number for resource a4b2f30f-9d15-4af9-aac2-719d42577f36 (type: security_group_rules) to 0
2026-03-06 01:42:18.005 9 INFO neutron.wsgi [None req-b137f7cb-3d8b-4dfc-8628-87e5a1981cf9 24fdc15fa3cc4985a0205c3f01e6031a 3233b8fd7c5e42939d7d5bc769ad43c6 - - default default] 10.0.0.8 "POST /v2.0/networks HTTP/1.1" status: 201 len: 847 time: 1.5203729
2026-03-06 01:42:18.011 9 INFO neutron.wsgi [None req-275d7523-d584-4e2a-8866-4d2fd77eda65 c137bf5204334c9e898446b24dc8b96b 02801b8e0801495e95fee9a2759ed92e - - default default] 10.0.0.8 "GET /v2.0/security-groups?tenant_id=64c0ae8f08a547e4985d1a7fe56e0da0&name=default HTTP/1.1" status: 200 len: 3120 time: 0.5653999
2026-03-06 01:42:18.020 10 WARNING neutron_lib.context [None req-9b323bee-5ed4-41bc-908b-aa5b6fc1d675 24fdc15fa3cc4985a0205c3f01e6031a 3233b8fd7c5e42939d7d5bc769ad43c6 - - default default] Method 'is_advsvc' is deprecated since 2023.2 release (neutron-lib 3.8.0) and will be removed once support for the old RBAC API policies will be removed from Neutron. Please use method 'is_service_role' instead.
2026-03-06 01:42:18.042 10 INFO neutron.db.ovn_revision_numbers_db [None req-297a0003-d937-4777-9d6f-cf418fb15e6a c137bf5204334c9e898446b24dc8b96b 02801b8e0801495e95fee9a2759ed92e - - default default] Successfully bumped revision number for resource 19b3c190-ec8f-47a5-b213-4e53c585c66b (type: security_groups) to 1
2026-03-06 01:42:18.073 10 INFO neutron.db.ovn_revision_numbers_db [None req-297a0003-d937-4777-9d6f-cf418fb15e6a c137bf5204334c9e898446b24dc8b96b 02801b8e0801495e95fee9a2759ed92e - - default default] Successfully bumped revision number for resource 0bdb3cd9-5d28-4220-8083-7785bcd0d78c (type: security_group_rules) to 0
2026-03-06 01:42:18.114 10 INFO neutron.db.ovn_revision_numbers_db [None req-297a0003-d937-4777-9d6f-cf418fb15e6a c137bf5204334c9e898446b24dc8b96b 02801b8e0801495e95fee9a2759ed92e - - default default] Successfully bumped revision number for resource 2c574254-03e3-4714-9074-2a7726dbab68 (type: security_group_rules) to 0
2026-03-06 01:42:18.141 10 INFO neutron.db.ovn_revision_numbers_db [None req-297a0003-d937-4777-9d6f-cf418fb15e6a c137bf5204334c9e898446b24dc8b96b 02801b8e0801495e95fee9a2759ed92e - - default default] Successfully bumped revision number for resource 71c5a243-5a77-43d9-ae59-d0ccd54467db (type: security_group_rules) to 0
2026-03-06 01:42:18.195 10 INFO neutron.db.ovn_revision_numbers_db [None req-297a0003-d937-4777-9d6f-cf418fb15e6a c137bf5204334c9e898446b24dc8b96b 02801b8e0801495e95fee9a2759ed92e - - default default] Successfully bumped revision number for resource 7af236a9-eeab-4c06-8bb1-f6e045957ac3 (type: security_group_rules) to 0
2026-03-06 01:42:18.229 10 INFO neutron.wsgi [None req-297a0003-d937-4777-9d6f-cf418fb15e6a c137bf5204334c9e898446b24dc8b96b 02801b8e0801495e95fee9a2759ed92e - - default default] 10.0.0.8 "GET /v2.0/security-groups?tenant_id=33b0683266724120adaa029909cac59d&name=default HTTP/1.1" status: 200 len: 3120 time: 0.3788640
2026-03-06 01:42:18.265 9 INFO neutron.wsgi [None req-e3fde640-3e91-44ef-8fa5-893efa690aca c137bf5204334c9e898446b24dc8b96b 02801b8e0801495e95fee9a2759ed92e - - default default] 10.0.0.8 "DELETE /v2.0/security-groups/54639cc0-aae5-4e84-aa97-a31954b3fd34 HTTP/1.1" status: 204 len: 168 time: 0.2473078
2026-03-06 01:42:18.405 10 WARNING neutron.scheduler.dhcp_agent_scheduler [None req-9b323bee-5ed4-41bc-908b-aa5b6fc1d675 24fdc15fa3cc4985a0205c3f01e6031a 3233b8fd7c5e42939d7d5bc769ad43c6 - - default default] No more DHCP agents
2026-03-06 01:42:18.408 10 WARNING neutron.api.rpc.agentnotifiers.dhcp_rpc_agent_api [None req-9b323bee-5ed4-41bc-908b-aa5b6fc1d675 24fdc15fa3cc4985a0205c3f01e6031a 3233b8fd7c5e42939d7d5bc769ad43c6 - - default default] Unable to schedule network 648f9f6d-3b7f-4ebd-bf03-1f618b2a9f4c: no agents available; will retry on subsequent port and subnet creation events.
2026-03-06 01:42:18.491 10 INFO neutron.wsgi [None req-55c4df57-c2d5-408d-8486-900ff80c8789 f4a48743e50b445e8854f30853da0afc ae5be7c75147467aa9e7f08a879cd8a5 - - default default] 10.0.0.8 "DELETE /v2.0/networks/3507bf99-11d6-466c-b1b1-93e9b72a6001 HTTP/1.1" status: 204 len: 168 time: 0.5826957
2026-03-06 01:42:18.511 9 INFO neutron.wsgi [None req-f310d2f0-c084-4d6d-8eb4-b728048e4d20 c137bf5204334c9e898446b24dc8b96b 02801b8e0801495e95fee9a2759ed92e - - default default] 10.0.0.8 "DELETE /v2.0/security-groups/19b3c190-ec8f-47a5-b213-4e53c585c66b HTTP/1.1" status: 204 len: 168 time: 0.2731249
2026-03-06 01:42:18.536 10 INFO neutron.db.ovn_revision_numbers_db [None req-9b323bee-5ed4-41bc-908b-aa5b6fc1d675 24fdc15fa3cc4985a0205c3f01e6031a 3233b8fd7c5e42939d7d5bc769ad43c6 - - default default] Successfully bumped revision number for resource 48e68f6b-fdfb-40f1-b483-19963ffad178 (type: ports) to 1
2026-03-06 01:42:18.557 10 INFO neutron.wsgi [None req-9b323bee-5ed4-41bc-908b-aa5b6fc1d675 24fdc15fa3cc4985a0205c3f01e6031a 3233b8fd7c5e42939d7d5bc769ad43c6 - - default default] 10.0.0.8 "POST /v2.0/ports HTTP/1.1" status: 201 len: 978 time: 0.5445952
2026-03-06 01:42:18.569 9 WARNING neutron_lib.context [None req-3c459bfd-9b82-4106-8ec5-81ca2166b683 24fdc15fa3cc4985a0205c3f01e6031a 3233b8fd7c5e42939d7d5bc769ad43c6 - - default default] Method 'is_advsvc' is deprecated since 2023.2 release (neutron-lib 3.8.0) and will be removed once support for the old RBAC API policies will be removed from Neutron. Please use method 'is_service_role' instead.
2026-03-06 01:42:18.664 9 INFO neutron.db.segments_db [None req-3c459bfd-9b82-4106-8ec5-81ca2166b683 24fdc15fa3cc4985a0205c3f01e6031a 3233b8fd7c5e42939d7d5bc769ad43c6 - - default default] Added segment b794c267-d7fe-4a18-9807-f16af4cdedb7 of type geneve for network 2a096a9f-866c-4bdf-97a0-6f46c114be56
2026-03-06 01:42:18.858 9 INFO neutron.db.ovn_revision_numbers_db [None req-3c459bfd-9b82-4106-8ec5-81ca2166b683 24fdc15fa3cc4985a0205c3f01e6031a 3233b8fd7c5e42939d7d5bc769ad43c6 - - default default] Successfully bumped revision number for resource 2a096a9f-866c-4bdf-97a0-6f46c114be56 (type: networks) to 1
2026-03-06 01:42:19.042 9 INFO neutron.wsgi [None req-1aef084c-365b-4c83-9b07-6d8f4f19fba3 f4a48743e50b445e8854f30853da0afc ae5be7c75147467aa9e7f08a879cd8a5 - - default default] 10.0.0.8 "DELETE /v2.0/networks/71f3c470-9d54-40fb-8746-cdebeaa7b0d1 HTTP/1.1" status: 204 len: 168 time: 0.5445659 /var/lib/openstack/lib/python3.10/site-packages/pycadf/identifier.py:71: UserWarning: Invalid uuid: neutron. To ensure interoperability, identifiers should be a valid uuid. warnings.warn(('Invalid uuid: %s. To ensure interoperability, '
2026-03-06 01:42:19.104 9 WARNING neutron.scheduler.dhcp_agent_scheduler [None req-3c459bfd-9b82-4106-8ec5-81ca2166b683 24fdc15fa3cc4985a0205c3f01e6031a 3233b8fd7c5e42939d7d5bc769ad43c6 - - default default] No more DHCP agents
2026-03-06 01:42:19.106 9 WARNING neutron.api.rpc.agentnotifiers.dhcp_rpc_agent_api [None req-3c459bfd-9b82-4106-8ec5-81ca2166b683 24fdc15fa3cc4985a0205c3f01e6031a 3233b8fd7c5e42939d7d5bc769ad43c6 - - default default] Unable to schedule network 2a096a9f-866c-4bdf-97a0-6f46c114be56: no agents available; will retry on subsequent port and subnet creation events.
2026-03-06 01:42:19.187 9 INFO neutron.db.ovn_revision_numbers_db [None req-3c459bfd-9b82-4106-8ec5-81ca2166b683 24fdc15fa3cc4985a0205c3f01e6031a 3233b8fd7c5e42939d7d5bc769ad43c6 - - default default] Successfully bumped revision number for resource f5b427e1-ebd1-4a31-8be8-d6ea494c1b9e (type: ports) to 1
2026-03-06 01:42:19.213 9 INFO neutron.wsgi [None req-3c459bfd-9b82-4106-8ec5-81ca2166b683 24fdc15fa3cc4985a0205c3f01e6031a 3233b8fd7c5e42939d7d5bc769ad43c6 - - default default] 10.0.0.8 "POST /v2.0/networks HTTP/1.1" status: 201 len: 834 time: 0.6503472
2026-03-06 01:42:19.223 9 WARNING neutron_lib.context [None req-e59c34c4-af68-43c1-a9eb-1b34d53657af 24fdc15fa3cc4985a0205c3f01e6031a 3233b8fd7c5e42939d7d5bc769ad43c6 - - default default] Method 'is_advsvc' is deprecated since 2023.2 release (neutron-lib 3.8.0) and will be removed once support for the old RBAC API policies will be removed from Neutron. Please use method 'is_service_role' instead.
2026-03-06 01:42:19.375 10 INFO neutron.wsgi [None req-6a1e72a4-56d2-4763-857e-127c237a6ce9 f4a48743e50b445e8854f30853da0afc ae5be7c75147467aa9e7f08a879cd8a5 - - default default] 10.0.0.8 "DELETE /v2.0/networks/5eb7eb80-de14-47d2-b3ba-f23837012e7e HTTP/1.1" status: 204 len: 168 time: 0.3275476
2026-03-06 01:42:19.397 9 INFO neutron.services.segments.plugin [-] Segment 87bb9674-9412-43d0-95df-b9d1a94026f6 resource provider aggregate not found
2026-03-06 01:42:19.403 9 INFO neutron.services.segments.plugin [-] Segment 87bb9674-9412-43d0-95df-b9d1a94026f6 resource provider aggregate not found
2026-03-06 01:42:19.420 9 INFO neutron.services.segments.plugin [-] Segment 87bb9674-9412-43d0-95df-b9d1a94026f6 resource provider not found; error: Placement Client Error (4xx): {"errors": [{"status": 404, "title": "Not Found", "detail": "The resource could not be found.\n\n No resource provider with uuid 87bb9674-9412-43d0-95df-b9d1a94026f6 found for delete ", "request_id": "req-cfd809cf-c23e-45a0-b1a4-8d796b5fceac"}]}
2026-03-06 01:42:19.421 9 INFO neutron.services.segments.plugin [-] Segment 87bb9674-9412-43d0-95df-b9d1a94026f6 resource provider not found; error: Placement Client Error (4xx): {"errors": [{"status": 404, "title": "Not Found", "detail": "The resource could not be found.\n\n No resource provider with uuid 87bb9674-9412-43d0-95df-b9d1a94026f6 found for delete ", "request_id": "req-3b086697-7970-4928-bcbe-f59f2571eb2b"}]}
2026-03-06 01:42:19.498 9 WARNING neutron.scheduler.dhcp_agent_scheduler [None req-e59c34c4-af68-43c1-a9eb-1b34d53657af 24fdc15fa3cc4985a0205c3f01e6031a 3233b8fd7c5e42939d7d5bc769ad43c6 - - default default] No more DHCP agents
2026-03-06 01:42:19.500 9 WARNING neutron.api.rpc.agentnotifiers.dhcp_rpc_agent_api [None req-e59c34c4-af68-43c1-a9eb-1b34d53657af 24fdc15fa3cc4985a0205c3f01e6031a 3233b8fd7c5e42939d7d5bc769ad43c6 - - default default] Unable to schedule network 2a096a9f-866c-4bdf-97a0-6f46c114be56: no agents available; will retry on subsequent port and subnet creation events.
2026-03-06 01:42:19.532 9 INFO neutron.db.ovn_revision_numbers_db [None req-e59c34c4-af68-43c1-a9eb-1b34d53657af 24fdc15fa3cc4985a0205c3f01e6031a 3233b8fd7c5e42939d7d5bc769ad43c6 - - default default] Successfully bumped revision number for resource 121b8d00-75a7-4db9-8bbf-dfac89ebd05e (type: subnets) to 0
2026-03-06 01:42:19.550 9 INFO neutron.wsgi [None req-e59c34c4-af68-43c1-a9eb-1b34d53657af 24fdc15fa3cc4985a0205c3f01e6031a 3233b8fd7c5e42939d7d5bc769ad43c6 - - default default] 10.0.0.8 "POST /v2.0/subnets HTTP/1.1" status: 201 len: 821 time: 0.3317173
2026-03-06 01:42:19.571 9 WARNING neutron_lib.context [None req-d892e7bc-9990-4601-a4e0-4de6ca19413b 24fdc15fa3cc4985a0205c3f01e6031a 3233b8fd7c5e42939d7d5bc769ad43c6 - - default default] Method 'is_advsvc' is deprecated since 2023.2 release (neutron-lib 3.8.0) and will be removed once support for the old RBAC API policies will be removed from Neutron. Please use method 'is_service_role' instead.
2026-03-06 01:42:19.885 10 INFO neutron.services.segments.plugin [-] Segment 24f20288-13db-4f65-b5ed-1e79d55a1bfd resource provider aggregate not found
2026-03-06 01:42:19.892 10 INFO neutron.services.segments.plugin [-] Segment 24f20288-13db-4f65-b5ed-1e79d55a1bfd resource provider aggregate not found
2026-03-06 01:42:19.911 10 INFO neutron.services.segments.plugin [-] Segment 24f20288-13db-4f65-b5ed-1e79d55a1bfd resource provider not found; error: Placement Client Error (4xx): {"errors": [{"status": 404, "title": "Not Found", "detail": "The resource could not be found.\n\n No resource provider with uuid 24f20288-13db-4f65-b5ed-1e79d55a1bfd found for delete ", "request_id": "req-f96a1e3d-7b30-432c-8b20-3993691453dd"}]}
2026-03-06 01:42:19.917 10 INFO neutron.services.segments.plugin [-] Segment 24f20288-13db-4f65-b5ed-1e79d55a1bfd resource provider not found; error: Placement Client Error (4xx): {"errors": [{"status": 404, "title": "Not Found", "detail": "The resource could not be found.\n\n No resource provider with uuid 24f20288-13db-4f65-b5ed-1e79d55a1bfd found for delete ", "request_id": "req-c8da6928-8250-42e1-b897-5ba1f083e94b"}]}
2026-03-06 01:42:19.928 10 INFO neutron.services.segments.plugin [-] Segment d22d10d1-b8a2-47f8-941e-a3f3e9e82aea resource provider aggregate not found
2026-03-06 01:42:19.933 10 INFO neutron.services.segments.plugin [-] Segment d22d10d1-b8a2-47f8-941e-a3f3e9e82aea resource provider aggregate not found
2026-03-06 01:42:19.942 10 INFO neutron.services.segments.plugin [-] Segment d22d10d1-b8a2-47f8-941e-a3f3e9e82aea resource provider not found; error: Placement Client Error (4xx): {"errors": [{"status": 404, "title": "Not Found", "detail": "The resource could not be found.\n\n No resource provider with uuid d22d10d1-b8a2-47f8-941e-a3f3e9e82aea found for delete ", "request_id": "req-917ad903-7747-4296-9ffc-fa6e04ab98c7"}]}
2026-03-06 01:42:19.951 10 INFO neutron.services.segments.plugin [-] Segment d22d10d1-b8a2-47f8-941e-a3f3e9e82aea resource provider not found; error: Placement Client Error (4xx): {"errors": [{"status": 404, "title": "Not Found", "detail": "The resource could not be found.\n\n No resource provider with uuid d22d10d1-b8a2-47f8-941e-a3f3e9e82aea found for delete ", "request_id": "req-af293d6e-ce2c-4375-a989-0e5e13e03f37"}]}
2026-03-06 01:42:19.974 9 WARNING neutron.scheduler.dhcp_agent_scheduler [None req-d892e7bc-9990-4601-a4e0-4de6ca19413b 24fdc15fa3cc4985a0205c3f01e6031a 3233b8fd7c5e42939d7d5bc769ad43c6 - - default default] No more DHCP agents
2026-03-06 01:42:19.976 9 WARNING neutron.api.rpc.agentnotifiers.dhcp_rpc_agent_api [None req-d892e7bc-9990-4601-a4e0-4de6ca19413b 24fdc15fa3cc4985a0205c3f01e6031a 3233b8fd7c5e42939d7d5bc769ad43c6 - - default default] Unable to schedule network 2a096a9f-866c-4bdf-97a0-6f46c114be56: no agents available; will retry on subsequent port and subnet creation events.
2026-03-06 01:42:20.101 9 INFO neutron.db.ovn_revision_numbers_db [None req-d892e7bc-9990-4601-a4e0-4de6ca19413b 24fdc15fa3cc4985a0205c3f01e6031a 3233b8fd7c5e42939d7d5bc769ad43c6 - - default default] Successfully bumped revision number for resource 79d9579f-6367-4293-b0cb-8e4d372fbf18 (type: ports) to 1
2026-03-06 01:42:20.135 9 INFO neutron.wsgi [None req-d892e7bc-9990-4601-a4e0-4de6ca19413b 24fdc15fa3cc4985a0205c3f01e6031a 3233b8fd7c5e42939d7d5bc769ad43c6 - - default default] 10.0.0.8 "POST /v2.0/ports HTTP/1.1" status: 201 len: 1164 time: 0.5700967 /var/lib/openstack/lib/python3.10/site-packages/pycadf/identifier.py:71: UserWarning: Invalid uuid: neutron. To ensure interoperability, identifiers should be a valid uuid. warnings.warn(('Invalid uuid: %s. To ensure interoperability, '
2026-03-06 01:42:20.481 9 INFO neutron.wsgi [None req-fbff43b5-505c-4166-b3e9-5b2563d375e7 24fdc15fa3cc4985a0205c3f01e6031a 3233b8fd7c5e42939d7d5bc769ad43c6 - - default default] 10.0.0.8 "DELETE /v2.0/ports/79d9579f-6367-4293-b0cb-8e4d372fbf18 HTTP/1.1" status: 204 len: 168 time: 0.3379626
2026-03-06 01:42:20.512 9 INFO neutron.pecan_wsgi.hooks.translation [None req-6784130f-d9ef-4f39-8616-3f1a4c4855ba 24fdc15fa3cc4985a0205c3f01e6031a 3233b8fd7c5e42939d7d5bc769ad43c6 - - default default] DELETE failed (client error): The resource could not be found.
2026-03-06 01:42:20.515 9 INFO neutron.wsgi [None req-6784130f-d9ef-4f39-8616-3f1a4c4855ba 24fdc15fa3cc4985a0205c3f01e6031a 3233b8fd7c5e42939d7d5bc769ad43c6 - - default default] 10.0.0.8 "DELETE /v2.0/ports/79d9579f-6367-4293-b0cb-8e4d372fbf18 HTTP/1.1" status: 404 len: 333 time: 0.0274296
2026-03-06 01:42:20.537 9 INFO neutron.pecan_wsgi.hooks.translation [None req-ec49f365-4799-4e22-a382-3b8a3fefa597 24fdc15fa3cc4985a0205c3f01e6031a 3233b8fd7c5e42939d7d5bc769ad43c6 - - default default] GET failed (client error): The resource could not be found.
2026-03-06 01:42:20.539 9 INFO neutron.wsgi [None req-ec49f365-4799-4e22-a382-3b8a3fefa597 24fdc15fa3cc4985a0205c3f01e6031a 3233b8fd7c5e42939d7d5bc769ad43c6 - - default default] 10.0.0.8 "GET /v2.0/ports/79d9579f-6367-4293-b0cb-8e4d372fbf18 HTTP/1.1" status: 404 len: 333 time: 0.0184629
2026-03-06 01:42:20.664 9 INFO neutron.db.ovn_revision_numbers_db [None req-01d4d14d-3e9a-49b8-831e-45b2fe92feb8 c137bf5204334c9e898446b24dc8b96b 02801b8e0801495e95fee9a2759ed92e - - default default] Successfully bumped revision number for resource 5c599fe0-a76f-4697-9551-0cf6a08b544c (type: security_groups) to 1
2026-03-06 01:42:20.679 9 INFO neutron.db.ovn_revision_numbers_db [None req-01d4d14d-3e9a-49b8-831e-45b2fe92feb8 c137bf5204334c9e898446b24dc8b96b 02801b8e0801495e95fee9a2759ed92e - - default default] Successfully bumped revision number for resource 021772e6-a556-4b55-b1d1-f1f99de45b09 (type: security_group_rules) to 0
2026-03-06 01:42:20.693 9 INFO neutron.db.ovn_revision_numbers_db [None req-01d4d14d-3e9a-49b8-831e-45b2fe92feb8 c137bf5204334c9e898446b24dc8b96b 02801b8e0801495e95fee9a2759ed92e - - default default] Successfully bumped revision number for resource 0356d511-e0ff-4722-88f6-7d4abaea8ee1 (type: security_group_rules) to 0
2026-03-06 01:42:20.715 9 INFO neutron.db.ovn_revision_numbers_db [None req-01d4d14d-3e9a-49b8-831e-45b2fe92feb8 c137bf5204334c9e898446b24dc8b96b 02801b8e0801495e95fee9a2759ed92e - - default default] Successfully bumped revision number for resource 4e3a7c54-1e6d-47ab-ae35-08015da1570c (type: security_group_rules) to 0
2026-03-06 01:42:20.730 9 INFO neutron.db.ovn_revision_numbers_db [None req-01d4d14d-3e9a-49b8-831e-45b2fe92feb8 c137bf5204334c9e898446b24dc8b96b 02801b8e0801495e95fee9a2759ed92e - - default default] Successfully bumped revision number for resource 8fd0c2d4-3589-4d1b-b0d3-884fd6567faf (type: security_group_rules) to 0
2026-03-06 01:42:20.750 10 INFO neutron.wsgi [None req-481471ac-770d-4fb2-8236-3911dfe57782 24fdc15fa3cc4985a0205c3f01e6031a 3233b8fd7c5e42939d7d5bc769ad43c6 - - default default] 10.0.0.8 "DELETE /v2.0/subnets/121b8d00-75a7-4db9-8bbf-dfac89ebd05e HTTP/1.1" status: 204 len: 168 time: 0.2036965
2026-03-06 01:42:20.755 9 INFO neutron.wsgi [None req-01d4d14d-3e9a-49b8-831e-45b2fe92feb8 c137bf5204334c9e898446b24dc8b96b 02801b8e0801495e95fee9a2759ed92e - - default default] 10.0.0.8 "GET /v2.0/security-groups?tenant_id=0a636bb1c0ad4157a68343bbf355c286&name=default HTTP/1.1" status: 200 len: 3120 time: 0.4350696
2026-03-06 01:42:20.994 9 INFO neutron.wsgi [None req-a2d79e32-50e9-4e56-a538-ffed057dd614 c137bf5204334c9e898446b24dc8b96b 02801b8e0801495e95fee9a2759ed92e - - default default] 10.0.0.8 "DELETE /v2.0/security-groups/5c599fe0-a76f-4697-9551-0cf6a08b544c HTTP/1.1" status: 204 len: 168 time: 0.2345219
2026-03-06 01:42:21.193 10 INFO neutron.wsgi [None req-5d9e3c23-b363-40e5-993e-fc5359fa141a 24fdc15fa3cc4985a0205c3f01e6031a 3233b8fd7c5e42939d7d5bc769ad43c6 - - default default] 10.0.0.8 "DELETE /v2.0/networks/2a096a9f-866c-4bdf-97a0-6f46c114be56 HTTP/1.1" status: 204 len: 168 time: 0.4365451
