2026-03-06 01:42:05.182 10 INFO neutron.plugins.ml2.drivers.ovn.mech_driver.mech_driver [None req-6543edd4-0e35-4cb3-818b-61de28e5ba93 - - - - - -] OVN reports status down for port: 6661c967-49bc-4f24-93a0-3dd82126ad5a
2026-03-06 01:42:05.276 9 WARNING neutron.scheduler.dhcp_agent_scheduler [None req-c5f66d88-6cd8-4ba5-ada5-df898b95e5c6 f4a48743e50b445e8854f30853da0afc ae5be7c75147467aa9e7f08a879cd8a5 - - default default] No more DHCP agents
2026-03-06 01:42:05.280 9 WARNING neutron.api.rpc.agentnotifiers.dhcp_rpc_agent_api [None req-c5f66d88-6cd8-4ba5-ada5-df898b95e5c6 f4a48743e50b445e8854f30853da0afc ae5be7c75147467aa9e7f08a879cd8a5 - - default default] Unable to schedule network ef75ffbc-a7e5-4b0a-ac43-bd087b6c52bb: no agents available; will retry on subsequent port and subnet creation events.
2026-03-06 01:42:05.281 10 INFO neutron.wsgi [req-001c4a19-75de-499b-8544-ea4639119d43 req-19b6817f-1e59-4974-b4cf-bd79fc231b85 f128676534014349b92458a46b373b32 ea546f56dc724c7fb308e3341dbfd1e8 - - default default] 10.0.0.51 "GET /v2.0/security-groups?id=67ba126b-b945-4c2b-a2f5-a592305a8028&fields=id&fields=name HTTP/1.1" status: 200 len: 312 time: 0.0867765
2026-03-06 01:42:05.375 10 INFO neutron.notifiers.nova [-] Nova event matching ['req-099256b9-c8f4-4313-a544-8ed2129522f5'] response: {'server_uuid': '68bb19f2-b874-4bdd-b3e8-9e7b1544947f', 'name': 'network-vif-unplugged', 'status': 'completed', 'tag': '6661c967-49bc-4f24-93a0-3dd82126ad5a', 'code': 200}
2026-03-06 01:42:05.399 9 INFO neutron.db.ovn_revision_numbers_db [None req-c5f66d88-6cd8-4ba5-ada5-df898b95e5c6 f4a48743e50b445e8854f30853da0afc ae5be7c75147467aa9e7f08a879cd8a5 - - default default] Successfully bumped revision number for resource d8d96401-c381-4927-9765-25350d051a75 (type: ports) to 1
2026-03-06 01:42:05.425 9 INFO neutron.wsgi [None req-c5f66d88-6cd8-4ba5-ada5-df898b95e5c6 f4a48743e50b445e8854f30853da0afc ae5be7c75147467aa9e7f08a879cd8a5 - - default default] 10.0.0.8 "POST /v2.0/networks HTTP/1.1" status: 201 len: 831 time: 1.0065491
2026-03-06 01:42:05.436 9 WARNING neutron_lib.context [None req-41cd3f90-b7de-4f58-ad10-b3b760b8d61a f4a48743e50b445e8854f30853da0afc ae5be7c75147467aa9e7f08a879cd8a5 - - default default] Method 'is_advsvc' is deprecated since 2023.2 release (neutron-lib 3.8.0) and will be removed once support for the old RBAC API policies will be removed from Neutron. Please use method 'is_service_role' instead.
2026-03-06 01:42:05.489 10 INFO neutron.wsgi [req-a1584e48-0798-43b0-8e08-a9c8847e88c3 req-7393af4c-4fc5-4d6a-8466-fa4f7b3f9838 f128676534014349b92458a46b373b32 ea546f56dc724c7fb308e3341dbfd1e8 - - default default] 199.204.45.144 "GET /v2.0/ports?device_id=68bb19f2-b874-4bdd-b3e8-9e7b1544947f HTTP/1.1" status: 200 len: 1172 time: 0.0396242
2026-03-06 01:42:05.550 10 INFO neutron.db.ovn_revision_numbers_db [None req-6543edd4-0e35-4cb3-818b-61de28e5ba93 - - - - - -] Successfully bumped revision number for resource 6661c967-49bc-4f24-93a0-3dd82126ad5a (type: ports) to 7
2026-03-06 01:42:05.769 9 WARNING neutron.scheduler.dhcp_agent_scheduler [None req-41cd3f90-b7de-4f58-ad10-b3b760b8d61a f4a48743e50b445e8854f30853da0afc ae5be7c75147467aa9e7f08a879cd8a5 - - default default] No more DHCP agents
2026-03-06 01:42:05.776 9 WARNING neutron.api.rpc.agentnotifiers.dhcp_rpc_agent_api [None req-41cd3f90-b7de-4f58-ad10-b3b760b8d61a f4a48743e50b445e8854f30853da0afc ae5be7c75147467aa9e7f08a879cd8a5 - - default default] Unable to schedule network ef75ffbc-a7e5-4b0a-ac43-bd087b6c52bb: no agents available; will retry on subsequent port and subnet creation events.
2026-03-06 01:42:06.227 9 INFO neutron.wsgi [-] 10.0.0.53 "GET / HTTP/1.1" status: 200 len: 247 time: 0.0032554
2026-03-06 01:42:06.229 9 INFO neutron.wsgi [-] 10.0.0.53 "GET / HTTP/1.1" status: 200 len: 247 time: 0.0009310
2026-03-06 01:42:06.291 9 WARNING neutron_lib.context [None req-f29949ac-c93d-49cf-9ef5-3958191a5646 05888feac85b4f7a9956f59e9475f099 1371407d3c734a98b7fc303ffd113b1e - - default default] Method 'is_advsvc' is deprecated since 2023.2 release (neutron-lib 3.8.0) and will be removed once support for the old RBAC API policies will be removed from Neutron. Please use method 'is_service_role' instead. /var/lib/openstack/lib/python3.10/site-packages/pycadf/identifier.py:71: UserWarning: Invalid uuid: neutron. To ensure interoperability, identifiers should be a valid uuid. warnings.warn(('Invalid uuid: %s. To ensure interoperability, '
2026-03-06 01:42:06.382 10 INFO neutron.db.l3_db [req-a1584e48-0798-43b0-8e08-a9c8847e88c3 req-31909f06-e1d3-4aab-8390-6258a60d41cd f128676534014349b92458a46b373b32 ea546f56dc724c7fb308e3341dbfd1e8 - - default default] Floating IP 513b74db-47f3-44d9-9ca7-fcb0501dd420 disassociated. External IP: 10.96.250.201, port: 6661c967-49bc-4f24-93a0-3dd82126ad5a.
2026-03-06 01:42:06.433 10 INFO neutron.wsgi [req-da6f1ae5-9509-4cf2-a414-8f7191c15fcc req-a76dabf6-f440-468e-ad4e-1d361803a02a f128676534014349b92458a46b373b32 ea546f56dc724c7fb308e3341dbfd1e8 - - default default] 10.0.0.51 "GET /v2.0/ports?device_id=68bb19f2-b874-4bdd-b3e8-9e7b1544947f HTTP/1.1" status: 200 len: 1172 time: 0.0633450
2026-03-06 01:42:06.519 10 INFO neutron.wsgi [req-da6f1ae5-9509-4cf2-a414-8f7191c15fcc req-1afc7b3d-0ead-4096-9574-e8fff4f6f201 f128676534014349b92458a46b373b32 ea546f56dc724c7fb308e3341dbfd1e8 - - default default] 10.0.0.51 "GET /v2.0/security-groups?id=67ba126b-b945-4c2b-a2f5-a592305a8028&fields=id&fields=name HTTP/1.1" status: 200 len: 312 time: 0.0751317
2026-03-06 01:42:06.525 10 WARNING neutron_lib.context [None req-50eae51d-3e3a-45d9-ad44-da704c039e0e a5bc019a37fa40eabb197f5c20807e11 c5b572a5aa82432aa6c7c7d1cd310f7d - - default default] Method 'is_advsvc' is deprecated since 2023.2 release (neutron-lib 3.8.0) and will be removed once support for the old RBAC API policies will be removed from Neutron. Please use method 'is_service_role' instead.
2026-03-06 01:42:06.543 9 INFO neutron.db.ovn_revision_numbers_db [None req-f29949ac-c93d-49cf-9ef5-3958191a5646 05888feac85b4f7a9956f59e9475f099 1371407d3c734a98b7fc303ffd113b1e - - default default] Successfully bumped revision number for resource a3dbf33b-2c6e-4e30-9ae1-0c57064bd005 (type: security_groups) to 1
2026-03-06 01:42:06.564 9 INFO neutron.db.ovn_revision_numbers_db [None req-41cd3f90-b7de-4f58-ad10-b3b760b8d61a f4a48743e50b445e8854f30853da0afc ae5be7c75147467aa9e7f08a879cd8a5 - - default default] Successfully bumped revision number for resource d8d96401-c381-4927-9765-25350d051a75 (type: ports) to 2
2026-03-06 01:42:06.566 9 INFO neutron.db.ovn_revision_numbers_db [None req-f29949ac-c93d-49cf-9ef5-3958191a5646 05888feac85b4f7a9956f59e9475f099 1371407d3c734a98b7fc303ffd113b1e - - default default] Successfully bumped revision number for resource 1b0c3e8d-b89e-4207-b139-fc7ef35ce127 (type: security_group_rules) to 0
2026-03-06 01:42:06.575 10 INFO neutron.wsgi [req-a1584e48-0798-43b0-8e08-a9c8847e88c3 req-31909f06-e1d3-4aab-8390-6258a60d41cd f128676534014349b92458a46b373b32 ea546f56dc724c7fb308e3341dbfd1e8 - - default default] 199.204.45.144 "DELETE /v2.0/ports/6661c967-49bc-4f24-93a0-3dd82126ad5a HTTP/1.1" status: 204 len: 173 time: 1.0785444
2026-03-06 01:42:06.590 9 INFO neutron.db.ovn_revision_numbers_db [None req-f29949ac-c93d-49cf-9ef5-3958191a5646 05888feac85b4f7a9956f59e9475f099 1371407d3c734a98b7fc303ffd113b1e - - default default] Successfully bumped revision number for resource 31826872-599e-4504-a9f0-ee6449ab815f (type: security_group_rules) to 0
2026-03-06 01:42:06.599 9 INFO neutron.db.ovn_revision_numbers_db [None req-41cd3f90-b7de-4f58-ad10-b3b760b8d61a f4a48743e50b445e8854f30853da0afc ae5be7c75147467aa9e7f08a879cd8a5 - - default default] Successfully bumped revision number for resource 4bccd7b1-fcf5-4e35-a764-fa342e2c62f5 (type: subnets) to 0
2026-03-06 01:42:06.609 9 INFO neutron.db.ovn_revision_numbers_db [None req-f29949ac-c93d-49cf-9ef5-3958191a5646 05888feac85b4f7a9956f59e9475f099 1371407d3c734a98b7fc303ffd113b1e - - default default] Successfully bumped revision number for resource 43bc62c5-3fb8-419c-b038-4d54db6c7856 (type: security_group_rules) to 0
2026-03-06 01:42:06.620 9 INFO neutron.wsgi [None req-41cd3f90-b7de-4f58-ad10-b3b760b8d61a f4a48743e50b445e8854f30853da0afc ae5be7c75147467aa9e7f08a879cd8a5 - - default default] 10.0.0.8 "POST /v2.0/subnets HTTP/1.1" status: 201 len: 801 time: 1.1888349
2026-03-06 01:42:06.630 9 WARNING neutron_lib.context [None req-f7af9d67-db8f-4ce3-9454-f2a09e5e6836 f4a48743e50b445e8854f30853da0afc ae5be7c75147467aa9e7f08a879cd8a5 - - default default] Method 'is_advsvc' is deprecated since 2023.2 release (neutron-lib 3.8.0) and will be removed once support for the old RBAC API policies will be removed from Neutron. Please use method 'is_service_role' instead.
2026-03-06 01:42:06.633 9 INFO neutron.db.ovn_revision_numbers_db [None req-f29949ac-c93d-49cf-9ef5-3958191a5646 05888feac85b4f7a9956f59e9475f099 1371407d3c734a98b7fc303ffd113b1e - - default default] Successfully bumped revision number for resource 79401817-3980-4a7c-94f0-f6a222b1cb73 (type: security_group_rules) to 0
2026-03-06 01:42:06.683 9 INFO neutron.db.segments_db [None req-f29949ac-c93d-49cf-9ef5-3958191a5646 05888feac85b4f7a9956f59e9475f099 1371407d3c734a98b7fc303ffd113b1e - - default default] Added segment 46eefe01-5e0a-4062-9836-9235367538de of type geneve for network 4125904e-b12b-4f8b-9350-1de0b3d4b643
2026-03-06 01:42:06.759 9 INFO neutron.db.segments_db [None req-f7af9d67-db8f-4ce3-9454-f2a09e5e6836 f4a48743e50b445e8854f30853da0afc ae5be7c75147467aa9e7f08a879cd8a5 - - default default] Added segment dcc6807d-ecbc-4aa5-808f-35b2efa3acbf of type geneve for network 689d8c50-26b8-45ee-b2ab-5ee592f3d63b
2026-03-06 01:42:06.848 10 WARNING neutron.scheduler.dhcp_agent_scheduler [None req-50eae51d-3e3a-45d9-ad44-da704c039e0e a5bc019a37fa40eabb197f5c20807e11 c5b572a5aa82432aa6c7c7d1cd310f7d - - default default] No more DHCP agents
2026-03-06 01:42:06.851 9 INFO neutron.db.ovn_revision_numbers_db [None req-f29949ac-c93d-49cf-9ef5-3958191a5646 05888feac85b4f7a9956f59e9475f099 1371407d3c734a98b7fc303ffd113b1e - - default default] Successfully bumped revision number for resource 4125904e-b12b-4f8b-9350-1de0b3d4b643 (type: networks) to 1
2026-03-06 01:42:06.852 10 WARNING neutron.api.rpc.agentnotifiers.dhcp_rpc_agent_api [None req-50eae51d-3e3a-45d9-ad44-da704c039e0e a5bc019a37fa40eabb197f5c20807e11 c5b572a5aa82432aa6c7c7d1cd310f7d - - default default] Unable to schedule network 98cbf412-7a44-4abe-969e-76b16677fadc: no agents available; will retry on subsequent port and subnet creation events.
2026-03-06 01:42:06.957 9 INFO neutron.db.ovn_revision_numbers_db [None req-f7af9d67-db8f-4ce3-9454-f2a09e5e6836 f4a48743e50b445e8854f30853da0afc ae5be7c75147467aa9e7f08a879cd8a5 - - default default] Successfully bumped revision number for resource 689d8c50-26b8-45ee-b2ab-5ee592f3d63b (type: networks) to 1
2026-03-06 01:42:07.226 10 INFO neutron.wsgi [None req-50eae51d-3e3a-45d9-ad44-da704c039e0e a5bc019a37fa40eabb197f5c20807e11 c5b572a5aa82432aa6c7c7d1cd310f7d - - default default] 10.0.0.8 "POST /v2.0/floatingips HTTP/1.1" status: 201 len: 751 time: 0.7545562
2026-03-06 01:42:07.301 10 INFO neutron.wsgi [None req-853f5bd7-47e9-4b50-9a26-3b627a091903 a5bc019a37fa40eabb197f5c20807e11 c5b572a5aa82432aa6c7c7d1cd310f7d - - default default] 10.0.0.8 "PUT /v2.0/floatingips/46045cfd-4b90-4c17-a6c9-2a7163dc8ff8/tags HTTP/1.1" status: 200 len: 218 time: 0.0688436
2026-03-06 01:42:07.328 9 WARNING neutron.scheduler.dhcp_agent_scheduler [None req-f29949ac-c93d-49cf-9ef5-3958191a5646 05888feac85b4f7a9956f59e9475f099 1371407d3c734a98b7fc303ffd113b1e - - default default] No more DHCP agents
2026-03-06 01:42:07.333 9 WARNING neutron.api.rpc.agentnotifiers.dhcp_rpc_agent_api [None req-f29949ac-c93d-49cf-9ef5-3958191a5646 05888feac85b4f7a9956f59e9475f099 1371407d3c734a98b7fc303ffd113b1e - - default default] Unable to schedule network 4125904e-b12b-4f8b-9350-1de0b3d4b643: no agents available; will retry on subsequent port and subnet creation events.
2026-03-06 01:42:07.368 10 INFO neutron.wsgi [None req-449f81de-b6b1-43a5-a2b7-07c68a10731a a5bc019a37fa40eabb197f5c20807e11 c5b572a5aa82432aa6c7c7d1cd310f7d - - default default] 10.0.0.8 "GET /v2.0/floatingips/46045cfd-4b90-4c17-a6c9-2a7163dc8ff8/tags HTTP/1.1" status: 200 len: 218 time: 0.0624416
2026-03-06 01:42:07.442 10 INFO neutron.notifiers.nova [-] Nova event matching ['req-5b8ea58b-5cde-46b3-bb83-2e9aee7bbff1'] response: {'server_uuid': '68bb19f2-b874-4bdd-b3e8-9e7b1544947f', 'name': 'network-vif-unplugged', 'status': 'completed', 'tag': '6661c967-49bc-4f24-93a0-3dd82126ad5a', 'code': 200}
2026-03-06 01:42:07.443 10 INFO neutron.notifiers.nova [-] Nova event matching ['req-5b8ea58b-5cde-46b3-bb83-2e9aee7bbff1'] response: {'server_uuid': '68bb19f2-b874-4bdd-b3e8-9e7b1544947f', 'name': 'network-vif-deleted', 'tag': '6661c967-49bc-4f24-93a0-3dd82126ad5a', 'status': 'completed', 'code': 200}
2026-03-06 01:42:07.469 9 WARNING neutron.scheduler.dhcp_agent_scheduler [None req-f7af9d67-db8f-4ce3-9454-f2a09e5e6836 f4a48743e50b445e8854f30853da0afc ae5be7c75147467aa9e7f08a879cd8a5 - - default default] No more DHCP agents
2026-03-06 01:42:07.470 10 INFO neutron.wsgi [None req-88f8f578-c5c4-4ef5-8bb4-2199e2c654ca a5bc019a37fa40eabb197f5c20807e11 c5b572a5aa82432aa6c7c7d1cd310f7d - - default default] 10.0.0.8 "PUT /v2.0/floatingips/46045cfd-4b90-4c17-a6c9-2a7163dc8ff8/tags/green HTTP/1.1" status: 201 len: 201 time: 0.0984721
2026-03-06 01:42:07.471 9 WARNING neutron.api.rpc.agentnotifiers.dhcp_rpc_agent_api [None req-f7af9d67-db8f-4ce3-9454-f2a09e5e6836 f4a48743e50b445e8854f30853da0afc ae5be7c75147467aa9e7f08a879cd8a5 - - default default] Unable to schedule network 689d8c50-26b8-45ee-b2ab-5ee592f3d63b: no agents available; will retry on subsequent port and subnet creation events.
2026-03-06 01:42:07.514 9 INFO neutron.db.ovn_revision_numbers_db [None req-f29949ac-c93d-49cf-9ef5-3958191a5646 05888feac85b4f7a9956f59e9475f099 1371407d3c734a98b7fc303ffd113b1e - - default default] Successfully bumped revision number for resource 501a62db-0362-43f7-a1a2-cbecb22faebe (type: ports) to 1
2026-03-06 01:42:07.529 10 INFO neutron.wsgi [None req-b2b5c2f0-7d78-4a58-8a3a-a9bafd0354fa a5bc019a37fa40eabb197f5c20807e11 c5b572a5aa82432aa6c7c7d1cd310f7d - - default default] 10.0.0.8 "GET /v2.0/floatingips/46045cfd-4b90-4c17-a6c9-2a7163dc8ff8/tags HTTP/1.1" status: 200 len: 227 time: 0.0531788
2026-03-06 01:42:07.558 9 INFO neutron.wsgi [None req-f29949ac-c93d-49cf-9ef5-3958191a5646 05888feac85b4f7a9956f59e9475f099 1371407d3c734a98b7fc303ffd113b1e - - default default] 10.0.0.8 "POST /v2.0/networks HTTP/1.1" status: 201 len: 843 time: 1.5499842
2026-03-06 01:42:07.577 9 INFO neutron.wsgi [None req-7a4ac145-64d1-4b6a-88a8-5102dbcfc37c a5bc019a37fa40eabb197f5c20807e11 c5b572a5aa82432aa6c7c7d1cd310f7d - - default default] 10.0.0.8 "PUT /v2.0/floatingips/46045cfd-4b90-4c17-a6c9-2a7163dc8ff8/tags/red HTTP/1.1" status: 201 len: 201 time: 0.0427909
2026-03-06 01:42:07.586 9 INFO neutron.db.ovn_revision_numbers_db [None req-f7af9d67-db8f-4ce3-9454-f2a09e5e6836 f4a48743e50b445e8854f30853da0afc ae5be7c75147467aa9e7f08a879cd8a5 - - default default] Successfully bumped revision number for resource 1f4dc4a9-f0ce-4d27-8874-8e72058591ae (type: ports) to 1
2026-03-06 01:42:07.604 10 WARNING neutron_lib.context [None req-8c79a43d-6d85-44c4-afe6-3acb1087cd21 05888feac85b4f7a9956f59e9475f099 1371407d3c734a98b7fc303ffd113b1e - - default default] Method 'is_advsvc' is deprecated since 2023.2 release (neutron-lib 3.8.0) and will be removed once support for the old RBAC API policies will be removed from Neutron. Please use method 'is_service_role' instead.
2026-03-06 01:42:07.619 9 INFO neutron.wsgi [None req-f7af9d67-db8f-4ce3-9454-f2a09e5e6836 f4a48743e50b445e8854f30853da0afc ae5be7c75147467aa9e7f08a879cd8a5 - - default default] 10.0.0.8 "POST /v2.0/networks HTTP/1.1" status: 201 len: 830 time: 0.9936402
2026-03-06 01:42:07.630 9 WARNING neutron_lib.context [None req-fd16f718-b3e1-4874-8d89-1e9469255129 f4a48743e50b445e8854f30853da0afc ae5be7c75147467aa9e7f08a879cd8a5 - - default default] Method 'is_advsvc' is deprecated since 2023.2 release (neutron-lib 3.8.0) and will be removed once support for the old RBAC API policies will be removed from Neutron. Please use method 'is_service_role' instead.
2026-03-06 01:42:07.665 10 INFO neutron.wsgi [None req-c3b746fc-6c99-4820-87e1-d76ba89a24da a5bc019a37fa40eabb197f5c20807e11 c5b572a5aa82432aa6c7c7d1cd310f7d - - default default] 10.0.0.8 "GET /v2.0/floatingips/46045cfd-4b90-4c17-a6c9-2a7163dc8ff8/tags HTTP/1.1" status: 200 len: 227 time: 0.0820346
2026-03-06 01:42:07.743 10 INFO neutron.wsgi [None req-32759fb4-2e52-46c4-9315-7689bcc579d7 a5bc019a37fa40eabb197f5c20807e11 c5b572a5aa82432aa6c7c7d1cd310f7d - - default default] 10.0.0.8 "PUT /v2.0/floatingips/46045cfd-4b90-4c17-a6c9-2a7163dc8ff8/tags/black.or.white HTTP/1.1" status: 201 len: 201 time: 0.0681577
2026-03-06 01:42:07.816 9 INFO neutron.wsgi [None req-a0cd02e2-56f8-4b89-b808-bde219347739 a5bc019a37fa40eabb197f5c20807e11 c5b572a5aa82432aa6c7c7d1cd310f7d - - default default] 10.0.0.8 "GET /v2.0/floatingips/46045cfd-4b90-4c17-a6c9-2a7163dc8ff8/tags HTTP/1.1" status: 200 len: 245 time: 0.0494258
2026-03-06 01:42:07.882 10 INFO neutron.wsgi [None req-61a8e919-23d6-487a-8569-7d7dcd8da6f7 f128676534014349b92458a46b373b32 ea546f56dc724c7fb308e3341dbfd1e8 - - default default] 10.0.0.8 "DELETE /v2.0/security-groups/67ba126b-b945-4c2b-a2f5-a592305a8028 HTTP/1.1" status: 204 len: 168 time: 0.2358105
2026-03-06 01:42:07.898 9 INFO neutron.wsgi [None req-8f0f4704-7987-4b0e-8fa8-eadc5195a8e1 a5bc019a37fa40eabb197f5c20807e11 c5b572a5aa82432aa6c7c7d1cd310f7d - - default default] 10.0.0.8 "PUT /v2.0/floatingips/46045cfd-4b90-4c17-a6c9-2a7163dc8ff8/tags HTTP/1.1" status: 200 len: 230 time: 0.0710263
2026-03-06 01:42:07.905 10 INFO neutron.api.v2.resource [None req-9e80dca7-73e4-47f3-b616-96202329658a f128676534014349b92458a46b373b32 ea546f56dc724c7fb308e3341dbfd1e8 - - default default] show failed (client error): The resource could not be found.
2026-03-06 01:42:07.906 10 INFO neutron.wsgi [None req-9e80dca7-73e4-47f3-b616-96202329658a f128676534014349b92458a46b373b32 ea546f56dc724c7fb308e3341dbfd1e8 - - default default] 10.0.0.8 "GET /v2.0/security-groups/67ba126b-b945-4c2b-a2f5-a592305a8028 HTTP/1.1" status: 404 len: 347 time: 0.0151336
2026-03-06 01:42:07.947 10 WARNING neutron.scheduler.dhcp_agent_scheduler [None req-8c79a43d-6d85-44c4-afe6-3acb1087cd21 05888feac85b4f7a9956f59e9475f099 1371407d3c734a98b7fc303ffd113b1e - - default default] No more DHCP agents
2026-03-06 01:42:07.949 10 WARNING neutron.api.rpc.agentnotifiers.dhcp_rpc_agent_api [None req-8c79a43d-6d85-44c4-afe6-3acb1087cd21 05888feac85b4f7a9956f59e9475f099 1371407d3c734a98b7fc303ffd113b1e - - default default] Unable to schedule network 4125904e-b12b-4f8b-9350-1de0b3d4b643: no agents available; will retry on subsequent port and subnet creation events.
2026-03-06 01:42:07.979 9 WARNING neutron.scheduler.dhcp_agent_scheduler [None req-fd16f718-b3e1-4874-8d89-1e9469255129 f4a48743e50b445e8854f30853da0afc ae5be7c75147467aa9e7f08a879cd8a5 - - default default] No more DHCP agents
2026-03-06 01:42:07.980 9 INFO neutron.wsgi [None req-530698ec-f097-4351-80a9-4a2760bd5f2b a5bc019a37fa40eabb197f5c20807e11 c5b572a5aa82432aa6c7c7d1cd310f7d - - default default] 10.0.0.8 "GET /v2.0/floatingips/46045cfd-4b90-4c17-a6c9-2a7163dc8ff8/tags HTTP/1.1" status: 200 len: 230 time: 0.0756292
2026-03-06 01:42:07.984 9 WARNING neutron.api.rpc.agentnotifiers.dhcp_rpc_agent_api [None req-fd16f718-b3e1-4874-8d89-1e9469255129 f4a48743e50b445e8854f30853da0afc ae5be7c75147467aa9e7f08a879cd8a5 - - default default] Unable to schedule network 689d8c50-26b8-45ee-b2ab-5ee592f3d63b: no agents available; will retry on subsequent port and subnet creation events.
2026-03-06 01:42:08.034 9 INFO neutron.wsgi [None req-05d5376b-f22f-4e08-b2cb-de4839b789e1 a5bc019a37fa40eabb197f5c20807e11 c5b572a5aa82432aa6c7c7d1cd310f7d - - default default] 10.0.0.8 "GET /v2.0/floatingips/46045cfd-4b90-4c17-a6c9-2a7163dc8ff8/tags/red HTTP/1.1" status: 204 len: 168 time: 0.0479982
2026-03-06 01:42:08.078 9 INFO neutron.api.v2.resource [None req-b452c2b4-5de6-470f-8468-200b962c182b a5bc019a37fa40eabb197f5c20807e11 c5b572a5aa82432aa6c7c7d1cd310f7d - - default default] show failed (client error): The resource could not be found.
2026-03-06 01:42:08.079 9 INFO neutron.wsgi [None req-b452c2b4-5de6-470f-8468-200b962c182b a5bc019a37fa40eabb197f5c20807e11 c5b572a5aa82432aa6c7c7d1cd310f7d - - default default] 10.0.0.8 "GET /v2.0/floatingips/46045cfd-4b90-4c17-a6c9-2a7163dc8ff8/tags/green HTTP/1.1" status: 404 len: 299 time: 0.0408690
2026-03-06 01:42:08.151 10 INFO neutron.wsgi [None req-5306bada-b29b-47aa-96e1-c5e74c216443 a5bc019a37fa40eabb197f5c20807e11 c5b572a5aa82432aa6c7c7d1cd310f7d - - default default] 10.0.0.8 "DELETE /v2.0/floatingips/46045cfd-4b90-4c17-a6c9-2a7163dc8ff8/tags/red HTTP/1.1" status: 204 len: 168 time: 0.0662103
2026-03-06 01:42:08.213 10 INFO neutron.wsgi [None req-fcae77bc-5b6d-48c9-91b8-9280fccf3c24 a5bc019a37fa40eabb197f5c20807e11 c5b572a5aa82432aa6c7c7d1cd310f7d - - default default] 10.0.0.8 "GET /v2.0/floatingips/46045cfd-4b90-4c17-a6c9-2a7163dc8ff8/tags HTTP/1.1" status: 200 len: 223 time: 0.0567405
2026-03-06 01:42:08.262 10 INFO neutron.api.v2.resource [None req-71669fbb-3384-4a68-9fa8-041978258a44 a5bc019a37fa40eabb197f5c20807e11 c5b572a5aa82432aa6c7c7d1cd310f7d - - default default] delete failed (client error): The resource could not be found.
2026-03-06 01:42:08.263 10 INFO neutron.wsgi [None req-71669fbb-3384-4a68-9fa8-041978258a44 a5bc019a37fa40eabb197f5c20807e11 c5b572a5aa82432aa6c7c7d1cd310f7d - - default default] 10.0.0.8 "DELETE /v2.0/floatingips/46045cfd-4b90-4c17-a6c9-2a7163dc8ff8/tags/green HTTP/1.1" status: 404 len: 299 time: 0.0442071
2026-03-06 01:42:08.348 9 INFO neutron.wsgi [None req-72221aa6-c173-45d2-82a6-2b9403833bbc a5bc019a37fa40eabb197f5c20807e11 c5b572a5aa82432aa6c7c7d1cd310f7d - - default default] 10.0.0.8 "DELETE /v2.0/floatingips/46045cfd-4b90-4c17-a6c9-2a7163dc8ff8/tags HTTP/1.1" status: 204 len: 168 time: 0.0779889
2026-03-06 01:42:08.401 10 INFO neutron.wsgi [None req-8fcdd387-fa70-4952-9c20-1224a0baf7c7 a5bc019a37fa40eabb197f5c20807e11 c5b572a5aa82432aa6c7c7d1cd310f7d - - default default] 10.0.0.8 "GET /v2.0/floatingips/46045cfd-4b90-4c17-a6c9-2a7163dc8ff8/tags HTTP/1.1" status: 200 len: 205 time: 0.0464933
2026-03-06 01:42:08.488 9 INFO neutron.wsgi [None req-4e578c5f-3e43-45d4-bae1-a5a6d08fe96a f128676534014349b92458a46b373b32 ea546f56dc724c7fb308e3341dbfd1e8 - - default default] 10.0.0.8 "DELETE /v2.0/floatingips/513b74db-47f3-44d9-9ca7-fcb0501dd420 HTTP/1.1" status: 204 len: 168 time: 0.5775714
2026-03-06 01:42:08.614 10 INFO neutron.db.ovn_revision_numbers_db [None req-8c79a43d-6d85-44c4-afe6-3acb1087cd21 05888feac85b4f7a9956f59e9475f099 1371407d3c734a98b7fc303ffd113b1e - - default default] Successfully bumped revision number for resource 501a62db-0362-43f7-a1a2-cbecb22faebe (type: ports) to 2
2026-03-06 01:42:08.675 10 INFO neutron.db.ovn_revision_numbers_db [None req-8c79a43d-6d85-44c4-afe6-3acb1087cd21 05888feac85b4f7a9956f59e9475f099 1371407d3c734a98b7fc303ffd113b1e - - default default] Successfully bumped revision number for resource 71b0c712-c48f-4cd2-aa09-e572e1a99965 (type: subnets) to 0
2026-03-06 01:42:08.696 10 INFO neutron.wsgi [None req-8c79a43d-6d85-44c4-afe6-3acb1087cd21 05888feac85b4f7a9956f59e9475f099 1371407d3c734a98b7fc303ffd113b1e - - default default] 10.0.0.8 "POST /v2.0/subnets HTTP/1.1" status: 201 len: 816 time: 1.1010389
2026-03-06 01:42:08.709 10 WARNING neutron_lib.context [None req-d362a57c-cc87-4e20-beaf-2a1b46379951 05888feac85b4f7a9956f59e9475f099 1371407d3c734a98b7fc303ffd113b1e - - default default] Method 'is_advsvc' is deprecated since 2023.2 release (neutron-lib 3.8.0) and will be removed once support for the old RBAC API policies will be removed from Neutron. Please use method 'is_service_role' instead.
2026-03-06 01:42:08.719 9 INFO neutron.db.ovn_revision_numbers_db [None req-fd16f718-b3e1-4874-8d89-1e9469255129 f4a48743e50b445e8854f30853da0afc ae5be7c75147467aa9e7f08a879cd8a5 - - default default] Successfully bumped revision number for resource 1f4dc4a9-f0ce-4d27-8874-8e72058591ae (type: ports) to 2
2026-03-06 01:42:08.825 10 INFO neutron.db.segments_db [None req-d362a57c-cc87-4e20-beaf-2a1b46379951 05888feac85b4f7a9956f59e9475f099 1371407d3c734a98b7fc303ffd113b1e - - default default] Added segment cd01c257-36d9-4ba1-b7b4-4dc88033ccfc of type geneve for network 5a27097f-26fd-4274-9fc9-2e4185cc10aa
2026-03-06 01:42:08.907 10 INFO neutron.wsgi [None req-1a7b7862-b0c7-46b6-bb6f-1e1b1d3d1c15 a5bc019a37fa40eabb197f5c20807e11 c5b572a5aa82432aa6c7c7d1cd310f7d - - default default] 10.0.0.8 "DELETE /v2.0/floatingips/46045cfd-4b90-4c17-a6c9-2a7163dc8ff8 HTTP/1.1" status: 204 len: 168 time: 0.4945822
2026-03-06 01:42:08.980 10 INFO neutron.db.ovn_revision_numbers_db [None req-d362a57c-cc87-4e20-beaf-2a1b46379951 05888feac85b4f7a9956f59e9475f099 1371407d3c734a98b7fc303ffd113b1e - - default default] Successfully bumped revision number for resource 5a27097f-26fd-4274-9fc9-2e4185cc10aa (type: networks) to 1
2026-03-06 01:42:09.152 9 INFO neutron.db.ovn_revision_numbers_db [None req-fd16f718-b3e1-4874-8d89-1e9469255129 f4a48743e50b445e8854f30853da0afc ae5be7c75147467aa9e7f08a879cd8a5 - - default default] Successfully bumped revision number for resource d4794555-579a-451f-93bf-9884c92b13a5 (type: subnets) to 0
2026-03-06 01:42:09.163 10 WARNING neutron.scheduler.dhcp_agent_scheduler [None req-d362a57c-cc87-4e20-beaf-2a1b46379951 05888feac85b4f7a9956f59e9475f099 1371407d3c734a98b7fc303ffd113b1e - - default default] No more DHCP agents
2026-03-06 01:42:09.165 10 WARNING neutron.api.rpc.agentnotifiers.dhcp_rpc_agent_api [None req-d362a57c-cc87-4e20-beaf-2a1b46379951 05888feac85b4f7a9956f59e9475f099 1371407d3c734a98b7fc303ffd113b1e - - default default] Unable to schedule network 5a27097f-26fd-4274-9fc9-2e4185cc10aa: no agents available; will retry on subsequent port and subnet creation events.
2026-03-06 01:42:09.172 9 INFO neutron.wsgi [None req-fd16f718-b3e1-4874-8d89-1e9469255129 f4a48743e50b445e8854f30853da0afc ae5be7c75147467aa9e7f08a879cd8a5 - - default default] 10.0.0.8 "POST /v2.0/subnets HTTP/1.1" status: 201 len: 804 time: 1.5473938
2026-03-06 01:42:09.183 10 WARNING neutron_lib.context [None req-e2915e3b-b165-46aa-b9f5-29f516b8085c f4a48743e50b445e8854f30853da0afc ae5be7c75147467aa9e7f08a879cd8a5 - - default default] Method 'is_advsvc' is deprecated since 2023.2 release (neutron-lib 3.8.0) and will be removed once support for the old RBAC API policies will be removed from Neutron. Please use method 'is_service_role' instead.
2026-03-06 01:42:09.283 10 INFO neutron.db.ovn_revision_numbers_db [None req-d362a57c-cc87-4e20-beaf-2a1b46379951 05888feac85b4f7a9956f59e9475f099 1371407d3c734a98b7fc303ffd113b1e - - default default] Successfully bumped revision number for resource 6fc0cde6-1443-4e1c-96dd-c4b0202a7528 (type: ports) to 1
2026-03-06 01:42:09.309 10 INFO neutron.wsgi [None req-d362a57c-cc87-4e20-beaf-2a1b46379951 05888feac85b4f7a9956f59e9475f099 1371407d3c734a98b7fc303ffd113b1e - - default default] 10.0.0.8 "POST /v2.0/networks HTTP/1.1" status: 201 len: 843 time: 0.6056390
2026-03-06 01:42:09.316 10 INFO neutron.db.segments_db [None req-e2915e3b-b165-46aa-b9f5-29f516b8085c f4a48743e50b445e8854f30853da0afc ae5be7c75147467aa9e7f08a879cd8a5 - - default default] Added segment 24f20288-13db-4f65-b5ed-1e79d55a1bfd of type geneve for network 3507bf99-11d6-466c-b1b1-93e9b72a6001
2026-03-06 01:42:09.521 10 INFO neutron.db.ovn_revision_numbers_db [None req-e2915e3b-b165-46aa-b9f5-29f516b8085c f4a48743e50b445e8854f30853da0afc ae5be7c75147467aa9e7f08a879cd8a5 - - default default] Successfully bumped revision number for resource 3507bf99-11d6-466c-b1b1-93e9b72a6001 (type: networks) to 1
2026-03-06 01:42:09.574 10 INFO neutron.db.ovn_revision_numbers_db [None req-c491f0d9-ffb5-45ad-af10-fbef6935971c 05888feac85b4f7a9956f59e9475f099 1371407d3c734a98b7fc303ffd113b1e - - default default] Successfully bumped revision number for resource 5a27097f-26fd-4274-9fc9-2e4185cc10aa (type: networks) to 2
2026-03-06 01:42:09.578 10 INFO neutron.wsgi [None req-c491f0d9-ffb5-45ad-af10-fbef6935971c 05888feac85b4f7a9956f59e9475f099 1371407d3c734a98b7fc303ffd113b1e - - default default] 10.0.0.8 "PUT /v2.0/networks/5a27097f-26fd-4274-9fc9-2e4185cc10aa HTTP/1.1" status: 200 len: 792 time: 0.2624168
2026-03-06 01:42:09.588 10 WARNING neutron_lib.context [None req-300cce4f-0dd3-4a38-8d49-49d74954e5e2 05888feac85b4f7a9956f59e9475f099 1371407d3c734a98b7fc303ffd113b1e - - default default] Method 'is_advsvc' is deprecated since 2023.2 release (neutron-lib 3.8.0) and will be removed once support for the old RBAC API policies will be removed from Neutron. Please use method 'is_service_role' instead.
2026-03-06 01:42:10.058 10 WARNING neutron.scheduler.dhcp_agent_scheduler [None req-e2915e3b-b165-46aa-b9f5-29f516b8085c f4a48743e50b445e8854f30853da0afc ae5be7c75147467aa9e7f08a879cd8a5 - - default default] No more DHCP agents
2026-03-06 01:42:10.058 9 INFO neutron.wsgi [None req-57ba47ab-076c-47fb-8573-25f53032217a c137bf5204334c9e898446b24dc8b96b 02801b8e0801495e95fee9a2759ed92e - - default default] 10.0.0.8 "PUT /v2.0/routers/93aa4a59-c807-4a74-8a0a-c1bc1309d50b/remove_router_interface HTTP/1.1" status: 200 len: 503 time: 1.5642841
2026-03-06 01:42:10.063 10 WARNING neutron.api.rpc.agentnotifiers.dhcp_rpc_agent_api [None req-e2915e3b-b165-46aa-b9f5-29f516b8085c f4a48743e50b445e8854f30853da0afc ae5be7c75147467aa9e7f08a879cd8a5 - - default default] Unable to schedule network 3507bf99-11d6-466c-b1b1-93e9b72a6001: no agents available; will retry on subsequent port and subnet creation events. /var/lib/openstack/lib/python3.10/site-packages/pycadf/identifier.py:71: UserWarning: Invalid uuid: neutron. To ensure interoperability, identifiers should be a valid uuid. warnings.warn(('Invalid uuid: %s. To ensure interoperability, '
2026-03-06 01:42:10.137 10 INFO neutron.db.ovn_revision_numbers_db [None req-87125886-dcaf-44f4-8bc4-f1e902948630 c137bf5204334c9e898446b24dc8b96b 02801b8e0801495e95fee9a2759ed92e - - default default] Successfully bumped revision number for resource e86eb98b-cb00-4d77-bf2d-5dc537c64119 (type: security_groups) to 1
2026-03-06 01:42:10.163 10 INFO neutron.db.ovn_revision_numbers_db [None req-87125886-dcaf-44f4-8bc4-f1e902948630 c137bf5204334c9e898446b24dc8b96b 02801b8e0801495e95fee9a2759ed92e - - default default] Successfully bumped revision number for resource 1f08eb9b-f372-4aeb-8d5a-96234e6fd1aa (type: security_group_rules) to 0
2026-03-06 01:42:10.186 10 INFO neutron.db.ovn_revision_numbers_db [None req-87125886-dcaf-44f4-8bc4-f1e902948630 c137bf5204334c9e898446b24dc8b96b 02801b8e0801495e95fee9a2759ed92e - - default default] Successfully bumped revision number for resource 2a4e107d-b9f4-4c91-97ec-b3e6bf0828de (type: security_group_rules) to 0
2026-03-06 01:42:10.189 10 INFO neutron.db.ovn_revision_numbers_db [None req-e2915e3b-b165-46aa-b9f5-29f516b8085c f4a48743e50b445e8854f30853da0afc ae5be7c75147467aa9e7f08a879cd8a5 - - default default] Successfully bumped revision number for resource 394ec944-d25d-44ba-8133-b9ce2f9033d1 (type: ports) to 1
2026-03-06 01:42:10.210 10 INFO neutron.db.ovn_revision_numbers_db [None req-87125886-dcaf-44f4-8bc4-f1e902948630 c137bf5204334c9e898446b24dc8b96b 02801b8e0801495e95fee9a2759ed92e - - default default] Successfully bumped revision number for resource c9b77d2f-10a3-4fa2-b8c9-346a8592870a (type: security_group_rules) to 0
2026-03-06 01:42:10.224 10 WARNING neutron.scheduler.dhcp_agent_scheduler [None req-300cce4f-0dd3-4a38-8d49-49d74954e5e2 05888feac85b4f7a9956f59e9475f099 1371407d3c734a98b7fc303ffd113b1e - - default default] No more DHCP agents
2026-03-06 01:42:10.228 10 WARNING neutron.api.rpc.agentnotifiers.dhcp_rpc_agent_api [None req-300cce4f-0dd3-4a38-8d49-49d74954e5e2 05888feac85b4f7a9956f59e9475f099 1371407d3c734a98b7fc303ffd113b1e - - default default] Unable to schedule network 5a27097f-26fd-4274-9fc9-2e4185cc10aa: no agents available; will retry on subsequent port and subnet creation events.
2026-03-06 01:42:10.232 10 INFO neutron.wsgi [None req-e2915e3b-b165-46aa-b9f5-29f516b8085c f4a48743e50b445e8854f30853da0afc ae5be7c75147467aa9e7f08a879cd8a5 - - default default] 10.0.0.8 "POST /v2.0/networks HTTP/1.1" status: 201 len: 831 time: 1.0546803
2026-03-06 01:42:10.234 10 INFO neutron.db.ovn_revision_numbers_db [None req-87125886-dcaf-44f4-8bc4-f1e902948630 c137bf5204334c9e898446b24dc8b96b 02801b8e0801495e95fee9a2759ed92e - - default default] Successfully bumped revision number for resource cf0d141d-8bf4-4f32-b588-d93b930124ef (type: security_group_rules) to 0
2026-03-06 01:42:10.255 10 WARNING neutron_lib.context [None req-9fd98f74-6907-4405-a37f-f0b2882cf6d9 f4a48743e50b445e8854f30853da0afc ae5be7c75147467aa9e7f08a879cd8a5 - - default default] Method 'is_advsvc' is deprecated since 2023.2 release (neutron-lib 3.8.0) and will be removed once support for the old RBAC API policies will be removed from Neutron. Please use method 'is_service_role' instead.
2026-03-06 01:42:10.285 10 INFO neutron.wsgi [None req-87125886-dcaf-44f4-8bc4-f1e902948630 c137bf5204334c9e898446b24dc8b96b 02801b8e0801495e95fee9a2759ed92e - - default default] 10.0.0.8 "GET /v2.0/security-groups?tenant_id=87196ce0826b46c2a9dba602279ca3b2&name=default HTTP/1.1" status: 200 len: 3120 time: 0.6778722
2026-03-06 01:42:10.541 10 WARNING neutron.scheduler.dhcp_agent_scheduler [None req-9fd98f74-6907-4405-a37f-f0b2882cf6d9 f4a48743e50b445e8854f30853da0afc ae5be7c75147467aa9e7f08a879cd8a5 - - default default] No more DHCP agents
2026-03-06 01:42:10.542 10 WARNING neutron.api.rpc.agentnotifiers.dhcp_rpc_agent_api [None req-9fd98f74-6907-4405-a37f-f0b2882cf6d9 f4a48743e50b445e8854f30853da0afc ae5be7c75147467aa9e7f08a879cd8a5 - - default default] Unable to schedule network 3507bf99-11d6-466c-b1b1-93e9b72a6001: no agents available; will retry on subsequent port and subnet creation events.
2026-03-06 01:42:10.574 9 INFO neutron.wsgi [None req-9b6771e4-dda5-4eae-9d2a-725ff46867a1 c137bf5204334c9e898446b24dc8b96b 02801b8e0801495e95fee9a2759ed92e - - default default] 10.0.0.8 "DELETE /v2.0/security-groups/e86eb98b-cb00-4d77-bf2d-5dc537c64119 HTTP/1.1" status: 204 len: 168 time: 0.2819724
2026-03-06 01:42:10.883 10 INFO neutron.db.ovn_revision_numbers_db [None req-300cce4f-0dd3-4a38-8d49-49d74954e5e2 05888feac85b4f7a9956f59e9475f099 1371407d3c734a98b7fc303ffd113b1e - - default default] Successfully bumped revision number for resource 6fc0cde6-1443-4e1c-96dd-c4b0202a7528 (type: ports) to 2
2026-03-06 01:42:10.929 9 INFO neutron.db.ovn_revision_numbers_db [None req-8d7ba2ad-6abd-4b81-9fe4-6d616c3d1a0b c137bf5204334c9e898446b24dc8b96b 02801b8e0801495e95fee9a2759ed92e - - default default] Successfully bumped revision number for resource e9558aaf-dd51-4b43-848b-073a0870d4af (type: security_groups) to 1
2026-03-06 01:42:10.938 10 INFO neutron.db.ovn_revision_numbers_db [None req-300cce4f-0dd3-4a38-8d49-49d74954e5e2 05888feac85b4f7a9956f59e9475f099 1371407d3c734a98b7fc303ffd113b1e - - default default] Successfully bumped revision number for resource 0ab8de6d-a81a-456a-bab1-793e8d1c07d4 (type: subnets) to 0
2026-03-06 01:42:10.950 9 INFO neutron.db.ovn_revision_numbers_db [None req-8d7ba2ad-6abd-4b81-9fe4-6d616c3d1a0b c137bf5204334c9e898446b24dc8b96b 02801b8e0801495e95fee9a2759ed92e - - default default] Successfully bumped revision number for resource 142a1d7c-3607-4d94-aebf-749dfda0d0b3 (type: security_group_rules) to 0
2026-03-06 01:42:10.963 9 INFO neutron.wsgi [None req-cbcf2e88-6c90-43dd-9551-0b205d7980ce c137bf5204334c9e898446b24dc8b96b 02801b8e0801495e95fee9a2759ed92e - - default default] 10.0.0.8 "DELETE /v2.0/routers/93aa4a59-c807-4a74-8a0a-c1bc1309d50b HTTP/1.1" status: 204 len: 168 time: 0.8986878
2026-03-06 01:42:10.971 9 INFO neutron.db.ovn_revision_numbers_db [None req-8d7ba2ad-6abd-4b81-9fe4-6d616c3d1a0b c137bf5204334c9e898446b24dc8b96b 02801b8e0801495e95fee9a2759ed92e - - default default] Successfully bumped revision number for resource 8346733b-208a-4c73-8c02-05279bbd528a (type: security_group_rules) to 0
2026-03-06 01:42:10.983 10 INFO neutron.wsgi [None req-300cce4f-0dd3-4a38-8d49-49d74954e5e2 05888feac85b4f7a9956f59e9475f099 1371407d3c734a98b7fc303ffd113b1e - - default default] 10.0.0.8 "POST /v2.0/subnets HTTP/1.1" status: 201 len: 801 time: 1.3979449
2026-03-06 01:42:11.003 9 INFO neutron.db.ovn_revision_numbers_db [None req-8d7ba2ad-6abd-4b81-9fe4-6d616c3d1a0b c137bf5204334c9e898446b24dc8b96b 02801b8e0801495e95fee9a2759ed92e - - default default] Successfully bumped revision number for resource dcc641d9-b9e8-4925-93d2-0c47a63f9ec5 (type: security_group_rules) to 0
2026-03-06 01:42:11.022 9 INFO neutron.db.ovn_revision_numbers_db [None req-8d7ba2ad-6abd-4b81-9fe4-6d616c3d1a0b c137bf5204334c9e898446b24dc8b96b 02801b8e0801495e95fee9a2759ed92e - - default default] Successfully bumped revision number for resource ee6f8372-b43d-4a41-805a-24068ad6c51c (type: security_group_rules) to 0
2026-03-06 01:42:11.222 10 INFO neutron.db.ovn_revision_numbers_db [None req-9fd98f74-6907-4405-a37f-f0b2882cf6d9 f4a48743e50b445e8854f30853da0afc ae5be7c75147467aa9e7f08a879cd8a5 - - default default] Successfully bumped revision number for resource 394ec944-d25d-44ba-8133-b9ce2f9033d1 (type: ports) to 2
2026-03-06 01:42:11.273 10 INFO neutron.db.ovn_revision_numbers_db [None req-9fd98f74-6907-4405-a37f-f0b2882cf6d9 f4a48743e50b445e8854f30853da0afc ae5be7c75147467aa9e7f08a879cd8a5 - - default default] Successfully bumped revision number for resource f9047c9e-2f20-4230-b65b-69884046206b (type: subnets) to 0
2026-03-06 01:42:11.291 10 INFO neutron.wsgi [None req-9fd98f74-6907-4405-a37f-f0b2882cf6d9 f4a48743e50b445e8854f30853da0afc ae5be7c75147467aa9e7f08a879cd8a5 - - default default] 10.0.0.8 "POST /v2.0/subnets HTTP/1.1" status: 201 len: 804 time: 1.0437026
2026-03-06 01:42:11.307 10 WARNING neutron_lib.context [None req-f0f9ea27-d55d-4c3f-a105-d2327a1e1ac7 f4a48743e50b445e8854f30853da0afc ae5be7c75147467aa9e7f08a879cd8a5 - - default default] Method 'is_advsvc' is deprecated since 2023.2 release (neutron-lib 3.8.0) and will be removed once support for the old RBAC API policies will be removed from Neutron. Please use method 'is_service_role' instead.
2026-03-06 01:42:11.359 10 INFO neutron.db.ovn_revision_numbers_db [None req-eccc0638-e5fd-492e-a9eb-e5b750d1494e 05888feac85b4f7a9956f59e9475f099 1371407d3c734a98b7fc303ffd113b1e - - default default] Successfully bumped revision number for resource 0ab8de6d-a81a-456a-bab1-793e8d1c07d4 (type: subnets) to 1
2026-03-06 01:42:11.362 10 INFO neutron.wsgi [None req-eccc0638-e5fd-492e-a9eb-e5b750d1494e 05888feac85b4f7a9956f59e9475f099 1371407d3c734a98b7fc303ffd113b1e - - default default] 10.0.0.8 "PUT /v2.0/subnets/0ab8de6d-a81a-456a-bab1-793e8d1c07d4 HTTP/1.1" status: 200 len: 806 time: 0.3736546
2026-03-06 01:42:11.399 9 INFO neutron.wsgi [None req-8d7ba2ad-6abd-4b81-9fe4-6d616c3d1a0b c137bf5204334c9e898446b24dc8b96b 02801b8e0801495e95fee9a2759ed92e - - default default] 10.0.0.8 "GET /v2.0/security-groups?tenant_id=c5b572a5aa82432aa6c7c7d1cd310f7d&name=default HTTP/1.1" status: 200 len: 3120 time: 0.7218444
2026-03-06 01:42:11.402 10 INFO neutron.db.segments_db [None req-f0f9ea27-d55d-4c3f-a105-d2327a1e1ac7 f4a48743e50b445e8854f30853da0afc ae5be7c75147467aa9e7f08a879cd8a5 - - default default] Added segment 87bb9674-9412-43d0-95df-b9d1a94026f6 of type geneve for network 71f3c470-9d54-40fb-8746-cdebeaa7b0d1
2026-03-06 01:42:11.556 9 INFO neutron.wsgi [None req-b7896363-f87a-4fab-8bd7-6bc3223a793c c137bf5204334c9e898446b24dc8b96b 02801b8e0801495e95fee9a2759ed92e - - default default] 10.0.0.8 "DELETE /v2.0/subnets/04b47729-9a3a-4e86-b1df-6aca3ac103f6 HTTP/1.1" status: 204 len: 168 time: 0.5796394
2026-03-06 01:42:11.607 10 INFO neutron.db.ovn_revision_numbers_db [None req-f0f9ea27-d55d-4c3f-a105-d2327a1e1ac7 f4a48743e50b445e8854f30853da0afc ae5be7c75147467aa9e7f08a879cd8a5 - - default default] Successfully bumped revision number for resource 71f3c470-9d54-40fb-8746-cdebeaa7b0d1 (type: networks) to 1
2026-03-06 01:42:11.889 10 INFO neutron.wsgi [None req-8d71df15-7d24-4571-9647-51aaf1457d8e c137bf5204334c9e898446b24dc8b96b 02801b8e0801495e95fee9a2759ed92e - - default default] 10.0.0.8 "DELETE /v2.0/security-groups/e9558aaf-dd51-4b43-848b-073a0870d4af HTTP/1.1" status: 204 len: 168 time: 0.4811854
2026-03-06 01:42:11.890 10 WARNING neutron.scheduler.dhcp_agent_scheduler [None req-f0f9ea27-d55d-4c3f-a105-d2327a1e1ac7 f4a48743e50b445e8854f30853da0afc ae5be7c75147467aa9e7f08a879cd8a5 - - default default] No more DHCP agents
2026-03-06 01:42:11.894 10 WARNING neutron.api.rpc.agentnotifiers.dhcp_rpc_agent_api [None req-f0f9ea27-d55d-4c3f-a105-d2327a1e1ac7 f4a48743e50b445e8854f30853da0afc ae5be7c75147467aa9e7f08a879cd8a5 - - default default] Unable to schedule network 71f3c470-9d54-40fb-8746-cdebeaa7b0d1: no agents available; will retry on subsequent port and subnet creation events.
2026-03-06 01:42:11.953 9 INFO neutron.services.segments.plugin [-] Segment a33572dc-a1df-4d99-b487-e4f0853ddf92 resource provider aggregate not found
2026-03-06 01:42:11.958 9 INFO neutron.services.segments.plugin [-] Segment a33572dc-a1df-4d99-b487-e4f0853ddf92 resource provider aggregate not found
2026-03-06 01:42:11.975 9 INFO neutron.services.segments.plugin [-] Segment a33572dc-a1df-4d99-b487-e4f0853ddf92 resource provider not found; error: Placement Client Error (4xx): {"errors": [{"status": 404, "title": "Not Found", "detail": "The resource could not be found.\n\n No resource provider with uuid a33572dc-a1df-4d99-b487-e4f0853ddf92 found for delete ", "request_id": "req-7d10550b-cc5e-4b4a-826f-a3118e997564"}]}
2026-03-06 01:42:11.976 9 INFO neutron.services.segments.plugin [-] Segment a33572dc-a1df-4d99-b487-e4f0853ddf92 resource provider not found; error: Placement Client Error (4xx): {"errors": [{"status": 404, "title": "Not Found", "detail": "The resource could not be found.\n\n No resource provider with uuid a33572dc-a1df-4d99-b487-e4f0853ddf92 found for delete ", "request_id": "req-19b2e0ae-aba3-4f05-b4ce-f1cdd1acfc3a"}]}
2026-03-06 01:42:11.984 9 INFO neutron.wsgi [None req-986012dd-ab7c-4e3c-ad0d-1a85fcb9db5a c137bf5204334c9e898446b24dc8b96b 02801b8e0801495e95fee9a2759ed92e - - default default] 10.0.0.8 "DELETE /v2.0/networks/620ecee9-650e-4082-aa35-4175775a9aff HTTP/1.1" status: 204 len: 168 time: 0.4211740
2026-03-06 01:42:12.005 10 INFO neutron.db.ovn_revision_numbers_db [None req-f0f9ea27-d55d-4c3f-a105-d2327a1e1ac7 f4a48743e50b445e8854f30853da0afc ae5be7c75147467aa9e7f08a879cd8a5 - - default default] Successfully bumped revision number for resource 5c5d7237-5d7d-48aa-b523-e189129ddc2b (type: ports) to 1
2026-03-06 01:42:12.034 10 INFO neutron.wsgi [None req-f0f9ea27-d55d-4c3f-a105-d2327a1e1ac7 f4a48743e50b445e8854f30853da0afc ae5be7c75147467aa9e7f08a879cd8a5 - - default default] 10.0.0.8 "POST /v2.0/networks HTTP/1.1" status: 201 len: 830 time: 0.7323458
2026-03-06 01:42:12.047 10 WARNING neutron_lib.context [None req-b1a1de0a-d627-42b5-afdc-bb4642d87529 f4a48743e50b445e8854f30853da0afc ae5be7c75147467aa9e7f08a879cd8a5 - - default default] Method 'is_advsvc' is deprecated since 2023.2 release (neutron-lib 3.8.0) and will be removed once support for the old RBAC API policies will be removed from Neutron. Please use method 'is_service_role' instead.
2026-03-06 01:42:12.154 9 INFO neutron.wsgi [None req-96881610-c3ca-4ee1-9bcb-8f5541e36ef3 c137bf5204334c9e898446b24dc8b96b 02801b8e0801495e95fee9a2759ed92e - - default default] 10.0.0.8 "GET /v2.0/security-groups?tenant_id=ea546f56dc724c7fb308e3341dbfd1e8&name=default HTTP/1.1" status: 200 len: 3120 time: 0.0398552
2026-03-06 01:42:12.276 10 INFO neutron.services.segments.plugin [-] Segment cd01c257-36d9-4ba1-b7b4-4dc88033ccfc resource provider aggregate not found
2026-03-06 01:42:12.280 10 INFO neutron.services.segments.plugin [-] Segment cd01c257-36d9-4ba1-b7b4-4dc88033ccfc resource provider aggregate not found
2026-03-06 01:42:12.306 10 INFO neutron.services.segments.plugin [-] Segment cd01c257-36d9-4ba1-b7b4-4dc88033ccfc resource provider not found; error: Placement Client Error (4xx): {"errors": [{"status": 404, "title": "Not Found", "detail": "The resource could not be found.\n\n No resource provider with uuid cd01c257-36d9-4ba1-b7b4-4dc88033ccfc found for delete ", "request_id": "req-38ccadac-e5fd-4d9a-b53b-478b22570deb"}]}
2026-03-06 01:42:12.307 10 INFO neutron.services.segments.plugin [-] Segment cd01c257-36d9-4ba1-b7b4-4dc88033ccfc resource provider not found; error: Placement Client Error (4xx): {"errors": [{"status": 404, "title": "Not Found", "detail": "The resource could not be found.\n\n No resource provider with uuid cd01c257-36d9-4ba1-b7b4-4dc88033ccfc found for delete ", "request_id": "req-cb6e9a66-cd17-42c7-b376-bd0b89e1a855"}]}
2026-03-06 01:42:12.339 10 INFO neutron.wsgi [None req-75d268a9-725a-4347-bb6a-960e8336ebe6 05888feac85b4f7a9956f59e9475f099 1371407d3c734a98b7fc303ffd113b1e - - default default] 10.0.0.8 "DELETE /v2.0/networks/5a27097f-26fd-4274-9fc9-2e4185cc10aa HTTP/1.1" status: 204 len: 168 time: 0.9726932
2026-03-06 01:42:12.359 10 WARNING neutron.scheduler.dhcp_agent_scheduler [None req-b1a1de0a-d627-42b5-afdc-bb4642d87529 f4a48743e50b445e8854f30853da0afc ae5be7c75147467aa9e7f08a879cd8a5 - - default default] No more DHCP agents
2026-03-06 01:42:12.361 9 INFO neutron.pecan_wsgi.hooks.translation [None req-64ecf03f-0faa-4af1-af17-ac78ff60c444 05888feac85b4f7a9956f59e9475f099 1371407d3c734a98b7fc303ffd113b1e - - default default] DELETE failed (client error): The resource could not be found.
2026-03-06 01:42:12.363 9 INFO neutron.wsgi [None req-64ecf03f-0faa-4af1-af17-ac78ff60c444 05888feac85b4f7a9956f59e9475f099 1371407d3c734a98b7fc303ffd113b1e - - default default] 10.0.0.8 "DELETE /v2.0/networks/5a27097f-26fd-4274-9fc9-2e4185cc10aa HTTP/1.1" status: 404 len: 339 time: 0.0168221
2026-03-06 01:42:12.366 10 WARNING neutron.api.rpc.agentnotifiers.dhcp_rpc_agent_api [None req-b1a1de0a-d627-42b5-afdc-bb4642d87529 f4a48743e50b445e8854f30853da0afc ae5be7c75147467aa9e7f08a879cd8a5 - - default default] Unable to schedule network 71f3c470-9d54-40fb-8746-cdebeaa7b0d1: no agents available; will retry on subsequent port and subnet creation events.
2026-03-06 01:42:12.423 9 INFO neutron.wsgi [None req-2347c02b-bcd1-46a8-857f-08b3ac510d4b c137bf5204334c9e898446b24dc8b96b 02801b8e0801495e95fee9a2759ed92e - - default default] 10.0.0.8 "DELETE /v2.0/security-groups/49fd42d5-3a32-4c62-b763-74c98eaaf475 HTTP/1.1" status: 204 len: 168 time: 0.2636557
2026-03-06 01:42:12.462 9 INFO neutron.wsgi [None req-a23bc964-5eea-4587-bb4b-b7c95ef98890 05888feac85b4f7a9956f59e9475f099 1371407d3c734a98b7fc303ffd113b1e - - default default] 10.0.0.8 "GET /v2.0/networks?router%3Aexternal=True HTTP/1.1" status: 200 len: 845 time: 0.0917480
2026-03-06 01:42:12.528 9 INFO neutron.wsgi [None req-525e1f6f-48f1-46f6-b976-8e52dc08921e 05888feac85b4f7a9956f59e9475f099 1371407d3c734a98b7fc303ffd113b1e - - default default] 10.0.0.8 "GET /v2.0/subnets?network_id=98cbf412-7a44-4abe-969e-76b16677fadc HTTP/1.1" status: 200 len: 820 time: 0.0604877
2026-03-06 01:42:12.546 10 INFO neutron.wsgi [None req-81cb702e-daf1-4b20-a482-d50bb18b5e37 05888feac85b4f7a9956f59e9475f099 1371407d3c734a98b7fc303ffd113b1e - - default default] 10.0.0.8 "GET /v2.0/extensions HTTP/1.1" status: 200 len: 18678 time: 0.0118341
2026-03-06 01:42:12.646 9 INFO neutron.wsgi [None req-6526b13a-2911-440e-aec3-fbf0bbc8cfa8 05888feac85b4f7a9956f59e9475f099 1371407d3c734a98b7fc303ffd113b1e - - default default] 10.0.0.8 "GET /v2.0/networks HTTP/1.1" status: 200 len: 1504 time: 0.0931408
2026-03-06 01:42:12.710 9 INFO neutron.wsgi [None req-169616c6-0ecf-4c2e-be0c-4b31221c1387 05888feac85b4f7a9956f59e9475f099 1371407d3c734a98b7fc303ffd113b1e - - default default] 10.0.0.8 "GET /v2.0/subnets HTTP/1.1" status: 200 len: 1428 time: 0.0567801
2026-03-06 01:42:12.776 9 INFO neutron.wsgi [None req-c415daa8-9602-4748-a4e3-adb75dea103c 05888feac85b4f7a9956f59e9475f099 1371407d3c734a98b7fc303ffd113b1e - - default default] 10.0.0.8 "GET /v2.0/networks/4125904e-b12b-4f8b-9350-1de0b3d4b643 HTTP/1.1" status: 200 len: 863 time: 0.0609243
2026-03-06 01:42:12.815 9 INFO neutron.wsgi [None req-a1ac5215-5e00-480e-87e5-9088931c08b1 05888feac85b4f7a9956f59e9475f099 1371407d3c734a98b7fc303ffd113b1e - - default default] 10.0.0.8 "GET /v2.0/subnets/71b0c712-c48f-4cd2-aa09-e572e1a99965 HTTP/1.1" status: 200 len: 811 time: 0.0319583
2026-03-06 01:42:12.839 9 INFO neutron.pecan_wsgi.hooks.translation [None req-ce599dd8-5ae9-499f-a4ce-891ba399fb3e 05888feac85b4f7a9956f59e9475f099 1371407d3c734a98b7fc303ffd113b1e - - default default] DELETE failed (client error): The resource could not be found.
2026-03-06 01:42:12.842 9 INFO neutron.wsgi [None req-ce599dd8-5ae9-499f-a4ce-891ba399fb3e 05888feac85b4f7a9956f59e9475f099 1371407d3c734a98b7fc303ffd113b1e - - default default] 10.0.0.8 "DELETE /v2.0/subnets/0ab8de6d-a81a-456a-bab1-793e8d1c07d4 HTTP/1.1" status: 404 len: 337 time: 0.0196910
2026-03-06 01:42:12.856 9 INFO neutron.pecan_wsgi.hooks.translation [None req-27124236-4093-4c8a-8a2d-c369b969a485 05888feac85b4f7a9956f59e9475f099 1371407d3c734a98b7fc303ffd113b1e - - default default] DELETE failed (client error): The resource could not be found.
