2026-03-06 01:43:36.522 9 INFO neutron.wsgi [None req-31529483-8665-4094-979a-a4b98adf31d8 d7ccc28193b842a0b32f088c8e95c6d6 42dd9e57e3c749e4a7ad5767e1e25cb8 - - default default] 10.0.0.8 "GET /v2.0/ports/c7e84afb-c56f-4cf8-85f0-61e9b284baee HTTP/1.1" status: 200 len: 1141 time: 0.0364945
2026-03-06 01:43:36.546 10 INFO neutron.db.ovn_revision_numbers_db [None req-6543edd4-0e35-4cb3-818b-61de28e5ba93 - - - - - -] Successfully bumped revision number for resource c7e84afb-c56f-4cf8-85f0-61e9b284baee (type: ports) to 2
2026-03-06 01:43:36.713 10 INFO neutron.db.ovn_revision_numbers_db [None req-6543edd4-0e35-4cb3-818b-61de28e5ba93 - - - - - -] Successfully bumped revision number for resource c7e84afb-c56f-4cf8-85f0-61e9b284baee (type: router_ports) to 2
2026-03-06 01:43:36.854 9 INFO neutron.wsgi [req-a65904a1-62b1-44be-8c52-b8c19e248e36 req-d551831f-3253-49c9-ab0a-7658ccfb1cb0 a7fc42a04c71436aa025d7cc65799037 bba4eebdda7d4ea1bce7ba38630fae01 - - 44efff896278498a92dd1ea78e03d0e4 44efff896278498a92dd1ea78e03d0e4] 10.0.0.211 "GET /v2.0/ports?device_id=7af106a1-7312-4c20-a5b5-f6c96c0a0f12 HTTP/1.1" status: 200 len: 1409 time: 0.0578415
2026-03-06 01:43:36.927 9 INFO neutron.wsgi [req-a65904a1-62b1-44be-8c52-b8c19e248e36 req-f4e199b8-38e0-47cc-b9bd-064df43ec80d a7fc42a04c71436aa025d7cc65799037 bba4eebdda7d4ea1bce7ba38630fae01 - - 44efff896278498a92dd1ea78e03d0e4 44efff896278498a92dd1ea78e03d0e4] 10.0.0.211 "GET /v2.0/security-groups?id=89c0aaab-1825-45a3-b6ab-4e08c707e0d4&fields=id&fields=name HTTP/1.1" status: 200 len: 313 time: 0.0668859
2026-03-06 01:43:37.324 9 INFO neutron.wsgi [None req-2ce40436-9bf2-4a7a-bce5-0f3f6f78000b d7ccc28193b842a0b32f088c8e95c6d6 42dd9e57e3c749e4a7ad5767e1e25cb8 - - default default] 10.0.0.8 "PUT /v2.0/routers/c5f7aa28-4cd7-42ae-abb9-1d431d20f272/remove_router_interface HTTP/1.1" status: 200 len: 503 time: 0.7972910 /var/lib/openstack/lib/python3.10/site-packages/pycadf/identifier.py:71: UserWarning: Invalid uuid: neutron. To ensure interoperability, identifiers should be a valid uuid. warnings.warn(('Invalid uuid: %s. To ensure interoperability, '
2026-03-06 01:43:37.366 9 INFO neutron.wsgi [None req-8d3b3238-37c3-428a-8460-4e3abe91e6df d7ccc28193b842a0b32f088c8e95c6d6 42dd9e57e3c749e4a7ad5767e1e25cb8 - - default default] 10.0.0.8 "GET /v2.0/ports?device_id=c5f7aa28-4cd7-42ae-abb9-1d431d20f272 HTTP/1.1" status: 200 len: 205 time: 0.0303881
2026-03-06 01:43:37.683 9 INFO neutron.wsgi [None req-fd908811-d7a8-4ac8-9b04-e5adc2cea26c d7ccc28193b842a0b32f088c8e95c6d6 42dd9e57e3c749e4a7ad5767e1e25cb8 - - default default] 10.0.0.8 "DELETE /v2.0/routers/c5f7aa28-4cd7-42ae-abb9-1d431d20f272 HTTP/1.1" status: 204 len: 168 time: 0.3055060
2026-03-06 01:43:37.892 9 INFO neutron.wsgi [None req-ab4d66d8-309a-4da5-beff-09ed74142a55 d7ccc28193b842a0b32f088c8e95c6d6 42dd9e57e3c749e4a7ad5767e1e25cb8 - - default default] 10.0.0.8 "DELETE /v2.0/subnets/2d3f755b-ba45-4147-993d-7f89760daa26 HTTP/1.1" status: 204 len: 168 time: 0.2026217
2026-03-06 01:43:38.315 9 INFO neutron.services.segments.plugin [-] Segment a043d544-04f6-48bc-aae5-ea4263476a62 resource provider aggregate not found
2026-03-06 01:43:38.321 9 INFO neutron.services.segments.plugin [-] Segment a043d544-04f6-48bc-aae5-ea4263476a62 resource provider aggregate not found
2026-03-06 01:43:38.339 9 INFO neutron.wsgi [None req-9c13a8bd-e5dd-4d2c-b3aa-6ab321709a86 d7ccc28193b842a0b32f088c8e95c6d6 42dd9e57e3c749e4a7ad5767e1e25cb8 - - default default] 10.0.0.8 "DELETE /v2.0/networks/20b77568-4eb9-40df-b65a-372c88cbf5a0 HTTP/1.1" status: 204 len: 168 time: 0.4410596
2026-03-06 01:43:38.340 9 INFO neutron.services.segments.plugin [-] Segment a043d544-04f6-48bc-aae5-ea4263476a62 resource provider not found; error: Placement Client Error (4xx): {"errors": [{"status": 404, "title": "Not Found", "detail": "The resource could not be found.\n\n No resource provider with uuid a043d544-04f6-48bc-aae5-ea4263476a62 found for delete ", "request_id": "req-554b431d-77d4-4f29-aa77-ff35e89d5bb0"}]}
2026-03-06 01:43:38.341 9 INFO neutron.services.segments.plugin [-] Segment a043d544-04f6-48bc-aae5-ea4263476a62 resource provider not found; error: Placement Client Error (4xx): {"errors": [{"status": 404, "title": "Not Found", "detail": "The resource could not be found.\n\n No resource provider with uuid a043d544-04f6-48bc-aae5-ea4263476a62 found for delete ", "request_id": "req-0da508af-1e52-43fa-8448-adff8e1a377d"}]}
2026-03-06 01:43:38.352 10 WARNING neutron_lib.context [None req-a906cdd5-1ffb-4889-a29e-f1f53a0164a1 d7ccc28193b842a0b32f088c8e95c6d6 42dd9e57e3c749e4a7ad5767e1e25cb8 - - default default] Method 'is_advsvc' is deprecated since 2023.2 release (neutron-lib 3.8.0) and will be removed once support for the old RBAC API policies will be removed from Neutron. Please use method 'is_service_role' instead.
2026-03-06 01:43:38.701 9 WARNING neutron.plugins.ml2.drivers.ovn.mech_driver.ovsdb.ovn_client [None req-8ec59884-6caf-4767-9c5b-6e411e1bab11 - - - - - -] No port found with ID 602d1c1b-38cc-4e72-9bdb-a772d0a54baf: RuntimeError: No port found with ID 602d1c1b-38cc-4e72-9bdb-a772d0a54baf
2026-03-06 01:43:39.082 10 WARNING neutron.scheduler.dhcp_agent_scheduler [None req-a906cdd5-1ffb-4889-a29e-f1f53a0164a1 d7ccc28193b842a0b32f088c8e95c6d6 42dd9e57e3c749e4a7ad5767e1e25cb8 - - default default] No more DHCP agents
2026-03-06 01:43:39.085 10 WARNING neutron.api.rpc.agentnotifiers.dhcp_rpc_agent_api [None req-a906cdd5-1ffb-4889-a29e-f1f53a0164a1 d7ccc28193b842a0b32f088c8e95c6d6 42dd9e57e3c749e4a7ad5767e1e25cb8 - - default default] Unable to schedule network 98cbf412-7a44-4abe-969e-76b16677fadc: no agents available; will retry on subsequent port and subnet creation events.
2026-03-06 01:43:39.360 10 INFO neutron.db.ovn_revision_numbers_db [None req-a906cdd5-1ffb-4889-a29e-f1f53a0164a1 d7ccc28193b842a0b32f088c8e95c6d6 42dd9e57e3c749e4a7ad5767e1e25cb8 - - default default] Successfully bumped revision number for resource c55d197e-c713-4380-ba15-d97d0707c0ec (type: ports) to 1
2026-03-06 01:43:39.699 9 INFO neutron.plugins.ml2.drivers.ovn.mech_driver.mech_driver [None req-8ec59884-6caf-4767-9c5b-6e411e1bab11 - - - - - -] OVN reports status down for port: 6e6fd5b5-842a-4cc9-9527-127145c08818
2026-03-06 01:43:39.864 9 INFO neutron.notifiers.nova [-] Nova event matching ['req-85c17afd-659f-4116-bb15-caf610d73b72'] response: {'server_uuid': '7af106a1-7312-4c20-a5b5-f6c96c0a0f12', 'name': 'network-vif-unplugged', 'status': 'completed', 'tag': '6e6fd5b5-842a-4cc9-9527-127145c08818', 'code': 200} /var/lib/openstack/lib/python3.10/site-packages/pycadf/identifier.py:71: UserWarning: Invalid uuid: neutron. To ensure interoperability, identifiers should be a valid uuid. warnings.warn(('Invalid uuid: %s. To ensure interoperability, '
2026-03-06 01:43:40.046 9 INFO neutron.db.ovn_revision_numbers_db [None req-8ec59884-6caf-4767-9c5b-6e411e1bab11 - - - - - -] Successfully bumped revision number for resource 6e6fd5b5-842a-4cc9-9527-127145c08818 (type: ports) to 5
2026-03-06 01:43:40.258 10 INFO neutron.wsgi [req-13b48f2f-d88a-4bc1-807c-6be6d8d96688 req-36d28802-4f4b-415a-9bb5-05c7b8fc5953 630568c38a794d699e5975a337651b08 b13f5cbdb10e4c7c86a987da19229b2d - - default default] 199.204.45.144 "GET /v2.0/ports?device_id=7af106a1-7312-4c20-a5b5-f6c96c0a0f12 HTTP/1.1" status: 200 len: 1168 time: 0.2440081
2026-03-06 01:43:40.267 10 INFO neutron.wsgi [req-7cd07000-b8b1-4ed6-a881-b9560af4e6e4 req-c239abde-2563-46b2-816b-80d5277388eb 630568c38a794d699e5975a337651b08 b13f5cbdb10e4c7c86a987da19229b2d - - default default] 10.0.0.51 "GET /v2.0/ports?device_id=7af106a1-7312-4c20-a5b5-f6c96c0a0f12 HTTP/1.1" status: 200 len: 1168 time: 0.2516692
2026-03-06 01:43:40.393 10 INFO neutron.wsgi [req-7cd07000-b8b1-4ed6-a881-b9560af4e6e4 req-5808c5e1-148b-4ec0-a095-9a4d883618d1 630568c38a794d699e5975a337651b08 b13f5cbdb10e4c7c86a987da19229b2d - - default default] 10.0.0.51 "GET /v2.0/security-groups?id=89c0aaab-1825-45a3-b6ab-4e08c707e0d4&fields=id&fields=name HTTP/1.1" status: 200 len: 313 time: 0.1161919
2026-03-06 01:43:40.495 10 INFO neutron.wsgi [None req-f704d1c5-2559-4b2d-9413-45a44f42f420 c137bf5204334c9e898446b24dc8b96b 02801b8e0801495e95fee9a2759ed92e - - default default] 10.0.0.130 "GET /v2.0/floatingips HTTP/1.1" status: 200 len: 1033 time: 0.4340494
2026-03-06 01:43:40.661 10 INFO neutron.wsgi [None req-54ae3cf0-10a3-455f-9233-b306870be3a8 c137bf5204334c9e898446b24dc8b96b 02801b8e0801495e95fee9a2759ed92e - - default default] 10.0.0.130 "GET /v2.0/ports HTTP/1.1" status: 200 len: 26485 time: 0.1632907
2026-03-06 01:43:40.807 10 INFO neutron.services.segments.plugin [-] Segment 77c6d7b5-c480-4b04-b14a-25f46418b33a resource provider aggregate not found
2026-03-06 01:43:40.811 10 INFO neutron.services.segments.plugin [-] Segment 77c6d7b5-c480-4b04-b14a-25f46418b33a resource provider aggregate not found
2026-03-06 01:43:40.848 10 INFO neutron.wsgi [None req-5c01fb00-3e86-4033-b3c1-ebd1830b33ab c137bf5204334c9e898446b24dc8b96b 02801b8e0801495e95fee9a2759ed92e - - default default] 10.0.0.130 "GET /v2.0/security-groups HTTP/1.1" status: 200 len: 36968 time: 0.1697299
2026-03-06 01:43:40.850 10 INFO neutron.services.segments.plugin [-] Segment 77c6d7b5-c480-4b04-b14a-25f46418b33a resource provider not found; error: Placement Client Error (4xx): {"errors": [{"status": 404, "title": "Not Found", "detail": "The resource could not be found.\n\n No resource provider with uuid 77c6d7b5-c480-4b04-b14a-25f46418b33a found for delete ", "request_id": "req-22fec81e-b199-4441-b9b4-46cf51eed957"}]}
2026-03-06 01:43:40.852 10 INFO neutron.services.segments.plugin [-] Segment 77c6d7b5-c480-4b04-b14a-25f46418b33a resource provider not found; error: Placement Client Error (4xx): {"errors": [{"status": 404, "title": "Not Found", "detail": "The resource could not be found.\n\n No resource provider with uuid 77c6d7b5-c480-4b04-b14a-25f46418b33a found for delete ", "request_id": "req-8e605093-8715-460e-9986-829312c7a4c8"}]} /var/lib/openstack/lib/python3.10/site-packages/pycadf/identifier.py:71: UserWarning: Invalid uuid: neutron. To ensure interoperability, identifiers should be a valid uuid. warnings.warn(('Invalid uuid: %s. To ensure interoperability, '
2026-03-06 01:43:40.966 10 INFO neutron.wsgi [None req-61449f5b-af21-4be0-940b-cf9afadef0ef 20314330be934f348646f029adab2fe1 65bf2208406e43b194df92f6c464b0c0 - - default default] 10.0.0.8 "DELETE /v2.0/vpn/vpnservices/fc553fc1-4b72-47d5-bd28-c0255eba35b4 HTTP/1.1" status: 204 len: 168 time: 6.2178574
2026-03-06 01:43:40.984 9 INFO neutron.wsgi [None req-de992e3e-b3a5-42b1-97bf-90eca10b53f4 20314330be934f348646f029adab2fe1 65bf2208406e43b194df92f6c464b0c0 - - default default] 10.0.0.8 "GET /v2.0/vpn/vpnservices HTTP/1.1" status: 200 len: 1048 time: 0.0116501
2026-03-06 01:43:40.985 10 INFO neutron.wsgi [None req-4567a157-c2bf-4090-88c9-f22fac7fc882 c137bf5204334c9e898446b24dc8b96b 02801b8e0801495e95fee9a2759ed92e - - default default] 10.0.0.130 "GET /v2.0/subnets HTTP/1.1" status: 200 len: 4582 time: 0.1226215
2026-03-06 01:43:40.997 10 WARNING neutron_lib.context [None req-ea8c4939-293d-4c6a-9f63-056ee828db1f 20314330be934f348646f029adab2fe1 65bf2208406e43b194df92f6c464b0c0 - - default default] Method 'is_advsvc' is deprecated since 2023.2 release (neutron-lib 3.8.0) and will be removed once support for the old RBAC API policies will be removed from Neutron. Please use method 'is_service_role' instead.
2026-03-06 01:43:41.008 9 INFO neutron.wsgi [req-944f2c09-3eae-47c1-8b42-cfee1bfa682f req-10263d55-d779-4c00-86d9-a1eae9da7364 c137bf5204334c9e898446b24dc8b96b 02801b8e0801495e95fee9a2759ed92e - - default default] 10.0.0.51 "GET /v2.0/ports?device_id=7af106a1-7312-4c20-a5b5-f6c96c0a0f12&device_id=83ad237f-7de8-4d44-85a3-7dca092b5df7 HTTP/1.1" status: 200 len: 2609 time: 0.0616469
2026-03-06 01:43:41.074 9 INFO neutron.wsgi [req-944f2c09-3eae-47c1-8b42-cfee1bfa682f req-bea760a9-4f8f-4e0a-bff7-518058d8e943 c137bf5204334c9e898446b24dc8b96b 02801b8e0801495e95fee9a2759ed92e - - default default] 10.0.0.51 "GET /v2.0/security-groups?id=ebc6a1c4-9561-4c2d-9230-89b797f6eeec&id=89c0aaab-1825-45a3-b6ab-4e08c707e0d4&fields=id&fields=name HTTP/1.1" status: 200 len: 405 time: 0.0550277
2026-03-06 01:43:41.736 10 INFO neutron.wsgi [req-faaa5a5c-74c1-4902-9fd0-d93c73609294 req-8a7859e5-759a-409d-80d0-f3494c13b3d5 630568c38a794d699e5975a337651b08 b13f5cbdb10e4c7c86a987da19229b2d - - default default] 10.0.0.51 "GET /v2.0/ports?device_id=7af106a1-7312-4c20-a5b5-f6c96c0a0f12 HTTP/1.1" status: 200 len: 1168 time: 0.1671190
2026-03-06 01:43:41.825 10 INFO neutron.wsgi [None req-c35b42b3-8de8-4689-a764-80cdf8001980 c137bf5204334c9e898446b24dc8b96b 02801b8e0801495e95fee9a2759ed92e - - default default] 10.0.0.130 "GET /v2.0/routers HTTP/1.1" status: 200 len: 5051 time: 0.8350332
2026-03-06 01:43:41.874 10 INFO neutron.api.v2.resource [None req-ea8c4939-293d-4c6a-9f63-056ee828db1f 20314330be934f348646f029adab2fe1 65bf2208406e43b194df92f6c464b0c0 - - default default] create failed (client error): The server could not comply with the request since it is either malformed or otherwise incorrect.
2026-03-06 01:43:41.875 10 INFO neutron.wsgi [None req-ea8c4939-293d-4c6a-9f63-056ee828db1f 20314330be934f348646f029adab2fe1 65bf2208406e43b194df92f6c464b0c0 - - default default] 10.0.0.8 "POST /v2.0/vpn/ipsec-site-connections HTTP/1.1" status: 400 len: 330 time: 0.8841319
2026-03-06 01:43:41.890 9 WARNING neutron_lib.context [None req-f25ad9bd-13c5-4ff2-9d74-5d89959ab961 20314330be934f348646f029adab2fe1 65bf2208406e43b194df92f6c464b0c0 - - default default] Method 'is_advsvc' is deprecated since 2023.2 release (neutron-lib 3.8.0) and will be removed once support for the old RBAC API policies will be removed from Neutron. Please use method 'is_service_role' instead.
2026-03-06 01:43:41.901 10 INFO neutron.wsgi [None req-13b41d93-1b86-4c55-8056-5136c612e806 c137bf5204334c9e898446b24dc8b96b 02801b8e0801495e95fee9a2759ed92e - - default default] 10.0.0.130 "GET /v2.0/agents?binary=ovn-controller HTTP/1.1" status: 200 len: 591 time: 0.0552371
2026-03-06 01:43:41.908 9 INFO neutron.notifiers.nova [-] Nova event matching ['req-bb136c56-f51f-4af1-a5f0-38bb2c107a12'] response: {'server_uuid': '7af106a1-7312-4c20-a5b5-f6c96c0a0f12', 'name': 'network-vif-unplugged', 'status': 'completed', 'tag': '6e6fd5b5-842a-4cc9-9527-127145c08818', 'code': 200}
2026-03-06 01:43:41.937 10 INFO neutron.wsgi [req-faaa5a5c-74c1-4902-9fd0-d93c73609294 req-1e126ed9-a8d6-4fda-b7b2-6b5d7dd024d6 630568c38a794d699e5975a337651b08 b13f5cbdb10e4c7c86a987da19229b2d - - default default] 10.0.0.51 "GET /v2.0/security-groups?id=89c0aaab-1825-45a3-b6ab-4e08c707e0d4&fields=id&fields=name HTTP/1.1" status: 200 len: 313 time: 0.1893289
2026-03-06 01:43:41.994 10 INFO neutron.wsgi [None req-501e4778-dc54-4e2b-8432-8ae1d304981c c137bf5204334c9e898446b24dc8b96b 02801b8e0801495e95fee9a2759ed92e - - default default] 10.0.0.130 "GET /v2.0/subnets HTTP/1.1" status: 200 len: 4582 time: 0.0870483
2026-03-06 01:43:42.021 9 INFO neutron.api.v2.resource [None req-f25ad9bd-13c5-4ff2-9d74-5d89959ab961 20314330be934f348646f029adab2fe1 65bf2208406e43b194df92f6c464b0c0 - - default default] create failed (client error): The server could not comply with the request since it is either malformed or otherwise incorrect.
2026-03-06 01:43:42.023 9 INFO neutron.wsgi [None req-f25ad9bd-13c5-4ff2-9d74-5d89959ab961 20314330be934f348646f029adab2fe1 65bf2208406e43b194df92f6c464b0c0 - - default default] 10.0.0.8 "POST /v2.0/vpn/ipsec-site-connections HTTP/1.1" status: 400 len: 339 time: 0.1420515
2026-03-06 01:43:42.030 10 WARNING neutron.plugins.ml2.drivers.ovn.mech_driver.ovsdb.ovn_client [None req-6543edd4-0e35-4cb3-818b-61de28e5ba93 - - - - - -] No port found with ID c7e84afb-c56f-4cf8-85f0-61e9b284baee: RuntimeError: No port found with ID c7e84afb-c56f-4cf8-85f0-61e9b284baee /var/lib/openstack/lib/python3.10/site-packages/pycadf/identifier.py:71: UserWarning: Invalid uuid: neutron. To ensure interoperability, identifiers should be a valid uuid. warnings.warn(('Invalid uuid: %s. To ensure interoperability, '
2026-03-06 01:43:42.038 10 INFO neutron.wsgi [None req-e4adc799-5201-4474-8abe-a57e3076d2b7 c137bf5204334c9e898446b24dc8b96b 02801b8e0801495e95fee9a2759ed92e - - default default] 10.0.0.130 "GET /v2.0/subnetpools HTTP/1.1" status: 200 len: 193 time: 0.0402315
2026-03-06 01:43:42.039 9 WARNING neutron.api.v2.base [None req-0ed08190-0425-4661-a57e-e7235ba3cde7 20314330be934f348646f029adab2fe1 65bf2208406e43b194df92f6c464b0c0 - - default default] An exception happened while processing the request body. The exception message is [Invalid input for dpd. Reason: '59' is not a dictionary.].: webob.exc.HTTPBadRequest: Invalid input for dpd. Reason: '59' is not a dictionary.
2026-03-06 01:43:42.040 9 INFO neutron.api.v2.resource [None req-0ed08190-0425-4661-a57e-e7235ba3cde7 20314330be934f348646f029adab2fe1 65bf2208406e43b194df92f6c464b0c0 - - default default] create failed (client error): Invalid input for dpd. Reason: '59' is not a dictionary.
2026-03-06 01:43:42.041 9 INFO neutron.wsgi [None req-0ed08190-0425-4661-a57e-e7235ba3cde7 20314330be934f348646f029adab2fe1 65bf2208406e43b194df92f6c464b0c0 - - default default] 10.0.0.8 "POST /v2.0/vpn/ipsec-site-connections HTTP/1.1" status: 400 len: 332 time: 0.0085800
2026-03-06 01:43:42.055 9 WARNING neutron_lib.context [None req-82a28abc-44bd-47df-8d88-e15846562aa7 20314330be934f348646f029adab2fe1 65bf2208406e43b194df92f6c464b0c0 - - default default] Method 'is_advsvc' is deprecated since 2023.2 release (neutron-lib 3.8.0) and will be removed once support for the old RBAC API policies will be removed from Neutron. Please use method 'is_service_role' instead.
2026-03-06 01:43:42.074 10 INFO neutron.db.l3_db [req-13b48f2f-d88a-4bc1-807c-6be6d8d96688 req-793eeccf-454c-4546-ac25-bddbe9004436 630568c38a794d699e5975a337651b08 b13f5cbdb10e4c7c86a987da19229b2d - - default default] Floating IP 7cebe763-b706-499e-b4ee-7414b551ce0c disassociated. External IP: 10.96.250.205, port: 6e6fd5b5-842a-4cc9-9527-127145c08818.
2026-03-06 01:43:42.119 9 INFO neutron.wsgi [None req-82a28abc-44bd-47df-8d88-e15846562aa7 20314330be934f348646f029adab2fe1 65bf2208406e43b194df92f6c464b0c0 - - default default] 10.0.0.8 "POST /v2.0/vpn/endpoint-groups HTTP/1.1" status: 201 len: 493 time: 0.0703211
2026-03-06 01:43:42.130 9 WARNING neutron_lib.context [None req-eb2e39df-434e-467d-a841-b3a9fc6cb2f3 20314330be934f348646f029adab2fe1 65bf2208406e43b194df92f6c464b0c0 - - default default] Method 'is_advsvc' is deprecated since 2023.2 release (neutron-lib 3.8.0) and will be removed once support for the old RBAC API policies will be removed from Neutron. Please use method 'is_service_role' instead.
2026-03-06 01:43:42.164 9 INFO neutron.api.v2.resource [None req-eb2e39df-434e-467d-a841-b3a9fc6cb2f3 20314330be934f348646f029adab2fe1 65bf2208406e43b194df92f6c464b0c0 - - default default] create failed (client error): The server could not comply with the request since it is either malformed or otherwise incorrect.
2026-03-06 01:43:42.165 9 INFO neutron.wsgi [None req-eb2e39df-434e-467d-a841-b3a9fc6cb2f3 20314330be934f348646f029adab2fe1 65bf2208406e43b194df92f6c464b0c0 - - default default] 10.0.0.8 "POST /v2.0/vpn/ipsec-site-connections HTTP/1.1" status: 400 len: 352 time: 0.0394099
2026-03-06 01:43:42.167 10 INFO neutron.plugins.ml2.drivers.ovn.mech_driver.ovsdb.commands [None req-5ba1ce5d-c531-457f-ad2b-bbdb974ca1f9 - - - - - -] Schedule LRP lrp-c55d197e-c713-4380-ba15-d97d0707c0ec on gateway f4c9a443-8575-4a99-906a-8390a196aed9 with priority 1
2026-03-06 01:43:42.184 10 INFO neutron.wsgi [None req-55344286-99c9-42b0-99f1-c32c394d9d84 c137bf5204334c9e898446b24dc8b96b 02801b8e0801495e95fee9a2759ed92e - - default default] 10.0.0.130 "GET /v2.0/networks HTTP/1.1" status: 200 len: 6030 time: 0.1429622
2026-03-06 01:43:42.188 9 INFO neutron.wsgi [None req-a0b114b9-7a06-47bb-aade-67a7a7bdd596 20314330be934f348646f029adab2fe1 65bf2208406e43b194df92f6c464b0c0 - - default default] 10.0.0.8 "GET /v2.0/vpn/endpoint-groups HTTP/1.1" status: 200 len: 1104 time: 0.0183973
2026-03-06 01:43:42.205 10 INFO neutron.plugins.ml2.drivers.ovn.mech_driver.mech_driver [None req-6543edd4-0e35-4cb3-818b-61de28e5ba93 - - - - - -] OVN reports status up for port: c55d197e-c713-4380-ba15-d97d0707c0ec
2026-03-06 01:43:42.213 10 INFO neutron.wsgi [None req-9b9ce80d-d009-423b-9c5c-c837e5ec23eb c137bf5204334c9e898446b24dc8b96b 02801b8e0801495e95fee9a2759ed92e - - default default] 10.0.0.130 "GET /v2.0/network-ip-availabilities HTTP/1.1" status: 200 len: 3397 time: 0.0240533
2026-03-06 01:43:42.224 9 INFO neutron.wsgi [None req-1c340297-f7d1-4a2e-87e1-1ca3bd9440b4 20314330be934f348646f029adab2fe1 65bf2208406e43b194df92f6c464b0c0 - - default default] 10.0.0.8 "DELETE /v2.0/vpn/endpoint-groups/b7a10249-0e31-4766-9db5-ac09f23236ab HTTP/1.1" status: 204 len: 168 time: 0.0308518
2026-03-06 01:43:42.236 10 INFO neutron.plugins.ml2.plugin [None req-6543edd4-0e35-4cb3-818b-61de28e5ba93 - - - - - -] Attempt 1 to provision port c55d197e-c713-4380-ba15-d97d0707c0ec
2026-03-06 01:43:42.240 9 INFO neutron.wsgi [None req-450b04c7-26b3-476b-af52-2090d9ab7321 20314330be934f348646f029adab2fe1 65bf2208406e43b194df92f6c464b0c0 - - default default] 10.0.0.8 "GET /v2.0/vpn/endpoint-groups HTTP/1.1" status: 200 len: 828 time: 0.0104897
2026-03-06 01:43:42.253 10 INFO neutron.wsgi [None req-371c58c4-b33a-4f9f-9c54-b31d852524f5 c137bf5204334c9e898446b24dc8b96b 02801b8e0801495e95fee9a2759ed92e - - default default] 10.0.0.130 "GET /v2.0/agents HTTP/1.1" status: 200 len: 1390 time: 0.0371623
2026-03-06 01:43:42.257 9 WARNING neutron_lib.context [None req-4b14bf52-9b8d-43d9-a4d1-59d16b11b978 20314330be934f348646f029adab2fe1 65bf2208406e43b194df92f6c464b0c0 - - default default] Method 'is_advsvc' is deprecated since 2023.2 release (neutron-lib 3.8.0) and will be removed once support for the old RBAC API policies will be removed from Neutron. Please use method 'is_service_role' instead.
2026-03-06 01:43:42.318 10 INFO neutron.db.ovn_revision_numbers_db [None req-a906cdd5-1ffb-4889-a29e-f1f53a0164a1 d7ccc28193b842a0b32f088c8e95c6d6 42dd9e57e3c749e4a7ad5767e1e25cb8 - - default default] Successfully bumped revision number for resource c55d197e-c713-4380-ba15-d97d0707c0ec (type: router_ports) to 1
2026-03-06 01:43:42.325 9 INFO neutron.wsgi [None req-4b14bf52-9b8d-43d9-a4d1-59d16b11b978 20314330be934f348646f029adab2fe1 65bf2208406e43b194df92f6c464b0c0 - - default default] 10.0.0.8 "POST /v2.0/vpn/endpoint-groups HTTP/1.1" status: 201 len: 500 time: 0.0756924
2026-03-06 01:43:42.336 9 WARNING neutron_lib.context [None req-c22c5fd5-8b4f-4025-b777-4a6aa645c413 20314330be934f348646f029adab2fe1 65bf2208406e43b194df92f6c464b0c0 - - default default] Method 'is_advsvc' is deprecated since 2023.2 release (neutron-lib 3.8.0) and will be removed once support for the old RBAC API policies will be removed from Neutron. Please use method 'is_service_role' instead.
2026-03-06 01:43:42.373 10 INFO neutron.wsgi [req-13b48f2f-d88a-4bc1-807c-6be6d8d96688 req-793eeccf-454c-4546-ac25-bddbe9004436 630568c38a794d699e5975a337651b08 b13f5cbdb10e4c7c86a987da19229b2d - - default default] 199.204.45.144 "DELETE /v2.0/ports/6e6fd5b5-842a-4cc9-9527-127145c08818 HTTP/1.1" status: 204 len: 173 time: 2.0962186
2026-03-06 01:43:42.427 10 INFO neutron.db.ovn_revision_numbers_db [None req-a906cdd5-1ffb-4889-a29e-f1f53a0164a1 d7ccc28193b842a0b32f088c8e95c6d6 42dd9e57e3c749e4a7ad5767e1e25cb8 - - default default] Successfully bumped revision number for resource 273d4f27-c3bd-4c20-ad58-380e56d8126e (type: routers) to 2
2026-03-06 01:43:42.438 10 INFO neutron.notifiers.nova [-] Nova event matching ['req-ada24f75-9cf4-4d5f-a872-3282ae9795ee'] response: {'server_uuid': '7af106a1-7312-4c20-a5b5-f6c96c0a0f12', 'name': 'network-vif-deleted', 'tag': '6e6fd5b5-842a-4cc9-9527-127145c08818', 'status': 'completed', 'code': 200}
2026-03-06 01:43:42.446 10 INFO neutron.wsgi [None req-a906cdd5-1ffb-4889-a29e-f1f53a0164a1 d7ccc28193b842a0b32f088c8e95c6d6 42dd9e57e3c749e4a7ad5767e1e25cb8 - - default default] 10.0.0.8 "POST /v2.0/routers HTTP/1.1" status: 201 len: 1150 time: 4.1021035
2026-03-06 01:43:42.528 10 INFO neutron.wsgi [None req-1d3b4a31-1bcf-49f5-aceb-7bfdbac50919 d7ccc28193b842a0b32f088c8e95c6d6 42dd9e57e3c749e4a7ad5767e1e25cb8 - - default default] 10.0.0.8 "GET /v2.0/routers/273d4f27-c3bd-4c20-ad58-380e56d8126e HTTP/1.1" status: 200 len: 1151 time: 0.0756288
2026-03-06 01:43:42.662 9 INFO neutron.api.v2.resource [None req-c22c5fd5-8b4f-4025-b777-4a6aa645c413 20314330be934f348646f029adab2fe1 65bf2208406e43b194df92f6c464b0c0 - - default default] create failed (client error): The server could not comply with the request since it is either malformed or otherwise incorrect.
2026-03-06 01:43:42.663 9 INFO neutron.wsgi [None req-c22c5fd5-8b4f-4025-b777-4a6aa645c413 20314330be934f348646f029adab2fe1 65bf2208406e43b194df92f6c464b0c0 - - default default] 10.0.0.8 "POST /v2.0/vpn/ipsec-site-connections HTTP/1.1" status: 400 len: 351 time: 0.3328159
2026-03-06 01:43:42.665 10 INFO neutron.wsgi [None req-537cdaa9-fa53-4667-a55c-37566b7c5a78 d7ccc28193b842a0b32f088c8e95c6d6 42dd9e57e3c749e4a7ad5767e1e25cb8 - - default default] 10.0.0.8 "GET /v2.0/routers HTTP/1.1" status: 200 len: 1154 time: 0.1273565
2026-03-06 01:43:42.681 10 INFO neutron.wsgi [None req-d90c84ae-2aa5-44aa-869d-05a1eaccaf09 20314330be934f348646f029adab2fe1 65bf2208406e43b194df92f6c464b0c0 - - default default] 10.0.0.8 "GET /v2.0/vpn/endpoint-groups HTTP/1.1" status: 200 len: 1111 time: 0.0114470
2026-03-06 01:43:42.728 10 INFO neutron.wsgi [None req-bc167c88-4f57-47ca-a7f8-0e398670f955 20314330be934f348646f029adab2fe1 65bf2208406e43b194df92f6c464b0c0 - - default default] 10.0.0.8 "DELETE /v2.0/vpn/endpoint-groups/dc514ae7-b325-47fb-89b6-b66917e8df0f HTTP/1.1" status: 204 len: 168 time: 0.0420313
2026-03-06 01:43:42.742 10 INFO neutron.wsgi [None req-e4a7af43-71c3-4b70-b977-2d9a764641ca 20314330be934f348646f029adab2fe1 65bf2208406e43b194df92f6c464b0c0 - - default default] 10.0.0.8 "GET /v2.0/vpn/endpoint-groups HTTP/1.1" status: 200 len: 828 time: 0.0106406
2026-03-06 01:43:42.752 10 WARNING neutron.api.v2.base [None req-3ca8c15d-18e1-4fb9-b0bc-cd4af175fed3 20314330be934f348646f029adab2fe1 65bf2208406e43b194df92f6c464b0c0 - - default default] An exception happened while processing the request body. The exception message is [Invalid input for peer_cidrs. Reason: '1.0.0.0/33' is not a valid IP subnet.].: webob.exc.HTTPBadRequest: Invalid input for peer_cidrs. Reason: '1.0.0.0/33' is not a valid IP subnet.
2026-03-06 01:43:42.753 10 INFO neutron.api.v2.resource [None req-3ca8c15d-18e1-4fb9-b0bc-cd4af175fed3 20314330be934f348646f029adab2fe1 65bf2208406e43b194df92f6c464b0c0 - - default default] create failed (client error): Invalid input for peer_cidrs. Reason: '1.0.0.0/33' is not a valid IP subnet.
2026-03-06 01:43:42.754 10 INFO neutron.wsgi [None req-3ca8c15d-18e1-4fb9-b0bc-cd4af175fed3 20314330be934f348646f029adab2fe1 65bf2208406e43b194df92f6c464b0c0 - - default default] 10.0.0.8 "POST /v2.0/vpn/ipsec-site-connections HTTP/1.1" status: 400 len: 352 time: 0.0058589
2026-03-06 01:43:42.762 10 WARNING neutron_lib.context [None req-3fb000c9-0885-4352-af9b-0a02e2973a7f 20314330be934f348646f029adab2fe1 65bf2208406e43b194df92f6c464b0c0 - - default default] Method 'is_advsvc' is deprecated since 2023.2 release (neutron-lib 3.8.0) and will be removed once support for the old RBAC API policies will be removed from Neutron. Please use method 'is_service_role' instead.
2026-03-06 01:43:42.850 10 INFO neutron.db.segments_db [None req-3fb000c9-0885-4352-af9b-0a02e2973a7f 20314330be934f348646f029adab2fe1 65bf2208406e43b194df92f6c464b0c0 - - default default] Added segment bccdba00-cc78-4d93-859b-4620cc3b93e2 of type geneve for network 1e02b3f1-1950-41be-85da-0cb7900c1d66
2026-03-06 01:43:43.005 10 INFO neutron.db.ovn_revision_numbers_db [None req-3fb000c9-0885-4352-af9b-0a02e2973a7f 20314330be934f348646f029adab2fe1 65bf2208406e43b194df92f6c464b0c0 - - default default] Successfully bumped revision number for resource 1e02b3f1-1950-41be-85da-0cb7900c1d66 (type: networks) to 1
2026-03-06 01:43:43.161 9 INFO neutron.db.ovn_revision_numbers_db [None req-688487b1-9835-4138-9db0-06c218558231 d7ccc28193b842a0b32f088c8e95c6d6 42dd9e57e3c749e4a7ad5767e1e25cb8 - - default default] Successfully bumped revision number for resource 273d4f27-c3bd-4c20-ad58-380e56d8126e (type: routers) to 3
2026-03-06 01:43:43.168 9 INFO neutron.wsgi [None req-688487b1-9835-4138-9db0-06c218558231 d7ccc28193b842a0b32f088c8e95c6d6 42dd9e57e3c749e4a7ad5767e1e25cb8 - - default default] 10.0.0.8 "PUT /v2.0/routers/273d4f27-c3bd-4c20-ad58-380e56d8126e HTTP/1.1" status: 200 len: 1158 time: 0.4984214
2026-03-06 01:43:43.227 9 INFO neutron.wsgi [None req-ccec3201-a33b-4ef9-82a3-be2488b6f2d7 630568c38a794d699e5975a337651b08 b13f5cbdb10e4c7c86a987da19229b2d - - default default] 10.0.0.8 "DELETE /v2.0/security-groups/89c0aaab-1825-45a3-b6ab-4e08c707e0d4 HTTP/1.1" status: 204 len: 168 time: 0.2115297
2026-03-06 01:43:43.249 9 INFO neutron.wsgi [None req-4733bae6-1647-4193-97e6-537f943ac440 d7ccc28193b842a0b32f088c8e95c6d6 42dd9e57e3c749e4a7ad5767e1e25cb8 - - default default] 10.0.0.8 "GET /v2.0/routers/273d4f27-c3bd-4c20-ad58-380e56d8126e HTTP/1.1" status: 200 len: 1158 time: 0.0744832
2026-03-06 01:43:43.274 9 INFO neutron.wsgi [None req-a682f532-f42f-454e-b7f3-57a15d8443cb d7ccc28193b842a0b32f088c8e95c6d6 42dd9e57e3c749e4a7ad5767e1e25cb8 - - default default] 10.0.0.8 "GET /v2.0/ports?device_id=273d4f27-c3bd-4c20-ad58-380e56d8126e HTTP/1.1" status: 200 len: 205 time: 0.0207050
2026-03-06 01:43:43.738 10 WARNING neutron.scheduler.dhcp_agent_scheduler [None req-3fb000c9-0885-4352-af9b-0a02e2973a7f 20314330be934f348646f029adab2fe1 65bf2208406e43b194df92f6c464b0c0 - - default default] No more DHCP agents
2026-03-06 01:43:43.742 10 WARNING neutron.api.rpc.agentnotifiers.dhcp_rpc_agent_api [None req-3fb000c9-0885-4352-af9b-0a02e2973a7f 20314330be934f348646f029adab2fe1 65bf2208406e43b194df92f6c464b0c0 - - default default] Unable to schedule network 1e02b3f1-1950-41be-85da-0cb7900c1d66: no agents available; will retry on subsequent port and subnet creation events.
2026-03-06 01:43:43.748 9 INFO neutron.wsgi [None req-dd3c29f4-993c-4afc-b24e-314eba768f94 630568c38a794d699e5975a337651b08 b13f5cbdb10e4c7c86a987da19229b2d - - default default] 10.0.0.8 "DELETE /v2.0/floatingips/7cebe763-b706-499e-b4ee-7414b551ce0c HTTP/1.1" status: 204 len: 168 time: 0.4882102
2026-03-06 01:43:43.829 10 INFO neutron.db.ovn_revision_numbers_db [None req-3fb000c9-0885-4352-af9b-0a02e2973a7f 20314330be934f348646f029adab2fe1 65bf2208406e43b194df92f6c464b0c0 - - default default] Successfully bumped revision number for resource 30c65e7d-a2ea-41b1-907d-3fb9fb1ec30c (type: ports) to 1
2026-03-06 01:43:43.855 10 INFO neutron.wsgi [None req-3fb000c9-0885-4352-af9b-0a02e2973a7f 20314330be934f348646f029adab2fe1 65bf2208406e43b194df92f6c464b0c0 - - default default] 10.0.0.8 "POST /v2.0/networks HTTP/1.1" status: 201 len: 830 time: 1.0971174
2026-03-06 01:43:43.867 10 WARNING neutron_lib.context [None req-ece42fc0-2ac7-43cb-bc1b-dec3aca2b003 20314330be934f348646f029adab2fe1 65bf2208406e43b194df92f6c464b0c0 - - default default] Method 'is_advsvc' is deprecated since 2023.2 release (neutron-lib 3.8.0) and will be removed once support for the old RBAC API policies will be removed from Neutron. Please use method 'is_service_role' instead.
2026-03-06 01:43:44.155 9 INFO neutron.wsgi [req-f92070a7-d0f4-4bb7-ba82-f74b96c85b5f req-9c532c5b-4119-4765-901b-f443d50ed09b 630568c38a794d699e5975a337651b08 b13f5cbdb10e4c7c86a987da19229b2d - - default default] 10.0.0.51 "GET /v2.0/ports?device_id=83ad237f-7de8-4d44-85a3-7dca092b5df7 HTTP/1.1" status: 200 len: 1174 time: 0.1975386
2026-03-06 01:43:44.190 10 WARNING neutron.scheduler.dhcp_agent_scheduler [None req-ece42fc0-2ac7-43cb-bc1b-dec3aca2b003 20314330be934f348646f029adab2fe1 65bf2208406e43b194df92f6c464b0c0 - - default default] No more DHCP agents
2026-03-06 01:43:44.192 10 WARNING neutron.api.rpc.agentnotifiers.dhcp_rpc_agent_api [None req-ece42fc0-2ac7-43cb-bc1b-dec3aca2b003 20314330be934f348646f029adab2fe1 65bf2208406e43b194df92f6c464b0c0 - - default default] Unable to schedule network 1e02b3f1-1950-41be-85da-0cb7900c1d66: no agents available; will retry on subsequent port and subnet creation events.
2026-03-06 01:43:44.279 9 INFO neutron.wsgi [req-f92070a7-d0f4-4bb7-ba82-f74b96c85b5f req-fe3171bc-166a-4421-b76e-7f1b18231a1f 630568c38a794d699e5975a337651b08 b13f5cbdb10e4c7c86a987da19229b2d - - default default] 10.0.0.51 "GET /v2.0/security-groups?id=ebc6a1c4-9561-4c2d-9230-89b797f6eeec&fields=id&fields=name HTTP/1.1" status: 200 len: 312 time: 0.1094072
2026-03-06 01:43:44.331 10 INFO neutron.wsgi [req-cf50f373-36f2-4d89-a2c3-2b2e32435147 req-74fe349a-0703-4468-8ebc-8d03a218bcaf 630568c38a794d699e5975a337651b08 b13f5cbdb10e4c7c86a987da19229b2d - - default default] 199.204.45.144 "GET /v2.0/ports?device_id=83ad237f-7de8-4d44-85a3-7dca092b5df7 HTTP/1.1" status: 200 len: 1174 time: 0.0424585
2026-03-06 01:43:44.352 9 INFO neutron.wsgi [None req-86723176-2ec9-4805-9efe-b2148cd5624e d7ccc28193b842a0b32f088c8e95c6d6 42dd9e57e3c749e4a7ad5767e1e25cb8 - - default default] 10.0.0.8 "DELETE /v2.0/routers/273d4f27-c3bd-4c20-ad58-380e56d8126e HTTP/1.1" status: 204 len: 168 time: 1.0644581
2026-03-06 01:43:44.387 9 INFO neutron.wsgi [None req-1680c8fa-2a4e-46de-b6ca-4c92eda20fb7 d7ccc28193b842a0b32f088c8e95c6d6 42dd9e57e3c749e4a7ad5767e1e25cb8 - - default default] 10.0.0.8 "GET /v2.0/ports?device_id=273d4f27-c3bd-4c20-ad58-380e56d8126e HTTP/1.1" status: 200 len: 205 time: 0.0252430
2026-03-06 01:43:44.412 9 INFO neutron.api.v2.resource [None req-be339905-46e7-4d63-a678-f5ec16ce55fa d7ccc28193b842a0b32f088c8e95c6d6 42dd9e57e3c749e4a7ad5767e1e25cb8 - - default default] delete failed (client error): The resource could not be found.
2026-03-06 01:43:44.414 9 INFO neutron.wsgi [None req-be339905-46e7-4d63-a678-f5ec16ce55fa d7ccc28193b842a0b32f088c8e95c6d6 42dd9e57e3c749e4a7ad5767e1e25cb8 - - default default] 10.0.0.8 "DELETE /v2.0/routers/273d4f27-c3bd-4c20-ad58-380e56d8126e HTTP/1.1" status: 404 len: 336 time: 0.0230372
2026-03-06 01:43:44.444 9 INFO neutron.wsgi [None req-1703395e-f72f-4f45-98ed-4b7cac19b937 d7ccc28193b842a0b32f088c8e95c6d6 42dd9e57e3c749e4a7ad5767e1e25cb8 - - default default] 10.0.0.8 "GET /v2.0/ports?device_id=c5f7aa28-4cd7-42ae-abb9-1d431d20f272 HTTP/1.1" status: 200 len: 205 time: 0.0266516
2026-03-06 01:43:44.469 9 INFO neutron.api.v2.resource [None req-b1d9e50a-78c5-415c-a21a-8c70da8ed339 d7ccc28193b842a0b32f088c8e95c6d6 42dd9e57e3c749e4a7ad5767e1e25cb8 - - default default] delete failed (client error): The resource could not be found.
2026-03-06 01:43:44.470 9 INFO neutron.wsgi [None req-b1d9e50a-78c5-415c-a21a-8c70da8ed339 d7ccc28193b842a0b32f088c8e95c6d6 42dd9e57e3c749e4a7ad5767e1e25cb8 - - default default] 10.0.0.8 "DELETE /v2.0/routers/c5f7aa28-4cd7-42ae-abb9-1d431d20f272 HTTP/1.1" status: 404 len: 336 time: 0.0219603
2026-03-06 01:43:44.488 9 INFO neutron.pecan_wsgi.hooks.translation [None req-63108f34-e0b3-42ad-b2a2-c173474bfd68 d7ccc28193b842a0b32f088c8e95c6d6 42dd9e57e3c749e4a7ad5767e1e25cb8 - - default default] DELETE failed (client error): The resource could not be found.
2026-03-06 01:43:44.490 9 INFO neutron.wsgi [None req-63108f34-e0b3-42ad-b2a2-c173474bfd68 d7ccc28193b842a0b32f088c8e95c6d6 42dd9e57e3c749e4a7ad5767e1e25cb8 - - default default] 10.0.0.8 "DELETE /v2.0/subnets/2d3f755b-ba45-4147-993d-7f89760daa26 HTTP/1.1" status: 404 len: 337 time: 0.0154979
2026-03-06 01:43:44.513 9 INFO neutron.wsgi [None req-b469fe4e-88cb-4558-a8b7-2b4bd04407ec d7ccc28193b842a0b32f088c8e95c6d6 42dd9e57e3c749e4a7ad5767e1e25cb8 - - default default] 10.0.0.8 "GET /v2.0/ports?device_id=0f314c24-11cb-4c7d-9a6c-56c9f88dfdb8 HTTP/1.1" status: 200 len: 205 time: 0.0186951
2026-03-06 01:43:44.539 9 INFO neutron.api.v2.resource [None req-d4d475a8-967b-494e-93a3-991b0ced433c d7ccc28193b842a0b32f088c8e95c6d6 42dd9e57e3c749e4a7ad5767e1e25cb8 - - default default] delete failed (client error): The resource could not be found.
2026-03-06 01:43:44.540 9 INFO neutron.wsgi [None req-d4d475a8-967b-494e-93a3-991b0ced433c d7ccc28193b842a0b32f088c8e95c6d6 42dd9e57e3c749e4a7ad5767e1e25cb8 - - default default] 10.0.0.8 "DELETE /v2.0/routers/0f314c24-11cb-4c7d-9a6c-56c9f88dfdb8 HTTP/1.1" status: 404 len: 336 time: 0.0232167
2026-03-06 01:43:44.561 9 INFO neutron.pecan_wsgi.hooks.translation [None req-0656ff95-6b92-46a0-aa7b-8cd77a5ff35a d7ccc28193b842a0b32f088c8e95c6d6 42dd9e57e3c749e4a7ad5767e1e25cb8 - - default default] DELETE failed (client error): The resource could not be found.
2026-03-06 01:43:44.563 9 INFO neutron.wsgi [None req-0656ff95-6b92-46a0-aa7b-8cd77a5ff35a d7ccc28193b842a0b32f088c8e95c6d6 42dd9e57e3c749e4a7ad5767e1e25cb8 - - default default] 10.0.0.8 "DELETE /v2.0/subnets/1845807a-d056-4d88-bcff-9422fcd425ee HTTP/1.1" status: 404 len: 337 time: 0.0177691
2026-03-06 01:43:44.585 9 INFO neutron.wsgi [None req-ef8013d8-851b-41be-bdd1-ef8686e386ac d7ccc28193b842a0b32f088c8e95c6d6 42dd9e57e3c749e4a7ad5767e1e25cb8 - - default default] 10.0.0.8 "GET /v2.0/ports?device_id=c9dded03-1594-4f62-85c7-8a09d88c5b63 HTTP/1.1" status: 200 len: 205 time: 0.0171194
2026-03-06 01:43:44.612 9 INFO neutron.api.v2.resource [None req-bdd18858-531b-4963-a575-8d2270947c99 d7ccc28193b842a0b32f088c8e95c6d6 42dd9e57e3c749e4a7ad5767e1e25cb8 - - default default] delete failed (client error): The resource could not be found.
2026-03-06 01:43:44.613 9 INFO neutron.wsgi [None req-bdd18858-531b-4963-a575-8d2270947c99 d7ccc28193b842a0b32f088c8e95c6d6 42dd9e57e3c749e4a7ad5767e1e25cb8 - - default default] 10.0.0.8 "DELETE /v2.0/routers/c9dded03-1594-4f62-85c7-8a09d88c5b63 HTTP/1.1" status: 404 len: 336 time: 0.0232279
2026-03-06 01:43:44.638 9 INFO neutron.pecan_wsgi.hooks.translation [None req-4abe37ed-df39-411c-935d-48e361159e35 d7ccc28193b842a0b32f088c8e95c6d6 42dd9e57e3c749e4a7ad5767e1e25cb8 - - default default] DELETE failed (client error): The resource could not be found.
2026-03-06 01:43:44.640 9 INFO neutron.wsgi [None req-4abe37ed-df39-411c-935d-48e361159e35 d7ccc28193b842a0b32f088c8e95c6d6 42dd9e57e3c749e4a7ad5767e1e25cb8 - - default default] 10.0.0.8 "DELETE /v2.0/subnets/833d6d96-706f-4cb0-96a4-1595ac70cfff HTTP/1.1" status: 404 len: 337 time: 0.0225415
2026-03-06 01:43:44.671 9 INFO neutron.pecan_wsgi.hooks.translation [None req-0e3fb046-f1be-43a4-b1ee-03f4ddc57de5 d7ccc28193b842a0b32f088c8e95c6d6 42dd9e57e3c749e4a7ad5767e1e25cb8 - - default default] DELETE failed (client error): The resource could not be found.
2026-03-06 01:43:44.673 9 INFO neutron.wsgi [None req-0e3fb046-f1be-43a4-b1ee-03f4ddc57de5 d7ccc28193b842a0b32f088c8e95c6d6 42dd9e57e3c749e4a7ad5767e1e25cb8 - - default default] 10.0.0.8 "DELETE /v2.0/subnets/0d17672a-f2ca-48ae-b63f-2dea9abb4c99 HTTP/1.1" status: 404 len: 337 time: 0.0206637
2026-03-06 01:43:44.717 10 INFO neutron.wsgi [req-cf50f373-36f2-4d89-a2c3-2b2e32435147 req-5cfc8705-d975-479a-89e9-2383ce1df010 630568c38a794d699e5975a337651b08 b13f5cbdb10e4c7c86a987da19229b2d - - default default] 199.204.45.144 "DELETE /v2.0/ports/e0648693-62f2-4006-a5e9-bf4c962d8f78 HTTP/1.1" status: 204 len: 173 time: 0.3813794
2026-03-06 01:43:44.760 10 INFO neutron.notifiers.nova [-] Nova event matching ['req-3392e378-3331-45e5-8b99-2d326263caa8'] response: {'server_uuid': '83ad237f-7de8-4d44-85a3-7dca092b5df7', 'name': 'network-vif-deleted', 'tag': 'e0648693-62f2-4006-a5e9-bf4c962d8f78', 'status': 'completed', 'code': 200}
2026-03-06 01:43:44.840 10 INFO neutron.db.ovn_revision_numbers_db [None req-ece42fc0-2ac7-43cb-bc1b-dec3aca2b003 20314330be934f348646f029adab2fe1 65bf2208406e43b194df92f6c464b0c0 - - default default] Successfully bumped revision number for resource 30c65e7d-a2ea-41b1-907d-3fb9fb1ec30c (type: ports) to 2
2026-03-06 01:43:44.903 10 INFO neutron.db.ovn_revision_numbers_db [None req-ece42fc0-2ac7-43cb-bc1b-dec3aca2b003 20314330be934f348646f029adab2fe1 65bf2208406e43b194df92f6c464b0c0 - - default default] Successfully bumped revision number for resource 3ad9ac5d-90bb-4037-8c7c-acd68e0c79fa (type: subnets) to 0
2026-03-06 01:43:44.933 10 INFO neutron.wsgi [None req-ece42fc0-2ac7-43cb-bc1b-dec3aca2b003 20314330be934f348646f029adab2fe1 65bf2208406e43b194df92f6c464b0c0 - - default default] 10.0.0.8 "POST /v2.0/subnets HTTP/1.1" status: 201 len: 804 time: 1.0722315
2026-03-06 01:43:44.949 10 WARNING neutron_lib.context [None req-8b477e2f-e49b-44a8-8789-c0ccd399fd89 20314330be934f348646f029adab2fe1 65bf2208406e43b194df92f6c464b0c0 - - default default] Method 'is_advsvc' is deprecated since 2023.2 release (neutron-lib 3.8.0) and will be removed once support for the old RBAC API policies will be removed from Neutron. Please use method 'is_service_role' instead.
2026-03-06 01:43:45.328 10 INFO neutron.wsgi [None req-2f84be6a-d863-4ac5-a665-366ef82c3d84 c137bf5204334c9e898446b24dc8b96b 02801b8e0801495e95fee9a2759ed92e - - default default] 10.0.0.8 "GET /v2.0/security-groups?tenant_id=42dd9e57e3c749e4a7ad5767e1e25cb8&name=default HTTP/1.1" status: 200 len: 3120 time: 0.1704607
2026-03-06 01:43:45.486 10 WARNING neutron.scheduler.dhcp_agent_scheduler [None req-8b477e2f-e49b-44a8-8789-c0ccd399fd89 20314330be934f348646f029adab2fe1 65bf2208406e43b194df92f6c464b0c0 - - default default] No more DHCP agents
2026-03-06 01:43:45.489 10 WARNING neutron.api.rpc.agentnotifiers.dhcp_rpc_agent_api [None req-8b477e2f-e49b-44a8-8789-c0ccd399fd89 20314330be934f348646f029adab2fe1 65bf2208406e43b194df92f6c464b0c0 - - default default] Unable to schedule network 98cbf412-7a44-4abe-969e-76b16677fadc: no agents available; will retry on subsequent port and subnet creation events.
2026-03-06 01:43:45.539 9 INFO neutron.wsgi [None req-d5a3ce3f-d563-4e71-8133-7c0ce879cfa0 630568c38a794d699e5975a337651b08 b13f5cbdb10e4c7c86a987da19229b2d - - default default] 10.0.0.8 "DELETE /v2.0/security-groups/ebc6a1c4-9561-4c2d-9230-89b797f6eeec HTTP/1.1" status: 204 len: 168 time: 0.2038383
2026-03-06 01:43:45.995 10 INFO neutron.wsgi [None req-f48e1a67-999b-4c86-a7c7-fc799afb7221 c137bf5204334c9e898446b24dc8b96b 02801b8e0801495e95fee9a2759ed92e - - default default] 10.0.0.8 "DELETE /v2.0/security-groups/5ef99e9a-054f-46aa-a046-5af1ca2357f4 HTTP/1.1" status: 204 len: 168 time: 0.6622431
2026-03-06 01:43:45.999 10 INFO neutron.db.ovn_revision_numbers_db [None req-8b477e2f-e49b-44a8-8789-c0ccd399fd89 20314330be934f348646f029adab2fe1 65bf2208406e43b194df92f6c464b0c0 - - default default] Successfully bumped revision number for resource 5aff2a55-58ac-413d-9893-43fc219d64fd (type: ports) to 1
2026-03-06 01:43:46.924 10 INFO neutron.plugins.ml2.drivers.ovn.mech_driver.ovsdb.commands [None req-5ba1ce5d-c531-457f-ad2b-bbdb974ca1f9 - - - - - -] Schedule LRP lrp-5aff2a55-58ac-413d-9893-43fc219d64fd on gateway f4c9a443-8575-4a99-906a-8390a196aed9 with priority 1
2026-03-06 01:43:46.938 9 INFO neutron.plugins.ml2.drivers.ovn.mech_driver.mech_driver [None req-8ec59884-6caf-4767-9c5b-6e411e1bab11 - - - - - -] OVN reports status up for port: 5aff2a55-58ac-413d-9893-43fc219d64fd
2026-03-06 01:43:46.950 9 INFO neutron.plugins.ml2.plugin [None req-8ec59884-6caf-4767-9c5b-6e411e1bab11 - - - - - -] Attempt 1 to provision port 5aff2a55-58ac-413d-9893-43fc219d64fd
2026-03-06 01:43:47.001 10 INFO neutron.db.ovn_revision_numbers_db [None req-8b477e2f-e49b-44a8-8789-c0ccd399fd89 20314330be934f348646f029adab2fe1 65bf2208406e43b194df92f6c464b0c0 - - default default] Successfully bumped revision number for resource 5aff2a55-58ac-413d-9893-43fc219d64fd (type: router_ports) to 1
2026-03-06 01:43:47.102 10 INFO neutron.db.ovn_revision_numbers_db [None req-8b477e2f-e49b-44a8-8789-c0ccd399fd89 20314330be934f348646f029adab2fe1 65bf2208406e43b194df92f6c464b0c0 - - default default] Successfully bumped revision number for resource 82d4e184-1d79-4973-9eda-01299763b5ef (type: routers) to 2
2026-03-06 01:43:47.126 10 INFO neutron.wsgi [None req-8b477e2f-e49b-44a8-8789-c0ccd399fd89 20314330be934f348646f029adab2fe1 65bf2208406e43b194df92f6c464b0c0 - - default default] 10.0.0.8 "POST /v2.0/routers HTTP/1.1" status: 201 len: 1136 time: 2.1844759
2026-03-06 01:43:47.284 9 INFO neutron.api.v2.resource [None req-e9c68557-733a-4d28-826c-4b31720fa3f6 2d77c06b506645988aed294bda2b467d fa3c165a2e944df4b04598a348dc3246 - - default default] create failed (client error): The server could not comply with the request since it is either malformed or otherwise incorrect.
2026-03-06 01:43:47.286 9 INFO neutron.wsgi [None req-e9c68557-733a-4d28-826c-4b31720fa3f6 2d77c06b506645988aed294bda2b467d fa3c165a2e944df4b04598a348dc3246 - - default default] 10.0.0.8 "POST /v2.0/vpn/vpnservices HTTP/1.1" status: 400 len: 397 time: 0.1525664
2026-03-06 01:43:47.294 10 INFO neutron.wsgi [None req-9ed57bb3-9076-480e-adf7-0f24996de8e6 630568c38a794d699e5975a337651b08 b13f5cbdb10e4c7c86a987da19229b2d - - default default] 10.0.0.8 "PUT /v2.0/routers/7bbae3a3-c503-47f0-9c16-85154737ad88/remove_router_interface HTTP/1.1" status: 200 len: 503 time: 1.7203848 /var/lib/openstack/lib/python3.10/site-packages/pycadf/identifier.py:71: UserWarning: Invalid uuid: neutron. To ensure interoperability, identifiers should be a valid uuid. warnings.warn(('Invalid uuid: %s. To ensure interoperability, '
2026-03-06 01:43:47.898 10 INFO neutron.wsgi [None req-a0835dca-c133-402d-a4f4-82a032e59d07 630568c38a794d699e5975a337651b08 b13f5cbdb10e4c7c86a987da19229b2d - - default default] 10.0.0.8 "DELETE /v2.0/subnets/6a8069bf-f241-465e-8712-e2c9c63e07e5 HTTP/1.1" status: 204 len: 168 time: 0.5993564
2026-03-06 01:43:47.907 10 WARNING neutron.plugins.ml2.drivers.ovn.mech_driver.ovsdb.ovn_client [None req-6543edd4-0e35-4cb3-818b-61de28e5ba93 - - - - - -] No port found with ID c55d197e-c713-4380-ba15-d97d0707c0ec: RuntimeError: No port found with ID c55d197e-c713-4380-ba15-d97d0707c0ec
2026-03-06 01:43:47.907 10 INFO neutron.plugins.ml2.drivers.ovn.mech_driver.mech_driver [None req-6543edd4-0e35-4cb3-818b-61de28e5ba93 - - - - - -] OVN reports status down for port: e0648693-62f2-4006-a5e9-bf4c962d8f78
2026-03-06 01:43:48.162 9 INFO neutron.services.segments.plugin [-] Segment bccdba00-cc78-4d93-859b-4620cc3b93e2 resource provider aggregate not found
2026-03-06 01:43:48.175 9 INFO neutron.services.segments.plugin [-] Segment bccdba00-cc78-4d93-859b-4620cc3b93e2 resource provider aggregate not found
2026-03-06 01:43:48.193 9 INFO neutron.services.segments.plugin [-] Segment bccdba00-cc78-4d93-859b-4620cc3b93e2 resource provider not found; error: Placement Client Error (4xx): {"errors": [{"status": 404, "title": "Not Found", "detail": "The resource could not be found.\n\n No resource provider with uuid bccdba00-cc78-4d93-859b-4620cc3b93e2 found for delete ", "request_id": "req-6a2a99e1-cf5b-4ddb-bf35-4fe645f0e85a"}]}
2026-03-06 01:43:48.197 9 INFO neutron.services.segments.plugin [-] Segment bccdba00-cc78-4d93-859b-4620cc3b93e2 resource provider not found; error: Placement Client Error (4xx): {"errors": [{"status": 404, "title": "Not Found", "detail": "The resource could not be found.\n\n No resource provider with uuid bccdba00-cc78-4d93-859b-4620cc3b93e2 found for delete ", "request_id": "req-d4dc9867-9646-429c-ad94-e368c7e57c65"}]}
2026-03-06 01:43:48.268 9 INFO neutron.wsgi [None req-8af5f29a-e576-4836-a402-531d15e88829 2d77c06b506645988aed294bda2b467d fa3c165a2e944df4b04598a348dc3246 - - default default] 10.0.0.8 "DELETE /v2.0/networks/1e02b3f1-1950-41be-85da-0cb7900c1d66 HTTP/1.1" status: 204 len: 168 time: 0.9778199
2026-03-06 01:43:49.011 9 INFO neutron.wsgi [None req-e6c67dcd-7cc0-4bbb-84e3-a597eba76434 630568c38a794d699e5975a337651b08 b13f5cbdb10e4c7c86a987da19229b2d - - default default] 10.0.0.8 "DELETE /v2.0/routers/7bbae3a3-c503-47f0-9c16-85154737ad88 HTTP/1.1" status: 204 len: 168 time: 1.1068397
2026-03-06 01:43:49.422 9 INFO neutron.wsgi [None req-f22497b7-5389-4138-80cc-58ba0d95951c 630568c38a794d699e5975a337651b08 b13f5cbdb10e4c7c86a987da19229b2d - - default default] 10.0.0.8 "DELETE /v2.0/networks/60494049-b1f3-44e9-8b87-b0beedc334f5 HTTP/1.1" status: 204 len: 168 time: 0.4069252
2026-03-06 01:43:49.450 10 INFO neutron.wsgi [None req-cf983124-d568-4cd3-8b61-8a417b57f361 2d77c06b506645988aed294bda2b467d fa3c165a2e944df4b04598a348dc3246 - - default default] 10.0.0.8 "DELETE /v2.0/routers/82d4e184-1d79-4973-9eda-01299763b5ef HTTP/1.1" status: 204 len: 168 time: 1.1741781
2026-03-06 01:43:49.483 10 WARNING neutron.api.v2.base [None req-eb0ff7c1-16dc-4353-ab6c-daab84c77c5a 20314330be934f348646f029adab2fe1 65bf2208406e43b194df92f6c464b0c0 - - default default] An exception happened while processing the request body. The exception message is [Invalid input for description. Reason: 'yyyyyyyyyyyyyyyyyyyyyyyyyyyyyyyyyyyyyyyyyyyyyyyyyyyyyyyyyyyyyyyyyyyyyyyyyyyyyyyyyyyyyyyyyyyyyyyyyyyyyyyyyyyyyyyyyyyyyyyyyyyyyyyyyyyyyyyyyyyyyyyyyyyyyyyyyyyyyyyyyyyyyyyyyyyyyyyyyyyyyyyyyyyyyyyyyyyyyyyyyyyyyyyyyyyyyyyyyyyyyyyyyyyyyyyyyyyyyyyyyyyyyyyyyyyyyyyy' exceeds maximum length of 255.].: webob.exc.HTTPBadRequest: Invalid input for description. Reason: 'yyyyyyyyyyyyyyyyyyyyyyyyyyyyyyyyyyyyyyyyyyyyyyyyyyyyyyyyyyyyyyyyyyyyyyyyyyyyyyyyyyyyyyyyyyyyyyyyyyyyyyyyyyyyyyyyyyyyyyyyyyyyyyyyyyyyyyyyyyyyyyyyyyyyyyyyyyyyyyyyyyyyyyyyyyyyyyyyyyyyyyyyyyyyyyyyyyyyyyyyyyyyyyyyyyyyyyyyyyyyyyyyyyyyyyyyyyyyyyyyyyyyyyyyyyyyyyyy' exceeds maximum length of 255.
