2026-03-06 01:40:21.829 9 INFO neutron.wsgi [None req-d7339f80-ab8c-4151-a768-0a585fad99cc 6629a76f98e543c1b22b9e2b7e75b54f 83fe6b2b15e24680b52de04b65c0b3f2 - - default default] 10.0.0.8 "PUT /v2.0/routers/6863ddd7-5daf-40c4-b25d-abc5221f09b7/remove_router_interface HTTP/1.1" status: 200 len: 503 time: 1.4590869 /var/lib/openstack/lib/python3.10/site-packages/pycadf/identifier.py:71: UserWarning: Invalid uuid: neutron. To ensure interoperability, identifiers should be a valid uuid. warnings.warn(('Invalid uuid: %s. To ensure interoperability, '
2026-03-06 01:40:21.858 10 ERROR ovsdbapp.backend.ovs_idl.command [None req-d5e46b9d-1471-43e7-8046-0aa33536bb9e c137bf5204334c9e898446b24dc8b96b 02801b8e0801495e95fee9a2759ed92e - - default default] Error executing command (DbGetCommand): ovsdbapp.backend.ovs_idl.idlutils.RowNotFound: Cannot find Logical_Router_Port with name=lrp-afff0102-0a56-409b-9cfc-3b22fe50cb54
2026-03-06 01:40:21.858 10 ERROR ovsdbapp.backend.ovs_idl.command
Traceback (most recent call last):
2026-03-06 01:40:21.858 10 ERROR ovsdbapp.backend.ovs_idl.command
File "/var/lib/openstack/lib/python3.10/site-packages/ovsdbapp/backend/ovs_idl/command.py", line 47, in execute
2026-03-06 01:40:21.858 10 ERROR ovsdbapp.backend.ovs_idl.command self.run_idl(None)
2026-03-06 01:40:21.858 10 ERROR ovsdbapp.backend.ovs_idl.command
File "/var/lib/openstack/lib/python3.10/site-packages/ovsdbapp/backend/ovs_idl/command.py", line 235, in run_idl
2026-03-06 01:40:21.858 10 ERROR ovsdbapp.backend.ovs_idl.command record = self.api.lookup(self.table, self.record)
2026-03-06 01:40:21.858 10 ERROR ovsdbapp.backend.ovs_idl.command
File "/var/lib/openstack/lib/python3.10/site-packages/ovsdbapp/backend/ovs_idl/__init__.py", line 184, in lookup
2026-03-06 01:40:21.858 10 ERROR ovsdbapp.backend.ovs_idl.command return self._lookup(table, record)
2026-03-06 01:40:21.858 10 ERROR ovsdbapp.backend.ovs_idl.command
File "/var/lib/openstack/lib/python3.10/site-packages/ovsdbapp/backend/ovs_idl/__init__.py", line 235, in _lookup
2026-03-06 01:40:21.858 10 ERROR ovsdbapp.backend.ovs_idl.command row = idlutils.row_by_value(self, rl.table, rl.column, record)
2026-03-06 01:40:21.858 10 ERROR ovsdbapp.backend.ovs_idl.command
File "/var/lib/openstack/lib/python3.10/site-packages/ovsdbapp/backend/ovs_idl/idlutils.py", line 114, in row_by_value
2026-03-06 01:40:21.858 10 ERROR ovsdbapp.backend.ovs_idl.command raise RowNotFound(table=table, col=column, match=match)
2026-03-06 01:40:21.858 10 ERROR ovsdbapp.backend.ovs_idl.command ovsdbapp.backend.ovs_idl.idlutils.RowNotFound: Cannot find Logical_Router_Port with name=lrp-afff0102-0a56-409b-9cfc-3b22fe50cb54
2026-03-06 01:40:21.858 10 ERROR ovsdbapp.backend.ovs_idl.command 
2026-03-06 01:40:21.859 10 ERROR neutron_lib.callbacks.manager [None req-d5e46b9d-1471-43e7-8046-0aa33536bb9e c137bf5204334c9e898446b24dc8b96b 02801b8e0801495e95fee9a2759ed92e - - default default] Error during notification for neutron.services.ovn_l3.plugin.OVNL3RouterPlugin._port_update-8762385418982 port, after_update: ovsdbapp.backend.ovs_idl.idlutils.RowNotFound: Cannot find Logical_Router_Port with name=lrp-afff0102-0a56-409b-9cfc-3b22fe50cb54
2026-03-06 01:40:21.859 10 ERROR neutron_lib.callbacks.manager
Traceback (most recent call last):
2026-03-06 01:40:21.859 10 ERROR neutron_lib.callbacks.manager
File "/var/lib/openstack/lib/python3.10/site-packages/neutron_lib/callbacks/manager.py", line 189, in _notify_loop
2026-03-06 01:40:21.859 10 ERROR neutron_lib.callbacks.manager callback.method(resource, event, trigger, payload=payload)
2026-03-06 01:40:21.859 10 ERROR neutron_lib.callbacks.manager
File "/var/lib/openstack/lib/python3.10/site-packages/neutron/services/ovn_l3/plugin.py", line 391, in _port_update
2026-03-06 01:40:21.859 10 ERROR neutron_lib.callbacks.manager l3plugin._ovn_client.update_router_port(context,
2026-03-06 01:40:21.859 10 ERROR neutron_lib.callbacks.manager
File "/var/lib/openstack/lib/python3.10/site-packages/neutron/plugins/ml2/drivers/ovn/mech_driver/ovsdb/ovn_client.py", line 1878, in update_router_port
2026-03-06 01:40:21.859 10 ERROR neutron_lib.callbacks.manager self._update_lrouter_port(context, port, if_exists=if_exists,
2026-03-06 01:40:21.859 10 ERROR neutron_lib.callbacks.manager
File "/var/lib/openstack/lib/python3.10/site-packages/neutron/plugins/ml2/drivers/ovn/mech_driver/ovsdb/ovn_client.py", line 1855, in _update_lrouter_port
2026-03-06 01:40:21.859 10 ERROR neutron_lib.callbacks.manager external_ids = self._nb_idl.db_get(
2026-03-06 01:40:21.859 10 ERROR neutron_lib.callbacks.manager
File "/var/lib/openstack/lib/python3.10/site-packages/ovsdbapp/backend/ovs_idl/command.py", line 47, in execute
2026-03-06 01:40:21.859 10 ERROR neutron_lib.callbacks.manager self.run_idl(None)
2026-03-06 01:40:21.859 10 ERROR neutron_lib.callbacks.manager
File "/var/lib/openstack/lib/python3.10/site-packages/ovsdbapp/backend/ovs_idl/command.py", line 235, in run_idl
2026-03-06 01:40:21.859 10 ERROR neutron_lib.callbacks.manager record = self.api.lookup(self.table, self.record)
2026-03-06 01:40:21.859 10 ERROR neutron_lib.callbacks.manager
File "/var/lib/openstack/lib/python3.10/site-packages/ovsdbapp/backend/ovs_idl/__init__.py", line 184, in lookup
2026-03-06 01:40:21.859 10 ERROR neutron_lib.callbacks.manager return self._lookup(table, record)
2026-03-06 01:40:21.859 10 ERROR neutron_lib.callbacks.manager
File "/var/lib/openstack/lib/python3.10/site-packages/ovsdbapp/backend/ovs_idl/__init__.py", line 235, in _lookup
2026-03-06 01:40:21.859 10 ERROR neutron_lib.callbacks.manager row = idlutils.row_by_value(self, rl.table, rl.column, record)
2026-03-06 01:40:21.859 10 ERROR neutron_lib.callbacks.manager
File "/var/lib/openstack/lib/python3.10/site-packages/ovsdbapp/backend/ovs_idl/idlutils.py", line 114, in row_by_value
2026-03-06 01:40:21.859 10 ERROR neutron_lib.callbacks.manager raise RowNotFound(table=table, col=column, match=match)
2026-03-06 01:40:21.859 10 ERROR neutron_lib.callbacks.manager ovsdbapp.backend.ovs_idl.idlutils.RowNotFound: Cannot find Logical_Router_Port with name=lrp-afff0102-0a56-409b-9cfc-3b22fe50cb54
2026-03-06 01:40:21.859 10 ERROR neutron_lib.callbacks.manager 
2026-03-06 01:40:21.880 10 INFO neutron.wsgi [req-3e1c8016-1379-46ea-a19a-41c11dbb1a4d req-c7929cd3-adb3-46f2-b17e-f8696886cf00 a7fc42a04c71436aa025d7cc65799037 bba4eebdda7d4ea1bce7ba38630fae01 - - 44efff896278498a92dd1ea78e03d0e4 44efff896278498a92dd1ea78e03d0e4] 199.204.45.144 "GET /v2.0/networks/2d08822c-00eb-461f-9580-4bce36c8ef5d?fields=provider%3Aphysical_network&fields=provider%3Anetwork_type HTTP/1.1" status: 200 len: 277 time: 0.0798087
2026-03-06 01:40:21.996 10 INFO neutron.wsgi [req-cd5f778f-8bc3-459a-8af5-1c592b0dc8e7 req-bb87d686-d8a2-4e57-9bc3-8b3659874c7c a7fc42a04c71436aa025d7cc65799037 bba4eebdda7d4ea1bce7ba38630fae01 - - 44efff896278498a92dd1ea78e03d0e4 44efff896278498a92dd1ea78e03d0e4] 199.204.45.144 "GET /v2.0/ports?tenant_id=db46f4ec057248df870fc6af3da66269&device_id=8e11665a-2fe4-46c8-9e24-85cd71e78cb3 HTTP/1.1" status: 200 len: 1590 time: 0.0525930
2026-03-06 01:40:22.098 10 INFO neutron.wsgi [req-cd5f778f-8bc3-459a-8af5-1c592b0dc8e7 req-e26a5089-2dc4-4acd-b6ce-6f2399e76330 a7fc42a04c71436aa025d7cc65799037 bba4eebdda7d4ea1bce7ba38630fae01 - - 44efff896278498a92dd1ea78e03d0e4 44efff896278498a92dd1ea78e03d0e4] 199.204.45.144 "GET /v2.0/networks?id=2d08822c-00eb-461f-9580-4bce36c8ef5d HTTP/1.1" status: 200 len: 982 time: 0.0938370
2026-03-06 01:40:22.133 10 INFO neutron.wsgi [req-cd5f778f-8bc3-459a-8af5-1c592b0dc8e7 req-8f2cf353-af68-479b-99c3-19fa8989adea a7fc42a04c71436aa025d7cc65799037 bba4eebdda7d4ea1bce7ba38630fae01 - - 44efff896278498a92dd1ea78e03d0e4 44efff896278498a92dd1ea78e03d0e4] 199.204.45.144 "GET /v2.0/floatingips?fixed_ip_address=10.100.0.10&port_id=43307779-06be-47bf-a45d-3aee500bb294 HTTP/1.1" status: 200 len: 217 time: 0.0281081
2026-03-06 01:40:22.190 10 INFO neutron.db.ovn_revision_numbers_db [None req-d5e46b9d-1471-43e7-8046-0aa33536bb9e c137bf5204334c9e898446b24dc8b96b 02801b8e0801495e95fee9a2759ed92e - - default default] Successfully bumped revision number for resource afff0102-0a56-409b-9cfc-3b22fe50cb54 (type: ports) to 1
2026-03-06 01:40:22.199 10 INFO neutron.wsgi [req-cd5f778f-8bc3-459a-8af5-1c592b0dc8e7 req-1a62b461-1719-43cb-8d44-62d3b1e3e48b a7fc42a04c71436aa025d7cc65799037 bba4eebdda7d4ea1bce7ba38630fae01 - - 44efff896278498a92dd1ea78e03d0e4 44efff896278498a92dd1ea78e03d0e4] 199.204.45.144 "GET /v2.0/floatingips?fixed_ip_address=10.100.0.7&port_id=43307779-06be-47bf-a45d-3aee500bb294 HTTP/1.1" status: 200 len: 1059 time: 0.0583408
2026-03-06 01:40:22.206 9 INFO neutron.plugins.ml2.drivers.ovn.mech_driver.mech_driver [None req-8ec59884-6caf-4767-9c5b-6e411e1bab11 - - - - - -] OVN reports status up for port: afff0102-0a56-409b-9cfc-3b22fe50cb54
2026-03-06 01:40:22.223 9 INFO neutron.plugins.ml2.plugin [None req-8ec59884-6caf-4767-9c5b-6e411e1bab11 - - - - - -] Attempt 1 to provision port afff0102-0a56-409b-9cfc-3b22fe50cb54
2026-03-06 01:40:22.261 9 INFO neutron.wsgi [req-48c2f8a4-2463-4cbf-ab5a-74e2bc56de8f req-247f6507-a369-4744-a33b-97a2c969a596 cc0bb8d6eab74f49a5688e42d493930f db46f4ec057248df870fc6af3da66269 - - default default] 10.0.0.51 "GET /v2.0/ports?device_id=8e11665a-2fe4-46c8-9e24-85cd71e78cb3 HTTP/1.1" status: 200 len: 1352 time: 0.0660169
2026-03-06 01:40:22.270 10 INFO neutron.wsgi [req-cd5f778f-8bc3-459a-8af5-1c592b0dc8e7 req-6fb46a2e-a800-4332-af85-8745fefda89a a7fc42a04c71436aa025d7cc65799037 bba4eebdda7d4ea1bce7ba38630fae01 - - 44efff896278498a92dd1ea78e03d0e4 44efff896278498a92dd1ea78e03d0e4] 199.204.45.144 "GET /v2.0/subnets?id=0035d7f8-cd5a-40b0-8e6e-28fc30c2eed2 HTTP/1.1" status: 200 len: 877 time: 0.0642345
2026-03-06 01:40:22.305 10 INFO neutron.wsgi [req-cd5f778f-8bc3-459a-8af5-1c592b0dc8e7 req-5310b295-9205-494c-9fd0-8a972a6286bb a7fc42a04c71436aa025d7cc65799037 bba4eebdda7d4ea1bce7ba38630fae01 - - 44efff896278498a92dd1ea78e03d0e4 44efff896278498a92dd1ea78e03d0e4] 199.204.45.144 "GET /v2.0/ports?network_id=2d08822c-00eb-461f-9580-4bce36c8ef5d&device_owner=network%3Adhcp HTTP/1.1" status: 200 len: 210 time: 0.0273283
2026-03-06 01:40:22.323 10 WARNING neutron.scheduler.dhcp_agent_scheduler [None req-d5e46b9d-1471-43e7-8046-0aa33536bb9e c137bf5204334c9e898446b24dc8b96b 02801b8e0801495e95fee9a2759ed92e - - default default] No more DHCP agents
2026-03-06 01:40:22.329 10 WARNING neutron.api.rpc.agentnotifiers.dhcp_rpc_agent_api [None req-d5e46b9d-1471-43e7-8046-0aa33536bb9e c137bf5204334c9e898446b24dc8b96b 02801b8e0801495e95fee9a2759ed92e - - default default] Unable to schedule network d8422d1f-ea6c-4499-95f5-c0b9fa0b4bd0: no agents available; will retry on subsequent port and subnet creation events.
2026-03-06 01:40:22.337 9 INFO neutron.wsgi [req-48c2f8a4-2463-4cbf-ab5a-74e2bc56de8f req-efc55ade-e0ce-45f8-9c2e-2b166333135e cc0bb8d6eab74f49a5688e42d493930f db46f4ec057248df870fc6af3da66269 - - default default] 10.0.0.51 "GET /v2.0/security-groups?id=565b109a-c9cd-49ce-a6b9-f9fe4f30efd4&fields=id&fields=name HTTP/1.1" status: 200 len: 313 time: 0.0675573
2026-03-06 01:40:22.470 10 INFO neutron.wsgi [req-cd5f778f-8bc3-459a-8af5-1c592b0dc8e7 req-99724892-86ec-48bd-a64e-23d581cc1bf5 a7fc42a04c71436aa025d7cc65799037 bba4eebdda7d4ea1bce7ba38630fae01 - - 44efff896278498a92dd1ea78e03d0e4 44efff896278498a92dd1ea78e03d0e4] 199.204.45.144 "GET /v2.0/networks/2d08822c-00eb-461f-9580-4bce36c8ef5d?fields=segments HTTP/1.1" status: 200 len: 212 time: 0.1565609
2026-03-06 01:40:22.479 10 INFO neutron.db.ovn_revision_numbers_db [None req-b6756734-f639-40c6-a4ff-5d5e94858677 c137bf5204334c9e898446b24dc8b96b 02801b8e0801495e95fee9a2759ed92e - - default default] Successfully bumped revision number for resource cff5e1e2-65ee-46cf-9353-840e49ec1258 (type: security_groups) to 1
2026-03-06 01:40:22.524 10 INFO neutron.db.ovn_revision_numbers_db [None req-b6756734-f639-40c6-a4ff-5d5e94858677 c137bf5204334c9e898446b24dc8b96b 02801b8e0801495e95fee9a2759ed92e - - default default] Successfully bumped revision number for resource 31bc36a6-a2f7-4315-89af-9446ba0507dd (type: security_group_rules) to 0
2026-03-06 01:40:22.559 10 INFO neutron.db.ovn_revision_numbers_db [None req-b6756734-f639-40c6-a4ff-5d5e94858677 c137bf5204334c9e898446b24dc8b96b 02801b8e0801495e95fee9a2759ed92e - - default default] Successfully bumped revision number for resource 4828fd7c-acb3-4777-8424-ea761be669ab (type: security_group_rules) to 0
2026-03-06 01:40:22.590 10 INFO neutron.wsgi [req-cd5f778f-8bc3-459a-8af5-1c592b0dc8e7 req-1cc9b868-63bf-41de-8f03-e05beaf19d67 a7fc42a04c71436aa025d7cc65799037 bba4eebdda7d4ea1bce7ba38630fae01 - - 44efff896278498a92dd1ea78e03d0e4 44efff896278498a92dd1ea78e03d0e4] 199.204.45.144 "GET /v2.0/networks/2d08822c-00eb-461f-9580-4bce36c8ef5d?fields=provider%3Aphysical_network&fields=provider%3Anetwork_type HTTP/1.1" status: 200 len: 277 time: 0.1038208
2026-03-06 01:40:22.591 10 INFO neutron.db.ovn_revision_numbers_db [None req-b6756734-f639-40c6-a4ff-5d5e94858677 c137bf5204334c9e898446b24dc8b96b 02801b8e0801495e95fee9a2759ed92e - - default default] Successfully bumped revision number for resource 48372ff9-bf83-4ee3-89cf-304239dce914 (type: security_group_rules) to 0
2026-03-06 01:40:22.623 10 INFO neutron.db.ovn_revision_numbers_db [None req-b6756734-f639-40c6-a4ff-5d5e94858677 c137bf5204334c9e898446b24dc8b96b 02801b8e0801495e95fee9a2759ed92e - - default default] Successfully bumped revision number for resource a09fdd1f-1842-4f95-9b51-7153afc3c208 (type: security_group_rules) to 0
2026-03-06 01:40:22.695 10 INFO neutron.wsgi [None req-b6756734-f639-40c6-a4ff-5d5e94858677 c137bf5204334c9e898446b24dc8b96b 02801b8e0801495e95fee9a2759ed92e - - default default] 10.0.0.8 "GET /v2.0/security-groups?tenant_id=f02b1a43c71947ddab828317b30a414e&name=default HTTP/1.1" status: 200 len: 3120 time: 0.6689882
2026-03-06 01:40:22.721 10 INFO neutron.wsgi [req-69645942-04dd-4d84-bfec-e0229d24d12b req-e5f459d6-26da-4d57-9371-496f63541c16 cc0bb8d6eab74f49a5688e42d493930f db46f4ec057248df870fc6af3da66269 - - default default] 199.204.45.144 "GET /v2.0/ports?device_id=8e11665a-2fe4-46c8-9e24-85cd71e78cb3&device_owner=compute%3Anova&fixed_ips=ip_address%3D10.100.0.10 HTTP/1.1" status: 200 len: 1352 time: 0.1029770
2026-03-06 01:40:22.840 9 INFO neutron.db.ovn_revision_numbers_db [None req-8ec59884-6caf-4767-9c5b-6e411e1bab11 - - - - - -] Successfully bumped revision number for resource afff0102-0a56-409b-9cfc-3b22fe50cb54 (type: ports) to 2
2026-03-06 01:40:23.074 9 ERROR ovsdbapp.backend.ovs_idl.command [None req-8ec59884-6caf-4767-9c5b-6e411e1bab11 - - - - - -] Error executing command (DbGetCommand): ovsdbapp.backend.ovs_idl.idlutils.RowNotFound: Cannot find Logical_Router_Port with name=lrp-afff0102-0a56-409b-9cfc-3b22fe50cb54
2026-03-06 01:40:23.074 9 ERROR ovsdbapp.backend.ovs_idl.command
Traceback (most recent call last):
2026-03-06 01:40:23.074 9 ERROR ovsdbapp.backend.ovs_idl.command
File "/var/lib/openstack/lib/python3.10/site-packages/ovsdbapp/backend/ovs_idl/command.py", line 47, in execute
2026-03-06 01:40:23.074 9 ERROR ovsdbapp.backend.ovs_idl.command self.run_idl(None)
2026-03-06 01:40:23.074 9 ERROR ovsdbapp.backend.ovs_idl.command
File "/var/lib/openstack/lib/python3.10/site-packages/ovsdbapp/backend/ovs_idl/command.py", line 235, in run_idl
2026-03-06 01:40:23.074 9 ERROR ovsdbapp.backend.ovs_idl.command record = self.api.lookup(self.table, self.record)
2026-03-06 01:40:23.074 9 ERROR ovsdbapp.backend.ovs_idl.command
File "/var/lib/openstack/lib/python3.10/site-packages/ovsdbapp/backend/ovs_idl/__init__.py", line 184, in lookup
2026-03-06 01:40:23.074 9 ERROR ovsdbapp.backend.ovs_idl.command return self._lookup(table, record)
2026-03-06 01:40:23.074 9 ERROR ovsdbapp.backend.ovs_idl.command
File "/var/lib/openstack/lib/python3.10/site-packages/ovsdbapp/backend/ovs_idl/__init__.py", line 235, in _lookup
2026-03-06 01:40:23.074 9 ERROR ovsdbapp.backend.ovs_idl.command row = idlutils.row_by_value(self, rl.table, rl.column, record)
2026-03-06 01:40:23.074 9 ERROR ovsdbapp.backend.ovs_idl.command
File "/var/lib/openstack/lib/python3.10/site-packages/ovsdbapp/backend/ovs_idl/idlutils.py", line 114, in row_by_value
2026-03-06 01:40:23.074 9 ERROR ovsdbapp.backend.ovs_idl.command raise RowNotFound(table=table, col=column, match=match)
2026-03-06 01:40:23.074 9 ERROR ovsdbapp.backend.ovs_idl.command ovsdbapp.backend.ovs_idl.idlutils.RowNotFound: Cannot find Logical_Router_Port with name=lrp-afff0102-0a56-409b-9cfc-3b22fe50cb54
2026-03-06 01:40:23.074 9 ERROR ovsdbapp.backend.ovs_idl.command 
2026-03-06 01:40:23.074 9 ERROR neutron_lib.callbacks.manager [None req-8ec59884-6caf-4767-9c5b-6e411e1bab11 - - - - - -] Error during notification for neutron.services.ovn_l3.plugin.OVNL3RouterPlugin._port_update-8762385418982 port, after_update: ovsdbapp.backend.ovs_idl.idlutils.RowNotFound: Cannot find Logical_Router_Port with name=lrp-afff0102-0a56-409b-9cfc-3b22fe50cb54
2026-03-06 01:40:23.074 9 ERROR neutron_lib.callbacks.manager
Traceback (most recent call last):
2026-03-06 01:40:23.074 9 ERROR neutron_lib.callbacks.manager
File "/var/lib/openstack/lib/python3.10/site-packages/neutron_lib/callbacks/manager.py", line 189, in _notify_loop
2026-03-06 01:40:23.074 9 ERROR neutron_lib.callbacks.manager callback.method(resource, event, trigger, payload=payload)
2026-03-06 01:40:23.074 9 ERROR neutron_lib.callbacks.manager
File "/var/lib/openstack/lib/python3.10/site-packages/neutron/services/ovn_l3/plugin.py", line 391, in _port_update
2026-03-06 01:40:23.074 9 ERROR neutron_lib.callbacks.manager l3plugin._ovn_client.update_router_port(context,
2026-03-06 01:40:23.074 9 ERROR neutron_lib.callbacks.manager
File "/var/lib/openstack/lib/python3.10/site-packages/neutron/plugins/ml2/drivers/ovn/mech_driver/ovsdb/ovn_client.py", line 1878, in update_router_port
2026-03-06 01:40:23.074 9 ERROR neutron_lib.callbacks.manager self._update_lrouter_port(context, port, if_exists=if_exists,
2026-03-06 01:40:23.074 9 ERROR neutron_lib.callbacks.manager
File "/var/lib/openstack/lib/python3.10/site-packages/neutron/plugins/ml2/drivers/ovn/mech_driver/ovsdb/ovn_client.py", line 1855, in _update_lrouter_port
2026-03-06 01:40:23.074 9 ERROR neutron_lib.callbacks.manager external_ids = self._nb_idl.db_get(
2026-03-06 01:40:23.074 9 ERROR neutron_lib.callbacks.manager
File "/var/lib/openstack/lib/python3.10/site-packages/ovsdbapp/backend/ovs_idl/command.py", line 47, in execute
2026-03-06 01:40:23.074 9 ERROR neutron_lib.callbacks.manager self.run_idl(None)
2026-03-06 01:40:23.074 9 ERROR neutron_lib.callbacks.manager
File "/var/lib/openstack/lib/python3.10/site-packages/ovsdbapp/backend/ovs_idl/command.py", line 235, in run_idl
2026-03-06 01:40:23.074 9 ERROR neutron_lib.callbacks.manager record = self.api.lookup(self.table, self.record)
2026-03-06 01:40:23.074 9 ERROR neutron_lib.callbacks.manager
File "/var/lib/openstack/lib/python3.10/site-packages/ovsdbapp/backend/ovs_idl/__init__.py", line 184, in lookup
2026-03-06 01:40:23.074 9 ERROR neutron_lib.callbacks.manager return self._lookup(table, record)
2026-03-06 01:40:23.074 9 ERROR neutron_lib.callbacks.manager
File "/var/lib/openstack/lib/python3.10/site-packages/ovsdbapp/backend/ovs_idl/__init__.py", line 235, in _lookup
2026-03-06 01:40:23.074 9 ERROR neutron_lib.callbacks.manager row = idlutils.row_by_value(self, rl.table, rl.column, record)
2026-03-06 01:40:23.074 9 ERROR neutron_lib.callbacks.manager
File "/var/lib/openstack/lib/python3.10/site-packages/ovsdbapp/backend/ovs_idl/idlutils.py", line 114, in row_by_value
2026-03-06 01:40:23.074 9 ERROR neutron_lib.callbacks.manager raise RowNotFound(table=table, col=column, match=match)
2026-03-06 01:40:23.074 9 ERROR neutron_lib.callbacks.manager ovsdbapp.backend.ovs_idl.idlutils.RowNotFound: Cannot find Logical_Router_Port with name=lrp-afff0102-0a56-409b-9cfc-3b22fe50cb54
2026-03-06 01:40:23.074 9 ERROR neutron_lib.callbacks.manager 
2026-03-06 01:40:23.127 9 INFO neutron.wsgi [None req-098f77b9-b39c-4013-bafe-8901d9c0bb6c 6629a76f98e543c1b22b9e2b7e75b54f 83fe6b2b15e24680b52de04b65c0b3f2 - - default default] 10.0.0.8 "DELETE /v2.0/routers/6863ddd7-5daf-40c4-b25d-abc5221f09b7 HTTP/1.1" status: 204 len: 168 time: 1.2912724
2026-03-06 01:40:23.174 9 INFO neutron.wsgi [None req-ae0ab367-4f60-42e2-953c-f7db944f6561 c137bf5204334c9e898446b24dc8b96b 02801b8e0801495e95fee9a2759ed92e - - default default] 10.0.0.8 "DELETE /v2.0/security-groups/cff5e1e2-65ee-46cf-9353-840e49ec1258 HTTP/1.1" status: 204 len: 168 time: 0.4738281
2026-03-06 01:40:23.228 10 INFO neutron.db.ovn_revision_numbers_db [None req-d5e46b9d-1471-43e7-8046-0aa33536bb9e c137bf5204334c9e898446b24dc8b96b 02801b8e0801495e95fee9a2759ed92e - - default default] Successfully bumped revision number for resource afff0102-0a56-409b-9cfc-3b22fe50cb54 (type: router_ports) to 1
2026-03-06 01:40:23.234 10 INFO neutron.wsgi [None req-d5e46b9d-1471-43e7-8046-0aa33536bb9e c137bf5204334c9e898446b24dc8b96b 02801b8e0801495e95fee9a2759ed92e - - default default] 10.0.0.8 "PUT /v2.0/routers/b62079b6-14a5-4d20-9460-98c20f065b54/add_router_interface HTTP/1.1" status: 200 len: 503 time: 3.8028920
2026-03-06 01:40:23.323 9 INFO neutron.wsgi [None req-3bc96ba1-e98b-446a-9694-a003248cc54c 6629a76f98e543c1b22b9e2b7e75b54f 83fe6b2b15e24680b52de04b65c0b3f2 - - default default] 10.0.0.8 "DELETE /v2.0/subnets/1fcb36e8-5dbb-4f9e-b5c3-91f47bb49a2f HTTP/1.1" status: 204 len: 168 time: 0.1865420 /var/lib/openstack/lib/python3.10/site-packages/pycadf/identifier.py:71: UserWarning: Invalid uuid: neutron. To ensure interoperability, identifiers should be a valid uuid. warnings.warn(('Invalid uuid: %s. To ensure interoperability, '
2026-03-06 01:40:23.397 10 INFO neutron.db.ovn_revision_numbers_db [req-69645942-04dd-4d84-bfec-e0229d24d12b req-aad54b12-0be7-4db3-9b17-e503ec233067 cc0bb8d6eab74f49a5688e42d493930f db46f4ec057248df870fc6af3da66269 - - default default] Successfully bumped revision number for resource 43307779-06be-47bf-a45d-3aee500bb294 (type: ports) to 6
2026-03-06 01:40:23.811 10 INFO neutron.wsgi [req-69645942-04dd-4d84-bfec-e0229d24d12b req-aad54b12-0be7-4db3-9b17-e503ec233067 cc0bb8d6eab74f49a5688e42d493930f db46f4ec057248df870fc6af3da66269 - - default default] 199.204.45.144 "PUT /v2.0/ports/43307779-06be-47bf-a45d-3aee500bb294 HTTP/1.1" status: 200 len: 1167 time: 1.0819149
2026-03-06 01:40:23.849 10 INFO neutron.notifiers.nova [-] Nova event matching ['req-5c744970-adf9-4834-a441-fcd66312f3bf'] response: {'name': 'network-changed', 'server_uuid': '8e11665a-2fe4-46c8-9e24-85cd71e78cb3', 'tag': '43307779-06be-47bf-a45d-3aee500bb294', 'status': 'completed', 'code': 200}
2026-03-06 01:40:23.873 10 INFO neutron.wsgi [req-69645942-04dd-4d84-bfec-e0229d24d12b req-91da0ce2-5c1f-4bcb-aa55-021fde17bc38 a7fc42a04c71436aa025d7cc65799037 bba4eebdda7d4ea1bce7ba38630fae01 - - 44efff896278498a92dd1ea78e03d0e4 44efff896278498a92dd1ea78e03d0e4] 199.204.45.144 "GET /v2.0/ports?tenant_id=db46f4ec057248df870fc6af3da66269&device_id=8e11665a-2fe4-46c8-9e24-85cd71e78cb3 HTTP/1.1" status: 200 len: 1409 time: 0.0371304
2026-03-06 01:40:23.876 9 WARNING neutron_lib.context [None req-416b3cf4-9771-4d3f-a501-a135aed7ae28 cfa1ced5d9ad4de4bc97b6e5ddc7b1df 4db20daeefa94fca955409421388b18b - - default default] Method 'is_advsvc' is deprecated since 2023.2 release (neutron-lib 3.8.0) and will be removed once support for the old RBAC API policies will be removed from Neutron. Please use method 'is_service_role' instead.
2026-03-06 01:40:24.006 10 INFO neutron.wsgi [req-69645942-04dd-4d84-bfec-e0229d24d12b req-f177a699-7554-4911-84b8-768cffe3ebf6 a7fc42a04c71436aa025d7cc65799037 bba4eebdda7d4ea1bce7ba38630fae01 - - 44efff896278498a92dd1ea78e03d0e4 44efff896278498a92dd1ea78e03d0e4] 199.204.45.144 "GET /v2.0/networks?id=2d08822c-00eb-461f-9580-4bce36c8ef5d HTTP/1.1" status: 200 len: 982 time: 0.1207809
2026-03-06 01:40:24.022 9 INFO neutron.db.ovn_revision_numbers_db [None req-416b3cf4-9771-4d3f-a501-a135aed7ae28 cfa1ced5d9ad4de4bc97b6e5ddc7b1df 4db20daeefa94fca955409421388b18b - - default default] Successfully bumped revision number for resource b736dbf3-b07b-4960-9a08-7cd4fb4a4bd5 (type: security_groups) to 1
2026-03-06 01:40:24.038 9 INFO neutron.db.ovn_revision_numbers_db [None req-416b3cf4-9771-4d3f-a501-a135aed7ae28 cfa1ced5d9ad4de4bc97b6e5ddc7b1df 4db20daeefa94fca955409421388b18b - - default default] Successfully bumped revision number for resource a4fe52da-e7db-4e20-ab93-a4c63fda5584 (type: security_group_rules) to 0
2026-03-06 01:40:24.057 9 INFO neutron.db.ovn_revision_numbers_db [None req-416b3cf4-9771-4d3f-a501-a135aed7ae28 cfa1ced5d9ad4de4bc97b6e5ddc7b1df 4db20daeefa94fca955409421388b18b - - default default] Successfully bumped revision number for resource f128072e-044f-43de-9b01-de710f298b26 (type: security_group_rules) to 0
2026-03-06 01:40:24.060 10 INFO neutron.wsgi [req-69645942-04dd-4d84-bfec-e0229d24d12b req-54bac8fe-04db-462e-bc27-b737287e6587 a7fc42a04c71436aa025d7cc65799037 bba4eebdda7d4ea1bce7ba38630fae01 - - 44efff896278498a92dd1ea78e03d0e4 44efff896278498a92dd1ea78e03d0e4] 199.204.45.144 "GET /v2.0/floatingips?fixed_ip_address=10.100.0.7&port_id=43307779-06be-47bf-a45d-3aee500bb294 HTTP/1.1" status: 200 len: 1059 time: 0.0476189
2026-03-06 01:40:24.079 9 INFO neutron.wsgi [None req-416b3cf4-9771-4d3f-a501-a135aed7ae28 cfa1ced5d9ad4de4bc97b6e5ddc7b1df 4db20daeefa94fca955409421388b18b - - default default] 10.0.0.8 "POST /v2.0/security-groups HTTP/1.1" status: 201 len: 1861 time: 0.2111654
2026-03-06 01:40:24.087 9 WARNING neutron_lib.context [None req-78144c92-6e94-4506-b8b0-18bebe1cbf16 cfa1ced5d9ad4de4bc97b6e5ddc7b1df 4db20daeefa94fca955409421388b18b - - default default] Method 'is_advsvc' is deprecated since 2023.2 release (neutron-lib 3.8.0) and will be removed once support for the old RBAC API policies will be removed from Neutron. Please use method 'is_service_role' instead.
2026-03-06 01:40:24.111 10 INFO neutron.wsgi [req-69645942-04dd-4d84-bfec-e0229d24d12b req-bfd58088-0dc5-4e7b-8530-9e26bda89491 a7fc42a04c71436aa025d7cc65799037 bba4eebdda7d4ea1bce7ba38630fae01 - - 44efff896278498a92dd1ea78e03d0e4 44efff896278498a92dd1ea78e03d0e4] 199.204.45.144 "GET /v2.0/subnets?id=0035d7f8-cd5a-40b0-8e6e-28fc30c2eed2 HTTP/1.1" status: 200 len: 877 time: 0.0418978
2026-03-06 01:40:24.144 10 INFO neutron.wsgi [req-69645942-04dd-4d84-bfec-e0229d24d12b req-36efb042-354c-4b5a-92c6-3bf066f63762 a7fc42a04c71436aa025d7cc65799037 bba4eebdda7d4ea1bce7ba38630fae01 - - 44efff896278498a92dd1ea78e03d0e4 44efff896278498a92dd1ea78e03d0e4] 199.204.45.144 "GET /v2.0/ports?network_id=2d08822c-00eb-461f-9580-4bce36c8ef5d&device_owner=network%3Adhcp HTTP/1.1" status: 200 len: 210 time: 0.0228605
2026-03-06 01:40:24.220 9 INFO neutron.db.ovn_revision_numbers_db [None req-78144c92-6e94-4506-b8b0-18bebe1cbf16 cfa1ced5d9ad4de4bc97b6e5ddc7b1df 4db20daeefa94fca955409421388b18b - - default default] Successfully bumped revision number for resource 069b137d-ebfb-4784-a14d-7b3548855f84 (type: security_group_rules) to 0
2026-03-06 01:40:24.242 9 INFO neutron.wsgi [None req-78144c92-6e94-4506-b8b0-18bebe1cbf16 cfa1ced5d9ad4de4bc97b6e5ddc7b1df 4db20daeefa94fca955409421388b18b - - default default] 10.0.0.8 "POST /v2.0/security-group-rules HTTP/1.1" status: 201 len: 796 time: 0.1591578
2026-03-06 01:40:24.252 10 INFO neutron.wsgi [req-69645942-04dd-4d84-bfec-e0229d24d12b req-4d82e3b5-c2f6-462e-b51a-b31dad9e4622 a7fc42a04c71436aa025d7cc65799037 bba4eebdda7d4ea1bce7ba38630fae01 - - 44efff896278498a92dd1ea78e03d0e4 44efff896278498a92dd1ea78e03d0e4] 199.204.45.144 "GET /v2.0/networks/2d08822c-00eb-461f-9580-4bce36c8ef5d?fields=segments HTTP/1.1" status: 200 len: 212 time: 0.0985763
2026-03-06 01:40:24.253 9 WARNING neutron_lib.context [None req-f5daccf0-dec0-46db-be23-bfb8e2ed855b cfa1ced5d9ad4de4bc97b6e5ddc7b1df 4db20daeefa94fca955409421388b18b - - default default] Method 'is_advsvc' is deprecated since 2023.2 release (neutron-lib 3.8.0) and will be removed once support for the old RBAC API policies will be removed from Neutron. Please use method 'is_service_role' instead.
2026-03-06 01:40:24.369 10 INFO neutron.wsgi [None req-6c6f6333-a860-42fb-8f4c-3ddd64b1d1c5 6629a76f98e543c1b22b9e2b7e75b54f 83fe6b2b15e24680b52de04b65c0b3f2 - - default default] 10.0.0.8 "DELETE /v2.0/networks/c857ad68-3d7d-479b-b55b-90dcd193f49e HTTP/1.1" status: 204 len: 168 time: 1.0378113
2026-03-06 01:40:24.387 10 INFO neutron.wsgi [req-69645942-04dd-4d84-bfec-e0229d24d12b req-b23c7cd9-bbad-4266-993e-7efab72e873d a7fc42a04c71436aa025d7cc65799037 bba4eebdda7d4ea1bce7ba38630fae01 - - 44efff896278498a92dd1ea78e03d0e4 44efff896278498a92dd1ea78e03d0e4] 199.204.45.144 "GET /v2.0/networks/2d08822c-00eb-461f-9580-4bce36c8ef5d?fields=provider%3Aphysical_network&fields=provider%3Anetwork_type HTTP/1.1" status: 200 len: 277 time: 0.1156957
2026-03-06 01:40:24.423 9 INFO neutron.db.ovn_revision_numbers_db [None req-f5daccf0-dec0-46db-be23-bfb8e2ed855b cfa1ced5d9ad4de4bc97b6e5ddc7b1df 4db20daeefa94fca955409421388b18b - - default default] Successfully bumped revision number for resource bd943937-28ba-4682-98f5-602cec6e3ddb (type: security_group_rules) to 0
2026-03-06 01:40:24.444 9 INFO neutron.wsgi [None req-f5daccf0-dec0-46db-be23-bfb8e2ed855b cfa1ced5d9ad4de4bc97b6e5ddc7b1df 4db20daeefa94fca955409421388b18b - - default default] 10.0.0.8 "POST /v2.0/security-group-rules HTTP/1.1" status: 201 len: 801 time: 0.1947677
2026-03-06 01:40:24.453 9 WARNING neutron_lib.context [None req-81815614-ec97-44b8-bb46-334fd609603b cfa1ced5d9ad4de4bc97b6e5ddc7b1df 4db20daeefa94fca955409421388b18b - - default default] Method 'is_advsvc' is deprecated since 2023.2 release (neutron-lib 3.8.0) and will be removed once support for the old RBAC API policies will be removed from Neutron. Please use method 'is_service_role' instead.
2026-03-06 01:40:24.501 10 INFO neutron.wsgi [req-bd6f3cf9-fdaa-42d7-836e-0a4517897bf7 req-ae733180-c3ae-4b6f-a8b4-9f0266f8ce02 a7fc42a04c71436aa025d7cc65799037 bba4eebdda7d4ea1bce7ba38630fae01 - - 44efff896278498a92dd1ea78e03d0e4 44efff896278498a92dd1ea78e03d0e4] 199.204.45.144 "GET /v2.0/ports?tenant_id=db46f4ec057248df870fc6af3da66269&device_id=8e11665a-2fe4-46c8-9e24-85cd71e78cb3 HTTP/1.1" status: 200 len: 1409 time: 0.0558839
2026-03-06 01:40:24.571 10 INFO neutron.wsgi [req-bd6f3cf9-fdaa-42d7-836e-0a4517897bf7 req-672f5e1b-fac9-4a0f-a423-74465d52b89a a7fc42a04c71436aa025d7cc65799037 bba4eebdda7d4ea1bce7ba38630fae01 - - 44efff896278498a92dd1ea78e03d0e4 44efff896278498a92dd1ea78e03d0e4] 199.204.45.144 "GET /v2.0/networks?id=2d08822c-00eb-461f-9580-4bce36c8ef5d HTTP/1.1" status: 200 len: 982 time: 0.0613952
2026-03-06 01:40:24.632 10 INFO neutron.wsgi [req-bd6f3cf9-fdaa-42d7-836e-0a4517897bf7 req-c4100203-fb8d-443f-9719-fa1f18590696 a7fc42a04c71436aa025d7cc65799037 bba4eebdda7d4ea1bce7ba38630fae01 - - 44efff896278498a92dd1ea78e03d0e4 44efff896278498a92dd1ea78e03d0e4] 199.204.45.144 "GET /v2.0/floatingips?fixed_ip_address=10.100.0.7&port_id=43307779-06be-47bf-a45d-3aee500bb294 HTTP/1.1" status: 200 len: 1059 time: 0.0528781
2026-03-06 01:40:24.674 10 INFO neutron.wsgi [req-bd6f3cf9-fdaa-42d7-836e-0a4517897bf7 req-a30f8775-5e8c-4c17-8491-448f3e5b11d4 a7fc42a04c71436aa025d7cc65799037 bba4eebdda7d4ea1bce7ba38630fae01 - - 44efff896278498a92dd1ea78e03d0e4 44efff896278498a92dd1ea78e03d0e4] 199.204.45.144 "GET /v2.0/subnets?id=0035d7f8-cd5a-40b0-8e6e-28fc30c2eed2 HTTP/1.1" status: 200 len: 877 time: 0.0352015
2026-03-06 01:40:24.696 9 WARNING neutron.scheduler.dhcp_agent_scheduler [None req-81815614-ec97-44b8-bb46-334fd609603b cfa1ced5d9ad4de4bc97b6e5ddc7b1df 4db20daeefa94fca955409421388b18b - - default default] No more DHCP agents
2026-03-06 01:40:24.698 9 WARNING neutron.api.rpc.agentnotifiers.dhcp_rpc_agent_api [None req-81815614-ec97-44b8-bb46-334fd609603b cfa1ced5d9ad4de4bc97b6e5ddc7b1df 4db20daeefa94fca955409421388b18b - - default default] Unable to schedule network 98cbf412-7a44-4abe-969e-76b16677fadc: no agents available; will retry on subsequent port and subnet creation events.
2026-03-06 01:40:24.711 10 INFO neutron.wsgi [req-bd6f3cf9-fdaa-42d7-836e-0a4517897bf7 req-d12a6c0d-76d1-494b-a64d-3002897b927d a7fc42a04c71436aa025d7cc65799037 bba4eebdda7d4ea1bce7ba38630fae01 - - 44efff896278498a92dd1ea78e03d0e4 44efff896278498a92dd1ea78e03d0e4] 199.204.45.144 "GET /v2.0/ports?network_id=2d08822c-00eb-461f-9580-4bce36c8ef5d&device_owner=network%3Adhcp HTTP/1.1" status: 200 len: 210 time: 0.0289333
2026-03-06 01:40:24.787 10 INFO neutron.wsgi [req-e5bdd3ae-853d-4135-b2e4-5da3c10cde63 req-4f133bac-8984-41cf-99f7-3a242e1c6760 cc0bb8d6eab74f49a5688e42d493930f db46f4ec057248df870fc6af3da66269 - - default default] 10.0.0.51 "GET /v2.0/ports?device_id=8e11665a-2fe4-46c8-9e24-85cd71e78cb3 HTTP/1.1" status: 200 len: 1170 time: 0.0781956
2026-03-06 01:40:24.824 10 INFO neutron.wsgi [req-bd6f3cf9-fdaa-42d7-836e-0a4517897bf7 req-1445eafd-38a8-476b-8d72-f5587fdabf18 a7fc42a04c71436aa025d7cc65799037 bba4eebdda7d4ea1bce7ba38630fae01 - - 44efff896278498a92dd1ea78e03d0e4 44efff896278498a92dd1ea78e03d0e4] 199.204.45.144 "GET /v2.0/networks/2d08822c-00eb-461f-9580-4bce36c8ef5d?fields=segments HTTP/1.1" status: 200 len: 212 time: 0.1050558
2026-03-06 01:40:24.862 10 INFO neutron.wsgi [req-e5bdd3ae-853d-4135-b2e4-5da3c10cde63 req-a4c21f45-f4b6-4b63-9543-bf05da2e2e40 cc0bb8d6eab74f49a5688e42d493930f db46f4ec057248df870fc6af3da66269 - - default default] 10.0.0.51 "GET /v2.0/security-groups?id=565b109a-c9cd-49ce-a6b9-f9fe4f30efd4&fields=id&fields=name HTTP/1.1" status: 200 len: 313 time: 0.0669570
2026-03-06 01:40:24.908 10 INFO neutron.wsgi [req-bd6f3cf9-fdaa-42d7-836e-0a4517897bf7 req-b58f86f5-5c80-4b16-9e03-13c00dd6c87e a7fc42a04c71436aa025d7cc65799037 bba4eebdda7d4ea1bce7ba38630fae01 - - 44efff896278498a92dd1ea78e03d0e4 44efff896278498a92dd1ea78e03d0e4] 199.204.45.144 "GET /v2.0/networks/2d08822c-00eb-461f-9580-4bce36c8ef5d?fields=provider%3Aphysical_network&fields=provider%3Anetwork_type HTTP/1.1" status: 200 len: 277 time: 0.0784996
2026-03-06 01:40:25.046 10 INFO neutron.services.segments.plugin [-] Segment 8a40f1e0-ec50-43b5-abd3-ae693e362349 resource provider aggregate not found
2026-03-06 01:40:25.067 10 INFO neutron.services.segments.plugin [-] Segment 8a40f1e0-ec50-43b5-abd3-ae693e362349 resource provider not found; error: Placement Client Error (4xx): {"errors": [{"status": 404, "title": "Not Found", "detail": "The resource could not be found.\n\n No resource provider with uuid 8a40f1e0-ec50-43b5-abd3-ae693e362349 found for delete ", "request_id": "req-8d880bcd-9016-491b-a303-5398ad546646"}]}
2026-03-06 01:40:25.075 9 INFO neutron.wsgi [None req-81815614-ec97-44b8-bb46-334fd609603b cfa1ced5d9ad4de4bc97b6e5ddc7b1df 4db20daeefa94fca955409421388b18b - - default default] 10.0.0.8 "POST /v2.0/floatingips HTTP/1.1" status: 201 len: 751 time: 0.6249957
2026-03-06 01:40:25.096 9 INFO neutron.wsgi [None req-f874fc38-337e-4d4e-8108-3ddad7e3932c c137bf5204334c9e898446b24dc8b96b 02801b8e0801495e95fee9a2759ed92e - - default default] 10.0.0.8 "GET /v2.0/security-groups?tenant_id=83fe6b2b15e24680b52de04b65c0b3f2&name=default HTTP/1.1" status: 200 len: 3120 time: 0.2120216
2026-03-06 01:40:25.104 10 INFO neutron.services.segments.plugin [-] Segment 8a40f1e0-ec50-43b5-abd3-ae693e362349 resource provider aggregate not found
2026-03-06 01:40:25.127 10 INFO neutron.services.segments.plugin [-] Segment 8a40f1e0-ec50-43b5-abd3-ae693e362349 resource provider not found; error: Placement Client Error (4xx): {"errors": [{"status": 404, "title": "Not Found", "detail": "The resource could not be found.\n\n No resource provider with uuid 8a40f1e0-ec50-43b5-abd3-ae693e362349 found for delete ", "request_id": "req-272dad6b-8742-47d7-8f7c-9342abebdd63"}]}
2026-03-06 01:40:25.158 9 WARNING neutron_lib.context [None req-40ddeaeb-507a-4b89-8e4d-591d6353f279 519e7f5584114823863289c9ac97a4fe 6b711b6ba12744d3a979bedda8730bce - - default default] Method 'is_advsvc' is deprecated since 2023.2 release (neutron-lib 3.8.0) and will be removed once support for the old RBAC API policies will be removed from Neutron. Please use method 'is_service_role' instead.
2026-03-06 01:40:25.194 10 INFO neutron.wsgi [req-ab41ba4a-b9fa-4dc8-b8f2-edc3689b9905 req-942ee2b6-9005-4385-8a44-3259c18cfbe1 cc0bb8d6eab74f49a5688e42d493930f db46f4ec057248df870fc6af3da66269 - - default default] 199.204.45.144 "GET /v2.0/ports?device_id=8e11665a-2fe4-46c8-9e24-85cd71e78cb3 HTTP/1.1" status: 200 len: 1170 time: 0.1196778
2026-03-06 01:40:25.587 10 INFO neutron.db.l3_db [req-ab41ba4a-b9fa-4dc8-b8f2-edc3689b9905 req-6fb3d289-6eee-4cd8-ad41-57cb90ded6d9 cc0bb8d6eab74f49a5688e42d493930f db46f4ec057248df870fc6af3da66269 - - default default] Floating IP b2051cf7-73a6-4fc2-806e-07ce809ab8c2 disassociated. External IP: 10.96.250.211, port: 43307779-06be-47bf-a45d-3aee500bb294.
2026-03-06 01:40:25.633 9 INFO neutron.wsgi [req-5fbee1ca-1190-483f-80c7-09140c672d53 req-b64949f0-9eda-413b-9675-5d1c4408312e cfa1ced5d9ad4de4bc97b6e5ddc7b1df 4db20daeefa94fca955409421388b18b - - default default] 10.0.0.51 "GET /v2.0/security-groups?name=tempest-securitygroup--1961661269&fields=id&tenant_id=4db20daeefa94fca955409421388b18b HTTP/1.1" status: 200 len: 267 time: 0.0619743
2026-03-06 01:40:25.705 10 INFO neutron.wsgi [req-ab41ba4a-b9fa-4dc8-b8f2-edc3689b9905 req-6fb3d289-6eee-4cd8-ad41-57cb90ded6d9 cc0bb8d6eab74f49a5688e42d493930f db46f4ec057248df870fc6af3da66269 - - default default] 199.204.45.144 "DELETE /v2.0/ports/43307779-06be-47bf-a45d-3aee500bb294 HTTP/1.1" status: 204 len: 173 time: 0.5098660
2026-03-06 01:40:25.740 9 INFO neutron.wsgi [req-5fbee1ca-1190-483f-80c7-09140c672d53 req-fe728d38-cd35-4f31-ab0e-7093f0f564a5 cfa1ced5d9ad4de4bc97b6e5ddc7b1df 4db20daeefa94fca955409421388b18b - - default default] 10.0.0.51 "GET /v2.0/networks?id=d8422d1f-ea6c-4499-95f5-c0b9fa0b4bd0 HTTP/1.1" status: 200 len: 868 time: 0.1002622
2026-03-06 01:40:25.741 9 INFO neutron.db.ovn_revision_numbers_db [None req-40ddeaeb-507a-4b89-8e4d-591d6353f279 519e7f5584114823863289c9ac97a4fe 6b711b6ba12744d3a979bedda8730bce - - default default] Successfully bumped revision number for resource 937a991c-ec3c-4597-9d32-52c0f2421090 (type: security_groups) to 1
2026-03-06 01:40:25.759 9 INFO neutron.wsgi [req-5fbee1ca-1190-483f-80c7-09140c672d53 req-facd4032-c4b0-4119-99f3-66f3f8e17fa0 cfa1ced5d9ad4de4bc97b6e5ddc7b1df 4db20daeefa94fca955409421388b18b - - default default] 10.0.0.51 "GET /v2.0/quotas/4db20daeefa94fca955409421388b18b HTTP/1.1" status: 200 len: 491 time: 0.0122499
2026-03-06 01:40:25.766 9 INFO neutron.db.ovn_revision_numbers_db [None req-40ddeaeb-507a-4b89-8e4d-591d6353f279 519e7f5584114823863289c9ac97a4fe 6b711b6ba12744d3a979bedda8730bce - - default default] Successfully bumped revision number for resource 0713876e-bd60-4780-8e57-9c44310d780d (type: security_group_rules) to 0
2026-03-06 01:40:25.795 9 INFO neutron.wsgi [None req-c185c685-6ebd-423c-a56d-5b161c60d21c c137bf5204334c9e898446b24dc8b96b 02801b8e0801495e95fee9a2759ed92e - - default default] 10.0.0.8 "DELETE /v2.0/security-groups/b1304804-1542-4b86-99dc-84bd1f332be7 HTTP/1.1" status: 204 len: 168 time: 0.6932313
2026-03-06 01:40:25.807 9 INFO neutron.db.ovn_revision_numbers_db [None req-40ddeaeb-507a-4b89-8e4d-591d6353f279 519e7f5584114823863289c9ac97a4fe 6b711b6ba12744d3a979bedda8730bce - - default default] Successfully bumped revision number for resource 3ccc93e9-cfed-408b-a5ba-5a68e710bb91 (type: security_group_rules) to 0
2026-03-06 01:40:25.827 9 INFO neutron.db.ovn_revision_numbers_db [None req-40ddeaeb-507a-4b89-8e4d-591d6353f279 519e7f5584114823863289c9ac97a4fe 6b711b6ba12744d3a979bedda8730bce - - default default] Successfully bumped revision number for resource 7d7d4c4a-e2a7-435c-8e73-6a7dff2ef929 (type: security_group_rules) to 0
2026-03-06 01:40:25.855 9 INFO neutron.db.ovn_revision_numbers_db [None req-40ddeaeb-507a-4b89-8e4d-591d6353f279 519e7f5584114823863289c9ac97a4fe 6b711b6ba12744d3a979bedda8730bce - - default default] Successfully bumped revision number for resource 9a57601a-e612-487f-ac08-b370a368f716 (type: security_group_rules) to 0
2026-03-06 01:40:25.903 9 INFO neutron.wsgi [req-5fbee1ca-1190-483f-80c7-09140c672d53 req-28c36f7c-5ae9-4c36-8ba5-09a42730351a cfa1ced5d9ad4de4bc97b6e5ddc7b1df 4db20daeefa94fca955409421388b18b - - default default] 10.0.0.51 "GET /v2.0/ports?tenant_id=4db20daeefa94fca955409421388b18b&fields=id HTTP/1.1" status: 200 len: 302 time: 0.1379826
2026-03-06 01:40:25.918 10 INFO neutron.notifiers.nova [-] Nova event matching ['req-9b2295d4-131b-49ed-922f-3e6fb54a0e09'] response: {'server_uuid': '8e11665a-2fe4-46c8-9e24-85cd71e78cb3', 'name': 'network-vif-deleted', 'tag': '43307779-06be-47bf-a45d-3aee500bb294', 'status': 'completed', 'code': 200}
2026-03-06 01:40:25.981 9 INFO neutron.wsgi [req-5fbee1ca-1190-483f-80c7-09140c672d53 req-b0ee5792-65e3-4ee3-945c-9f816e876112 a7fc42a04c71436aa025d7cc65799037 bba4eebdda7d4ea1bce7ba38630fae01 - - 44efff896278498a92dd1ea78e03d0e4 44efff896278498a92dd1ea78e03d0e4] 10.0.0.51 "GET /v2.0/networks/d8422d1f-ea6c-4499-95f5-c0b9fa0b4bd0?fields=segments HTTP/1.1" status: 200 len: 212 time: 0.0668457
2026-03-06 01:40:25.982 9 INFO neutron.db.ovn_revision_numbers_db [None req-40ddeaeb-507a-4b89-8e4d-591d6353f279 519e7f5584114823863289c9ac97a4fe 6b711b6ba12744d3a979bedda8730bce - - default default] Successfully bumped revision number for resource 219075cc-fa02-48b4-b691-de33cbf87896 (type: security_groups) to 1
2026-03-06 01:40:26.002 10 INFO neutron.wsgi [req-c2ec2558-ac35-4979-89ee-043e63c3b259 req-4074c0d9-ad59-4884-85a2-b5c9be89f830 cc0bb8d6eab74f49a5688e42d493930f db46f4ec057248df870fc6af3da66269 - - default default] 10.0.0.51 "GET /v2.0/ports?device_id=8e11665a-2fe4-46c8-9e24-85cd71e78cb3 HTTP/1.1" status: 200 len: 210 time: 0.0287964
2026-03-06 01:40:26.014 9 INFO neutron.db.ovn_revision_numbers_db [None req-40ddeaeb-507a-4b89-8e4d-591d6353f279 519e7f5584114823863289c9ac97a4fe 6b711b6ba12744d3a979bedda8730bce - - default default] Successfully bumped revision number for resource b94a332b-83cc-4d93-af98-ab0dd1403091 (type: security_group_rules) to 0
2026-03-06 01:40:26.035 9 INFO neutron.db.ovn_revision_numbers_db [None req-40ddeaeb-507a-4b89-8e4d-591d6353f279 519e7f5584114823863289c9ac97a4fe 6b711b6ba12744d3a979bedda8730bce - - default default] Successfully bumped revision number for resource f3afd711-c41e-47be-a2d9-de648d47911f (type: security_group_rules) to 0
2026-03-06 01:40:26.056 9 INFO neutron.wsgi [None req-40ddeaeb-507a-4b89-8e4d-591d6353f279 519e7f5584114823863289c9ac97a4fe 6b711b6ba12744d3a979bedda8730bce - - default default] 10.0.0.8 "POST /v2.0/security-groups HTTP/1.1" status: 201 len: 1825 time: 0.9385433
2026-03-06 01:40:26.063 9 INFO neutron.wsgi [req-5fbee1ca-1190-483f-80c7-09140c672d53 req-5e012df2-933c-41be-8573-09c5d4ae7798 a7fc42a04c71436aa025d7cc65799037 bba4eebdda7d4ea1bce7ba38630fae01 - - 44efff896278498a92dd1ea78e03d0e4 44efff896278498a92dd1ea78e03d0e4] 10.0.0.51 "GET /v2.0/networks/d8422d1f-ea6c-4499-95f5-c0b9fa0b4bd0?fields=provider%3Aphysical_network&fields=provider%3Anetwork_type HTTP/1.1" status: 200 len: 277 time: 0.0753119
2026-03-06 01:40:26.115 10 INFO neutron.wsgi [None req-413a6346-6783-454a-a2bd-949e4808580a 519e7f5584114823863289c9ac97a4fe 6b711b6ba12744d3a979bedda8730bce - - default default] 10.0.0.8 "GET /v2.0/security-groups HTTP/1.1" status: 200 len: 4725 time: 0.0516589
2026-03-06 01:40:26.230 10 INFO neutron.db.ovn_revision_numbers_db [None req-dbc7a072-4134-40b1-8f39-fbc251233cee 519e7f5584114823863289c9ac97a4fe 6b711b6ba12744d3a979bedda8730bce - - default default] Successfully bumped revision number for resource 219075cc-fa02-48b4-b691-de33cbf87896 (type: security_groups) to 2
2026-03-06 01:40:26.236 10 INFO neutron.wsgi [None req-dbc7a072-4134-40b1-8f39-fbc251233cee 519e7f5584114823863289c9ac97a4fe 6b711b6ba12744d3a979bedda8730bce - - default default] 10.0.0.8 "PUT /v2.0/security-groups/219075cc-fa02-48b4-b691-de33cbf87896 HTTP/1.1" status: 200 len: 1859 time: 0.1164467
2026-03-06 01:40:26.240 10 INFO neutron.wsgi [req-af3cf132-0611-4d56-b7c0-0616d14df36c req-f31cc1a5-f841-4757-97d5-5d2bd44a22b9 cfa1ced5d9ad4de4bc97b6e5ddc7b1df 4db20daeefa94fca955409421388b18b - - default default] 10.0.0.51 "GET /v2.0/ports?device_id=33db27e8-d527-4666-9d95-7f1a6e0e1987 HTTP/1.1" status: 200 len: 210 time: 0.0304136
2026-03-06 01:40:26.274 9 INFO neutron.wsgi [None req-c9a036f6-c79d-4bea-ad0f-0f0781bb1d98 519e7f5584114823863289c9ac97a4fe 6b711b6ba12744d3a979bedda8730bce - - default default] 10.0.0.8 "GET /v2.0/security-groups/219075cc-fa02-48b4-b691-de33cbf87896 HTTP/1.1" status: 200 len: 1859 time: 0.0250843
2026-03-06 01:40:26.391 9 INFO neutron.wsgi [None req-2ef52828-3c1d-47b5-9d22-f54b5adba85d 519e7f5584114823863289c9ac97a4fe 6b711b6ba12744d3a979bedda8730bce - - default default] 10.0.0.8 "DELETE /v2.0/security-groups/219075cc-fa02-48b4-b691-de33cbf87896 HTTP/1.1" status: 204 len: 168 time: 0.1124337
2026-03-06 01:40:26.448 9 INFO neutron.wsgi [None req-986a90f3-6e5f-4b6e-a23e-7e506098724d 519e7f5584114823863289c9ac97a4fe 6b711b6ba12744d3a979bedda8730bce - - default default] 10.0.0.8 "GET /v2.0/security-groups HTTP/1.1" status: 200 len: 3120 time: 0.0488112
2026-03-06 01:40:26.463 9 INFO neutron.api.v2.resource [None req-cfeb32bb-fc2a-48e8-a68b-2469c94ed7ed 519e7f5584114823863289c9ac97a4fe 6b711b6ba12744d3a979bedda8730bce - - default default] delete failed (client error): The resource could not be found.
2026-03-06 01:40:26.464 9 INFO neutron.wsgi [None req-cfeb32bb-fc2a-48e8-a68b-2469c94ed7ed 519e7f5584114823863289c9ac97a4fe 6b711b6ba12744d3a979bedda8730bce - - default default] 10.0.0.8 "DELETE /v2.0/security-groups/219075cc-fa02-48b4-b691-de33cbf87896 HTTP/1.1" status: 404 len: 347 time: 0.0118954
2026-03-06 01:40:26.476 9 WARNING neutron_lib.context [None req-40c90fb3-4245-4820-8cef-7c5e84822192 519e7f5584114823863289c9ac97a4fe 6b711b6ba12744d3a979bedda8730bce - - default default] Method 'is_advsvc' is deprecated since 2023.2 release (neutron-lib 3.8.0) and will be removed once support for the old RBAC API policies will be removed from Neutron. Please use method 'is_service_role' instead.
2026-03-06 01:40:26.631 9 INFO neutron.db.ovn_revision_numbers_db [None req-40c90fb3-4245-4820-8cef-7c5e84822192 519e7f5584114823863289c9ac97a4fe 6b711b6ba12744d3a979bedda8730bce - - default default] Successfully bumped revision number for resource afca1150-a5ea-4742-bf49-33a62f57f4d5 (type: security_groups) to 1
2026-03-06 01:40:26.650 9 INFO neutron.db.ovn_revision_numbers_db [None req-40c90fb3-4245-4820-8cef-7c5e84822192 519e7f5584114823863289c9ac97a4fe 6b711b6ba12744d3a979bedda8730bce - - default default] Successfully bumped revision number for resource b695a862-eb36-47f4-b8d0-92f056d644b8 (type: security_group_rules) to 0
2026-03-06 01:40:26.664 9 INFO neutron.db.ovn_revision_numbers_db [None req-40c90fb3-4245-4820-8cef-7c5e84822192 519e7f5584114823863289c9ac97a4fe 6b711b6ba12744d3a979bedda8730bce - - default default] Successfully bumped revision number for resource e45c177b-d619-4eeb-b4fd-f3690b8d66e2 (type: security_group_rules) to 0
2026-03-06 01:40:26.690 9 INFO neutron.wsgi [None req-40c90fb3-4245-4820-8cef-7c5e84822192 519e7f5584114823863289c9ac97a4fe 6b711b6ba12744d3a979bedda8730bce - - default default] 10.0.0.8 "POST /v2.0/security-groups HTTP/1.1" status: 201 len: 1824 time: 0.2186589
2026-03-06 01:40:26.703 9 WARNING neutron_lib.context [None req-261f9a52-ab50-4cec-b0d1-bfb793b4017a 519e7f5584114823863289c9ac97a4fe 6b711b6ba12744d3a979bedda8730bce - - default default] Method 'is_advsvc' is deprecated since 2023.2 release (neutron-lib 3.8.0) and will be removed once support for the old RBAC API policies will be removed from Neutron. Please use method 'is_service_role' instead.
2026-03-06 01:40:26.916 9 INFO neutron.db.ovn_revision_numbers_db [None req-261f9a52-ab50-4cec-b0d1-bfb793b4017a 519e7f5584114823863289c9ac97a4fe 6b711b6ba12744d3a979bedda8730bce - - default default] Successfully bumped revision number for resource 67349420-b832-4074-a4f0-bc332ab674e9 (type: security_group_rules) to 0
2026-03-06 01:40:26.960 9 INFO neutron.wsgi [None req-261f9a52-ab50-4cec-b0d1-bfb793b4017a 519e7f5584114823863289c9ac97a4fe 6b711b6ba12744d3a979bedda8730bce - - default default] 10.0.0.8 "POST /v2.0/security-group-rules HTTP/1.1" status: 201 len: 800 time: 0.2613511
2026-03-06 01:40:26.997 9 INFO neutron.wsgi [None req-568528b3-b01b-4460-b112-4c8d65d4c352 519e7f5584114823863289c9ac97a4fe 6b711b6ba12744d3a979bedda8730bce - - default default] 10.0.0.8 "GET /v2.0/security-group-rules/67349420-b832-4074-a4f0-bc332ab674e9 HTTP/1.1" status: 200 len: 795 time: 0.0228226
2026-03-06 01:40:27.270 10 INFO neutron.wsgi [req-5fbee1ca-1190-483f-80c7-09140c672d53 req-e08f6bd5-7e4b-4a6f-9768-12fa96f45add cfa1ced5d9ad4de4bc97b6e5ddc7b1df 4db20daeefa94fca955409421388b18b - - default default] 199.204.45.144 "GET /v2.0/networks?id=d8422d1f-ea6c-4499-95f5-c0b9fa0b4bd0 HTTP/1.1" status: 200 len: 868 time: 0.3058832
2026-03-06 01:40:27.297 9 INFO neutron.wsgi [None req-fa0fcff4-e7a9-47d8-9ba8-4021a837db32 519e7f5584114823863289c9ac97a4fe 6b711b6ba12744d3a979bedda8730bce - - default default] 10.0.0.8 "GET /v2.0/security-group-rules HTTP/1.1" status: 200 len: 4333 time: 0.2978449
2026-03-06 01:40:27.355 9 INFO neutron.wsgi [req-662ef812-99eb-445b-b78b-9ec99fc7adc0 req-5658c3e9-7067-499d-829c-bd1a158d361b cfa1ced5d9ad4de4bc97b6e5ddc7b1df 4db20daeefa94fca955409421388b18b - - default default] 10.0.0.51 "GET /v2.0/ports?device_id=33db27e8-d527-4666-9d95-7f1a6e0e1987 HTTP/1.1" status: 200 len: 210 time: 0.0240521
