2026-03-06 01:42:29.258 9 INFO neutron.db.ovn_revision_numbers_db [None req-4f8e02fb-b52f-45c5-b0a1-e0c8d0058794 c137bf5204334c9e898446b24dc8b96b 02801b8e0801495e95fee9a2759ed92e - - default default] Successfully bumped revision number for resource 642a64f3-e342-4349-9ded-2842ca77ae07 (type: security_group_rules) to 0
2026-03-06 01:42:29.273 9 INFO neutron.db.ovn_revision_numbers_db [None req-4f8e02fb-b52f-45c5-b0a1-e0c8d0058794 c137bf5204334c9e898446b24dc8b96b 02801b8e0801495e95fee9a2759ed92e - - default default] Successfully bumped revision number for resource b622defd-e9f7-4556-9dbf-b1b11ac89ea5 (type: security_group_rules) to 0
2026-03-06 01:42:29.287 9 INFO neutron.db.ovn_revision_numbers_db [None req-4f8e02fb-b52f-45c5-b0a1-e0c8d0058794 c137bf5204334c9e898446b24dc8b96b 02801b8e0801495e95fee9a2759ed92e - - default default] Successfully bumped revision number for resource fa93f965-aeab-48a9-abfa-77ce3b90d299 (type: security_group_rules) to 0
2026-03-06 01:42:29.310 9 INFO neutron.wsgi [None req-4f8e02fb-b52f-45c5-b0a1-e0c8d0058794 c137bf5204334c9e898446b24dc8b96b 02801b8e0801495e95fee9a2759ed92e - - default default] 10.0.0.8 "GET /v2.0/security-groups?tenant_id=201ba823a0134ff0baf824bdd88d97ee&name=default HTTP/1.1" status: 200 len: 3120 time: 0.3278623
2026-03-06 01:42:29.340 10 WARNING neutron_lib.context [None req-e35901ee-89d4-471d-a512-bae3134130e0 d124791c745241bbbb59b8b2148a8455 791acc92e31d4587a7bcc5f969fa271a - - default default] Method 'is_advsvc' is deprecated since 2023.2 release (neutron-lib 3.8.0) and will be removed once support for the old RBAC API policies will be removed from Neutron. Please use method 'is_service_role' instead.
2026-03-06 01:42:29.422 10 WARNING neutron_lib.context [None req-09646ab0-344b-4793-bbea-7203083d13f9 425dba7a9de24621a3424bede74472ec 1f1f27a098fa418a86104936a04335d2 - - default default] Method 'is_advsvc' is deprecated since 2023.2 release (neutron-lib 3.8.0) and will be removed once support for the old RBAC API policies will be removed from Neutron. Please use method 'is_service_role' instead.
2026-03-06 01:42:29.423 10 WARNING neutron_lib.context [None req-09646ab0-344b-4793-bbea-7203083d13f9 425dba7a9de24621a3424bede74472ec 1f1f27a098fa418a86104936a04335d2 - - default default] Method 'is_advsvc' is deprecated since 2023.2 release (neutron-lib 3.8.0) and will be removed once support for the old RBAC API policies will be removed from Neutron. Please use method 'is_service_role' instead.
2026-03-06 01:42:29.523 10 INFO neutron.db.ovn_revision_numbers_db [None req-e35901ee-89d4-471d-a512-bae3134130e0 d124791c745241bbbb59b8b2148a8455 791acc92e31d4587a7bcc5f969fa271a - - default default] Successfully bumped revision number for resource fa53b7b0-de25-4ff9-aeb0-ae8db2343420 (type: security_groups) to 1
2026-03-06 01:42:29.533 9 INFO neutron.wsgi [None req-14f823ef-d49e-4448-9c4c-0a8a48830af9 c137bf5204334c9e898446b24dc8b96b 02801b8e0801495e95fee9a2759ed92e - - default default] 10.0.0.8 "DELETE /v2.0/security-groups/09550657-bd9a-4a42-bc93-9c5716301624 HTTP/1.1" status: 204 len: 168 time: 0.2173631
2026-03-06 01:42:29.542 10 INFO neutron.db.ovn_revision_numbers_db [None req-e35901ee-89d4-471d-a512-bae3134130e0 d124791c745241bbbb59b8b2148a8455 791acc92e31d4587a7bcc5f969fa271a - - default default] Successfully bumped revision number for resource 45c44542-6f6b-4533-ae15-20abddb50436 (type: security_group_rules) to 0
2026-03-06 01:42:29.570 10 INFO neutron.db.ovn_revision_numbers_db [None req-e35901ee-89d4-471d-a512-bae3134130e0 d124791c745241bbbb59b8b2148a8455 791acc92e31d4587a7bcc5f969fa271a - - default default] Successfully bumped revision number for resource 94700618-a864-447a-ac5c-a659f27b130f (type: security_group_rules) to 0
2026-03-06 01:42:29.582 10 INFO neutron.db.ovn_revision_numbers_db [None req-09646ab0-344b-4793-bbea-7203083d13f9 425dba7a9de24621a3424bede74472ec 1f1f27a098fa418a86104936a04335d2 - - default default] Successfully bumped revision number for resource f039b856-ec0a-4d4d-8b77-a93738664350 (type: security_groups) to 1
2026-03-06 01:42:29.584 10 INFO neutron.db.ovn_revision_numbers_db [None req-e35901ee-89d4-471d-a512-bae3134130e0 d124791c745241bbbb59b8b2148a8455 791acc92e31d4587a7bcc5f969fa271a - - default default] Successfully bumped revision number for resource dcd8e794-7525-4303-b81b-e64a0ebd5e70 (type: security_group_rules) to 0
2026-03-06 01:42:29.597 10 INFO neutron.db.ovn_revision_numbers_db [None req-09646ab0-344b-4793-bbea-7203083d13f9 425dba7a9de24621a3424bede74472ec 1f1f27a098fa418a86104936a04335d2 - - default default] Successfully bumped revision number for resource 667d80f7-5672-4a66-8f6a-974d7fc99941 (type: security_group_rules) to 0
2026-03-06 01:42:29.603 10 INFO neutron.db.ovn_revision_numbers_db [None req-e35901ee-89d4-471d-a512-bae3134130e0 d124791c745241bbbb59b8b2148a8455 791acc92e31d4587a7bcc5f969fa271a - - default default] Successfully bumped revision number for resource e1aed710-effa-4772-b820-2c266c0d0831 (type: security_group_rules) to 0
2026-03-06 01:42:29.616 10 INFO neutron.db.ovn_revision_numbers_db [None req-09646ab0-344b-4793-bbea-7203083d13f9 425dba7a9de24621a3424bede74472ec 1f1f27a098fa418a86104936a04335d2 - - default default] Successfully bumped revision number for resource 68367778-30a0-41f4-97c4-935065f1ab62 (type: security_group_rules) to 0
2026-03-06 01:42:29.641 10 INFO neutron.db.ovn_revision_numbers_db [None req-09646ab0-344b-4793-bbea-7203083d13f9 425dba7a9de24621a3424bede74472ec 1f1f27a098fa418a86104936a04335d2 - - default default] Successfully bumped revision number for resource 74ea33bd-d1ad-4e7e-819b-4123055e5ce4 (type: security_group_rules) to 0
2026-03-06 01:42:29.662 10 INFO neutron.db.ovn_revision_numbers_db [None req-09646ab0-344b-4793-bbea-7203083d13f9 425dba7a9de24621a3424bede74472ec 1f1f27a098fa418a86104936a04335d2 - - default default] Successfully bumped revision number for resource 99969c57-7da3-4591-bb0f-a8fd94905163 (type: security_group_rules) to 0
2026-03-06 01:42:29.720 10 INFO neutron.db.ovn_revision_numbers_db [None req-e35901ee-89d4-471d-a512-bae3134130e0 d124791c745241bbbb59b8b2148a8455 791acc92e31d4587a7bcc5f969fa271a - - default default] Successfully bumped revision number for resource c6f6d0d7-2f4d-4d9d-b44f-960c4a683db6 (type: security_groups) to 1
2026-03-06 01:42:29.735 10 INFO neutron.db.ovn_revision_numbers_db [None req-e35901ee-89d4-471d-a512-bae3134130e0 d124791c745241bbbb59b8b2148a8455 791acc92e31d4587a7bcc5f969fa271a - - default default] Successfully bumped revision number for resource f04c5d67-cc18-4ca6-8bf8-29dd11e3e44b (type: security_group_rules) to 0
2026-03-06 01:42:29.754 10 INFO neutron.db.ovn_revision_numbers_db [None req-e35901ee-89d4-471d-a512-bae3134130e0 d124791c745241bbbb59b8b2148a8455 791acc92e31d4587a7bcc5f969fa271a - - default default] Successfully bumped revision number for resource f0c66375-f520-41ac-97f8-9af29a3a76bc (type: security_group_rules) to 0
2026-03-06 01:42:29.775 10 INFO neutron.db.segments_db [None req-09646ab0-344b-4793-bbea-7203083d13f9 425dba7a9de24621a3424bede74472ec 1f1f27a098fa418a86104936a04335d2 - - default default] Added segment a57bf1ed-66e1-4ecb-a6df-2a6fa49ca8bc of type geneve for network 8973e7f3-f708-4b91-909a-3e9bcd34a34d
2026-03-06 01:42:29.783 10 INFO neutron.wsgi [None req-e35901ee-89d4-471d-a512-bae3134130e0 d124791c745241bbbb59b8b2148a8455 791acc92e31d4587a7bcc5f969fa271a - - default default] 10.0.0.8 "POST /v2.0/security-groups HTTP/1.1" status: 201 len: 1825 time: 0.6169989
2026-03-06 01:42:29.853 9 INFO neutron.db.ovn_revision_numbers_db [None req-1b063796-94b6-4230-b6c1-777286844f94 c137bf5204334c9e898446b24dc8b96b 02801b8e0801495e95fee9a2759ed92e - - default default] Successfully bumped revision number for resource 3df6a750-0675-45e2-beb5-b78f5c0910b8 (type: security_groups) to 1
2026-03-06 01:42:29.867 9 INFO neutron.db.ovn_revision_numbers_db [None req-1b063796-94b6-4230-b6c1-777286844f94 c137bf5204334c9e898446b24dc8b96b 02801b8e0801495e95fee9a2759ed92e - - default default] Successfully bumped revision number for resource 2987ca4c-7368-480a-9a02-87e30cc1f8f0 (type: security_group_rules) to 0
2026-03-06 01:42:29.879 9 INFO neutron.db.ovn_revision_numbers_db [None req-1b063796-94b6-4230-b6c1-777286844f94 c137bf5204334c9e898446b24dc8b96b 02801b8e0801495e95fee9a2759ed92e - - default default] Successfully bumped revision number for resource 57ad3137-7d29-4c2f-9039-f46e2f9f5787 (type: security_group_rules) to 0
2026-03-06 01:42:29.880 10 INFO neutron.wsgi [None req-3c3ac76f-8c0e-4430-a747-dbe001298f30 d124791c745241bbbb59b8b2148a8455 791acc92e31d4587a7bcc5f969fa271a - - default default] 10.0.0.8 "GET /v2.0/security-groups HTTP/1.1" status: 200 len: 4725 time: 0.0870070
2026-03-06 01:42:29.893 9 INFO neutron.db.ovn_revision_numbers_db [None req-1b063796-94b6-4230-b6c1-777286844f94 c137bf5204334c9e898446b24dc8b96b 02801b8e0801495e95fee9a2759ed92e - - default default] Successfully bumped revision number for resource 8c7b497c-cdba-4d02-aab2-f189df3e7972 (type: security_group_rules) to 0
2026-03-06 01:42:29.910 9 INFO neutron.db.ovn_revision_numbers_db [None req-1b063796-94b6-4230-b6c1-777286844f94 c137bf5204334c9e898446b24dc8b96b 02801b8e0801495e95fee9a2759ed92e - - default default] Successfully bumped revision number for resource 91d11d10-3d36-4058-a17a-769e13450956 (type: security_group_rules) to 0
2026-03-06 01:42:29.932 9 INFO neutron.wsgi [None req-1b063796-94b6-4230-b6c1-777286844f94 c137bf5204334c9e898446b24dc8b96b 02801b8e0801495e95fee9a2759ed92e - - default default] 10.0.0.8 "GET /v2.0/security-groups?tenant_id=4b5ee252bc0346789edafa72b7e489cc&name=default HTTP/1.1" status: 200 len: 3120 time: 0.2454467
2026-03-06 01:42:29.950 10 INFO neutron.db.segments_db [None req-09646ab0-344b-4793-bbea-7203083d13f9 425dba7a9de24621a3424bede74472ec 1f1f27a098fa418a86104936a04335d2 - - default default] Added segment 03a785b9-4e6f-4994-b6f7-4e97d92cd7d2 of type geneve for network 918aca47-410f-47dc-871c-053ab9e7afee
2026-03-06 01:42:30.003 10 INFO neutron.db.ovn_revision_numbers_db [None req-7ae91239-93bc-47ce-a7ac-897370b88b48 d124791c745241bbbb59b8b2148a8455 791acc92e31d4587a7bcc5f969fa271a - - default default] Successfully bumped revision number for resource c6f6d0d7-2f4d-4d9d-b44f-960c4a683db6 (type: security_groups) to 2
2026-03-06 01:42:30.006 10 INFO neutron.wsgi [None req-7ae91239-93bc-47ce-a7ac-897370b88b48 d124791c745241bbbb59b8b2148a8455 791acc92e31d4587a7bcc5f969fa271a - - default default] 10.0.0.8 "PUT /v2.0/security-groups/c6f6d0d7-2f4d-4d9d-b44f-960c4a683db6 HTTP/1.1" status: 200 len: 1859 time: 0.1214814
2026-03-06 01:42:30.035 9 INFO neutron.wsgi [None req-1470eea4-cdeb-43ec-8ce4-963c7ba122c3 d124791c745241bbbb59b8b2148a8455 791acc92e31d4587a7bcc5f969fa271a - - default default] 10.0.0.8 "GET /v2.0/security-groups/c6f6d0d7-2f4d-4d9d-b44f-960c4a683db6 HTTP/1.1" status: 200 len: 1859 time: 0.0233409
2026-03-06 01:42:30.147 9 INFO neutron.wsgi [None req-2a814ede-b05d-4f13-b718-8541b6ea002e d124791c745241bbbb59b8b2148a8455 791acc92e31d4587a7bcc5f969fa271a - - default default] 10.0.0.8 "DELETE /v2.0/security-groups/c6f6d0d7-2f4d-4d9d-b44f-960c4a683db6 HTTP/1.1" status: 204 len: 168 time: 0.1084313
2026-03-06 01:42:30.155 10 INFO neutron.db.ovn_revision_numbers_db [None req-09646ab0-344b-4793-bbea-7203083d13f9 425dba7a9de24621a3424bede74472ec 1f1f27a098fa418a86104936a04335d2 - - default default] Successfully bumped revision number for resource 8973e7f3-f708-4b91-909a-3e9bcd34a34d (type: networks) to 1
2026-03-06 01:42:30.213 9 INFO neutron.wsgi [None req-7553f619-c0db-41b4-bebb-cda8c21b9966 d124791c745241bbbb59b8b2148a8455 791acc92e31d4587a7bcc5f969fa271a - - default default] 10.0.0.8 "GET /v2.0/security-groups HTTP/1.1" status: 200 len: 3120 time: 0.0601184
2026-03-06 01:42:30.230 9 INFO neutron.api.v2.resource [None req-b851f899-f4df-4814-a331-98c1bf945762 d124791c745241bbbb59b8b2148a8455 791acc92e31d4587a7bcc5f969fa271a - - default default] delete failed (client error): The resource could not be found.
2026-03-06 01:42:30.232 9 INFO neutron.wsgi [None req-b851f899-f4df-4814-a331-98c1bf945762 d124791c745241bbbb59b8b2148a8455 791acc92e31d4587a7bcc5f969fa271a - - default default] 10.0.0.8 "DELETE /v2.0/security-groups/c6f6d0d7-2f4d-4d9d-b44f-960c4a683db6 HTTP/1.1" status: 404 len: 347 time: 0.0140250
2026-03-06 01:42:30.244 9 WARNING neutron_lib.context [None req-fd79e911-8726-46e5-be0d-8e17c883520e d124791c745241bbbb59b8b2148a8455 791acc92e31d4587a7bcc5f969fa271a - - default default] Method 'is_advsvc' is deprecated since 2023.2 release (neutron-lib 3.8.0) and will be removed once support for the old RBAC API policies will be removed from Neutron. Please use method 'is_service_role' instead.
2026-03-06 01:42:30.322 10 INFO neutron.wsgi [None req-08a321a8-148b-4616-b8ad-3dfae14aa019 c137bf5204334c9e898446b24dc8b96b 02801b8e0801495e95fee9a2759ed92e - - default default] 10.0.0.8 "DELETE /v2.0/security-groups/3df6a750-0675-45e2-beb5-b78f5c0910b8 HTTP/1.1" status: 204 len: 168 time: 0.3845034
2026-03-06 01:42:30.372 10 WARNING neutron.scheduler.dhcp_agent_scheduler [None req-09646ab0-344b-4793-bbea-7203083d13f9 425dba7a9de24621a3424bede74472ec 1f1f27a098fa418a86104936a04335d2 - - default default] No more DHCP agents
2026-03-06 01:42:30.374 10 WARNING neutron.api.rpc.agentnotifiers.dhcp_rpc_agent_api [None req-09646ab0-344b-4793-bbea-7203083d13f9 425dba7a9de24621a3424bede74472ec 1f1f27a098fa418a86104936a04335d2 - - default default] Unable to schedule network 8973e7f3-f708-4b91-909a-3e9bcd34a34d: no agents available; will retry on subsequent port and subnet creation events.
2026-03-06 01:42:30.391 9 INFO neutron.db.ovn_revision_numbers_db [None req-fd79e911-8726-46e5-be0d-8e17c883520e d124791c745241bbbb59b8b2148a8455 791acc92e31d4587a7bcc5f969fa271a - - default default] Successfully bumped revision number for resource 34501a47-0d94-4447-88b2-9763411d12cb (type: security_groups) to 1
2026-03-06 01:42:30.408 9 INFO neutron.db.ovn_revision_numbers_db [None req-fd79e911-8726-46e5-be0d-8e17c883520e d124791c745241bbbb59b8b2148a8455 791acc92e31d4587a7bcc5f969fa271a - - default default] Successfully bumped revision number for resource 11c540b7-9842-4613-b46d-c98b086a5334 (type: security_group_rules) to 0
2026-03-06 01:42:30.421 9 INFO neutron.db.ovn_revision_numbers_db [None req-fd79e911-8726-46e5-be0d-8e17c883520e d124791c745241bbbb59b8b2148a8455 791acc92e31d4587a7bcc5f969fa271a - - default default] Successfully bumped revision number for resource d92fb22f-5b5d-4cac-bd9e-6635e29f516c (type: security_group_rules) to 0
2026-03-06 01:42:30.447 9 INFO neutron.wsgi [None req-fd79e911-8726-46e5-be0d-8e17c883520e d124791c745241bbbb59b8b2148a8455 791acc92e31d4587a7bcc5f969fa271a - - default default] 10.0.0.8 "POST /v2.0/security-groups HTTP/1.1" status: 201 len: 1824 time: 0.2108393
2026-03-06 01:42:30.457 9 WARNING neutron_lib.context [None req-0e1049c7-fe4e-4d48-a644-e0f28e069323 d124791c745241bbbb59b8b2148a8455 791acc92e31d4587a7bcc5f969fa271a - - default default] Method 'is_advsvc' is deprecated since 2023.2 release (neutron-lib 3.8.0) and will be removed once support for the old RBAC API policies will be removed from Neutron. Please use method 'is_service_role' instead.
2026-03-06 01:42:30.459 10 INFO neutron.db.ovn_revision_numbers_db [None req-09646ab0-344b-4793-bbea-7203083d13f9 425dba7a9de24621a3424bede74472ec 1f1f27a098fa418a86104936a04335d2 - - default default] Successfully bumped revision number for resource 7eec9693-0f59-4d37-8276-c86253d900d3 (type: ports) to 1
2026-03-06 01:42:30.545 10 INFO neutron.db.ovn_revision_numbers_db [None req-09646ab0-344b-4793-bbea-7203083d13f9 425dba7a9de24621a3424bede74472ec 1f1f27a098fa418a86104936a04335d2 - - default default] Successfully bumped revision number for resource 918aca47-410f-47dc-871c-053ab9e7afee (type: networks) to 1
2026-03-06 01:42:30.624 9 INFO neutron.db.ovn_revision_numbers_db [None req-0e1049c7-fe4e-4d48-a644-e0f28e069323 d124791c745241bbbb59b8b2148a8455 791acc92e31d4587a7bcc5f969fa271a - - default default] Successfully bumped revision number for resource 0cf69f96-41a8-4aba-a4e9-77e78d73a438 (type: security_group_rules) to 0
2026-03-06 01:42:30.663 9 INFO neutron.wsgi [None req-0e1049c7-fe4e-4d48-a644-e0f28e069323 d124791c745241bbbb59b8b2148a8455 791acc92e31d4587a7bcc5f969fa271a - - default default] 10.0.0.8 "POST /v2.0/security-group-rules HTTP/1.1" status: 201 len: 800 time: 0.2102897
2026-03-06 01:42:30.687 9 INFO neutron.wsgi [None req-deb3f4f3-eca8-4995-ab07-f89e0f7ac776 d124791c745241bbbb59b8b2148a8455 791acc92e31d4587a7bcc5f969fa271a - - default default] 10.0.0.8 "GET /v2.0/security-group-rules/0cf69f96-41a8-4aba-a4e9-77e78d73a438 HTTP/1.1" status: 200 len: 795 time: 0.0186951
2026-03-06 01:42:30.718 9 INFO neutron.db.ovn_revision_numbers_db [None req-3a11bd36-c168-4ce5-ab8f-5c52c99622e9 c137bf5204334c9e898446b24dc8b96b 02801b8e0801495e95fee9a2759ed92e - - default default] Successfully bumped revision number for resource 37370880-c585-4dea-9fbf-ea4e3c6bd663 (type: security_groups) to 1
2026-03-06 01:42:30.736 9 INFO neutron.db.ovn_revision_numbers_db [None req-3a11bd36-c168-4ce5-ab8f-5c52c99622e9 c137bf5204334c9e898446b24dc8b96b 02801b8e0801495e95fee9a2759ed92e - - default default] Successfully bumped revision number for resource 504bb192-0040-414f-bcb4-53e4eaaf822c (type: security_group_rules) to 0
2026-03-06 01:42:30.740 10 WARNING neutron.scheduler.dhcp_agent_scheduler [None req-09646ab0-344b-4793-bbea-7203083d13f9 425dba7a9de24621a3424bede74472ec 1f1f27a098fa418a86104936a04335d2 - - default default] No more DHCP agents
2026-03-06 01:42:30.742 10 WARNING neutron.api.rpc.agentnotifiers.dhcp_rpc_agent_api [None req-09646ab0-344b-4793-bbea-7203083d13f9 425dba7a9de24621a3424bede74472ec 1f1f27a098fa418a86104936a04335d2 - - default default] Unable to schedule network 918aca47-410f-47dc-871c-053ab9e7afee: no agents available; will retry on subsequent port and subnet creation events.
2026-03-06 01:42:30.754 9 INFO neutron.db.ovn_revision_numbers_db [None req-3a11bd36-c168-4ce5-ab8f-5c52c99622e9 c137bf5204334c9e898446b24dc8b96b 02801b8e0801495e95fee9a2759ed92e - - default default] Successfully bumped revision number for resource 5a04dbee-9ac9-45d8-aa76-5adc88073cbf (type: security_group_rules) to 0
2026-03-06 01:42:30.773 9 INFO neutron.wsgi [None req-ac9eebf6-fc3a-4870-ae0d-3672659f7458 d124791c745241bbbb59b8b2148a8455 791acc92e31d4587a7bcc5f969fa271a - - default default] 10.0.0.8 "GET /v2.0/security-group-rules HTTP/1.1" status: 200 len: 4333 time: 0.0822327
2026-03-06 01:42:30.774 9 INFO neutron.db.ovn_revision_numbers_db [None req-3a11bd36-c168-4ce5-ab8f-5c52c99622e9 c137bf5204334c9e898446b24dc8b96b 02801b8e0801495e95fee9a2759ed92e - - default default] Successfully bumped revision number for resource 75c5e276-b90e-45bf-89e8-5c05a65e6a44 (type: security_group_rules) to 0
2026-03-06 01:42:30.786 9 INFO neutron.db.ovn_revision_numbers_db [None req-3a11bd36-c168-4ce5-ab8f-5c52c99622e9 c137bf5204334c9e898446b24dc8b96b 02801b8e0801495e95fee9a2759ed92e - - default default] Successfully bumped revision number for resource a4d1de75-6954-4a39-8e91-e701a5f79a96 (type: security_group_rules) to 0
2026-03-06 01:42:30.811 9 INFO neutron.wsgi [None req-3a11bd36-c168-4ce5-ab8f-5c52c99622e9 c137bf5204334c9e898446b24dc8b96b 02801b8e0801495e95fee9a2759ed92e - - default default] 10.0.0.8 "GET /v2.0/security-groups?tenant_id=a9ebf6db613746daa423b6b603d43014&name=default HTTP/1.1" status: 200 len: 3120 time: 0.2635653
2026-03-06 01:42:30.838 10 INFO neutron.db.ovn_revision_numbers_db [None req-09646ab0-344b-4793-bbea-7203083d13f9 425dba7a9de24621a3424bede74472ec 1f1f27a098fa418a86104936a04335d2 - - default default] Successfully bumped revision number for resource 313ea110-1b0f-4933-9f4e-7bbcfac8ff05 (type: ports) to 1
2026-03-06 01:42:30.866 10 INFO neutron.wsgi [None req-09646ab0-344b-4793-bbea-7203083d13f9 425dba7a9de24621a3424bede74472ec 1f1f27a098fa418a86104936a04335d2 - - default default] 10.0.0.8 "POST /v2.0/networks HTTP/1.1" status: 201 len: 1445 time: 1.6158106
2026-03-06 01:42:31.032 9 INFO neutron.wsgi [None req-087c24b7-7deb-4556-8c1a-85f2b2baa5b2 c137bf5204334c9e898446b24dc8b96b 02801b8e0801495e95fee9a2759ed92e - - default default] 10.0.0.8 "DELETE /v2.0/security-groups/37370880-c585-4dea-9fbf-ea4e3c6bd663 HTTP/1.1" status: 204 len: 168 time: 0.2143934
2026-03-06 01:42:31.341 10 INFO neutron.wsgi [None req-081a732f-1201-408d-9abf-6ebbfd6a2f95 425dba7a9de24621a3424bede74472ec 1f1f27a098fa418a86104936a04335d2 - - default default] 10.0.0.8 "GET /v2.0/networks HTTP/1.1" status: 200 len: 2051 time: 0.4692647
2026-03-06 01:42:31.352 10 INFO neutron.wsgi [None req-c3bbccc0-2efb-4876-8dba-04c5f9332a55 d124791c745241bbbb59b8b2148a8455 791acc92e31d4587a7bcc5f969fa271a - - default default] 10.0.0.8 "DELETE /v2.0/security-group-rules/0cf69f96-41a8-4aba-a4e9-77e78d73a438 HTTP/1.1" status: 204 len: 168 time: 0.5734766
2026-03-06 01:42:31.430 9 WARNING neutron_lib.context [None req-87aeb8c7-662e-45df-a2ee-216cb52087dc 20314330be934f348646f029adab2fe1 65bf2208406e43b194df92f6c464b0c0 - - default default] Method 'is_advsvc' is deprecated since 2023.2 release (neutron-lib 3.8.0) and will be removed once support for the old RBAC API policies will be removed from Neutron. Please use method 'is_service_role' instead.
2026-03-06 01:42:31.454 10 INFO neutron.wsgi [None req-227083e6-bf22-4e6a-b535-285a934dd903 d124791c745241bbbb59b8b2148a8455 791acc92e31d4587a7bcc5f969fa271a - - default default] 10.0.0.8 "GET /v2.0/security-group-rules HTTP/1.1" status: 200 len: 3755 time: 0.0971766
2026-03-06 01:42:31.463 10 WARNING neutron_lib.context [None req-e91c0869-f612-489d-b4b4-acdd7803695e d124791c745241bbbb59b8b2148a8455 791acc92e31d4587a7bcc5f969fa271a - - default default] Method 'is_advsvc' is deprecated since 2023.2 release (neutron-lib 3.8.0) and will be removed once support for the old RBAC API policies will be removed from Neutron. Please use method 'is_service_role' instead.
2026-03-06 01:42:31.577 10 INFO neutron.db.ovn_revision_numbers_db [None req-e91c0869-f612-489d-b4b4-acdd7803695e d124791c745241bbbb59b8b2148a8455 791acc92e31d4587a7bcc5f969fa271a - - default default] Successfully bumped revision number for resource 96858242-c493-462d-b2cb-a94b28cc7faa (type: security_group_rules) to 0
2026-03-06 01:42:31.609 10 INFO neutron.wsgi [None req-e91c0869-f612-489d-b4b4-acdd7803695e d124791c745241bbbb59b8b2148a8455 791acc92e31d4587a7bcc5f969fa271a - - default default] 10.0.0.8 "POST /v2.0/security-group-rules HTTP/1.1" status: 201 len: 800 time: 0.1507640
2026-03-06 01:42:31.617 9 INFO neutron.db.ovn_revision_numbers_db [None req-87aeb8c7-662e-45df-a2ee-216cb52087dc 20314330be934f348646f029adab2fe1 65bf2208406e43b194df92f6c464b0c0 - - default default] Successfully bumped revision number for resource 688c5a14-3915-474d-b50f-1378c99da84e (type: security_groups) to 1
2026-03-06 01:42:31.633 9 INFO neutron.db.ovn_revision_numbers_db [None req-87aeb8c7-662e-45df-a2ee-216cb52087dc 20314330be934f348646f029adab2fe1 65bf2208406e43b194df92f6c464b0c0 - - default default] Successfully bumped revision number for resource 240d3bca-5438-4df3-8260-44dcab8e2449 (type: security_group_rules) to 0
2026-03-06 01:42:31.645 10 INFO neutron.wsgi [None req-835e4933-c328-4ff3-9ddf-7ebab99bc5ce d124791c745241bbbb59b8b2148a8455 791acc92e31d4587a7bcc5f969fa271a - - default default] 10.0.0.8 "GET /v2.0/security-group-rules/96858242-c493-462d-b2cb-a94b28cc7faa HTTP/1.1" status: 200 len: 795 time: 0.0282102
2026-03-06 01:42:31.663 9 INFO neutron.db.ovn_revision_numbers_db [None req-87aeb8c7-662e-45df-a2ee-216cb52087dc 20314330be934f348646f029adab2fe1 65bf2208406e43b194df92f6c464b0c0 - - default default] Successfully bumped revision number for resource 57c13536-a7eb-48cd-800e-8973ad42837b (type: security_group_rules) to 0
2026-03-06 01:42:31.687 9 INFO neutron.db.ovn_revision_numbers_db [None req-87aeb8c7-662e-45df-a2ee-216cb52087dc 20314330be934f348646f029adab2fe1 65bf2208406e43b194df92f6c464b0c0 - - default default] Successfully bumped revision number for resource a176f3e4-bf9a-4ef0-a9fc-dccd1dbd6af9 (type: security_group_rules) to 0
2026-03-06 01:42:31.710 9 INFO neutron.db.ovn_revision_numbers_db [None req-87aeb8c7-662e-45df-a2ee-216cb52087dc 20314330be934f348646f029adab2fe1 65bf2208406e43b194df92f6c464b0c0 - - default default] Successfully bumped revision number for resource aa782b30-cb8b-4182-8c1f-4df5bcde8885 (type: security_group_rules) to 0
2026-03-06 01:42:31.730 10 INFO neutron.wsgi [None req-a7588116-7ede-4f11-b877-88ae23d1b16d d124791c745241bbbb59b8b2148a8455 791acc92e31d4587a7bcc5f969fa271a - - default default] 10.0.0.8 "GET /v2.0/security-group-rules HTTP/1.1" status: 200 len: 4333 time: 0.0737836
2026-03-06 01:42:31.759 9 INFO neutron.db.segments_db [None req-87aeb8c7-662e-45df-a2ee-216cb52087dc 20314330be934f348646f029adab2fe1 65bf2208406e43b194df92f6c464b0c0 - - default default] Added segment a4a26fd7-0291-41bf-82f2-7821e92d9ec3 of type geneve for network 8d3afefd-550a-4e6b-9aeb-35f89e50993a
2026-03-06 01:42:31.796 9 INFO neutron.services.segments.plugin [-] Segment a57bf1ed-66e1-4ecb-a6df-2a6fa49ca8bc resource provider aggregate not found
2026-03-06 01:42:31.804 9 INFO neutron.services.segments.plugin [-] Segment a57bf1ed-66e1-4ecb-a6df-2a6fa49ca8bc resource provider aggregate not found
2026-03-06 01:42:31.819 9 INFO neutron.services.segments.plugin [-] Segment a57bf1ed-66e1-4ecb-a6df-2a6fa49ca8bc resource provider not found; error: Placement Client Error (4xx): {"errors": [{"status": 404, "title": "Not Found", "detail": "The resource could not be found.\n\n No resource provider with uuid a57bf1ed-66e1-4ecb-a6df-2a6fa49ca8bc found for delete ", "request_id": "req-889fcfe4-7e8d-4ac9-b091-ed13f1009758"}]}
2026-03-06 01:42:31.828 9 INFO neutron.services.segments.plugin [-] Segment a57bf1ed-66e1-4ecb-a6df-2a6fa49ca8bc resource provider not found; error: Placement Client Error (4xx): {"errors": [{"status": 404, "title": "Not Found", "detail": "The resource could not be found.\n\n No resource provider with uuid a57bf1ed-66e1-4ecb-a6df-2a6fa49ca8bc found for delete ", "request_id": "req-8ab09f3e-5e19-46ce-8dbd-ee6beec48eca"}]}
2026-03-06 01:42:31.861 9 INFO neutron.wsgi [None req-3436c5fb-f4d6-4f1d-b54c-0e75aa350a63 425dba7a9de24621a3424bede74472ec 1f1f27a098fa418a86104936a04335d2 - - default default] 10.0.0.8 "DELETE /v2.0/networks/8973e7f3-f708-4b91-909a-3e9bcd34a34d HTTP/1.1" status: 204 len: 168 time: 0.5077813
2026-03-06 01:42:31.905 10 INFO neutron.wsgi [None req-f8e6ff83-2c58-4b97-82cb-8ab3452fa553 d124791c745241bbbb59b8b2148a8455 791acc92e31d4587a7bcc5f969fa271a - - default default] 10.0.0.8 "DELETE /v2.0/security-group-rules/96858242-c493-462d-b2cb-a94b28cc7faa HTTP/1.1" status: 204 len: 168 time: 0.1696777
2026-03-06 01:42:31.937 9 INFO neutron.db.ovn_revision_numbers_db [None req-87aeb8c7-662e-45df-a2ee-216cb52087dc 20314330be934f348646f029adab2fe1 65bf2208406e43b194df92f6c464b0c0 - - default default] Successfully bumped revision number for resource 8d3afefd-550a-4e6b-9aeb-35f89e50993a (type: networks) to 1
2026-03-06 01:42:31.979 10 INFO neutron.wsgi [None req-ad95ef8f-a5c9-45d3-b6b9-7d862aa91565 d124791c745241bbbb59b8b2148a8455 791acc92e31d4587a7bcc5f969fa271a - - default default] 10.0.0.8 "GET /v2.0/security-group-rules HTTP/1.1" status: 200 len: 3755 time: 0.0686564
2026-03-06 01:42:31.988 10 WARNING neutron_lib.context [None req-1017f929-fad1-4338-b76d-1179b50e56e6 d124791c745241bbbb59b8b2148a8455 791acc92e31d4587a7bcc5f969fa271a - - default default] Method 'is_advsvc' is deprecated since 2023.2 release (neutron-lib 3.8.0) and will be removed once support for the old RBAC API policies will be removed from Neutron. Please use method 'is_service_role' instead.
2026-03-06 01:42:32.122 9 WARNING neutron.scheduler.dhcp_agent_scheduler [None req-87aeb8c7-662e-45df-a2ee-216cb52087dc 20314330be934f348646f029adab2fe1 65bf2208406e43b194df92f6c464b0c0 - - default default] No more DHCP agents
2026-03-06 01:42:32.124 9 WARNING neutron.api.rpc.agentnotifiers.dhcp_rpc_agent_api [None req-87aeb8c7-662e-45df-a2ee-216cb52087dc 20314330be934f348646f029adab2fe1 65bf2208406e43b194df92f6c464b0c0 - - default default] Unable to schedule network 8d3afefd-550a-4e6b-9aeb-35f89e50993a: no agents available; will retry on subsequent port and subnet creation events.
2026-03-06 01:42:32.136 10 INFO neutron.db.ovn_revision_numbers_db [None req-1017f929-fad1-4338-b76d-1179b50e56e6 d124791c745241bbbb59b8b2148a8455 791acc92e31d4587a7bcc5f969fa271a - - default default] Successfully bumped revision number for resource 31605dfe-e509-4fd4-9fa6-6e9a5607be50 (type: security_group_rules) to 0
2026-03-06 01:42:32.178 10 INFO neutron.wsgi [None req-1017f929-fad1-4338-b76d-1179b50e56e6 d124791c745241bbbb59b8b2148a8455 791acc92e31d4587a7bcc5f969fa271a - - default default] 10.0.0.8 "POST /v2.0/security-group-rules HTTP/1.1" status: 201 len: 801 time: 0.1939435
2026-03-06 01:42:32.207 9 INFO neutron.wsgi [None req-db085bbd-56c8-4a15-b79d-e3c8cce366ec d124791c745241bbbb59b8b2148a8455 791acc92e31d4587a7bcc5f969fa271a - - default default] 10.0.0.8 "GET /v2.0/security-group-rules/31605dfe-e509-4fd4-9fa6-6e9a5607be50 HTTP/1.1" status: 200 len: 796 time: 0.0224638
2026-03-06 01:42:32.227 9 INFO neutron.db.ovn_revision_numbers_db [None req-87aeb8c7-662e-45df-a2ee-216cb52087dc 20314330be934f348646f029adab2fe1 65bf2208406e43b194df92f6c464b0c0 - - default default] Successfully bumped revision number for resource da71f821-ec81-476e-818d-6778c13490a9 (type: ports) to 1
2026-03-06 01:42:32.252 9 INFO neutron.wsgi [None req-87aeb8c7-662e-45df-a2ee-216cb52087dc 20314330be934f348646f029adab2fe1 65bf2208406e43b194df92f6c464b0c0 - - default default] 10.0.0.8 "POST /v2.0/networks HTTP/1.1" status: 201 len: 825 time: 1.1653721
2026-03-06 01:42:32.267 10 WARNING neutron_lib.context [None req-3e7731bd-ffef-4e1a-b7cf-001ca8896a81 20314330be934f348646f029adab2fe1 65bf2208406e43b194df92f6c464b0c0 - - default default] Method 'is_advsvc' is deprecated since 2023.2 release (neutron-lib 3.8.0) and will be removed once support for the old RBAC API policies will be removed from Neutron. Please use method 'is_service_role' instead.
2026-03-06 01:42:32.281 9 INFO neutron.wsgi [None req-6b34ec08-a51e-4d36-8cb6-4e84a52ddb6e d124791c745241bbbb59b8b2148a8455 791acc92e31d4587a7bcc5f969fa271a - - default default] 10.0.0.8 "GET /v2.0/security-group-rules HTTP/1.1" status: 200 len: 4334 time: 0.0693429
2026-03-06 01:42:32.338 10 INFO neutron.services.segments.plugin [-] Segment 03a785b9-4e6f-4994-b6f7-4e97d92cd7d2 resource provider aggregate not found
2026-03-06 01:42:32.345 10 INFO neutron.services.segments.plugin [-] Segment 03a785b9-4e6f-4994-b6f7-4e97d92cd7d2 resource provider aggregate not found
2026-03-06 01:42:32.359 10 INFO neutron.services.segments.plugin [-] Segment 03a785b9-4e6f-4994-b6f7-4e97d92cd7d2 resource provider not found; error: Placement Client Error (4xx): {"errors": [{"status": 404, "title": "Not Found", "detail": "The resource could not be found.\n\n No resource provider with uuid 03a785b9-4e6f-4994-b6f7-4e97d92cd7d2 found for delete ", "request_id": "req-2e65835a-1dc1-481f-923d-70995dd7f694"}]}
2026-03-06 01:42:32.365 10 INFO neutron.services.segments.plugin [-] Segment 03a785b9-4e6f-4994-b6f7-4e97d92cd7d2 resource provider not found; error: Placement Client Error (4xx): {"errors": [{"status": 404, "title": "Not Found", "detail": "The resource could not be found.\n\n No resource provider with uuid 03a785b9-4e6f-4994-b6f7-4e97d92cd7d2 found for delete ", "request_id": "req-6ec31685-dbfd-4c34-a13a-4ae81e21d3e5"}]}
2026-03-06 01:42:32.397 10 INFO neutron.wsgi [None req-3b45a091-aeaf-496c-ae8a-aefc4f3da869 425dba7a9de24621a3424bede74472ec 1f1f27a098fa418a86104936a04335d2 - - default default] 10.0.0.8 "DELETE /v2.0/networks/918aca47-410f-47dc-871c-053ab9e7afee HTTP/1.1" status: 204 len: 168 time: 0.5316293
2026-03-06 01:42:32.443 9 INFO neutron.wsgi [None req-8ef9a61a-683b-4fea-aef3-ea7a3b8e44db d124791c745241bbbb59b8b2148a8455 791acc92e31d4587a7bcc5f969fa271a - - default default] 10.0.0.8 "DELETE /v2.0/security-group-rules/31605dfe-e509-4fd4-9fa6-6e9a5607be50 HTTP/1.1" status: 204 len: 168 time: 0.1572921
2026-03-06 01:42:32.477 9 INFO neutron.wsgi [None req-7efbe0dc-a70a-4c4f-bc71-587dafc563be 425dba7a9de24621a3424bede74472ec 1f1f27a098fa418a86104936a04335d2 - - default default] 10.0.0.8 "GET /v2.0/networks HTTP/1.1" status: 200 len: 845 time: 0.0726662
2026-03-06 01:42:32.490 9 WARNING neutron_lib.context [None req-6025ddd6-8b6e-490f-b772-f275ed0ee57e 425dba7a9de24621a3424bede74472ec 1f1f27a098fa418a86104936a04335d2 - - default default] Method 'is_advsvc' is deprecated since 2023.2 release (neutron-lib 3.8.0) and will be removed once support for the old RBAC API policies will be removed from Neutron. Please use method 'is_service_role' instead.
2026-03-06 01:42:32.516 10 INFO neutron.wsgi [None req-5abd9157-ec9a-4e98-a0a2-203fa05dc81b d124791c745241bbbb59b8b2148a8455 791acc92e31d4587a7bcc5f969fa271a - - default default] 10.0.0.8 "GET /v2.0/security-group-rules HTTP/1.1" status: 200 len: 3755 time: 0.0674703
2026-03-06 01:42:32.583 9 INFO neutron.db.segments_db [None req-6025ddd6-8b6e-490f-b772-f275ed0ee57e 425dba7a9de24621a3424bede74472ec 1f1f27a098fa418a86104936a04335d2 - - default default] Added segment 4a8c54b6-dad6-41d6-8662-19138c1827aa of type geneve for network b24823c5-d340-4b87-8462-f2b6bcbbcb12
2026-03-06 01:42:32.589 10 WARNING neutron.scheduler.dhcp_agent_scheduler [None req-3e7731bd-ffef-4e1a-b7cf-001ca8896a81 20314330be934f348646f029adab2fe1 65bf2208406e43b194df92f6c464b0c0 - - default default] No more DHCP agents
2026-03-06 01:42:32.590 10 WARNING neutron.api.rpc.agentnotifiers.dhcp_rpc_agent_api [None req-3e7731bd-ffef-4e1a-b7cf-001ca8896a81 20314330be934f348646f029adab2fe1 65bf2208406e43b194df92f6c464b0c0 - - default default] Unable to schedule network 8d3afefd-550a-4e6b-9aeb-35f89e50993a: no agents available; will retry on subsequent port and subnet creation events.
2026-03-06 01:42:32.665 10 INFO neutron.wsgi [None req-d9d28304-a5a9-4587-9753-3e57159c7df1 d124791c745241bbbb59b8b2148a8455 791acc92e31d4587a7bcc5f969fa271a - - default default] 10.0.0.8 "DELETE /v2.0/security-groups/34501a47-0d94-4447-88b2-9763411d12cb HTTP/1.1" status: 204 len: 168 time: 0.1431873
2026-03-06 01:42:32.740 9 INFO neutron.wsgi [None req-092884d3-4f52-44df-a802-7fa3bdfb527e d124791c745241bbbb59b8b2148a8455 791acc92e31d4587a7bcc5f969fa271a - - default default] 10.0.0.8 "GET /v2.0/security-groups HTTP/1.1" status: 200 len: 3120 time: 0.0669179
2026-03-06 01:42:32.785 9 INFO neutron.db.ovn_revision_numbers_db [None req-6025ddd6-8b6e-490f-b772-f275ed0ee57e 425dba7a9de24621a3424bede74472ec 1f1f27a098fa418a86104936a04335d2 - - default default] Successfully bumped revision number for resource b24823c5-d340-4b87-8462-f2b6bcbbcb12 (type: networks) to 1
2026-03-06 01:42:32.818 9 INFO neutron.wsgi [None req-4967ab4c-f8f2-4f95-8c7e-43365e1df77a d124791c745241bbbb59b8b2148a8455 791acc92e31d4587a7bcc5f969fa271a - - default default] 10.0.0.8 "GET /v2.0/security-groups HTTP/1.1" status: 200 len: 3120 time: 0.0593653
2026-03-06 01:42:32.985 9 WARNING neutron.scheduler.dhcp_agent_scheduler [None req-6025ddd6-8b6e-490f-b772-f275ed0ee57e 425dba7a9de24621a3424bede74472ec 1f1f27a098fa418a86104936a04335d2 - - default default] No more DHCP agents
2026-03-06 01:42:32.986 9 WARNING neutron.api.rpc.agentnotifiers.dhcp_rpc_agent_api [None req-6025ddd6-8b6e-490f-b772-f275ed0ee57e 425dba7a9de24621a3424bede74472ec 1f1f27a098fa418a86104936a04335d2 - - default default] Unable to schedule network b24823c5-d340-4b87-8462-f2b6bcbbcb12: no agents available; will retry on subsequent port and subnet creation events.
2026-03-06 01:42:33.075 9 INFO neutron.db.ovn_revision_numbers_db [None req-6025ddd6-8b6e-490f-b772-f275ed0ee57e 425dba7a9de24621a3424bede74472ec 1f1f27a098fa418a86104936a04335d2 - - default default] Successfully bumped revision number for resource 4ea97d57-4e3c-4e77-bd8a-d83225e54a4c (type: ports) to 1
2026-03-06 01:42:33.100 9 INFO neutron.wsgi [None req-6025ddd6-8b6e-490f-b772-f275ed0ee57e 425dba7a9de24621a3424bede74472ec 1f1f27a098fa418a86104936a04335d2 - - default default] 10.0.0.8 "POST /v2.0/networks HTTP/1.1" status: 201 len: 853 time: 0.6148517
2026-03-06 01:42:33.108 10 INFO neutron.db.ovn_revision_numbers_db [None req-3e7731bd-ffef-4e1a-b7cf-001ca8896a81 20314330be934f348646f029adab2fe1 65bf2208406e43b194df92f6c464b0c0 - - default default] Successfully bumped revision number for resource da71f821-ec81-476e-818d-6778c13490a9 (type: ports) to 2
2026-03-06 01:42:33.114 9 WARNING neutron_lib.context [None req-bf9bd630-4d26-4ea2-9e89-3ef44ebcc111 425dba7a9de24621a3424bede74472ec 1f1f27a098fa418a86104936a04335d2 - - default default] Method 'is_advsvc' is deprecated since 2023.2 release (neutron-lib 3.8.0) and will be removed once support for the old RBAC API policies will be removed from Neutron. Please use method 'is_service_role' instead.
2026-03-06 01:42:33.138 10 INFO neutron.db.ovn_revision_numbers_db [None req-3e7731bd-ffef-4e1a-b7cf-001ca8896a81 20314330be934f348646f029adab2fe1 65bf2208406e43b194df92f6c464b0c0 - - default default] Successfully bumped revision number for resource f01517f9-5474-4eee-b189-ee969e938285 (type: subnets) to 0
2026-03-06 01:42:33.152 10 INFO neutron.wsgi [None req-3e7731bd-ffef-4e1a-b7cf-001ca8896a81 20314330be934f348646f029adab2fe1 65bf2208406e43b194df92f6c464b0c0 - - default default] 10.0.0.8 "POST /v2.0/subnets HTTP/1.1" status: 201 len: 801 time: 0.8928542
2026-03-06 01:42:33.166 10 WARNING neutron_lib.context [None req-558199f4-df8c-4c02-bffb-fc9cf3b9d909 20314330be934f348646f029adab2fe1 65bf2208406e43b194df92f6c464b0c0 - - default default] Method 'is_advsvc' is deprecated since 2023.2 release (neutron-lib 3.8.0) and will be removed once support for the old RBAC API policies will be removed from Neutron. Please use method 'is_service_role' instead.
2026-03-06 01:42:33.215 9 INFO neutron.db.segments_db [None req-bf9bd630-4d26-4ea2-9e89-3ef44ebcc111 425dba7a9de24621a3424bede74472ec 1f1f27a098fa418a86104936a04335d2 - - default default] Added segment 81019ee7-2247-4889-a3d3-7267f126ba5a of type geneve for network e490e510-2133-4cc8-995c-c14bd18784d0
2026-03-06 01:42:33.354 9 INFO neutron.db.ovn_revision_numbers_db [None req-bf9bd630-4d26-4ea2-9e89-3ef44ebcc111 425dba7a9de24621a3424bede74472ec 1f1f27a098fa418a86104936a04335d2 - - default default] Successfully bumped revision number for resource e490e510-2133-4cc8-995c-c14bd18784d0 (type: networks) to 1
2026-03-06 01:42:33.522 9 INFO neutron.wsgi [None req-2060f73c-bbaa-4435-b662-791784152812 c137bf5204334c9e898446b24dc8b96b 02801b8e0801495e95fee9a2759ed92e - - default default] 10.0.0.8 "GET /v2.0/security-groups?tenant_id=791acc92e31d4587a7bcc5f969fa271a&name=default HTTP/1.1" status: 200 len: 3120 time: 0.2325747
2026-03-06 01:42:33.541 9 WARNING neutron.scheduler.dhcp_agent_scheduler [None req-bf9bd630-4d26-4ea2-9e89-3ef44ebcc111 425dba7a9de24621a3424bede74472ec 1f1f27a098fa418a86104936a04335d2 - - default default] No more DHCP agents
2026-03-06 01:42:33.544 9 WARNING neutron.api.rpc.agentnotifiers.dhcp_rpc_agent_api [None req-bf9bd630-4d26-4ea2-9e89-3ef44ebcc111 425dba7a9de24621a3424bede74472ec 1f1f27a098fa418a86104936a04335d2 - - default default] Unable to schedule network e490e510-2133-4cc8-995c-c14bd18784d0: no agents available; will retry on subsequent port and subnet creation events.
2026-03-06 01:42:33.628 9 INFO neutron.db.ovn_revision_numbers_db [None req-bf9bd630-4d26-4ea2-9e89-3ef44ebcc111 425dba7a9de24621a3424bede74472ec 1f1f27a098fa418a86104936a04335d2 - - default default] Successfully bumped revision number for resource 75fc2917-5121-44ac-9e5b-cb655f610850 (type: ports) to 1
2026-03-06 01:42:33.672 9 INFO neutron.wsgi [None req-bf9bd630-4d26-4ea2-9e89-3ef44ebcc111 425dba7a9de24621a3424bede74472ec 1f1f27a098fa418a86104936a04335d2 - - default default] 10.0.0.8 "POST /v2.0/networks HTTP/1.1" status: 201 len: 852 time: 0.5647547
2026-03-06 01:42:33.688 9 WARNING neutron_lib.context [None req-919f9ce1-0804-46d3-9d30-9d957f09917e 425dba7a9de24621a3424bede74472ec 1f1f27a098fa418a86104936a04335d2 - - default default] Method 'is_advsvc' is deprecated since 2023.2 release (neutron-lib 3.8.0) and will be removed once support for the old RBAC API policies will be removed from Neutron. Please use method 'is_service_role' instead.
2026-03-06 01:42:33.716 10 WARNING neutron.scheduler.dhcp_agent_scheduler [None req-558199f4-df8c-4c02-bffb-fc9cf3b9d909 20314330be934f348646f029adab2fe1 65bf2208406e43b194df92f6c464b0c0 - - default default] No more DHCP agents
2026-03-06 01:42:33.720 10 WARNING neutron.api.rpc.agentnotifiers.dhcp_rpc_agent_api [None req-558199f4-df8c-4c02-bffb-fc9cf3b9d909 20314330be934f348646f029adab2fe1 65bf2208406e43b194df92f6c464b0c0 - - default default] Unable to schedule network 98cbf412-7a44-4abe-969e-76b16677fadc: no agents available; will retry on subsequent port and subnet creation events.
2026-03-06 01:42:33.731 9 WARNING neutron_lib.context [None req-919f9ce1-0804-46d3-9d30-9d957f09917e 425dba7a9de24621a3424bede74472ec 1f1f27a098fa418a86104936a04335d2 - - default default] Method 'is_advsvc' is deprecated since 2023.2 release (neutron-lib 3.8.0) and will be removed once support for the old RBAC API policies will be removed from Neutron. Please use method 'is_service_role' instead.
2026-03-06 01:42:33.896 10 INFO neutron.db.ovn_revision_numbers_db [None req-558199f4-df8c-4c02-bffb-fc9cf3b9d909 20314330be934f348646f029adab2fe1 65bf2208406e43b194df92f6c464b0c0 - - default default] Successfully bumped revision number for resource 6641f2a2-6599-49f9-ace0-85501cde8d72 (type: ports) to 1
2026-03-06 01:42:33.902 10 INFO neutron.wsgi [None req-7802c1c6-9f0c-492c-95cc-856969b14728 c137bf5204334c9e898446b24dc8b96b 02801b8e0801495e95fee9a2759ed92e - - default default] 10.0.0.8 "DELETE /v2.0/security-groups/fa53b7b0-de25-4ff9-aeb0-ae8db2343420 HTTP/1.1" status: 204 len: 168 time: 0.3723605
2026-03-06 01:42:34.187 9 WARNING neutron.scheduler.dhcp_agent_scheduler [None req-919f9ce1-0804-46d3-9d30-9d957f09917e 425dba7a9de24621a3424bede74472ec 1f1f27a098fa418a86104936a04335d2 - - default default] No more DHCP agents
2026-03-06 01:42:34.190 9 WARNING neutron.api.rpc.agentnotifiers.dhcp_rpc_agent_api [None req-919f9ce1-0804-46d3-9d30-9d957f09917e 425dba7a9de24621a3424bede74472ec 1f1f27a098fa418a86104936a04335d2 - - default default] Unable to schedule network b24823c5-d340-4b87-8462-f2b6bcbbcb12: no agents available; will retry on subsequent port and subnet creation events.
2026-03-06 01:42:34.274 9 INFO neutron.db.ovn_revision_numbers_db [None req-919f9ce1-0804-46d3-9d30-9d957f09917e 425dba7a9de24621a3424bede74472ec 1f1f27a098fa418a86104936a04335d2 - - default default] Successfully bumped revision number for resource c8332b4b-eebf-4e9c-a547-d75e20fb0e07 (type: ports) to 1
2026-03-06 01:42:34.304 9 WARNING neutron.scheduler.dhcp_agent_scheduler [None req-919f9ce1-0804-46d3-9d30-9d957f09917e 425dba7a9de24621a3424bede74472ec 1f1f27a098fa418a86104936a04335d2 - - default default] No more DHCP agents
2026-03-06 01:42:34.306 9 WARNING neutron.api.rpc.agentnotifiers.dhcp_rpc_agent_api [None req-919f9ce1-0804-46d3-9d30-9d957f09917e 425dba7a9de24621a3424bede74472ec 1f1f27a098fa418a86104936a04335d2 - - default default] Unable to schedule network e490e510-2133-4cc8-995c-c14bd18784d0: no agents available; will retry on subsequent port and subnet creation events.
2026-03-06 01:42:34.397 9 INFO neutron.db.ovn_revision_numbers_db [None req-919f9ce1-0804-46d3-9d30-9d957f09917e 425dba7a9de24621a3424bede74472ec 1f1f27a098fa418a86104936a04335d2 - - default default] Successfully bumped revision number for resource ce7bd968-e622-4a9c-843b-a081b0b3dd68 (type: ports) to 1
2026-03-06 01:42:34.425 9 INFO neutron.wsgi [None req-919f9ce1-0804-46d3-9d30-9d957f09917e 425dba7a9de24621a3424bede74472ec 1f1f27a098fa418a86104936a04335d2 - - default default] 10.0.0.8 "POST /v2.0/ports HTTP/1.1" status: 201 len: 1705 time: 0.7415285 /var/lib/openstack/lib/python3.10/site-packages/pycadf/identifier.py:71: UserWarning: Invalid uuid: neutron. To ensure interoperability, identifiers should be a valid uuid. warnings.warn(('Invalid uuid: %s. To ensure interoperability, '
2026-03-06 01:42:34.592 9 INFO neutron.wsgi [None req-2d0e1795-68e7-4654-a258-30308de77728 425dba7a9de24621a3424bede74472ec 1f1f27a098fa418a86104936a04335d2 - - default default] 10.0.0.8 "GET /v2.0/ports HTTP/1.1" status: 200 len: 3212 time: 0.1617949
2026-03-06 01:42:34.976 10 INFO neutron.plugins.ml2.drivers.ovn.mech_driver.ovsdb.commands [None req-5ba1ce5d-c531-457f-ad2b-bbdb974ca1f9 - - - - - -] Schedule LRP lrp-6641f2a2-6599-49f9-ace0-85501cde8d72 on gateway f4c9a443-8575-4a99-906a-8390a196aed9 with priority 1
2026-03-06 01:42:34.998 9 INFO neutron.plugins.ml2.drivers.ovn.mech_driver.mech_driver [None req-8ec59884-6caf-4767-9c5b-6e411e1bab11 - - - - - -] OVN reports status up for port: 6641f2a2-6599-49f9-ace0-85501cde8d72
2026-03-06 01:42:35.007 9 INFO neutron.plugins.ml2.plugin [None req-8ec59884-6caf-4767-9c5b-6e411e1bab11 - - - - - -] Attempt 1 to provision port 6641f2a2-6599-49f9-ace0-85501cde8d72
2026-03-06 01:42:35.028 10 INFO neutron.wsgi [None req-4197ff66-1b87-4feb-9100-8eca1f59ddb6 425dba7a9de24621a3424bede74472ec 1f1f27a098fa418a86104936a04335d2 - - default default] 10.0.0.8 "DELETE /v2.0/ports/c8332b4b-eebf-4e9c-a547-d75e20fb0e07 HTTP/1.1" status: 204 len: 168 time: 0.4303594
2026-03-06 01:42:35.064 10 INFO neutron.db.ovn_revision_numbers_db [None req-558199f4-df8c-4c02-bffb-fc9cf3b9d909 20314330be934f348646f029adab2fe1 65bf2208406e43b194df92f6c464b0c0 - - default default] Successfully bumped revision number for resource 6641f2a2-6599-49f9-ace0-85501cde8d72 (type: router_ports) to 1
2026-03-06 01:42:35.163 10 INFO neutron.db.ovn_revision_numbers_db [None req-558199f4-df8c-4c02-bffb-fc9cf3b9d909 20314330be934f348646f029adab2fe1 65bf2208406e43b194df92f6c464b0c0 - - default default] Successfully bumped revision number for resource e85b776b-e8bc-456f-abb9-82856819b05f (type: routers) to 2
2026-03-06 01:42:35.186 10 INFO neutron.wsgi [None req-558199f4-df8c-4c02-bffb-fc9cf3b9d909 20314330be934f348646f029adab2fe1 65bf2208406e43b194df92f6c464b0c0 - - default default] 10.0.0.8 "POST /v2.0/routers HTTP/1.1" status: 201 len: 1135 time: 2.0257554
2026-03-06 01:42:35.577 9 WARNING neutron_lib.context [None req-90d20db8-97a1-4d1f-a732-62489fdf0364 65d267c86974416484e061cccd7a1fa1 4c7e33f2a60a45ceb32a0124561174d1 - - default default] Method 'is_advsvc' is deprecated since 2023.2 release (neutron-lib 3.8.0) and will be removed once support for the old RBAC API policies will be removed from Neutron. Please use method 'is_service_role' instead.
2026-03-06 01:42:35.600 10 INFO neutron.wsgi [None req-44e17e43-7396-4ab9-8441-304d7cadfb9a 425dba7a9de24621a3424bede74472ec 1f1f27a098fa418a86104936a04335d2 - - default default] 10.0.0.8 "DELETE /v2.0/ports/ce7bd968-e622-4a9c-843b-a081b0b3dd68 HTTP/1.1" status: 204 len: 168 time: 0.5665050
2026-03-06 01:42:35.654 10 INFO neutron.wsgi [None req-c86c6862-6e4a-4ec3-9c40-876e3373a843 425dba7a9de24621a3424bede74472ec 1f1f27a098fa418a86104936a04335d2 - - default default] 10.0.0.8 "GET /v2.0/ports HTTP/1.1" status: 200 len: 1718 time: 0.0475516
2026-03-06 01:42:35.676 10 WARNING neutron_lib.context [None req-7a28f77b-a698-4bfa-a039-d818f77f5aa0 425dba7a9de24621a3424bede74472ec 1f1f27a098fa418a86104936a04335d2 - - default default] Method 'is_advsvc' is deprecated since 2023.2 release (neutron-lib 3.8.0) and will be removed once support for the old RBAC API policies will be removed from Neutron. Please use method 'is_service_role' instead.
2026-03-06 01:42:35.731 9 INFO neutron.db.ovn_revision_numbers_db [None req-90d20db8-97a1-4d1f-a732-62489fdf0364 65d267c86974416484e061cccd7a1fa1 4c7e33f2a60a45ceb32a0124561174d1 - - default default] Successfully bumped revision number for resource be732b0a-6ace-4469-890a-e3f380c5d1b2 (type: security_groups) to 1
2026-03-06 01:42:35.744 9 INFO neutron.db.ovn_revision_numbers_db [None req-90d20db8-97a1-4d1f-a732-62489fdf0364 65d267c86974416484e061cccd7a1fa1 4c7e33f2a60a45ceb32a0124561174d1 - - default default] Successfully bumped revision number for resource 3930f17a-5144-40a1-b2b5-e364484f4cb3 (type: security_group_rules) to 0
2026-03-06 01:42:35.758 9 INFO neutron.db.ovn_revision_numbers_db [None req-90d20db8-97a1-4d1f-a732-62489fdf0364 65d267c86974416484e061cccd7a1fa1 4c7e33f2a60a45ceb32a0124561174d1 - - default default] Successfully bumped revision number for resource 8ab0ecf7-3b64-4327-96bb-19d032650fb7 (type: security_group_rules) to 0
2026-03-06 01:42:35.781 9 INFO neutron.db.ovn_revision_numbers_db [None req-90d20db8-97a1-4d1f-a732-62489fdf0364 65d267c86974416484e061cccd7a1fa1 4c7e33f2a60a45ceb32a0124561174d1 - - default default] Successfully bumped revision number for resource b8c3aeaa-b009-48b2-bbe1-4bbe9e13d694 (type: security_group_rules) to 0
2026-03-06 01:42:35.783 10 INFO neutron.db.segments_db [None req-7a28f77b-a698-4bfa-a039-d818f77f5aa0 425dba7a9de24621a3424bede74472ec 1f1f27a098fa418a86104936a04335d2 - - default default] Added segment bcb46ce4-197a-4fd2-86ea-a8098659012c of type geneve for network e47c39a9-3b5f-41e2-8229-8d075fb113c6
2026-03-06 01:42:35.793 9 INFO neutron.db.ovn_revision_numbers_db [None req-90d20db8-97a1-4d1f-a732-62489fdf0364 65d267c86974416484e061cccd7a1fa1 4c7e33f2a60a45ceb32a0124561174d1 - - default default] Successfully bumped revision number for resource ee12ccd6-c6df-417e-93dc-7798d0069eba (type: security_group_rules) to 0
