2026-03-06 01:43:21.862 9 INFO neutron.wsgi [None req-ba19f580-8747-4092-8d3b-21ab92c48bdc f263af677f6a498b9f3858145436080e 1341e7107b4243219dd69b9fdc9e4335 - - default default] 10.0.0.8 "GET /v2.0/routers/278b5f2b-36b5-4d57-b5e9-cc8a4c092e89/tags HTTP/1.1" status: 200 len: 205 time: 0.0734873
2026-03-06 01:43:21.952 10 INFO neutron.wsgi [req-5d42849b-18a5-46ab-8295-0d378e9921c6 req-45b44e98-6a20-4cec-91e0-5179dd6519af a7fc42a04c71436aa025d7cc65799037 bba4eebdda7d4ea1bce7ba38630fae01 - - 44efff896278498a92dd1ea78e03d0e4 44efff896278498a92dd1ea78e03d0e4] 199.204.45.144 "GET /v2.0/ports?tenant_id=b13f5cbdb10e4c7c86a987da19229b2d&device_id=7af106a1-7312-4c20-a5b5-f6c96c0a0f12 HTTP/1.1" status: 200 len: 1407 time: 0.0884180
2026-03-06 01:43:21.959 10 INFO neutron.wsgi [None req-ac6fb936-c73e-42fd-a25b-08a872919541 f263af677f6a498b9f3858145436080e 1341e7107b4243219dd69b9fdc9e4335 - - default default] 10.0.0.8 "GET /v2.0/routers/278b5f2b-36b5-4d57-b5e9-cc8a4c092e89 HTTP/1.1" status: 200 len: 770 time: 0.0762413
2026-03-06 01:43:22.410 9 INFO neutron.wsgi [req-caad19b9-f838-408e-8c34-425754227291 req-74f1edaa-9a4e-495a-886f-28a72a7dc198 630568c38a794d699e5975a337651b08 b13f5cbdb10e4c7c86a987da19229b2d - - default default] 10.0.0.51 "GET /v2.0/ports?device_id=7af106a1-7312-4c20-a5b5-f6c96c0a0f12 HTTP/1.1" status: 200 len: 1168 time: 0.0802903
2026-03-06 01:43:22.497 9 INFO neutron.wsgi [req-caad19b9-f838-408e-8c34-425754227291 req-8a1f9768-29bd-4da5-84a1-d6ed8e8bbc14 630568c38a794d699e5975a337651b08 b13f5cbdb10e4c7c86a987da19229b2d - - default default] 10.0.0.51 "GET /v2.0/security-groups?id=89c0aaab-1825-45a3-b6ab-4e08c707e0d4&fields=id&fields=name HTTP/1.1" status: 200 len: 313 time: 0.0721283
2026-03-06 01:43:22.642 10 INFO neutron.wsgi [req-5d42849b-18a5-46ab-8295-0d378e9921c6 req-f3327cbd-0181-4346-9da9-32dd9fa52341 a7fc42a04c71436aa025d7cc65799037 bba4eebdda7d4ea1bce7ba38630fae01 - - 44efff896278498a92dd1ea78e03d0e4 44efff896278498a92dd1ea78e03d0e4] 199.204.45.144 "GET /v2.0/networks?id=60494049-b1f3-44e9-8b87-b0beedc334f5 HTTP/1.1" status: 200 len: 959 time: 0.6783235
2026-03-06 01:43:22.695 9 INFO neutron.wsgi [None req-b4a082e4-786f-47f5-b49c-8221fd48b3ca d7ccc28193b842a0b32f088c8e95c6d6 42dd9e57e3c749e4a7ad5767e1e25cb8 - - default default] 10.0.0.8 "PUT /v2.0/routers/c9dded03-1594-4f62-85c7-8a09d88c5b63/remove_router_interface HTTP/1.1" status: 200 len: 503 time: 1.5692647
2026-03-06 01:43:22.703 10 INFO neutron.wsgi [req-5d42849b-18a5-46ab-8295-0d378e9921c6 req-4e8ca27b-5588-4c6d-9dba-80fe713f9064 a7fc42a04c71436aa025d7cc65799037 bba4eebdda7d4ea1bce7ba38630fae01 - - 44efff896278498a92dd1ea78e03d0e4 44efff896278498a92dd1ea78e03d0e4] 199.204.45.144 "GET /v2.0/floatingips?fixed_ip_address=10.100.0.9&port_id=6e6fd5b5-842a-4cc9-9527-127145c08818 HTTP/1.1" status: 200 len: 217 time: 0.0407817
2026-03-06 01:43:22.728 10 INFO neutron.wsgi [None req-092bf6d4-7864-4b0e-ace7-bf4675533662 d7ccc28193b842a0b32f088c8e95c6d6 42dd9e57e3c749e4a7ad5767e1e25cb8 - - default default] 10.0.0.8 "GET /v2.0/ports?device_id=c9dded03-1594-4f62-85c7-8a09d88c5b63 HTTP/1.1" status: 200 len: 205 time: 0.0280137 /var/lib/openstack/lib/python3.10/site-packages/pycadf/identifier.py:71: UserWarning: Invalid uuid: neutron. To ensure interoperability, identifiers should be a valid uuid. warnings.warn(('Invalid uuid: %s. To ensure interoperability, '
2026-03-06 01:43:22.780 10 INFO neutron.wsgi [req-5d42849b-18a5-46ab-8295-0d378e9921c6 req-fc4f5278-dc2d-47c0-bd77-7bc1d2515a5e a7fc42a04c71436aa025d7cc65799037 bba4eebdda7d4ea1bce7ba38630fae01 - - 44efff896278498a92dd1ea78e03d0e4 44efff896278498a92dd1ea78e03d0e4] 199.204.45.144 "GET /v2.0/subnets?id=6a8069bf-f241-465e-8712-e2c9c63e07e5 HTTP/1.1" status: 200 len: 851 time: 0.0676384
2026-03-06 01:43:22.841 10 INFO neutron.wsgi [req-5d42849b-18a5-46ab-8295-0d378e9921c6 req-37917bf2-b2a4-41b5-ade7-6af03ceb4bc6 a7fc42a04c71436aa025d7cc65799037 bba4eebdda7d4ea1bce7ba38630fae01 - - 44efff896278498a92dd1ea78e03d0e4 44efff896278498a92dd1ea78e03d0e4] 199.204.45.144 "GET /v2.0/ports?network_id=60494049-b1f3-44e9-8b87-b0beedc334f5&device_owner=network%3Adhcp HTTP/1.1" status: 200 len: 210 time: 0.0388846
2026-03-06 01:43:22.988 10 INFO neutron.wsgi [req-5d42849b-18a5-46ab-8295-0d378e9921c6 req-de1f86ab-b1eb-44ca-b18f-8eb103a23469 a7fc42a04c71436aa025d7cc65799037 bba4eebdda7d4ea1bce7ba38630fae01 - - 44efff896278498a92dd1ea78e03d0e4 44efff896278498a92dd1ea78e03d0e4] 199.204.45.144 "GET /v2.0/networks/60494049-b1f3-44e9-8b87-b0beedc334f5?fields=segments HTTP/1.1" status: 200 len: 212 time: 0.1393621
2026-03-06 01:43:23.062 9 INFO neutron.wsgi [None req-dece082c-73c2-4b0b-a04f-e7eb75b79ed0 d7ccc28193b842a0b32f088c8e95c6d6 42dd9e57e3c749e4a7ad5767e1e25cb8 - - default default] 10.0.0.8 "DELETE /v2.0/routers/c9dded03-1594-4f62-85c7-8a09d88c5b63 HTTP/1.1" status: 204 len: 168 time: 0.3301566
2026-03-06 01:43:23.063 10 INFO neutron.db.ovn_revision_numbers_db [None req-038ef1d3-37e5-4a10-8378-399a70b5201c f263af677f6a498b9f3858145436080e 1341e7107b4243219dd69b9fdc9e4335 - - default default] Successfully bumped revision number for resource 278b5f2b-36b5-4d57-b5e9-cc8a4c092e89 (type: routers) to 7
2026-03-06 01:43:23.072 10 INFO neutron.wsgi [None req-038ef1d3-37e5-4a10-8378-399a70b5201c f263af677f6a498b9f3858145436080e 1341e7107b4243219dd69b9fdc9e4335 - - default default] 10.0.0.8 "PUT /v2.0/routers/278b5f2b-36b5-4d57-b5e9-cc8a4c092e89 HTTP/1.1" status: 200 len: 770 time: 1.1061609
2026-03-06 01:43:23.094 10 INFO neutron.wsgi [req-5d42849b-18a5-46ab-8295-0d378e9921c6 req-2643163b-4c44-4153-a25d-5d7bfc7df842 a7fc42a04c71436aa025d7cc65799037 bba4eebdda7d4ea1bce7ba38630fae01 - - 44efff896278498a92dd1ea78e03d0e4 44efff896278498a92dd1ea78e03d0e4] 199.204.45.144 "GET /v2.0/networks/60494049-b1f3-44e9-8b87-b0beedc334f5?fields=provider%3Aphysical_network&fields=provider%3Anetwork_type HTTP/1.1" status: 200 len: 277 time: 0.0817351
2026-03-06 01:43:23.123 9 INFO neutron.wsgi [None req-a0c784a8-57c3-4d02-8f62-857d0e59bd71 f263af677f6a498b9f3858145436080e 1341e7107b4243219dd69b9fdc9e4335 - - default default] 10.0.0.8 "GET /v2.0/ports?device_id=278b5f2b-36b5-4d57-b5e9-cc8a4c092e89 HTTP/1.1" status: 200 len: 205 time: 0.0388772
2026-03-06 01:43:23.166 9 INFO neutron.plugins.ml2.drivers.ovn.mech_driver.ovsdb.commands [None req-2a130bcd-d1b2-4818-a4ba-2984cab633a1 - - - - - -] Schedule LRP lrp-f8e1ac81-fd62-4b6b-ab50-7fd7d110847f on gateway f4c9a443-8575-4a99-906a-8390a196aed9 with priority 1
2026-03-06 01:43:23.232 9 INFO neutron.db.ovn_revision_numbers_db [None req-4ce47371-e289-438c-9aa4-512256115f4c 20314330be934f348646f029adab2fe1 65bf2208406e43b194df92f6c464b0c0 - - default default] Successfully bumped revision number for resource f8e1ac81-fd62-4b6b-ab50-7fd7d110847f (type: router_ports) to 1
2026-03-06 01:43:23.313 9 INFO neutron.db.ovn_revision_numbers_db [None req-4ce47371-e289-438c-9aa4-512256115f4c 20314330be934f348646f029adab2fe1 65bf2208406e43b194df92f6c464b0c0 - - default default] Successfully bumped revision number for resource c8c7d7b3-b549-456d-9381-48de7ba4f664 (type: routers) to 2
2026-03-06 01:43:23.320 9 INFO neutron.wsgi [None req-3e3d70f7-1e5a-4bba-8617-25b50f6d20fd d7ccc28193b842a0b32f088c8e95c6d6 42dd9e57e3c749e4a7ad5767e1e25cb8 - - default default] 10.0.0.8 "DELETE /v2.0/subnets/833d6d96-706f-4cb0-96a4-1595ac70cfff HTTP/1.1" status: 204 len: 168 time: 0.2512503
2026-03-06 01:43:23.334 9 INFO neutron.wsgi [None req-4ce47371-e289-438c-9aa4-512256115f4c 20314330be934f348646f029adab2fe1 65bf2208406e43b194df92f6c464b0c0 - - default default] 10.0.0.8 "POST /v2.0/routers HTTP/1.1" status: 201 len: 1136 time: 3.3542507
2026-03-06 01:43:23.429 10 INFO neutron.wsgi [None req-9768d152-0fce-4a72-935b-4c7038a0b30d f263af677f6a498b9f3858145436080e 1341e7107b4243219dd69b9fdc9e4335 - - default default] 10.0.0.8 "DELETE /v2.0/routers/278b5f2b-36b5-4d57-b5e9-cc8a4c092e89 HTTP/1.1" status: 204 len: 168 time: 0.3003731
2026-03-06 01:43:23.505 9 INFO neutron.wsgi [None req-216d1469-4734-4bcc-82b0-7d3a0bed487b d7ccc28193b842a0b32f088c8e95c6d6 42dd9e57e3c749e4a7ad5767e1e25cb8 - - default default] 10.0.0.8 "DELETE /v2.0/subnets/0d17672a-f2ca-48ae-b63f-2dea9abb4c99 HTTP/1.1" status: 204 len: 168 time: 0.1799603
2026-03-06 01:43:23.697 10 INFO neutron.wsgi [req-37eb5ae4-d86e-46c2-906a-41eef95178e6 req-fdc0008f-6048-4a82-bfb6-5546d8d40d96 630568c38a794d699e5975a337651b08 b13f5cbdb10e4c7c86a987da19229b2d - - default default] 10.0.0.51 "GET /v2.0/ports?device_id=7af106a1-7312-4c20-a5b5-f6c96c0a0f12 HTTP/1.1" status: 200 len: 1168 time: 0.1330523
2026-03-06 01:43:23.801 10 INFO neutron.wsgi [req-37eb5ae4-d86e-46c2-906a-41eef95178e6 req-0c170ec4-eb09-4171-bc3c-d0d2244a5dc5 630568c38a794d699e5975a337651b08 b13f5cbdb10e4c7c86a987da19229b2d - - default default] 10.0.0.51 "GET /v2.0/security-groups?id=89c0aaab-1825-45a3-b6ab-4e08c707e0d4&fields=id&fields=name HTTP/1.1" status: 200 len: 313 time: 0.0817261
2026-03-06 01:43:24.368 9 INFO neutron.db.ovn_revision_numbers_db [None req-78ca4aa0-7493-4844-9ed3-1ab2412c1bdf c137bf5204334c9e898446b24dc8b96b 02801b8e0801495e95fee9a2759ed92e - - default default] Successfully bumped revision number for resource 76503459-5069-41e3-9e0e-539e950c9267 (type: security_groups) to 1
2026-03-06 01:43:24.383 9 INFO neutron.db.ovn_revision_numbers_db [None req-78ca4aa0-7493-4844-9ed3-1ab2412c1bdf c137bf5204334c9e898446b24dc8b96b 02801b8e0801495e95fee9a2759ed92e - - default default] Successfully bumped revision number for resource 6e922c29-7359-4849-beca-934578bf3ac0 (type: security_group_rules) to 0
2026-03-06 01:43:24.398 9 WARNING neutron.plugins.ml2.drivers.ovn.mech_driver.ovsdb.ovn_client [None req-8ec59884-6caf-4767-9c5b-6e411e1bab11 - - - - - -] No port found with ID 0523094e-baa8-4383-bc85-3f4bed6511eb: RuntimeError: No port found with ID 0523094e-baa8-4383-bc85-3f4bed6511eb
2026-03-06 01:43:24.399 9 INFO neutron.plugins.ml2.drivers.ovn.mech_driver.mech_driver [None req-8ec59884-6caf-4767-9c5b-6e411e1bab11 - - - - - -] OVN reports status up for port: 6e6fd5b5-842a-4cc9-9527-127145c08818
2026-03-06 01:43:24.410 9 INFO neutron.db.ovn_revision_numbers_db [None req-78ca4aa0-7493-4844-9ed3-1ab2412c1bdf c137bf5204334c9e898446b24dc8b96b 02801b8e0801495e95fee9a2759ed92e - - default default] Successfully bumped revision number for resource 82754718-0461-40b4-8d91-6782a35c413c (type: security_group_rules) to 0
2026-03-06 01:43:24.411 9 INFO neutron.plugins.ml2.plugin [None req-8ec59884-6caf-4767-9c5b-6e411e1bab11 - - - - - -] Attempt 1 to provision port 6e6fd5b5-842a-4cc9-9527-127145c08818
2026-03-06 01:43:24.437 9 INFO neutron.db.ovn_revision_numbers_db [None req-78ca4aa0-7493-4844-9ed3-1ab2412c1bdf c137bf5204334c9e898446b24dc8b96b 02801b8e0801495e95fee9a2759ed92e - - default default] Successfully bumped revision number for resource a7633df6-813c-4218-ac01-c529dbcb09fa (type: security_group_rules) to 0
2026-03-06 01:43:24.454 10 INFO neutron.services.segments.plugin [-] Segment ebfcff75-82b7-4d61-b053-8d1ed2e8f5b9 resource provider aggregate not found
2026-03-06 01:43:24.463 10 INFO neutron.services.segments.plugin [-] Segment ebfcff75-82b7-4d61-b053-8d1ed2e8f5b9 resource provider aggregate not found
2026-03-06 01:43:24.467 9 INFO neutron.db.ovn_revision_numbers_db [None req-78ca4aa0-7493-4844-9ed3-1ab2412c1bdf c137bf5204334c9e898446b24dc8b96b 02801b8e0801495e95fee9a2759ed92e - - default default] Successfully bumped revision number for resource c0537165-fbf2-44eb-ab61-2c98a7c5e385 (type: security_group_rules) to 0
2026-03-06 01:43:24.470 10 INFO neutron.services.segments.plugin [-] Segment ebfcff75-82b7-4d61-b053-8d1ed2e8f5b9 resource provider not found; error: Placement Client Error (4xx): {"errors": [{"status": 404, "title": "Not Found", "detail": "The resource could not be found.\n\n No resource provider with uuid ebfcff75-82b7-4d61-b053-8d1ed2e8f5b9 found for delete ", "request_id": "req-ce062712-7d22-4fe2-8d06-f631f423d146"}]}
2026-03-06 01:43:24.488 10 INFO neutron.services.segments.plugin [-] Segment ebfcff75-82b7-4d61-b053-8d1ed2e8f5b9 resource provider not found; error: Placement Client Error (4xx): {"errors": [{"status": 404, "title": "Not Found", "detail": "The resource could not be found.\n\n No resource provider with uuid ebfcff75-82b7-4d61-b053-8d1ed2e8f5b9 found for delete ", "request_id": "req-bd6b8791-35c4-410c-b7aa-c0e3298ca3f5"}]}
2026-03-06 01:43:24.512 9 INFO neutron.wsgi [None req-78ca4aa0-7493-4844-9ed3-1ab2412c1bdf c137bf5204334c9e898446b24dc8b96b 02801b8e0801495e95fee9a2759ed92e - - default default] 10.0.0.8 "GET /v2.0/security-groups?tenant_id=1341e7107b4243219dd69b9fdc9e4335&name=default HTTP/1.1" status: 200 len: 3120 time: 0.3744054
2026-03-06 01:43:24.551 10 INFO neutron.wsgi [None req-558d403e-ca86-474c-916f-98b1d9cba7e4 d7ccc28193b842a0b32f088c8e95c6d6 42dd9e57e3c749e4a7ad5767e1e25cb8 - - default default] 10.0.0.8 "DELETE /v2.0/networks/49146ebf-8aa1-4ff0-901f-1b5b0e386780 HTTP/1.1" status: 204 len: 168 time: 1.0399170
2026-03-06 01:43:24.596 9 INFO neutron.notifiers.nova [-] Nova event matching ['req-4224987f-0142-4ec2-a8fd-8dc6db8c82fb'] response: {'server_uuid': '7af106a1-7312-4c20-a5b5-f6c96c0a0f12', 'name': 'network-vif-plugged', 'status': 'completed', 'tag': '6e6fd5b5-842a-4cc9-9527-127145c08818', 'code': 200}
2026-03-06 01:43:24.646 10 WARNING neutron.scheduler.dhcp_agent_scheduler [None req-ee7e91f8-2404-459f-818a-afe3a7907d07 20314330be934f348646f029adab2fe1 65bf2208406e43b194df92f6c464b0c0 - - default default] No more DHCP agents
2026-03-06 01:43:24.654 10 WARNING neutron.api.rpc.agentnotifiers.dhcp_rpc_agent_api [None req-ee7e91f8-2404-459f-818a-afe3a7907d07 20314330be934f348646f029adab2fe1 65bf2208406e43b194df92f6c464b0c0 - - default default] Unable to schedule network 4d53629c-d5fc-412c-94a9-f2da9802c09d: no agents available; will retry on subsequent port and subnet creation events.
2026-03-06 01:43:24.752 9 INFO neutron.db.ovn_revision_numbers_db [None req-8ec59884-6caf-4767-9c5b-6e411e1bab11 - - - - - -] Successfully bumped revision number for resource 6e6fd5b5-842a-4cc9-9527-127145c08818 (type: ports) to 4
2026-03-06 01:43:24.795 9 INFO neutron.plugins.ml2.drivers.ovn.mech_driver.mech_driver [None req-8ec59884-6caf-4767-9c5b-6e411e1bab11 - - - - - -] OVN reports status up for port: f8e1ac81-fd62-4b6b-ab50-7fd7d110847f
2026-03-06 01:43:24.807 9 INFO neutron.plugins.ml2.plugin [None req-8ec59884-6caf-4767-9c5b-6e411e1bab11 - - - - - -] Attempt 1 to provision port f8e1ac81-fd62-4b6b-ab50-7fd7d110847f
2026-03-06 01:43:24.920 10 INFO neutron.wsgi [req-feaadd90-aea0-48cf-a56d-403b30e66c9b req-11603f29-0499-4ccd-9087-6a9d8906d86a 630568c38a794d699e5975a337651b08 b13f5cbdb10e4c7c86a987da19229b2d - - default default] 10.0.0.51 "GET /v2.0/ports?device_id=7af106a1-7312-4c20-a5b5-f6c96c0a0f12 HTTP/1.1" status: 200 len: 1170 time: 0.0571055
2026-03-06 01:43:24.962 10 INFO neutron.db.ovn_revision_numbers_db [None req-ee7e91f8-2404-459f-818a-afe3a7907d07 20314330be934f348646f029adab2fe1 65bf2208406e43b194df92f6c464b0c0 - - default default] Successfully bumped revision number for resource 9eb7337b-588d-4b3d-9008-b9acb2770927 (type: ports) to 1
2026-03-06 01:43:24.998 10 INFO neutron.wsgi [req-feaadd90-aea0-48cf-a56d-403b30e66c9b req-dc482052-fc69-4a3e-a0b4-86b5a2ca0807 630568c38a794d699e5975a337651b08 b13f5cbdb10e4c7c86a987da19229b2d - - default default] 10.0.0.51 "GET /v2.0/security-groups?id=89c0aaab-1825-45a3-b6ab-4e08c707e0d4&fields=id&fields=name HTTP/1.1" status: 200 len: 313 time: 0.0629895
2026-03-06 01:43:25.039 10 INFO neutron.wsgi [None req-d07114f2-aa36-4cdd-8d2f-21200c9b2e9c c137bf5204334c9e898446b24dc8b96b 02801b8e0801495e95fee9a2759ed92e - - default default] 10.0.0.8 "DELETE /v2.0/security-groups/76503459-5069-41e3-9e0e-539e950c9267 HTTP/1.1" status: 204 len: 168 time: 0.5157104 /var/lib/openstack/lib/python3.10/site-packages/pycadf/identifier.py:71: UserWarning: Invalid uuid: neutron. To ensure interoperability, identifiers should be a valid uuid. warnings.warn(('Invalid uuid: %s. To ensure interoperability, '
2026-03-06 01:43:25.123 9 INFO neutron.wsgi [req-3af84405-9a0c-4d5b-b363-0d18288ee26e req-1b7cb88b-71f9-4018-b5f7-594ac3ec7738 630568c38a794d699e5975a337651b08 b13f5cbdb10e4c7c86a987da19229b2d - - default default] 10.0.0.51 "GET /v2.0/ports?device_id=7af106a1-7312-4c20-a5b5-f6c96c0a0f12 HTTP/1.1" status: 200 len: 1170 time: 0.0456128
2026-03-06 01:43:25.178 9 INFO neutron.wsgi [req-3af84405-9a0c-4d5b-b363-0d18288ee26e req-2c74eb0b-a2f2-4735-801a-8d53dffe838b 630568c38a794d699e5975a337651b08 b13f5cbdb10e4c7c86a987da19229b2d - - default default] 10.0.0.51 "GET /v2.0/security-groups?id=89c0aaab-1825-45a3-b6ab-4e08c707e0d4&fields=id&fields=name HTTP/1.1" status: 200 len: 313 time: 0.0449140
2026-03-06 01:43:25.252 9 INFO neutron.wsgi [None req-01efa7f7-9346-46f5-81ae-9eab0459f9b6 d4d7d17b26594004b597a76b1fd75263 8c159df9a6154f5c93e6f62d066521f0 - - default default] 10.0.0.8 "GET /v2.0/ports?device_id=7af106a1-7312-4c20-a5b5-f6c96c0a0f12 HTTP/1.1" status: 200 len: 1404 time: 0.0400159
2026-03-06 01:43:25.301 10 INFO neutron.wsgi [None req-001571ee-6e49-48af-9ab1-d7740cec37c9 d7ccc28193b842a0b32f088c8e95c6d6 42dd9e57e3c749e4a7ad5767e1e25cb8 - - default default] 10.0.0.8 "DELETE /v2.0/networks/e84ea9fb-2593-4f91-8455-16c7fe65e21a HTTP/1.1" status: 204 len: 168 time: 0.7402611
2026-03-06 01:43:25.314 10 WARNING neutron_lib.context [None req-26809fed-578f-4321-92cb-3d3deb9bdb17 d7ccc28193b842a0b32f088c8e95c6d6 42dd9e57e3c749e4a7ad5767e1e25cb8 - - default default] Method 'is_advsvc' is deprecated since 2023.2 release (neutron-lib 3.8.0) and will be removed once support for the old RBAC API policies will be removed from Neutron. Please use method 'is_service_role' instead.
2026-03-06 01:43:25.338 10 INFO neutron.db.ovn_revision_numbers_db [None req-8364e7af-37cf-4034-b05c-9a11af925ad8 c137bf5204334c9e898446b24dc8b96b 02801b8e0801495e95fee9a2759ed92e - - default default] Successfully bumped revision number for resource b3879d70-5791-49ee-9ed5-81bc5f0a83a4 (type: security_groups) to 1
2026-03-06 01:43:25.360 10 INFO neutron.db.ovn_revision_numbers_db [None req-8364e7af-37cf-4034-b05c-9a11af925ad8 c137bf5204334c9e898446b24dc8b96b 02801b8e0801495e95fee9a2759ed92e - - default default] Successfully bumped revision number for resource 53e1b6b5-a6cd-4da0-9134-6e29cf357474 (type: security_group_rules) to 0
2026-03-06 01:43:25.385 10 INFO neutron.db.ovn_revision_numbers_db [None req-8364e7af-37cf-4034-b05c-9a11af925ad8 c137bf5204334c9e898446b24dc8b96b 02801b8e0801495e95fee9a2759ed92e - - default default] Successfully bumped revision number for resource a4891ba9-5960-4f16-bc54-81ab0e84653f (type: security_group_rules) to 0
2026-03-06 01:43:25.413 10 INFO neutron.db.ovn_revision_numbers_db [None req-8364e7af-37cf-4034-b05c-9a11af925ad8 c137bf5204334c9e898446b24dc8b96b 02801b8e0801495e95fee9a2759ed92e - - default default] Successfully bumped revision number for resource a9aced4f-06e4-4c9a-bf34-23252f6ce8c7 (type: security_group_rules) to 0
2026-03-06 01:43:25.442 10 INFO neutron.db.segments_db [None req-26809fed-578f-4321-92cb-3d3deb9bdb17 d7ccc28193b842a0b32f088c8e95c6d6 42dd9e57e3c749e4a7ad5767e1e25cb8 - - default default] Added segment 1a1ea773-b102-46dd-a807-470a6e729c62 of type geneve for network 464b4330-e66c-4491-946b-b2fd3c70a896
2026-03-06 01:43:25.446 10 INFO neutron.db.ovn_revision_numbers_db [None req-8364e7af-37cf-4034-b05c-9a11af925ad8 c137bf5204334c9e898446b24dc8b96b 02801b8e0801495e95fee9a2759ed92e - - default default] Successfully bumped revision number for resource cd4f5a36-bec4-4121-8e6f-8ebdb58b35ef (type: security_group_rules) to 0
2026-03-06 01:43:25.490 10 INFO neutron.wsgi [None req-8364e7af-37cf-4034-b05c-9a11af925ad8 c137bf5204334c9e898446b24dc8b96b 02801b8e0801495e95fee9a2759ed92e - - default default] 10.0.0.8 "GET /v2.0/security-groups?tenant_id=62df46a0f79f41e28f37b13c493ad387&name=default HTTP/1.1" status: 200 len: 3120 time: 0.3500605
2026-03-06 01:43:25.694 10 INFO neutron.db.ovn_revision_numbers_db [None req-26809fed-578f-4321-92cb-3d3deb9bdb17 d7ccc28193b842a0b32f088c8e95c6d6 42dd9e57e3c749e4a7ad5767e1e25cb8 - - default default] Successfully bumped revision number for resource 464b4330-e66c-4491-946b-b2fd3c70a896 (type: networks) to 1
2026-03-06 01:43:25.931 10 ERROR ovsdbapp.backend.ovs_idl.command [None req-ee7e91f8-2404-459f-818a-afe3a7907d07 20314330be934f348646f029adab2fe1 65bf2208406e43b194df92f6c464b0c0 - - default default] Error executing command (DbGetCommand): ovsdbapp.backend.ovs_idl.idlutils.RowNotFound: Cannot find Logical_Router_Port with name=lrp-9eb7337b-588d-4b3d-9008-b9acb2770927
2026-03-06 01:43:25.931 10 ERROR ovsdbapp.backend.ovs_idl.command
Traceback (most recent call last):
2026-03-06 01:43:25.931 10 ERROR ovsdbapp.backend.ovs_idl.command
File "/var/lib/openstack/lib/python3.10/site-packages/ovsdbapp/backend/ovs_idl/command.py", line 47, in execute
2026-03-06 01:43:25.931 10 ERROR ovsdbapp.backend.ovs_idl.command self.run_idl(None)
2026-03-06 01:43:25.931 10 ERROR ovsdbapp.backend.ovs_idl.command
File "/var/lib/openstack/lib/python3.10/site-packages/ovsdbapp/backend/ovs_idl/command.py", line 235, in run_idl
2026-03-06 01:43:25.931 10 ERROR ovsdbapp.backend.ovs_idl.command record = self.api.lookup(self.table, self.record)
2026-03-06 01:43:25.931 10 ERROR ovsdbapp.backend.ovs_idl.command
File "/var/lib/openstack/lib/python3.10/site-packages/ovsdbapp/backend/ovs_idl/__init__.py", line 184, in lookup
2026-03-06 01:43:25.931 10 ERROR ovsdbapp.backend.ovs_idl.command return self._lookup(table, record)
2026-03-06 01:43:25.931 10 ERROR ovsdbapp.backend.ovs_idl.command
File "/var/lib/openstack/lib/python3.10/site-packages/ovsdbapp/backend/ovs_idl/__init__.py", line 235, in _lookup
2026-03-06 01:43:25.931 10 ERROR ovsdbapp.backend.ovs_idl.command row = idlutils.row_by_value(self, rl.table, rl.column, record)
2026-03-06 01:43:25.931 10 ERROR ovsdbapp.backend.ovs_idl.command
File "/var/lib/openstack/lib/python3.10/site-packages/ovsdbapp/backend/ovs_idl/idlutils.py", line 114, in row_by_value
2026-03-06 01:43:25.931 10 ERROR ovsdbapp.backend.ovs_idl.command raise RowNotFound(table=table, col=column, match=match)
2026-03-06 01:43:25.931 10 ERROR ovsdbapp.backend.ovs_idl.command ovsdbapp.backend.ovs_idl.idlutils.RowNotFound: Cannot find Logical_Router_Port with name=lrp-9eb7337b-588d-4b3d-9008-b9acb2770927
2026-03-06 01:43:25.931 10 ERROR ovsdbapp.backend.ovs_idl.command 
2026-03-06 01:43:25.932 10 ERROR neutron_lib.callbacks.manager [None req-ee7e91f8-2404-459f-818a-afe3a7907d07 20314330be934f348646f029adab2fe1 65bf2208406e43b194df92f6c464b0c0 - - default default] Error during notification for neutron.services.ovn_l3.plugin.OVNL3RouterPlugin._port_update-8762385418982 port, after_update: ovsdbapp.backend.ovs_idl.idlutils.RowNotFound: Cannot find Logical_Router_Port with name=lrp-9eb7337b-588d-4b3d-9008-b9acb2770927
2026-03-06 01:43:25.932 10 ERROR neutron_lib.callbacks.manager
Traceback (most recent call last):
2026-03-06 01:43:25.932 10 ERROR neutron_lib.callbacks.manager
File "/var/lib/openstack/lib/python3.10/site-packages/neutron_lib/callbacks/manager.py", line 189, in _notify_loop
2026-03-06 01:43:25.932 10 ERROR neutron_lib.callbacks.manager callback.method(resource, event, trigger, payload=payload)
2026-03-06 01:43:25.932 10 ERROR neutron_lib.callbacks.manager
File "/var/lib/openstack/lib/python3.10/site-packages/neutron/services/ovn_l3/plugin.py", line 391, in _port_update
2026-03-06 01:43:25.932 10 ERROR neutron_lib.callbacks.manager l3plugin._ovn_client.update_router_port(context,
2026-03-06 01:43:25.932 10 ERROR neutron_lib.callbacks.manager
File "/var/lib/openstack/lib/python3.10/site-packages/neutron/plugins/ml2/drivers/ovn/mech_driver/ovsdb/ovn_client.py", line 1878, in update_router_port
2026-03-06 01:43:25.932 10 ERROR neutron_lib.callbacks.manager self._update_lrouter_port(context, port, if_exists=if_exists,
2026-03-06 01:43:25.932 10 ERROR neutron_lib.callbacks.manager
File "/var/lib/openstack/lib/python3.10/site-packages/neutron/plugins/ml2/drivers/ovn/mech_driver/ovsdb/ovn_client.py", line 1855, in _update_lrouter_port
2026-03-06 01:43:25.932 10 ERROR neutron_lib.callbacks.manager external_ids = self._nb_idl.db_get(
2026-03-06 01:43:25.932 10 ERROR neutron_lib.callbacks.manager
File "/var/lib/openstack/lib/python3.10/site-packages/ovsdbapp/backend/ovs_idl/command.py", line 47, in execute
2026-03-06 01:43:25.932 10 ERROR neutron_lib.callbacks.manager self.run_idl(None)
2026-03-06 01:43:25.932 10 ERROR neutron_lib.callbacks.manager
File "/var/lib/openstack/lib/python3.10/site-packages/ovsdbapp/backend/ovs_idl/command.py", line 235, in run_idl
2026-03-06 01:43:25.932 10 ERROR neutron_lib.callbacks.manager record = self.api.lookup(self.table, self.record)
2026-03-06 01:43:25.932 10 ERROR neutron_lib.callbacks.manager
File "/var/lib/openstack/lib/python3.10/site-packages/ovsdbapp/backend/ovs_idl/__init__.py", line 184, in lookup
2026-03-06 01:43:25.932 10 ERROR neutron_lib.callbacks.manager return self._lookup(table, record)
2026-03-06 01:43:25.932 10 ERROR neutron_lib.callbacks.manager
File "/var/lib/openstack/lib/python3.10/site-packages/ovsdbapp/backend/ovs_idl/__init__.py", line 235, in _lookup
2026-03-06 01:43:25.932 10 ERROR neutron_lib.callbacks.manager row = idlutils.row_by_value(self, rl.table, rl.column, record)
2026-03-06 01:43:25.932 10 ERROR neutron_lib.callbacks.manager
File "/var/lib/openstack/lib/python3.10/site-packages/ovsdbapp/backend/ovs_idl/idlutils.py", line 114, in row_by_value
2026-03-06 01:43:25.932 10 ERROR neutron_lib.callbacks.manager raise RowNotFound(table=table, col=column, match=match)
2026-03-06 01:43:25.932 10 ERROR neutron_lib.callbacks.manager ovsdbapp.backend.ovs_idl.idlutils.RowNotFound: Cannot find Logical_Router_Port with name=lrp-9eb7337b-588d-4b3d-9008-b9acb2770927
2026-03-06 01:43:25.932 10 ERROR neutron_lib.callbacks.manager 
2026-03-06 01:43:25.971 10 INFO neutron.wsgi [None req-24816db8-1714-45d1-b322-d1a01c695b96 c137bf5204334c9e898446b24dc8b96b 02801b8e0801495e95fee9a2759ed92e - - default default] 10.0.0.8 "DELETE /v2.0/security-groups/b3879d70-5791-49ee-9ed5-81bc5f0a83a4 HTTP/1.1" status: 204 len: 168 time: 0.4694073
2026-03-06 01:43:25.978 10 WARNING neutron.scheduler.dhcp_agent_scheduler [None req-26809fed-578f-4321-92cb-3d3deb9bdb17 d7ccc28193b842a0b32f088c8e95c6d6 42dd9e57e3c749e4a7ad5767e1e25cb8 - - default default] No more DHCP agents
2026-03-06 01:43:25.987 10 WARNING neutron.api.rpc.agentnotifiers.dhcp_rpc_agent_api [None req-26809fed-578f-4321-92cb-3d3deb9bdb17 d7ccc28193b842a0b32f088c8e95c6d6 42dd9e57e3c749e4a7ad5767e1e25cb8 - - default default] Unable to schedule network 464b4330-e66c-4491-946b-b2fd3c70a896: no agents available; will retry on subsequent port and subnet creation events.
2026-03-06 01:43:26.090 10 INFO neutron.db.ovn_revision_numbers_db [None req-26809fed-578f-4321-92cb-3d3deb9bdb17 d7ccc28193b842a0b32f088c8e95c6d6 42dd9e57e3c749e4a7ad5767e1e25cb8 - - default default] Successfully bumped revision number for resource 89a80c13-b5a9-4837-b17c-9a401cc9b214 (type: ports) to 1
2026-03-06 01:43:26.113 10 INFO neutron.wsgi [None req-26809fed-578f-4321-92cb-3d3deb9bdb17 d7ccc28193b842a0b32f088c8e95c6d6 42dd9e57e3c749e4a7ad5767e1e25cb8 - - default default] 10.0.0.8 "POST /v2.0/networks HTTP/1.1" status: 201 len: 831 time: 0.8023283
2026-03-06 01:43:26.127 9 WARNING neutron_lib.context [None req-8ed9e496-434f-4764-9fd3-d26a326e32bf d7ccc28193b842a0b32f088c8e95c6d6 42dd9e57e3c749e4a7ad5767e1e25cb8 - - default default] Method 'is_advsvc' is deprecated since 2023.2 release (neutron-lib 3.8.0) and will be removed once support for the old RBAC API policies will be removed from Neutron. Please use method 'is_service_role' instead.
2026-03-06 01:43:26.451 9 INFO neutron.db.ovn_revision_numbers_db [None req-aa1d3f8e-c49a-4ef7-9122-dc3e83bc40e2 630568c38a794d699e5975a337651b08 b13f5cbdb10e4c7c86a987da19229b2d - - default default] Successfully bumped revision number for resource 7cebe763-b706-499e-b4ee-7414b551ce0c (type: floatingips) to 4
2026-03-06 01:43:26.521 9 WARNING neutron.scheduler.dhcp_agent_scheduler [None req-8ed9e496-434f-4764-9fd3-d26a326e32bf d7ccc28193b842a0b32f088c8e95c6d6 42dd9e57e3c749e4a7ad5767e1e25cb8 - - default default] No more DHCP agents
2026-03-06 01:43:26.525 9 WARNING neutron.api.rpc.agentnotifiers.dhcp_rpc_agent_api [None req-8ed9e496-434f-4764-9fd3-d26a326e32bf d7ccc28193b842a0b32f088c8e95c6d6 42dd9e57e3c749e4a7ad5767e1e25cb8 - - default default] Unable to schedule network 464b4330-e66c-4491-946b-b2fd3c70a896: no agents available; will retry on subsequent port and subnet creation events.
2026-03-06 01:43:26.538 10 INFO neutron.plugins.ml2.drivers.ovn.mech_driver.mech_driver [None req-6543edd4-0e35-4cb3-818b-61de28e5ba93 - - - - - -] OVN reports status up for port: 9eb7337b-588d-4b3d-9008-b9acb2770927
2026-03-06 01:43:26.556 10 INFO neutron.plugins.ml2.plugin [None req-6543edd4-0e35-4cb3-818b-61de28e5ba93 - - - - - -] Attempt 1 to provision port 9eb7337b-588d-4b3d-9008-b9acb2770927
2026-03-06 01:43:26.572 10 INFO neutron.services.segments.plugin [-] Segment 0150ba77-149a-49e1-b2ac-69a2db3c8669 resource provider aggregate not found
2026-03-06 01:43:26.576 9 INFO neutron.db.ovn_revision_numbers_db [None req-8ed9e496-434f-4764-9fd3-d26a326e32bf d7ccc28193b842a0b32f088c8e95c6d6 42dd9e57e3c749e4a7ad5767e1e25cb8 - - default default] Successfully bumped revision number for resource 1845807a-d056-4d88-bcff-9422fcd425ee (type: subnets) to 0
2026-03-06 01:43:26.581 10 INFO neutron.services.segments.plugin [-] Segment 0150ba77-149a-49e1-b2ac-69a2db3c8669 resource provider aggregate not found
2026-03-06 01:43:26.592 10 INFO neutron.db.ovn_revision_numbers_db [None req-ee7e91f8-2404-459f-818a-afe3a7907d07 20314330be934f348646f029adab2fe1 65bf2208406e43b194df92f6c464b0c0 - - default default] Successfully bumped revision number for resource 9eb7337b-588d-4b3d-9008-b9acb2770927 (type: ports) to 1
2026-03-06 01:43:26.594 9 INFO neutron.wsgi [None req-8ed9e496-434f-4764-9fd3-d26a326e32bf d7ccc28193b842a0b32f088c8e95c6d6 42dd9e57e3c749e4a7ad5767e1e25cb8 - - default default] 10.0.0.8 "POST /v2.0/subnets HTTP/1.1" status: 201 len: 821 time: 0.4755034
2026-03-06 01:43:26.598 10 INFO neutron.services.segments.plugin [-] Segment 0150ba77-149a-49e1-b2ac-69a2db3c8669 resource provider not found; error: Placement Client Error (4xx): {"errors": [{"status": 404, "title": "Not Found", "detail": "The resource could not be found.\n\n No resource provider with uuid 0150ba77-149a-49e1-b2ac-69a2db3c8669 found for delete ", "request_id": "req-969d8759-7914-453c-9367-26de4b124d06"}]}
2026-03-06 01:43:26.599 10 INFO neutron.services.segments.plugin [-] Segment 0150ba77-149a-49e1-b2ac-69a2db3c8669 resource provider not found; error: Placement Client Error (4xx): {"errors": [{"status": 404, "title": "Not Found", "detail": "The resource could not be found.\n\n No resource provider with uuid 0150ba77-149a-49e1-b2ac-69a2db3c8669 found for delete ", "request_id": "req-57f9bd0a-d6ad-4700-9b12-0f994949e0e5"}]}
2026-03-06 01:43:26.609 9 WARNING neutron_lib.context [None req-e6c82386-f524-4605-93fa-71451b0c4162 d7ccc28193b842a0b32f088c8e95c6d6 42dd9e57e3c749e4a7ad5767e1e25cb8 - - default default] Method 'is_advsvc' is deprecated since 2023.2 release (neutron-lib 3.8.0) and will be removed once support for the old RBAC API policies will be removed from Neutron. Please use method 'is_service_role' instead.
2026-03-06 01:43:26.624 9 INFO neutron.db.ovn_revision_numbers_db [None req-aa1d3f8e-c49a-4ef7-9122-dc3e83bc40e2 630568c38a794d699e5975a337651b08 b13f5cbdb10e4c7c86a987da19229b2d - - default default] Successfully bumped revision number for resource 7cebe763-b706-499e-b4ee-7414b551ce0c (type: floatingips) to 5
2026-03-06 01:43:26.624 9 INFO neutron.db.l3_db [None req-aa1d3f8e-c49a-4ef7-9122-dc3e83bc40e2 630568c38a794d699e5975a337651b08 b13f5cbdb10e4c7c86a987da19229b2d - - default default] Floating IP 7cebe763-b706-499e-b4ee-7414b551ce0c associated. External IP: 10.96.250.205, port: 6e6fd5b5-842a-4cc9-9527-127145c08818.
2026-03-06 01:43:26.645 9 INFO neutron.notifiers.nova [-] Nova event matching ['req-7a8b40f4-b700-4730-a329-10d8a2f27a1f'] response: {'server_uuid': '7af106a1-7312-4c20-a5b5-f6c96c0a0f12', 'name': 'network-vif-plugged', 'status': 'completed', 'tag': '6e6fd5b5-842a-4cc9-9527-127145c08818', 'code': 200}
2026-03-06 01:43:26.658 9 INFO neutron.wsgi [None req-aa1d3f8e-c49a-4ef7-9122-dc3e83bc40e2 630568c38a794d699e5975a337651b08 b13f5cbdb10e4c7c86a987da19229b2d - - default default] 10.0.0.8 "PUT /v2.0/floatingips/7cebe763-b706-499e-b4ee-7414b551ce0c HTTP/1.1" status: 200 len: 1049 time: 1.4018228
2026-03-06 01:43:26.750 9 INFO neutron.db.ovn_revision_numbers_db [None req-e6c82386-f524-4605-93fa-71451b0c4162 d7ccc28193b842a0b32f088c8e95c6d6 42dd9e57e3c749e4a7ad5767e1e25cb8 - - default default] Successfully bumped revision number for resource 0f314c24-11cb-4c7d-9a6c-56c9f88dfdb8 (type: routers) to 1
2026-03-06 01:43:26.766 10 INFO neutron.wsgi [None req-61f90eb7-8501-4bf1-9b8a-1e9fa27cedb9 630568c38a794d699e5975a337651b08 b13f5cbdb10e4c7c86a987da19229b2d - - default default] 10.0.0.8 "GET /v2.0/floatingips/7cebe763-b706-499e-b4ee-7414b551ce0c HTTP/1.1" status: 200 len: 1051 time: 0.1017480
2026-03-06 01:43:26.767 9 INFO neutron.wsgi [None req-e6c82386-f524-4605-93fa-71451b0c4162 d7ccc28193b842a0b32f088c8e95c6d6 42dd9e57e3c749e4a7ad5767e1e25cb8 - - default default] 10.0.0.8 "POST /v2.0/routers HTTP/1.1" status: 201 len: 806 time: 0.1637340
2026-03-06 01:43:26.780 10 WARNING neutron.scheduler.dhcp_agent_scheduler [None req-ee7e91f8-2404-459f-818a-afe3a7907d07 20314330be934f348646f029adab2fe1 65bf2208406e43b194df92f6c464b0c0 - - default default] No more DHCP agents
2026-03-06 01:43:26.782 10 WARNING neutron.api.rpc.agentnotifiers.dhcp_rpc_agent_api [None req-ee7e91f8-2404-459f-818a-afe3a7907d07 20314330be934f348646f029adab2fe1 65bf2208406e43b194df92f6c464b0c0 - - default default] Unable to schedule network 4d53629c-d5fc-412c-94a9-f2da9802c09d: no agents available; will retry on subsequent port and subnet creation events.
2026-03-06 01:43:26.782 9 WARNING neutron_lib.context [None req-79273db3-7242-4655-b8d9-870f242eb67e d7ccc28193b842a0b32f088c8e95c6d6 42dd9e57e3c749e4a7ad5767e1e25cb8 - - default default] Method 'is_advsvc' is deprecated since 2023.2 release (neutron-lib 3.8.0) and will be removed once support for the old RBAC API policies will be removed from Neutron. Please use method 'is_service_role' instead.
2026-03-06 01:43:27.195 9 WARNING neutron.scheduler.dhcp_agent_scheduler [None req-79273db3-7242-4655-b8d9-870f242eb67e d7ccc28193b842a0b32f088c8e95c6d6 42dd9e57e3c749e4a7ad5767e1e25cb8 - - default default] No more DHCP agents
2026-03-06 01:43:27.197 9 WARNING neutron.api.rpc.agentnotifiers.dhcp_rpc_agent_api [None req-79273db3-7242-4655-b8d9-870f242eb67e d7ccc28193b842a0b32f088c8e95c6d6 42dd9e57e3c749e4a7ad5767e1e25cb8 - - default default] Unable to schedule network 464b4330-e66c-4491-946b-b2fd3c70a896: no agents available; will retry on subsequent port and subnet creation events.
2026-03-06 01:43:27.340 10 INFO neutron.db.ovn_revision_numbers_db [None req-6543edd4-0e35-4cb3-818b-61de28e5ba93 - - - - - -] Successfully bumped revision number for resource 9eb7337b-588d-4b3d-9008-b9acb2770927 (type: ports) to 2
2026-03-06 01:43:27.342 10 INFO neutron.db.ovn_revision_numbers_db [None req-ee7e91f8-2404-459f-818a-afe3a7907d07 20314330be934f348646f029adab2fe1 65bf2208406e43b194df92f6c464b0c0 - - default default] Successfully bumped revision number for resource 9eb7337b-588d-4b3d-9008-b9acb2770927 (type: router_ports) to 1
2026-03-06 01:43:27.350 10 INFO neutron.wsgi [None req-ee7e91f8-2404-459f-818a-afe3a7907d07 20314330be934f348646f029adab2fe1 65bf2208406e43b194df92f6c464b0c0 - - default default] 10.0.0.8 "PUT /v2.0/routers/c8c7d7b3-b549-456d-9381-48de7ba4f664/add_router_interface HTTP/1.1" status: 200 len: 503 time: 4.0115433
2026-03-06 01:43:27.354 9 INFO neutron.db.ovn_revision_numbers_db [None req-79273db3-7242-4655-b8d9-870f242eb67e d7ccc28193b842a0b32f088c8e95c6d6 42dd9e57e3c749e4a7ad5767e1e25cb8 - - default default] Successfully bumped revision number for resource ecb275ea-a658-496a-8e8c-a038e8fa29be (type: ports) to 1 /var/lib/openstack/lib/python3.10/site-packages/pycadf/identifier.py:71: UserWarning: Invalid uuid: neutron. To ensure interoperability, identifiers should be a valid uuid. warnings.warn(('Invalid uuid: %s. To ensure interoperability, '
2026-03-06 01:43:27.379 9 WARNING neutron_lib.context [None req-1d69e5f6-5618-4cde-84d3-cf5ccedd6897 20314330be934f348646f029adab2fe1 65bf2208406e43b194df92f6c464b0c0 - - default default] Method 'is_advsvc' is deprecated since 2023.2 release (neutron-lib 3.8.0) and will be removed once support for the old RBAC API policies will be removed from Neutron. Please use method 'is_service_role' instead.
2026-03-06 01:43:27.420 9 INFO neutron.wsgi [None req-79273db3-7242-4655-b8d9-870f242eb67e d7ccc28193b842a0b32f088c8e95c6d6 42dd9e57e3c749e4a7ad5767e1e25cb8 - - default default] 10.0.0.8 "POST /v2.0/ports HTTP/1.1" status: 201 len: 1162 time: 0.6447382
2026-03-06 01:43:27.513 10 INFO neutron.db.ovn_revision_numbers_db [None req-6543edd4-0e35-4cb3-818b-61de28e5ba93 - - - - - -] Successfully bumped revision number for resource 9eb7337b-588d-4b3d-9008-b9acb2770927 (type: router_ports) to 2
2026-03-06 01:43:28.551 9 ERROR ovsdbapp.backend.ovs_idl.command [None req-853ca2ab-0c19-4d85-b579-48aa8fb05d32 d7ccc28193b842a0b32f088c8e95c6d6 42dd9e57e3c749e4a7ad5767e1e25cb8 - - default default] Error executing command (DbGetCommand): ovsdbapp.backend.ovs_idl.idlutils.RowNotFound: Cannot find Logical_Router_Port with name=lrp-ecb275ea-a658-496a-8e8c-a038e8fa29be
2026-03-06 01:43:28.551 9 ERROR ovsdbapp.backend.ovs_idl.command
Traceback (most recent call last):
2026-03-06 01:43:28.551 9 ERROR ovsdbapp.backend.ovs_idl.command
File "/var/lib/openstack/lib/python3.10/site-packages/ovsdbapp/backend/ovs_idl/command.py", line 47, in execute
2026-03-06 01:43:28.551 9 ERROR ovsdbapp.backend.ovs_idl.command self.run_idl(None)
2026-03-06 01:43:28.551 9 ERROR ovsdbapp.backend.ovs_idl.command
File "/var/lib/openstack/lib/python3.10/site-packages/ovsdbapp/backend/ovs_idl/command.py", line 235, in run_idl
2026-03-06 01:43:28.551 9 ERROR ovsdbapp.backend.ovs_idl.command record = self.api.lookup(self.table, self.record)
2026-03-06 01:43:28.551 9 ERROR ovsdbapp.backend.ovs_idl.command
File "/var/lib/openstack/lib/python3.10/site-packages/ovsdbapp/backend/ovs_idl/__init__.py", line 184, in lookup
2026-03-06 01:43:28.551 9 ERROR ovsdbapp.backend.ovs_idl.command return self._lookup(table, record)
2026-03-06 01:43:28.551 9 ERROR ovsdbapp.backend.ovs_idl.command
File "/var/lib/openstack/lib/python3.10/site-packages/ovsdbapp/backend/ovs_idl/__init__.py", line 235, in _lookup
2026-03-06 01:43:28.551 9 ERROR ovsdbapp.backend.ovs_idl.command row = idlutils.row_by_value(self, rl.table, rl.column, record)
2026-03-06 01:43:28.551 9 ERROR ovsdbapp.backend.ovs_idl.command
File "/var/lib/openstack/lib/python3.10/site-packages/ovsdbapp/backend/ovs_idl/idlutils.py", line 114, in row_by_value
2026-03-06 01:43:28.551 9 ERROR ovsdbapp.backend.ovs_idl.command raise RowNotFound(table=table, col=column, match=match)
2026-03-06 01:43:28.551 9 ERROR ovsdbapp.backend.ovs_idl.command ovsdbapp.backend.ovs_idl.idlutils.RowNotFound: Cannot find Logical_Router_Port with name=lrp-ecb275ea-a658-496a-8e8c-a038e8fa29be
2026-03-06 01:43:28.551 9 ERROR ovsdbapp.backend.ovs_idl.command 
2026-03-06 01:43:28.552 9 ERROR neutron_lib.callbacks.manager [None req-853ca2ab-0c19-4d85-b579-48aa8fb05d32 d7ccc28193b842a0b32f088c8e95c6d6 42dd9e57e3c749e4a7ad5767e1e25cb8 - - default default] Error during notification for neutron.services.ovn_l3.plugin.OVNL3RouterPlugin._port_update-8762385418982 port, after_update: ovsdbapp.backend.ovs_idl.idlutils.RowNotFound: Cannot find Logical_Router_Port with name=lrp-ecb275ea-a658-496a-8e8c-a038e8fa29be
2026-03-06 01:43:28.552 9 ERROR neutron_lib.callbacks.manager
Traceback (most recent call last):
2026-03-06 01:43:28.552 9 ERROR neutron_lib.callbacks.manager
File "/var/lib/openstack/lib/python3.10/site-packages/neutron_lib/callbacks/manager.py", line 189, in _notify_loop
2026-03-06 01:43:28.552 9 ERROR neutron_lib.callbacks.manager callback.method(resource, event, trigger, payload=payload)
2026-03-06 01:43:28.552 9 ERROR neutron_lib.callbacks.manager
File "/var/lib/openstack/lib/python3.10/site-packages/neutron/services/ovn_l3/plugin.py", line 391, in _port_update
2026-03-06 01:43:28.552 9 ERROR neutron_lib.callbacks.manager l3plugin._ovn_client.update_router_port(context,
2026-03-06 01:43:28.552 9 ERROR neutron_lib.callbacks.manager
File "/var/lib/openstack/lib/python3.10/site-packages/neutron/plugins/ml2/drivers/ovn/mech_driver/ovsdb/ovn_client.py", line 1878, in update_router_port
2026-03-06 01:43:28.552 9 ERROR neutron_lib.callbacks.manager self._update_lrouter_port(context, port, if_exists=if_exists,
2026-03-06 01:43:28.552 9 ERROR neutron_lib.callbacks.manager
File "/var/lib/openstack/lib/python3.10/site-packages/neutron/plugins/ml2/drivers/ovn/mech_driver/ovsdb/ovn_client.py", line 1855, in _update_lrouter_port
2026-03-06 01:43:28.552 9 ERROR neutron_lib.callbacks.manager external_ids = self._nb_idl.db_get(
2026-03-06 01:43:28.552 9 ERROR neutron_lib.callbacks.manager
File "/var/lib/openstack/lib/python3.10/site-packages/ovsdbapp/backend/ovs_idl/command.py", line 47, in execute
2026-03-06 01:43:28.552 9 ERROR neutron_lib.callbacks.manager self.run_idl(None)
2026-03-06 01:43:28.552 9 ERROR neutron_lib.callbacks.manager
File "/var/lib/openstack/lib/python3.10/site-packages/ovsdbapp/backend/ovs_idl/command.py", line 235, in run_idl
2026-03-06 01:43:28.552 9 ERROR neutron_lib.callbacks.manager record = self.api.lookup(self.table, self.record)
2026-03-06 01:43:28.552 9 ERROR neutron_lib.callbacks.manager
File "/var/lib/openstack/lib/python3.10/site-packages/ovsdbapp/backend/ovs_idl/__init__.py", line 184, in lookup
2026-03-06 01:43:28.552 9 ERROR neutron_lib.callbacks.manager return self._lookup(table, record)
2026-03-06 01:43:28.552 9 ERROR neutron_lib.callbacks.manager
File "/var/lib/openstack/lib/python3.10/site-packages/ovsdbapp/backend/ovs_idl/__init__.py", line 235, in _lookup
2026-03-06 01:43:28.552 9 ERROR neutron_lib.callbacks.manager row = idlutils.row_by_value(self, rl.table, rl.column, record)
2026-03-06 01:43:28.552 9 ERROR neutron_lib.callbacks.manager
File "/var/lib/openstack/lib/python3.10/site-packages/ovsdbapp/backend/ovs_idl/idlutils.py", line 114, in row_by_value
2026-03-06 01:43:28.552 9 ERROR neutron_lib.callbacks.manager raise RowNotFound(table=table, col=column, match=match)
2026-03-06 01:43:28.552 9 ERROR neutron_lib.callbacks.manager ovsdbapp.backend.ovs_idl.idlutils.RowNotFound: Cannot find Logical_Router_Port with name=lrp-ecb275ea-a658-496a-8e8c-a038e8fa29be
2026-03-06 01:43:28.552 9 ERROR neutron_lib.callbacks.manager 
2026-03-06 01:43:28.682 9 INFO neutron.notifiers.nova [-] Nova event matching ['req-c4a99e3a-62f0-40f9-9728-a221c5cfca11'] response: {'name': 'network-changed', 'server_uuid': '7af106a1-7312-4c20-a5b5-f6c96c0a0f12', 'tag': '6e6fd5b5-842a-4cc9-9527-127145c08818', 'status': 'completed', 'code': 200}
2026-03-06 01:43:28.705 9 WARNING neutron.scheduler.dhcp_agent_scheduler [None req-1d69e5f6-5618-4cde-84d3-cf5ccedd6897 20314330be934f348646f029adab2fe1 65bf2208406e43b194df92f6c464b0c0 - - default default] No more DHCP agents
2026-03-06 01:43:28.711 9 WARNING neutron.api.rpc.agentnotifiers.dhcp_rpc_agent_api [None req-1d69e5f6-5618-4cde-84d3-cf5ccedd6897 20314330be934f348646f029adab2fe1 65bf2208406e43b194df92f6c464b0c0 - - default default] Unable to schedule network 98cbf412-7a44-4abe-969e-76b16677fadc: no agents available; will retry on subsequent port and subnet creation events.
2026-03-06 01:43:28.746 10 INFO neutron.wsgi [req-fa39e536-dd07-496d-b28c-b0cd448025d4 req-a1c3b2d3-2544-4d7c-b438-6ca834272840 a7fc42a04c71436aa025d7cc65799037 bba4eebdda7d4ea1bce7ba38630fae01 - - 44efff896278498a92dd1ea78e03d0e4 44efff896278498a92dd1ea78e03d0e4] 199.204.45.144 "GET /v2.0/ports?tenant_id=b13f5cbdb10e4c7c86a987da19229b2d&device_id=7af106a1-7312-4c20-a5b5-f6c96c0a0f12 HTTP/1.1" status: 200 len: 1409 time: 0.0435619
2026-03-06 01:43:28.768 9 INFO neutron.db.ovn_revision_numbers_db [None req-853ca2ab-0c19-4d85-b579-48aa8fb05d32 d7ccc28193b842a0b32f088c8e95c6d6 42dd9e57e3c749e4a7ad5767e1e25cb8 - - default default] Successfully bumped revision number for resource ecb275ea-a658-496a-8e8c-a038e8fa29be (type: ports) to 2
2026-03-06 01:43:28.814 10 INFO neutron.wsgi [req-fa39e536-dd07-496d-b28c-b0cd448025d4 req-a83fb9d2-234f-4fda-b5c7-a6f69284e63a a7fc42a04c71436aa025d7cc65799037 bba4eebdda7d4ea1bce7ba38630fae01 - - 44efff896278498a92dd1ea78e03d0e4 44efff896278498a92dd1ea78e03d0e4] 199.204.45.144 "GET /v2.0/networks?id=60494049-b1f3-44e9-8b87-b0beedc334f5 HTTP/1.1" status: 200 len: 959 time: 0.0621688
2026-03-06 01:43:28.877 10 INFO neutron.wsgi [req-fa39e536-dd07-496d-b28c-b0cd448025d4 req-842a704a-078d-4eb7-8acc-9e056fd58427 a7fc42a04c71436aa025d7cc65799037 bba4eebdda7d4ea1bce7ba38630fae01 - - 44efff896278498a92dd1ea78e03d0e4 44efff896278498a92dd1ea78e03d0e4] 199.204.45.144 "GET /v2.0/floatingips?fixed_ip_address=10.100.0.9&port_id=6e6fd5b5-842a-4cc9-9527-127145c08818 HTTP/1.1" status: 200 len: 1059 time: 0.0577025
2026-03-06 01:43:28.928 10 INFO neutron.wsgi [req-fa39e536-dd07-496d-b28c-b0cd448025d4 req-a848f892-6629-4e8f-9a0b-c15dc2c8b990 a7fc42a04c71436aa025d7cc65799037 bba4eebdda7d4ea1bce7ba38630fae01 - - 44efff896278498a92dd1ea78e03d0e4 44efff896278498a92dd1ea78e03d0e4] 199.204.45.144 "GET /v2.0/subnets?id=6a8069bf-f241-465e-8712-e2c9c63e07e5 HTTP/1.1" status: 200 len: 851 time: 0.0392468
2026-03-06 01:43:28.960 9 INFO neutron.db.ovn_revision_numbers_db [None req-1d69e5f6-5618-4cde-84d3-cf5ccedd6897 20314330be934f348646f029adab2fe1 65bf2208406e43b194df92f6c464b0c0 - - default default] Successfully bumped revision number for resource c331bf13-7324-4540-8e24-14bfe3af0e23 (type: ports) to 1
2026-03-06 01:43:29.350 10 INFO neutron.wsgi [req-fa39e536-dd07-496d-b28c-b0cd448025d4 req-a87fe145-21f7-4156-92f2-fca728e5f382 a7fc42a04c71436aa025d7cc65799037 bba4eebdda7d4ea1bce7ba38630fae01 - - 44efff896278498a92dd1ea78e03d0e4 44efff896278498a92dd1ea78e03d0e4] 199.204.45.144 "GET /v2.0/ports?network_id=60494049-b1f3-44e9-8b87-b0beedc334f5&device_owner=network%3Adhcp HTTP/1.1" status: 200 len: 210 time: 0.4153366
2026-03-06 01:43:29.414 10 INFO neutron.wsgi [req-fa39e536-dd07-496d-b28c-b0cd448025d4 req-989d2a29-756d-4d98-afaf-84231a990d2b a7fc42a04c71436aa025d7cc65799037 bba4eebdda7d4ea1bce7ba38630fae01 - - 44efff896278498a92dd1ea78e03d0e4 44efff896278498a92dd1ea78e03d0e4] 199.204.45.144 "GET /v2.0/networks/60494049-b1f3-44e9-8b87-b0beedc334f5?fields=segments HTTP/1.1" status: 200 len: 212 time: 0.0564458
2026-03-06 01:43:29.479 10 INFO neutron.wsgi [req-fa39e536-dd07-496d-b28c-b0cd448025d4 req-21aab223-a178-4c9a-8589-fdb949c715f1 a7fc42a04c71436aa025d7cc65799037 bba4eebdda7d4ea1bce7ba38630fae01 - - 44efff896278498a92dd1ea78e03d0e4 44efff896278498a92dd1ea78e03d0e4] 199.204.45.144 "GET /v2.0/networks/60494049-b1f3-44e9-8b87-b0beedc334f5?fields=provider%3Aphysical_network&fields=provider%3Anetwork_type HTTP/1.1" status: 200 len: 277 time: 0.0574431
2026-03-06 01:43:29.751 9 INFO neutron.db.ovn_revision_numbers_db [None req-1d69e5f6-5618-4cde-84d3-cf5ccedd6897 20314330be934f348646f029adab2fe1 65bf2208406e43b194df92f6c464b0c0 - - default default] Successfully bumped revision number for resource c331bf13-7324-4540-8e24-14bfe3af0e23 (type: ports) to 1
2026-03-06 01:43:29.849 9 INFO neutron.db.segments_db [None req-1d69e5f6-5618-4cde-84d3-cf5ccedd6897 20314330be934f348646f029adab2fe1 65bf2208406e43b194df92f6c464b0c0 - - default default] Added segment 77c6d7b5-c480-4b04-b14a-25f46418b33a of type geneve for network e620c1fb-ae52-478d-8998-1e79db0d97ec
2026-03-06 01:43:29.928 9 ERROR ovsdbapp.backend.ovs_idl.command [None req-853ca2ab-0c19-4d85-b579-48aa8fb05d32 d7ccc28193b842a0b32f088c8e95c6d6 42dd9e57e3c749e4a7ad5767e1e25cb8 - - default default] Error executing command (DbGetCommand): ovsdbapp.backend.ovs_idl.idlutils.RowNotFound: Cannot find Logical_Router_Port with name=lrp-ecb275ea-a658-496a-8e8c-a038e8fa29be
2026-03-06 01:43:29.928 9 ERROR ovsdbapp.backend.ovs_idl.command
Traceback (most recent call last):
2026-03-06 01:43:29.928 9 ERROR ovsdbapp.backend.ovs_idl.command
File "/var/lib/openstack/lib/python3.10/site-packages/ovsdbapp/backend/ovs_idl/command.py", line 47, in execute
2026-03-06 01:43:29.928 9 ERROR ovsdbapp.backend.ovs_idl.command self.run_idl(None)
2026-03-06 01:43:29.928 9 ERROR ovsdbapp.backend.ovs_idl.command
File "/var/lib/openstack/lib/python3.10/site-packages/ovsdbapp/backend/ovs_idl/command.py", line 235, in run_idl
2026-03-06 01:43:29.928 9 ERROR ovsdbapp.backend.ovs_idl.command record = self.api.lookup(self.table, self.record)
2026-03-06 01:43:29.928 9 ERROR ovsdbapp.backend.ovs_idl.command
File "/var/lib/openstack/lib/python3.10/site-packages/ovsdbapp/backend/ovs_idl/__init__.py", line 184, in lookup
2026-03-06 01:43:29.928 9 ERROR ovsdbapp.backend.ovs_idl.command return self._lookup(table, record)
2026-03-06 01:43:29.928 9 ERROR ovsdbapp.backend.ovs_idl.command
File "/var/lib/openstack/lib/python3.10/site-packages/ovsdbapp/backend/ovs_idl/__init__.py", line 235, in _lookup
2026-03-06 01:43:29.928 9 ERROR ovsdbapp.backend.ovs_idl.command row = idlutils.row_by_value(self, rl.table, rl.column, record)
2026-03-06 01:43:29.928 9 ERROR ovsdbapp.backend.ovs_idl.command
File "/var/lib/openstack/lib/python3.10/site-packages/ovsdbapp/backend/ovs_idl/idlutils.py", line 114, in row_by_value
