2026-03-06 01:41:55.593 10 INFO neutron.wsgi [None req-490ef684-c8e9-40ea-aa7c-a9cc05ecfb84 8d4cbb15a80043ef9e559d7a57af1230 d1aba6b073294a5f8f84a211784b0dec - - default default] 10.0.0.8 "GET /v2.0/routers/e3303882-a7fa-4337-9f89-440497635ae3 HTTP/1.1" status: 200 len: 770 time: 0.0591726
2026-03-06 01:41:56.427 10 INFO neutron.wsgi [None req-f0929c1e-a7cd-43c2-a0f8-4f3733f924ec 8d4cbb15a80043ef9e559d7a57af1230 d1aba6b073294a5f8f84a211784b0dec - - default default] 10.0.0.8 "PUT /v2.0/routers/e3303882-a7fa-4337-9f89-440497635ae3 HTTP/1.1" status: 200 len: 770 time: 0.8282497
2026-03-06 01:41:56.453 10 INFO neutron.wsgi [None req-a34fcdd9-a4e3-407b-b365-d17462d6893d 8d4cbb15a80043ef9e559d7a57af1230 d1aba6b073294a5f8f84a211784b0dec - - default default] 10.0.0.8 "GET /v2.0/ports?device_id=e3303882-a7fa-4337-9f89-440497635ae3 HTTP/1.1" status: 200 len: 205 time: 0.0213976
2026-03-06 01:41:56.759 10 INFO neutron.wsgi [None req-960845d7-ba36-4abf-a151-d40997b4b9f6 8d4cbb15a80043ef9e559d7a57af1230 d1aba6b073294a5f8f84a211784b0dec - - default default] 10.0.0.8 "DELETE /v2.0/routers/e3303882-a7fa-4337-9f89-440497635ae3 HTTP/1.1" status: 204 len: 168 time: 0.2984054
2026-03-06 01:41:57.284 9 WARNING neutron_lib.context [None req-d5277540-6e56-4c22-82db-0c1bdfe23120 2dfb52819f96413a9de7f56d55cbbc73 c4b7533ba63e4f65945a9739c0c439f0 - - default default] Method 'is_advsvc' is deprecated since 2023.2 release (neutron-lib 3.8.0) and will be removed once support for the old RBAC API policies will be removed from Neutron. Please use method 'is_service_role' instead.
2026-03-06 01:41:57.326 9 WARNING neutron_lib.context [None req-9543b8c2-5c75-4ce6-94d6-f95a7625a34e 6d5949c8f6b141c2a16b99452ec61fe3 bb628ab518634e878e1182af65ea5a87 - - default default] Method 'is_advsvc' is deprecated since 2023.2 release (neutron-lib 3.8.0) and will be removed once support for the old RBAC API policies will be removed from Neutron. Please use method 'is_service_role' instead.
2026-03-06 01:41:57.546 9 INFO neutron.db.ovn_revision_numbers_db [None req-9543b8c2-5c75-4ce6-94d6-f95a7625a34e 6d5949c8f6b141c2a16b99452ec61fe3 bb628ab518634e878e1182af65ea5a87 - - default default] Successfully bumped revision number for resource a1a5e786-2caa-450d-b54f-a21e8dbcc0a9 (type: security_groups) to 1
2026-03-06 01:41:57.551 9 INFO neutron.db.ovn_revision_numbers_db [None req-d5277540-6e56-4c22-82db-0c1bdfe23120 2dfb52819f96413a9de7f56d55cbbc73 c4b7533ba63e4f65945a9739c0c439f0 - - default default] Successfully bumped revision number for resource 381db73d-a44a-4268-b5cb-d6603ae09ad2 (type: security_groups) to 1
2026-03-06 01:41:57.566 9 INFO neutron.db.ovn_revision_numbers_db [None req-9543b8c2-5c75-4ce6-94d6-f95a7625a34e 6d5949c8f6b141c2a16b99452ec61fe3 bb628ab518634e878e1182af65ea5a87 - - default default] Successfully bumped revision number for resource 1654bd9d-ee48-46cc-9900-12e13ac97d0c (type: security_group_rules) to 0
2026-03-06 01:41:57.573 9 INFO neutron.db.ovn_revision_numbers_db [None req-d5277540-6e56-4c22-82db-0c1bdfe23120 2dfb52819f96413a9de7f56d55cbbc73 c4b7533ba63e4f65945a9739c0c439f0 - - default default] Successfully bumped revision number for resource 27ee680b-7150-49b1-80a3-cf39a23ba8ab (type: security_group_rules) to 0
2026-03-06 01:41:57.580 9 INFO neutron.db.ovn_revision_numbers_db [None req-9543b8c2-5c75-4ce6-94d6-f95a7625a34e 6d5949c8f6b141c2a16b99452ec61fe3 bb628ab518634e878e1182af65ea5a87 - - default default] Successfully bumped revision number for resource 9ca0c9d1-89c2-4b74-b0b8-e2672d210bdd (type: security_group_rules) to 0
2026-03-06 01:41:57.585 9 INFO neutron.db.ovn_revision_numbers_db [None req-d5277540-6e56-4c22-82db-0c1bdfe23120 2dfb52819f96413a9de7f56d55cbbc73 c4b7533ba63e4f65945a9739c0c439f0 - - default default] Successfully bumped revision number for resource 9b217e72-bc06-469c-9c8f-ec63ddfad93e (type: security_group_rules) to 0
2026-03-06 01:41:57.598 9 INFO neutron.db.ovn_revision_numbers_db [None req-9543b8c2-5c75-4ce6-94d6-f95a7625a34e 6d5949c8f6b141c2a16b99452ec61fe3 bb628ab518634e878e1182af65ea5a87 - - default default] Successfully bumped revision number for resource b1fecb49-d9ec-4e7d-9a61-46927396cf31 (type: security_group_rules) to 0
2026-03-06 01:41:57.600 9 INFO neutron.db.ovn_revision_numbers_db [None req-d5277540-6e56-4c22-82db-0c1bdfe23120 2dfb52819f96413a9de7f56d55cbbc73 c4b7533ba63e4f65945a9739c0c439f0 - - default default] Successfully bumped revision number for resource e5a9d9d9-48a6-4aea-83ef-ff2f1d7692cd (type: security_group_rules) to 0
2026-03-06 01:41:57.617 9 INFO neutron.db.ovn_revision_numbers_db [None req-d5277540-6e56-4c22-82db-0c1bdfe23120 2dfb52819f96413a9de7f56d55cbbc73 c4b7533ba63e4f65945a9739c0c439f0 - - default default] Successfully bumped revision number for resource fb8bd01f-3961-4fd7-905f-1106678459dd (type: security_group_rules) to 0
2026-03-06 01:41:57.621 9 INFO neutron.db.ovn_revision_numbers_db [None req-9543b8c2-5c75-4ce6-94d6-f95a7625a34e 6d5949c8f6b141c2a16b99452ec61fe3 bb628ab518634e878e1182af65ea5a87 - - default default] Successfully bumped revision number for resource bac98d1f-b1c8-417d-9d13-38a23703877f (type: security_group_rules) to 0
2026-03-06 01:41:57.689 9 INFO neutron.db.segments_db [None req-9543b8c2-5c75-4ce6-94d6-f95a7625a34e 6d5949c8f6b141c2a16b99452ec61fe3 bb628ab518634e878e1182af65ea5a87 - - default default] Added segment 2117acae-c772-4e67-a12d-89abe0099c90 of type geneve for network e8c06e9f-2346-4dc7-b13e-ea1027770fa0
2026-03-06 01:41:57.786 9 INFO neutron.db.ovn_revision_numbers_db [None req-d5277540-6e56-4c22-82db-0c1bdfe23120 2dfb52819f96413a9de7f56d55cbbc73 c4b7533ba63e4f65945a9739c0c439f0 - - default default] Successfully bumped revision number for resource a411ddc5-2c4c-47c5-a8e4-d3d9db369c67 (type: security_groups) to 1
2026-03-06 01:41:57.817 9 INFO neutron.db.ovn_revision_numbers_db [None req-d5277540-6e56-4c22-82db-0c1bdfe23120 2dfb52819f96413a9de7f56d55cbbc73 c4b7533ba63e4f65945a9739c0c439f0 - - default default] Successfully bumped revision number for resource a6daed14-a892-485c-9607-3012b209c6ed (type: security_group_rules) to 0
2026-03-06 01:41:58.044 9 INFO neutron.db.ovn_revision_numbers_db [None req-d5277540-6e56-4c22-82db-0c1bdfe23120 2dfb52819f96413a9de7f56d55cbbc73 c4b7533ba63e4f65945a9739c0c439f0 - - default default] Successfully bumped revision number for resource e5dabfab-2847-4d37-a97f-a3a86f79c02c (type: security_group_rules) to 0
2026-03-06 01:41:58.059 9 INFO neutron.db.ovn_revision_numbers_db [None req-9543b8c2-5c75-4ce6-94d6-f95a7625a34e 6d5949c8f6b141c2a16b99452ec61fe3 bb628ab518634e878e1182af65ea5a87 - - default default] Successfully bumped revision number for resource e8c06e9f-2346-4dc7-b13e-ea1027770fa0 (type: networks) to 1
2026-03-06 01:41:58.074 9 INFO neutron.wsgi [None req-d5277540-6e56-4c22-82db-0c1bdfe23120 2dfb52819f96413a9de7f56d55cbbc73 c4b7533ba63e4f65945a9739c0c439f0 - - default default] 10.0.0.8 "POST /v2.0/security-groups HTTP/1.1" status: 201 len: 1801 time: 1.0532660
2026-03-06 01:41:58.091 10 WARNING neutron_lib.context [None req-caac4f77-51ce-4ab5-8b29-354ab1759520 2dfb52819f96413a9de7f56d55cbbc73 c4b7533ba63e4f65945a9739c0c439f0 - - default default] Method 'is_advsvc' is deprecated since 2023.2 release (neutron-lib 3.8.0) and will be removed once support for the old RBAC API policies will be removed from Neutron. Please use method 'is_service_role' instead.
2026-03-06 01:41:58.249 9 INFO neutron.db.ovn_revision_numbers_db [None req-21e105c9-5a35-42e7-8a37-cf5d8d71af3c c137bf5204334c9e898446b24dc8b96b 02801b8e0801495e95fee9a2759ed92e - - default default] Successfully bumped revision number for resource 2ebf1571-c79b-4275-8d40-f0cd8e1d5f3d (type: security_groups) to 1
2026-03-06 01:41:58.255 10 INFO neutron.db.ovn_revision_numbers_db [None req-caac4f77-51ce-4ab5-8b29-354ab1759520 2dfb52819f96413a9de7f56d55cbbc73 c4b7533ba63e4f65945a9739c0c439f0 - - default default] Successfully bumped revision number for resource 7f7b74bd-5593-4849-8b7a-24e5f3d082df (type: security_groups) to 1
2026-03-06 01:41:58.274 9 WARNING neutron.scheduler.dhcp_agent_scheduler [None req-9543b8c2-5c75-4ce6-94d6-f95a7625a34e 6d5949c8f6b141c2a16b99452ec61fe3 bb628ab518634e878e1182af65ea5a87 - - default default] No more DHCP agents
2026-03-06 01:41:58.277 9 WARNING neutron.api.rpc.agentnotifiers.dhcp_rpc_agent_api [None req-9543b8c2-5c75-4ce6-94d6-f95a7625a34e 6d5949c8f6b141c2a16b99452ec61fe3 bb628ab518634e878e1182af65ea5a87 - - default default] Unable to schedule network e8c06e9f-2346-4dc7-b13e-ea1027770fa0: no agents available; will retry on subsequent port and subnet creation events.
2026-03-06 01:41:58.279 9 INFO neutron.db.ovn_revision_numbers_db [None req-21e105c9-5a35-42e7-8a37-cf5d8d71af3c c137bf5204334c9e898446b24dc8b96b 02801b8e0801495e95fee9a2759ed92e - - default default] Successfully bumped revision number for resource 9be52ce2-ab09-429e-bde1-42e65883f15b (type: security_group_rules) to 0
2026-03-06 01:41:58.282 10 INFO neutron.db.ovn_revision_numbers_db [None req-caac4f77-51ce-4ab5-8b29-354ab1759520 2dfb52819f96413a9de7f56d55cbbc73 c4b7533ba63e4f65945a9739c0c439f0 - - default default] Successfully bumped revision number for resource c393ac1b-e8fd-4390-9b4f-b57e232c33c4 (type: security_group_rules) to 0
2026-03-06 01:41:58.304 10 INFO neutron.db.ovn_revision_numbers_db [None req-caac4f77-51ce-4ab5-8b29-354ab1759520 2dfb52819f96413a9de7f56d55cbbc73 c4b7533ba63e4f65945a9739c0c439f0 - - default default] Successfully bumped revision number for resource f5b03410-2790-4aa5-8f75-7f5e7077fd12 (type: security_group_rules) to 0
2026-03-06 01:41:58.312 9 INFO neutron.db.ovn_revision_numbers_db [None req-21e105c9-5a35-42e7-8a37-cf5d8d71af3c c137bf5204334c9e898446b24dc8b96b 02801b8e0801495e95fee9a2759ed92e - - default default] Successfully bumped revision number for resource c38bc6c3-83e9-4999-bd3e-5f991d2d042b (type: security_group_rules) to 0
2026-03-06 01:41:58.331 10 INFO neutron.wsgi [None req-caac4f77-51ce-4ab5-8b29-354ab1759520 2dfb52819f96413a9de7f56d55cbbc73 c4b7533ba63e4f65945a9739c0c439f0 - - default default] 10.0.0.8 "POST /v2.0/security-groups HTTP/1.1" status: 201 len: 1801 time: 0.2482014
2026-03-06 01:41:58.335 9 INFO neutron.db.ovn_revision_numbers_db [None req-21e105c9-5a35-42e7-8a37-cf5d8d71af3c c137bf5204334c9e898446b24dc8b96b 02801b8e0801495e95fee9a2759ed92e - - default default] Successfully bumped revision number for resource eed033e4-8f41-4d0d-9fb3-f6a6f4e9875a (type: security_group_rules) to 0
2026-03-06 01:41:58.357 10 WARNING neutron_lib.context [None req-245e24c9-a5b8-4286-9c52-2fed1c2a4d6a 2dfb52819f96413a9de7f56d55cbbc73 c4b7533ba63e4f65945a9739c0c439f0 - - default default] Method 'is_advsvc' is deprecated since 2023.2 release (neutron-lib 3.8.0) and will be removed once support for the old RBAC API policies will be removed from Neutron. Please use method 'is_service_role' instead.
2026-03-06 01:41:58.369 9 INFO neutron.db.ovn_revision_numbers_db [None req-21e105c9-5a35-42e7-8a37-cf5d8d71af3c c137bf5204334c9e898446b24dc8b96b 02801b8e0801495e95fee9a2759ed92e - - default default] Successfully bumped revision number for resource f2084e16-fd1d-4bd9-867b-ed7184f2b71c (type: security_group_rules) to 0
2026-03-06 01:41:58.380 9 INFO neutron.db.ovn_revision_numbers_db [None req-9543b8c2-5c75-4ce6-94d6-f95a7625a34e 6d5949c8f6b141c2a16b99452ec61fe3 bb628ab518634e878e1182af65ea5a87 - - default default] Successfully bumped revision number for resource b5eaf893-59d4-4f39-a8f9-55dc108ded7c (type: ports) to 1
2026-03-06 01:41:58.403 9 INFO neutron.wsgi [None req-21e105c9-5a35-42e7-8a37-cf5d8d71af3c c137bf5204334c9e898446b24dc8b96b 02801b8e0801495e95fee9a2759ed92e - - default default] 10.0.0.8 "GET /v2.0/security-groups?tenant_id=d1aba6b073294a5f8f84a211784b0dec&name=default HTTP/1.1" status: 200 len: 3120 time: 0.6670327
2026-03-06 01:41:58.414 9 INFO neutron.wsgi [None req-9543b8c2-5c75-4ce6-94d6-f95a7625a34e 6d5949c8f6b141c2a16b99452ec61fe3 bb628ab518634e878e1182af65ea5a87 - - default default] 10.0.0.8 "POST /v2.0/networks HTTP/1.1" status: 201 len: 847 time: 1.2893214
2026-03-06 01:41:58.550 10 INFO neutron.db.ovn_revision_numbers_db [None req-245e24c9-a5b8-4286-9c52-2fed1c2a4d6a 2dfb52819f96413a9de7f56d55cbbc73 c4b7533ba63e4f65945a9739c0c439f0 - - default default] Successfully bumped revision number for resource 43771a46-2238-4809-849b-a6d6c5e20374 (type: security_groups) to 1
2026-03-06 01:41:58.566 10 INFO neutron.db.ovn_revision_numbers_db [None req-245e24c9-a5b8-4286-9c52-2fed1c2a4d6a 2dfb52819f96413a9de7f56d55cbbc73 c4b7533ba63e4f65945a9739c0c439f0 - - default default] Successfully bumped revision number for resource c3316e64-d370-4c9c-b42d-808566e06481 (type: security_group_rules) to 0
2026-03-06 01:41:58.586 10 INFO neutron.db.ovn_revision_numbers_db [None req-245e24c9-a5b8-4286-9c52-2fed1c2a4d6a 2dfb52819f96413a9de7f56d55cbbc73 c4b7533ba63e4f65945a9739c0c439f0 - - default default] Successfully bumped revision number for resource f60a6dcf-6cf0-4764-86d9-ce10963ba512 (type: security_group_rules) to 0
2026-03-06 01:41:58.611 10 INFO neutron.wsgi [None req-245e24c9-a5b8-4286-9c52-2fed1c2a4d6a 2dfb52819f96413a9de7f56d55cbbc73 c4b7533ba63e4f65945a9739c0c439f0 - - default default] 10.0.0.8 "POST /v2.0/security-groups HTTP/1.1" status: 201 len: 1801 time: 0.2611294
2026-03-06 01:41:58.624 10 WARNING neutron_lib.context [None req-9d50e801-351e-47fa-8c87-dd87d917dfe4 2dfb52819f96413a9de7f56d55cbbc73 c4b7533ba63e4f65945a9739c0c439f0 - - default default] Method 'is_advsvc' is deprecated since 2023.2 release (neutron-lib 3.8.0) and will be removed once support for the old RBAC API policies will be removed from Neutron. Please use method 'is_service_role' instead.
2026-03-06 01:41:58.672 9 INFO neutron.wsgi [None req-b01b6b7c-86db-4e89-8290-ddf383404b7b c137bf5204334c9e898446b24dc8b96b 02801b8e0801495e95fee9a2759ed92e - - default default] 10.0.0.8 "DELETE /v2.0/security-groups/2ebf1571-c79b-4275-8d40-f0cd8e1d5f3d HTTP/1.1" status: 204 len: 168 time: 0.2600598
2026-03-06 01:41:58.760 10 INFO neutron.db.ovn_revision_numbers_db [None req-9d50e801-351e-47fa-8c87-dd87d917dfe4 2dfb52819f96413a9de7f56d55cbbc73 c4b7533ba63e4f65945a9739c0c439f0 - - default default] Successfully bumped revision number for resource 0bb546ee-d76b-4bc9-ac80-2c726eee65c9 (type: security_groups) to 1
2026-03-06 01:41:58.774 10 INFO neutron.db.ovn_revision_numbers_db [None req-9d50e801-351e-47fa-8c87-dd87d917dfe4 2dfb52819f96413a9de7f56d55cbbc73 c4b7533ba63e4f65945a9739c0c439f0 - - default default] Successfully bumped revision number for resource a77ff4f7-9fb2-45c9-b29e-ad224a09dc49 (type: security_group_rules) to 0
2026-03-06 01:41:58.789 10 INFO neutron.db.ovn_revision_numbers_db [None req-9d50e801-351e-47fa-8c87-dd87d917dfe4 2dfb52819f96413a9de7f56d55cbbc73 c4b7533ba63e4f65945a9739c0c439f0 - - default default] Successfully bumped revision number for resource c4e8fa9c-69a9-42d4-b651-bc3d6d9216ff (type: security_group_rules) to 0
2026-03-06 01:41:58.815 10 INFO neutron.wsgi [None req-9d50e801-351e-47fa-8c87-dd87d917dfe4 2dfb52819f96413a9de7f56d55cbbc73 c4b7533ba63e4f65945a9739c0c439f0 - - default default] 10.0.0.8 "POST /v2.0/security-groups HTTP/1.1" status: 201 len: 1801 time: 0.1976166
2026-03-06 01:41:58.824 10 WARNING neutron_lib.context [None req-4d922ccb-4bad-4a0b-8f04-576ab7950aa6 2dfb52819f96413a9de7f56d55cbbc73 c4b7533ba63e4f65945a9739c0c439f0 - - default default] Method 'is_advsvc' is deprecated since 2023.2 release (neutron-lib 3.8.0) and will be removed once support for the old RBAC API policies will be removed from Neutron. Please use method 'is_service_role' instead.
2026-03-06 01:41:58.929 9 INFO neutron.db.ovn_revision_numbers_db [None req-602038b6-747c-4989-9189-d723957d5a61 c137bf5204334c9e898446b24dc8b96b 02801b8e0801495e95fee9a2759ed92e - - default default] Successfully bumped revision number for resource 52e49e9a-e5f9-48bb-8b6b-4fbc0ccf87e6 (type: security_groups) to 1
2026-03-06 01:41:58.941 9 INFO neutron.db.ovn_revision_numbers_db [None req-602038b6-747c-4989-9189-d723957d5a61 c137bf5204334c9e898446b24dc8b96b 02801b8e0801495e95fee9a2759ed92e - - default default] Successfully bumped revision number for resource 48d4dcb7-6188-4e72-8ad7-b3114bc94ca0 (type: security_group_rules) to 0
2026-03-06 01:41:58.945 10 INFO neutron.db.ovn_revision_numbers_db [None req-4d922ccb-4bad-4a0b-8f04-576ab7950aa6 2dfb52819f96413a9de7f56d55cbbc73 c4b7533ba63e4f65945a9739c0c439f0 - - default default] Successfully bumped revision number for resource 55e61c0d-cf56-4abc-9a18-7e0c58b6c0b4 (type: security_groups) to 1
2026-03-06 01:41:58.957 9 INFO neutron.db.ovn_revision_numbers_db [None req-602038b6-747c-4989-9189-d723957d5a61 c137bf5204334c9e898446b24dc8b96b 02801b8e0801495e95fee9a2759ed92e - - default default] Successfully bumped revision number for resource 570a7319-9c8a-43dd-946f-481c2baa75b7 (type: security_group_rules) to 0
2026-03-06 01:41:58.962 10 INFO neutron.db.ovn_revision_numbers_db [None req-4d922ccb-4bad-4a0b-8f04-576ab7950aa6 2dfb52819f96413a9de7f56d55cbbc73 c4b7533ba63e4f65945a9739c0c439f0 - - default default] Successfully bumped revision number for resource 2b8cf237-e4a6-4611-aad9-c5df47b4117d (type: security_group_rules) to 0
2026-03-06 01:41:58.972 9 INFO neutron.db.ovn_revision_numbers_db [None req-602038b6-747c-4989-9189-d723957d5a61 c137bf5204334c9e898446b24dc8b96b 02801b8e0801495e95fee9a2759ed92e - - default default] Successfully bumped revision number for resource 7b7d6bd8-44fc-405a-97a8-1bb06c9860fa (type: security_group_rules) to 0
2026-03-06 01:41:58.974 10 INFO neutron.db.ovn_revision_numbers_db [None req-4d922ccb-4bad-4a0b-8f04-576ab7950aa6 2dfb52819f96413a9de7f56d55cbbc73 c4b7533ba63e4f65945a9739c0c439f0 - - default default] Successfully bumped revision number for resource bd445c2b-82f6-41d5-9b9c-4442095f2e53 (type: security_group_rules) to 0
2026-03-06 01:41:58.985 9 INFO neutron.db.ovn_revision_numbers_db [None req-602038b6-747c-4989-9189-d723957d5a61 c137bf5204334c9e898446b24dc8b96b 02801b8e0801495e95fee9a2759ed92e - - default default] Successfully bumped revision number for resource ff2fe775-0709-4220-90de-f7f3fb065b36 (type: security_group_rules) to 0
2026-03-06 01:41:58.995 10 INFO neutron.wsgi [None req-4d922ccb-4bad-4a0b-8f04-576ab7950aa6 2dfb52819f96413a9de7f56d55cbbc73 c4b7533ba63e4f65945a9739c0c439f0 - - default default] 10.0.0.8 "POST /v2.0/security-groups HTTP/1.1" status: 201 len: 1801 time: 0.1749654
2026-03-06 01:41:59.003 9 WARNING neutron_lib.context [None req-3aa407e3-d28d-4a1f-aa65-cb29f92c3c89 6d5949c8f6b141c2a16b99452ec61fe3 bb628ab518634e878e1182af65ea5a87 - - default default] Method 'is_advsvc' is deprecated since 2023.2 release (neutron-lib 3.8.0) and will be removed once support for the old RBAC API policies will be removed from Neutron. Please use method 'is_service_role' instead.
2026-03-06 01:41:59.033 9 INFO neutron.wsgi [None req-602038b6-747c-4989-9189-d723957d5a61 c137bf5204334c9e898446b24dc8b96b 02801b8e0801495e95fee9a2759ed92e - - default default] 10.0.0.8 "GET /v2.0/security-groups?tenant_id=ad82d075ea684c4e9016cfd16d50bd12&name=default HTTP/1.1" status: 200 len: 3120 time: 0.2229941
2026-03-06 01:41:59.074 9 INFO neutron.wsgi [None req-1ba0e2b0-a59a-464f-88de-6b7360398195 2dfb52819f96413a9de7f56d55cbbc73 c4b7533ba63e4f65945a9739c0c439f0 - - default default] 10.0.0.8 "PUT /v2.0/security-groups/a411ddc5-2c4c-47c5-a8e4-d3d9db369c67/tags HTTP/1.1" status: 200 len: 210 time: 0.0673096
2026-03-06 01:41:59.130 9 INFO neutron.wsgi [None req-ea91e516-1eb4-446d-8487-0db7426b1864 2dfb52819f96413a9de7f56d55cbbc73 c4b7533ba63e4f65945a9739c0c439f0 - - default default] 10.0.0.8 "PUT /v2.0/security-groups/7f7b74bd-5593-4849-8b7a-24e5f3d082df/tags HTTP/1.1" status: 200 len: 218 time: 0.0526845
2026-03-06 01:41:59.183 10 INFO neutron.wsgi [None req-17c794d9-5ea0-4625-884c-2153fdd0ac53 2dfb52819f96413a9de7f56d55cbbc73 c4b7533ba63e4f65945a9739c0c439f0 - - default default] 10.0.0.8 "PUT /v2.0/security-groups/43771a46-2238-4809-849b-a6d6c5e20374/tags HTTP/1.1" status: 200 len: 227 time: 0.0480261
2026-03-06 01:41:59.233 10 INFO neutron.wsgi [None req-51961f2a-3f65-4ec5-b7ca-8ccdfc4c9557 2dfb52819f96413a9de7f56d55cbbc73 c4b7533ba63e4f65945a9739c0c439f0 - - default default] 10.0.0.8 "PUT /v2.0/security-groups/0bb546ee-d76b-4bc9-ac80-2c726eee65c9/tags HTTP/1.1" status: 200 len: 212 time: 0.0427897
2026-03-06 01:41:59.271 9 WARNING neutron.scheduler.dhcp_agent_scheduler [None req-3aa407e3-d28d-4a1f-aa65-cb29f92c3c89 6d5949c8f6b141c2a16b99452ec61fe3 bb628ab518634e878e1182af65ea5a87 - - default default] No more DHCP agents
2026-03-06 01:41:59.277 9 WARNING neutron.api.rpc.agentnotifiers.dhcp_rpc_agent_api [None req-3aa407e3-d28d-4a1f-aa65-cb29f92c3c89 6d5949c8f6b141c2a16b99452ec61fe3 bb628ab518634e878e1182af65ea5a87 - - default default] Unable to schedule network e8c06e9f-2346-4dc7-b13e-ea1027770fa0: no agents available; will retry on subsequent port and subnet creation events.
2026-03-06 01:41:59.289 10 INFO neutron.wsgi [None req-ad13b678-101d-46fe-9fe5-eb587c5938d8 c137bf5204334c9e898446b24dc8b96b 02801b8e0801495e95fee9a2759ed92e - - default default] 10.0.0.8 "DELETE /v2.0/security-groups/52e49e9a-e5f9-48bb-8b6b-4fbc0ccf87e6 HTTP/1.1" status: 204 len: 168 time: 0.2492418
2026-03-06 01:41:59.309 9 INFO neutron.wsgi [None req-61af9df7-8cf2-4525-8e85-f0054629071b 2dfb52819f96413a9de7f56d55cbbc73 c4b7533ba63e4f65945a9739c0c439f0 - - default default] 10.0.0.8 "GET /v2.0/security-groups?tags=red HTTP/1.1" status: 200 len: 4999 time: 0.0673575
2026-03-06 01:41:59.324 9 INFO neutron.db.ovn_revision_numbers_db [None req-3aa407e3-d28d-4a1f-aa65-cb29f92c3c89 6d5949c8f6b141c2a16b99452ec61fe3 bb628ab518634e878e1182af65ea5a87 - - default default] Successfully bumped revision number for resource 3cfbf1f4-8bfb-4947-9312-45045a22921c (type: subnets) to 0
2026-03-06 01:41:59.345 9 INFO neutron.wsgi [None req-3aa407e3-d28d-4a1f-aa65-cb29f92c3c89 6d5949c8f6b141c2a16b99452ec61fe3 bb628ab518634e878e1182af65ea5a87 - - default default] 10.0.0.8 "POST /v2.0/subnets HTTP/1.1" status: 201 len: 848 time: 0.3492804
2026-03-06 01:41:59.355 9 WARNING neutron_lib.context [None req-7466bdb1-21a9-4733-a574-3142d8018c7c 6d5949c8f6b141c2a16b99452ec61fe3 bb628ab518634e878e1182af65ea5a87 - - default default] Method 'is_advsvc' is deprecated since 2023.2 release (neutron-lib 3.8.0) and will be removed once support for the old RBAC API policies will be removed from Neutron. Please use method 'is_service_role' instead.
2026-03-06 01:41:59.364 9 INFO neutron.wsgi [None req-e04e63d0-6b73-481c-8075-8ab61785ffc5 2dfb52819f96413a9de7f56d55cbbc73 c4b7533ba63e4f65945a9739c0c439f0 - - default default] 10.0.0.8 "GET /v2.0/security-groups?tags=red%2Cblue HTTP/1.1" status: 200 len: 3413 time: 0.0509920
2026-03-06 01:41:59.415 9 INFO neutron.wsgi [None req-4b7a27fd-0285-4d91-9f18-3434d0a35023 2dfb52819f96413a9de7f56d55cbbc73 c4b7533ba63e4f65945a9739c0c439f0 - - default default] 10.0.0.8 "GET /v2.0/security-groups?tags-any=blue HTTP/1.1" status: 200 len: 3413 time: 0.0454540
2026-03-06 01:41:59.465 9 INFO neutron.wsgi [None req-61ca35cd-765b-415e-958f-71b9aced821b 2dfb52819f96413a9de7f56d55cbbc73 c4b7533ba63e4f65945a9739c0c439f0 - - default default] 10.0.0.8 "GET /v2.0/security-groups?tags-any=red%2Cblue HTTP/1.1" status: 200 len: 4999 time: 0.0449498
2026-03-06 01:41:59.467 9 INFO neutron.db.segments_db [None req-7466bdb1-21a9-4733-a574-3142d8018c7c 6d5949c8f6b141c2a16b99452ec61fe3 bb628ab518634e878e1182af65ea5a87 - - default default] Added segment 1dbe7d04-6b09-4470-b974-1a10f0f4a0ce of type geneve for network 4a9fee24-ccb9-4b00-bae9-aea6ae085b7e
2026-03-06 01:41:59.532 9 INFO neutron.wsgi [None req-43dccd7a-3d5b-460c-8205-f2900c7171d5 2dfb52819f96413a9de7f56d55cbbc73 c4b7533ba63e4f65945a9739c0c439f0 - - default default] 10.0.0.8 "GET /v2.0/security-groups?not-tags=red HTTP/1.1" status: 200 len: 6289 time: 0.0612462
2026-03-06 01:41:59.614 10 INFO neutron.wsgi [None req-0b329334-1f1f-4eb6-94ca-795e3099347b 2dfb52819f96413a9de7f56d55cbbc73 c4b7533ba63e4f65945a9739c0c439f0 - - default default] 10.0.0.8 "GET /v2.0/security-groups?not-tags=red%2Cblue HTTP/1.1" status: 200 len: 7875 time: 0.0766885
2026-03-06 01:41:59.616 10 INFO neutron.db.ovn_revision_numbers_db [None req-a68f31e5-ddd2-44b9-932b-4b316c106b9c c137bf5204334c9e898446b24dc8b96b 02801b8e0801495e95fee9a2759ed92e - - default default] Successfully bumped revision number for resource 8f510dd8-9bd7-4453-8bd6-77a8457f2ff4 (type: security_groups) to 1
2026-03-06 01:41:59.617 9 INFO neutron.db.ovn_revision_numbers_db [None req-7466bdb1-21a9-4733-a574-3142d8018c7c 6d5949c8f6b141c2a16b99452ec61fe3 bb628ab518634e878e1182af65ea5a87 - - default default] Successfully bumped revision number for resource 4a9fee24-ccb9-4b00-bae9-aea6ae085b7e (type: networks) to 1
2026-03-06 01:41:59.632 10 INFO neutron.db.ovn_revision_numbers_db [None req-a68f31e5-ddd2-44b9-932b-4b316c106b9c c137bf5204334c9e898446b24dc8b96b 02801b8e0801495e95fee9a2759ed92e - - default default] Successfully bumped revision number for resource 21636b05-d258-4701-ae77-1def8ca4df47 (type: security_group_rules) to 0
2026-03-06 01:41:59.649 10 INFO neutron.db.ovn_revision_numbers_db [None req-a68f31e5-ddd2-44b9-932b-4b316c106b9c c137bf5204334c9e898446b24dc8b96b 02801b8e0801495e95fee9a2759ed92e - - default default] Successfully bumped revision number for resource 3281ad9c-4f2b-4706-b6c3-3b3f1f94b1b2 (type: security_group_rules) to 0
2026-03-06 01:41:59.677 10 INFO neutron.db.ovn_revision_numbers_db [None req-a68f31e5-ddd2-44b9-932b-4b316c106b9c c137bf5204334c9e898446b24dc8b96b 02801b8e0801495e95fee9a2759ed92e - - default default] Successfully bumped revision number for resource 73294933-30cd-4fbd-a8e4-bc7b4900e2da (type: security_group_rules) to 0
2026-03-06 01:41:59.677 9 INFO neutron.wsgi [None req-8d959b01-bfc3-4951-9ca1-d97d73b86b84 2dfb52819f96413a9de7f56d55cbbc73 c4b7533ba63e4f65945a9739c0c439f0 - - default default] 10.0.0.8 "GET /v2.0/security-groups?not-tags-any=blue HTTP/1.1" status: 200 len: 7875 time: 0.0564287
2026-03-06 01:41:59.696 10 INFO neutron.db.ovn_revision_numbers_db [None req-a68f31e5-ddd2-44b9-932b-4b316c106b9c c137bf5204334c9e898446b24dc8b96b 02801b8e0801495e95fee9a2759ed92e - - default default] Successfully bumped revision number for resource f112cd50-415a-43fb-b2db-0a31a778b915 (type: security_group_rules) to 0
2026-03-06 01:41:59.725 10 INFO neutron.wsgi [None req-a68f31e5-ddd2-44b9-932b-4b316c106b9c c137bf5204334c9e898446b24dc8b96b 02801b8e0801495e95fee9a2759ed92e - - default default] 10.0.0.8 "GET /v2.0/security-groups?tenant_id=9a78b7c6043c42da903ee14ae13e05ef&name=default HTTP/1.1" status: 200 len: 3120 time: 0.2881980
2026-03-06 01:41:59.750 9 INFO neutron.wsgi [None req-668f171c-af57-4f76-add1-6443c28ecead 2dfb52819f96413a9de7f56d55cbbc73 c4b7533ba63e4f65945a9739c0c439f0 - - default default] 10.0.0.8 "GET /v2.0/security-groups?not-tags-any=red%2Cblue HTTP/1.1" status: 200 len: 6289 time: 0.0680633
2026-03-06 01:41:59.840 9 WARNING neutron.scheduler.dhcp_agent_scheduler [None req-7466bdb1-21a9-4733-a574-3142d8018c7c 6d5949c8f6b141c2a16b99452ec61fe3 bb628ab518634e878e1182af65ea5a87 - - default default] No more DHCP agents
2026-03-06 01:41:59.844 9 WARNING neutron.api.rpc.agentnotifiers.dhcp_rpc_agent_api [None req-7466bdb1-21a9-4733-a574-3142d8018c7c 6d5949c8f6b141c2a16b99452ec61fe3 bb628ab518634e878e1182af65ea5a87 - - default default] Unable to schedule network 4a9fee24-ccb9-4b00-bae9-aea6ae085b7e: no agents available; will retry on subsequent port and subnet creation events.
2026-03-06 01:41:59.871 10 INFO neutron.wsgi [None req-17be8d47-d4c5-46b1-9a54-ccf7ed5b011d 2dfb52819f96413a9de7f56d55cbbc73 c4b7533ba63e4f65945a9739c0c439f0 - - default default] 10.0.0.8 "DELETE /v2.0/security-groups/a411ddc5-2c4c-47c5-a8e4-d3d9db369c67 HTTP/1.1" status: 204 len: 168 time: 0.1141372
2026-03-06 01:41:59.941 9 INFO neutron.db.ovn_revision_numbers_db [None req-7466bdb1-21a9-4733-a574-3142d8018c7c 6d5949c8f6b141c2a16b99452ec61fe3 bb628ab518634e878e1182af65ea5a87 - - default default] Successfully bumped revision number for resource 75fce6fc-3b71-443b-bae8-878e41df689d (type: ports) to 1
2026-03-06 01:41:59.966 9 INFO neutron.wsgi [None req-7466bdb1-21a9-4733-a574-3142d8018c7c 6d5949c8f6b141c2a16b99452ec61fe3 bb628ab518634e878e1182af65ea5a87 - - default default] 10.0.0.8 "POST /v2.0/networks HTTP/1.1" status: 201 len: 847 time: 0.6155641
2026-03-06 01:41:59.996 10 INFO neutron.wsgi [None req-b13533f3-59d8-4734-83eb-47129e26b538 2dfb52819f96413a9de7f56d55cbbc73 c4b7533ba63e4f65945a9739c0c439f0 - - default default] 10.0.0.8 "DELETE /v2.0/security-groups/7f7b74bd-5593-4849-8b7a-24e5f3d082df HTTP/1.1" status: 204 len: 168 time: 0.1171262
2026-03-06 01:42:00.019 9 INFO neutron.wsgi [None req-7130a772-0af7-4aae-a4e1-d1d54005429b c137bf5204334c9e898446b24dc8b96b 02801b8e0801495e95fee9a2759ed92e - - default default] 10.0.0.8 "DELETE /v2.0/security-groups/8f510dd8-9bd7-4453-8bd6-77a8457f2ff4 HTTP/1.1" status: 204 len: 168 time: 0.2876434
2026-03-06 01:42:00.123 10 INFO neutron.wsgi [None req-fa25275c-8556-4fdb-a7f8-9c30bd3cf8cc 2dfb52819f96413a9de7f56d55cbbc73 c4b7533ba63e4f65945a9739c0c439f0 - - default default] 10.0.0.8 "DELETE /v2.0/security-groups/43771a46-2238-4809-849b-a6d6c5e20374 HTTP/1.1" status: 204 len: 168 time: 0.1210873
2026-03-06 01:42:00.150 9 INFO neutron.db.ovn_revision_numbers_db [None req-543bb163-3840-4487-a7da-0416df508fd7 6d5949c8f6b141c2a16b99452ec61fe3 bb628ab518634e878e1182af65ea5a87 - - default default] Successfully bumped revision number for resource 4a9fee24-ccb9-4b00-bae9-aea6ae085b7e (type: networks) to 2
2026-03-06 01:42:00.153 9 INFO neutron.wsgi [None req-543bb163-3840-4487-a7da-0416df508fd7 6d5949c8f6b141c2a16b99452ec61fe3 bb628ab518634e878e1182af65ea5a87 - - default default] 10.0.0.8 "PUT /v2.0/networks/4a9fee24-ccb9-4b00-bae9-aea6ae085b7e HTTP/1.1" status: 200 len: 792 time: 0.1818666
2026-03-06 01:42:00.167 10 WARNING neutron_lib.context [None req-2f714e30-40e3-4b5c-9908-90748bdd1509 6d5949c8f6b141c2a16b99452ec61fe3 bb628ab518634e878e1182af65ea5a87 - - default default] Method 'is_advsvc' is deprecated since 2023.2 release (neutron-lib 3.8.0) and will be removed once support for the old RBAC API policies will be removed from Neutron. Please use method 'is_service_role' instead.
2026-03-06 01:42:00.234 9 INFO neutron.wsgi [None req-704f9ea9-a05a-49ec-911d-ac3bf75aa765 2dfb52819f96413a9de7f56d55cbbc73 c4b7533ba63e4f65945a9739c0c439f0 - - default default] 10.0.0.8 "DELETE /v2.0/security-groups/0bb546ee-d76b-4bc9-ac80-2c726eee65c9 HTTP/1.1" status: 204 len: 168 time: 0.1067007
2026-03-06 01:42:00.360 9 INFO neutron.wsgi [None req-0fbde750-30ba-4458-9bf5-ab1d3d5189fe 2dfb52819f96413a9de7f56d55cbbc73 c4b7533ba63e4f65945a9739c0c439f0 - - default default] 10.0.0.8 "DELETE /v2.0/security-groups/55e61c0d-cf56-4abc-9a18-7e0c58b6c0b4 HTTP/1.1" status: 204 len: 168 time: 0.1192632
2026-03-06 01:42:00.397 10 WARNING neutron.scheduler.dhcp_agent_scheduler [None req-2f714e30-40e3-4b5c-9908-90748bdd1509 6d5949c8f6b141c2a16b99452ec61fe3 bb628ab518634e878e1182af65ea5a87 - - default default] No more DHCP agents
2026-03-06 01:42:00.399 10 WARNING neutron.api.rpc.agentnotifiers.dhcp_rpc_agent_api [None req-2f714e30-40e3-4b5c-9908-90748bdd1509 6d5949c8f6b141c2a16b99452ec61fe3 bb628ab518634e878e1182af65ea5a87 - - default default] Unable to schedule network 4a9fee24-ccb9-4b00-bae9-aea6ae085b7e: no agents available; will retry on subsequent port and subnet creation events.
2026-03-06 01:42:00.426 10 INFO neutron.db.ovn_revision_numbers_db [None req-2f714e30-40e3-4b5c-9908-90748bdd1509 6d5949c8f6b141c2a16b99452ec61fe3 bb628ab518634e878e1182af65ea5a87 - - default default] Successfully bumped revision number for resource 5bd719c6-ad47-49a5-89ba-6f78c3747e37 (type: subnets) to 0
2026-03-06 01:42:00.444 10 INFO neutron.wsgi [None req-2f714e30-40e3-4b5c-9908-90748bdd1509 6d5949c8f6b141c2a16b99452ec61fe3 bb628ab518634e878e1182af65ea5a87 - - default default] 10.0.0.8 "POST /v2.0/subnets HTTP/1.1" status: 201 len: 821 time: 0.2852914
2026-03-06 01:42:01.157 10 INFO neutron.db.ovn_revision_numbers_db [None req-0e60dfaf-8b35-446e-be55-f91d17748843 6d5949c8f6b141c2a16b99452ec61fe3 bb628ab518634e878e1182af65ea5a87 - - default default] Successfully bumped revision number for resource 75fce6fc-3b71-443b-bae8-878e41df689d (type: ports) to 2
2026-03-06 01:42:01.214 10 INFO neutron.db.ovn_revision_numbers_db [None req-0e60dfaf-8b35-446e-be55-f91d17748843 6d5949c8f6b141c2a16b99452ec61fe3 bb628ab518634e878e1182af65ea5a87 - - default default] Successfully bumped revision number for resource 5bd719c6-ad47-49a5-89ba-6f78c3747e37 (type: subnets) to 1
2026-03-06 01:42:01.217 10 INFO neutron.wsgi [None req-0e60dfaf-8b35-446e-be55-f91d17748843 6d5949c8f6b141c2a16b99452ec61fe3 bb628ab518634e878e1182af65ea5a87 - - default default] 10.0.0.8 "PUT /v2.0/subnets/5bd719c6-ad47-49a5-89ba-6f78c3747e37 HTTP/1.1" status: 200 len: 826 time: 0.7662561
2026-03-06 01:42:01.382 10 INFO neutron.wsgi [None req-b974f368-a640-49b3-b368-af693bc31b6c c137bf5204334c9e898446b24dc8b96b 02801b8e0801495e95fee9a2759ed92e - - default default] 10.0.0.8 "GET /v2.0/security-groups?tenant_id=c4b7533ba63e4f65945a9739c0c439f0&name=default HTTP/1.1" status: 200 len: 3120 time: 0.1860988
2026-03-06 01:42:01.427 9 INFO neutron.wsgi [req-234dc85e-8bef-43fc-a907-3b963b9409fe req-a2d2ca6f-c649-4a94-9fb8-181dbb6a0a68 a7fc42a04c71436aa025d7cc65799037 bba4eebdda7d4ea1bce7ba38630fae01 - - 44efff896278498a92dd1ea78e03d0e4 44efff896278498a92dd1ea78e03d0e4] 10.0.0.211 "GET /v2.0/ports?device_id=68bb19f2-b874-4bdd-b3e8-9e7b1544947f HTTP/1.1" status: 200 len: 1413 time: 0.1920207
2026-03-06 01:42:01.479 9 INFO neutron.wsgi [req-234dc85e-8bef-43fc-a907-3b963b9409fe req-0f32de95-7038-40cd-a41a-fa8385b5b9b0 a7fc42a04c71436aa025d7cc65799037 bba4eebdda7d4ea1bce7ba38630fae01 - - 44efff896278498a92dd1ea78e03d0e4 44efff896278498a92dd1ea78e03d0e4] 10.0.0.211 "GET /v2.0/security-groups?id=67ba126b-b945-4c2b-a2f5-a592305a8028&fields=id&fields=name HTTP/1.1" status: 200 len: 312 time: 0.0432799
2026-03-06 01:42:01.623 9 INFO neutron.wsgi [None req-9a01be7f-41ea-4e5f-ad4b-4166e445a738 c137bf5204334c9e898446b24dc8b96b 02801b8e0801495e95fee9a2759ed92e - - default default] 10.0.0.8 "DELETE /v2.0/security-groups/381db73d-a44a-4268-b5cb-d6603ae09ad2 HTTP/1.1" status: 204 len: 168 time: 0.2317393
2026-03-06 01:42:01.821 10 INFO neutron.services.segments.plugin [-] Segment 1dbe7d04-6b09-4470-b974-1a10f0f4a0ce resource provider aggregate not found
2026-03-06 01:42:01.826 10 INFO neutron.services.segments.plugin [-] Segment 1dbe7d04-6b09-4470-b974-1a10f0f4a0ce resource provider aggregate not found
2026-03-06 01:42:01.844 10 INFO neutron.services.segments.plugin [-] Segment 1dbe7d04-6b09-4470-b974-1a10f0f4a0ce resource provider not found; error: Placement Client Error (4xx): {"errors": [{"status": 404, "title": "Not Found", "detail": "The resource could not be found.\n\n No resource provider with uuid 1dbe7d04-6b09-4470-b974-1a10f0f4a0ce found for delete ", "request_id": "req-1d33f6c1-cf36-4424-8731-daa150aa2614"}]}
2026-03-06 01:42:01.846 10 INFO neutron.services.segments.plugin [-] Segment 1dbe7d04-6b09-4470-b974-1a10f0f4a0ce resource provider not found; error: Placement Client Error (4xx): {"errors": [{"status": 404, "title": "Not Found", "detail": "The resource could not be found.\n\n No resource provider with uuid 1dbe7d04-6b09-4470-b974-1a10f0f4a0ce found for delete ", "request_id": "req-e59bf05b-1ebd-4b19-b22f-2290a3074817"}]}
2026-03-06 01:42:01.857 10 INFO neutron.wsgi [None req-b1f4f19b-a7c7-4360-8dd7-40c21131726e 6d5949c8f6b141c2a16b99452ec61fe3 bb628ab518634e878e1182af65ea5a87 - - default default] 10.0.0.8 "DELETE /v2.0/networks/4a9fee24-ccb9-4b00-bae9-aea6ae085b7e HTTP/1.1" status: 204 len: 168 time: 0.6349807
2026-03-06 01:42:01.885 9 INFO neutron.pecan_wsgi.hooks.translation [None req-e39326c5-ca2a-4a64-94d6-d4d3caca9e10 6d5949c8f6b141c2a16b99452ec61fe3 bb628ab518634e878e1182af65ea5a87 - - default default] DELETE failed (client error): The resource could not be found.
2026-03-06 01:42:01.887 9 INFO neutron.wsgi [None req-e39326c5-ca2a-4a64-94d6-d4d3caca9e10 6d5949c8f6b141c2a16b99452ec61fe3 bb628ab518634e878e1182af65ea5a87 - - default default] 10.0.0.8 "DELETE /v2.0/networks/4a9fee24-ccb9-4b00-bae9-aea6ae085b7e HTTP/1.1" status: 404 len: 339 time: 0.0249119
2026-03-06 01:42:01.998 10 INFO neutron.wsgi [None req-00434939-3dae-4bd6-8f87-63c3ede04500 6d5949c8f6b141c2a16b99452ec61fe3 bb628ab518634e878e1182af65ea5a87 - - default default] 10.0.0.8 "GET /v2.0/networks?router%3Aexternal=True HTTP/1.1" status: 200 len: 845 time: 0.1033847
2026-03-06 01:42:02.046 10 INFO neutron.wsgi [None req-20c17231-9398-4964-91bf-ad009a41fd35 6d5949c8f6b141c2a16b99452ec61fe3 bb628ab518634e878e1182af65ea5a87 - - default default] 10.0.0.8 "GET /v2.0/subnets?network_id=98cbf412-7a44-4abe-969e-76b16677fadc HTTP/1.1" status: 200 len: 820 time: 0.0413630
2026-03-06 01:42:02.046 10 INFO neutron.db.ovn_revision_numbers_db [None req-41876808-5f69-4a84-aaf0-df186415ea8e c137bf5204334c9e898446b24dc8b96b 02801b8e0801495e95fee9a2759ed92e - - default default] Successfully bumped revision number for resource ca551c55-573c-4548-9677-93544b1d4ecc (type: security_groups) to 1
2026-03-06 01:42:02.055 10 INFO neutron.wsgi [None req-4051e067-5809-402c-b371-4053a022a7a6 6d5949c8f6b141c2a16b99452ec61fe3 bb628ab518634e878e1182af65ea5a87 - - default default] 10.0.0.8 "GET /v2.0/extensions HTTP/1.1" status: 200 len: 18678 time: 0.0056818
2026-03-06 01:42:02.064 10 INFO neutron.db.ovn_revision_numbers_db [None req-41876808-5f69-4a84-aaf0-df186415ea8e c137bf5204334c9e898446b24dc8b96b 02801b8e0801495e95fee9a2759ed92e - - default default] Successfully bumped revision number for resource 7514e60b-f68c-4a71-a3ed-7853e3bdbb32 (type: security_group_rules) to 0
2026-03-06 01:42:02.077 10 INFO neutron.db.ovn_revision_numbers_db [None req-41876808-5f69-4a84-aaf0-df186415ea8e c137bf5204334c9e898446b24dc8b96b 02801b8e0801495e95fee9a2759ed92e - - default default] Successfully bumped revision number for resource 84ff3ae6-15da-494e-86e2-cb0e529de266 (type: security_group_rules) to 0
2026-03-06 01:42:02.091 10 INFO neutron.db.ovn_revision_numbers_db [None req-41876808-5f69-4a84-aaf0-df186415ea8e c137bf5204334c9e898446b24dc8b96b 02801b8e0801495e95fee9a2759ed92e - - default default] Successfully bumped revision number for resource ab33d8b5-5ec1-47e0-9795-2e7d43f8a872 (type: security_group_rules) to 0
2026-03-06 01:42:02.111 10 INFO neutron.db.ovn_revision_numbers_db [None req-41876808-5f69-4a84-aaf0-df186415ea8e c137bf5204334c9e898446b24dc8b96b 02801b8e0801495e95fee9a2759ed92e - - default default] Successfully bumped revision number for resource ac25a140-454d-40b0-b243-ce076b7d5fdc (type: security_group_rules) to 0
2026-03-06 01:42:02.129 10 INFO neutron.wsgi [None req-41876808-5f69-4a84-aaf0-df186415ea8e c137bf5204334c9e898446b24dc8b96b 02801b8e0801495e95fee9a2759ed92e - - default default] 10.0.0.8 "GET /v2.0/security-groups?tenant_id=e156903792834049a8bdace907817957&name=default HTTP/1.1" status: 200 len: 3120 time: 0.2963984
2026-03-06 01:42:02.133 9 INFO neutron.wsgi [None req-23211fc3-2956-4fc9-b349-e1b809d8cf1b 6d5949c8f6b141c2a16b99452ec61fe3 bb628ab518634e878e1182af65ea5a87 - - default default] 10.0.0.8 "GET /v2.0/networks HTTP/1.1" status: 200 len: 1508 time: 0.0720084
2026-03-06 01:42:02.176 10 INFO neutron.wsgi [None req-b66fef98-b3a2-40d5-a093-78a622ba7e51 6d5949c8f6b141c2a16b99452ec61fe3 bb628ab518634e878e1182af65ea5a87 - - default default] 10.0.0.8 "GET /v2.0/subnets HTTP/1.1" status: 200 len: 1460 time: 0.0378320
2026-03-06 01:42:02.244 10 INFO neutron.wsgi [None req-926872ce-fcda-4e40-874e-c1366116bc40 6d5949c8f6b141c2a16b99452ec61fe3 bb628ab518634e878e1182af65ea5a87 - - default default] 10.0.0.8 "GET /v2.0/networks/e8c06e9f-2346-4dc7-b13e-ea1027770fa0 HTTP/1.1" status: 200 len: 867 time: 0.0617843
2026-03-06 01:42:02.290 10 INFO neutron.wsgi [None req-87b42fb7-f915-4584-a562-56e2452461b2 6d5949c8f6b141c2a16b99452ec61fe3 bb628ab518634e878e1182af65ea5a87 - - default default] 10.0.0.8 "GET /v2.0/subnets/3cfbf1f4-8bfb-4947-9312-45045a22921c HTTP/1.1" status: 200 len: 843 time: 0.0377178
2026-03-06 01:42:02.308 10 INFO neutron.pecan_wsgi.hooks.translation [None req-c94ef262-4948-4c81-a917-efdf31fd8ce0 6d5949c8f6b141c2a16b99452ec61fe3 bb628ab518634e878e1182af65ea5a87 - - default default] DELETE failed (client error): The resource could not be found.
2026-03-06 01:42:02.311 10 INFO neutron.wsgi [None req-c94ef262-4948-4c81-a917-efdf31fd8ce0 6d5949c8f6b141c2a16b99452ec61fe3 bb628ab518634e878e1182af65ea5a87 - - default default] 10.0.0.8 "DELETE /v2.0/subnets/5bd719c6-ad47-49a5-89ba-6f78c3747e37 HTTP/1.1" status: 404 len: 337 time: 0.0157180
2026-03-06 01:42:02.325 10 INFO neutron.pecan_wsgi.hooks.translation [None req-4577e2ce-a269-4c08-80d1-c4c866e9c2ea 6d5949c8f6b141c2a16b99452ec61fe3 bb628ab518634e878e1182af65ea5a87 - - default default] DELETE failed (client error): The resource could not be found.
2026-03-06 01:42:02.327 10 INFO neutron.wsgi [None req-4577e2ce-a269-4c08-80d1-c4c866e9c2ea 6d5949c8f6b141c2a16b99452ec61fe3 bb628ab518634e878e1182af65ea5a87 - - default default] 10.0.0.8 "DELETE /v2.0/networks/4a9fee24-ccb9-4b00-bae9-aea6ae085b7e HTTP/1.1" status: 404 len: 339 time: 0.0124946
2026-03-06 01:42:02.409 9 INFO neutron.wsgi [None req-46c9fc34-4345-451b-bd8c-4f4974f51142 c137bf5204334c9e898446b24dc8b96b 02801b8e0801495e95fee9a2759ed92e - - default default] 10.0.0.8 "DELETE /v2.0/security-groups/ca551c55-573c-4548-9677-93544b1d4ecc HTTP/1.1" status: 204 len: 168 time: 0.2717669
2026-03-06 01:42:02.581 10 INFO neutron.wsgi [None req-f725fb84-3bf5-41fb-97ee-e5e2e4256774 6d5949c8f6b141c2a16b99452ec61fe3 bb628ab518634e878e1182af65ea5a87 - - default default] 10.0.0.8 "DELETE /v2.0/subnets/3cfbf1f4-8bfb-4947-9312-45045a22921c HTTP/1.1" status: 204 len: 168 time: 0.2501037
2026-03-06 01:42:02.703 10 INFO neutron.db.ovn_revision_numbers_db [None req-264a9b40-6440-488b-a7ba-534f5e1ecb7f c137bf5204334c9e898446b24dc8b96b 02801b8e0801495e95fee9a2759ed92e - - default default] Successfully bumped revision number for resource 1de13107-01e3-44ca-8b62-fde64e70d086 (type: security_groups) to 1
2026-03-06 01:42:02.726 10 INFO neutron.db.ovn_revision_numbers_db [None req-264a9b40-6440-488b-a7ba-534f5e1ecb7f c137bf5204334c9e898446b24dc8b96b 02801b8e0801495e95fee9a2759ed92e - - default default] Successfully bumped revision number for resource 1e7a6294-938f-4bd9-a2ef-136b6e589cb3 (type: security_group_rules) to 0
2026-03-06 01:42:02.745 10 INFO neutron.db.ovn_revision_numbers_db [None req-264a9b40-6440-488b-a7ba-534f5e1ecb7f c137bf5204334c9e898446b24dc8b96b 02801b8e0801495e95fee9a2759ed92e - - default default] Successfully bumped revision number for resource 69de08eb-6b0c-44c3-b85e-3e237988f2e2 (type: security_group_rules) to 0
2026-03-06 01:42:02.760 10 INFO neutron.db.ovn_revision_numbers_db [None req-264a9b40-6440-488b-a7ba-534f5e1ecb7f c137bf5204334c9e898446b24dc8b96b 02801b8e0801495e95fee9a2759ed92e - - default default] Successfully bumped revision number for resource 702cf645-2c71-4a0e-862f-9fa6e2c5deb2 (type: security_group_rules) to 0
2026-03-06 01:42:02.783 10 INFO neutron.db.ovn_revision_numbers_db [None req-264a9b40-6440-488b-a7ba-534f5e1ecb7f c137bf5204334c9e898446b24dc8b96b 02801b8e0801495e95fee9a2759ed92e - - default default] Successfully bumped revision number for resource 9e764863-0a29-4f1f-97ae-84805485411f (type: security_group_rules) to 0
2026-03-06 01:42:02.804 10 INFO neutron.wsgi [None req-264a9b40-6440-488b-a7ba-534f5e1ecb7f c137bf5204334c9e898446b24dc8b96b 02801b8e0801495e95fee9a2759ed92e - - default default] 10.0.0.8 "GET /v2.0/security-groups?tenant_id=9c90d3394bda43b991070dbd004240d3&name=default HTTP/1.1" status: 200 len: 3120 time: 0.2510076
2026-03-06 01:42:02.989 10 INFO neutron.wsgi [None req-33a10bcc-05a5-4552-9068-1161c06d4060 6d5949c8f6b141c2a16b99452ec61fe3 bb628ab518634e878e1182af65ea5a87 - - default default] 10.0.0.8 "DELETE /v2.0/networks/e8c06e9f-2346-4dc7-b13e-ea1027770fa0 HTTP/1.1" status: 204 len: 168 time: 0.4017458
2026-03-06 01:42:03.018 9 INFO neutron.wsgi [None req-33931f05-9c7b-48dc-8371-5972b9765cff c137bf5204334c9e898446b24dc8b96b 02801b8e0801495e95fee9a2759ed92e - - default default] 10.0.0.8 "DELETE /v2.0/security-groups/1de13107-01e3-44ca-8b62-fde64e70d086 HTTP/1.1" status: 204 len: 168 time: 0.2068489
2026-03-06 01:42:03.703 10 INFO neutron.wsgi [None req-d2c64601-f4c9-45b9-b951-0d46c9f2651e c137bf5204334c9e898446b24dc8b96b 02801b8e0801495e95fee9a2759ed92e - - default default] 10.0.0.8 "GET /v2.0/security-groups?tenant_id=bb628ab518634e878e1182af65ea5a87&name=default HTTP/1.1" status: 200 len: 3120 time: 0.2016428
2026-03-06 01:42:03.863 10 INFO neutron.services.segments.plugin [-] Segment 2117acae-c772-4e67-a12d-89abe0099c90 resource provider aggregate not found
2026-03-06 01:42:03.872 10 INFO neutron.services.segments.plugin [-] Segment 2117acae-c772-4e67-a12d-89abe0099c90 resource provider aggregate not found
2026-03-06 01:42:03.875 10 INFO neutron.services.segments.plugin [-] Segment 2117acae-c772-4e67-a12d-89abe0099c90 resource provider not found; error: Placement Client Error (4xx): {"errors": [{"status": 404, "title": "Not Found", "detail": "The resource could not be found.\n\n No resource provider with uuid 2117acae-c772-4e67-a12d-89abe0099c90 found for delete ", "request_id": "req-fc785eb9-f8a9-44d1-bbd7-7f521814f56b"}]}
2026-03-06 01:42:03.886 10 INFO neutron.services.segments.plugin [-] Segment 2117acae-c772-4e67-a12d-89abe0099c90 resource provider not found; error: Placement Client Error (4xx): {"errors": [{"status": 404, "title": "Not Found", "detail": "The resource could not be found.\n\n No resource provider with uuid 2117acae-c772-4e67-a12d-89abe0099c90 found for delete ", "request_id": "req-f59c8eb6-9099-4f14-a2ea-0db2278e7f51"}]}
2026-03-06 01:42:03.983 10 INFO neutron.wsgi [None req-a255336d-9183-4dbd-8aa0-3a1a8a9c32b2 c137bf5204334c9e898446b24dc8b96b 02801b8e0801495e95fee9a2759ed92e - - default default] 10.0.0.8 "DELETE /v2.0/security-groups/a1a5e786-2caa-450d-b54f-a21e8dbcc0a9 HTTP/1.1" status: 204 len: 168 time: 0.2748585
2026-03-06 01:42:04.654 9 WARNING neutron_lib.context [None req-c5f66d88-6cd8-4ba5-ada5-df898b95e5c6 f4a48743e50b445e8854f30853da0afc ae5be7c75147467aa9e7f08a879cd8a5 - - default default] Method 'is_advsvc' is deprecated since 2023.2 release (neutron-lib 3.8.0) and will be removed once support for the old RBAC API policies will be removed from Neutron. Please use method 'is_service_role' instead.
2026-03-06 01:42:04.804 9 INFO neutron.db.ovn_revision_numbers_db [None req-c5f66d88-6cd8-4ba5-ada5-df898b95e5c6 f4a48743e50b445e8854f30853da0afc ae5be7c75147467aa9e7f08a879cd8a5 - - default default] Successfully bumped revision number for resource c60d214e-4a1e-4583-9d4b-9eb714c478d4 (type: security_groups) to 1
2026-03-06 01:42:04.821 9 INFO neutron.db.ovn_revision_numbers_db [None req-c5f66d88-6cd8-4ba5-ada5-df898b95e5c6 f4a48743e50b445e8854f30853da0afc ae5be7c75147467aa9e7f08a879cd8a5 - - default default] Successfully bumped revision number for resource 1d275195-6f97-4fea-b3ab-815f578a60aa (type: security_group_rules) to 0
2026-03-06 01:42:04.838 9 INFO neutron.db.ovn_revision_numbers_db [None req-c5f66d88-6cd8-4ba5-ada5-df898b95e5c6 f4a48743e50b445e8854f30853da0afc ae5be7c75147467aa9e7f08a879cd8a5 - - default default] Successfully bumped revision number for resource 46a656a0-f941-4157-a12c-4ff721bf4fa4 (type: security_group_rules) to 0
2026-03-06 01:42:04.852 9 INFO neutron.db.ovn_revision_numbers_db [None req-c5f66d88-6cd8-4ba5-ada5-df898b95e5c6 f4a48743e50b445e8854f30853da0afc ae5be7c75147467aa9e7f08a879cd8a5 - - default default] Successfully bumped revision number for resource 8b5f57fe-b82a-4dc4-a56c-7a2f7e5207fd (type: security_group_rules) to 0
2026-03-06 01:42:04.866 9 INFO neutron.db.ovn_revision_numbers_db [None req-c5f66d88-6cd8-4ba5-ada5-df898b95e5c6 f4a48743e50b445e8854f30853da0afc ae5be7c75147467aa9e7f08a879cd8a5 - - default default] Successfully bumped revision number for resource fa987be5-aaaa-4d66-9952-2d19aafd6fee (type: security_group_rules) to 0
2026-03-06 01:42:04.878 10 INFO neutron.wsgi [req-69b657ea-cc30-4d74-992d-6eb826ca1fbe req-54a4ace3-67ce-40cc-8c9b-62ca15bf014a f128676534014349b92458a46b373b32 ea546f56dc724c7fb308e3341dbfd1e8 - - default default] 10.0.0.51 "GET /v2.0/ports?device_id=68bb19f2-b874-4bdd-b3e8-9e7b1544947f HTTP/1.1" status: 200 len: 1174 time: 0.1011274
2026-03-06 01:42:04.925 10 INFO neutron.wsgi [req-69b657ea-cc30-4d74-992d-6eb826ca1fbe req-5be6773c-c95a-4029-b2b2-bd11274f58f2 f128676534014349b92458a46b373b32 ea546f56dc724c7fb308e3341dbfd1e8 - - default default] 10.0.0.51 "GET /v2.0/security-groups?id=67ba126b-b945-4c2b-a2f5-a592305a8028&fields=id&fields=name HTTP/1.1" status: 200 len: 312 time: 0.0382719
2026-03-06 01:42:04.931 9 INFO neutron.db.segments_db [None req-c5f66d88-6cd8-4ba5-ada5-df898b95e5c6 f4a48743e50b445e8854f30853da0afc ae5be7c75147467aa9e7f08a879cd8a5 - - default default] Added segment 5b78e02d-f95c-4c05-904f-46b27056d48a of type geneve for network ef75ffbc-a7e5-4b0a-ac43-bd087b6c52bb
2026-03-06 01:42:05.074 9 INFO neutron.db.ovn_revision_numbers_db [None req-c5f66d88-6cd8-4ba5-ada5-df898b95e5c6 f4a48743e50b445e8854f30853da0afc ae5be7c75147467aa9e7f08a879cd8a5 - - default default] Successfully bumped revision number for resource ef75ffbc-a7e5-4b0a-ac43-bd087b6c52bb (type: networks) to 1
2026-03-06 01:42:05.182 10 INFO neutron.wsgi [req-001c4a19-75de-499b-8544-ea4639119d43 req-99ed3146-2ff0-44c1-8627-6091b942efe3 f128676534014349b92458a46b373b32 ea546f56dc724c7fb308e3341dbfd1e8 - - default default] 10.0.0.51 "GET /v2.0/ports?device_id=68bb19f2-b874-4bdd-b3e8-9e7b1544947f HTTP/1.1" status: 200 len: 1174 time: 0.0567760
