2026-03-06 01:43:49.483 10 INFO neutron.api.v2.resource [None req-eb0ff7c1-16dc-4353-ab6c-daab84c77c5a 20314330be934f348646f029adab2fe1 65bf2208406e43b194df92f6c464b0c0 - - default default] create failed (client error): Invalid input for description. Reason: 'yyyyyyyyyyyyyyyyyyyyyyyyyyyyyyyyyyyyyyyyyyyyyyyyyyyyyyyyyyyyyyyyyyyyyyyyyyyyyyyyyyyyyyyyyyyyyyyyyyyyyyyyyyyyyyyyyyyyyyyyyyyyyyyyyyyyyyyyyyyyyyyyyyyyyyyyyyyyyyyyyyyyyyyyyyyyyyyyyyyyyyyyyyyyyyyyyyyyyyyyyyyyyyyyyyyyyyyyyyyyyyyyyyyyyyyyyyyyyyyyyyyyyyyyyyyyyyyy' exceeds maximum length of 255.
2026-03-06 01:43:49.484 10 INFO neutron.wsgi [None req-eb0ff7c1-16dc-4353-ab6c-daab84c77c5a 20314330be934f348646f029adab2fe1 65bf2208406e43b194df92f6c464b0c0 - - default default] 10.0.0.8 "POST /v2.0/vpn/vpnservices HTTP/1.1" status: 400 len: 604 time: 0.0068526
2026-03-06 01:43:49.511 10 WARNING neutron.api.v2.base [None req-b83e299f-a484-4eef-b0e5-ddb52533ee47 20314330be934f348646f029adab2fe1 65bf2208406e43b194df92f6c464b0c0 - - default default] An exception happened while processing the request body. The exception message is [Invalid input for name. Reason: 'xxxxxxxxxxxxxxxxxxxxxxxxxxxxxxxxxxxxxxxxxxxxxxxxxxxxxxxxxxxxxxxxxxxxxxxxxxxxxxxxxxxxxxxxxxxxxxxxxxxxxxxxxxxxxxxxxxxxxxxxxxxxxxxxxxxxxxxxxxxxxxxxxxxxxxxxxxxxxxxxxxxxxxxxxxxxxxxxxxxxxxxxxxxxxxxxxxxxxxxxxxxxxxxxxxxxxxxxxxxxxxxxxxxxxxxxxxxxxxxxxxxxxxxxxxxxxxxx' exceeds maximum length of 255.].: webob.exc.HTTPBadRequest: Invalid input for name. Reason: 'xxxxxxxxxxxxxxxxxxxxxxxxxxxxxxxxxxxxxxxxxxxxxxxxxxxxxxxxxxxxxxxxxxxxxxxxxxxxxxxxxxxxxxxxxxxxxxxxxxxxxxxxxxxxxxxxxxxxxxxxxxxxxxxxxxxxxxxxxxxxxxxxxxxxxxxxxxxxxxxxxxxxxxxxxxxxxxxxxxxxxxxxxxxxxxxxxxxxxxxxxxxxxxxxxxxxxxxxxxxxxxxxxxxxxxxxxxxxxxxxxxxxxxxxxxxxxxxx' exceeds maximum length of 255.
2026-03-06 01:43:49.512 10 INFO neutron.api.v2.resource [None req-b83e299f-a484-4eef-b0e5-ddb52533ee47 20314330be934f348646f029adab2fe1 65bf2208406e43b194df92f6c464b0c0 - - default default] create failed (client error): Invalid input for name. Reason: 'xxxxxxxxxxxxxxxxxxxxxxxxxxxxxxxxxxxxxxxxxxxxxxxxxxxxxxxxxxxxxxxxxxxxxxxxxxxxxxxxxxxxxxxxxxxxxxxxxxxxxxxxxxxxxxxxxxxxxxxxxxxxxxxxxxxxxxxxxxxxxxxxxxxxxxxxxxxxxxxxxxxxxxxxxxxxxxxxxxxxxxxxxxxxxxxxxxxxxxxxxxxxxxxxxxxxxxxxxxxxxxxxxxxxxxxxxxxxxxxxxxxxxxxxxxxxxxxx' exceeds maximum length of 255.
2026-03-06 01:43:49.513 10 INFO neutron.wsgi [None req-b83e299f-a484-4eef-b0e5-ddb52533ee47 20314330be934f348646f029adab2fe1 65bf2208406e43b194df92f6c464b0c0 - - default default] 10.0.0.8 "POST /v2.0/vpn/vpnservices HTTP/1.1" status: 400 len: 597 time: 0.0059721
2026-03-06 01:43:49.522 10 WARNING neutron_lib.context [None req-2f178176-9fa6-4912-aabe-0841dd4ce142 20314330be934f348646f029adab2fe1 65bf2208406e43b194df92f6c464b0c0 - - default default] Method 'is_advsvc' is deprecated since 2023.2 release (neutron-lib 3.8.0) and will be removed once support for the old RBAC API policies will be removed from Neutron. Please use method 'is_service_role' instead.
2026-03-06 01:43:49.544 10 INFO neutron.api.v2.resource [None req-2f178176-9fa6-4912-aabe-0841dd4ce142 20314330be934f348646f029adab2fe1 65bf2208406e43b194df92f6c464b0c0 - - default default] create failed (client error): The server could not comply with the request since it is either malformed or otherwise incorrect.
2026-03-06 01:43:49.545 10 INFO neutron.wsgi [None req-2f178176-9fa6-4912-aabe-0841dd4ce142 20314330be934f348646f029adab2fe1 65bf2208406e43b194df92f6c464b0c0 - - default default] 10.0.0.8 "POST /v2.0/vpn/endpoint-groups HTTP/1.1" status: 400 len: 386 time: 0.0265393
2026-03-06 01:43:49.556 10 WARNING neutron_lib.context [None req-c8f59caa-41f5-4963-9f51-2aac4a808789 20314330be934f348646f029adab2fe1 65bf2208406e43b194df92f6c464b0c0 - - default default] Method 'is_advsvc' is deprecated since 2023.2 release (neutron-lib 3.8.0) and will be removed once support for the old RBAC API policies will be removed from Neutron. Please use method 'is_service_role' instead.
2026-03-06 01:43:49.577 10 INFO neutron.api.v2.resource [None req-c8f59caa-41f5-4963-9f51-2aac4a808789 20314330be934f348646f029adab2fe1 65bf2208406e43b194df92f6c464b0c0 - - default default] create failed (client error): The server could not comply with the request since it is either malformed or otherwise incorrect.
2026-03-06 01:43:49.578 10 INFO neutron.wsgi [None req-c8f59caa-41f5-4963-9f51-2aac4a808789 20314330be934f348646f029adab2fe1 65bf2208406e43b194df92f6c464b0c0 - - default default] 10.0.0.8 "POST /v2.0/vpn/endpoint-groups HTTP/1.1" status: 400 len: 363 time: 0.0257900
2026-03-06 01:43:49.589 9 WARNING neutron_lib.context [None req-232d2ddc-dd7c-4f1b-a72d-4ff1b4e91b89 20314330be934f348646f029adab2fe1 65bf2208406e43b194df92f6c464b0c0 - - default default] Method 'is_advsvc' is deprecated since 2023.2 release (neutron-lib 3.8.0) and will be removed once support for the old RBAC API policies will be removed from Neutron. Please use method 'is_service_role' instead.
2026-03-06 01:43:49.614 9 INFO neutron.api.v2.resource [None req-232d2ddc-dd7c-4f1b-a72d-4ff1b4e91b89 20314330be934f348646f029adab2fe1 65bf2208406e43b194df92f6c464b0c0 - - default default] create failed (client error): The server could not comply with the request since it is either malformed or otherwise incorrect.
2026-03-06 01:43:49.615 9 INFO neutron.wsgi [None req-232d2ddc-dd7c-4f1b-a72d-4ff1b4e91b89 20314330be934f348646f029adab2fe1 65bf2208406e43b194df92f6c464b0c0 - - default default] 10.0.0.8 "POST /v2.0/vpn/endpoint-groups HTTP/1.1" status: 400 len: 357 time: 0.0305216
2026-03-06 01:43:49.634 9 INFO neutron.wsgi [None req-36795dae-f8da-45d7-b39b-1d84455d60ac 20314330be934f348646f029adab2fe1 65bf2208406e43b194df92f6c464b0c0 - - default default] 10.0.0.8 "GET /v2.0/vpn/ikepolicies HTTP/1.1" status: 200 len: 602 time: 0.0111158
2026-03-06 01:43:49.649 9 INFO neutron.wsgi [None req-f8ca5640-c011-48a2-b6c7-8772d06aa407 20314330be934f348646f029adab2fe1 65bf2208406e43b194df92f6c464b0c0 - - default default] 10.0.0.8 "GET /v2.0/vpn/ipsecpolicies HTTP/1.1" status: 200 len: 609 time: 0.0088866
2026-03-06 01:43:49.670 9 INFO neutron.wsgi [None req-0e107124-1daa-43a9-96c9-d282a5d9dbd9 20314330be934f348646f029adab2fe1 65bf2208406e43b194df92f6c464b0c0 - - default default] 10.0.0.8 "GET /v2.0/vpn/ipsec-site-connections HTTP/1.1" status: 200 len: 990 time: 0.0163829
2026-03-06 01:43:49.692 9 INFO neutron.wsgi [None req-70562a84-ffb0-4d4e-8c90-53145ebd5a42 20314330be934f348646f029adab2fe1 65bf2208406e43b194df92f6c464b0c0 - - default default] 10.0.0.8 "GET /v2.0/vpn/vpnservices HTTP/1.1" status: 200 len: 1048 time: 0.0138643
2026-03-06 01:43:49.716 9 INFO neutron.wsgi [None req-b0997ad5-e52a-4e3e-838c-b404bd0a4c78 20314330be934f348646f029adab2fe1 65bf2208406e43b194df92f6c464b0c0 - - default default] 10.0.0.8 "GET /v2.0/vpn/endpoint-groups/a11d4d4d-5687-4d1c-a136-3141a933e2af HTTP/1.1" status: 200 len: 523 time: 0.0156024
2026-03-06 01:43:49.735 10 INFO neutron.wsgi [None req-1156acc7-b123-48de-bae5-ea8b398b74c8 20314330be934f348646f029adab2fe1 65bf2208406e43b194df92f6c464b0c0 - - default default] 10.0.0.8 "GET /v2.0/vpn/endpoint-groups/9aa2b4a7-27a7-4d3b-bae5-07cb88310ce0 HTTP/1.1" status: 200 len: 514 time: 0.0127075
2026-03-06 01:43:49.749 10 INFO neutron.wsgi [None req-1064e686-d086-43d3-b58f-29159b45dd9c 20314330be934f348646f029adab2fe1 65bf2208406e43b194df92f6c464b0c0 - - default default] 10.0.0.8 "GET /v2.0/vpn/ikepolicies/17ed6d74-7f95-4cf1-b410-3bf1abb1d5c2 HTTP/1.1" status: 200 len: 598 time: 0.0083580
2026-03-06 01:43:49.764 10 INFO neutron.wsgi [None req-6048a343-7956-44cd-9a28-30a662d9c0c3 20314330be934f348646f029adab2fe1 65bf2208406e43b194df92f6c464b0c0 - - default default] 10.0.0.8 "GET /v2.0/vpn/ipsecpolicies/2e95c71d-ae0a-4bab-8ef9-0e205c4f6292 HTTP/1.1" status: 200 len: 605 time: 0.0090053
2026-03-06 01:43:49.779 10 INFO neutron.wsgi [None req-96532bc0-1890-4b77-9eb7-22a99af7e367 20314330be934f348646f029adab2fe1 65bf2208406e43b194df92f6c464b0c0 - - default default] 10.0.0.8 "GET /v2.0/vpn/vpnservices/37813fbf-e688-4742-a456-78677fb2c672 HTTP/1.1" status: 200 len: 643 time: 0.0093172
2026-03-06 01:43:50.216 9 INFO neutron.services.segments.plugin [-] Segment 17f4fe09-376d-471c-aae1-0ada8bc601a4 resource provider aggregate not found
2026-03-06 01:43:50.226 9 INFO neutron.services.segments.plugin [-] Segment 17f4fe09-376d-471c-aae1-0ada8bc601a4 resource provider aggregate not found
2026-03-06 01:43:50.233 9 INFO neutron.services.segments.plugin [-] Segment 17f4fe09-376d-471c-aae1-0ada8bc601a4 resource provider not found; error: Placement Client Error (4xx): {"errors": [{"status": 404, "title": "Not Found", "detail": "The resource could not be found.\n\n No resource provider with uuid 17f4fe09-376d-471c-aae1-0ada8bc601a4 found for delete ", "request_id": "req-611280c5-07d8-44e1-aef5-366b386d817d"}]}
2026-03-06 01:43:50.243 9 INFO neutron.services.segments.plugin [-] Segment 17f4fe09-376d-471c-aae1-0ada8bc601a4 resource provider not found; error: Placement Client Error (4xx): {"errors": [{"status": 404, "title": "Not Found", "detail": "The resource could not be found.\n\n No resource provider with uuid 17f4fe09-376d-471c-aae1-0ada8bc601a4 found for delete ", "request_id": "req-dd7e949e-4ddd-4d91-84ff-51a63e4eac0c"}]}
2026-03-06 01:43:50.498 9 INFO neutron.wsgi [None req-e32859b9-bae4-41b3-a1cf-fd858916b289 c137bf5204334c9e898446b24dc8b96b 02801b8e0801495e95fee9a2759ed92e - - default default] 10.0.0.8 "GET /v2.0/security-groups?tenant_id=b13f5cbdb10e4c7c86a987da19229b2d&name=default HTTP/1.1" status: 200 len: 3120 time: 0.2564666
2026-03-06 01:43:50.540 10 INFO neutron.db.ovn_revision_numbers_db [None req-3f2da538-571d-468c-b5f7-b6cc7c528b2f 20314330be934f348646f029adab2fe1 65bf2208406e43b194df92f6c464b0c0 - - default default] Successfully bumped revision number for resource e85b776b-e8bc-456f-abb9-82856819b05f (type: routers) to 10
2026-03-06 01:43:50.566 10 INFO neutron.wsgi [None req-3f2da538-571d-468c-b5f7-b6cc7c528b2f 20314330be934f348646f029adab2fe1 65bf2208406e43b194df92f6c464b0c0 - - default default] 10.0.0.8 "DELETE /v2.0/vpn/ipsec-site-connections/428279e9-afd0-4c65-816d-c2ddc0427c6c HTTP/1.1" status: 204 len: 168 time: 0.7676837
2026-03-06 01:43:50.601 10 INFO neutron.wsgi [None req-b6df6897-d267-4767-be67-d75fd500728c 20314330be934f348646f029adab2fe1 65bf2208406e43b194df92f6c464b0c0 - - default default] 10.0.0.8 "DELETE /v2.0/vpn/endpoint-groups/a11d4d4d-5687-4d1c-a136-3141a933e2af HTTP/1.1" status: 204 len: 168 time: 0.0298111
2026-03-06 01:43:50.653 10 INFO neutron.wsgi [None req-0cbd2cdd-19dd-49c1-b782-356268353015 20314330be934f348646f029adab2fe1 65bf2208406e43b194df92f6c464b0c0 - - default default] 10.0.0.8 "DELETE /v2.0/vpn/endpoint-groups/9aa2b4a7-27a7-4d3b-bae5-07cb88310ce0 HTTP/1.1" status: 204 len: 168 time: 0.0430918
2026-03-06 01:43:50.703 10 INFO neutron.wsgi [None req-c1efdfd2-b688-41a2-8635-1c8976dddc6d 20314330be934f348646f029adab2fe1 65bf2208406e43b194df92f6c464b0c0 - - default default] 10.0.0.8 "DELETE /v2.0/vpn/ipsecpolicies/2e95c71d-ae0a-4bab-8ef9-0e205c4f6292 HTTP/1.1" status: 204 len: 168 time: 0.0430763
2026-03-06 01:43:50.737 10 INFO neutron.wsgi [None req-1b879dbc-dcd2-4d6e-8a0f-5997036bc027 20314330be934f348646f029adab2fe1 65bf2208406e43b194df92f6c464b0c0 - - default default] 10.0.0.8 "DELETE /v2.0/vpn/ikepolicies/17ed6d74-7f95-4cf1-b410-3bf1abb1d5c2 HTTP/1.1" status: 204 len: 168 time: 0.0262978
2026-03-06 01:43:50.744 9 INFO neutron.wsgi [None req-d7564c55-0a75-45e8-a537-4720b119029b c137bf5204334c9e898446b24dc8b96b 02801b8e0801495e95fee9a2759ed92e - - default default] 10.0.0.8 "DELETE /v2.0/security-groups/87d41a60-d217-40aa-833e-1ab5af668c61 HTTP/1.1" status: 204 len: 168 time: 0.2409995
2026-03-06 01:43:50.850 10 INFO neutron.wsgi [None req-a07adbdb-63f7-4ff9-b98a-dea31b899ac9 20314330be934f348646f029adab2fe1 65bf2208406e43b194df92f6c464b0c0 - - default default] 10.0.0.8 "DELETE /v2.0/vpn/vpnservices/37813fbf-e688-4742-a456-78677fb2c672 HTTP/1.1" status: 204 len: 168 time: 0.0993817
2026-03-06 01:43:51.083 9 INFO neutron.db.ovn_revision_numbers_db [None req-8b6a205c-8586-491e-8a46-a2250db15d20 c137bf5204334c9e898446b24dc8b96b 02801b8e0801495e95fee9a2759ed92e - - default default] Successfully bumped revision number for resource 17ddf56b-e176-4abc-af5a-cc907ee3a88f (type: security_groups) to 1
2026-03-06 01:43:51.099 9 INFO neutron.db.ovn_revision_numbers_db [None req-8b6a205c-8586-491e-8a46-a2250db15d20 c137bf5204334c9e898446b24dc8b96b 02801b8e0801495e95fee9a2759ed92e - - default default] Successfully bumped revision number for resource 1cda776d-c4f4-41c0-8157-a55b5114bd03 (type: security_group_rules) to 0
2026-03-06 01:43:51.117 9 INFO neutron.db.ovn_revision_numbers_db [None req-8b6a205c-8586-491e-8a46-a2250db15d20 c137bf5204334c9e898446b24dc8b96b 02801b8e0801495e95fee9a2759ed92e - - default default] Successfully bumped revision number for resource 4be90735-f835-43fc-a2b8-7217225ac95f (type: security_group_rules) to 0
2026-03-06 01:43:51.141 9 INFO neutron.db.ovn_revision_numbers_db [None req-8b6a205c-8586-491e-8a46-a2250db15d20 c137bf5204334c9e898446b24dc8b96b 02801b8e0801495e95fee9a2759ed92e - - default default] Successfully bumped revision number for resource 81d47029-7b43-4b3c-94c1-5b1c0770321e (type: security_group_rules) to 0
2026-03-06 01:43:51.159 9 INFO neutron.db.ovn_revision_numbers_db [None req-8b6a205c-8586-491e-8a46-a2250db15d20 c137bf5204334c9e898446b24dc8b96b 02801b8e0801495e95fee9a2759ed92e - - default default] Successfully bumped revision number for resource aef373ee-bd84-430c-b53d-1d0189c06e91 (type: security_group_rules) to 0
2026-03-06 01:43:51.189 9 INFO neutron.wsgi [None req-8b6a205c-8586-491e-8a46-a2250db15d20 c137bf5204334c9e898446b24dc8b96b 02801b8e0801495e95fee9a2759ed92e - - default default] 10.0.0.8 "GET /v2.0/security-groups?tenant_id=8c159df9a6154f5c93e6f62d066521f0&name=default HTTP/1.1" status: 200 len: 3120 time: 0.2510066
2026-03-06 01:43:51.227 9 INFO neutron.wsgi [-] 10.0.0.53 "GET / HTTP/1.1" status: 200 len: 247 time: 0.0023520
2026-03-06 01:43:51.229 9 INFO neutron.wsgi [-] 10.0.0.53 "GET / HTTP/1.1" status: 200 len: 247 time: 0.0015271
2026-03-06 01:43:51.438 9 INFO neutron.wsgi [None req-f6cfacc5-7108-4a58-83f8-3efc8a0823ef c137bf5204334c9e898446b24dc8b96b 02801b8e0801495e95fee9a2759ed92e - - default default] 10.0.0.8 "DELETE /v2.0/security-groups/17ddf56b-e176-4abc-af5a-cc907ee3a88f HTTP/1.1" status: 204 len: 168 time: 0.2432082
2026-03-06 01:43:51.667 10 INFO neutron.db.ovn_revision_numbers_db [None req-8938c9ca-8a7c-4ddb-94a8-fe16baaf6d64 c137bf5204334c9e898446b24dc8b96b 02801b8e0801495e95fee9a2759ed92e - - default default] Successfully bumped revision number for resource 2c73a816-8571-456b-816d-0377b44dab8f (type: security_groups) to 1
2026-03-06 01:43:51.699 10 INFO neutron.db.ovn_revision_numbers_db [None req-8938c9ca-8a7c-4ddb-94a8-fe16baaf6d64 c137bf5204334c9e898446b24dc8b96b 02801b8e0801495e95fee9a2759ed92e - - default default] Successfully bumped revision number for resource 35522c7e-4c95-4e54-af35-80f637a71274 (type: security_group_rules) to 0
2026-03-06 01:43:51.714 10 INFO neutron.db.ovn_revision_numbers_db [None req-8938c9ca-8a7c-4ddb-94a8-fe16baaf6d64 c137bf5204334c9e898446b24dc8b96b 02801b8e0801495e95fee9a2759ed92e - - default default] Successfully bumped revision number for resource 99e54537-1d2a-4cb6-a1bf-ea8a7589cc4e (type: security_group_rules) to 0
2026-03-06 01:43:51.735 10 INFO neutron.db.ovn_revision_numbers_db [None req-8938c9ca-8a7c-4ddb-94a8-fe16baaf6d64 c137bf5204334c9e898446b24dc8b96b 02801b8e0801495e95fee9a2759ed92e - - default default] Successfully bumped revision number for resource b0940381-972b-447a-a187-e78b6dda5251 (type: security_group_rules) to 0
2026-03-06 01:43:51.766 10 INFO neutron.db.ovn_revision_numbers_db [None req-8938c9ca-8a7c-4ddb-94a8-fe16baaf6d64 c137bf5204334c9e898446b24dc8b96b 02801b8e0801495e95fee9a2759ed92e - - default default] Successfully bumped revision number for resource cffecfa0-d085-405a-be9c-d417d072cb47 (type: security_group_rules) to 0
2026-03-06 01:43:51.793 10 INFO neutron.wsgi [None req-8938c9ca-8a7c-4ddb-94a8-fe16baaf6d64 c137bf5204334c9e898446b24dc8b96b 02801b8e0801495e95fee9a2759ed92e - - default default] 10.0.0.8 "GET /v2.0/security-groups?tenant_id=cf343a669ed54514805857d742c1301d&name=default HTTP/1.1" status: 200 len: 3120 time: 0.4673541
2026-03-06 01:43:52.028 9 INFO neutron.wsgi [None req-354db460-092f-4b14-abc7-f60fcb2798e5 c137bf5204334c9e898446b24dc8b96b 02801b8e0801495e95fee9a2759ed92e - - default default] 10.0.0.8 "DELETE /v2.0/security-groups/2c73a816-8571-456b-816d-0377b44dab8f HTTP/1.1" status: 204 len: 168 time: 0.2288599
2026-03-06 01:43:52.245 9 INFO neutron.db.ovn_revision_numbers_db [None req-f4e7c6e5-dd3d-41b2-bced-5dff3bbb8f92 c137bf5204334c9e898446b24dc8b96b 02801b8e0801495e95fee9a2759ed92e - - default default] Successfully bumped revision number for resource 59cff1a0-fb87-41cd-9850-1c30c8d820d1 (type: security_groups) to 1
2026-03-06 01:43:52.263 9 INFO neutron.db.ovn_revision_numbers_db [None req-f4e7c6e5-dd3d-41b2-bced-5dff3bbb8f92 c137bf5204334c9e898446b24dc8b96b 02801b8e0801495e95fee9a2759ed92e - - default default] Successfully bumped revision number for resource 3d975dbc-d664-4a55-afb4-d2449e9b7254 (type: security_group_rules) to 0
2026-03-06 01:43:52.280 9 INFO neutron.db.ovn_revision_numbers_db [None req-f4e7c6e5-dd3d-41b2-bced-5dff3bbb8f92 c137bf5204334c9e898446b24dc8b96b 02801b8e0801495e95fee9a2759ed92e - - default default] Successfully bumped revision number for resource 79ab353c-128b-4dcb-bcd1-9b5dccf26b7b (type: security_group_rules) to 0
2026-03-06 01:43:52.296 9 INFO neutron.db.ovn_revision_numbers_db [None req-f4e7c6e5-dd3d-41b2-bced-5dff3bbb8f92 c137bf5204334c9e898446b24dc8b96b 02801b8e0801495e95fee9a2759ed92e - - default default] Successfully bumped revision number for resource a2717d88-33f0-4e48-8233-5a51b659fe8e (type: security_group_rules) to 0
2026-03-06 01:43:52.310 9 INFO neutron.db.ovn_revision_numbers_db [None req-f4e7c6e5-dd3d-41b2-bced-5dff3bbb8f92 c137bf5204334c9e898446b24dc8b96b 02801b8e0801495e95fee9a2759ed92e - - default default] Successfully bumped revision number for resource d1af19fc-a20b-48d6-968e-a59f32c00eeb (type: security_group_rules) to 0
2026-03-06 01:43:52.332 9 INFO neutron.wsgi [None req-f4e7c6e5-dd3d-41b2-bced-5dff3bbb8f92 c137bf5204334c9e898446b24dc8b96b 02801b8e0801495e95fee9a2759ed92e - - default default] 10.0.0.8 "GET /v2.0/security-groups?tenant_id=51a9b7f3fb6c47e88f39f88a9c8f4e1d&name=default HTTP/1.1" status: 200 len: 3120 time: 0.2082283
2026-03-06 01:43:52.372 9 WARNING neutron.plugins.ml2.drivers.ovn.mech_driver.ovsdb.ovn_client [None req-8ec59884-6caf-4767-9c5b-6e411e1bab11 - - - - - -] No port found with ID 5aff2a55-58ac-413d-9893-43fc219d64fd: RuntimeError: No port found with ID 5aff2a55-58ac-413d-9893-43fc219d64fd
2026-03-06 01:43:52.560 9 INFO neutron.wsgi [None req-0277ce50-6921-44dd-9898-3531c9af32e1 c137bf5204334c9e898446b24dc8b96b 02801b8e0801495e95fee9a2759ed92e - - default default] 10.0.0.8 "DELETE /v2.0/security-groups/59cff1a0-fb87-41cd-9850-1c30c8d820d1 HTTP/1.1" status: 204 len: 168 time: 0.2213166
2026-03-06 01:43:53.470 9 INFO neutron.db.ovn_revision_numbers_db [None req-75155bfc-5b10-4d11-b1a1-367336a6c3d5 c137bf5204334c9e898446b24dc8b96b 02801b8e0801495e95fee9a2759ed92e - - default default] Successfully bumped revision number for resource 653f4edf-fd10-4a18-83b6-a5833a0df3aa (type: security_groups) to 1
2026-03-06 01:43:53.482 9 INFO neutron.db.ovn_revision_numbers_db [None req-75155bfc-5b10-4d11-b1a1-367336a6c3d5 c137bf5204334c9e898446b24dc8b96b 02801b8e0801495e95fee9a2759ed92e - - default default] Successfully bumped revision number for resource 472d8c8e-c81a-4089-b34d-bc1281d68aab (type: security_group_rules) to 0
2026-03-06 01:43:53.497 9 INFO neutron.db.ovn_revision_numbers_db [None req-75155bfc-5b10-4d11-b1a1-367336a6c3d5 c137bf5204334c9e898446b24dc8b96b 02801b8e0801495e95fee9a2759ed92e - - default default] Successfully bumped revision number for resource c0589a8e-5ff1-4977-a738-2b6718a4d395 (type: security_group_rules) to 0
2026-03-06 01:43:53.510 9 INFO neutron.db.ovn_revision_numbers_db [None req-75155bfc-5b10-4d11-b1a1-367336a6c3d5 c137bf5204334c9e898446b24dc8b96b 02801b8e0801495e95fee9a2759ed92e - - default default] Successfully bumped revision number for resource c9ba9229-5421-467a-a74d-92a0758420a6 (type: security_group_rules) to 0
2026-03-06 01:43:53.522 9 INFO neutron.db.ovn_revision_numbers_db [None req-75155bfc-5b10-4d11-b1a1-367336a6c3d5 c137bf5204334c9e898446b24dc8b96b 02801b8e0801495e95fee9a2759ed92e - - default default] Successfully bumped revision number for resource d970cba2-8521-41a3-9c25-62da8c2d82f4 (type: security_group_rules) to 0
2026-03-06 01:43:53.576 9 INFO neutron.db.segments_db [None req-75155bfc-5b10-4d11-b1a1-367336a6c3d5 c137bf5204334c9e898446b24dc8b96b 02801b8e0801495e95fee9a2759ed92e - - default default] Added segment 475f14f7-a347-4eef-ba51-b89546838e1f of type geneve for network 642709fb-3090-4cf3-9d4c-960ebd2814f7
2026-03-06 01:43:53.694 9 INFO neutron.db.ovn_revision_numbers_db [None req-75155bfc-5b10-4d11-b1a1-367336a6c3d5 c137bf5204334c9e898446b24dc8b96b 02801b8e0801495e95fee9a2759ed92e - - default default] Successfully bumped revision number for resource 642709fb-3090-4cf3-9d4c-960ebd2814f7 (type: networks) to 1
2026-03-06 01:43:53.872 10 INFO neutron.services.segments.plugin [-] Segment c2c7cc3e-c5f8-493a-a606-088f0bebfe95 resource provider aggregate not found
2026-03-06 01:43:53.873 9 WARNING neutron.scheduler.dhcp_agent_scheduler [None req-75155bfc-5b10-4d11-b1a1-367336a6c3d5 c137bf5204334c9e898446b24dc8b96b 02801b8e0801495e95fee9a2759ed92e - - default default] No more DHCP agents
2026-03-06 01:43:53.877 9 WARNING neutron.api.rpc.agentnotifiers.dhcp_rpc_agent_api [None req-75155bfc-5b10-4d11-b1a1-367336a6c3d5 c137bf5204334c9e898446b24dc8b96b 02801b8e0801495e95fee9a2759ed92e - - default default] Unable to schedule network 642709fb-3090-4cf3-9d4c-960ebd2814f7: no agents available; will retry on subsequent port and subnet creation events.
2026-03-06 01:43:53.877 10 INFO neutron.services.segments.plugin [-] Segment c2c7cc3e-c5f8-493a-a606-088f0bebfe95 resource provider aggregate not found
2026-03-06 01:43:53.889 10 INFO neutron.services.segments.plugin [-] Segment c2c7cc3e-c5f8-493a-a606-088f0bebfe95 resource provider not found; error: Placement Client Error (4xx): {"errors": [{"status": 404, "title": "Not Found", "detail": "The resource could not be found.\n\n No resource provider with uuid c2c7cc3e-c5f8-493a-a606-088f0bebfe95 found for delete ", "request_id": "req-d76a7501-c285-4063-bd80-5889b46f9b24"}]}
2026-03-06 01:43:53.893 10 INFO neutron.services.segments.plugin [-] Segment c2c7cc3e-c5f8-493a-a606-088f0bebfe95 resource provider not found; error: Placement Client Error (4xx): {"errors": [{"status": 404, "title": "Not Found", "detail": "The resource could not be found.\n\n No resource provider with uuid c2c7cc3e-c5f8-493a-a606-088f0bebfe95 found for delete ", "request_id": "req-2c01764c-ca56-4092-bb2b-274bb6250be6"}]}
2026-03-06 01:43:53.952 10 INFO neutron.wsgi [None req-45a4f560-15a8-4fbd-a08d-bb6fe6f12abe 20314330be934f348646f029adab2fe1 65bf2208406e43b194df92f6c464b0c0 - - default default] 10.0.0.8 "DELETE /v2.0/vpn/vpnservices/48373f70-6202-47a2-a162-0c6e70bc43cb HTTP/1.1" status: 204 len: 168 time: 3.0884628 /var/lib/openstack/lib/python3.10/site-packages/pycadf/identifier.py:71: UserWarning: Invalid uuid: neutron. To ensure interoperability, identifiers should be a valid uuid. warnings.warn(('Invalid uuid: %s. To ensure interoperability, '
2026-03-06 01:43:54.043 9 INFO neutron.db.ovn_revision_numbers_db [None req-75155bfc-5b10-4d11-b1a1-367336a6c3d5 c137bf5204334c9e898446b24dc8b96b 02801b8e0801495e95fee9a2759ed92e - - default default] Successfully bumped revision number for resource b7a1bf34-1808-4644-84ce-d7a1dc024168 (type: ports) to 1
2026-03-06 01:43:54.059 10 INFO neutron.wsgi [None req-eddf8283-e31a-4aa0-849f-7a4a1ef5c27b 20314330be934f348646f029adab2fe1 65bf2208406e43b194df92f6c464b0c0 - - default default] 10.0.0.8 "GET /v2.0/routers/e85b776b-e8bc-456f-abb9-82856819b05f HTTP/1.1" status: 200 len: 1137 time: 0.1000111
2026-03-06 01:43:54.076 9 INFO neutron.wsgi [None req-75155bfc-5b10-4d11-b1a1-367336a6c3d5 c137bf5204334c9e898446b24dc8b96b 02801b8e0801495e95fee9a2759ed92e - - default default] 10.0.0.8 "POST /v2.0/networks HTTP/1.1" status: 201 len: 941 time: 0.8347464
2026-03-06 01:43:54.265 9 WARNING neutron.scheduler.dhcp_agent_scheduler [None req-a8798946-b6bb-4598-8753-36ed9287a4f7 c137bf5204334c9e898446b24dc8b96b 02801b8e0801495e95fee9a2759ed92e - - default default] No more DHCP agents
2026-03-06 01:43:54.267 9 WARNING neutron.api.rpc.agentnotifiers.dhcp_rpc_agent_api [None req-a8798946-b6bb-4598-8753-36ed9287a4f7 c137bf5204334c9e898446b24dc8b96b 02801b8e0801495e95fee9a2759ed92e - - default default] Unable to schedule network 642709fb-3090-4cf3-9d4c-960ebd2814f7: no agents available; will retry on subsequent port and subnet creation events.
2026-03-06 01:43:54.811 9 INFO neutron.db.ovn_revision_numbers_db [None req-a8798946-b6bb-4598-8753-36ed9287a4f7 c137bf5204334c9e898446b24dc8b96b 02801b8e0801495e95fee9a2759ed92e - - default default] Successfully bumped revision number for resource b7a1bf34-1808-4644-84ce-d7a1dc024168 (type: ports) to 2
2026-03-06 01:43:54.820 10 INFO neutron.db.ovn_revision_numbers_db [None req-04e67f0b-2f54-4a49-9e9d-f5f0a3440378 20314330be934f348646f029adab2fe1 65bf2208406e43b194df92f6c464b0c0 - - default default] Successfully bumped revision number for resource e85b776b-e8bc-456f-abb9-82856819b05f (type: routers) to 11
2026-03-06 01:43:54.827 10 INFO neutron.wsgi [None req-04e67f0b-2f54-4a49-9e9d-f5f0a3440378 20314330be934f348646f029adab2fe1 65bf2208406e43b194df92f6c464b0c0 - - default default] 10.0.0.8 "PUT /v2.0/routers/e85b776b-e8bc-456f-abb9-82856819b05f HTTP/1.1" status: 200 len: 1137 time: 0.7595840
2026-03-06 01:43:54.872 9 INFO neutron.db.ovn_revision_numbers_db [None req-a8798946-b6bb-4598-8753-36ed9287a4f7 c137bf5204334c9e898446b24dc8b96b 02801b8e0801495e95fee9a2759ed92e - - default default] Successfully bumped revision number for resource 98989f1d-f5d6-4edd-a0f1-4e50ad8c1e9f (type: subnets) to 0
2026-03-06 01:43:54.899 9 INFO neutron.wsgi [None req-a8798946-b6bb-4598-8753-36ed9287a4f7 c137bf5204334c9e898446b24dc8b96b 02801b8e0801495e95fee9a2759ed92e - - default default] 10.0.0.8 "POST /v2.0/subnets HTTP/1.1" status: 201 len: 861 time: 0.8192739
2026-03-06 01:43:54.943 9 INFO neutron.wsgi [None req-60042cca-47a6-4e4a-9e6b-7fa5b268c9a0 20314330be934f348646f029adab2fe1 65bf2208406e43b194df92f6c464b0c0 - - default default] 10.0.0.8 "GET /v2.0/ports?device_id=e85b776b-e8bc-456f-abb9-82856819b05f HTTP/1.1" status: 200 len: 1140 time: 0.1110642
2026-03-06 01:43:55.373 10 WARNING neutron.scheduler.dhcp_agent_scheduler [None req-18a9b9a9-7b04-4cf2-8cf2-f1a7b67b8b66 c137bf5204334c9e898446b24dc8b96b 02801b8e0801495e95fee9a2759ed92e - - default default] No more DHCP agents
2026-03-06 01:43:55.375 10 WARNING neutron.api.rpc.agentnotifiers.dhcp_rpc_agent_api [None req-18a9b9a9-7b04-4cf2-8cf2-f1a7b67b8b66 c137bf5204334c9e898446b24dc8b96b 02801b8e0801495e95fee9a2759ed92e - - default default] Unable to schedule network 98cbf412-7a44-4abe-969e-76b16677fadc: no agents available; will retry on subsequent port and subnet creation events.
2026-03-06 01:43:55.547 10 INFO neutron.db.ovn_revision_numbers_db [None req-18a9b9a9-7b04-4cf2-8cf2-f1a7b67b8b66 c137bf5204334c9e898446b24dc8b96b 02801b8e0801495e95fee9a2759ed92e - - default default] Successfully bumped revision number for resource f15e92b6-9518-43d5-8db9-a7d40b226505 (type: ports) to 1 /var/lib/openstack/lib/python3.10/site-packages/pycadf/identifier.py:71: UserWarning: Invalid uuid: neutron. To ensure interoperability, identifiers should be a valid uuid. warnings.warn(('Invalid uuid: %s. To ensure interoperability, '
2026-03-06 01:43:55.950 9 INFO neutron.wsgi [None req-db7a1245-9201-4b08-a772-83db0cdc26a5 20314330be934f348646f029adab2fe1 65bf2208406e43b194df92f6c464b0c0 - - default default] 10.0.0.8 "PUT /v2.0/routers/e85b776b-e8bc-456f-abb9-82856819b05f/remove_router_interface HTTP/1.1" status: 200 len: 503 time: 1.0016954
2026-03-06 01:43:56.130 9 INFO neutron.db.ovn_revision_numbers_db [None req-1b64c64e-5ca8-4293-b087-0c01e45a3328 c137bf5204334c9e898446b24dc8b96b 02801b8e0801495e95fee9a2759ed92e - - default default] Successfully bumped revision number for resource c863ce65-ddb5-45a1-a9a4-1e1b9eed3bd2 (type: security_groups) to 1
2026-03-06 01:43:56.158 9 INFO neutron.db.ovn_revision_numbers_db [None req-1b64c64e-5ca8-4293-b087-0c01e45a3328 c137bf5204334c9e898446b24dc8b96b 02801b8e0801495e95fee9a2759ed92e - - default default] Successfully bumped revision number for resource 5bd23f84-fbcd-4cee-b17b-34653d6c6aeb (type: security_group_rules) to 0
2026-03-06 01:43:56.184 9 INFO neutron.db.ovn_revision_numbers_db [None req-1b64c64e-5ca8-4293-b087-0c01e45a3328 c137bf5204334c9e898446b24dc8b96b 02801b8e0801495e95fee9a2759ed92e - - default default] Successfully bumped revision number for resource 7ea2c6ee-b884-4a84-87f1-1c75fa14c851 (type: security_group_rules) to 0
2026-03-06 01:43:56.210 9 INFO neutron.db.ovn_revision_numbers_db [None req-1b64c64e-5ca8-4293-b087-0c01e45a3328 c137bf5204334c9e898446b24dc8b96b 02801b8e0801495e95fee9a2759ed92e - - default default] Successfully bumped revision number for resource 7f9f4194-5a63-47b9-8e10-4196f82f14e1 (type: security_group_rules) to 0
2026-03-06 01:43:56.490 10 INFO neutron.plugins.ml2.drivers.ovn.mech_driver.ovsdb.commands [None req-5ba1ce5d-c531-457f-ad2b-bbdb974ca1f9 - - - - - -] Schedule LRP lrp-f15e92b6-9518-43d5-8db9-a7d40b226505 on gateway f4c9a443-8575-4a99-906a-8390a196aed9 with priority 1
2026-03-06 01:43:56.520 9 INFO neutron.plugins.ml2.drivers.ovn.mech_driver.mech_driver [None req-8ec59884-6caf-4767-9c5b-6e411e1bab11 - - - - - -] OVN reports status up for port: f15e92b6-9518-43d5-8db9-a7d40b226505
2026-03-06 01:43:56.529 9 INFO neutron.plugins.ml2.drivers.ovn.mech_driver.ovsdb.ovsdb_monitor [None req-793b4682-9682-45e0-806c-a64839eaec55 - - - - - -] Router 77759a1d-f579-4b34-a14f-716087f941fd is bound to host instance
2026-03-06 01:43:56.542 10 INFO neutron.db.ovn_revision_numbers_db [None req-18a9b9a9-7b04-4cf2-8cf2-f1a7b67b8b66 c137bf5204334c9e898446b24dc8b96b 02801b8e0801495e95fee9a2759ed92e - - default default] Successfully bumped revision number for resource f15e92b6-9518-43d5-8db9-a7d40b226505 (type: router_ports) to 1
2026-03-06 01:43:56.544 9 INFO neutron.db.ovn_revision_numbers_db [None req-1b64c64e-5ca8-4293-b087-0c01e45a3328 c137bf5204334c9e898446b24dc8b96b 02801b8e0801495e95fee9a2759ed92e - - default default] Successfully bumped revision number for resource 8f7e29d1-b4cb-4f14-bffd-8fca38079971 (type: security_group_rules) to 0
2026-03-06 01:43:56.574 9 INFO neutron.plugins.ml2.plugin [None req-8ec59884-6caf-4767-9c5b-6e411e1bab11 - - - - - -] Attempt 1 to provision port f15e92b6-9518-43d5-8db9-a7d40b226505
2026-03-06 01:43:56.598 9 INFO neutron.wsgi [None req-1b64c64e-5ca8-4293-b087-0c01e45a3328 c137bf5204334c9e898446b24dc8b96b 02801b8e0801495e95fee9a2759ed92e - - default default] 10.0.0.8 "GET /v2.0/security-groups?tenant_id=ca58a266b7b64554ab343986a372cd51&name=default HTTP/1.1" status: 200 len: 3124 time: 0.8368669
2026-03-06 01:43:56.640 10 INFO neutron.db.ovn_revision_numbers_db [None req-18a9b9a9-7b04-4cf2-8cf2-f1a7b67b8b66 c137bf5204334c9e898446b24dc8b96b 02801b8e0801495e95fee9a2759ed92e - - default default] Successfully bumped revision number for resource 77759a1d-f579-4b34-a14f-716087f941fd (type: routers) to 2
2026-03-06 01:43:56.661 10 INFO neutron.wsgi [None req-18a9b9a9-7b04-4cf2-8cf2-f1a7b67b8b66 c137bf5204334c9e898446b24dc8b96b 02801b8e0801495e95fee9a2759ed92e - - default default] 10.0.0.8 "POST /v2.0/routers HTTP/1.1" status: 201 len: 1163 time: 1.7560766
2026-03-06 01:43:56.924 10 INFO neutron.wsgi [None req-dc739c85-200c-44c2-85c6-e70cc5ba2a21 c137bf5204334c9e898446b24dc8b96b 02801b8e0801495e95fee9a2759ed92e - - default default] 10.0.0.8 "DELETE /v2.0/security-groups/c863ce65-ddb5-45a1-a9a4-1e1b9eed3bd2 HTTP/1.1" status: 204 len: 168 time: 0.3198411
2026-03-06 01:43:57.231 10 WARNING neutron.scheduler.dhcp_agent_scheduler [None req-0bf3bde1-ada8-4800-87d7-fc56d99d47bf c137bf5204334c9e898446b24dc8b96b 02801b8e0801495e95fee9a2759ed92e - - default default] No more DHCP agents
2026-03-06 01:43:57.233 10 WARNING neutron.api.rpc.agentnotifiers.dhcp_rpc_agent_api [None req-0bf3bde1-ada8-4800-87d7-fc56d99d47bf c137bf5204334c9e898446b24dc8b96b 02801b8e0801495e95fee9a2759ed92e - - default default] Unable to schedule network 642709fb-3090-4cf3-9d4c-960ebd2814f7: no agents available; will retry on subsequent port and subnet creation events.
2026-03-06 01:43:57.345 9 INFO neutron.wsgi [None req-28eefef6-d0cd-4451-9e31-6cc90487e35d 20314330be934f348646f029adab2fe1 65bf2208406e43b194df92f6c464b0c0 - - default default] 10.0.0.8 "DELETE /v2.0/routers/e85b776b-e8bc-456f-abb9-82856819b05f HTTP/1.1" status: 204 len: 168 time: 1.3882675
2026-03-06 01:43:57.392 10 INFO neutron.db.ovn_revision_numbers_db [None req-0bf3bde1-ada8-4800-87d7-fc56d99d47bf c137bf5204334c9e898446b24dc8b96b 02801b8e0801495e95fee9a2759ed92e - - default default] Successfully bumped revision number for resource 51e10ee2-8863-4df7-8c8a-2211ec3eb48d (type: ports) to 1
2026-03-06 01:43:57.444 9 INFO neutron.wsgi [None req-103d2739-1bbc-448b-b11c-87f0f40320b1 20314330be934f348646f029adab2fe1 65bf2208406e43b194df92f6c464b0c0 - - default default] 10.0.0.8 "GET /v2.0/routers/b2866e95-9aec-47b5-966e-dd67141dfb7c HTTP/1.1" status: 200 len: 1137 time: 0.0929224
2026-03-06 01:43:57.557 9 INFO neutron.db.ovn_revision_numbers_db [None req-793b4682-9682-45e0-806c-a64839eaec55 - - - - - -] Successfully bumped revision number for resource f15e92b6-9518-43d5-8db9-a7d40b226505 (type: ports) to 1
2026-03-06 01:43:57.966 9 INFO neutron.db.ovn_revision_numbers_db [None req-793b4682-9682-45e0-806c-a64839eaec55 - - - - - -] Successfully bumped revision number for resource f15e92b6-9518-43d5-8db9-a7d40b226505 (type: router_ports) to 3
2026-03-06 01:43:58.190 9 INFO neutron.db.ovn_revision_numbers_db [None req-793b4682-9682-45e0-806c-a64839eaec55 - - - - - -] Successfully bumped revision number for resource f15e92b6-9518-43d5-8db9-a7d40b226505 (type: ports) to 2
2026-03-06 01:43:58.597 9 INFO neutron.db.ovn_revision_numbers_db [None req-793b4682-9682-45e0-806c-a64839eaec55 - - - - - -] Successfully bumped revision number for resource f15e92b6-9518-43d5-8db9-a7d40b226505 (type: ports) to 4
2026-03-06 01:43:58.718 10 ERROR ovsdbapp.backend.ovs_idl.command [None req-0bf3bde1-ada8-4800-87d7-fc56d99d47bf c137bf5204334c9e898446b24dc8b96b 02801b8e0801495e95fee9a2759ed92e - - default default] Error executing command (DbGetCommand): ovsdbapp.backend.ovs_idl.idlutils.RowNotFound: Cannot find Logical_Router_Port with name=lrp-51e10ee2-8863-4df7-8c8a-2211ec3eb48d
2026-03-06 01:43:58.718 10 ERROR ovsdbapp.backend.ovs_idl.command
Traceback (most recent call last):
2026-03-06 01:43:58.718 10 ERROR ovsdbapp.backend.ovs_idl.command
File "/var/lib/openstack/lib/python3.10/site-packages/ovsdbapp/backend/ovs_idl/command.py", line 47, in execute
2026-03-06 01:43:58.718 10 ERROR ovsdbapp.backend.ovs_idl.command self.run_idl(None)
2026-03-06 01:43:58.718 10 ERROR ovsdbapp.backend.ovs_idl.command
File "/var/lib/openstack/lib/python3.10/site-packages/ovsdbapp/backend/ovs_idl/command.py", line 235, in run_idl
2026-03-06 01:43:58.718 10 ERROR ovsdbapp.backend.ovs_idl.command record = self.api.lookup(self.table, self.record)
2026-03-06 01:43:58.718 10 ERROR ovsdbapp.backend.ovs_idl.command
File "/var/lib/openstack/lib/python3.10/site-packages/ovsdbapp/backend/ovs_idl/__init__.py", line 184, in lookup
2026-03-06 01:43:58.718 10 ERROR ovsdbapp.backend.ovs_idl.command return self._lookup(table, record)
2026-03-06 01:43:58.718 10 ERROR ovsdbapp.backend.ovs_idl.command
File "/var/lib/openstack/lib/python3.10/site-packages/ovsdbapp/backend/ovs_idl/__init__.py", line 235, in _lookup
2026-03-06 01:43:58.718 10 ERROR ovsdbapp.backend.ovs_idl.command row = idlutils.row_by_value(self, rl.table, rl.column, record)
2026-03-06 01:43:58.718 10 ERROR ovsdbapp.backend.ovs_idl.command
File "/var/lib/openstack/lib/python3.10/site-packages/ovsdbapp/backend/ovs_idl/idlutils.py", line 114, in row_by_value
2026-03-06 01:43:58.718 10 ERROR ovsdbapp.backend.ovs_idl.command raise RowNotFound(table=table, col=column, match=match)
2026-03-06 01:43:58.718 10 ERROR ovsdbapp.backend.ovs_idl.command ovsdbapp.backend.ovs_idl.idlutils.RowNotFound: Cannot find Logical_Router_Port with name=lrp-51e10ee2-8863-4df7-8c8a-2211ec3eb48d
2026-03-06 01:43:58.718 10 ERROR ovsdbapp.backend.ovs_idl.command 
2026-03-06 01:43:58.719 10 ERROR neutron_lib.callbacks.manager [None req-0bf3bde1-ada8-4800-87d7-fc56d99d47bf c137bf5204334c9e898446b24dc8b96b 02801b8e0801495e95fee9a2759ed92e - - default default] Error during notification for neutron.services.ovn_l3.plugin.OVNL3RouterPlugin._port_update-8762385418982 port, after_update: ovsdbapp.backend.ovs_idl.idlutils.RowNotFound: Cannot find Logical_Router_Port with name=lrp-51e10ee2-8863-4df7-8c8a-2211ec3eb48d
2026-03-06 01:43:58.719 10 ERROR neutron_lib.callbacks.manager
Traceback (most recent call last):
2026-03-06 01:43:58.719 10 ERROR neutron_lib.callbacks.manager
File "/var/lib/openstack/lib/python3.10/site-packages/neutron_lib/callbacks/manager.py", line 189, in _notify_loop
2026-03-06 01:43:58.719 10 ERROR neutron_lib.callbacks.manager callback.method(resource, event, trigger, payload=payload)
2026-03-06 01:43:58.719 10 ERROR neutron_lib.callbacks.manager
File "/var/lib/openstack/lib/python3.10/site-packages/neutron/services/ovn_l3/plugin.py", line 391, in _port_update
2026-03-06 01:43:58.719 10 ERROR neutron_lib.callbacks.manager l3plugin._ovn_client.update_router_port(context,
2026-03-06 01:43:58.719 10 ERROR neutron_lib.callbacks.manager
File "/var/lib/openstack/lib/python3.10/site-packages/neutron/plugins/ml2/drivers/ovn/mech_driver/ovsdb/ovn_client.py", line 1878, in update_router_port
2026-03-06 01:43:58.719 10 ERROR neutron_lib.callbacks.manager self._update_lrouter_port(context, port, if_exists=if_exists,
2026-03-06 01:43:58.719 10 ERROR neutron_lib.callbacks.manager
File "/var/lib/openstack/lib/python3.10/site-packages/neutron/plugins/ml2/drivers/ovn/mech_driver/ovsdb/ovn_client.py", line 1855, in _update_lrouter_port
2026-03-06 01:43:58.719 10 ERROR neutron_lib.callbacks.manager external_ids = self._nb_idl.db_get(
2026-03-06 01:43:58.719 10 ERROR neutron_lib.callbacks.manager
File "/var/lib/openstack/lib/python3.10/site-packages/ovsdbapp/backend/ovs_idl/command.py", line 47, in execute
2026-03-06 01:43:58.719 10 ERROR neutron_lib.callbacks.manager self.run_idl(None)
2026-03-06 01:43:58.719 10 ERROR neutron_lib.callbacks.manager
File "/var/lib/openstack/lib/python3.10/site-packages/ovsdbapp/backend/ovs_idl/command.py", line 235, in run_idl
2026-03-06 01:43:58.719 10 ERROR neutron_lib.callbacks.manager record = self.api.lookup(self.table, self.record)
2026-03-06 01:43:58.719 10 ERROR neutron_lib.callbacks.manager
File "/var/lib/openstack/lib/python3.10/site-packages/ovsdbapp/backend/ovs_idl/__init__.py", line 184, in lookup
2026-03-06 01:43:58.719 10 ERROR neutron_lib.callbacks.manager return self._lookup(table, record)
2026-03-06 01:43:58.719 10 ERROR neutron_lib.callbacks.manager
File "/var/lib/openstack/lib/python3.10/site-packages/ovsdbapp/backend/ovs_idl/__init__.py", line 235, in _lookup
2026-03-06 01:43:58.719 10 ERROR neutron_lib.callbacks.manager row = idlutils.row_by_value(self, rl.table, rl.column, record)
2026-03-06 01:43:58.719 10 ERROR neutron_lib.callbacks.manager
File "/var/lib/openstack/lib/python3.10/site-packages/ovsdbapp/backend/ovs_idl/idlutils.py", line 114, in row_by_value
2026-03-06 01:43:58.719 10 ERROR neutron_lib.callbacks.manager raise RowNotFound(table=table, col=column, match=match)
2026-03-06 01:43:58.719 10 ERROR neutron_lib.callbacks.manager ovsdbapp.backend.ovs_idl.idlutils.RowNotFound: Cannot find Logical_Router_Port with name=lrp-51e10ee2-8863-4df7-8c8a-2211ec3eb48d
2026-03-06 01:43:58.719 10 ERROR neutron_lib.callbacks.manager 
2026-03-06 01:43:58.971 10 INFO neutron.plugins.ml2.drivers.ovn.mech_driver.mech_driver [None req-6543edd4-0e35-4cb3-818b-61de28e5ba93 - - - - - -] OVN reports status up for port: 51e10ee2-8863-4df7-8c8a-2211ec3eb48d
2026-03-06 01:43:58.999 10 INFO neutron.plugins.ml2.plugin [None req-6543edd4-0e35-4cb3-818b-61de28e5ba93 - - - - - -] Attempt 1 to provision port 51e10ee2-8863-4df7-8c8a-2211ec3eb48d
2026-03-06 01:43:59.019 10 INFO neutron.db.ovn_revision_numbers_db [None req-0bf3bde1-ada8-4800-87d7-fc56d99d47bf c137bf5204334c9e898446b24dc8b96b 02801b8e0801495e95fee9a2759ed92e - - default default] Successfully bumped revision number for resource 51e10ee2-8863-4df7-8c8a-2211ec3eb48d (type: ports) to 1
2026-03-06 01:43:59.045 10 INFO neutron.db.ovn_revision_numbers_db [None req-31cb0e40-6957-4680-81d4-79d30921963f 20314330be934f348646f029adab2fe1 65bf2208406e43b194df92f6c464b0c0 - - default default] Successfully bumped revision number for resource b2866e95-9aec-47b5-966e-dd67141dfb7c (type: routers) to 5
2026-03-06 01:43:59.051 10 INFO neutron.wsgi [None req-31cb0e40-6957-4680-81d4-79d30921963f 20314330be934f348646f029adab2fe1 65bf2208406e43b194df92f6c464b0c0 - - default default] 10.0.0.8 "PUT /v2.0/routers/b2866e95-9aec-47b5-966e-dd67141dfb7c HTTP/1.1" status: 200 len: 1137 time: 1.5920303
2026-03-06 01:43:59.152 10 WARNING neutron.scheduler.dhcp_agent_scheduler [None req-0bf3bde1-ada8-4800-87d7-fc56d99d47bf c137bf5204334c9e898446b24dc8b96b 02801b8e0801495e95fee9a2759ed92e - - default default] No more DHCP agents
2026-03-06 01:43:59.156 10 WARNING neutron.api.rpc.agentnotifiers.dhcp_rpc_agent_api [None req-0bf3bde1-ada8-4800-87d7-fc56d99d47bf c137bf5204334c9e898446b24dc8b96b 02801b8e0801495e95fee9a2759ed92e - - default default] Unable to schedule network 642709fb-3090-4cf3-9d4c-960ebd2814f7: no agents available; will retry on subsequent port and subnet creation events.
2026-03-06 01:43:59.187 10 INFO neutron.wsgi [None req-c91b5918-8769-4115-a8e1-9c6a2964accf 20314330be934f348646f029adab2fe1 65bf2208406e43b194df92f6c464b0c0 - - default default] 10.0.0.8 "GET /v2.0/ports?device_id=b2866e95-9aec-47b5-966e-dd67141dfb7c HTTP/1.1" status: 200 len: 1144 time: 0.1228499
2026-03-06 01:43:59.348 9 INFO neutron.db.ovn_revision_numbers_db [None req-793b4682-9682-45e0-806c-a64839eaec55 - - - - - -] Successfully bumped revision number for resource f15e92b6-9518-43d5-8db9-a7d40b226505 (type: router_ports) to 4
2026-03-06 01:43:59.577 9 INFO neutron.db.ovn_revision_numbers_db [None req-f6f1edb7-28b6-440a-b89d-aab2b6dff605 c137bf5204334c9e898446b24dc8b96b 02801b8e0801495e95fee9a2759ed92e - - default default] Successfully bumped revision number for resource 94700f0c-dd05-40a7-9dff-a49094e5344a (type: security_groups) to 1
2026-03-06 01:43:59.600 9 INFO neutron.db.ovn_revision_numbers_db [None req-f6f1edb7-28b6-440a-b89d-aab2b6dff605 c137bf5204334c9e898446b24dc8b96b 02801b8e0801495e95fee9a2759ed92e - - default default] Successfully bumped revision number for resource 0154cee3-2f92-4b98-8e7f-2ece9e9a78c6 (type: security_group_rules) to 0
2026-03-06 01:43:59.608 10 INFO neutron.db.ovn_revision_numbers_db [None req-6543edd4-0e35-4cb3-818b-61de28e5ba93 - - - - - -] Successfully bumped revision number for resource 51e10ee2-8863-4df7-8c8a-2211ec3eb48d (type: ports) to 2
2026-03-06 01:43:59.619 9 INFO neutron.db.ovn_revision_numbers_db [None req-f6f1edb7-28b6-440a-b89d-aab2b6dff605 c137bf5204334c9e898446b24dc8b96b 02801b8e0801495e95fee9a2759ed92e - - default default] Successfully bumped revision number for resource 097eb8e5-5924-41cd-80d3-1605e5ac093e (type: security_group_rules) to 0
2026-03-06 01:43:59.637 9 INFO neutron.db.ovn_revision_numbers_db [None req-f6f1edb7-28b6-440a-b89d-aab2b6dff605 c137bf5204334c9e898446b24dc8b96b 02801b8e0801495e95fee9a2759ed92e - - default default] Successfully bumped revision number for resource 3c675eca-a99e-4909-ab01-f237b0fb0691 (type: security_group_rules) to 0
2026-03-06 01:43:59.671 9 INFO neutron.db.ovn_revision_numbers_db [None req-f6f1edb7-28b6-440a-b89d-aab2b6dff605 c137bf5204334c9e898446b24dc8b96b 02801b8e0801495e95fee9a2759ed92e - - default default] Successfully bumped revision number for resource b338f14c-200b-4c23-8c62-917f79df0d88 (type: security_group_rules) to 0
2026-03-06 01:43:59.690 9 INFO neutron.wsgi [None req-f6f1edb7-28b6-440a-b89d-aab2b6dff605 c137bf5204334c9e898446b24dc8b96b 02801b8e0801495e95fee9a2759ed92e - - default default] 10.0.0.8 "GET /v2.0/security-groups?tenant_id=0f2d61200f8140ec8d885e7f786219c4&name=default HTTP/1.1" status: 200 len: 3124 time: 0.4702187
2026-03-06 01:43:59.752 10 ERROR ovsdbapp.backend.ovs_idl.command [None req-6543edd4-0e35-4cb3-818b-61de28e5ba93 - - - - - -] Error executing command (DbGetCommand): ovsdbapp.backend.ovs_idl.idlutils.RowNotFound: Cannot find Logical_Router_Port with name=lrp-51e10ee2-8863-4df7-8c8a-2211ec3eb48d
2026-03-06 01:43:59.752 10 ERROR ovsdbapp.backend.ovs_idl.command
Traceback (most recent call last):
2026-03-06 01:43:59.752 10 ERROR ovsdbapp.backend.ovs_idl.command
File "/var/lib/openstack/lib/python3.10/site-packages/ovsdbapp/backend/ovs_idl/command.py", line 47, in execute
2026-03-06 01:43:59.752 10 ERROR ovsdbapp.backend.ovs_idl.command self.run_idl(None)
2026-03-06 01:43:59.752 10 ERROR ovsdbapp.backend.ovs_idl.command
File "/var/lib/openstack/lib/python3.10/site-packages/ovsdbapp/backend/ovs_idl/command.py", line 235, in run_idl
2026-03-06 01:43:59.752 10 ERROR ovsdbapp.backend.ovs_idl.command record = self.api.lookup(self.table, self.record)
2026-03-06 01:43:59.752 10 ERROR ovsdbapp.backend.ovs_idl.command
File "/var/lib/openstack/lib/python3.10/site-packages/ovsdbapp/backend/ovs_idl/__init__.py", line 184, in lookup
2026-03-06 01:43:59.752 10 ERROR ovsdbapp.backend.ovs_idl.command return self._lookup(table, record)
2026-03-06 01:43:59.752 10 ERROR ovsdbapp.backend.ovs_idl.command
File "/var/lib/openstack/lib/python3.10/site-packages/ovsdbapp/backend/ovs_idl/__init__.py", line 235, in _lookup
2026-03-06 01:43:59.752 10 ERROR ovsdbapp.backend.ovs_idl.command row = idlutils.row_by_value(self, rl.table, rl.column, record)
2026-03-06 01:43:59.752 10 ERROR ovsdbapp.backend.ovs_idl.command
File "/var/lib/openstack/lib/python3.10/site-packages/ovsdbapp/backend/ovs_idl/idlutils.py", line 114, in row_by_value
2026-03-06 01:43:59.752 10 ERROR ovsdbapp.backend.ovs_idl.command raise RowNotFound(table=table, col=column, match=match)
2026-03-06 01:43:59.752 10 ERROR ovsdbapp.backend.ovs_idl.command ovsdbapp.backend.ovs_idl.idlutils.RowNotFound: Cannot find Logical_Router_Port with name=lrp-51e10ee2-8863-4df7-8c8a-2211ec3eb48d
2026-03-06 01:43:59.752 10 ERROR ovsdbapp.backend.ovs_idl.command 
2026-03-06 01:43:59.752 10 ERROR neutron_lib.callbacks.manager [None req-6543edd4-0e35-4cb3-818b-61de28e5ba93 - - - - - -] Error during notification for neutron.services.ovn_l3.plugin.OVNL3RouterPlugin._port_update-8762385418982 port, after_update: ovsdbapp.backend.ovs_idl.idlutils.RowNotFound: Cannot find Logical_Router_Port with name=lrp-51e10ee2-8863-4df7-8c8a-2211ec3eb48d
2026-03-06 01:43:59.752 10 ERROR neutron_lib.callbacks.manager
Traceback (most recent call last):
2026-03-06 01:43:59.752 10 ERROR neutron_lib.callbacks.manager
File "/var/lib/openstack/lib/python3.10/site-packages/neutron_lib/callbacks/manager.py", line 189, in _notify_loop
2026-03-06 01:43:59.752 10 ERROR neutron_lib.callbacks.manager callback.method(resource, event, trigger, payload=payload)
2026-03-06 01:43:59.752 10 ERROR neutron_lib.callbacks.manager
File "/var/lib/openstack/lib/python3.10/site-packages/neutron/services/ovn_l3/plugin.py", line 391, in _port_update
2026-03-06 01:43:59.752 10 ERROR neutron_lib.callbacks.manager l3plugin._ovn_client.update_router_port(context,
2026-03-06 01:43:59.752 10 ERROR neutron_lib.callbacks.manager
File "/var/lib/openstack/lib/python3.10/site-packages/neutron/plugins/ml2/drivers/ovn/mech_driver/ovsdb/ovn_client.py", line 1878, in update_router_port
2026-03-06 01:43:59.752 10 ERROR neutron_lib.callbacks.manager self._update_lrouter_port(context, port, if_exists=if_exists,
2026-03-06 01:43:59.752 10 ERROR neutron_lib.callbacks.manager
File "/var/lib/openstack/lib/python3.10/site-packages/neutron/plugins/ml2/drivers/ovn/mech_driver/ovsdb/ovn_client.py", line 1855, in _update_lrouter_port
2026-03-06 01:43:59.752 10 ERROR neutron_lib.callbacks.manager external_ids = self._nb_idl.db_get(
2026-03-06 01:43:59.752 10 ERROR neutron_lib.callbacks.manager
File "/var/lib/openstack/lib/python3.10/site-packages/ovsdbapp/backend/ovs_idl/command.py", line 47, in execute
2026-03-06 01:43:59.752 10 ERROR neutron_lib.callbacks.manager self.run_idl(None)
2026-03-06 01:43:59.752 10 ERROR neutron_lib.callbacks.manager
File "/var/lib/openstack/lib/python3.10/site-packages/ovsdbapp/backend/ovs_idl/command.py", line 235, in run_idl
2026-03-06 01:43:59.752 10 ERROR neutron_lib.callbacks.manager record = self.api.lookup(self.table, self.record)
2026-03-06 01:43:59.752 10 ERROR neutron_lib.callbacks.manager
File "/var/lib/openstack/lib/python3.10/site-packages/ovsdbapp/backend/ovs_idl/__init__.py", line 184, in lookup
2026-03-06 01:43:59.752 10 ERROR neutron_lib.callbacks.manager return self._lookup(table, record)
2026-03-06 01:43:59.752 10 ERROR neutron_lib.callbacks.manager
File "/var/lib/openstack/lib/python3.10/site-packages/ovsdbapp/backend/ovs_idl/__init__.py", line 235, in _lookup
2026-03-06 01:43:59.752 10 ERROR neutron_lib.callbacks.manager row = idlutils.row_by_value(self, rl.table, rl.column, record)
2026-03-06 01:43:59.752 10 ERROR neutron_lib.callbacks.manager
