2026-03-06 01:42:42.243 9 WARNING neutron_lib.context [None req-dee8e66a-5817-4dff-a119-0ed700149f38 65d267c86974416484e061cccd7a1fa1 4c7e33f2a60a45ceb32a0124561174d1 - - default default] Method 'is_advsvc' is deprecated since 2023.2 release (neutron-lib 3.8.0) and will be removed once support for the old RBAC API policies will be removed from Neutron. Please use method 'is_service_role' instead.
2026-03-06 01:42:42.285 10 INFO neutron.wsgi [None req-042e7f5f-c471-4baa-9cfb-b7d34ee99ef2 c137bf5204334c9e898446b24dc8b96b 02801b8e0801495e95fee9a2759ed92e - - default default] 10.0.0.130 "GET /v2.0/ports HTTP/1.1" status: 200 len: 17602 time: 0.1549973
2026-03-06 01:42:42.364 9 INFO neutron.wsgi [None req-01e56ab8-ad4c-47b9-a9bc-87737ee460a7 c137bf5204334c9e898446b24dc8b96b 02801b8e0801495e95fee9a2759ed92e - - default default] 10.0.0.8 "GET /v2.0/security-groups?tenant_id=1f1f27a098fa418a86104936a04335d2&name=default HTTP/1.1" status: 200 len: 3120 time: 0.1687036
2026-03-06 01:42:42.462 10 WARNING neutron.scheduler.dhcp_agent_scheduler [None req-91183779-27f4-49e6-9229-cb055e9e1e12 20314330be934f348646f029adab2fe1 65bf2208406e43b194df92f6c464b0c0 - - default default] No more DHCP agents
2026-03-06 01:42:42.473 10 WARNING neutron.api.rpc.agentnotifiers.dhcp_rpc_agent_api [None req-91183779-27f4-49e6-9229-cb055e9e1e12 20314330be934f348646f029adab2fe1 65bf2208406e43b194df92f6c464b0c0 - - default default] Unable to schedule network c85efd99-4ca7-424a-92ba-627c8bc81e0b: no agents available; will retry on subsequent port and subnet creation events.
2026-03-06 01:42:42.505 9 INFO neutron.wsgi [None req-dee8e66a-5817-4dff-a119-0ed700149f38 65d267c86974416484e061cccd7a1fa1 4c7e33f2a60a45ceb32a0124561174d1 - - default default] 10.0.0.8 "POST /v2.0/trunks HTTP/1.1" status: 201 len: 608 time: 0.2683561
2026-03-06 01:42:42.513 10 INFO neutron.wsgi [None req-776a920a-fbf7-4a94-927e-ff3f2ba3eb45 c137bf5204334c9e898446b24dc8b96b 02801b8e0801495e95fee9a2759ed92e - - default default] 10.0.0.130 "GET /v2.0/routers HTTP/1.1" status: 200 len: 1132 time: 0.2101839
2026-03-06 01:42:42.518 9 WARNING neutron_lib.context [None req-b44872ca-a39f-4d62-8444-3db296767fb7 65d267c86974416484e061cccd7a1fa1 4c7e33f2a60a45ceb32a0124561174d1 - - default default] Method 'is_advsvc' is deprecated since 2023.2 release (neutron-lib 3.8.0) and will be removed once support for the old RBAC API policies will be removed from Neutron. Please use method 'is_service_role' instead.
2026-03-06 01:42:42.549 10 INFO neutron.db.ovn_revision_numbers_db [None req-91183779-27f4-49e6-9229-cb055e9e1e12 20314330be934f348646f029adab2fe1 65bf2208406e43b194df92f6c464b0c0 - - default default] Successfully bumped revision number for resource 85508523-3586-47f2-87d6-6b5fa08c72a0 (type: subnets) to 0
2026-03-06 01:42:42.556 10 INFO neutron.wsgi [None req-c1968c0e-8d22-4296-a4f0-f343c025c662 c137bf5204334c9e898446b24dc8b96b 02801b8e0801495e95fee9a2759ed92e - - default default] 10.0.0.130 "GET /v2.0/agents?binary=ovn-controller HTTP/1.1" status: 200 len: 591 time: 0.0318475
2026-03-06 01:42:42.617 10 INFO neutron.db.ovn_revision_numbers_db [None req-119aadeb-bd00-4063-a71a-4f196b8407e4 630568c38a794d699e5975a337651b08 b13f5cbdb10e4c7c86a987da19229b2d - - default default] Successfully bumped revision number for resource 60494049-b1f3-44e9-8b87-b0beedc334f5 (type: networks) to 1
2026-03-06 01:42:42.630 9 INFO neutron.db.segments_db [None req-b44872ca-a39f-4d62-8444-3db296767fb7 65d267c86974416484e061cccd7a1fa1 4c7e33f2a60a45ceb32a0124561174d1 - - default default] Added segment da100d30-c7b8-4be5-b353-8292ec5df41f of type geneve for network e98808ae-e6d3-48ea-8c2c-33cf14506391
2026-03-06 01:42:42.649 9 INFO neutron.wsgi [None req-7de3bc8f-de79-4970-8712-cec3a38707b8 c137bf5204334c9e898446b24dc8b96b 02801b8e0801495e95fee9a2759ed92e - - default default] 10.0.0.8 "DELETE /v2.0/security-groups/f039b856-ec0a-4d4d-8b77-a93738664350 HTTP/1.1" status: 204 len: 168 time: 0.2749927
2026-03-06 01:42:42.763 9 INFO neutron.db.ovn_revision_numbers_db [None req-b44872ca-a39f-4d62-8444-3db296767fb7 65d267c86974416484e061cccd7a1fa1 4c7e33f2a60a45ceb32a0124561174d1 - - default default] Successfully bumped revision number for resource e98808ae-e6d3-48ea-8c2c-33cf14506391 (type: networks) to 1
2026-03-06 01:42:42.857 10 WARNING neutron.scheduler.dhcp_agent_scheduler [None req-119aadeb-bd00-4063-a71a-4f196b8407e4 630568c38a794d699e5975a337651b08 b13f5cbdb10e4c7c86a987da19229b2d - - default default] No more DHCP agents
2026-03-06 01:42:42.863 10 WARNING neutron.api.rpc.agentnotifiers.dhcp_rpc_agent_api [None req-119aadeb-bd00-4063-a71a-4f196b8407e4 630568c38a794d699e5975a337651b08 b13f5cbdb10e4c7c86a987da19229b2d - - default default] Unable to schedule network 60494049-b1f3-44e9-8b87-b0beedc334f5: no agents available; will retry on subsequent port and subnet creation events.
2026-03-06 01:42:42.946 9 WARNING neutron.scheduler.dhcp_agent_scheduler [None req-b44872ca-a39f-4d62-8444-3db296767fb7 65d267c86974416484e061cccd7a1fa1 4c7e33f2a60a45ceb32a0124561174d1 - - default default] No more DHCP agents
2026-03-06 01:42:42.949 9 WARNING neutron.api.rpc.agentnotifiers.dhcp_rpc_agent_api [None req-b44872ca-a39f-4d62-8444-3db296767fb7 65d267c86974416484e061cccd7a1fa1 4c7e33f2a60a45ceb32a0124561174d1 - - default default] Unable to schedule network e98808ae-e6d3-48ea-8c2c-33cf14506391: no agents available; will retry on subsequent port and subnet creation events.
2026-03-06 01:42:42.971 10 INFO neutron.db.ovn_revision_numbers_db [None req-119aadeb-bd00-4063-a71a-4f196b8407e4 630568c38a794d699e5975a337651b08 b13f5cbdb10e4c7c86a987da19229b2d - - default default] Successfully bumped revision number for resource cc83f33a-1cd4-4ceb-9a29-b4ad23b476b5 (type: ports) to 1
2026-03-06 01:42:43.009 10 INFO neutron.wsgi [None req-119aadeb-bd00-4063-a71a-4f196b8407e4 630568c38a794d699e5975a337651b08 b13f5cbdb10e4c7c86a987da19229b2d - - default default] 10.0.0.8 "POST /v2.0/networks HTTP/1.1" status: 201 len: 832 time: 2.3965926
2026-03-06 01:42:43.024 9 WARNING neutron_lib.context [None req-c0608dcd-fc4a-4974-8d27-9ef2abe6d636 630568c38a794d699e5975a337651b08 b13f5cbdb10e4c7c86a987da19229b2d - - default default] Method 'is_advsvc' is deprecated since 2023.2 release (neutron-lib 3.8.0) and will be removed once support for the old RBAC API policies will be removed from Neutron. Please use method 'is_service_role' instead.
2026-03-06 01:42:43.039 9 INFO neutron.db.ovn_revision_numbers_db [None req-b44872ca-a39f-4d62-8444-3db296767fb7 65d267c86974416484e061cccd7a1fa1 4c7e33f2a60a45ceb32a0124561174d1 - - default default] Successfully bumped revision number for resource 81261c90-5357-44c6-9f56-f4f89a06d872 (type: ports) to 1
2026-03-06 01:42:43.058 9 INFO neutron.wsgi [None req-b44872ca-a39f-4d62-8444-3db296767fb7 65d267c86974416484e061cccd7a1fa1 4c7e33f2a60a45ceb32a0124561174d1 - - default default] 10.0.0.8 "POST /v2.0/networks HTTP/1.1" status: 201 len: 831 time: 0.5450833
2026-03-06 01:42:43.073 9 WARNING neutron_lib.context [None req-9478bdc3-e75e-4fae-a66b-016186561f87 65d267c86974416484e061cccd7a1fa1 4c7e33f2a60a45ceb32a0124561174d1 - - default default] Method 'is_advsvc' is deprecated since 2023.2 release (neutron-lib 3.8.0) and will be removed once support for the old RBAC API policies will be removed from Neutron. Please use method 'is_service_role' instead.
2026-03-06 01:42:43.171 10 WARNING neutron.scheduler.dhcp_agent_scheduler [None req-91183779-27f4-49e6-9229-cb055e9e1e12 20314330be934f348646f029adab2fe1 65bf2208406e43b194df92f6c464b0c0 - - default default] No more DHCP agents
2026-03-06 01:42:43.172 10 WARNING neutron.api.rpc.agentnotifiers.dhcp_rpc_agent_api [None req-91183779-27f4-49e6-9229-cb055e9e1e12 20314330be934f348646f029adab2fe1 65bf2208406e43b194df92f6c464b0c0 - - default default] Unable to schedule network c85efd99-4ca7-424a-92ba-627c8bc81e0b: no agents available; will retry on subsequent port and subnet creation events.
2026-03-06 01:42:43.343 10 INFO neutron.db.ovn_revision_numbers_db [None req-91183779-27f4-49e6-9229-cb055e9e1e12 20314330be934f348646f029adab2fe1 65bf2208406e43b194df92f6c464b0c0 - - default default] Successfully bumped revision number for resource 85adec7f-fd54-4a47-8be0-ff4db6e0bb3b (type: ports) to 1
2026-03-06 01:42:43.740 9 WARNING neutron.scheduler.dhcp_agent_scheduler [None req-9478bdc3-e75e-4fae-a66b-016186561f87 65d267c86974416484e061cccd7a1fa1 4c7e33f2a60a45ceb32a0124561174d1 - - default default] No more DHCP agents
2026-03-06 01:42:43.744 9 WARNING neutron.api.rpc.agentnotifiers.dhcp_rpc_agent_api [None req-9478bdc3-e75e-4fae-a66b-016186561f87 65d267c86974416484e061cccd7a1fa1 4c7e33f2a60a45ceb32a0124561174d1 - - default default] Unable to schedule network e98808ae-e6d3-48ea-8c2c-33cf14506391: no agents available; will retry on subsequent port and subnet creation events.
2026-03-06 01:42:43.879 9 INFO neutron.db.ovn_revision_numbers_db [None req-9478bdc3-e75e-4fae-a66b-016186561f87 65d267c86974416484e061cccd7a1fa1 4c7e33f2a60a45ceb32a0124561174d1 - - default default] Successfully bumped revision number for resource 74affb7a-66f7-4c95-aeeb-deb74bb90a0c (type: ports) to 1
2026-03-06 01:42:43.921 9 INFO neutron.wsgi [None req-9478bdc3-e75e-4fae-a66b-016186561f87 65d267c86974416484e061cccd7a1fa1 4c7e33f2a60a45ceb32a0124561174d1 - - default default] 10.0.0.8 "POST /v2.0/ports HTTP/1.1" status: 201 len: 942 time: 0.8534513 /var/lib/openstack/lib/python3.10/site-packages/pycadf/identifier.py:71: UserWarning: Invalid uuid: neutron. To ensure interoperability, identifiers should be a valid uuid. warnings.warn(('Invalid uuid: %s. To ensure interoperability, '
2026-03-06 01:42:43.942 9 WARNING neutron_lib.context [None req-2b290eb1-c3d0-435e-b5e4-b5d5ff46747c 65d267c86974416484e061cccd7a1fa1 4c7e33f2a60a45ceb32a0124561174d1 - - default default] Method 'is_advsvc' is deprecated since 2023.2 release (neutron-lib 3.8.0) and will be removed once support for the old RBAC API policies will be removed from Neutron. Please use method 'is_service_role' instead.
2026-03-06 01:42:43.984 9 WARNING neutron.scheduler.dhcp_agent_scheduler [None req-c0608dcd-fc4a-4974-8d27-9ef2abe6d636 630568c38a794d699e5975a337651b08 b13f5cbdb10e4c7c86a987da19229b2d - - default default] No more DHCP agents
2026-03-06 01:42:43.987 9 WARNING neutron.api.rpc.agentnotifiers.dhcp_rpc_agent_api [None req-c0608dcd-fc4a-4974-8d27-9ef2abe6d636 630568c38a794d699e5975a337651b08 b13f5cbdb10e4c7c86a987da19229b2d - - default default] Unable to schedule network 98cbf412-7a44-4abe-969e-76b16677fadc: no agents available; will retry on subsequent port and subnet creation events.
2026-03-06 01:42:44.244 9 INFO neutron.db.ovn_revision_numbers_db [None req-c0608dcd-fc4a-4974-8d27-9ef2abe6d636 630568c38a794d699e5975a337651b08 b13f5cbdb10e4c7c86a987da19229b2d - - default default] Successfully bumped revision number for resource 39afbed4-f241-4f02-b196-7fdaf47007c8 (type: ports) to 1
2026-03-06 01:42:44.308 9 INFO neutron.wsgi [None req-2b290eb1-c3d0-435e-b5e4-b5d5ff46747c 65d267c86974416484e061cccd7a1fa1 4c7e33f2a60a45ceb32a0124561174d1 - - default default] 10.0.0.8 "POST /v2.0/trunks HTTP/1.1" status: 201 len: 608 time: 0.3712633
2026-03-06 01:42:44.370 9 INFO neutron.wsgi [None req-5f801c50-0021-4154-81e4-ddcf670eb92a 65d267c86974416484e061cccd7a1fa1 4c7e33f2a60a45ceb32a0124561174d1 - - default default] 10.0.0.8 "PUT /v2.0/trunks/4ee0e181-92f3-41ea-97b0-e7e89fd8da8a/tags HTTP/1.1" status: 200 len: 210 time: 0.0513124
2026-03-06 01:42:44.390 10 ERROR ovsdbapp.backend.ovs_idl.command [None req-91183779-27f4-49e6-9229-cb055e9e1e12 20314330be934f348646f029adab2fe1 65bf2208406e43b194df92f6c464b0c0 - - default default] Error executing command (DbGetCommand): ovsdbapp.backend.ovs_idl.idlutils.RowNotFound: Cannot find Logical_Router_Port with name=lrp-85adec7f-fd54-4a47-8be0-ff4db6e0bb3b
2026-03-06 01:42:44.390 10 ERROR ovsdbapp.backend.ovs_idl.command
Traceback (most recent call last):
2026-03-06 01:42:44.390 10 ERROR ovsdbapp.backend.ovs_idl.command
File "/var/lib/openstack/lib/python3.10/site-packages/ovsdbapp/backend/ovs_idl/command.py", line 47, in execute
2026-03-06 01:42:44.390 10 ERROR ovsdbapp.backend.ovs_idl.command self.run_idl(None)
2026-03-06 01:42:44.390 10 ERROR ovsdbapp.backend.ovs_idl.command
File "/var/lib/openstack/lib/python3.10/site-packages/ovsdbapp/backend/ovs_idl/command.py", line 235, in run_idl
2026-03-06 01:42:44.390 10 ERROR ovsdbapp.backend.ovs_idl.command record = self.api.lookup(self.table, self.record)
2026-03-06 01:42:44.390 10 ERROR ovsdbapp.backend.ovs_idl.command
File "/var/lib/openstack/lib/python3.10/site-packages/ovsdbapp/backend/ovs_idl/__init__.py", line 184, in lookup
2026-03-06 01:42:44.390 10 ERROR ovsdbapp.backend.ovs_idl.command return self._lookup(table, record)
2026-03-06 01:42:44.390 10 ERROR ovsdbapp.backend.ovs_idl.command
File "/var/lib/openstack/lib/python3.10/site-packages/ovsdbapp/backend/ovs_idl/__init__.py", line 235, in _lookup
2026-03-06 01:42:44.390 10 ERROR ovsdbapp.backend.ovs_idl.command row = idlutils.row_by_value(self, rl.table, rl.column, record)
2026-03-06 01:42:44.390 10 ERROR ovsdbapp.backend.ovs_idl.command
File "/var/lib/openstack/lib/python3.10/site-packages/ovsdbapp/backend/ovs_idl/idlutils.py", line 114, in row_by_value
2026-03-06 01:42:44.390 10 ERROR ovsdbapp.backend.ovs_idl.command raise RowNotFound(table=table, col=column, match=match)
2026-03-06 01:42:44.390 10 ERROR ovsdbapp.backend.ovs_idl.command ovsdbapp.backend.ovs_idl.idlutils.RowNotFound: Cannot find Logical_Router_Port with name=lrp-85adec7f-fd54-4a47-8be0-ff4db6e0bb3b
2026-03-06 01:42:44.390 10 ERROR ovsdbapp.backend.ovs_idl.command 
2026-03-06 01:42:44.391 10 ERROR neutron_lib.callbacks.manager [None req-91183779-27f4-49e6-9229-cb055e9e1e12 20314330be934f348646f029adab2fe1 65bf2208406e43b194df92f6c464b0c0 - - default default] Error during notification for neutron.services.ovn_l3.plugin.OVNL3RouterPlugin._port_update-8762385418982 port, after_update: ovsdbapp.backend.ovs_idl.idlutils.RowNotFound: Cannot find Logical_Router_Port with name=lrp-85adec7f-fd54-4a47-8be0-ff4db6e0bb3b
2026-03-06 01:42:44.391 10 ERROR neutron_lib.callbacks.manager
Traceback (most recent call last):
2026-03-06 01:42:44.391 10 ERROR neutron_lib.callbacks.manager
File "/var/lib/openstack/lib/python3.10/site-packages/neutron_lib/callbacks/manager.py", line 189, in _notify_loop
2026-03-06 01:42:44.391 10 ERROR neutron_lib.callbacks.manager callback.method(resource, event, trigger, payload=payload)
2026-03-06 01:42:44.391 10 ERROR neutron_lib.callbacks.manager
File "/var/lib/openstack/lib/python3.10/site-packages/neutron/services/ovn_l3/plugin.py", line 391, in _port_update
2026-03-06 01:42:44.391 10 ERROR neutron_lib.callbacks.manager l3plugin._ovn_client.update_router_port(context,
2026-03-06 01:42:44.391 10 ERROR neutron_lib.callbacks.manager
File "/var/lib/openstack/lib/python3.10/site-packages/neutron/plugins/ml2/drivers/ovn/mech_driver/ovsdb/ovn_client.py", line 1878, in update_router_port
2026-03-06 01:42:44.391 10 ERROR neutron_lib.callbacks.manager self._update_lrouter_port(context, port, if_exists=if_exists,
2026-03-06 01:42:44.391 10 ERROR neutron_lib.callbacks.manager
File "/var/lib/openstack/lib/python3.10/site-packages/neutron/plugins/ml2/drivers/ovn/mech_driver/ovsdb/ovn_client.py", line 1855, in _update_lrouter_port
2026-03-06 01:42:44.391 10 ERROR neutron_lib.callbacks.manager external_ids = self._nb_idl.db_get(
2026-03-06 01:42:44.391 10 ERROR neutron_lib.callbacks.manager
File "/var/lib/openstack/lib/python3.10/site-packages/ovsdbapp/backend/ovs_idl/command.py", line 47, in execute
2026-03-06 01:42:44.391 10 ERROR neutron_lib.callbacks.manager self.run_idl(None)
2026-03-06 01:42:44.391 10 ERROR neutron_lib.callbacks.manager
File "/var/lib/openstack/lib/python3.10/site-packages/ovsdbapp/backend/ovs_idl/command.py", line 235, in run_idl
2026-03-06 01:42:44.391 10 ERROR neutron_lib.callbacks.manager record = self.api.lookup(self.table, self.record)
2026-03-06 01:42:44.391 10 ERROR neutron_lib.callbacks.manager
File "/var/lib/openstack/lib/python3.10/site-packages/ovsdbapp/backend/ovs_idl/__init__.py", line 184, in lookup
2026-03-06 01:42:44.391 10 ERROR neutron_lib.callbacks.manager return self._lookup(table, record)
2026-03-06 01:42:44.391 10 ERROR neutron_lib.callbacks.manager
File "/var/lib/openstack/lib/python3.10/site-packages/ovsdbapp/backend/ovs_idl/__init__.py", line 235, in _lookup
2026-03-06 01:42:44.391 10 ERROR neutron_lib.callbacks.manager row = idlutils.row_by_value(self, rl.table, rl.column, record)
2026-03-06 01:42:44.391 10 ERROR neutron_lib.callbacks.manager
File "/var/lib/openstack/lib/python3.10/site-packages/ovsdbapp/backend/ovs_idl/idlutils.py", line 114, in row_by_value
2026-03-06 01:42:44.391 10 ERROR neutron_lib.callbacks.manager raise RowNotFound(table=table, col=column, match=match)
2026-03-06 01:42:44.391 10 ERROR neutron_lib.callbacks.manager ovsdbapp.backend.ovs_idl.idlutils.RowNotFound: Cannot find Logical_Router_Port with name=lrp-85adec7f-fd54-4a47-8be0-ff4db6e0bb3b
2026-03-06 01:42:44.391 10 ERROR neutron_lib.callbacks.manager 
2026-03-06 01:42:44.434 10 INFO neutron.wsgi [None req-7d1b63fc-dcc3-40a2-83a4-945ec6e067e4 65d267c86974416484e061cccd7a1fa1 4c7e33f2a60a45ceb32a0124561174d1 - - default default] 10.0.0.8 "PUT /v2.0/trunks/85dadda9-1b8b-44e9-bf04-319c1521baac/tags HTTP/1.1" status: 200 len: 218 time: 0.0550728
2026-03-06 01:42:44.505 10 INFO neutron.wsgi [None req-0572198b-1045-4499-b34b-927aa32968d0 65d267c86974416484e061cccd7a1fa1 4c7e33f2a60a45ceb32a0124561174d1 - - default default] 10.0.0.8 "PUT /v2.0/trunks/425070d5-20cf-4c99-b24d-fc7dc9307256/tags HTTP/1.1" status: 200 len: 227 time: 0.0652626
2026-03-06 01:42:44.574 10 INFO neutron.wsgi [None req-f7aa6d8f-598c-48f3-b67d-9a54b3de1942 65d267c86974416484e061cccd7a1fa1 4c7e33f2a60a45ceb32a0124561174d1 - - default default] 10.0.0.8 "PUT /v2.0/trunks/62295c7a-bcf7-43f5-b739-a2449284ec01/tags HTTP/1.1" status: 200 len: 212 time: 0.0633643
2026-03-06 01:42:44.602 9 INFO neutron.wsgi [None req-686855e8-3a51-428b-a9a2-2a0b3dfd2622 65d267c86974416484e061cccd7a1fa1 4c7e33f2a60a45ceb32a0124561174d1 - - default default] 10.0.0.8 "GET /v2.0/trunks?tags=red HTTP/1.1" status: 200 len: 1447 time: 0.0212314
2026-03-06 01:42:44.634 10 WARNING neutron_lib.context [None req-a624d1fd-b459-4ec2-aeac-e8c5ee4ab393 d8779bc143884cf7a3fe21f0da682094 eb6afdcf0ec14b4d8a280d544beef442 - - default default] Method 'is_advsvc' is deprecated since 2023.2 release (neutron-lib 3.8.0) and will be removed once support for the old RBAC API policies will be removed from Neutron. Please use method 'is_service_role' instead.
2026-03-06 01:42:44.650 10 INFO neutron.wsgi [None req-9670085e-8ca4-443f-a7b0-cc94ade25836 65d267c86974416484e061cccd7a1fa1 4c7e33f2a60a45ceb32a0124561174d1 - - default default] 10.0.0.8 "GET /v2.0/trunks?tags=red%2Cblue HTTP/1.1" status: 200 len: 1041 time: 0.0419731
2026-03-06 01:42:44.694 10 INFO neutron.wsgi [None req-a4db5dd5-258b-4582-be62-232dd124f904 65d267c86974416484e061cccd7a1fa1 4c7e33f2a60a45ceb32a0124561174d1 - - default default] 10.0.0.8 "GET /v2.0/trunks?tags-any=blue HTTP/1.1" status: 200 len: 1041 time: 0.0292246
2026-03-06 01:42:44.734 10 INFO neutron.wsgi [None req-dfa40fe2-5766-49c3-84c8-b22815c999b0 65d267c86974416484e061cccd7a1fa1 4c7e33f2a60a45ceb32a0124561174d1 - - default default] 10.0.0.8 "GET /v2.0/trunks?tags-any=red%2Cblue HTTP/1.1" status: 200 len: 1447 time: 0.0317523
2026-03-06 01:42:44.742 10 INFO neutron.plugins.ml2.drivers.ovn.mech_driver.mech_driver [None req-6543edd4-0e35-4cb3-818b-61de28e5ba93 - - - - - -] OVN reports status up for port: 85adec7f-fd54-4a47-8be0-ff4db6e0bb3b
2026-03-06 01:42:44.779 10 INFO neutron.plugins.ml2.plugin [None req-6543edd4-0e35-4cb3-818b-61de28e5ba93 - - - - - -] Attempt 1 to provision port 85adec7f-fd54-4a47-8be0-ff4db6e0bb3b
2026-03-06 01:42:44.816 10 INFO neutron.wsgi [None req-8d48f502-ba66-4cbb-a229-531811d5de77 65d267c86974416484e061cccd7a1fa1 4c7e33f2a60a45ceb32a0124561174d1 - - default default] 10.0.0.8 "GET /v2.0/trunks?not-tags=red HTTP/1.1" status: 200 len: 1013 time: 0.0723639
2026-03-06 01:42:44.833 10 INFO neutron.db.ovn_revision_numbers_db [None req-91183779-27f4-49e6-9229-cb055e9e1e12 20314330be934f348646f029adab2fe1 65bf2208406e43b194df92f6c464b0c0 - - default default] Successfully bumped revision number for resource 85adec7f-fd54-4a47-8be0-ff4db6e0bb3b (type: ports) to 1
2026-03-06 01:42:44.847 9 INFO neutron.wsgi [None req-2fa99958-6f58-4148-a8be-227b44ff56f7 65d267c86974416484e061cccd7a1fa1 4c7e33f2a60a45ceb32a0124561174d1 - - default default] 10.0.0.8 "GET /v2.0/trunks?not-tags=red%2Cblue HTTP/1.1" status: 200 len: 1419 time: 0.0256054
2026-03-06 01:42:44.875 9 INFO neutron.wsgi [None req-695b9692-5b1e-4bbd-804f-94330d7ea36e 65d267c86974416484e061cccd7a1fa1 4c7e33f2a60a45ceb32a0124561174d1 - - default default] 10.0.0.8 "GET /v2.0/trunks?not-tags-any=blue HTTP/1.1" status: 200 len: 1419 time: 0.0208819
2026-03-06 01:42:44.908 9 INFO neutron.wsgi [None req-48a438a5-3c40-43da-8540-8bd51012d1de 65d267c86974416484e061cccd7a1fa1 4c7e33f2a60a45ceb32a0124561174d1 - - default default] 10.0.0.8 "GET /v2.0/trunks?not-tags-any=red%2Cblue HTTP/1.1" status: 200 len: 1013 time: 0.0299730
2026-03-06 01:42:44.916 9 INFO neutron.plugins.ml2.drivers.ovn.mech_driver.ovsdb.commands [None req-2a130bcd-d1b2-4818-a4ba-2984cab633a1 - - - - - -] Schedule LRP lrp-39afbed4-f241-4f02-b196-7fdaf47007c8 on gateway f4c9a443-8575-4a99-906a-8390a196aed9 with priority 1
2026-03-06 01:42:44.937 9 INFO neutron.wsgi [None req-c48169fe-d5dc-4027-90d8-6e1a445eb742 65d267c86974416484e061cccd7a1fa1 4c7e33f2a60a45ceb32a0124561174d1 - - default default] 10.0.0.8 "GET /v2.0/trunks/4ee0e181-92f3-41ea-97b0-e7e89fd8da8a HTTP/1.1" status: 200 len: 608 time: 0.0197618
2026-03-06 01:42:44.954 10 INFO neutron.plugins.ml2.drivers.ovn.mech_driver.ovsdb.ovsdb_monitor [None req-c3897c4c-7619-4595-9459-bf6fd9f27d82 - - - - - -] Router 7bbae3a3-c503-47f0-9c16-85154737ad88 is bound to host instance
2026-03-06 01:42:45.001 9 INFO neutron.db.ovn_revision_numbers_db [None req-c0608dcd-fc4a-4974-8d27-9ef2abe6d636 630568c38a794d699e5975a337651b08 b13f5cbdb10e4c7c86a987da19229b2d - - default default] Successfully bumped revision number for resource 39afbed4-f241-4f02-b196-7fdaf47007c8 (type: router_ports) to 1
2026-03-06 01:42:45.039 10 WARNING neutron.scheduler.dhcp_agent_scheduler [None req-91183779-27f4-49e6-9229-cb055e9e1e12 20314330be934f348646f029adab2fe1 65bf2208406e43b194df92f6c464b0c0 - - default default] No more DHCP agents
2026-03-06 01:42:45.040 10 INFO neutron.db.ovn_revision_numbers_db [None req-a624d1fd-b459-4ec2-aeac-e8c5ee4ab393 d8779bc143884cf7a3fe21f0da682094 eb6afdcf0ec14b4d8a280d544beef442 - - default default] Successfully bumped revision number for resource 8a4db581-8abe-4a50-be24-46f25241728e (type: security_groups) to 1
2026-03-06 01:42:45.049 10 WARNING neutron.api.rpc.agentnotifiers.dhcp_rpc_agent_api [None req-91183779-27f4-49e6-9229-cb055e9e1e12 20314330be934f348646f029adab2fe1 65bf2208406e43b194df92f6c464b0c0 - - default default] Unable to schedule network c85efd99-4ca7-424a-92ba-627c8bc81e0b: no agents available; will retry on subsequent port and subnet creation events.
2026-03-06 01:42:45.080 10 INFO neutron.db.ovn_revision_numbers_db [None req-a624d1fd-b459-4ec2-aeac-e8c5ee4ab393 d8779bc143884cf7a3fe21f0da682094 eb6afdcf0ec14b4d8a280d544beef442 - - default default] Successfully bumped revision number for resource 38ef4225-f0f8-44ef-b776-6c79d574b95b (type: security_group_rules) to 0
2026-03-06 01:42:45.089 9 INFO neutron.wsgi [None req-17112228-bef3-4e51-8d44-748c923785fd 65d267c86974416484e061cccd7a1fa1 4c7e33f2a60a45ceb32a0124561174d1 - - default default] 10.0.0.8 "GET /v2.0/ports/69afa2d7-e3df-4982-8dc4-d294e2a767e3 HTTP/1.1" status: 200 len: 1020 time: 0.1483629
2026-03-06 01:42:45.119 9 INFO neutron.db.ovn_revision_numbers_db [None req-c0608dcd-fc4a-4974-8d27-9ef2abe6d636 630568c38a794d699e5975a337651b08 b13f5cbdb10e4c7c86a987da19229b2d - - default default] Successfully bumped revision number for resource 7bbae3a3-c503-47f0-9c16-85154737ad88 (type: routers) to 2
2026-03-06 01:42:45.138 10 INFO neutron.db.ovn_revision_numbers_db [None req-a624d1fd-b459-4ec2-aeac-e8c5ee4ab393 d8779bc143884cf7a3fe21f0da682094 eb6afdcf0ec14b4d8a280d544beef442 - - default default] Successfully bumped revision number for resource 9509258a-ca8a-4ee0-89f6-ce30ef1d8bba (type: security_group_rules) to 0
2026-03-06 01:42:45.169 9 INFO neutron.wsgi [None req-c0608dcd-fc4a-4974-8d27-9ef2abe6d636 630568c38a794d699e5975a337651b08 b13f5cbdb10e4c7c86a987da19229b2d - - default default] 10.0.0.8 "POST /v2.0/routers HTTP/1.1" status: 201 len: 1154 time: 2.1507549
2026-03-06 01:42:45.198 10 INFO neutron.db.ovn_revision_numbers_db [None req-a624d1fd-b459-4ec2-aeac-e8c5ee4ab393 d8779bc143884cf7a3fe21f0da682094 eb6afdcf0ec14b4d8a280d544beef442 - - default default] Successfully bumped revision number for resource cbb7dd13-6830-4488-9765-c7970012c133 (type: security_group_rules) to 0
2026-03-06 01:42:45.205 9 INFO neutron.wsgi [None req-a89b0933-953a-4eb0-904d-68ee08bb9765 65d267c86974416484e061cccd7a1fa1 4c7e33f2a60a45ceb32a0124561174d1 - - default default] 10.0.0.8 "DELETE /v2.0/trunks/4ee0e181-92f3-41ea-97b0-e7e89fd8da8a HTTP/1.1" status: 204 len: 168 time: 0.1092167
2026-03-06 01:42:45.227 9 INFO neutron.wsgi [None req-bed149c6-5290-4b33-8c6f-6f8ef2b623a9 65d267c86974416484e061cccd7a1fa1 4c7e33f2a60a45ceb32a0124561174d1 - - default default] 10.0.0.8 "GET /v2.0/trunks/85dadda9-1b8b-44e9-bf04-319c1521baac HTTP/1.1" status: 200 len: 616 time: 0.0171251
2026-03-06 01:42:45.258 10 INFO neutron.db.ovn_revision_numbers_db [None req-a624d1fd-b459-4ec2-aeac-e8c5ee4ab393 d8779bc143884cf7a3fe21f0da682094 eb6afdcf0ec14b4d8a280d544beef442 - - default default] Successfully bumped revision number for resource f358eb44-cfd3-4573-9def-7f0ad9ee1e18 (type: security_group_rules) to 0
2026-03-06 01:42:45.324 9 INFO neutron.wsgi [None req-8318526b-7bd1-4171-b86d-d85161b3e83f 65d267c86974416484e061cccd7a1fa1 4c7e33f2a60a45ceb32a0124561174d1 - - default default] 10.0.0.8 "GET /v2.0/ports/afd22402-84b6-4c12-8cd0-99547c388642 HTTP/1.1" status: 200 len: 1020 time: 0.0921357
2026-03-06 01:42:45.351 9 INFO neutron.wsgi [None req-b4f81fc8-638d-4abd-9db1-1224638e73b2 d4d7d17b26594004b597a76b1fd75263 8c159df9a6154f5c93e6f62d066521f0 - - default default] 10.0.0.8 "GET /v2.0/subnets?project_id=b13f5cbdb10e4c7c86a987da19229b2d&cidr=10.100.0.0%2F28 HTTP/1.1" status: 200 len: 207 time: 0.1700823
2026-03-06 01:42:45.353 10 INFO neutron.db.segments_db [None req-a624d1fd-b459-4ec2-aeac-e8c5ee4ab393 d8779bc143884cf7a3fe21f0da682094 eb6afdcf0ec14b4d8a280d544beef442 - - default default] Added segment 740357ed-cbbe-4a09-980d-c0df1ad86310 of type geneve for network fdcc9ee7-1690-47d6-9310-ba52256c374d
2026-03-06 01:42:45.800 9 INFO neutron.wsgi [None req-0bcbe83e-b2ba-4b9a-aefb-b0ef38a5be3d d4d7d17b26594004b597a76b1fd75263 8c159df9a6154f5c93e6f62d066521f0 - - default default] 10.0.0.8 "GET /v2.0/networks?router%3Aexternal=True HTTP/1.1" status: 200 len: 947 time: 0.4439340
2026-03-06 01:42:45.823 9 INFO neutron.wsgi [None req-21060595-81d6-470d-a131-73d878f3df12 65d267c86974416484e061cccd7a1fa1 4c7e33f2a60a45ceb32a0124561174d1 - - default default] 10.0.0.8 "DELETE /v2.0/trunks/85dadda9-1b8b-44e9-bf04-319c1521baac HTTP/1.1" status: 204 len: 168 time: 0.4869013
2026-03-06 01:42:45.834 9 INFO neutron.wsgi [None req-a83fd02c-2dec-4580-9c73-9409dcf826e7 d4d7d17b26594004b597a76b1fd75263 8c159df9a6154f5c93e6f62d066521f0 - - default default] 10.0.0.8 "GET /v2.0/subnets?network_id=98cbf412-7a44-4abe-969e-76b16677fadc&cidr=10.100.0.0%2F28 HTTP/1.1" status: 200 len: 207 time: 0.0280194
2026-03-06 01:42:45.844 9 WARNING neutron_lib.context [None req-5a6a31e0-2088-47d5-9215-7532c10a5593 630568c38a794d699e5975a337651b08 b13f5cbdb10e4c7c86a987da19229b2d - - default default] Method 'is_advsvc' is deprecated since 2023.2 release (neutron-lib 3.8.0) and will be removed once support for the old RBAC API policies will be removed from Neutron. Please use method 'is_service_role' instead.
2026-03-06 01:42:45.848 9 INFO neutron.wsgi [None req-0b43a88e-77fa-48b4-ba43-3a9bdb7bad8b 65d267c86974416484e061cccd7a1fa1 4c7e33f2a60a45ceb32a0124561174d1 - - default default] 10.0.0.8 "GET /v2.0/trunks/425070d5-20cf-4c99-b24d-fc7dc9307256 HTTP/1.1" status: 200 len: 625 time: 0.0201266
2026-03-06 01:42:45.975 9 INFO neutron.wsgi [None req-30763f5c-6185-4b95-9889-00baed7d4488 65d267c86974416484e061cccd7a1fa1 4c7e33f2a60a45ceb32a0124561174d1 - - default default] 10.0.0.8 "GET /v2.0/ports/d8d33a15-6456-4e00-a585-b02fb5f4a036 HTTP/1.1" status: 200 len: 1020 time: 0.1158953
2026-03-06 01:42:46.051 10 INFO neutron.db.ovn_revision_numbers_db [None req-a624d1fd-b459-4ec2-aeac-e8c5ee4ab393 d8779bc143884cf7a3fe21f0da682094 eb6afdcf0ec14b4d8a280d544beef442 - - default default] Successfully bumped revision number for resource fdcc9ee7-1690-47d6-9310-ba52256c374d (type: networks) to 1
2026-03-06 01:42:46.090 9 INFO neutron.wsgi [None req-360f6e64-7afa-4687-93d7-748c97f5e1a9 65d267c86974416484e061cccd7a1fa1 4c7e33f2a60a45ceb32a0124561174d1 - - default default] 10.0.0.8 "DELETE /v2.0/trunks/425070d5-20cf-4c99-b24d-fc7dc9307256 HTTP/1.1" status: 204 len: 168 time: 0.1070452
2026-03-06 01:42:46.128 9 INFO neutron.wsgi [None req-6183af8b-9184-438e-bdec-33693c26b4aa 65d267c86974416484e061cccd7a1fa1 4c7e33f2a60a45ceb32a0124561174d1 - - default default] 10.0.0.8 "GET /v2.0/trunks/62295c7a-bcf7-43f5-b739-a2449284ec01 HTTP/1.1" status: 200 len: 610 time: 0.0319388
2026-03-06 01:42:46.177 9 WARNING neutron.scheduler.dhcp_agent_scheduler [None req-5a6a31e0-2088-47d5-9215-7532c10a5593 630568c38a794d699e5975a337651b08 b13f5cbdb10e4c7c86a987da19229b2d - - default default] No more DHCP agents
2026-03-06 01:42:46.182 9 WARNING neutron.api.rpc.agentnotifiers.dhcp_rpc_agent_api [None req-5a6a31e0-2088-47d5-9215-7532c10a5593 630568c38a794d699e5975a337651b08 b13f5cbdb10e4c7c86a987da19229b2d - - default default] Unable to schedule network 60494049-b1f3-44e9-8b87-b0beedc334f5: no agents available; will retry on subsequent port and subnet creation events.
2026-03-06 01:42:46.259 10 INFO neutron.db.ovn_revision_numbers_db [None req-6543edd4-0e35-4cb3-818b-61de28e5ba93 - - - - - -] Successfully bumped revision number for resource 85adec7f-fd54-4a47-8be0-ff4db6e0bb3b (type: ports) to 2
2026-03-06 01:42:46.273 9 INFO neutron.wsgi [None req-6e0c8b3a-bbe7-48cb-a175-cde5f9ccd929 65d267c86974416484e061cccd7a1fa1 4c7e33f2a60a45ceb32a0124561174d1 - - default default] 10.0.0.8 "GET /v2.0/ports/4752a97d-1203-41bc-9110-371d768c08c7 HTTP/1.1" status: 200 len: 1020 time: 0.1373124
2026-03-06 01:42:46.393 9 INFO neutron.wsgi [None req-6bff3abe-9600-4026-849f-cd0708a1c6c7 65d267c86974416484e061cccd7a1fa1 4c7e33f2a60a45ceb32a0124561174d1 - - default default] 10.0.0.8 "DELETE /v2.0/trunks/62295c7a-bcf7-43f5-b739-a2449284ec01 HTTP/1.1" status: 204 len: 168 time: 0.1135490
2026-03-06 01:42:46.422 9 INFO neutron.wsgi [None req-5aed00ca-1463-4add-b44b-46123e6c634e 65d267c86974416484e061cccd7a1fa1 4c7e33f2a60a45ceb32a0124561174d1 - - default default] 10.0.0.8 "GET /v2.0/trunks/7b5310f2-1284-4ba7-9277-f89fd6d7fa8b HTTP/1.1" status: 200 len: 603 time: 0.0225334
2026-03-06 01:42:46.525 9 INFO neutron.wsgi [None req-b3e6b422-b1d1-4362-8d03-b9fad4afab02 65d267c86974416484e061cccd7a1fa1 4c7e33f2a60a45ceb32a0124561174d1 - - default default] 10.0.0.8 "GET /v2.0/ports/74affb7a-66f7-4c95-aeeb-deb74bb90a0c HTTP/1.1" status: 200 len: 1020 time: 0.0987439
2026-03-06 01:42:46.598 10 ERROR ovsdbapp.backend.ovs_idl.command [None req-6543edd4-0e35-4cb3-818b-61de28e5ba93 - - - - - -] Error executing command (DbGetCommand): ovsdbapp.backend.ovs_idl.idlutils.RowNotFound: Cannot find Logical_Router_Port with name=lrp-85adec7f-fd54-4a47-8be0-ff4db6e0bb3b
2026-03-06 01:42:46.598 10 ERROR ovsdbapp.backend.ovs_idl.command
Traceback (most recent call last):
2026-03-06 01:42:46.598 10 ERROR ovsdbapp.backend.ovs_idl.command
File "/var/lib/openstack/lib/python3.10/site-packages/ovsdbapp/backend/ovs_idl/command.py", line 47, in execute
2026-03-06 01:42:46.598 10 ERROR ovsdbapp.backend.ovs_idl.command self.run_idl(None)
2026-03-06 01:42:46.598 10 ERROR ovsdbapp.backend.ovs_idl.command
File "/var/lib/openstack/lib/python3.10/site-packages/ovsdbapp/backend/ovs_idl/command.py", line 235, in run_idl
2026-03-06 01:42:46.598 10 ERROR ovsdbapp.backend.ovs_idl.command record = self.api.lookup(self.table, self.record)
2026-03-06 01:42:46.598 10 ERROR ovsdbapp.backend.ovs_idl.command
File "/var/lib/openstack/lib/python3.10/site-packages/ovsdbapp/backend/ovs_idl/__init__.py", line 184, in lookup
2026-03-06 01:42:46.598 10 ERROR ovsdbapp.backend.ovs_idl.command return self._lookup(table, record)
2026-03-06 01:42:46.598 10 ERROR ovsdbapp.backend.ovs_idl.command
File "/var/lib/openstack/lib/python3.10/site-packages/ovsdbapp/backend/ovs_idl/__init__.py", line 235, in _lookup
2026-03-06 01:42:46.598 10 ERROR ovsdbapp.backend.ovs_idl.command row = idlutils.row_by_value(self, rl.table, rl.column, record)
2026-03-06 01:42:46.598 10 ERROR ovsdbapp.backend.ovs_idl.command
File "/var/lib/openstack/lib/python3.10/site-packages/ovsdbapp/backend/ovs_idl/idlutils.py", line 114, in row_by_value
2026-03-06 01:42:46.598 10 ERROR ovsdbapp.backend.ovs_idl.command raise RowNotFound(table=table, col=column, match=match)
2026-03-06 01:42:46.598 10 ERROR ovsdbapp.backend.ovs_idl.command ovsdbapp.backend.ovs_idl.idlutils.RowNotFound: Cannot find Logical_Router_Port with name=lrp-85adec7f-fd54-4a47-8be0-ff4db6e0bb3b
2026-03-06 01:42:46.598 10 ERROR ovsdbapp.backend.ovs_idl.command 
2026-03-06 01:42:46.599 10 ERROR neutron_lib.callbacks.manager [None req-6543edd4-0e35-4cb3-818b-61de28e5ba93 - - - - - -] Error during notification for neutron.services.ovn_l3.plugin.OVNL3RouterPlugin._port_update-8762385418982 port, after_update: ovsdbapp.backend.ovs_idl.idlutils.RowNotFound: Cannot find Logical_Router_Port with name=lrp-85adec7f-fd54-4a47-8be0-ff4db6e0bb3b
2026-03-06 01:42:46.599 10 ERROR neutron_lib.callbacks.manager
Traceback (most recent call last):
2026-03-06 01:42:46.599 10 ERROR neutron_lib.callbacks.manager
File "/var/lib/openstack/lib/python3.10/site-packages/neutron_lib/callbacks/manager.py", line 189, in _notify_loop
2026-03-06 01:42:46.599 10 ERROR neutron_lib.callbacks.manager callback.method(resource, event, trigger, payload=payload)
2026-03-06 01:42:46.599 10 ERROR neutron_lib.callbacks.manager
File "/var/lib/openstack/lib/python3.10/site-packages/neutron/services/ovn_l3/plugin.py", line 391, in _port_update
2026-03-06 01:42:46.599 10 ERROR neutron_lib.callbacks.manager l3plugin._ovn_client.update_router_port(context,
2026-03-06 01:42:46.599 10 ERROR neutron_lib.callbacks.manager
File "/var/lib/openstack/lib/python3.10/site-packages/neutron/plugins/ml2/drivers/ovn/mech_driver/ovsdb/ovn_client.py", line 1878, in update_router_port
2026-03-06 01:42:46.599 10 ERROR neutron_lib.callbacks.manager self._update_lrouter_port(context, port, if_exists=if_exists,
2026-03-06 01:42:46.599 10 ERROR neutron_lib.callbacks.manager
File "/var/lib/openstack/lib/python3.10/site-packages/neutron/plugins/ml2/drivers/ovn/mech_driver/ovsdb/ovn_client.py", line 1855, in _update_lrouter_port
2026-03-06 01:42:46.599 10 ERROR neutron_lib.callbacks.manager external_ids = self._nb_idl.db_get(
2026-03-06 01:42:46.599 10 ERROR neutron_lib.callbacks.manager
File "/var/lib/openstack/lib/python3.10/site-packages/ovsdbapp/backend/ovs_idl/command.py", line 47, in execute
2026-03-06 01:42:46.599 10 ERROR neutron_lib.callbacks.manager self.run_idl(None)
2026-03-06 01:42:46.599 10 ERROR neutron_lib.callbacks.manager
File "/var/lib/openstack/lib/python3.10/site-packages/ovsdbapp/backend/ovs_idl/command.py", line 235, in run_idl
2026-03-06 01:42:46.599 10 ERROR neutron_lib.callbacks.manager record = self.api.lookup(self.table, self.record)
2026-03-06 01:42:46.599 10 ERROR neutron_lib.callbacks.manager
File "/var/lib/openstack/lib/python3.10/site-packages/ovsdbapp/backend/ovs_idl/__init__.py", line 184, in lookup
2026-03-06 01:42:46.599 10 ERROR neutron_lib.callbacks.manager return self._lookup(table, record)
2026-03-06 01:42:46.599 10 ERROR neutron_lib.callbacks.manager
File "/var/lib/openstack/lib/python3.10/site-packages/ovsdbapp/backend/ovs_idl/__init__.py", line 235, in _lookup
2026-03-06 01:42:46.599 10 ERROR neutron_lib.callbacks.manager row = idlutils.row_by_value(self, rl.table, rl.column, record)
2026-03-06 01:42:46.599 10 ERROR neutron_lib.callbacks.manager
File "/var/lib/openstack/lib/python3.10/site-packages/ovsdbapp/backend/ovs_idl/idlutils.py", line 114, in row_by_value
2026-03-06 01:42:46.599 10 ERROR neutron_lib.callbacks.manager raise RowNotFound(table=table, col=column, match=match)
2026-03-06 01:42:46.599 10 ERROR neutron_lib.callbacks.manager ovsdbapp.backend.ovs_idl.idlutils.RowNotFound: Cannot find Logical_Router_Port with name=lrp-85adec7f-fd54-4a47-8be0-ff4db6e0bb3b
2026-03-06 01:42:46.599 10 ERROR neutron_lib.callbacks.manager 
2026-03-06 01:42:46.626 10 WARNING neutron.scheduler.dhcp_agent_scheduler [None req-a624d1fd-b459-4ec2-aeac-e8c5ee4ab393 d8779bc143884cf7a3fe21f0da682094 eb6afdcf0ec14b4d8a280d544beef442 - - default default] No more DHCP agents
2026-03-06 01:42:46.634 10 WARNING neutron.api.rpc.agentnotifiers.dhcp_rpc_agent_api [None req-a624d1fd-b459-4ec2-aeac-e8c5ee4ab393 d8779bc143884cf7a3fe21f0da682094 eb6afdcf0ec14b4d8a280d544beef442 - - default default] Unable to schedule network fdcc9ee7-1690-47d6-9310-ba52256c374d: no agents available; will retry on subsequent port and subnet creation events.
2026-03-06 01:42:46.642 9 INFO neutron.wsgi [None req-6364d429-acb6-40ae-ad9d-a8863f9ab861 65d267c86974416484e061cccd7a1fa1 4c7e33f2a60a45ceb32a0124561174d1 - - default default] 10.0.0.8 "DELETE /v2.0/trunks/7b5310f2-1284-4ba7-9277-f89fd6d7fa8b HTTP/1.1" status: 204 len: 168 time: 0.1112192
2026-03-06 01:42:46.857 10 INFO neutron.db.ovn_revision_numbers_db [None req-a624d1fd-b459-4ec2-aeac-e8c5ee4ab393 d8779bc143884cf7a3fe21f0da682094 eb6afdcf0ec14b4d8a280d544beef442 - - default default] Successfully bumped revision number for resource ee167d97-1964-4795-a653-e68e4849b27e (type: ports) to 1
2026-03-06 01:42:46.891 9 WARNING neutron.plugins.ml2.drivers.ovn.mech_driver.ovsdb.ovn_client [None req-8ec59884-6caf-4767-9c5b-6e411e1bab11 - - - - - -] No hosting information found for port 71477285-ba5a-450e-8b95-1eef33af4b90: RuntimeError: No hosting information found for port 71477285-ba5a-450e-8b95-1eef33af4b90
2026-03-06 01:42:46.892 9 INFO neutron.plugins.ml2.drivers.ovn.mech_driver.mech_driver [None req-8ec59884-6caf-4767-9c5b-6e411e1bab11 - - - - - -] OVN reports status up for port: 39afbed4-f241-4f02-b196-7fdaf47007c8
2026-03-06 01:42:46.898 9 INFO neutron.db.ovn_revision_numbers_db [None req-5a6a31e0-2088-47d5-9215-7532c10a5593 630568c38a794d699e5975a337651b08 b13f5cbdb10e4c7c86a987da19229b2d - - default default] Successfully bumped revision number for resource cc83f33a-1cd4-4ceb-9a29-b4ad23b476b5 (type: ports) to 2
2026-03-06 01:42:46.905 9 INFO neutron.plugins.ml2.plugin [None req-8ec59884-6caf-4767-9c5b-6e411e1bab11 - - - - - -] Attempt 1 to provision port 39afbed4-f241-4f02-b196-7fdaf47007c8
2026-03-06 01:42:46.905 10 INFO neutron.wsgi [None req-a624d1fd-b459-4ec2-aeac-e8c5ee4ab393 d8779bc143884cf7a3fe21f0da682094 eb6afdcf0ec14b4d8a280d544beef442 - - default default] 10.0.0.8 "POST /v2.0/networks HTTP/1.1" status: 201 len: 844 time: 2.5354996
2026-03-06 01:42:46.907 10 INFO neutron.db.ovn_revision_numbers_db [None req-91183779-27f4-49e6-9229-cb055e9e1e12 20314330be934f348646f029adab2fe1 65bf2208406e43b194df92f6c464b0c0 - - default default] Successfully bumped revision number for resource 85adec7f-fd54-4a47-8be0-ff4db6e0bb3b (type: router_ports) to 1
2026-03-06 01:42:46.923 9 WARNING neutron_lib.context [None req-c2005dc7-017f-4b54-b9b2-aac519f5de3e d8779bc143884cf7a3fe21f0da682094 eb6afdcf0ec14b4d8a280d544beef442 - - default default] Method 'is_advsvc' is deprecated since 2023.2 release (neutron-lib 3.8.0) and will be removed once support for the old RBAC API policies will be removed from Neutron. Please use method 'is_service_role' instead.
2026-03-06 01:42:46.984 9 INFO neutron.db.ovn_revision_numbers_db [None req-5a6a31e0-2088-47d5-9215-7532c10a5593 630568c38a794d699e5975a337651b08 b13f5cbdb10e4c7c86a987da19229b2d - - default default] Successfully bumped revision number for resource 6a8069bf-f241-465e-8712-e2c9c63e07e5 (type: subnets) to 0
2026-03-06 01:42:47.011 9 INFO neutron.wsgi [None req-5a6a31e0-2088-47d5-9215-7532c10a5593 630568c38a794d699e5975a337651b08 b13f5cbdb10e4c7c86a987da19229b2d - - default default] 10.0.0.8 "POST /v2.0/subnets HTTP/1.1" status: 201 len: 830 time: 1.1707089
2026-03-06 01:42:47.015 9 INFO neutron.wsgi [None req-0b34c38f-6b8e-429a-aa0e-9924cbf97bbd 65d267c86974416484e061cccd7a1fa1 4c7e33f2a60a45ceb32a0124561174d1 - - default default] 10.0.0.8 "DELETE /v2.0/ports/69afa2d7-e3df-4982-8dc4-d294e2a767e3 HTTP/1.1" status: 204 len: 168 time: 0.3664854
2026-03-06 01:42:47.316 9 WARNING neutron.scheduler.dhcp_agent_scheduler [None req-c2005dc7-017f-4b54-b9b2-aac519f5de3e d8779bc143884cf7a3fe21f0da682094 eb6afdcf0ec14b4d8a280d544beef442 - - default default] No more DHCP agents
2026-03-06 01:42:47.321 9 WARNING neutron.api.rpc.agentnotifiers.dhcp_rpc_agent_api [None req-c2005dc7-017f-4b54-b9b2-aac519f5de3e d8779bc143884cf7a3fe21f0da682094 eb6afdcf0ec14b4d8a280d544beef442 - - default default] Unable to schedule network fdcc9ee7-1690-47d6-9310-ba52256c374d: no agents available; will retry on subsequent port and subnet creation events.
2026-03-06 01:42:47.398 9 INFO neutron.wsgi [None req-88fe5e69-d6dd-4918-8af8-6b2fe9d78bab 65d267c86974416484e061cccd7a1fa1 4c7e33f2a60a45ceb32a0124561174d1 - - default default] 10.0.0.8 "DELETE /v2.0/ports/afd22402-84b6-4c12-8cd0-99547c388642 HTTP/1.1" status: 204 len: 168 time: 0.3774452 /var/lib/openstack/lib/python3.10/site-packages/pycadf/identifier.py:71: UserWarning: Invalid uuid: neutron. To ensure interoperability, identifiers should be a valid uuid. warnings.warn(('Invalid uuid: %s. To ensure interoperability, '
2026-03-06 01:42:47.443 9 INFO neutron.db.ovn_revision_numbers_db [None req-c2005dc7-017f-4b54-b9b2-aac519f5de3e d8779bc143884cf7a3fe21f0da682094 eb6afdcf0ec14b4d8a280d544beef442 - - default default] Successfully bumped revision number for resource dd8fa85a-136b-428c-9131-446337df1a4a (type: ports) to 1
2026-03-06 01:42:47.469 9 INFO neutron.wsgi [None req-c2005dc7-017f-4b54-b9b2-aac519f5de3e d8779bc143884cf7a3fe21f0da682094 eb6afdcf0ec14b4d8a280d544beef442 - - default default] 10.0.0.8 "POST /v2.0/ports HTTP/1.1" status: 201 len: 973 time: 0.5515356
2026-03-06 01:42:47.480 9 WARNING neutron_lib.context [None req-a0f97bd7-8cb0-4dbc-9b10-9fc8efa5aeff d8779bc143884cf7a3fe21f0da682094 eb6afdcf0ec14b4d8a280d544beef442 - - default default] Method 'is_advsvc' is deprecated since 2023.2 release (neutron-lib 3.8.0) and will be removed once support for the old RBAC API policies will be removed from Neutron. Please use method 'is_service_role' instead.
2026-03-06 01:42:47.595 9 INFO neutron.db.segments_db [None req-a0f97bd7-8cb0-4dbc-9b10-9fc8efa5aeff d8779bc143884cf7a3fe21f0da682094 eb6afdcf0ec14b4d8a280d544beef442 - - default default] Added segment 27e123ac-c9a9-45a3-b1a1-1b59c5ab6175 of type geneve for network 1582f111-cd1d-4b52-a85c-9d9f0fcf42e6
2026-03-06 01:42:47.683 9 INFO neutron.wsgi [None req-ffded9fc-d468-4f3f-8499-e15d9aab3157 65d267c86974416484e061cccd7a1fa1 4c7e33f2a60a45ceb32a0124561174d1 - - default default] 10.0.0.8 "DELETE /v2.0/ports/d8d33a15-6456-4e00-a585-b02fb5f4a036 HTTP/1.1" status: 204 len: 168 time: 0.2724261
2026-03-06 01:42:47.685 10 INFO neutron.db.ovn_revision_numbers_db [None req-c3897c4c-7619-4595-9459-bf6fd9f27d82 - - - - - -] Successfully bumped revision number for resource 39afbed4-f241-4f02-b196-7fdaf47007c8 (type: ports) to 1
2026-03-06 01:42:48.014 10 WARNING neutron.scheduler.dhcp_agent_scheduler [None req-0cc3c0d6-d2e4-4a67-a0be-cbe0ac4fe0ca - - - - - -] No more DHCP agents
2026-03-06 01:42:48.023 10 WARNING neutron.api.rpc.agentnotifiers.dhcp_rpc_agent_api [None req-0cc3c0d6-d2e4-4a67-a0be-cbe0ac4fe0ca - - - - - -] Unable to schedule network c85efd99-4ca7-424a-92ba-627c8bc81e0b: no agents available; will retry on subsequent port and subnet creation events.
2026-03-06 01:42:48.060 9 INFO neutron.db.ovn_revision_numbers_db [None req-a0f97bd7-8cb0-4dbc-9b10-9fc8efa5aeff d8779bc143884cf7a3fe21f0da682094 eb6afdcf0ec14b4d8a280d544beef442 - - default default] Successfully bumped revision number for resource 1582f111-cd1d-4b52-a85c-9d9f0fcf42e6 (type: networks) to 1
2026-03-06 01:42:48.305 9 WARNING neutron.scheduler.dhcp_agent_scheduler [None req-a0f97bd7-8cb0-4dbc-9b10-9fc8efa5aeff d8779bc143884cf7a3fe21f0da682094 eb6afdcf0ec14b4d8a280d544beef442 - - default default] No more DHCP agents
2026-03-06 01:42:48.310 9 WARNING neutron.api.rpc.agentnotifiers.dhcp_rpc_agent_api [None req-a0f97bd7-8cb0-4dbc-9b10-9fc8efa5aeff d8779bc143884cf7a3fe21f0da682094 eb6afdcf0ec14b4d8a280d544beef442 - - default default] Unable to schedule network 1582f111-cd1d-4b52-a85c-9d9f0fcf42e6: no agents available; will retry on subsequent port and subnet creation events.
2026-03-06 01:42:48.365 10 INFO neutron.db.ovn_revision_numbers_db [None req-0cc3c0d6-d2e4-4a67-a0be-cbe0ac4fe0ca - - - - - -] Successfully bumped revision number for resource 6a171669-69ed-4903-ad36-3800c15efed7 (type: ports) to 1
2026-03-06 01:42:48.376 9 INFO neutron.wsgi [None req-90fa00f0-4cea-45d0-9f3e-1ed1d7e8d92d 65d267c86974416484e061cccd7a1fa1 4c7e33f2a60a45ceb32a0124561174d1 - - default default] 10.0.0.8 "DELETE /v2.0/ports/4752a97d-1203-41bc-9110-371d768c08c7 HTTP/1.1" status: 204 len: 168 time: 0.6871853
2026-03-06 01:42:48.392 10 INFO neutron.db.ovn_revision_numbers_db [None req-c3897c4c-7619-4595-9459-bf6fd9f27d82 - - - - - -] Successfully bumped revision number for resource 39afbed4-f241-4f02-b196-7fdaf47007c8 (type: router_ports) to 3
2026-03-06 01:42:48.447 9 INFO neutron.db.ovn_revision_numbers_db [None req-a0f97bd7-8cb0-4dbc-9b10-9fc8efa5aeff d8779bc143884cf7a3fe21f0da682094 eb6afdcf0ec14b4d8a280d544beef442 - - default default] Successfully bumped revision number for resource 0229f173-617e-4d25-b224-7b81bbbc2dec (type: ports) to 1
2026-03-06 01:42:48.485 9 INFO neutron.wsgi [None req-a0f97bd7-8cb0-4dbc-9b10-9fc8efa5aeff d8779bc143884cf7a3fe21f0da682094 eb6afdcf0ec14b4d8a280d544beef442 - - default default] 10.0.0.8 "POST /v2.0/networks HTTP/1.1" status: 201 len: 830 time: 1.0093515
2026-03-06 01:42:48.498 9 WARNING neutron_lib.context [None req-bdfc4f69-1450-44c8-a5d1-254265d96b59 d8779bc143884cf7a3fe21f0da682094 eb6afdcf0ec14b4d8a280d544beef442 - - default default] Method 'is_advsvc' is deprecated since 2023.2 release (neutron-lib 3.8.0) and will be removed once support for the old RBAC API policies will be removed from Neutron. Please use method 'is_service_role' instead.
2026-03-06 01:42:48.744 10 WARNING neutron.scheduler.dhcp_agent_scheduler [None req-d420abfa-5be7-4b22-ad30-fd08cc8260c8 630568c38a794d699e5975a337651b08 b13f5cbdb10e4c7c86a987da19229b2d - - default default] No more DHCP agents
2026-03-06 01:42:48.752 10 WARNING neutron.api.rpc.agentnotifiers.dhcp_rpc_agent_api [None req-d420abfa-5be7-4b22-ad30-fd08cc8260c8 630568c38a794d699e5975a337651b08 b13f5cbdb10e4c7c86a987da19229b2d - - default default] Unable to schedule network 60494049-b1f3-44e9-8b87-b0beedc334f5: no agents available; will retry on subsequent port and subnet creation events.
2026-03-06 01:42:48.787 9 INFO neutron.wsgi [None req-5fccda5a-08e6-459f-b020-dbb76f5b17ee 65d267c86974416484e061cccd7a1fa1 4c7e33f2a60a45ceb32a0124561174d1 - - default default] 10.0.0.8 "DELETE /v2.0/ports/74affb7a-66f7-4c95-aeeb-deb74bb90a0c HTTP/1.1" status: 204 len: 168 time: 0.4050863
2026-03-06 01:42:48.829 10 INFO neutron.db.ovn_revision_numbers_db [None req-c3897c4c-7619-4595-9459-bf6fd9f27d82 - - - - - -] Successfully bumped revision number for resource 39afbed4-f241-4f02-b196-7fdaf47007c8 (type: ports) to 2
2026-03-06 01:42:48.876 9 WARNING neutron.scheduler.dhcp_agent_scheduler [None req-bdfc4f69-1450-44c8-a5d1-254265d96b59 d8779bc143884cf7a3fe21f0da682094 eb6afdcf0ec14b4d8a280d544beef442 - - default default] No more DHCP agents
2026-03-06 01:42:48.879 9 WARNING neutron.api.rpc.agentnotifiers.dhcp_rpc_agent_api [None req-bdfc4f69-1450-44c8-a5d1-254265d96b59 d8779bc143884cf7a3fe21f0da682094 eb6afdcf0ec14b4d8a280d544beef442 - - default default] Unable to schedule network 1582f111-cd1d-4b52-a85c-9d9f0fcf42e6: no agents available; will retry on subsequent port and subnet creation events.
2026-03-06 01:42:48.894 10 INFO neutron.db.ovn_revision_numbers_db [None req-0cc3c0d6-d2e4-4a67-a0be-cbe0ac4fe0ca - - - - - -] Successfully bumped revision number for resource 6a171669-69ed-4903-ad36-3800c15efed7 (type: ports) to 1
2026-03-06 01:42:49.329 9 INFO neutron.services.segments.plugin [-] Segment 4e5b51f1-dc99-4d5d-8ff4-1e238e931bf6 resource provider aggregate not found
2026-03-06 01:42:49.333 9 INFO neutron.services.segments.plugin [-] Segment 4e5b51f1-dc99-4d5d-8ff4-1e238e931bf6 resource provider aggregate not found
2026-03-06 01:42:49.353 9 INFO neutron.services.segments.plugin [-] Segment 4e5b51f1-dc99-4d5d-8ff4-1e238e931bf6 resource provider not found; error: Placement Client Error (4xx): {"errors": [{"status": 404, "title": "Not Found", "detail": "The resource could not be found.\n\n No resource provider with uuid 4e5b51f1-dc99-4d5d-8ff4-1e238e931bf6 found for delete ", "request_id": "req-f66dd52d-85a1-42b1-a02d-4184d7b3103e"}]}
