2026-03-06 01:40:11.905 10 ERROR ovsdbapp.backend.ovs_idl.command record = self.api.lookup(self.table, self.record)
2026-03-06 01:40:11.905 10 ERROR ovsdbapp.backend.ovs_idl.command
File "/var/lib/openstack/lib/python3.10/site-packages/ovsdbapp/backend/ovs_idl/__init__.py", line 184, in lookup
2026-03-06 01:40:11.905 10 ERROR ovsdbapp.backend.ovs_idl.command return self._lookup(table, record)
2026-03-06 01:40:11.905 10 ERROR ovsdbapp.backend.ovs_idl.command
File "/var/lib/openstack/lib/python3.10/site-packages/ovsdbapp/backend/ovs_idl/__init__.py", line 235, in _lookup
2026-03-06 01:40:11.905 10 ERROR ovsdbapp.backend.ovs_idl.command row = idlutils.row_by_value(self, rl.table, rl.column, record)
2026-03-06 01:40:11.905 10 ERROR ovsdbapp.backend.ovs_idl.command
File "/var/lib/openstack/lib/python3.10/site-packages/ovsdbapp/backend/ovs_idl/idlutils.py", line 114, in row_by_value
2026-03-06 01:40:11.905 10 ERROR ovsdbapp.backend.ovs_idl.command raise RowNotFound(table=table, col=column, match=match)
2026-03-06 01:40:11.905 10 ERROR ovsdbapp.backend.ovs_idl.command ovsdbapp.backend.ovs_idl.idlutils.RowNotFound: Cannot find Logical_Router_Port with name=lrp-2b70b328-b6d0-46e0-89e4-6e7afaa5d690
2026-03-06 01:40:11.905 10 ERROR ovsdbapp.backend.ovs_idl.command 
2026-03-06 01:40:11.905 10 ERROR neutron_lib.callbacks.manager [None req-5a15c17b-289c-47f4-a568-ec80f07fdf0f 6629a76f98e543c1b22b9e2b7e75b54f 83fe6b2b15e24680b52de04b65c0b3f2 - - default default] Error during notification for neutron.services.ovn_l3.plugin.OVNL3RouterPlugin._port_update-8762385418982 port, after_update: ovsdbapp.backend.ovs_idl.idlutils.RowNotFound: Cannot find Logical_Router_Port with name=lrp-2b70b328-b6d0-46e0-89e4-6e7afaa5d690
2026-03-06 01:40:11.905 10 ERROR neutron_lib.callbacks.manager
Traceback (most recent call last):
2026-03-06 01:40:11.905 10 ERROR neutron_lib.callbacks.manager
File "/var/lib/openstack/lib/python3.10/site-packages/neutron_lib/callbacks/manager.py", line 189, in _notify_loop
2026-03-06 01:40:11.905 10 ERROR neutron_lib.callbacks.manager callback.method(resource, event, trigger, payload=payload)
2026-03-06 01:40:11.905 10 ERROR neutron_lib.callbacks.manager
File "/var/lib/openstack/lib/python3.10/site-packages/neutron/services/ovn_l3/plugin.py", line 391, in _port_update
2026-03-06 01:40:11.905 10 ERROR neutron_lib.callbacks.manager l3plugin._ovn_client.update_router_port(context,
2026-03-06 01:40:11.905 10 ERROR neutron_lib.callbacks.manager
File "/var/lib/openstack/lib/python3.10/site-packages/neutron/plugins/ml2/drivers/ovn/mech_driver/ovsdb/ovn_client.py", line 1878, in update_router_port
2026-03-06 01:40:11.905 10 ERROR neutron_lib.callbacks.manager self._update_lrouter_port(context, port, if_exists=if_exists,
2026-03-06 01:40:11.905 10 ERROR neutron_lib.callbacks.manager
File "/var/lib/openstack/lib/python3.10/site-packages/neutron/plugins/ml2/drivers/ovn/mech_driver/ovsdb/ovn_client.py", line 1855, in _update_lrouter_port
2026-03-06 01:40:11.905 10 ERROR neutron_lib.callbacks.manager external_ids = self._nb_idl.db_get(
2026-03-06 01:40:11.905 10 ERROR neutron_lib.callbacks.manager
File "/var/lib/openstack/lib/python3.10/site-packages/ovsdbapp/backend/ovs_idl/command.py", line 47, in execute
2026-03-06 01:40:11.905 10 ERROR neutron_lib.callbacks.manager self.run_idl(None)
2026-03-06 01:40:11.905 10 ERROR neutron_lib.callbacks.manager
File "/var/lib/openstack/lib/python3.10/site-packages/ovsdbapp/backend/ovs_idl/command.py", line 235, in run_idl
2026-03-06 01:40:11.905 10 ERROR neutron_lib.callbacks.manager record = self.api.lookup(self.table, self.record)
2026-03-06 01:40:11.905 10 ERROR neutron_lib.callbacks.manager
File "/var/lib/openstack/lib/python3.10/site-packages/ovsdbapp/backend/ovs_idl/__init__.py", line 184, in lookup
2026-03-06 01:40:11.905 10 ERROR neutron_lib.callbacks.manager return self._lookup(table, record)
2026-03-06 01:40:11.905 10 ERROR neutron_lib.callbacks.manager
File "/var/lib/openstack/lib/python3.10/site-packages/ovsdbapp/backend/ovs_idl/__init__.py", line 235, in _lookup
2026-03-06 01:40:11.905 10 ERROR neutron_lib.callbacks.manager row = idlutils.row_by_value(self, rl.table, rl.column, record)
2026-03-06 01:40:11.905 10 ERROR neutron_lib.callbacks.manager
File "/var/lib/openstack/lib/python3.10/site-packages/ovsdbapp/backend/ovs_idl/idlutils.py", line 114, in row_by_value
2026-03-06 01:40:11.905 10 ERROR neutron_lib.callbacks.manager raise RowNotFound(table=table, col=column, match=match)
2026-03-06 01:40:11.905 10 ERROR neutron_lib.callbacks.manager ovsdbapp.backend.ovs_idl.idlutils.RowNotFound: Cannot find Logical_Router_Port with name=lrp-2b70b328-b6d0-46e0-89e4-6e7afaa5d690
2026-03-06 01:40:11.905 10 ERROR neutron_lib.callbacks.manager 
2026-03-06 01:40:12.074 9 INFO neutron.services.segments.plugin [-] Segment c89d1684-39b8-4705-8a51-9ca78097dc2b resource provider aggregate not found
2026-03-06 01:40:12.079 9 INFO neutron.services.segments.plugin [-] Segment c89d1684-39b8-4705-8a51-9ca78097dc2b resource provider aggregate not found
2026-03-06 01:40:12.103 9 INFO neutron.wsgi [None req-11a1ad4e-60d0-4837-ac7d-48c6780b7b2e c137bf5204334c9e898446b24dc8b96b 02801b8e0801495e95fee9a2759ed92e - - default default] 10.0.0.8 "DELETE /v2.0/networks/2679e45b-9f77-48b3-b807-f19f2a58bb67 HTTP/1.1" status: 204 len: 168 time: 0.3904321
2026-03-06 01:40:12.104 9 INFO neutron.services.segments.plugin [-] Segment c89d1684-39b8-4705-8a51-9ca78097dc2b resource provider not found; error: Placement Client Error (4xx): {"errors": [{"status": 404, "title": "Not Found", "detail": "The resource could not be found.\n\n No resource provider with uuid c89d1684-39b8-4705-8a51-9ca78097dc2b found for delete ", "request_id": "req-be3c3bac-42d5-40d8-9c65-8a0c890771f9"}]}
2026-03-06 01:40:12.106 9 INFO neutron.services.segments.plugin [-] Segment c89d1684-39b8-4705-8a51-9ca78097dc2b resource provider not found; error: Placement Client Error (4xx): {"errors": [{"status": 404, "title": "Not Found", "detail": "The resource could not be found.\n\n No resource provider with uuid c89d1684-39b8-4705-8a51-9ca78097dc2b found for delete ", "request_id": "req-fe27df70-a5b6-4e12-b4bc-56b783531ed5"}]}
2026-03-06 01:40:12.112 9 INFO neutron.plugins.ml2.drivers.ovn.mech_driver.mech_driver [None req-8ec59884-6caf-4767-9c5b-6e411e1bab11 - - - - - -] OVN reports status up for port: 2b70b328-b6d0-46e0-89e4-6e7afaa5d690
2026-03-06 01:40:12.122 9 INFO neutron.plugins.ml2.plugin [None req-8ec59884-6caf-4767-9c5b-6e411e1bab11 - - - - - -] Attempt 1 to provision port 2b70b328-b6d0-46e0-89e4-6e7afaa5d690
2026-03-06 01:40:12.138 10 INFO neutron.db.ovn_revision_numbers_db [None req-5a15c17b-289c-47f4-a568-ec80f07fdf0f 6629a76f98e543c1b22b9e2b7e75b54f 83fe6b2b15e24680b52de04b65c0b3f2 - - default default] Successfully bumped revision number for resource 2b70b328-b6d0-46e0-89e4-6e7afaa5d690 (type: ports) to 1
2026-03-06 01:40:12.220 10 WARNING neutron.scheduler.dhcp_agent_scheduler [None req-5a15c17b-289c-47f4-a568-ec80f07fdf0f 6629a76f98e543c1b22b9e2b7e75b54f 83fe6b2b15e24680b52de04b65c0b3f2 - - default default] No more DHCP agents
2026-03-06 01:40:12.222 10 WARNING neutron.api.rpc.agentnotifiers.dhcp_rpc_agent_api [None req-5a15c17b-289c-47f4-a568-ec80f07fdf0f 6629a76f98e543c1b22b9e2b7e75b54f 83fe6b2b15e24680b52de04b65c0b3f2 - - default default] Unable to schedule network c857ad68-3d7d-479b-b55b-90dcd193f49e: no agents available; will retry on subsequent port and subnet creation events.
2026-03-06 01:40:12.371 9 INFO neutron.wsgi [None req-856f72df-bb3b-4ee3-b938-0b85f489f05f c137bf5204334c9e898446b24dc8b96b 02801b8e0801495e95fee9a2759ed92e - - default default] 10.0.0.8 "GET /v2.0/security-groups?tenant_id=5f6ed6f8030144e99f455b929c274379&name=default HTTP/1.1" status: 200 len: 3116 time: 0.0492115 /var/lib/openstack/lib/python3.10/site-packages/pycadf/identifier.py:71: UserWarning: Invalid uuid: neutron. To ensure interoperability, identifiers should be a valid uuid. warnings.warn(('Invalid uuid: %s. To ensure interoperability, '
2026-03-06 01:40:12.525 9 INFO neutron.db.ovn_revision_numbers_db [None req-8ec59884-6caf-4767-9c5b-6e411e1bab11 - - - - - -] Successfully bumped revision number for resource 2b70b328-b6d0-46e0-89e4-6e7afaa5d690 (type: ports) to 2
2026-03-06 01:40:12.633 9 ERROR ovsdbapp.backend.ovs_idl.command [None req-8ec59884-6caf-4767-9c5b-6e411e1bab11 - - - - - -] Error executing command (DbGetCommand): ovsdbapp.backend.ovs_idl.idlutils.RowNotFound: Cannot find Logical_Router_Port with name=lrp-2b70b328-b6d0-46e0-89e4-6e7afaa5d690
2026-03-06 01:40:12.633 9 ERROR ovsdbapp.backend.ovs_idl.command
Traceback (most recent call last):
2026-03-06 01:40:12.633 9 ERROR ovsdbapp.backend.ovs_idl.command
File "/var/lib/openstack/lib/python3.10/site-packages/ovsdbapp/backend/ovs_idl/command.py", line 47, in execute
2026-03-06 01:40:12.633 9 ERROR ovsdbapp.backend.ovs_idl.command self.run_idl(None)
2026-03-06 01:40:12.633 9 ERROR ovsdbapp.backend.ovs_idl.command
File "/var/lib/openstack/lib/python3.10/site-packages/ovsdbapp/backend/ovs_idl/command.py", line 235, in run_idl
2026-03-06 01:40:12.633 9 ERROR ovsdbapp.backend.ovs_idl.command record = self.api.lookup(self.table, self.record)
2026-03-06 01:40:12.633 9 ERROR ovsdbapp.backend.ovs_idl.command
File "/var/lib/openstack/lib/python3.10/site-packages/ovsdbapp/backend/ovs_idl/__init__.py", line 184, in lookup
2026-03-06 01:40:12.633 9 ERROR ovsdbapp.backend.ovs_idl.command return self._lookup(table, record)
2026-03-06 01:40:12.633 9 ERROR ovsdbapp.backend.ovs_idl.command
File "/var/lib/openstack/lib/python3.10/site-packages/ovsdbapp/backend/ovs_idl/__init__.py", line 235, in _lookup
2026-03-06 01:40:12.633 9 ERROR ovsdbapp.backend.ovs_idl.command row = idlutils.row_by_value(self, rl.table, rl.column, record)
2026-03-06 01:40:12.633 9 ERROR ovsdbapp.backend.ovs_idl.command
File "/var/lib/openstack/lib/python3.10/site-packages/ovsdbapp/backend/ovs_idl/idlutils.py", line 114, in row_by_value
2026-03-06 01:40:12.633 9 ERROR ovsdbapp.backend.ovs_idl.command raise RowNotFound(table=table, col=column, match=match)
2026-03-06 01:40:12.633 9 ERROR ovsdbapp.backend.ovs_idl.command ovsdbapp.backend.ovs_idl.idlutils.RowNotFound: Cannot find Logical_Router_Port with name=lrp-2b70b328-b6d0-46e0-89e4-6e7afaa5d690
2026-03-06 01:40:12.633 9 ERROR ovsdbapp.backend.ovs_idl.command 
2026-03-06 01:40:12.634 9 ERROR neutron_lib.callbacks.manager [None req-8ec59884-6caf-4767-9c5b-6e411e1bab11 - - - - - -] Error during notification for neutron.services.ovn_l3.plugin.OVNL3RouterPlugin._port_update-8762385418982 port, after_update: ovsdbapp.backend.ovs_idl.idlutils.RowNotFound: Cannot find Logical_Router_Port with name=lrp-2b70b328-b6d0-46e0-89e4-6e7afaa5d690
2026-03-06 01:40:12.634 9 ERROR neutron_lib.callbacks.manager
Traceback (most recent call last):
2026-03-06 01:40:12.634 9 ERROR neutron_lib.callbacks.manager
File "/var/lib/openstack/lib/python3.10/site-packages/neutron_lib/callbacks/manager.py", line 189, in _notify_loop
2026-03-06 01:40:12.634 9 ERROR neutron_lib.callbacks.manager callback.method(resource, event, trigger, payload=payload)
2026-03-06 01:40:12.634 9 ERROR neutron_lib.callbacks.manager
File "/var/lib/openstack/lib/python3.10/site-packages/neutron/services/ovn_l3/plugin.py", line 391, in _port_update
2026-03-06 01:40:12.634 9 ERROR neutron_lib.callbacks.manager l3plugin._ovn_client.update_router_port(context,
2026-03-06 01:40:12.634 9 ERROR neutron_lib.callbacks.manager
File "/var/lib/openstack/lib/python3.10/site-packages/neutron/plugins/ml2/drivers/ovn/mech_driver/ovsdb/ovn_client.py", line 1878, in update_router_port
2026-03-06 01:40:12.634 9 ERROR neutron_lib.callbacks.manager self._update_lrouter_port(context, port, if_exists=if_exists,
2026-03-06 01:40:12.634 9 ERROR neutron_lib.callbacks.manager
File "/var/lib/openstack/lib/python3.10/site-packages/neutron/plugins/ml2/drivers/ovn/mech_driver/ovsdb/ovn_client.py", line 1855, in _update_lrouter_port
2026-03-06 01:40:12.634 9 ERROR neutron_lib.callbacks.manager external_ids = self._nb_idl.db_get(
2026-03-06 01:40:12.634 9 ERROR neutron_lib.callbacks.manager
File "/var/lib/openstack/lib/python3.10/site-packages/ovsdbapp/backend/ovs_idl/command.py", line 47, in execute
2026-03-06 01:40:12.634 9 ERROR neutron_lib.callbacks.manager self.run_idl(None)
2026-03-06 01:40:12.634 9 ERROR neutron_lib.callbacks.manager
File "/var/lib/openstack/lib/python3.10/site-packages/ovsdbapp/backend/ovs_idl/command.py", line 235, in run_idl
2026-03-06 01:40:12.634 9 ERROR neutron_lib.callbacks.manager record = self.api.lookup(self.table, self.record)
2026-03-06 01:40:12.634 9 ERROR neutron_lib.callbacks.manager
File "/var/lib/openstack/lib/python3.10/site-packages/ovsdbapp/backend/ovs_idl/__init__.py", line 184, in lookup
2026-03-06 01:40:12.634 9 ERROR neutron_lib.callbacks.manager return self._lookup(table, record)
2026-03-06 01:40:12.634 9 ERROR neutron_lib.callbacks.manager
File "/var/lib/openstack/lib/python3.10/site-packages/ovsdbapp/backend/ovs_idl/__init__.py", line 235, in _lookup
2026-03-06 01:40:12.634 9 ERROR neutron_lib.callbacks.manager row = idlutils.row_by_value(self, rl.table, rl.column, record)
2026-03-06 01:40:12.634 9 ERROR neutron_lib.callbacks.manager
File "/var/lib/openstack/lib/python3.10/site-packages/ovsdbapp/backend/ovs_idl/idlutils.py", line 114, in row_by_value
2026-03-06 01:40:12.634 9 ERROR neutron_lib.callbacks.manager raise RowNotFound(table=table, col=column, match=match)
2026-03-06 01:40:12.634 9 ERROR neutron_lib.callbacks.manager ovsdbapp.backend.ovs_idl.idlutils.RowNotFound: Cannot find Logical_Router_Port with name=lrp-2b70b328-b6d0-46e0-89e4-6e7afaa5d690
2026-03-06 01:40:12.634 9 ERROR neutron_lib.callbacks.manager 
2026-03-06 01:40:13.071 10 INFO neutron.db.ovn_revision_numbers_db [None req-5a15c17b-289c-47f4-a568-ec80f07fdf0f 6629a76f98e543c1b22b9e2b7e75b54f 83fe6b2b15e24680b52de04b65c0b3f2 - - default default] Successfully bumped revision number for resource 2b70b328-b6d0-46e0-89e4-6e7afaa5d690 (type: router_ports) to 1
2026-03-06 01:40:13.078 10 INFO neutron.wsgi [None req-5a15c17b-289c-47f4-a568-ec80f07fdf0f 6629a76f98e543c1b22b9e2b7e75b54f 83fe6b2b15e24680b52de04b65c0b3f2 - - default default] 10.0.0.8 "PUT /v2.0/routers/6863ddd7-5daf-40c4-b25d-abc5221f09b7/add_router_interface HTTP/1.1" status: 200 len: 503 time: 3.0407498
2026-03-06 01:40:13.091 10 WARNING neutron_lib.context [None req-151d6cb3-84f3-44cb-a719-23bf67212754 6629a76f98e543c1b22b9e2b7e75b54f 83fe6b2b15e24680b52de04b65c0b3f2 - - default default] Method 'is_advsvc' is deprecated since 2023.2 release (neutron-lib 3.8.0) and will be removed once support for the old RBAC API policies will be removed from Neutron. Please use method 'is_service_role' instead.
2026-03-06 01:40:13.197 10 INFO neutron.wsgi [None req-a2d528d8-c87e-4ab2-9ea0-abbf61a42ff1 c137bf5204334c9e898446b24dc8b96b 02801b8e0801495e95fee9a2759ed92e - - default default] 10.0.0.8 "DELETE /v2.0/security-groups/af1a92f3-90de-49de-89db-8fdb116d0010 HTTP/1.1" status: 204 len: 168 time: 0.8160303
2026-03-06 01:40:13.367 9 INFO neutron.wsgi [req-6f3bd8c4-964b-4566-9e3e-b36a46ab3796 req-78d06fd5-5884-47ef-97aa-cf759ee5aa0b a7fc42a04c71436aa025d7cc65799037 bba4eebdda7d4ea1bce7ba38630fae01 - - 44efff896278498a92dd1ea78e03d0e4 44efff896278498a92dd1ea78e03d0e4] 10.0.0.211 "GET /v2.0/ports?device_id=8e11665a-2fe4-46c8-9e24-85cd71e78cb3 HTTP/1.1" status: 200 len: 1409 time: 0.4399586
2026-03-06 01:40:13.422 9 INFO neutron.wsgi [req-6f3bd8c4-964b-4566-9e3e-b36a46ab3796 req-fd10315e-d7bd-4790-82ba-59d3d48ca6f8 a7fc42a04c71436aa025d7cc65799037 bba4eebdda7d4ea1bce7ba38630fae01 - - 44efff896278498a92dd1ea78e03d0e4 44efff896278498a92dd1ea78e03d0e4] 10.0.0.211 "GET /v2.0/security-groups?id=565b109a-c9cd-49ce-a6b9-f9fe4f30efd4&fields=id&fields=name HTTP/1.1" status: 200 len: 313 time: 0.0481131
2026-03-06 01:40:13.478 10 WARNING neutron.scheduler.dhcp_agent_scheduler [None req-151d6cb3-84f3-44cb-a719-23bf67212754 6629a76f98e543c1b22b9e2b7e75b54f 83fe6b2b15e24680b52de04b65c0b3f2 - - default default] No more DHCP agents
2026-03-06 01:40:13.480 10 WARNING neutron.api.rpc.agentnotifiers.dhcp_rpc_agent_api [None req-151d6cb3-84f3-44cb-a719-23bf67212754 6629a76f98e543c1b22b9e2b7e75b54f 83fe6b2b15e24680b52de04b65c0b3f2 - - default default] Unable to schedule network c857ad68-3d7d-479b-b55b-90dcd193f49e: no agents available; will retry on subsequent port and subnet creation events.
2026-03-06 01:40:13.653 10 INFO neutron.db.ovn_revision_numbers_db [None req-151d6cb3-84f3-44cb-a719-23bf67212754 6629a76f98e543c1b22b9e2b7e75b54f 83fe6b2b15e24680b52de04b65c0b3f2 - - default default] Successfully bumped revision number for resource ae1dda1d-b907-4ea3-bf58-484b4ab9ab9d (type: ports) to 1
2026-03-06 01:40:13.678 10 INFO neutron.wsgi [None req-151d6cb3-84f3-44cb-a719-23bf67212754 6629a76f98e543c1b22b9e2b7e75b54f 83fe6b2b15e24680b52de04b65c0b3f2 - - default default] 10.0.0.8 "POST /v2.0/ports HTTP/1.1" status: 201 len: 1158 time: 0.5923440 /var/lib/openstack/lib/python3.10/site-packages/pycadf/identifier.py:71: UserWarning: Invalid uuid: neutron. To ensure interoperability, identifiers should be a valid uuid. warnings.warn(('Invalid uuid: %s. To ensure interoperability, '
2026-03-06 01:40:13.691 10 WARNING neutron_lib.context [None req-09044053-6932-45fc-b510-ca1e22745d62 6629a76f98e543c1b22b9e2b7e75b54f 83fe6b2b15e24680b52de04b65c0b3f2 - - default default] Method 'is_advsvc' is deprecated since 2023.2 release (neutron-lib 3.8.0) and will be removed once support for the old RBAC API policies will be removed from Neutron. Please use method 'is_service_role' instead.
2026-03-06 01:40:14.045 10 WARNING neutron.scheduler.dhcp_agent_scheduler [None req-09044053-6932-45fc-b510-ca1e22745d62 6629a76f98e543c1b22b9e2b7e75b54f 83fe6b2b15e24680b52de04b65c0b3f2 - - default default] No more DHCP agents
2026-03-06 01:40:14.047 10 WARNING neutron.api.rpc.agentnotifiers.dhcp_rpc_agent_api [None req-09044053-6932-45fc-b510-ca1e22745d62 6629a76f98e543c1b22b9e2b7e75b54f 83fe6b2b15e24680b52de04b65c0b3f2 - - default default] Unable to schedule network c857ad68-3d7d-479b-b55b-90dcd193f49e: no agents available; will retry on subsequent port and subnet creation events.
2026-03-06 01:40:14.174 10 INFO neutron.db.ovn_revision_numbers_db [None req-09044053-6932-45fc-b510-ca1e22745d62 6629a76f98e543c1b22b9e2b7e75b54f 83fe6b2b15e24680b52de04b65c0b3f2 - - default default] Successfully bumped revision number for resource 6491364a-4e01-4046-9a0f-23c4b9687881 (type: ports) to 1
2026-03-06 01:40:14.220 10 INFO neutron.wsgi [None req-09044053-6932-45fc-b510-ca1e22745d62 6629a76f98e543c1b22b9e2b7e75b54f 83fe6b2b15e24680b52de04b65c0b3f2 - - default default] 10.0.0.8 "POST /v2.0/ports HTTP/1.1" status: 201 len: 1153 time: 0.5338459 /var/lib/openstack/lib/python3.10/site-packages/pycadf/identifier.py:71: UserWarning: Invalid uuid: neutron. To ensure interoperability, identifiers should be a valid uuid. warnings.warn(('Invalid uuid: %s. To ensure interoperability, '
2026-03-06 01:40:14.233 10 WARNING neutron_lib.context [None req-a8fbc1d9-9c86-4a0c-80aa-5e4136d23802 6629a76f98e543c1b22b9e2b7e75b54f 83fe6b2b15e24680b52de04b65c0b3f2 - - default default] Method 'is_advsvc' is deprecated since 2023.2 release (neutron-lib 3.8.0) and will be removed once support for the old RBAC API policies will be removed from Neutron. Please use method 'is_service_role' instead.
2026-03-06 01:40:14.547 10 WARNING neutron.scheduler.dhcp_agent_scheduler [None req-a8fbc1d9-9c86-4a0c-80aa-5e4136d23802 6629a76f98e543c1b22b9e2b7e75b54f 83fe6b2b15e24680b52de04b65c0b3f2 - - default default] No more DHCP agents
2026-03-06 01:40:14.550 10 WARNING neutron.api.rpc.agentnotifiers.dhcp_rpc_agent_api [None req-a8fbc1d9-9c86-4a0c-80aa-5e4136d23802 6629a76f98e543c1b22b9e2b7e75b54f 83fe6b2b15e24680b52de04b65c0b3f2 - - default default] Unable to schedule network 98cbf412-7a44-4abe-969e-76b16677fadc: no agents available; will retry on subsequent port and subnet creation events.
2026-03-06 01:40:14.811 10 WARNING neutron.plugins.ml2.drivers.ovn.mech_driver.ovsdb.ovn_client [None req-6543edd4-0e35-4cb3-818b-61de28e5ba93 - - - - - -] No hosting information found for port 79ceeff6-1766-430a-a7de-cba8c30ac893: RuntimeError: No hosting information found for port 79ceeff6-1766-430a-a7de-cba8c30ac893
2026-03-06 01:40:15.313 10 INFO neutron.db.ovn_revision_numbers_db [None req-a8fbc1d9-9c86-4a0c-80aa-5e4136d23802 6629a76f98e543c1b22b9e2b7e75b54f 83fe6b2b15e24680b52de04b65c0b3f2 - - default default] Successfully bumped revision number for resource bc9e69f6-8996-4660-acc0-067afa57d71b (type: floatingips) to -1
2026-03-06 01:40:15.440 10 INFO neutron.db.ovn_revision_numbers_db [None req-a8fbc1d9-9c86-4a0c-80aa-5e4136d23802 6629a76f98e543c1b22b9e2b7e75b54f 83fe6b2b15e24680b52de04b65c0b3f2 - - default default] Successfully bumped revision number for resource bc9e69f6-8996-4660-acc0-067afa57d71b (type: floatingips) to 1
2026-03-06 01:40:15.440 10 INFO neutron.db.l3_db [None req-a8fbc1d9-9c86-4a0c-80aa-5e4136d23802 6629a76f98e543c1b22b9e2b7e75b54f 83fe6b2b15e24680b52de04b65c0b3f2 - - default default] Floating IP bc9e69f6-8996-4660-acc0-067afa57d71b associated. External IP: 10.96.250.207, port: 6491364a-4e01-4046-9a0f-23c4b9687881.
2026-03-06 01:40:15.446 10 INFO neutron.db.ovn_revision_numbers_db [None req-2c20d953-8e8e-48a6-9001-cecefcfb0256 c137bf5204334c9e898446b24dc8b96b 02801b8e0801495e95fee9a2759ed92e - - default default] Successfully bumped revision number for resource ff548588-6032-4e40-bd96-79e1cae0d518 (type: security_groups) to 1
2026-03-06 01:40:15.468 10 INFO neutron.db.ovn_revision_numbers_db [None req-2c20d953-8e8e-48a6-9001-cecefcfb0256 c137bf5204334c9e898446b24dc8b96b 02801b8e0801495e95fee9a2759ed92e - - default default] Successfully bumped revision number for resource 96a948a8-cd1e-48a2-93f9-f4d1e8607da6 (type: security_group_rules) to 0
2026-03-06 01:40:15.480 10 INFO neutron.wsgi [None req-a8fbc1d9-9c86-4a0c-80aa-5e4136d23802 6629a76f98e543c1b22b9e2b7e75b54f 83fe6b2b15e24680b52de04b65c0b3f2 - - default default] 10.0.0.8 "POST /v2.0/floatingips HTTP/1.1" status: 201 len: 1040 time: 1.2526038
2026-03-06 01:40:15.484 10 INFO neutron.db.ovn_revision_numbers_db [None req-2c20d953-8e8e-48a6-9001-cecefcfb0256 c137bf5204334c9e898446b24dc8b96b 02801b8e0801495e95fee9a2759ed92e - - default default] Successfully bumped revision number for resource c097af48-a9d3-4306-8ad5-e2351d334a69 (type: security_group_rules) to 0
2026-03-06 01:40:15.513 10 INFO neutron.db.ovn_revision_numbers_db [None req-2c20d953-8e8e-48a6-9001-cecefcfb0256 c137bf5204334c9e898446b24dc8b96b 02801b8e0801495e95fee9a2759ed92e - - default default] Successfully bumped revision number for resource cf645733-3807-43e5-bb41-ff2ba2b325b6 (type: security_group_rules) to 0
2026-03-06 01:40:15.529 10 INFO neutron.db.ovn_revision_numbers_db [None req-2c20d953-8e8e-48a6-9001-cecefcfb0256 c137bf5204334c9e898446b24dc8b96b 02801b8e0801495e95fee9a2759ed92e - - default default] Successfully bumped revision number for resource e81d1734-38f6-4737-8359-b1d215914342 (type: security_group_rules) to 0
2026-03-06 01:40:15.590 10 INFO neutron.db.segments_db [None req-2c20d953-8e8e-48a6-9001-cecefcfb0256 c137bf5204334c9e898446b24dc8b96b 02801b8e0801495e95fee9a2759ed92e - - default default] Added segment 53360272-e750-4960-bd91-1fe84cec6c1a of type geneve for network d8422d1f-ea6c-4499-95f5-c0b9fa0b4bd0
2026-03-06 01:40:15.690 10 INFO neutron.db.ovn_revision_numbers_db [None req-f5003de4-4951-4b95-a901-b024b87781f7 6629a76f98e543c1b22b9e2b7e75b54f 83fe6b2b15e24680b52de04b65c0b3f2 - - default default] Successfully bumped revision number for resource bc9e69f6-8996-4660-acc0-067afa57d71b (type: floatingips) to 2
2026-03-06 01:40:15.775 10 INFO neutron.db.l3_db [None req-f5003de4-4951-4b95-a901-b024b87781f7 6629a76f98e543c1b22b9e2b7e75b54f 83fe6b2b15e24680b52de04b65c0b3f2 - - default default] Floating IP bc9e69f6-8996-4660-acc0-067afa57d71b disassociated. External IP: 10.96.250.207, port: 6491364a-4e01-4046-9a0f-23c4b9687881.
2026-03-06 01:40:15.794 10 INFO neutron.db.ovn_revision_numbers_db [None req-2c20d953-8e8e-48a6-9001-cecefcfb0256 c137bf5204334c9e898446b24dc8b96b 02801b8e0801495e95fee9a2759ed92e - - default default] Successfully bumped revision number for resource d8422d1f-ea6c-4499-95f5-c0b9fa0b4bd0 (type: networks) to 1
2026-03-06 01:40:15.819 10 INFO neutron.wsgi [None req-f5003de4-4951-4b95-a901-b024b87781f7 6629a76f98e543c1b22b9e2b7e75b54f 83fe6b2b15e24680b52de04b65c0b3f2 - - default default] 10.0.0.8 "PUT /v2.0/floatingips/bc9e69f6-8996-4660-acc0-067afa57d71b HTTP/1.1" status: 200 len: 748 time: 0.3321133
2026-03-06 01:40:15.828 9 INFO neutron.db.ovn_revision_numbers_db [None req-4f735557-b7fb-4971-a9df-f4c3d1dbd451 c137bf5204334c9e898446b24dc8b96b 02801b8e0801495e95fee9a2759ed92e - - default default] Successfully bumped revision number for resource d7480cbd-8331-4273-8aed-5f5a2a52dbbc (type: security_groups) to 1
2026-03-06 01:40:15.843 9 INFO neutron.db.ovn_revision_numbers_db [None req-4f735557-b7fb-4971-a9df-f4c3d1dbd451 c137bf5204334c9e898446b24dc8b96b 02801b8e0801495e95fee9a2759ed92e - - default default] Successfully bumped revision number for resource 42ab4c9b-6804-4f32-acf2-b113f9a714ed (type: security_group_rules) to 0
2026-03-06 01:40:15.859 9 INFO neutron.db.ovn_revision_numbers_db [None req-4f735557-b7fb-4971-a9df-f4c3d1dbd451 c137bf5204334c9e898446b24dc8b96b 02801b8e0801495e95fee9a2759ed92e - - default default] Successfully bumped revision number for resource 722ea51b-aeff-42d3-a888-10444d44192d (type: security_group_rules) to 0
2026-03-06 01:40:15.875 9 INFO neutron.db.ovn_revision_numbers_db [None req-4f735557-b7fb-4971-a9df-f4c3d1dbd451 c137bf5204334c9e898446b24dc8b96b 02801b8e0801495e95fee9a2759ed92e - - default default] Successfully bumped revision number for resource d15e5527-5daa-4b5b-8fe7-4df8943a2a2b (type: security_group_rules) to 0
2026-03-06 01:40:15.888 9 INFO neutron.db.ovn_revision_numbers_db [None req-4f735557-b7fb-4971-a9df-f4c3d1dbd451 c137bf5204334c9e898446b24dc8b96b 02801b8e0801495e95fee9a2759ed92e - - default default] Successfully bumped revision number for resource ee82b08d-23c5-4c01-a3f1-d946911e880e (type: security_group_rules) to 0
2026-03-06 01:40:15.911 9 INFO neutron.wsgi [None req-4f735557-b7fb-4971-a9df-f4c3d1dbd451 c137bf5204334c9e898446b24dc8b96b 02801b8e0801495e95fee9a2759ed92e - - default default] 10.0.0.8 "GET /v2.0/security-groups?tenant_id=bd7fa5596d6a4a2ba4547ecf3cdfecf3&name=default HTTP/1.1" status: 200 len: 3120 time: 0.3052061
2026-03-06 01:40:16.162 9 INFO neutron.wsgi [None req-4adc994c-62a4-447e-aef0-37e0e514b2ab c137bf5204334c9e898446b24dc8b96b 02801b8e0801495e95fee9a2759ed92e - - default default] 10.0.0.8 "DELETE /v2.0/security-groups/d7480cbd-8331-4273-8aed-5f5a2a52dbbc HTTP/1.1" status: 204 len: 168 time: 0.2467234
2026-03-06 01:40:16.219 10 WARNING neutron.scheduler.dhcp_agent_scheduler [None req-2c20d953-8e8e-48a6-9001-cecefcfb0256 c137bf5204334c9e898446b24dc8b96b 02801b8e0801495e95fee9a2759ed92e - - default default] No more DHCP agents
2026-03-06 01:40:16.224 10 WARNING neutron.api.rpc.agentnotifiers.dhcp_rpc_agent_api [None req-2c20d953-8e8e-48a6-9001-cecefcfb0256 c137bf5204334c9e898446b24dc8b96b 02801b8e0801495e95fee9a2759ed92e - - default default] Unable to schedule network d8422d1f-ea6c-4499-95f5-c0b9fa0b4bd0: no agents available; will retry on subsequent port and subnet creation events.
2026-03-06 01:40:16.324 10 INFO neutron.db.ovn_revision_numbers_db [None req-2c20d953-8e8e-48a6-9001-cecefcfb0256 c137bf5204334c9e898446b24dc8b96b 02801b8e0801495e95fee9a2759ed92e - - default default] Successfully bumped revision number for resource 4571b0f0-78c7-4eea-ad3e-9434355068c0 (type: ports) to 1
2026-03-06 01:40:16.352 10 INFO neutron.wsgi [None req-2c20d953-8e8e-48a6-9001-cecefcfb0256 c137bf5204334c9e898446b24dc8b96b 02801b8e0801495e95fee9a2759ed92e - - default default] 10.0.0.8 "POST /v2.0/networks HTTP/1.1" status: 201 len: 939 time: 1.2753079
2026-03-06 01:40:16.401 10 INFO neutron.wsgi [None req-09bb7ba9-f2d1-4011-891c-f4d126afa1c3 6629a76f98e543c1b22b9e2b7e75b54f 83fe6b2b15e24680b52de04b65c0b3f2 - - default default] 10.0.0.8 "DELETE /v2.0/floatingips/bc9e69f6-8996-4660-acc0-067afa57d71b HTTP/1.1" status: 204 len: 168 time: 0.5776341
2026-03-06 01:40:16.418 10 WARNING neutron_lib.context [None req-4f0a8ba6-d6cf-4ab8-a2b1-309779073aab 6629a76f98e543c1b22b9e2b7e75b54f 83fe6b2b15e24680b52de04b65c0b3f2 - - default default] Method 'is_advsvc' is deprecated since 2023.2 release (neutron-lib 3.8.0) and will be removed once support for the old RBAC API policies will be removed from Neutron. Please use method 'is_service_role' instead.
2026-03-06 01:40:16.425 9 INFO neutron.db.ovn_revision_numbers_db [None req-a105ed86-3c8b-4627-bfca-efb7e885c817 c137bf5204334c9e898446b24dc8b96b 02801b8e0801495e95fee9a2759ed92e - - default default] Successfully bumped revision number for resource 60e127a8-b5b8-4e39-8fb3-89cdfcc3295c (type: security_groups) to 1
2026-03-06 01:40:16.441 9 INFO neutron.db.ovn_revision_numbers_db [None req-a105ed86-3c8b-4627-bfca-efb7e885c817 c137bf5204334c9e898446b24dc8b96b 02801b8e0801495e95fee9a2759ed92e - - default default] Successfully bumped revision number for resource 0bb7db2c-c6d3-4a66-9636-3856743bb859 (type: security_group_rules) to 0
2026-03-06 01:40:16.462 9 INFO neutron.db.ovn_revision_numbers_db [None req-a105ed86-3c8b-4627-bfca-efb7e885c817 c137bf5204334c9e898446b24dc8b96b 02801b8e0801495e95fee9a2759ed92e - - default default] Successfully bumped revision number for resource 866ef6be-862f-44b9-81ac-17870a7621c9 (type: security_group_rules) to 0
2026-03-06 01:40:16.485 9 INFO neutron.db.ovn_revision_numbers_db [None req-a105ed86-3c8b-4627-bfca-efb7e885c817 c137bf5204334c9e898446b24dc8b96b 02801b8e0801495e95fee9a2759ed92e - - default default] Successfully bumped revision number for resource 9865cc37-7398-4428-9e2a-52294a43e8e9 (type: security_group_rules) to 0
2026-03-06 01:40:16.508 9 INFO neutron.db.ovn_revision_numbers_db [None req-a105ed86-3c8b-4627-bfca-efb7e885c817 c137bf5204334c9e898446b24dc8b96b 02801b8e0801495e95fee9a2759ed92e - - default default] Successfully bumped revision number for resource dde98078-064f-4596-91d3-f22c2aca2814 (type: security_group_rules) to 0
2026-03-06 01:40:16.657 10 WARNING neutron.scheduler.dhcp_agent_scheduler [None req-4f0a8ba6-d6cf-4ab8-a2b1-309779073aab 6629a76f98e543c1b22b9e2b7e75b54f 83fe6b2b15e24680b52de04b65c0b3f2 - - default default] No more DHCP agents
2026-03-06 01:40:16.660 10 WARNING neutron.api.rpc.agentnotifiers.dhcp_rpc_agent_api [None req-4f0a8ba6-d6cf-4ab8-a2b1-309779073aab 6629a76f98e543c1b22b9e2b7e75b54f 83fe6b2b15e24680b52de04b65c0b3f2 - - default default] Unable to schedule network 98cbf412-7a44-4abe-969e-76b16677fadc: no agents available; will retry on subsequent port and subnet creation events.
2026-03-06 01:40:16.871 9 INFO neutron.wsgi [None req-a105ed86-3c8b-4627-bfca-efb7e885c817 c137bf5204334c9e898446b24dc8b96b 02801b8e0801495e95fee9a2759ed92e - - default default] 10.0.0.8 "GET /v2.0/security-groups?tenant_id=c8ec1302f4ce4ab6b8182da7f471bb46&name=default HTTP/1.1" status: 200 len: 3120 time: 0.6114271
2026-03-06 01:40:16.873 9 WARNING neutron.scheduler.dhcp_agent_scheduler [None req-a4b3aedf-ec8a-482e-b8f3-ccbb13973bd9 c137bf5204334c9e898446b24dc8b96b 02801b8e0801495e95fee9a2759ed92e - - default default] No more DHCP agents
2026-03-06 01:40:16.876 9 WARNING neutron.api.rpc.agentnotifiers.dhcp_rpc_agent_api [None req-a4b3aedf-ec8a-482e-b8f3-ccbb13973bd9 c137bf5204334c9e898446b24dc8b96b 02801b8e0801495e95fee9a2759ed92e - - default default] Unable to schedule network d8422d1f-ea6c-4499-95f5-c0b9fa0b4bd0: no agents available; will retry on subsequent port and subnet creation events.
2026-03-06 01:40:17.143 10 INFO neutron.wsgi [None req-56015e1d-f33c-48b9-aee6-7d14a13eb332 c137bf5204334c9e898446b24dc8b96b 02801b8e0801495e95fee9a2759ed92e - - default default] 10.0.0.8 "DELETE /v2.0/security-groups/60e127a8-b5b8-4e39-8fb3-89cdfcc3295c HTTP/1.1" status: 204 len: 168 time: 0.2666686
2026-03-06 01:40:17.310 10 INFO neutron.db.ovn_revision_numbers_db [None req-4f0a8ba6-d6cf-4ab8-a2b1-309779073aab 6629a76f98e543c1b22b9e2b7e75b54f 83fe6b2b15e24680b52de04b65c0b3f2 - - default default] Successfully bumped revision number for resource 7449dc6f-8e0c-4660-a005-dfa0e914fd19 (type: floatingips) to -1
2026-03-06 01:40:17.426 9 INFO neutron.db.ovn_revision_numbers_db [None req-a4b3aedf-ec8a-482e-b8f3-ccbb13973bd9 c137bf5204334c9e898446b24dc8b96b 02801b8e0801495e95fee9a2759ed92e - - default default] Successfully bumped revision number for resource 4571b0f0-78c7-4eea-ad3e-9434355068c0 (type: ports) to 2
2026-03-06 01:40:17.458 9 INFO neutron.db.ovn_revision_numbers_db [None req-a4b3aedf-ec8a-482e-b8f3-ccbb13973bd9 c137bf5204334c9e898446b24dc8b96b 02801b8e0801495e95fee9a2759ed92e - - default default] Successfully bumped revision number for resource 28f2f59f-5cd6-4f3b-bbc0-c368f5fa6199 (type: subnets) to 0
2026-03-06 01:40:17.461 10 INFO neutron.db.ovn_revision_numbers_db [None req-4f0a8ba6-d6cf-4ab8-a2b1-309779073aab 6629a76f98e543c1b22b9e2b7e75b54f 83fe6b2b15e24680b52de04b65c0b3f2 - - default default] Successfully bumped revision number for resource 7449dc6f-8e0c-4660-a005-dfa0e914fd19 (type: floatingips) to 1
2026-03-06 01:40:17.461 10 INFO neutron.db.l3_db [None req-4f0a8ba6-d6cf-4ab8-a2b1-309779073aab 6629a76f98e543c1b22b9e2b7e75b54f 83fe6b2b15e24680b52de04b65c0b3f2 - - default default] Floating IP 7449dc6f-8e0c-4660-a005-dfa0e914fd19 associated. External IP: 10.96.250.217, port: ae1dda1d-b907-4ea3-bf58-484b4ab9ab9d.
2026-03-06 01:40:17.476 9 INFO neutron.wsgi [None req-a4b3aedf-ec8a-482e-b8f3-ccbb13973bd9 c137bf5204334c9e898446b24dc8b96b 02801b8e0801495e95fee9a2759ed92e - - default default] 10.0.0.8 "POST /v2.0/subnets HTTP/1.1" status: 201 len: 859 time: 1.1209943
2026-03-06 01:40:17.502 10 INFO neutron.wsgi [None req-4f0a8ba6-d6cf-4ab8-a2b1-309779073aab 6629a76f98e543c1b22b9e2b7e75b54f 83fe6b2b15e24680b52de04b65c0b3f2 - - default default] 10.0.0.8 "POST /v2.0/floatingips HTTP/1.1" status: 201 len: 1042 time: 1.0902991
2026-03-06 01:40:17.601 9 INFO neutron.wsgi [None req-3bbaf8f6-a474-4eda-b0b9-4d4447cdb8e2 6629a76f98e543c1b22b9e2b7e75b54f 83fe6b2b15e24680b52de04b65c0b3f2 - - default default] 10.0.0.8 "GET /v2.0/floatingips/7449dc6f-8e0c-4660-a005-dfa0e914fd19 HTTP/1.1" status: 200 len: 1039 time: 0.0924144
2026-03-06 01:40:17.689 10 INFO neutron.wsgi [None req-42d9ea32-84de-45ee-b119-6c8e761c2c6d 6629a76f98e543c1b22b9e2b7e75b54f 83fe6b2b15e24680b52de04b65c0b3f2 - - default default] 10.0.0.8 "GET /v2.0/floatingips HTTP/1.1" status: 200 len: 1042 time: 0.0805218
2026-03-06 01:40:17.722 9 WARNING neutron.plugins.ml2.drivers.ovn.mech_driver.ovsdb.ovn_client [None req-8ec59884-6caf-4767-9c5b-6e411e1bab11 - - - - - -] No hosting information found for port 2b70b328-b6d0-46e0-89e4-6e7afaa5d690: RuntimeError: No hosting information found for port 2b70b328-b6d0-46e0-89e4-6e7afaa5d690
2026-03-06 01:40:18.127 9 WARNING neutron.scheduler.dhcp_agent_scheduler [None req-2627feb6-45ff-4965-aee8-9391ad4f3c8c c137bf5204334c9e898446b24dc8b96b 02801b8e0801495e95fee9a2759ed92e - - default default] No more DHCP agents
2026-03-06 01:40:18.128 9 WARNING neutron.api.rpc.agentnotifiers.dhcp_rpc_agent_api [None req-2627feb6-45ff-4965-aee8-9391ad4f3c8c c137bf5204334c9e898446b24dc8b96b 02801b8e0801495e95fee9a2759ed92e - - default default] Unable to schedule network 98cbf412-7a44-4abe-969e-76b16677fadc: no agents available; will retry on subsequent port and subnet creation events.
2026-03-06 01:40:18.216 10 INFO neutron.db.ovn_revision_numbers_db [None req-7c44f917-9b3c-41b5-a49f-9aa5432cd480 6629a76f98e543c1b22b9e2b7e75b54f 83fe6b2b15e24680b52de04b65c0b3f2 - - default default] Successfully bumped revision number for resource 7449dc6f-8e0c-4660-a005-dfa0e914fd19 (type: floatingips) to 2
2026-03-06 01:40:18.345 10 INFO neutron.db.ovn_revision_numbers_db [None req-7c44f917-9b3c-41b5-a49f-9aa5432cd480 6629a76f98e543c1b22b9e2b7e75b54f 83fe6b2b15e24680b52de04b65c0b3f2 - - default default] Successfully bumped revision number for resource 7449dc6f-8e0c-4660-a005-dfa0e914fd19 (type: floatingips) to 2
2026-03-06 01:40:18.346 10 INFO neutron.db.l3_db [None req-7c44f917-9b3c-41b5-a49f-9aa5432cd480 6629a76f98e543c1b22b9e2b7e75b54f 83fe6b2b15e24680b52de04b65c0b3f2 - - default default] Floating IP 7449dc6f-8e0c-4660-a005-dfa0e914fd19 associated. External IP: 10.96.250.217, port: ae1dda1d-b907-4ea3-bf58-484b4ab9ab9d.
2026-03-06 01:40:18.355 9 INFO neutron.db.ovn_revision_numbers_db [None req-2627feb6-45ff-4965-aee8-9391ad4f3c8c c137bf5204334c9e898446b24dc8b96b 02801b8e0801495e95fee9a2759ed92e - - default default] Successfully bumped revision number for resource 209e74fc-abc3-4336-b350-f3b4daf1a3be (type: ports) to 1
2026-03-06 01:40:18.394 10 INFO neutron.wsgi [None req-7c44f917-9b3c-41b5-a49f-9aa5432cd480 6629a76f98e543c1b22b9e2b7e75b54f 83fe6b2b15e24680b52de04b65c0b3f2 - - default default] 10.0.0.8 "PUT /v2.0/floatingips/7449dc6f-8e0c-4660-a005-dfa0e914fd19 HTTP/1.1" status: 200 len: 1037 time: 0.6999047
2026-03-06 01:40:18.580 10 INFO neutron.db.ovn_revision_numbers_db [None req-2cabb8b5-7d6a-4b53-9ffb-fff60fc1f197 6629a76f98e543c1b22b9e2b7e75b54f 83fe6b2b15e24680b52de04b65c0b3f2 - - default default] Successfully bumped revision number for resource 7449dc6f-8e0c-4660-a005-dfa0e914fd19 (type: floatingips) to 3
2026-03-06 01:40:18.631 10 INFO neutron.db.l3_db [None req-2cabb8b5-7d6a-4b53-9ffb-fff60fc1f197 6629a76f98e543c1b22b9e2b7e75b54f 83fe6b2b15e24680b52de04b65c0b3f2 - - default default] Floating IP 7449dc6f-8e0c-4660-a005-dfa0e914fd19 disassociated. External IP: 10.96.250.217, port: 6491364a-4e01-4046-9a0f-23c4b9687881.
2026-03-06 01:40:18.661 10 INFO neutron.wsgi [None req-2cabb8b5-7d6a-4b53-9ffb-fff60fc1f197 6629a76f98e543c1b22b9e2b7e75b54f 83fe6b2b15e24680b52de04b65c0b3f2 - - default default] 10.0.0.8 "PUT /v2.0/floatingips/7449dc6f-8e0c-4660-a005-dfa0e914fd19 HTTP/1.1" status: 200 len: 748 time: 0.2594886
2026-03-06 01:40:18.987 10 INFO neutron.wsgi [None req-59c837cc-f15d-4b68-bc01-ad9be4b7c557 6629a76f98e543c1b22b9e2b7e75b54f 83fe6b2b15e24680b52de04b65c0b3f2 - - default default] 10.0.0.8 "DELETE /v2.0/floatingips/7449dc6f-8e0c-4660-a005-dfa0e914fd19 HTTP/1.1" status: 204 len: 168 time: 0.3191521
2026-03-06 01:40:19.014 10 INFO neutron.api.v2.resource [None req-5fd29325-8868-419c-88d2-881bbf1a3c5f 6629a76f98e543c1b22b9e2b7e75b54f 83fe6b2b15e24680b52de04b65c0b3f2 - - default default] delete failed (client error): The resource could not be found.
2026-03-06 01:40:19.015 10 INFO neutron.wsgi [None req-5fd29325-8868-419c-88d2-881bbf1a3c5f 6629a76f98e543c1b22b9e2b7e75b54f 83fe6b2b15e24680b52de04b65c0b3f2 - - default default] 10.0.0.8 "DELETE /v2.0/floatingips/7449dc6f-8e0c-4660-a005-dfa0e914fd19 HTTP/1.1" status: 404 len: 345 time: 0.0220420
2026-03-06 01:40:19.016 9 INFO neutron.plugins.ml2.drivers.ovn.mech_driver.ovsdb.commands [None req-2a130bcd-d1b2-4818-a4ba-2984cab633a1 - - - - - -] Schedule LRP lrp-209e74fc-abc3-4336-b350-f3b4daf1a3be on gateway f4c9a443-8575-4a99-906a-8390a196aed9 with priority 1
2026-03-06 01:40:19.035 9 INFO neutron.plugins.ml2.drivers.ovn.mech_driver.mech_driver [None req-8ec59884-6caf-4767-9c5b-6e411e1bab11 - - - - - -] OVN reports status up for port: 209e74fc-abc3-4336-b350-f3b4daf1a3be
2026-03-06 01:40:19.048 9 INFO neutron.plugins.ml2.drivers.ovn.mech_driver.ovsdb.ovsdb_monitor [None req-793b4682-9682-45e0-806c-a64839eaec55 - - - - - -] Router b62079b6-14a5-4d20-9460-98c20f065b54 is bound to host instance
2026-03-06 01:40:19.050 9 INFO neutron.plugins.ml2.plugin [None req-8ec59884-6caf-4767-9c5b-6e411e1bab11 - - - - - -] Attempt 1 to provision port 209e74fc-abc3-4336-b350-f3b4daf1a3be
2026-03-06 01:40:19.079 9 INFO neutron.db.ovn_revision_numbers_db [None req-2627feb6-45ff-4965-aee8-9391ad4f3c8c c137bf5204334c9e898446b24dc8b96b 02801b8e0801495e95fee9a2759ed92e - - default default] Successfully bumped revision number for resource 209e74fc-abc3-4336-b350-f3b4daf1a3be (type: router_ports) to 1 /var/lib/openstack/lib/python3.10/site-packages/pycadf/identifier.py:71: UserWarning: Invalid uuid: neutron. To ensure interoperability, identifiers should be a valid uuid. warnings.warn(('Invalid uuid: %s. To ensure interoperability, '
2026-03-06 01:40:19.381 9 INFO neutron.db.ovn_revision_numbers_db [None req-2627feb6-45ff-4965-aee8-9391ad4f3c8c c137bf5204334c9e898446b24dc8b96b 02801b8e0801495e95fee9a2759ed92e - - default default] Successfully bumped revision number for resource b62079b6-14a5-4d20-9460-98c20f065b54 (type: routers) to 2
2026-03-06 01:40:19.404 10 INFO neutron.wsgi [None req-e5c2e17a-22c0-4ee6-9692-572425d9ddfc 6629a76f98e543c1b22b9e2b7e75b54f 83fe6b2b15e24680b52de04b65c0b3f2 - - default default] 10.0.0.8 "DELETE /v2.0/ports/6491364a-4e01-4046-9a0f-23c4b9687881 HTTP/1.1" status: 204 len: 168 time: 0.3781543
2026-03-06 01:40:19.424 9 INFO neutron.wsgi [None req-2627feb6-45ff-4965-aee8-9391ad4f3c8c c137bf5204334c9e898446b24dc8b96b 02801b8e0801495e95fee9a2759ed92e - - default default] 10.0.0.8 "POST /v2.0/routers HTTP/1.1" status: 201 len: 1161 time: 1.9422364
2026-03-06 01:40:19.456 9 INFO neutron.wsgi [req-10834172-c7b9-4516-aaa0-cb724cdd0c47 req-d2dd7346-afa7-4482-aabb-71bbddf2b46e cc0bb8d6eab74f49a5688e42d493930f db46f4ec057248df870fc6af3da66269 - - default default] 10.0.0.51 "GET /v2.0/ports?device_id=8e11665a-2fe4-46c8-9e24-85cd71e78cb3 HTTP/1.1" status: 200 len: 1170 time: 0.1393893
2026-03-06 01:40:19.894 10 INFO neutron.wsgi [req-77f11ab9-bd6c-48ae-8c9c-3f46635631c3 req-c14f7c9c-3f7c-4ccb-9690-1c7af951ce1f cc0bb8d6eab74f49a5688e42d493930f db46f4ec057248df870fc6af3da66269 - - default default] 10.0.0.51 "GET /v2.0/ports/43307779-06be-47bf-a45d-3aee500bb294 HTTP/1.1" status: 200 len: 1167 time: 0.3893776
2026-03-06 01:40:19.970 9 INFO neutron.db.ovn_revision_numbers_db [None req-793b4682-9682-45e0-806c-a64839eaec55 - - - - - -] Successfully bumped revision number for resource 209e74fc-abc3-4336-b350-f3b4daf1a3be (type: ports) to 1
2026-03-06 01:40:20.111 10 INFO neutron.wsgi [req-3e1c8016-1379-46ea-a19a-41c11dbb1a4d req-e2f07382-4bec-49f5-bd12-d8a314018732 cc0bb8d6eab74f49a5688e42d493930f db46f4ec057248df870fc6af3da66269 - - default default] 199.204.45.144 "GET /v2.0/subnets?network_id=2d08822c-00eb-461f-9580-4bce36c8ef5d HTTP/1.1" status: 200 len: 859 time: 0.0826509
2026-03-06 01:40:20.200 10 INFO neutron.wsgi [req-3e1c8016-1379-46ea-a19a-41c11dbb1a4d req-61d4ef23-f8a6-495e-af28-6fc1ae3fc9a4 cc0bb8d6eab74f49a5688e42d493930f db46f4ec057248df870fc6af3da66269 - - default default] 199.204.45.144 "GET /v2.0/ports?device_id=8e11665a-2fe4-46c8-9e24-85cd71e78cb3&device_owner=compute%3Anova&network_id=2d08822c-00eb-461f-9580-4bce36c8ef5d HTTP/1.1" status: 200 len: 1170 time: 0.0844970
2026-03-06 01:40:20.251 10 INFO neutron.wsgi [None req-345643df-1656-43dc-81dc-cf9ed4d99c66 6629a76f98e543c1b22b9e2b7e75b54f 83fe6b2b15e24680b52de04b65c0b3f2 - - default default] 10.0.0.8 "DELETE /v2.0/ports/ae1dda1d-b907-4ea3-bf58-484b4ab9ab9d HTTP/1.1" status: 204 len: 168 time: 0.8385935
2026-03-06 01:40:20.345 9 INFO neutron.db.ovn_revision_numbers_db [None req-793b4682-9682-45e0-806c-a64839eaec55 - - - - - -] Successfully bumped revision number for resource 209e74fc-abc3-4336-b350-f3b4daf1a3be (type: router_ports) to 3
2026-03-06 01:40:20.361 9 INFO neutron.wsgi [None req-9aa0ab70-8c44-40e4-b1dc-3af0663ce4e2 6629a76f98e543c1b22b9e2b7e75b54f 83fe6b2b15e24680b52de04b65c0b3f2 - - default default] 10.0.0.8 "GET /v2.0/ports?device_id=6863ddd7-5daf-40c4-b25d-abc5221f09b7 HTTP/1.1" status: 200 len: 1140 time: 0.1023402
2026-03-06 01:40:20.453 10 WARNING neutron.scheduler.dhcp_agent_scheduler [None req-d5e46b9d-1471-43e7-8046-0aa33536bb9e c137bf5204334c9e898446b24dc8b96b 02801b8e0801495e95fee9a2759ed92e - - default default] No more DHCP agents
2026-03-06 01:40:20.456 10 WARNING neutron.api.rpc.agentnotifiers.dhcp_rpc_agent_api [None req-d5e46b9d-1471-43e7-8046-0aa33536bb9e c137bf5204334c9e898446b24dc8b96b 02801b8e0801495e95fee9a2759ed92e - - default default] Unable to schedule network d8422d1f-ea6c-4499-95f5-c0b9fa0b4bd0: no agents available; will retry on subsequent port and subnet creation events.
2026-03-06 01:40:20.646 10 INFO neutron.db.ovn_revision_numbers_db [None req-d5e46b9d-1471-43e7-8046-0aa33536bb9e c137bf5204334c9e898446b24dc8b96b 02801b8e0801495e95fee9a2759ed92e - - default default] Successfully bumped revision number for resource afff0102-0a56-409b-9cfc-3b22fe50cb54 (type: ports) to 1
2026-03-06 01:40:20.662 9 INFO neutron.db.ovn_revision_numbers_db [None req-793b4682-9682-45e0-806c-a64839eaec55 - - - - - -] Successfully bumped revision number for resource 209e74fc-abc3-4336-b350-f3b4daf1a3be (type: ports) to 2
2026-03-06 01:40:20.844 10 INFO neutron.db.ovn_revision_numbers_db [req-3e1c8016-1379-46ea-a19a-41c11dbb1a4d req-43cc6a90-ef0c-430f-b9d6-26457c64afed cc0bb8d6eab74f49a5688e42d493930f db46f4ec057248df870fc6af3da66269 - - default default] Successfully bumped revision number for resource 43307779-06be-47bf-a45d-3aee500bb294 (type: ports) to 5
2026-03-06 01:40:20.884 10 INFO neutron.wsgi [req-3e1c8016-1379-46ea-a19a-41c11dbb1a4d req-43cc6a90-ef0c-430f-b9d6-26457c64afed cc0bb8d6eab74f49a5688e42d493930f db46f4ec057248df870fc6af3da66269 - - default default] 199.204.45.144 "PUT /v2.0/ports/43307779-06be-47bf-a45d-3aee500bb294 HTTP/1.1" status: 200 len: 1349 time: 0.6760890 /var/lib/openstack/lib/python3.10/site-packages/pycadf/identifier.py:71: UserWarning: Invalid uuid: neutron. To ensure interoperability, identifiers should be a valid uuid. warnings.warn(('Invalid uuid: %s. To ensure interoperability, '
2026-03-06 01:40:20.927 10 INFO neutron.notifiers.nova [-] Nova event matching ['req-b4eaca6d-fb17-466a-ad2b-48423685ecf8'] response: {'name': 'network-changed', 'server_uuid': '8e11665a-2fe4-46c8-9e24-85cd71e78cb3', 'tag': '43307779-06be-47bf-a45d-3aee500bb294', 'status': 'completed', 'code': 200}
2026-03-06 01:40:20.962 10 INFO neutron.wsgi [req-3e1c8016-1379-46ea-a19a-41c11dbb1a4d req-6f4c0ddf-a492-4eae-90b6-2cc3b218b3f6 a7fc42a04c71436aa025d7cc65799037 bba4eebdda7d4ea1bce7ba38630fae01 - - 44efff896278498a92dd1ea78e03d0e4 44efff896278498a92dd1ea78e03d0e4] 199.204.45.144 "GET /v2.0/ports?tenant_id=db46f4ec057248df870fc6af3da66269&device_id=8e11665a-2fe4-46c8-9e24-85cd71e78cb3 HTTP/1.1" status: 200 len: 1590 time: 0.0494184
2026-03-06 01:40:21.069 10 INFO neutron.wsgi [req-3e1c8016-1379-46ea-a19a-41c11dbb1a4d req-9a09beae-b582-4a88-a2a7-b7364d43faeb a7fc42a04c71436aa025d7cc65799037 bba4eebdda7d4ea1bce7ba38630fae01 - - 44efff896278498a92dd1ea78e03d0e4 44efff896278498a92dd1ea78e03d0e4] 199.204.45.144 "GET /v2.0/networks?id=2d08822c-00eb-461f-9580-4bce36c8ef5d HTTP/1.1" status: 200 len: 982 time: 0.0987673
2026-03-06 01:40:21.115 10 INFO neutron.wsgi [req-3e1c8016-1379-46ea-a19a-41c11dbb1a4d req-88b20e37-c0d3-40ba-99ea-3ca4e1671d85 a7fc42a04c71436aa025d7cc65799037 bba4eebdda7d4ea1bce7ba38630fae01 - - 44efff896278498a92dd1ea78e03d0e4 44efff896278498a92dd1ea78e03d0e4] 199.204.45.144 "GET /v2.0/floatingips?fixed_ip_address=10.100.0.10&port_id=43307779-06be-47bf-a45d-3aee500bb294 HTTP/1.1" status: 200 len: 217 time: 0.0371745
2026-03-06 01:40:21.184 10 INFO neutron.wsgi [req-3e1c8016-1379-46ea-a19a-41c11dbb1a4d req-569ae724-2e07-4d89-b7a9-287691eb51f0 a7fc42a04c71436aa025d7cc65799037 bba4eebdda7d4ea1bce7ba38630fae01 - - 44efff896278498a92dd1ea78e03d0e4 44efff896278498a92dd1ea78e03d0e4] 199.204.45.144 "GET /v2.0/floatingips?fixed_ip_address=10.100.0.7&port_id=43307779-06be-47bf-a45d-3aee500bb294 HTTP/1.1" status: 200 len: 1059 time: 0.0614655
2026-03-06 01:40:21.226 9 INFO neutron.wsgi [-] 10.0.0.53 "GET / HTTP/1.1" status: 200 len: 247 time: 0.0014694
2026-03-06 01:40:21.228 9 INFO neutron.wsgi [-] 10.0.0.53 "GET / HTTP/1.1" status: 200 len: 247 time: 0.0008590
2026-03-06 01:40:21.249 10 INFO neutron.wsgi [req-3e1c8016-1379-46ea-a19a-41c11dbb1a4d req-14b7c460-283e-4f30-b4c8-136a5be6476c a7fc42a04c71436aa025d7cc65799037 bba4eebdda7d4ea1bce7ba38630fae01 - - 44efff896278498a92dd1ea78e03d0e4 44efff896278498a92dd1ea78e03d0e4] 199.204.45.144 "GET /v2.0/subnets?id=0035d7f8-cd5a-40b0-8e6e-28fc30c2eed2 HTTP/1.1" status: 200 len: 877 time: 0.0593247
2026-03-06 01:40:21.287 10 INFO neutron.wsgi [req-3e1c8016-1379-46ea-a19a-41c11dbb1a4d req-e271c494-6417-41e7-91ef-35e64dfa9475 a7fc42a04c71436aa025d7cc65799037 bba4eebdda7d4ea1bce7ba38630fae01 - - 44efff896278498a92dd1ea78e03d0e4 44efff896278498a92dd1ea78e03d0e4] 199.204.45.144 "GET /v2.0/ports?network_id=2d08822c-00eb-461f-9580-4bce36c8ef5d&device_owner=network%3Adhcp HTTP/1.1" status: 200 len: 210 time: 0.0241148
2026-03-06 01:40:21.402 9 INFO neutron.db.ovn_revision_numbers_db [None req-793b4682-9682-45e0-806c-a64839eaec55 - - - - - -] Successfully bumped revision number for resource 209e74fc-abc3-4336-b350-f3b4daf1a3be (type: ports) to 4
2026-03-06 01:40:21.766 9 INFO neutron.db.ovn_revision_numbers_db [None req-793b4682-9682-45e0-806c-a64839eaec55 - - - - - -] Successfully bumped revision number for resource 209e74fc-abc3-4336-b350-f3b4daf1a3be (type: router_ports) to 4
2026-03-06 01:40:21.791 10 INFO neutron.wsgi [req-3e1c8016-1379-46ea-a19a-41c11dbb1a4d req-7b73b875-03cc-47d8-9121-3c7e6b63bf4c a7fc42a04c71436aa025d7cc65799037 bba4eebdda7d4ea1bce7ba38630fae01 - - 44efff896278498a92dd1ea78e03d0e4 44efff896278498a92dd1ea78e03d0e4] 199.204.45.144 "GET /v2.0/networks/2d08822c-00eb-461f-9580-4bce36c8ef5d?fields=segments HTTP/1.1" status: 200 len: 212 time: 0.4951286
