Jun 04 10:16:40.817700 np0000178532 systemd[1]: Starting devstack@n-api-meta.service - Devstack devstack@n-api-meta.service...
Jun 04 10:16:40.826873 np0000178532 devstack@n-api-meta.service[108109]: [uWSGI] getting INI configuration from /etc/nova/nova-metadata-uwsgi.ini
Jun 04 10:16:40.829876 np0000178532 devstack@n-api-meta.service[108109]: *** Starting uWSGI 2.0.24-debian (64bit) on [Thu Jun 4 10:16:40 2026] ***
Jun 04 10:16:40.829876 np0000178532 devstack@n-api-meta.service[108109]: compiled with version: 13.2.0 on 17 April 2024 16:23:48
Jun 04 10:16:40.829876 np0000178532 devstack@n-api-meta.service[108109]: os: Linux-6.8.0-124-generic #124-Ubuntu SMP PREEMPT_DYNAMIC Tue May 26 13:00:45 UTC 2026
Jun 04 10:16:40.829876 np0000178532 devstack@n-api-meta.service[108109]: nodename: np0000178532
Jun 04 10:16:40.829876 np0000178532 devstack@n-api-meta.service[108109]: machine: x86_64
Jun 04 10:16:40.829876 np0000178532 devstack@n-api-meta.service[108109]: clock source: unix
Jun 04 10:16:40.829876 np0000178532 devstack@n-api-meta.service[108109]: pcre jit disabled
Jun 04 10:16:40.829876 np0000178532 devstack@n-api-meta.service[108109]: detected number of CPU cores: 16
Jun 04 10:16:40.829876 np0000178532 devstack@n-api-meta.service[108109]: current working directory: /
Jun 04 10:16:40.829876 np0000178532 devstack@n-api-meta.service[108109]: detected binary path: /usr/bin/uwsgi-core
Jun 04 10:16:40.829876 np0000178532 devstack@n-api-meta.service[108109]: your processes number limit is 256917
Jun 04 10:16:40.829876 np0000178532 devstack@n-api-meta.service[108109]: your memory page size is 4096 bytes
Jun 04 10:16:40.829876 np0000178532 devstack@n-api-meta.service[108109]: detected max file descriptor number: 2048
Jun 04 10:16:40.829876 np0000178532 devstack@n-api-meta.service[108109]: lock engine: pthread robust mutexes
Jun 04 10:16:40.830693 np0000178532 devstack@n-api-meta.service[108109]: thunder lock: enabled
Jun 04 10:16:40.830693 np0000178532 devstack@n-api-meta.service[108109]: uWSGI http bound on 0.0.0.0:8775 fd 5
Jun 04 10:16:40.830693 np0000178532 devstack@n-api-meta.service[108109]: uwsgi socket 0 bound to TCP address 127.0.0.1:37075 (port auto-assigned) fd 4
Jun 04 10:16:40.830693 np0000178532 devstack@n-api-meta.service[108109]: Python version: 3.12.3 (main, Mar 23 2026, 19:04:32) [GCC 13.3.0]
Jun 04 10:16:40.830693 np0000178532 devstack@n-api-meta.service[108109]: PEP 405 virtualenv detected: /opt/stack/data/venv
Jun 04 10:16:40.830693 np0000178532 devstack@n-api-meta.service[108109]: Set PythonHome to /opt/stack/data/venv
Jun 04 10:16:40.869738 np0000178532 devstack@n-api-meta.service[108109]: Python main interpreter initialized at 0x7e81694a3668
Jun 04 10:16:40.869738 np0000178532 devstack@n-api-meta.service[108109]: python threads support enabled
Jun 04 10:16:40.869738 np0000178532 devstack@n-api-meta.service[108109]: your server socket listen backlog is limited to 100 connections
Jun 04 10:16:40.869738 np0000178532 devstack@n-api-meta.service[108109]: your mercy for graceful operations on workers is 80 seconds
Jun 04 10:16:40.870258 np0000178532 devstack@n-api-meta.service[108109]: mapped 671795 bytes (656 KB) for 4 cores
Jun 04 10:16:40.870438 np0000178532 devstack@n-api-meta.service[108109]: *** Operational MODE: preforking ***
Jun 04 10:16:40.870655 np0000178532 devstack@n-api-meta.service[108109]: *** uWSGI is running in multiple interpreter mode ***
Jun 04 10:16:40.870655 np0000178532 devstack@n-api-meta.service[108109]: spawned uWSGI master process (pid: 108109)
Jun 04 10:16:40.871040 np0000178532 systemd[1]: Started devstack@n-api-meta.service - Devstack devstack@n-api-meta.service.
Jun 04 10:16:40.871375 np0000178532 devstack@n-api-meta.service[108109]: spawned uWSGI worker 1 (pid: 108110, cores: 1)
Jun 04 10:16:40.871978 np0000178532 devstack@n-api-meta.service[108109]: spawned uWSGI worker 2 (pid: 108111, cores: 1)
Jun 04 10:16:40.872457 np0000178532 devstack@n-api-meta.service[108109]: spawned uWSGI worker 3 (pid: 108112, cores: 1)
Jun 04 10:16:40.872952 np0000178532 devstack@n-api-meta.service[108109]: spawned uWSGI worker 4 (pid: 108113, cores: 1)
Jun 04 10:16:40.873566 np0000178532 devstack@n-api-meta.service[108109]: spawned uWSGI http 1 (pid: 108114)
Jun 04 10:16:40.873566 np0000178532 devstack@n-api-meta.service[108109]: running "unix_signal:15 gracefully_kill_them_all" (master-start)...
Jun 04 10:16:42.884994 np0000178532 devstack@n-api-meta.service[108113]: INFO dbcounter [None req-f86ea981-ee8b-4f18-a119-0178fafac97b None None] Registered counter for database nova_api
Jun 04 10:16:42.905225 np0000178532 devstack@n-api-meta.service[108112]: INFO dbcounter [None req-c0af92e5-9b1a-4dbb-a491-10f2e91b2830 None None] Registered counter for database nova_api
Jun 04 10:16:42.938916 np0000178532 devstack@n-api-meta.service[108113]: DEBUG oslo_db.sqlalchemy.engines [None req-f86ea981-ee8b-4f18-a119-0178fafac97b None None] MySQL server mode set to STRICT_TRANS_TABLES,STRICT_ALL_TABLES,NO_ZERO_IN_DATE,NO_ZERO_DATE,ERROR_FOR_DIVISION_BY_ZERO,TRADITIONAL,NO_ENGINE_SUBSTITUTION {{(pid=108113) _check_effective_sql_mode /opt/stack/data/venv/lib/python3.12/site-packages/oslo_db/sqlalchemy/engines.py:325}}
Jun 04 10:16:42.949221 np0000178532 devstack@n-api-meta.service[108111]: INFO dbcounter [None req-dee778ad-42f2-41ff-bd77-5835b4a90188 None None] Registered counter for database nova_api
Jun 04 10:16:42.954288 np0000178532 devstack@n-api-meta.service[108112]: DEBUG oslo_db.sqlalchemy.engines [None req-c0af92e5-9b1a-4dbb-a491-10f2e91b2830 None None] MySQL server mode set to STRICT_TRANS_TABLES,STRICT_ALL_TABLES,NO_ZERO_IN_DATE,NO_ZERO_DATE,ERROR_FOR_DIVISION_BY_ZERO,TRADITIONAL,NO_ENGINE_SUBSTITUTION {{(pid=108112) _check_effective_sql_mode /opt/stack/data/venv/lib/python3.12/site-packages/oslo_db/sqlalchemy/engines.py:325}}
Jun 04 10:16:42.967414 np0000178532 devstack@n-api-meta.service[108110]: INFO dbcounter [None req-0696fe64-3c17-4683-9887-76ab7140e4fa None None] Registered counter for database nova_api
Jun 04 10:16:42.975471 np0000178532 devstack@n-api-meta.service[108113]: DEBUG dbcounter [-] [108113] Writer thread running {{(pid=108113) stat_writer /opt/stack/data/venv/lib/python3.12/site-packages/dbcounter.py:102}}
Jun 04 10:16:42.978647 np0000178532 devstack@n-api-meta.service[108113]: DEBUG nova.context [None req-f86ea981-ee8b-4f18-a119-0178fafac97b None None] Found 2 cells: 00000000-0000-0000-0000-000000000000(cell0),4193310b-743a-4c9e-af56-96ad37d05775(cell1) {{(pid=108113) load_cells /opt/stack/nova/nova/context.py:509}}
Jun 04 10:16:42.978897 np0000178532 devstack@n-api-meta.service[108113]: INFO nova.utils [None req-f86ea981-ee8b-4f18-a119-0178fafac97b None None] The cell worker thread pool MainProcess.cell_worker is initialized
Jun 04 10:16:42.981106 np0000178532 devstack@n-api-meta.service[108113]: DEBUG oslo_concurrency.lockutils [None req-f86ea981-ee8b-4f18-a119-0178fafac97b None None] Acquiring lock "00000000-0000-0000-0000-000000000000" by "nova.context.set_target_cell..get_or_set_cached_cell_and_set_connections" {{(pid=108113) inner /opt/stack/data/venv/lib/python3.12/site-packages/oslo_concurrency/lockutils.py:511}}
Jun 04 10:16:42.981291 np0000178532 devstack@n-api-meta.service[108113]: DEBUG oslo_concurrency.lockutils [None req-f86ea981-ee8b-4f18-a119-0178fafac97b None None] Lock "00000000-0000-0000-0000-000000000000" acquired by "nova.context.set_target_cell..get_or_set_cached_cell_and_set_connections" :: waited 0.000s {{(pid=108113) inner /opt/stack/data/venv/lib/python3.12/site-packages/oslo_concurrency/lockutils.py:524}}
Jun 04 10:16:42.981840 np0000178532 devstack@n-api-meta.service[108113]: DEBUG oslo_concurrency.lockutils [None req-f86ea981-ee8b-4f18-a119-0178fafac97b None None] Lock "00000000-0000-0000-0000-000000000000" "released" by "nova.context.set_target_cell..get_or_set_cached_cell_and_set_connections" :: held 0.001s {{(pid=108113) inner /opt/stack/data/venv/lib/python3.12/site-packages/oslo_concurrency/lockutils.py:543}}
Jun 04 10:16:42.982951 np0000178532 devstack@n-api-meta.service[108113]: DEBUG oslo_concurrency.lockutils [None req-f86ea981-ee8b-4f18-a119-0178fafac97b None None] Acquiring lock "4193310b-743a-4c9e-af56-96ad37d05775" by "nova.context.set_target_cell..get_or_set_cached_cell_and_set_connections" {{(pid=108113) inner /opt/stack/data/venv/lib/python3.12/site-packages/oslo_concurrency/lockutils.py:511}}
Jun 04 10:16:42.983158 np0000178532 devstack@n-api-meta.service[108113]: DEBUG oslo_concurrency.lockutils [None req-f86ea981-ee8b-4f18-a119-0178fafac97b None None] Lock "4193310b-743a-4c9e-af56-96ad37d05775" acquired by "nova.context.set_target_cell..get_or_set_cached_cell_and_set_connections" :: waited 0.000s {{(pid=108113) inner /opt/stack/data/venv/lib/python3.12/site-packages/oslo_concurrency/lockutils.py:524}}
Jun 04 10:16:42.984500 np0000178532 devstack@n-api-meta.service[108113]: DEBUG oslo_concurrency.lockutils [None req-f86ea981-ee8b-4f18-a119-0178fafac97b None None] Lock "4193310b-743a-4c9e-af56-96ad37d05775" "released" by "nova.context.set_target_cell..get_or_set_cached_cell_and_set_connections" :: held 0.001s {{(pid=108113) inner /opt/stack/data/venv/lib/python3.12/site-packages/oslo_concurrency/lockutils.py:543}}
Jun 04 10:16:42.987343 np0000178532 devstack@n-api-meta.service[108113]: INFO dbcounter [None req-f86ea981-ee8b-4f18-a119-0178fafac97b None None] Registered counter for database nova_cell0
Jun 04 10:16:42.990546 np0000178532 devstack@n-api-meta.service[108112]: DEBUG dbcounter [-] [108112] Writer thread running {{(pid=108112) stat_writer /opt/stack/data/venv/lib/python3.12/site-packages/dbcounter.py:102}}
Jun 04 10:16:42.992115 np0000178532 devstack@n-api-meta.service[108113]: INFO dbcounter [None req-f86ea981-ee8b-4f18-a119-0178fafac97b None None] Registered counter for database nova_cell1
Jun 04 10:16:42.992757 np0000178532 devstack@n-api-meta.service[108112]: DEBUG nova.context [None req-c0af92e5-9b1a-4dbb-a491-10f2e91b2830 None None] Found 2 cells: 00000000-0000-0000-0000-000000000000(cell0),4193310b-743a-4c9e-af56-96ad37d05775(cell1) {{(pid=108112) load_cells /opt/stack/nova/nova/context.py:509}}
Jun 04 10:16:42.992996 np0000178532 devstack@n-api-meta.service[108112]: INFO nova.utils [None req-c0af92e5-9b1a-4dbb-a491-10f2e91b2830 None None] The cell worker thread pool MainProcess.cell_worker is initialized
Jun 04 10:16:42.994879 np0000178532 devstack@n-api-meta.service[108112]: DEBUG oslo_concurrency.lockutils [None req-c0af92e5-9b1a-4dbb-a491-10f2e91b2830 None None] Acquiring lock "00000000-0000-0000-0000-000000000000" by "nova.context.set_target_cell..get_or_set_cached_cell_and_set_connections" {{(pid=108112) inner /opt/stack/data/venv/lib/python3.12/site-packages/oslo_concurrency/lockutils.py:511}}
Jun 04 10:16:42.995033 np0000178532 devstack@n-api-meta.service[108112]: DEBUG oslo_concurrency.lockutils [None req-c0af92e5-9b1a-4dbb-a491-10f2e91b2830 None None] Lock "00000000-0000-0000-0000-000000000000" acquired by "nova.context.set_target_cell..get_or_set_cached_cell_and_set_connections" :: waited 0.000s {{(pid=108112) inner /opt/stack/data/venv/lib/python3.12/site-packages/oslo_concurrency/lockutils.py:524}}
Jun 04 10:16:42.995441 np0000178532 devstack@n-api-meta.service[108112]: DEBUG oslo_concurrency.lockutils [None req-c0af92e5-9b1a-4dbb-a491-10f2e91b2830 None None] Lock "00000000-0000-0000-0000-000000000000" "released" by "nova.context.set_target_cell..get_or_set_cached_cell_and_set_connections" :: held 0.000s {{(pid=108112) inner /opt/stack/data/venv/lib/python3.12/site-packages/oslo_concurrency/lockutils.py:543}}
Jun 04 10:16:42.996594 np0000178532 devstack@n-api-meta.service[108112]: DEBUG oslo_concurrency.lockutils [None req-c0af92e5-9b1a-4dbb-a491-10f2e91b2830 None None] Acquiring lock "4193310b-743a-4c9e-af56-96ad37d05775" by "nova.context.set_target_cell..get_or_set_cached_cell_and_set_connections" {{(pid=108112) inner /opt/stack/data/venv/lib/python3.12/site-packages/oslo_concurrency/lockutils.py:511}}
Jun 04 10:16:42.996719 np0000178532 devstack@n-api-meta.service[108112]: DEBUG oslo_concurrency.lockutils [None req-c0af92e5-9b1a-4dbb-a491-10f2e91b2830 None None] Lock "4193310b-743a-4c9e-af56-96ad37d05775" acquired by "nova.context.set_target_cell..get_or_set_cached_cell_and_set_connections" :: waited 0.000s {{(pid=108112) inner /opt/stack/data/venv/lib/python3.12/site-packages/oslo_concurrency/lockutils.py:524}}
Jun 04 10:16:42.997668 np0000178532 devstack@n-api-meta.service[108112]: DEBUG oslo_concurrency.lockutils [None req-c0af92e5-9b1a-4dbb-a491-10f2e91b2830 None None] Lock "4193310b-743a-4c9e-af56-96ad37d05775" "released" by "nova.context.set_target_cell..get_or_set_cached_cell_and_set_connections" :: held 0.001s {{(pid=108112) inner /opt/stack/data/venv/lib/python3.12/site-packages/oslo_concurrency/lockutils.py:543}}
Jun 04 10:16:43.000119 np0000178532 devstack@n-api-meta.service[108111]: DEBUG oslo_db.sqlalchemy.engines [None req-dee778ad-42f2-41ff-bd77-5835b4a90188 None None] MySQL server mode set to STRICT_TRANS_TABLES,STRICT_ALL_TABLES,NO_ZERO_IN_DATE,NO_ZERO_DATE,ERROR_FOR_DIVISION_BY_ZERO,TRADITIONAL,NO_ENGINE_SUBSTITUTION {{(pid=108111) _check_effective_sql_mode /opt/stack/data/venv/lib/python3.12/site-packages/oslo_db/sqlalchemy/engines.py:325}}
Jun 04 10:16:43.001068 np0000178532 devstack@n-api-meta.service[108112]: INFO dbcounter [None req-c0af92e5-9b1a-4dbb-a491-10f2e91b2830 None None] Registered counter for database nova_cell0
Jun 04 10:16:43.007858 np0000178532 devstack@n-api-meta.service[108112]: INFO dbcounter [None req-c0af92e5-9b1a-4dbb-a491-10f2e91b2830 None None] Registered counter for database nova_cell1
Jun 04 10:16:43.021861 np0000178532 devstack@n-api-meta.service[108110]: DEBUG oslo_db.sqlalchemy.engines [None req-0696fe64-3c17-4683-9887-76ab7140e4fa None None] MySQL server mode set to STRICT_TRANS_TABLES,STRICT_ALL_TABLES,NO_ZERO_IN_DATE,NO_ZERO_DATE,ERROR_FOR_DIVISION_BY_ZERO,TRADITIONAL,NO_ENGINE_SUBSTITUTION {{(pid=108110) _check_effective_sql_mode /opt/stack/data/venv/lib/python3.12/site-packages/oslo_db/sqlalchemy/engines.py:325}}
Jun 04 10:16:43.037213 np0000178532 devstack@n-api-meta.service[108111]: DEBUG dbcounter [-] [108111] Writer thread running {{(pid=108111) stat_writer /opt/stack/data/venv/lib/python3.12/site-packages/dbcounter.py:102}}
Jun 04 10:16:43.040210 np0000178532 devstack@n-api-meta.service[108111]: DEBUG nova.context [None req-dee778ad-42f2-41ff-bd77-5835b4a90188 None None] Found 2 cells: 00000000-0000-0000-0000-000000000000(cell0),4193310b-743a-4c9e-af56-96ad37d05775(cell1) {{(pid=108111) load_cells /opt/stack/nova/nova/context.py:509}}
Jun 04 10:16:43.040516 np0000178532 devstack@n-api-meta.service[108111]: INFO nova.utils [None req-dee778ad-42f2-41ff-bd77-5835b4a90188 None None] The cell worker thread pool MainProcess.cell_worker is initialized
Jun 04 10:16:43.042582 np0000178532 devstack@n-api-meta.service[108111]: DEBUG oslo_concurrency.lockutils [None req-dee778ad-42f2-41ff-bd77-5835b4a90188 None None] Acquiring lock "00000000-0000-0000-0000-000000000000" by "nova.context.set_target_cell..get_or_set_cached_cell_and_set_connections" {{(pid=108111) inner /opt/stack/data/venv/lib/python3.12/site-packages/oslo_concurrency/lockutils.py:511}}
Jun 04 10:16:43.042751 np0000178532 devstack@n-api-meta.service[108111]: DEBUG oslo_concurrency.lockutils [None req-dee778ad-42f2-41ff-bd77-5835b4a90188 None None] Lock "00000000-0000-0000-0000-000000000000" acquired by "nova.context.set_target_cell..get_or_set_cached_cell_and_set_connections" :: waited 0.000s {{(pid=108111) inner /opt/stack/data/venv/lib/python3.12/site-packages/oslo_concurrency/lockutils.py:524}}
Jun 04 10:16:43.043366 np0000178532 devstack@n-api-meta.service[108111]: DEBUG oslo_concurrency.lockutils [None req-dee778ad-42f2-41ff-bd77-5835b4a90188 None None] Lock "00000000-0000-0000-0000-000000000000" "released" by "nova.context.set_target_cell..get_or_set_cached_cell_and_set_connections" :: held 0.001s {{(pid=108111) inner /opt/stack/data/venv/lib/python3.12/site-packages/oslo_concurrency/lockutils.py:543}}
Jun 04 10:16:43.044225 np0000178532 devstack@n-api-meta.service[108111]: DEBUG oslo_concurrency.lockutils [None req-dee778ad-42f2-41ff-bd77-5835b4a90188 None None] Acquiring lock "4193310b-743a-4c9e-af56-96ad37d05775" by "nova.context.set_target_cell..get_or_set_cached_cell_and_set_connections" {{(pid=108111) inner /opt/stack/data/venv/lib/python3.12/site-packages/oslo_concurrency/lockutils.py:511}}
Jun 04 10:16:43.044478 np0000178532 devstack@n-api-meta.service[108111]: DEBUG oslo_concurrency.lockutils [None req-dee778ad-42f2-41ff-bd77-5835b4a90188 None None] Lock "4193310b-743a-4c9e-af56-96ad37d05775" acquired by "nova.context.set_target_cell..get_or_set_cached_cell_and_set_connections" :: waited 0.000s {{(pid=108111) inner /opt/stack/data/venv/lib/python3.12/site-packages/oslo_concurrency/lockutils.py:524}}
Jun 04 10:16:43.045870 np0000178532 devstack@n-api-meta.service[108111]: DEBUG oslo_concurrency.lockutils [None req-dee778ad-42f2-41ff-bd77-5835b4a90188 None None] Lock "4193310b-743a-4c9e-af56-96ad37d05775" "released" by "nova.context.set_target_cell..get_or_set_cached_cell_and_set_connections" :: held 0.001s {{(pid=108111) inner /opt/stack/data/venv/lib/python3.12/site-packages/oslo_concurrency/lockutils.py:543}}
Jun 04 10:16:43.048942 np0000178532 devstack@n-api-meta.service[108111]: INFO dbcounter [None req-dee778ad-42f2-41ff-bd77-5835b4a90188 None None] Registered counter for database nova_cell0
Jun 04 10:16:43.050345 np0000178532 devstack@n-api-meta.service[108113]: DEBUG oslo_db.sqlalchemy.engines [None req-f86ea981-ee8b-4f18-a119-0178fafac97b None None] MySQL server mode set to STRICT_TRANS_TABLES,STRICT_ALL_TABLES,NO_ZERO_IN_DATE,NO_ZERO_DATE,ERROR_FOR_DIVISION_BY_ZERO,TRADITIONAL,NO_ENGINE_SUBSTITUTION {{(pid=108113) _check_effective_sql_mode /opt/stack/data/venv/lib/python3.12/site-packages/oslo_db/sqlalchemy/engines.py:325}}
Jun 04 10:16:43.054292 np0000178532 devstack@n-api-meta.service[108111]: INFO dbcounter [None req-dee778ad-42f2-41ff-bd77-5835b4a90188 None None] Registered counter for database nova_cell1
Jun 04 10:16:43.056468 np0000178532 devstack@n-api-meta.service[108113]: DEBUG oslo_db.sqlalchemy.engines [None req-f86ea981-ee8b-4f18-a119-0178fafac97b None None] MySQL server mode set to STRICT_TRANS_TABLES,STRICT_ALL_TABLES,NO_ZERO_IN_DATE,NO_ZERO_DATE,ERROR_FOR_DIVISION_BY_ZERO,TRADITIONAL,NO_ENGINE_SUBSTITUTION {{(pid=108113) _check_effective_sql_mode /opt/stack/data/venv/lib/python3.12/site-packages/oslo_db/sqlalchemy/engines.py:325}}
Jun 04 10:16:43.056693 np0000178532 devstack@n-api-meta.service[108110]: DEBUG dbcounter [-] [108110] Writer thread running {{(pid=108110) stat_writer /opt/stack/data/venv/lib/python3.12/site-packages/dbcounter.py:102}}
Jun 04 10:16:43.059569 np0000178532 devstack@n-api-meta.service[108110]: DEBUG nova.context [None req-0696fe64-3c17-4683-9887-76ab7140e4fa None None] Found 2 cells: 00000000-0000-0000-0000-000000000000(cell0),4193310b-743a-4c9e-af56-96ad37d05775(cell1) {{(pid=108110) load_cells /opt/stack/nova/nova/context.py:509}}
Jun 04 10:16:43.059828 np0000178532 devstack@n-api-meta.service[108110]: INFO nova.utils [None req-0696fe64-3c17-4683-9887-76ab7140e4fa None None] The cell worker thread pool MainProcess.cell_worker is initialized
Jun 04 10:16:43.061873 np0000178532 devstack@n-api-meta.service[108110]: DEBUG oslo_concurrency.lockutils [None req-0696fe64-3c17-4683-9887-76ab7140e4fa None None] Acquiring lock "00000000-0000-0000-0000-000000000000" by "nova.context.set_target_cell..get_or_set_cached_cell_and_set_connections" {{(pid=108110) inner /opt/stack/data/venv/lib/python3.12/site-packages/oslo_concurrency/lockutils.py:511}}
Jun 04 10:16:43.062010 np0000178532 devstack@n-api-meta.service[108110]: DEBUG oslo_concurrency.lockutils [None req-0696fe64-3c17-4683-9887-76ab7140e4fa None None] Lock "00000000-0000-0000-0000-000000000000" acquired by "nova.context.set_target_cell..get_or_set_cached_cell_and_set_connections" :: waited 0.000s {{(pid=108110) inner /opt/stack/data/venv/lib/python3.12/site-packages/oslo_concurrency/lockutils.py:524}}
Jun 04 10:16:43.062421 np0000178532 devstack@n-api-meta.service[108110]: DEBUG oslo_concurrency.lockutils [None req-0696fe64-3c17-4683-9887-76ab7140e4fa None None] Lock "00000000-0000-0000-0000-000000000000" "released" by "nova.context.set_target_cell..get_or_set_cached_cell_and_set_connections" :: held 0.000s {{(pid=108110) inner /opt/stack/data/venv/lib/python3.12/site-packages/oslo_concurrency/lockutils.py:543}}
Jun 04 10:16:43.063276 np0000178532 devstack@n-api-meta.service[108110]: DEBUG oslo_concurrency.lockutils [None req-0696fe64-3c17-4683-9887-76ab7140e4fa None None] Acquiring lock "4193310b-743a-4c9e-af56-96ad37d05775" by "nova.context.set_target_cell..get_or_set_cached_cell_and_set_connections" {{(pid=108110) inner /opt/stack/data/venv/lib/python3.12/site-packages/oslo_concurrency/lockutils.py:511}}
Jun 04 10:16:43.063410 np0000178532 devstack@n-api-meta.service[108110]: DEBUG oslo_concurrency.lockutils [None req-0696fe64-3c17-4683-9887-76ab7140e4fa None None] Lock "4193310b-743a-4c9e-af56-96ad37d05775" acquired by "nova.context.set_target_cell..get_or_set_cached_cell_and_set_connections" :: waited 0.000s {{(pid=108110) inner /opt/stack/data/venv/lib/python3.12/site-packages/oslo_concurrency/lockutils.py:524}}
Jun 04 10:16:43.064338 np0000178532 devstack@n-api-meta.service[108110]: DEBUG oslo_concurrency.lockutils [None req-0696fe64-3c17-4683-9887-76ab7140e4fa None None] Lock "4193310b-743a-4c9e-af56-96ad37d05775" "released" by "nova.context.set_target_cell..get_or_set_cached_cell_and_set_connections" :: held 0.001s {{(pid=108110) inner /opt/stack/data/venv/lib/python3.12/site-packages/oslo_concurrency/lockutils.py:543}}
Jun 04 10:16:43.067652 np0000178532 devstack@n-api-meta.service[108110]: INFO dbcounter [None req-0696fe64-3c17-4683-9887-76ab7140e4fa None None] Registered counter for database nova_cell0
Jun 04 10:16:43.074398 np0000178532 devstack@n-api-meta.service[108110]: INFO dbcounter [None req-0696fe64-3c17-4683-9887-76ab7140e4fa None None] Registered counter for database nova_cell1
Jun 04 10:16:43.085261 np0000178532 devstack@n-api-meta.service[108112]: DEBUG oslo_db.sqlalchemy.engines [None req-c0af92e5-9b1a-4dbb-a491-10f2e91b2830 None None] MySQL server mode set to STRICT_TRANS_TABLES,STRICT_ALL_TABLES,NO_ZERO_IN_DATE,NO_ZERO_DATE,ERROR_FOR_DIVISION_BY_ZERO,TRADITIONAL,NO_ENGINE_SUBSTITUTION {{(pid=108112) _check_effective_sql_mode /opt/stack/data/venv/lib/python3.12/site-packages/oslo_db/sqlalchemy/engines.py:325}}
Jun 04 10:16:43.108717 np0000178532 devstack@n-api-meta.service[108112]: DEBUG oslo_db.sqlalchemy.engines [None req-c0af92e5-9b1a-4dbb-a491-10f2e91b2830 None None] MySQL server mode set to STRICT_TRANS_TABLES,STRICT_ALL_TABLES,NO_ZERO_IN_DATE,NO_ZERO_DATE,ERROR_FOR_DIVISION_BY_ZERO,TRADITIONAL,NO_ENGINE_SUBSTITUTION {{(pid=108112) _check_effective_sql_mode /opt/stack/data/venv/lib/python3.12/site-packages/oslo_db/sqlalchemy/engines.py:325}}
Jun 04 10:16:43.118162 np0000178532 devstack@n-api-meta.service[108111]: DEBUG oslo_db.sqlalchemy.engines [None req-dee778ad-42f2-41ff-bd77-5835b4a90188 None None] MySQL server mode set to STRICT_TRANS_TABLES,STRICT_ALL_TABLES,NO_ZERO_IN_DATE,NO_ZERO_DATE,ERROR_FOR_DIVISION_BY_ZERO,TRADITIONAL,NO_ENGINE_SUBSTITUTION {{(pid=108111) _check_effective_sql_mode /opt/stack/data/venv/lib/python3.12/site-packages/oslo_db/sqlalchemy/engines.py:325}}
Jun 04 10:16:43.151389 np0000178532 devstack@n-api-meta.service[108111]: DEBUG oslo_db.sqlalchemy.engines [None req-dee778ad-42f2-41ff-bd77-5835b4a90188 None None] MySQL server mode set to STRICT_TRANS_TABLES,STRICT_ALL_TABLES,NO_ZERO_IN_DATE,NO_ZERO_DATE,ERROR_FOR_DIVISION_BY_ZERO,TRADITIONAL,NO_ENGINE_SUBSTITUTION {{(pid=108111) _check_effective_sql_mode /opt/stack/data/venv/lib/python3.12/site-packages/oslo_db/sqlalchemy/engines.py:325}}
Jun 04 10:16:43.158936 np0000178532 devstack@n-api-meta.service[108110]: DEBUG oslo_db.sqlalchemy.engines [None req-0696fe64-3c17-4683-9887-76ab7140e4fa None None] MySQL server mode set to STRICT_TRANS_TABLES,STRICT_ALL_TABLES,NO_ZERO_IN_DATE,NO_ZERO_DATE,ERROR_FOR_DIVISION_BY_ZERO,TRADITIONAL,NO_ENGINE_SUBSTITUTION {{(pid=108110) _check_effective_sql_mode /opt/stack/data/venv/lib/python3.12/site-packages/oslo_db/sqlalchemy/engines.py:325}}
Jun 04 10:16:43.165049 np0000178532 devstack@n-api-meta.service[108113]: DEBUG dbcounter [-] [108113] Writer thread running {{(pid=108113) stat_writer /opt/stack/data/venv/lib/python3.12/site-packages/dbcounter.py:102}}
Jun 04 10:16:43.165049 np0000178532 devstack@n-api-meta.service[108113]: DEBUG dbcounter [-] [108113] Writer thread running {{(pid=108113) stat_writer /opt/stack/data/venv/lib/python3.12/site-packages/dbcounter.py:102}}
Jun 04 10:16:43.171494 np0000178532 devstack@n-api-meta.service[108113]: INFO dbcounter [None req-f86ea981-ee8b-4f18-a119-0178fafac97b None None] Registered counter for database nova_cell0
Jun 04 10:16:43.178452 np0000178532 devstack@n-api-meta.service[108110]: DEBUG oslo_db.sqlalchemy.engines [None req-0696fe64-3c17-4683-9887-76ab7140e4fa None None] MySQL server mode set to STRICT_TRANS_TABLES,STRICT_ALL_TABLES,NO_ZERO_IN_DATE,NO_ZERO_DATE,ERROR_FOR_DIVISION_BY_ZERO,TRADITIONAL,NO_ENGINE_SUBSTITUTION {{(pid=108110) _check_effective_sql_mode /opt/stack/data/venv/lib/python3.12/site-packages/oslo_db/sqlalchemy/engines.py:325}}
Jun 04 10:16:43.210961 np0000178532 devstack@n-api-meta.service[108112]: DEBUG dbcounter [-] [108112] Writer thread running {{(pid=108112) stat_writer /opt/stack/data/venv/lib/python3.12/site-packages/dbcounter.py:102}}
Jun 04 10:16:43.221752 np0000178532 devstack@n-api-meta.service[108112]: DEBUG dbcounter [-] [108112] Writer thread running {{(pid=108112) stat_writer /opt/stack/data/venv/lib/python3.12/site-packages/dbcounter.py:102}}
Jun 04 10:16:43.227163 np0000178532 devstack@n-api-meta.service[108112]: INFO dbcounter [None req-c0af92e5-9b1a-4dbb-a491-10f2e91b2830 None None] Registered counter for database nova_cell0
Jun 04 10:16:43.238115 np0000178532 devstack@n-api-meta.service[108113]: DEBUG oslo_db.sqlalchemy.engines [None req-f86ea981-ee8b-4f18-a119-0178fafac97b None None] MySQL server mode set to STRICT_TRANS_TABLES,STRICT_ALL_TABLES,NO_ZERO_IN_DATE,NO_ZERO_DATE,ERROR_FOR_DIVISION_BY_ZERO,TRADITIONAL,NO_ENGINE_SUBSTITUTION {{(pid=108113) _check_effective_sql_mode /opt/stack/data/venv/lib/python3.12/site-packages/oslo_db/sqlalchemy/engines.py:325}}
Jun 04 10:16:43.241470 np0000178532 devstack@n-api-meta.service[108111]: DEBUG dbcounter [-] [108111] Writer thread running {{(pid=108111) stat_writer /opt/stack/data/venv/lib/python3.12/site-packages/dbcounter.py:102}}
Jun 04 10:16:43.247072 np0000178532 devstack@n-api-meta.service[108113]: DEBUG dbcounter [-] [108113] Writer thread running {{(pid=108113) stat_writer /opt/stack/data/venv/lib/python3.12/site-packages/dbcounter.py:102}}
Jun 04 10:16:43.247731 np0000178532 devstack@n-api-meta.service[108111]: DEBUG dbcounter [-] [108111] Writer thread running {{(pid=108111) stat_writer /opt/stack/data/venv/lib/python3.12/site-packages/dbcounter.py:102}}
Jun 04 10:16:43.255764 np0000178532 devstack@n-api-meta.service[108111]: INFO dbcounter [None req-dee778ad-42f2-41ff-bd77-5835b4a90188 None None] Registered counter for database nova_cell0
Jun 04 10:16:43.282604 np0000178532 devstack@n-api-meta.service[108112]: DEBUG oslo_db.sqlalchemy.engines [None req-c0af92e5-9b1a-4dbb-a491-10f2e91b2830 None None] MySQL server mode set to STRICT_TRANS_TABLES,STRICT_ALL_TABLES,NO_ZERO_IN_DATE,NO_ZERO_DATE,ERROR_FOR_DIVISION_BY_ZERO,TRADITIONAL,NO_ENGINE_SUBSTITUTION {{(pid=108112) _check_effective_sql_mode /opt/stack/data/venv/lib/python3.12/site-packages/oslo_db/sqlalchemy/engines.py:325}}
Jun 04 10:16:43.292963 np0000178532 devstack@n-api-meta.service[108112]: DEBUG dbcounter [-] [108112] Writer thread running {{(pid=108112) stat_writer /opt/stack/data/venv/lib/python3.12/site-packages/dbcounter.py:102}}
Jun 04 10:16:43.294976 np0000178532 devstack@n-api-meta.service[108113]: WARNING nova.api.metadata.handler [None req-f86ea981-ee8b-4f18-a119-0178fafac97b None None] metadata_proxy_shared_secret is not configured, the metadata information returned by the proxy cannot be trusted
Jun 04 10:16:43.297853 np0000178532 devstack@n-api-meta.service[108113]: DEBUG nova.api.openstack.wsgi_app [None req-f86ea981-ee8b-4f18-a119-0178fafac97b None None] ******************************************************************************** {{(pid=108113) log_opt_values /opt/stack/data/venv/lib/python3.12/site-packages/oslo_config/cfg.py:3229}}
Jun 04 10:16:43.297981 np0000178532 devstack@n-api-meta.service[108113]: DEBUG nova.api.openstack.wsgi_app [None req-f86ea981-ee8b-4f18-a119-0178fafac97b None None] Configuration options gathered from: {{(pid=108113) log_opt_values /opt/stack/data/venv/lib/python3.12/site-packages/oslo_config/cfg.py:3230}}
Jun 04 10:16:43.298102 np0000178532 devstack@n-api-meta.service[108113]: DEBUG nova.api.openstack.wsgi_app [None req-f86ea981-ee8b-4f18-a119-0178fafac97b None None] command line args: [] {{(pid=108113) log_opt_values /opt/stack/data/venv/lib/python3.12/site-packages/oslo_config/cfg.py:3231}}
Jun 04 10:16:43.298275 np0000178532 devstack@n-api-meta.service[108113]: DEBUG nova.api.openstack.wsgi_app [None req-f86ea981-ee8b-4f18-a119-0178fafac97b None None] config files: ['/etc/nova/api-paste.ini', '/etc/nova/nova.conf'] {{(pid=108113) log_opt_values /opt/stack/data/venv/lib/python3.12/site-packages/oslo_config/cfg.py:3232}}
Jun 04 10:16:43.298376 np0000178532 devstack@n-api-meta.service[108113]: DEBUG nova.api.openstack.wsgi_app [None req-f86ea981-ee8b-4f18-a119-0178fafac97b None None] ================================================================================ {{(pid=108113) log_opt_values /opt/stack/data/venv/lib/python3.12/site-packages/oslo_config/cfg.py:3237}}
Jun 04 10:16:43.298563 np0000178532 devstack@n-api-meta.service[108113]: DEBUG nova.api.openstack.wsgi_app [None req-f86ea981-ee8b-4f18-a119-0178fafac97b None None] allow_resize_to_same_host = True {{(pid=108113) log_opt_values /opt/stack/data/venv/lib/python3.12/site-packages/oslo_config/cfg.py:3245}}
Jun 04 10:16:43.298700 np0000178532 devstack@n-api-meta.service[108113]: DEBUG nova.api.openstack.wsgi_app [None req-f86ea981-ee8b-4f18-a119-0178fafac97b None None] arq_binding_timeout = 300 {{(pid=108113) log_opt_values /opt/stack/data/venv/lib/python3.12/site-packages/oslo_config/cfg.py:3245}}
Jun 04 10:16:43.298834 np0000178532 devstack@n-api-meta.service[108113]: DEBUG nova.api.openstack.wsgi_app [None req-f86ea981-ee8b-4f18-a119-0178fafac97b None None] block_device_allocate_retries = 60 {{(pid=108113) log_opt_values /opt/stack/data/venv/lib/python3.12/site-packages/oslo_config/cfg.py:3245}}
Jun 04 10:16:43.298983 np0000178532 devstack@n-api-meta.service[108113]: DEBUG nova.api.openstack.wsgi_app [None req-f86ea981-ee8b-4f18-a119-0178fafac97b None None] block_device_allocate_retries_interval = 3 {{(pid=108113) log_opt_values /opt/stack/data/venv/lib/python3.12/site-packages/oslo_config/cfg.py:3245}}
Jun 04 10:16:43.299142 np0000178532 devstack@n-api-meta.service[108113]: DEBUG nova.api.openstack.wsgi_app [None req-f86ea981-ee8b-4f18-a119-0178fafac97b None None] cell_worker_thread_pool_size = 5 {{(pid=108113) log_opt_values /opt/stack/data/venv/lib/python3.12/site-packages/oslo_config/cfg.py:3245}}
Jun 04 10:16:43.299307 np0000178532 devstack@n-api-meta.service[108113]: DEBUG nova.api.openstack.wsgi_app [None req-f86ea981-ee8b-4f18-a119-0178fafac97b None None] cert = self.pem {{(pid=108113) log_opt_values /opt/stack/data/venv/lib/python3.12/site-packages/oslo_config/cfg.py:3245}}
Jun 04 10:16:43.299447 np0000178532 devstack@n-api-meta.service[108113]: DEBUG nova.api.openstack.wsgi_app [None req-f86ea981-ee8b-4f18-a119-0178fafac97b None None] compute_driver = libvirt.LibvirtDriver {{(pid=108113) log_opt_values /opt/stack/data/venv/lib/python3.12/site-packages/oslo_config/cfg.py:3245}}
Jun 04 10:16:43.299587 np0000178532 devstack@n-api-meta.service[108113]: DEBUG nova.api.openstack.wsgi_app [None req-f86ea981-ee8b-4f18-a119-0178fafac97b None None] compute_monitors = [] {{(pid=108113) log_opt_values /opt/stack/data/venv/lib/python3.12/site-packages/oslo_config/cfg.py:3245}}
Jun 04 10:16:43.299729 np0000178532 devstack@n-api-meta.service[108113]: DEBUG nova.api.openstack.wsgi_app [None req-f86ea981-ee8b-4f18-a119-0178fafac97b None None] config_dir = [] {{(pid=108113) log_opt_values /opt/stack/data/venv/lib/python3.12/site-packages/oslo_config/cfg.py:3245}}
Jun 04 10:16:43.299888 np0000178532 devstack@n-api-meta.service[108113]: DEBUG nova.api.openstack.wsgi_app [None req-f86ea981-ee8b-4f18-a119-0178fafac97b None None] config_drive_format = iso9660 {{(pid=108113) log_opt_values /opt/stack/data/venv/lib/python3.12/site-packages/oslo_config/cfg.py:3245}}
Jun 04 10:16:43.300007 np0000178532 devstack@n-api-meta.service[108113]: DEBUG nova.api.openstack.wsgi_app [None req-f86ea981-ee8b-4f18-a119-0178fafac97b None None] config_file = ['/etc/nova/api-paste.ini', '/etc/nova/nova.conf'] {{(pid=108113) log_opt_values /opt/stack/data/venv/lib/python3.12/site-packages/oslo_config/cfg.py:3245}}
Jun 04 10:16:43.300162 np0000178532 devstack@n-api-meta.service[108113]: DEBUG nova.api.openstack.wsgi_app [None req-f86ea981-ee8b-4f18-a119-0178fafac97b None None] config_source = [] {{(pid=108113) log_opt_values /opt/stack/data/venv/lib/python3.12/site-packages/oslo_config/cfg.py:3245}}
Jun 04 10:16:43.300221 np0000178532 devstack@n-api-meta.service[108110]: DEBUG dbcounter [-] [108110] Writer thread running {{(pid=108110) stat_writer /opt/stack/data/venv/lib/python3.12/site-packages/dbcounter.py:102}}
Jun 04 10:16:43.300494 np0000178532 devstack@n-api-meta.service[108113]: DEBUG nova.api.openstack.wsgi_app [None req-f86ea981-ee8b-4f18-a119-0178fafac97b None None] console_host = np0000178532 {{(pid=108113) log_opt_values /opt/stack/data/venv/lib/python3.12/site-packages/oslo_config/cfg.py:3245}}
Jun 04 10:16:43.300650 np0000178532 devstack@n-api-meta.service[108113]: DEBUG nova.api.openstack.wsgi_app [None req-f86ea981-ee8b-4f18-a119-0178fafac97b None None] control_exchange = nova {{(pid=108113) log_opt_values /opt/stack/data/venv/lib/python3.12/site-packages/oslo_config/cfg.py:3245}}
Jun 04 10:16:43.300791 np0000178532 devstack@n-api-meta.service[108113]: DEBUG nova.api.openstack.wsgi_app [None req-f86ea981-ee8b-4f18-a119-0178fafac97b None None] cpu_allocation_ratio = None {{(pid=108113) log_opt_values /opt/stack/data/venv/lib/python3.12/site-packages/oslo_config/cfg.py:3245}}
Jun 04 10:16:43.300921 np0000178532 devstack@n-api-meta.service[108113]: DEBUG nova.api.openstack.wsgi_app [None req-f86ea981-ee8b-4f18-a119-0178fafac97b None None] daemon = False {{(pid=108113) log_opt_values /opt/stack/data/venv/lib/python3.12/site-packages/oslo_config/cfg.py:3245}}
Jun 04 10:16:43.300963 np0000178532 devstack@n-api-meta.service[108110]: DEBUG dbcounter [-] [108110] Writer thread running {{(pid=108110) stat_writer /opt/stack/data/venv/lib/python3.12/site-packages/dbcounter.py:102}}
Jun 04 10:16:43.301053 np0000178532 devstack@n-api-meta.service[108113]: DEBUG nova.api.openstack.wsgi_app [None req-f86ea981-ee8b-4f18-a119-0178fafac97b None None] debug = True {{(pid=108113) log_opt_values /opt/stack/data/venv/lib/python3.12/site-packages/oslo_config/cfg.py:3245}}
Jun 04 10:16:43.301948 np0000178532 devstack@n-api-meta.service[108113]: DEBUG nova.api.openstack.wsgi_app [None req-f86ea981-ee8b-4f18-a119-0178fafac97b None None] default_access_ip_network_name = None {{(pid=108113) log_opt_values /opt/stack/data/venv/lib/python3.12/site-packages/oslo_config/cfg.py:3245}}
Jun 04 10:16:43.301948 np0000178532 devstack@n-api-meta.service[108113]: DEBUG nova.api.openstack.wsgi_app [None req-f86ea981-ee8b-4f18-a119-0178fafac97b None None] default_availability_zone = nova {{(pid=108113) log_opt_values /opt/stack/data/venv/lib/python3.12/site-packages/oslo_config/cfg.py:3245}}
Jun 04 10:16:43.301948 np0000178532 devstack@n-api-meta.service[108113]: DEBUG nova.api.openstack.wsgi_app [None req-f86ea981-ee8b-4f18-a119-0178fafac97b None None] default_ephemeral_format = ext4 {{(pid=108113) log_opt_values /opt/stack/data/venv/lib/python3.12/site-packages/oslo_config/cfg.py:3245}}
Jun 04 10:16:43.301948 np0000178532 devstack@n-api-meta.service[108113]: DEBUG nova.api.openstack.wsgi_app [None req-f86ea981-ee8b-4f18-a119-0178fafac97b None None] default_green_pool_size = 1000 {{(pid=108113) log_opt_values /opt/stack/data/venv/lib/python3.12/site-packages/oslo_config/cfg.py:3245}}
Jun 04 10:16:43.301948 np0000178532 devstack@n-api-meta.service[108113]: DEBUG nova.api.openstack.wsgi_app [None req-f86ea981-ee8b-4f18-a119-0178fafac97b None None] default_log_levels = ['amqp=WARN', 'boto=WARN', 'sqlalchemy=WARN', 'suds=INFO', 'oslo.messaging=INFO', 'oslo_messaging=INFO', 'iso8601=WARN', 'requests.packages.urllib3.connectionpool=WARN', 'urllib3.connectionpool=WARN', 'websocket=WARN', 'requests.packages.urllib3.util.retry=WARN', 'urllib3.util.retry=WARN', 'keystonemiddleware=WARN', 'routes.middleware=WARN', 'stevedore=WARN', 'taskflow=WARN', 'keystoneauth=WARN', 'oslo.cache=INFO', 'oslo_policy=INFO', 'dogpile.core.dogpile=INFO', 'glanceclient=WARN', 'oslo.privsep.daemon=INFO'] {{(pid=108113) log_opt_values /opt/stack/data/venv/lib/python3.12/site-packages/oslo_config/cfg.py:3245}}
Jun 04 10:16:43.302212 np0000178532 devstack@n-api-meta.service[108113]: DEBUG nova.api.openstack.wsgi_app [None req-f86ea981-ee8b-4f18-a119-0178fafac97b None None] default_schedule_zone = None {{(pid=108113) log_opt_values /opt/stack/data/venv/lib/python3.12/site-packages/oslo_config/cfg.py:3245}}
Jun 04 10:16:43.302212 np0000178532 devstack@n-api-meta.service[108113]: DEBUG nova.api.openstack.wsgi_app [None req-f86ea981-ee8b-4f18-a119-0178fafac97b None None] default_thread_pool_size = 10 {{(pid=108113) log_opt_values /opt/stack/data/venv/lib/python3.12/site-packages/oslo_config/cfg.py:3245}}
Jun 04 10:16:43.302286 np0000178532 devstack@n-api-meta.service[108113]: DEBUG nova.api.openstack.wsgi_app [None req-f86ea981-ee8b-4f18-a119-0178fafac97b None None] disk_allocation_ratio = None {{(pid=108113) log_opt_values /opt/stack/data/venv/lib/python3.12/site-packages/oslo_config/cfg.py:3245}}
Jun 04 10:16:43.302507 np0000178532 devstack@n-api-meta.service[108113]: DEBUG nova.api.openstack.wsgi_app [None req-f86ea981-ee8b-4f18-a119-0178fafac97b None None] enable_new_services = True {{(pid=108113) log_opt_values /opt/stack/data/venv/lib/python3.12/site-packages/oslo_config/cfg.py:3245}}
Jun 04 10:16:43.302566 np0000178532 devstack@n-api-meta.service[108113]: DEBUG nova.api.openstack.wsgi_app [None req-f86ea981-ee8b-4f18-a119-0178fafac97b None None] flat_injected = False {{(pid=108113) log_opt_values /opt/stack/data/venv/lib/python3.12/site-packages/oslo_config/cfg.py:3245}}
Jun 04 10:16:43.302615 np0000178532 devstack@n-api-meta.service[108111]: DEBUG oslo_db.sqlalchemy.engines [None req-dee778ad-42f2-41ff-bd77-5835b4a90188 None None] MySQL server mode set to STRICT_TRANS_TABLES,STRICT_ALL_TABLES,NO_ZERO_IN_DATE,NO_ZERO_DATE,ERROR_FOR_DIVISION_BY_ZERO,TRADITIONAL,NO_ENGINE_SUBSTITUTION {{(pid=108111) _check_effective_sql_mode /opt/stack/data/venv/lib/python3.12/site-packages/oslo_db/sqlalchemy/engines.py:325}}
Jun 04 10:16:43.302664 np0000178532 devstack@n-api-meta.service[108113]: DEBUG nova.api.openstack.wsgi_app [None req-f86ea981-ee8b-4f18-a119-0178fafac97b None None] force_config_drive = False {{(pid=108113) log_opt_values /opt/stack/data/venv/lib/python3.12/site-packages/oslo_config/cfg.py:3245}}
Jun 04 10:16:43.302801 np0000178532 devstack@n-api-meta.service[108113]: DEBUG nova.api.openstack.wsgi_app [None req-f86ea981-ee8b-4f18-a119-0178fafac97b None None] force_raw_images = True {{(pid=108113) log_opt_values /opt/stack/data/venv/lib/python3.12/site-packages/oslo_config/cfg.py:3245}}
Jun 04 10:16:43.302951 np0000178532 devstack@n-api-meta.service[108113]: DEBUG nova.api.openstack.wsgi_app [None req-f86ea981-ee8b-4f18-a119-0178fafac97b None None] graceful_shutdown_timeout = 5 {{(pid=108113) log_opt_values /opt/stack/data/venv/lib/python3.12/site-packages/oslo_config/cfg.py:3245}}
Jun 04 10:16:43.303074 np0000178532 devstack@n-api-meta.service[108113]: DEBUG nova.api.openstack.wsgi_app [None req-f86ea981-ee8b-4f18-a119-0178fafac97b None None] heal_instance_info_cache_interval = -1 {{(pid=108113) log_opt_values /opt/stack/data/venv/lib/python3.12/site-packages/oslo_config/cfg.py:3245}}
Jun 04 10:16:43.303305 np0000178532 devstack@n-api-meta.service[108113]: DEBUG nova.api.openstack.wsgi_app [None req-f86ea981-ee8b-4f18-a119-0178fafac97b None None] host = np0000178532 {{(pid=108113) log_opt_values /opt/stack/data/venv/lib/python3.12/site-packages/oslo_config/cfg.py:3245}}
Jun 04 10:16:43.303437 np0000178532 devstack@n-api-meta.service[108113]: DEBUG nova.api.openstack.wsgi_app [None req-f86ea981-ee8b-4f18-a119-0178fafac97b None None] initial_cpu_allocation_ratio = 4.0 {{(pid=108113) log_opt_values /opt/stack/data/venv/lib/python3.12/site-packages/oslo_config/cfg.py:3245}}
Jun 04 10:16:43.303569 np0000178532 devstack@n-api-meta.service[108113]: DEBUG nova.api.openstack.wsgi_app [None req-f86ea981-ee8b-4f18-a119-0178fafac97b None None] initial_disk_allocation_ratio = 1.0 {{(pid=108113) log_opt_values /opt/stack/data/venv/lib/python3.12/site-packages/oslo_config/cfg.py:3245}}
Jun 04 10:16:43.303704 np0000178532 devstack@n-api-meta.service[108113]: DEBUG nova.api.openstack.wsgi_app [None req-f86ea981-ee8b-4f18-a119-0178fafac97b None None] initial_ram_allocation_ratio = 1.0 {{(pid=108113) log_opt_values /opt/stack/data/venv/lib/python3.12/site-packages/oslo_config/cfg.py:3245}}
Jun 04 10:16:43.303905 np0000178532 devstack@n-api-meta.service[108113]: DEBUG nova.api.openstack.wsgi_app [None req-f86ea981-ee8b-4f18-a119-0178fafac97b None None] injected_network_template = /opt/stack/nova/nova/virt/interfaces.template {{(pid=108113) log_opt_values /opt/stack/data/venv/lib/python3.12/site-packages/oslo_config/cfg.py:3245}}
Jun 04 10:16:43.304058 np0000178532 devstack@n-api-meta.service[108113]: DEBUG nova.api.openstack.wsgi_app [None req-f86ea981-ee8b-4f18-a119-0178fafac97b None None] instance_build_timeout = 0 {{(pid=108113) log_opt_values /opt/stack/data/venv/lib/python3.12/site-packages/oslo_config/cfg.py:3245}}
Jun 04 10:16:43.304211 np0000178532 devstack@n-api-meta.service[108113]: DEBUG nova.api.openstack.wsgi_app [None req-f86ea981-ee8b-4f18-a119-0178fafac97b None None] instance_delete_interval = 300 {{(pid=108113) log_opt_values /opt/stack/data/venv/lib/python3.12/site-packages/oslo_config/cfg.py:3245}}
Jun 04 10:16:43.304384 np0000178532 devstack@n-api-meta.service[108113]: DEBUG nova.api.openstack.wsgi_app [None req-f86ea981-ee8b-4f18-a119-0178fafac97b None None] instance_format = [instance: %(uuid)s] {{(pid=108113) log_opt_values /opt/stack/data/venv/lib/python3.12/site-packages/oslo_config/cfg.py:3245}}
Jun 04 10:16:43.304528 np0000178532 devstack@n-api-meta.service[108113]: DEBUG nova.api.openstack.wsgi_app [None req-f86ea981-ee8b-4f18-a119-0178fafac97b None None] instance_name_template = instance-%08x {{(pid=108113) log_opt_values /opt/stack/data/venv/lib/python3.12/site-packages/oslo_config/cfg.py:3245}}
Jun 04 10:16:43.304657 np0000178532 devstack@n-api-meta.service[108113]: DEBUG nova.api.openstack.wsgi_app [None req-f86ea981-ee8b-4f18-a119-0178fafac97b None None] instance_usage_audit = False {{(pid=108113) log_opt_values /opt/stack/data/venv/lib/python3.12/site-packages/oslo_config/cfg.py:3245}}
Jun 04 10:16:43.304796 np0000178532 devstack@n-api-meta.service[108113]: DEBUG nova.api.openstack.wsgi_app [None req-f86ea981-ee8b-4f18-a119-0178fafac97b None None] instance_usage_audit_period = month {{(pid=108113) log_opt_values /opt/stack/data/venv/lib/python3.12/site-packages/oslo_config/cfg.py:3245}}
Jun 04 10:16:43.304932 np0000178532 devstack@n-api-meta.service[108113]: DEBUG nova.api.openstack.wsgi_app [None req-f86ea981-ee8b-4f18-a119-0178fafac97b None None] instance_uuid_format = [instance: %(uuid)s] {{(pid=108113) log_opt_values /opt/stack/data/venv/lib/python3.12/site-packages/oslo_config/cfg.py:3245}}
Jun 04 10:16:43.305105 np0000178532 devstack@n-api-meta.service[108113]: DEBUG nova.api.openstack.wsgi_app [None req-f86ea981-ee8b-4f18-a119-0178fafac97b None None] instances_path = /opt/stack/data/nova/instances {{(pid=108113) log_opt_values /opt/stack/data/venv/lib/python3.12/site-packages/oslo_config/cfg.py:3245}}
Jun 04 10:16:43.305280 np0000178532 devstack@n-api-meta.service[108113]: DEBUG nova.api.openstack.wsgi_app [None req-f86ea981-ee8b-4f18-a119-0178fafac97b None None] internal_service_availability_zone = internal {{(pid=108113) log_opt_values /opt/stack/data/venv/lib/python3.12/site-packages/oslo_config/cfg.py:3245}}
Jun 04 10:16:43.305442 np0000178532 devstack@n-api-meta.service[108113]: DEBUG nova.api.openstack.wsgi_app [None req-f86ea981-ee8b-4f18-a119-0178fafac97b None None] key = None {{(pid=108113) log_opt_values /opt/stack/data/venv/lib/python3.12/site-packages/oslo_config/cfg.py:3245}}
Jun 04 10:16:43.305573 np0000178532 devstack@n-api-meta.service[108113]: DEBUG nova.api.openstack.wsgi_app [None req-f86ea981-ee8b-4f18-a119-0178fafac97b None None] live_migration_retry_count = 30 {{(pid=108113) log_opt_values /opt/stack/data/venv/lib/python3.12/site-packages/oslo_config/cfg.py:3245}}
Jun 04 10:16:43.305709 np0000178532 devstack@n-api-meta.service[108113]: DEBUG nova.api.openstack.wsgi_app [None req-f86ea981-ee8b-4f18-a119-0178fafac97b None None] log_color = False {{(pid=108113) log_opt_values /opt/stack/data/venv/lib/python3.12/site-packages/oslo_config/cfg.py:3245}}
Jun 04 10:16:43.305842 np0000178532 devstack@n-api-meta.service[108113]: DEBUG nova.api.openstack.wsgi_app [None req-f86ea981-ee8b-4f18-a119-0178fafac97b None None] log_config_append = None {{(pid=108113) log_opt_values /opt/stack/data/venv/lib/python3.12/site-packages/oslo_config/cfg.py:3245}}
Jun 04 10:16:43.305981 np0000178532 devstack@n-api-meta.service[108113]: DEBUG nova.api.openstack.wsgi_app [None req-f86ea981-ee8b-4f18-a119-0178fafac97b None None] log_date_format = %Y-%m-%d %H:%M:%S {{(pid=108113) log_opt_values /opt/stack/data/venv/lib/python3.12/site-packages/oslo_config/cfg.py:3245}}
Jun 04 10:16:43.306113 np0000178532 devstack@n-api-meta.service[108113]: DEBUG nova.api.openstack.wsgi_app [None req-f86ea981-ee8b-4f18-a119-0178fafac97b None None] log_dir = None {{(pid=108113) log_opt_values /opt/stack/data/venv/lib/python3.12/site-packages/oslo_config/cfg.py:3245}}
Jun 04 10:16:43.306288 np0000178532 devstack@n-api-meta.service[108113]: DEBUG nova.api.openstack.wsgi_app [None req-f86ea981-ee8b-4f18-a119-0178fafac97b None None] log_file = None {{(pid=108113) log_opt_values /opt/stack/data/venv/lib/python3.12/site-packages/oslo_config/cfg.py:3245}}
Jun 04 10:16:43.306396 np0000178532 devstack@n-api-meta.service[108113]: DEBUG nova.api.openstack.wsgi_app [None req-f86ea981-ee8b-4f18-a119-0178fafac97b None None] log_options = True {{(pid=108113) log_opt_values /opt/stack/data/venv/lib/python3.12/site-packages/oslo_config/cfg.py:3245}}
Jun 04 10:16:43.306526 np0000178532 devstack@n-api-meta.service[108113]: DEBUG nova.api.openstack.wsgi_app [None req-f86ea981-ee8b-4f18-a119-0178fafac97b None None] log_rotate_interval = 1 {{(pid=108113) log_opt_values /opt/stack/data/venv/lib/python3.12/site-packages/oslo_config/cfg.py:3245}}
Jun 04 10:16:43.306662 np0000178532 devstack@n-api-meta.service[108113]: DEBUG nova.api.openstack.wsgi_app [None req-f86ea981-ee8b-4f18-a119-0178fafac97b None None] log_rotate_interval_type = days {{(pid=108113) log_opt_values /opt/stack/data/venv/lib/python3.12/site-packages/oslo_config/cfg.py:3245}}
Jun 04 10:16:43.306797 np0000178532 devstack@n-api-meta.service[108113]: DEBUG nova.api.openstack.wsgi_app [None req-f86ea981-ee8b-4f18-a119-0178fafac97b None None] log_rotation_type = none {{(pid=108113) log_opt_values /opt/stack/data/venv/lib/python3.12/site-packages/oslo_config/cfg.py:3245}}
Jun 04 10:16:43.306870 np0000178532 devstack@n-api-meta.service[108110]: INFO dbcounter [None req-0696fe64-3c17-4683-9887-76ab7140e4fa None None] Registered counter for database nova_cell0
Jun 04 10:16:43.306907 np0000178532 devstack@n-api-meta.service[108113]: DEBUG nova.api.openstack.wsgi_app [None req-f86ea981-ee8b-4f18-a119-0178fafac97b None None] logging_context_format_string = %(color)s%(levelname)s %(name)s [%(global_request_id)s %(request_id)s %(project_name)s %(user_name)s%(color)s] %(instance)s%(color)s%(message)s {{(pid=108113) log_opt_values /opt/stack/data/venv/lib/python3.12/site-packages/oslo_config/cfg.py:3245}}
Jun 04 10:16:43.307000 np0000178532 devstack@n-api-meta.service[108113]: DEBUG nova.api.openstack.wsgi_app [None req-f86ea981-ee8b-4f18-a119-0178fafac97b None None] logging_debug_format_suffix = {{(pid=%(process)d) %(funcName)s %(pathname)s:%(lineno)d}} {{(pid=108113) log_opt_values /opt/stack/data/venv/lib/python3.12/site-packages/oslo_config/cfg.py:3245}}
Jun 04 10:16:43.307136 np0000178532 devstack@n-api-meta.service[108113]: DEBUG nova.api.openstack.wsgi_app [None req-f86ea981-ee8b-4f18-a119-0178fafac97b None None] logging_default_format_string = %(color)s%(levelname)s %(name)s [-%(color)s] %(instance)s%(color)s%(message)s {{(pid=108113) log_opt_values /opt/stack/data/venv/lib/python3.12/site-packages/oslo_config/cfg.py:3245}}
