Jun 04 10:16:50.152500 np0000178532 nova-conductor[110380]: DEBUG cotyledon.oslo_config_glue [-] workarounds.disable_group_policy_check_upcall = False {{(pid=110380) log_opt_values /opt/stack/data/venv/lib/python3.12/site-packages/oslo_config/cfg.py:3256}}
Jun 04 10:16:50.152500 np0000178532 nova-conductor[110380]: DEBUG cotyledon.oslo_config_glue [-] workarounds.disable_libvirt_livesnapshot = False {{(pid=110380) log_opt_values /opt/stack/data/venv/lib/python3.12/site-packages/oslo_config/cfg.py:3256}}
Jun 04 10:16:50.152500 np0000178532 nova-conductor[110380]: DEBUG cotyledon.oslo_config_glue [-] workarounds.disable_rootwrap = False {{(pid=110380) log_opt_values /opt/stack/data/venv/lib/python3.12/site-packages/oslo_config/cfg.py:3256}}
Jun 04 10:16:50.152749 np0000178532 nova-conductor[110380]: DEBUG cotyledon.oslo_config_glue [-] workarounds.enable_numa_live_migration = False {{(pid=110380) log_opt_values /opt/stack/data/venv/lib/python3.12/site-packages/oslo_config/cfg.py:3256}}
Jun 04 10:16:50.152749 np0000178532 nova-conductor[110380]: DEBUG cotyledon.oslo_config_glue [-] workarounds.enable_qemu_monitor_announce_self = False {{(pid=110380) log_opt_values /opt/stack/data/venv/lib/python3.12/site-packages/oslo_config/cfg.py:3256}}
Jun 04 10:16:50.152749 np0000178532 nova-conductor[110380]: DEBUG cotyledon.oslo_config_glue [-] workarounds.ensure_libvirt_rbd_instance_dir_cleanup = False {{(pid=110380) log_opt_values /opt/stack/data/venv/lib/python3.12/site-packages/oslo_config/cfg.py:3256}}
Jun 04 10:16:50.152749 np0000178532 nova-conductor[110380]: DEBUG cotyledon.oslo_config_glue [-] workarounds.handle_virt_lifecycle_events = True {{(pid=110380) log_opt_values /opt/stack/data/venv/lib/python3.12/site-packages/oslo_config/cfg.py:3256}}
Jun 04 10:16:50.152749 np0000178532 nova-conductor[110380]: DEBUG cotyledon.oslo_config_glue [-] workarounds.libvirt_disable_apic = False {{(pid=110380) log_opt_values /opt/stack/data/venv/lib/python3.12/site-packages/oslo_config/cfg.py:3256}}
Jun 04 10:16:50.152749 np0000178532 nova-conductor[110380]: DEBUG cotyledon.oslo_config_glue [-] workarounds.never_download_image_if_on_rbd = False {{(pid=110380) log_opt_values /opt/stack/data/venv/lib/python3.12/site-packages/oslo_config/cfg.py:3256}}
Jun 04 10:16:50.152749 np0000178532 nova-conductor[110380]: DEBUG cotyledon.oslo_config_glue [-] workarounds.qemu_monitor_announce_self_count = 3 {{(pid=110380) log_opt_values /opt/stack/data/venv/lib/python3.12/site-packages/oslo_config/cfg.py:3256}}
Jun 04 10:16:50.152749 np0000178532 nova-conductor[110380]: DEBUG cotyledon.oslo_config_glue [-] workarounds.qemu_monitor_announce_self_interval = 1 {{(pid=110380) log_opt_values /opt/stack/data/venv/lib/python3.12/site-packages/oslo_config/cfg.py:3256}}
Jun 04 10:16:50.152749 np0000178532 nova-conductor[110380]: DEBUG cotyledon.oslo_config_glue [-] workarounds.reserve_disk_resource_for_image_cache = False {{(pid=110380) log_opt_values /opt/stack/data/venv/lib/python3.12/site-packages/oslo_config/cfg.py:3256}}
Jun 04 10:16:50.152949 np0000178532 nova-conductor[110380]: DEBUG cotyledon.oslo_config_glue [-] workarounds.skip_cpu_compare_at_startup = False {{(pid=110380) log_opt_values /opt/stack/data/venv/lib/python3.12/site-packages/oslo_config/cfg.py:3256}}
Jun 04 10:16:50.152949 np0000178532 nova-conductor[110380]: DEBUG cotyledon.oslo_config_glue [-] workarounds.skip_cpu_compare_on_dest = False {{(pid=110380) log_opt_values /opt/stack/data/venv/lib/python3.12/site-packages/oslo_config/cfg.py:3256}}
Jun 04 10:16:50.152949 np0000178532 nova-conductor[110380]: DEBUG cotyledon.oslo_config_glue [-] workarounds.skip_hypervisor_version_check_on_lm = False {{(pid=110380) log_opt_values /opt/stack/data/venv/lib/python3.12/site-packages/oslo_config/cfg.py:3256}}
Jun 04 10:16:50.152949 np0000178532 nova-conductor[110380]: DEBUG cotyledon.oslo_config_glue [-] workarounds.skip_reserve_in_use_ironic_nodes = False {{(pid=110380) log_opt_values /opt/stack/data/venv/lib/python3.12/site-packages/oslo_config/cfg.py:3256}}
Jun 04 10:16:50.152949 np0000178532 nova-conductor[110380]: DEBUG cotyledon.oslo_config_glue [-] workarounds.unified_limits_count_pcpu_as_vcpu = False {{(pid=110380) log_opt_values /opt/stack/data/venv/lib/python3.12/site-packages/oslo_config/cfg.py:3256}}
Jun 04 10:16:50.152949 np0000178532 nova-conductor[110380]: DEBUG cotyledon.oslo_config_glue [-] workarounds.wait_for_vif_plugged_event_during_hard_reboot = [] {{(pid=110380) log_opt_values /opt/stack/data/venv/lib/python3.12/site-packages/oslo_config/cfg.py:3256}}
Jun 04 10:16:50.152949 np0000178532 nova-conductor[110380]: DEBUG cotyledon.oslo_config_glue [-] wsgi.api_paste_config = /etc/nova/api-paste.ini {{(pid=110380) log_opt_values /opt/stack/data/venv/lib/python3.12/site-packages/oslo_config/cfg.py:3256}}
Jun 04 10:16:50.152949 np0000178532 nova-conductor[110380]: DEBUG cotyledon.oslo_config_glue [-] wsgi.secure_proxy_ssl_header = None {{(pid=110380) log_opt_values /opt/stack/data/venv/lib/python3.12/site-packages/oslo_config/cfg.py:3256}}
Jun 04 10:16:50.152949 np0000178532 nova-conductor[110380]: DEBUG cotyledon.oslo_config_glue [-] zvm.ca_file = None {{(pid=110380) log_opt_values /opt/stack/data/venv/lib/python3.12/site-packages/oslo_config/cfg.py:3256}}
Jun 04 10:16:50.157466 np0000178532 nova-conductor[110380]: DEBUG cotyledon.oslo_config_glue [-] zvm.cloud_connector_url = None {{(pid=110380) log_opt_values /opt/stack/data/venv/lib/python3.12/site-packages/oslo_config/cfg.py:3256}}
Jun 04 10:16:50.157466 np0000178532 nova-conductor[110380]: DEBUG cotyledon.oslo_config_glue [-] zvm.image_tmp_path = /opt/stack/data/nova/images {{(pid=110380) log_opt_values /opt/stack/data/venv/lib/python3.12/site-packages/oslo_config/cfg.py:3256}}
Jun 04 10:16:50.157466 np0000178532 nova-conductor[110380]: DEBUG cotyledon.oslo_config_glue [-] zvm.reachable_timeout = 300 {{(pid=110380) log_opt_values /opt/stack/data/venv/lib/python3.12/site-packages/oslo_config/cfg.py:3256}}
Jun 04 10:16:50.157466 np0000178532 nova-conductor[110380]: DEBUG cotyledon.oslo_config_glue [-] oslo_versionedobjects.fatal_exception_format_errors = False {{(pid=110380) log_opt_values /opt/stack/data/venv/lib/python3.12/site-packages/oslo_config/cfg.py:3256}}
Jun 04 10:16:50.157466 np0000178532 nova-conductor[110380]: DEBUG cotyledon.oslo_config_glue [-] oslo_middleware.http_basic_auth_user_file = /etc/htpasswd {{(pid=110380) log_opt_values /opt/stack/data/venv/lib/python3.12/site-packages/oslo_config/cfg.py:3256}}
Jun 04 10:16:50.157466 np0000178532 nova-conductor[110380]: DEBUG cotyledon.oslo_config_glue [-] profiler.connection_string = messaging:// {{(pid=110380) log_opt_values /opt/stack/data/venv/lib/python3.12/site-packages/oslo_config/cfg.py:3256}}
Jun 04 10:16:50.157466 np0000178532 nova-conductor[110380]: DEBUG cotyledon.oslo_config_glue [-] profiler.enabled = False {{(pid=110380) log_opt_values /opt/stack/data/venv/lib/python3.12/site-packages/oslo_config/cfg.py:3256}}
Jun 04 10:16:50.157466 np0000178532 nova-conductor[110380]: DEBUG cotyledon.oslo_config_glue [-] profiler.es_doc_type = notification {{(pid=110380) log_opt_values /opt/stack/data/venv/lib/python3.12/site-packages/oslo_config/cfg.py:3256}}
Jun 04 10:16:50.157466 np0000178532 nova-conductor[110380]: DEBUG cotyledon.oslo_config_glue [-] profiler.es_scroll_size = 10000 {{(pid=110380) log_opt_values /opt/stack/data/venv/lib/python3.12/site-packages/oslo_config/cfg.py:3256}}
Jun 04 10:16:50.157734 np0000178532 nova-conductor[110380]: DEBUG cotyledon.oslo_config_glue [-] profiler.es_scroll_time = 2m {{(pid=110380) log_opt_values /opt/stack/data/venv/lib/python3.12/site-packages/oslo_config/cfg.py:3256}}
Jun 04 10:16:50.157734 np0000178532 nova-conductor[110380]: DEBUG cotyledon.oslo_config_glue [-] profiler.filter_error_trace = False {{(pid=110380) log_opt_values /opt/stack/data/venv/lib/python3.12/site-packages/oslo_config/cfg.py:3256}}
Jun 04 10:16:50.157734 np0000178532 nova-conductor[110380]: DEBUG cotyledon.oslo_config_glue [-] profiler.hmac_keys = **** {{(pid=110380) log_opt_values /opt/stack/data/venv/lib/python3.12/site-packages/oslo_config/cfg.py:3256}}
Jun 04 10:16:50.157734 np0000178532 nova-conductor[110380]: DEBUG cotyledon.oslo_config_glue [-] profiler.sentinel_service_name = mymaster {{(pid=110380) log_opt_values /opt/stack/data/venv/lib/python3.12/site-packages/oslo_config/cfg.py:3256}}
Jun 04 10:16:50.157734 np0000178532 nova-conductor[110380]: DEBUG cotyledon.oslo_config_glue [-] profiler.socket_timeout = 0.1 {{(pid=110380) log_opt_values /opt/stack/data/venv/lib/python3.12/site-packages/oslo_config/cfg.py:3256}}
Jun 04 10:16:50.157734 np0000178532 nova-conductor[110380]: DEBUG cotyledon.oslo_config_glue [-] profiler.trace_requests = False {{(pid=110380) log_opt_values /opt/stack/data/venv/lib/python3.12/site-packages/oslo_config/cfg.py:3256}}
Jun 04 10:16:50.157734 np0000178532 nova-conductor[110380]: DEBUG cotyledon.oslo_config_glue [-] profiler.trace_sqlalchemy = False {{(pid=110380) log_opt_values /opt/stack/data/venv/lib/python3.12/site-packages/oslo_config/cfg.py:3256}}
Jun 04 10:16:50.157734 np0000178532 nova-conductor[110380]: DEBUG cotyledon.oslo_config_glue [-] profiler_jaeger.process_tags = {} {{(pid=110380) log_opt_values /opt/stack/data/venv/lib/python3.12/site-packages/oslo_config/cfg.py:3256}}
Jun 04 10:16:50.157734 np0000178532 nova-conductor[110380]: DEBUG cotyledon.oslo_config_glue [-] profiler_jaeger.service_name_prefix = None {{(pid=110380) log_opt_values /opt/stack/data/venv/lib/python3.12/site-packages/oslo_config/cfg.py:3256}}
Jun 04 10:16:50.157949 np0000178532 nova-conductor[110380]: DEBUG cotyledon.oslo_config_glue [-] profiler_otlp.service_name_prefix = None {{(pid=110380) log_opt_values /opt/stack/data/venv/lib/python3.12/site-packages/oslo_config/cfg.py:3256}}
Jun 04 10:16:50.157949 np0000178532 nova-conductor[110380]: DEBUG cotyledon.oslo_config_glue [-] oslo_messaging_rabbit.amqp_auto_delete = False {{(pid=110380) log_opt_values /opt/stack/data/venv/lib/python3.12/site-packages/oslo_config/cfg.py:3256}}
Jun 04 10:16:50.157949 np0000178532 nova-conductor[110380]: DEBUG cotyledon.oslo_config_glue [-] oslo_messaging_rabbit.amqp_durable_queues = False {{(pid=110380) log_opt_values /opt/stack/data/venv/lib/python3.12/site-packages/oslo_config/cfg.py:3256}}
Jun 04 10:16:50.157949 np0000178532 nova-conductor[110380]: DEBUG cotyledon.oslo_config_glue [-] oslo_messaging_rabbit.conn_pool_min_size = 2 {{(pid=110380) log_opt_values /opt/stack/data/venv/lib/python3.12/site-packages/oslo_config/cfg.py:3256}}
Jun 04 10:16:50.157949 np0000178532 nova-conductor[110380]: DEBUG cotyledon.oslo_config_glue [-] oslo_messaging_rabbit.conn_pool_ttl = 1200 {{(pid=110380) log_opt_values /opt/stack/data/venv/lib/python3.12/site-packages/oslo_config/cfg.py:3256}}
Jun 04 10:16:50.157949 np0000178532 nova-conductor[110380]: DEBUG cotyledon.oslo_config_glue [-] oslo_messaging_rabbit.direct_mandatory_flag = True {{(pid=110380) log_opt_values /opt/stack/data/venv/lib/python3.12/site-packages/oslo_config/cfg.py:3256}}
Jun 04 10:16:50.157949 np0000178532 nova-conductor[110380]: DEBUG cotyledon.oslo_config_glue [-] oslo_messaging_rabbit.enable_cancel_on_failover = False {{(pid=110380) log_opt_values /opt/stack/data/venv/lib/python3.12/site-packages/oslo_config/cfg.py:3256}}
Jun 04 10:16:50.157949 np0000178532 nova-conductor[110380]: DEBUG cotyledon.oslo_config_glue [-] oslo_messaging_rabbit.heartbeat_rate = 3 {{(pid=110380) log_opt_values /opt/stack/data/venv/lib/python3.12/site-packages/oslo_config/cfg.py:3256}}
Jun 04 10:16:50.157949 np0000178532 nova-conductor[110380]: DEBUG cotyledon.oslo_config_glue [-] oslo_messaging_rabbit.heartbeat_timeout_threshold = 60 {{(pid=110380) log_opt_values /opt/stack/data/venv/lib/python3.12/site-packages/oslo_config/cfg.py:3256}}
Jun 04 10:16:50.158212 np0000178532 nova-conductor[110380]: DEBUG cotyledon.oslo_config_glue [-] oslo_messaging_rabbit.hostname = np0000178532 {{(pid=110380) log_opt_values /opt/stack/data/venv/lib/python3.12/site-packages/oslo_config/cfg.py:3256}}
Jun 04 10:16:50.158212 np0000178532 nova-conductor[110380]: DEBUG cotyledon.oslo_config_glue [-] oslo_messaging_rabbit.kombu_compression = None {{(pid=110380) log_opt_values /opt/stack/data/venv/lib/python3.12/site-packages/oslo_config/cfg.py:3256}}
Jun 04 10:16:50.158212 np0000178532 nova-conductor[110380]: DEBUG cotyledon.oslo_config_glue [-] oslo_messaging_rabbit.kombu_failover_strategy = round-robin {{(pid=110380) log_opt_values /opt/stack/data/venv/lib/python3.12/site-packages/oslo_config/cfg.py:3256}}
Jun 04 10:16:50.158212 np0000178532 nova-conductor[110380]: DEBUG cotyledon.oslo_config_glue [-] oslo_messaging_rabbit.kombu_missing_consumer_retry_timeout = 60 {{(pid=110380) log_opt_values /opt/stack/data/venv/lib/python3.12/site-packages/oslo_config/cfg.py:3256}}
Jun 04 10:16:50.158212 np0000178532 nova-conductor[110380]: DEBUG cotyledon.oslo_config_glue [-] oslo_messaging_rabbit.kombu_reconnect_delay = 1.0 {{(pid=110380) log_opt_values /opt/stack/data/venv/lib/python3.12/site-packages/oslo_config/cfg.py:3256}}
Jun 04 10:16:50.158212 np0000178532 nova-conductor[110380]: DEBUG cotyledon.oslo_config_glue [-] oslo_messaging_rabbit.kombu_reconnect_splay = 0.0 {{(pid=110380) log_opt_values /opt/stack/data/venv/lib/python3.12/site-packages/oslo_config/cfg.py:3256}}
Jun 04 10:16:50.158212 np0000178532 nova-conductor[110380]: DEBUG cotyledon.oslo_config_glue [-] oslo_messaging_rabbit.processname = nova-conductor {{(pid=110380) log_opt_values /opt/stack/data/venv/lib/python3.12/site-packages/oslo_config/cfg.py:3256}}
Jun 04 10:16:50.158212 np0000178532 nova-conductor[110380]: DEBUG cotyledon.oslo_config_glue [-] oslo_messaging_rabbit.rabbit_ha_queues = False {{(pid=110380) log_opt_values /opt/stack/data/venv/lib/python3.12/site-packages/oslo_config/cfg.py:3256}}
Jun 04 10:16:50.158212 np0000178532 nova-conductor[110380]: DEBUG cotyledon.oslo_config_glue [-] oslo_messaging_rabbit.rabbit_interval_max = 30 {{(pid=110380) log_opt_values /opt/stack/data/venv/lib/python3.12/site-packages/oslo_config/cfg.py:3256}}
Jun 04 10:16:50.158458 np0000178532 nova-conductor[110380]: DEBUG cotyledon.oslo_config_glue [-] oslo_messaging_rabbit.rabbit_login_method = AMQPLAIN {{(pid=110380) log_opt_values /opt/stack/data/venv/lib/python3.12/site-packages/oslo_config/cfg.py:3256}}
Jun 04 10:16:50.158458 np0000178532 nova-conductor[110380]: DEBUG cotyledon.oslo_config_glue [-] oslo_messaging_rabbit.rabbit_qos_prefetch_count = 0 {{(pid=110380) log_opt_values /opt/stack/data/venv/lib/python3.12/site-packages/oslo_config/cfg.py:3256}}
Jun 04 10:16:50.158458 np0000178532 nova-conductor[110380]: DEBUG cotyledon.oslo_config_glue [-] oslo_messaging_rabbit.rabbit_quorum_delivery_limit = 0 {{(pid=110380) log_opt_values /opt/stack/data/venv/lib/python3.12/site-packages/oslo_config/cfg.py:3256}}
Jun 04 10:16:50.158458 np0000178532 nova-conductor[110380]: DEBUG cotyledon.oslo_config_glue [-] oslo_messaging_rabbit.rabbit_quorum_max_memory_bytes = 0 {{(pid=110380) log_opt_values /opt/stack/data/venv/lib/python3.12/site-packages/oslo_config/cfg.py:3256}}
Jun 04 10:16:50.158458 np0000178532 nova-conductor[110380]: DEBUG cotyledon.oslo_config_glue [-] oslo_messaging_rabbit.rabbit_quorum_max_memory_length = 0 {{(pid=110380) log_opt_values /opt/stack/data/venv/lib/python3.12/site-packages/oslo_config/cfg.py:3256}}
Jun 04 10:16:50.158458 np0000178532 nova-conductor[110380]: DEBUG cotyledon.oslo_config_glue [-] oslo_messaging_rabbit.rabbit_quorum_queue = False {{(pid=110380) log_opt_values /opt/stack/data/venv/lib/python3.12/site-packages/oslo_config/cfg.py:3256}}
Jun 04 10:16:50.158458 np0000178532 nova-conductor[110380]: DEBUG cotyledon.oslo_config_glue [-] oslo_messaging_rabbit.rabbit_retry_backoff = 2 {{(pid=110380) log_opt_values /opt/stack/data/venv/lib/python3.12/site-packages/oslo_config/cfg.py:3256}}
Jun 04 10:16:50.158458 np0000178532 nova-conductor[110380]: DEBUG cotyledon.oslo_config_glue [-] oslo_messaging_rabbit.rabbit_retry_interval = 1 {{(pid=110380) log_opt_values /opt/stack/data/venv/lib/python3.12/site-packages/oslo_config/cfg.py:3256}}
Jun 04 10:16:50.158665 np0000178532 nova-conductor[110380]: DEBUG cotyledon.oslo_config_glue [-] oslo_messaging_rabbit.rabbit_stream_fanout = False {{(pid=110380) log_opt_values /opt/stack/data/venv/lib/python3.12/site-packages/oslo_config/cfg.py:3256}}
Jun 04 10:16:50.158665 np0000178532 nova-conductor[110380]: DEBUG cotyledon.oslo_config_glue [-] oslo_messaging_rabbit.rabbit_transient_queues_ttl = 1800 {{(pid=110380) log_opt_values /opt/stack/data/venv/lib/python3.12/site-packages/oslo_config/cfg.py:3256}}
Jun 04 10:16:50.158665 np0000178532 nova-conductor[110380]: DEBUG cotyledon.oslo_config_glue [-] oslo_messaging_rabbit.rabbit_transient_quorum_queue = False {{(pid=110380) log_opt_values /opt/stack/data/venv/lib/python3.12/site-packages/oslo_config/cfg.py:3256}}
Jun 04 10:16:50.158665 np0000178532 nova-conductor[110380]: DEBUG cotyledon.oslo_config_glue [-] oslo_messaging_rabbit.rpc_conn_pool_size = 30 {{(pid=110380) log_opt_values /opt/stack/data/venv/lib/python3.12/site-packages/oslo_config/cfg.py:3256}}
Jun 04 10:16:50.158665 np0000178532 nova-conductor[110380]: DEBUG cotyledon.oslo_config_glue [-] oslo_messaging_rabbit.ssl = False {{(pid=110380) log_opt_values /opt/stack/data/venv/lib/python3.12/site-packages/oslo_config/cfg.py:3256}}
Jun 04 10:16:50.158665 np0000178532 nova-conductor[110380]: DEBUG cotyledon.oslo_config_glue [-] oslo_messaging_rabbit.ssl_ca_file = {{(pid=110380) log_opt_values /opt/stack/data/venv/lib/python3.12/site-packages/oslo_config/cfg.py:3256}}
Jun 04 10:16:50.158665 np0000178532 nova-conductor[110380]: DEBUG cotyledon.oslo_config_glue [-] oslo_messaging_rabbit.ssl_cert_file = {{(pid=110380) log_opt_values /opt/stack/data/venv/lib/python3.12/site-packages/oslo_config/cfg.py:3256}}
Jun 04 10:16:50.158665 np0000178532 nova-conductor[110380]: DEBUG cotyledon.oslo_config_glue [-] oslo_messaging_rabbit.ssl_enforce_fips_mode = False {{(pid=110380) log_opt_values /opt/stack/data/venv/lib/python3.12/site-packages/oslo_config/cfg.py:3256}}
Jun 04 10:16:50.158665 np0000178532 nova-conductor[110380]: DEBUG cotyledon.oslo_config_glue [-] oslo_messaging_rabbit.ssl_enforce_hostname_verification = True {{(pid=110380) log_opt_values /opt/stack/data/venv/lib/python3.12/site-packages/oslo_config/cfg.py:3256}}
Jun 04 10:16:50.158887 np0000178532 nova-conductor[110380]: DEBUG cotyledon.oslo_config_glue [-] oslo_messaging_rabbit.ssl_key_file = {{(pid=110380) log_opt_values /opt/stack/data/venv/lib/python3.12/site-packages/oslo_config/cfg.py:3256}}
Jun 04 10:16:50.158887 np0000178532 nova-conductor[110380]: DEBUG cotyledon.oslo_config_glue [-] oslo_messaging_rabbit.ssl_version = {{(pid=110380) log_opt_values /opt/stack/data/venv/lib/python3.12/site-packages/oslo_config/cfg.py:3256}}
Jun 04 10:16:50.158887 np0000178532 nova-conductor[110380]: DEBUG cotyledon.oslo_config_glue [-] oslo_messaging_rabbit.use_queue_manager = False {{(pid=110380) log_opt_values /opt/stack/data/venv/lib/python3.12/site-packages/oslo_config/cfg.py:3256}}
Jun 04 10:16:50.158887 np0000178532 nova-conductor[110380]: DEBUG cotyledon.oslo_config_glue [-] oslo_messaging_notifications.driver = ['messagingv2'] {{(pid=110380) log_opt_values /opt/stack/data/venv/lib/python3.12/site-packages/oslo_config/cfg.py:3256}}
Jun 04 10:16:50.158887 np0000178532 nova-conductor[110380]: DEBUG cotyledon.oslo_config_glue [-] oslo_messaging_notifications.retry = -1 {{(pid=110380) log_opt_values /opt/stack/data/venv/lib/python3.12/site-packages/oslo_config/cfg.py:3256}}
Jun 04 10:16:50.158887 np0000178532 nova-conductor[110380]: DEBUG cotyledon.oslo_config_glue [-] oslo_messaging_notifications.topics = ['notifications'] {{(pid=110380) log_opt_values /opt/stack/data/venv/lib/python3.12/site-packages/oslo_config/cfg.py:3256}}
Jun 04 10:16:50.158887 np0000178532 nova-conductor[110380]: DEBUG cotyledon.oslo_config_glue [-] oslo_messaging_notifications.transport_url = **** {{(pid=110380) log_opt_values /opt/stack/data/venv/lib/python3.12/site-packages/oslo_config/cfg.py:3256}}
Jun 04 10:16:50.158887 np0000178532 nova-conductor[110380]: DEBUG cotyledon.oslo_config_glue [-] oslo_limit.auth_section = None {{(pid=110380) log_opt_values /opt/stack/data/venv/lib/python3.12/site-packages/oslo_config/cfg.py:3256}}
Jun 04 10:16:50.158887 np0000178532 nova-conductor[110380]: DEBUG cotyledon.oslo_config_glue [-] oslo_limit.auth_type = None {{(pid=110380) log_opt_values /opt/stack/data/venv/lib/python3.12/site-packages/oslo_config/cfg.py:3256}}
Jun 04 10:16:50.159101 np0000178532 nova-conductor[110380]: DEBUG cotyledon.oslo_config_glue [-] oslo_limit.cafile = None {{(pid=110380) log_opt_values /opt/stack/data/venv/lib/python3.12/site-packages/oslo_config/cfg.py:3256}}
Jun 04 10:16:50.159101 np0000178532 nova-conductor[110380]: DEBUG cotyledon.oslo_config_glue [-] oslo_limit.certfile = None {{(pid=110380) log_opt_values /opt/stack/data/venv/lib/python3.12/site-packages/oslo_config/cfg.py:3256}}
Jun 04 10:16:50.159101 np0000178532 nova-conductor[110380]: DEBUG cotyledon.oslo_config_glue [-] oslo_limit.collect_timing = False {{(pid=110380) log_opt_values /opt/stack/data/venv/lib/python3.12/site-packages/oslo_config/cfg.py:3256}}
Jun 04 10:16:50.159101 np0000178532 nova-conductor[110380]: DEBUG cotyledon.oslo_config_glue [-] oslo_limit.connect_retries = None {{(pid=110380) log_opt_values /opt/stack/data/venv/lib/python3.12/site-packages/oslo_config/cfg.py:3256}}
Jun 04 10:16:50.159101 np0000178532 nova-conductor[110380]: DEBUG cotyledon.oslo_config_glue [-] oslo_limit.connect_retry_delay = None {{(pid=110380) log_opt_values /opt/stack/data/venv/lib/python3.12/site-packages/oslo_config/cfg.py:3256}}
Jun 04 10:16:50.159101 np0000178532 nova-conductor[110380]: DEBUG cotyledon.oslo_config_glue [-] oslo_limit.endpoint_id = None {{(pid=110380) log_opt_values /opt/stack/data/venv/lib/python3.12/site-packages/oslo_config/cfg.py:3256}}
Jun 04 10:16:50.159101 np0000178532 nova-conductor[110380]: DEBUG cotyledon.oslo_config_glue [-] oslo_limit.endpoint_interface = public {{(pid=110380) log_opt_values /opt/stack/data/venv/lib/python3.12/site-packages/oslo_config/cfg.py:3256}}
Jun 04 10:16:50.159101 np0000178532 nova-conductor[110380]: DEBUG cotyledon.oslo_config_glue [-] oslo_limit.endpoint_override = None {{(pid=110380) log_opt_values /opt/stack/data/venv/lib/python3.12/site-packages/oslo_config/cfg.py:3256}}
Jun 04 10:16:50.159101 np0000178532 nova-conductor[110380]: DEBUG cotyledon.oslo_config_glue [-] oslo_limit.endpoint_region_name = None {{(pid=110380) log_opt_values /opt/stack/data/venv/lib/python3.12/site-packages/oslo_config/cfg.py:3256}}
Jun 04 10:16:50.159388 np0000178532 nova-conductor[110380]: DEBUG cotyledon.oslo_config_glue [-] oslo_limit.endpoint_service_name = None {{(pid=110380) log_opt_values /opt/stack/data/venv/lib/python3.12/site-packages/oslo_config/cfg.py:3256}}
Jun 04 10:16:50.159388 np0000178532 nova-conductor[110380]: DEBUG cotyledon.oslo_config_glue [-] oslo_limit.endpoint_service_type = None {{(pid=110380) log_opt_values /opt/stack/data/venv/lib/python3.12/site-packages/oslo_config/cfg.py:3256}}
Jun 04 10:16:50.159388 np0000178532 nova-conductor[110380]: DEBUG cotyledon.oslo_config_glue [-] oslo_limit.insecure = False {{(pid=110380) log_opt_values /opt/stack/data/venv/lib/python3.12/site-packages/oslo_config/cfg.py:3256}}
Jun 04 10:16:50.159388 np0000178532 nova-conductor[110380]: DEBUG cotyledon.oslo_config_glue [-] oslo_limit.keyfile = None {{(pid=110380) log_opt_values /opt/stack/data/venv/lib/python3.12/site-packages/oslo_config/cfg.py:3256}}
Jun 04 10:16:50.159388 np0000178532 nova-conductor[110380]: DEBUG cotyledon.oslo_config_glue [-] oslo_limit.max_version = None {{(pid=110380) log_opt_values /opt/stack/data/venv/lib/python3.12/site-packages/oslo_config/cfg.py:3256}}
Jun 04 10:16:50.159388 np0000178532 nova-conductor[110380]: DEBUG cotyledon.oslo_config_glue [-] oslo_limit.min_version = None {{(pid=110380) log_opt_values /opt/stack/data/venv/lib/python3.12/site-packages/oslo_config/cfg.py:3256}}
Jun 04 10:16:50.159388 np0000178532 nova-conductor[110380]: DEBUG cotyledon.oslo_config_glue [-] oslo_limit.region_name = None {{(pid=110380) log_opt_values /opt/stack/data/venv/lib/python3.12/site-packages/oslo_config/cfg.py:3256}}
Jun 04 10:16:50.159388 np0000178532 nova-conductor[110380]: DEBUG cotyledon.oslo_config_glue [-] oslo_limit.retriable_status_codes = None {{(pid=110380) log_opt_values /opt/stack/data/venv/lib/python3.12/site-packages/oslo_config/cfg.py:3256}}
Jun 04 10:16:50.159388 np0000178532 nova-conductor[110380]: DEBUG cotyledon.oslo_config_glue [-] oslo_limit.service_name = None {{(pid=110380) log_opt_values /opt/stack/data/venv/lib/python3.12/site-packages/oslo_config/cfg.py:3256}}
Jun 04 10:16:50.159727 np0000178532 nova-conductor[110380]: DEBUG cotyledon.oslo_config_glue [-] oslo_limit.service_type = None {{(pid=110380) log_opt_values /opt/stack/data/venv/lib/python3.12/site-packages/oslo_config/cfg.py:3256}}
Jun 04 10:16:50.159727 np0000178532 nova-conductor[110380]: DEBUG cotyledon.oslo_config_glue [-] oslo_limit.split_loggers = False {{(pid=110380) log_opt_values /opt/stack/data/venv/lib/python3.12/site-packages/oslo_config/cfg.py:3256}}
Jun 04 10:16:50.159727 np0000178532 nova-conductor[110380]: DEBUG cotyledon.oslo_config_glue [-] oslo_limit.status_code_retries = None {{(pid=110380) log_opt_values /opt/stack/data/venv/lib/python3.12/site-packages/oslo_config/cfg.py:3256}}
Jun 04 10:16:50.159727 np0000178532 nova-conductor[110380]: DEBUG cotyledon.oslo_config_glue [-] oslo_limit.status_code_retry_delay = None {{(pid=110380) log_opt_values /opt/stack/data/venv/lib/python3.12/site-packages/oslo_config/cfg.py:3256}}
Jun 04 10:16:50.159727 np0000178532 nova-conductor[110380]: DEBUG cotyledon.oslo_config_glue [-] oslo_limit.timeout = None {{(pid=110380) log_opt_values /opt/stack/data/venv/lib/python3.12/site-packages/oslo_config/cfg.py:3256}}
Jun 04 10:16:50.159727 np0000178532 nova-conductor[110380]: DEBUG cotyledon.oslo_config_glue [-] oslo_limit.valid_interfaces = None {{(pid=110380) log_opt_values /opt/stack/data/venv/lib/python3.12/site-packages/oslo_config/cfg.py:3256}}
Jun 04 10:16:50.159727 np0000178532 nova-conductor[110380]: DEBUG cotyledon.oslo_config_glue [-] oslo_limit.version = None {{(pid=110380) log_opt_values /opt/stack/data/venv/lib/python3.12/site-packages/oslo_config/cfg.py:3256}}
Jun 04 10:16:50.159727 np0000178532 nova-conductor[110380]: DEBUG cotyledon.oslo_config_glue [-] oslo_reports.file_event_handler = None {{(pid=110380) log_opt_values /opt/stack/data/venv/lib/python3.12/site-packages/oslo_config/cfg.py:3256}}
Jun 04 10:16:50.159727 np0000178532 nova-conductor[110380]: DEBUG cotyledon.oslo_config_glue [-] oslo_reports.file_event_handler_interval = 1 {{(pid=110380) log_opt_values /opt/stack/data/venv/lib/python3.12/site-packages/oslo_config/cfg.py:3256}}
Jun 04 10:16:50.160069 np0000178532 nova-conductor[110380]: DEBUG cotyledon.oslo_config_glue [-] oslo_reports.log_dir = None {{(pid=110380) log_opt_values /opt/stack/data/venv/lib/python3.12/site-packages/oslo_config/cfg.py:3256}}
Jun 04 10:16:50.160069 np0000178532 nova-conductor[110380]: DEBUG cotyledon.oslo_config_glue [-] ******************************************************************************** {{(pid=110380) log_opt_values /opt/stack/data/venv/lib/python3.12/site-packages/oslo_config/cfg.py:3263}}
Jun 04 10:16:50.160069 np0000178532 nova-conductor[110380]: DEBUG cotyledon._service_worker [-] Run service ServiceWrapper(3) [110380] {{(pid=110380) wait_forever /opt/stack/data/venv/lib/python3.12/site-packages/cotyledon/_service_worker.py:218}}
Jun 04 10:16:50.160069 np0000178532 nova-conductor[110380]: INFO nova.service [-] Starting conductor node (version 33.1.0)
Jun 04 10:16:50.160069 np0000178532 nova-conductor[110380]: INFO dbcounter [None req-341ea2b7-b9d4-48c8-a89a-365430184bd2 None None] Registered counter for database nova_cell0
Jun 04 10:16:50.169009 np0000178532 nova-conductor[110358]: DEBUG oslo_db.sqlalchemy.engines [None req-f7a73b51-73e7-4890-9d99-469ceb332b49 None None] MySQL server mode set to STRICT_TRANS_TABLES,STRICT_ALL_TABLES,NO_ZERO_IN_DATE,NO_ZERO_DATE,ERROR_FOR_DIVISION_BY_ZERO,TRADITIONAL,NO_ENGINE_SUBSTITUTION {{(pid=110358) _check_effective_sql_mode /opt/stack/data/venv/lib/python3.12/site-packages/oslo_db/sqlalchemy/engines.py:325}}
Jun 04 10:16:50.179234 np0000178532 nova-conductor[110365]: DEBUG oslo_db.sqlalchemy.engines [None req-1155f333-a847-4775-9310-0c17e1dd7748 None None] MySQL server mode set to STRICT_TRANS_TABLES,STRICT_ALL_TABLES,NO_ZERO_IN_DATE,NO_ZERO_DATE,ERROR_FOR_DIVISION_BY_ZERO,TRADITIONAL,NO_ENGINE_SUBSTITUTION {{(pid=110365) _check_effective_sql_mode /opt/stack/data/venv/lib/python3.12/site-packages/oslo_db/sqlalchemy/engines.py:325}}
Jun 04 10:16:50.191154 np0000178532 nova-conductor[110371]: DEBUG oslo_db.sqlalchemy.engines [None req-deb45454-eea7-4b4c-80e4-2f10bde5453f None None] MySQL server mode set to STRICT_TRANS_TABLES,STRICT_ALL_TABLES,NO_ZERO_IN_DATE,NO_ZERO_DATE,ERROR_FOR_DIVISION_BY_ZERO,TRADITIONAL,NO_ENGINE_SUBSTITUTION {{(pid=110371) _check_effective_sql_mode /opt/stack/data/venv/lib/python3.12/site-packages/oslo_db/sqlalchemy/engines.py:325}}
Jun 04 10:16:50.205592 np0000178532 nova-conductor[110358]: DEBUG dbcounter [-] [110358] Writer thread running {{(pid=110358) stat_writer /opt/stack/data/venv/lib/python3.12/site-packages/dbcounter.py:102}}
Jun 04 10:16:50.206260 np0000178532 nova-conductor[110371]: DEBUG dbcounter [-] [110371] Writer thread running {{(pid=110371) stat_writer /opt/stack/data/venv/lib/python3.12/site-packages/dbcounter.py:102}}
Jun 04 10:16:50.206382 np0000178532 nova-conductor[110365]: DEBUG dbcounter [-] [110365] Writer thread running {{(pid=110365) stat_writer /opt/stack/data/venv/lib/python3.12/site-packages/dbcounter.py:102}}
Jun 04 10:16:50.227690 np0000178532 nova-conductor[110380]: DEBUG oslo_db.sqlalchemy.engines [None req-341ea2b7-b9d4-48c8-a89a-365430184bd2 None None] MySQL server mode set to STRICT_TRANS_TABLES,STRICT_ALL_TABLES,NO_ZERO_IN_DATE,NO_ZERO_DATE,ERROR_FOR_DIVISION_BY_ZERO,TRADITIONAL,NO_ENGINE_SUBSTITUTION {{(pid=110380) _check_effective_sql_mode /opt/stack/data/venv/lib/python3.12/site-packages/oslo_db/sqlalchemy/engines.py:325}}
Jun 04 10:16:50.236431 np0000178532 nova-conductor[110371]: DEBUG nova.service [None req-deb45454-eea7-4b4c-80e4-2f10bde5453f None None] Creating RPC server for service: nova-conductor on topic: conductor {{(pid=110371) start /opt/stack/nova/nova/service.py:195}}
Jun 04 10:16:50.238914 np0000178532 nova-conductor[110380]: DEBUG dbcounter [-] [110380] Writer thread running {{(pid=110380) stat_writer /opt/stack/data/venv/lib/python3.12/site-packages/dbcounter.py:102}}
Jun 04 10:16:50.242433 np0000178532 nova-conductor[110380]: DEBUG nova.service [None req-341ea2b7-b9d4-48c8-a89a-365430184bd2 None None] Creating RPC server for service: nova-conductor on topic: conductor {{(pid=110380) start /opt/stack/nova/nova/service.py:195}}
Jun 04 10:16:50.243638 np0000178532 nova-conductor[110358]: DEBUG nova.service [None req-f7a73b51-73e7-4890-9d99-469ceb332b49 None None] Creating RPC server for service: nova-conductor on topic: conductor {{(pid=110358) start /opt/stack/nova/nova/service.py:195}}
Jun 04 10:16:50.244584 np0000178532 nova-conductor[110365]: DEBUG nova.service [None req-1155f333-a847-4775-9310-0c17e1dd7748 None None] Creating RPC server for service: nova-conductor on topic: conductor {{(pid=110365) start /opt/stack/nova/nova/service.py:195}}
Jun 04 10:16:50.273571 np0000178532 nova-conductor[110371]: DEBUG nova.service [None req-deb45454-eea7-4b4c-80e4-2f10bde5453f None None] Join ServiceGroup membership for this service conductor {{(pid=110371) start /opt/stack/nova/nova/service.py:221}}
Jun 04 10:16:50.273776 np0000178532 nova-conductor[110358]: DEBUG nova.service [None req-f7a73b51-73e7-4890-9d99-469ceb332b49 None None] Join ServiceGroup membership for this service conductor {{(pid=110358) start /opt/stack/nova/nova/service.py:221}}
Jun 04 10:16:50.274064 np0000178532 nova-conductor[110358]: DEBUG nova.servicegroup.drivers.db [None req-f7a73b51-73e7-4890-9d99-469ceb332b49 None None] DB_Driver: join new ServiceGroup member np0000178532 to the conductor group, service = {{(pid=110358) join /opt/stack/nova/nova/servicegroup/drivers/db.py:44}}
Jun 04 10:16:50.274124 np0000178532 nova-conductor[110371]: DEBUG nova.servicegroup.drivers.db [None req-deb45454-eea7-4b4c-80e4-2f10bde5453f None None] DB_Driver: join new ServiceGroup member np0000178532 to the conductor group, service = {{(pid=110371) join /opt/stack/nova/nova/servicegroup/drivers/db.py:44}}
Jun 04 10:16:50.281601 np0000178532 nova-conductor[110380]: DEBUG nova.service [None req-341ea2b7-b9d4-48c8-a89a-365430184bd2 None None] Join ServiceGroup membership for this service conductor {{(pid=110380) start /opt/stack/nova/nova/service.py:221}}
Jun 04 10:16:50.282059 np0000178532 nova-conductor[110380]: DEBUG nova.servicegroup.drivers.db [None req-341ea2b7-b9d4-48c8-a89a-365430184bd2 None None] DB_Driver: join new ServiceGroup member np0000178532 to the conductor group, service = {{(pid=110380) join /opt/stack/nova/nova/servicegroup/drivers/db.py:44}}
Jun 04 10:16:50.284650 np0000178532 nova-conductor[110365]: DEBUG nova.service [None req-1155f333-a847-4775-9310-0c17e1dd7748 None None] Join ServiceGroup membership for this service conductor {{(pid=110365) start /opt/stack/nova/nova/service.py:221}}
Jun 04 10:16:50.284931 np0000178532 nova-conductor[110365]: DEBUG nova.servicegroup.drivers.db [None req-1155f333-a847-4775-9310-0c17e1dd7748 None None] DB_Driver: join new ServiceGroup member np0000178532 to the conductor group, service = {{(pid=110365) join /opt/stack/nova/nova/servicegroup/drivers/db.py:44}}
Jun 04 10:16:55.300290 np0000178532 nova-conductor[110371]: DEBUG oslo.service.backend._threading.loopingcall [-] Fixed interval looping call 'nova.servicegroup.drivers.db.DbDriver._report_state' sleeping for 119.98 seconds {{(pid=110371) _run_loop /opt/stack/data/venv/lib/python3.12/site-packages/oslo_service/backend/_threading/loopingcall.py:125}}
Jun 04 10:16:55.300747 np0000178532 nova-conductor[110358]: DEBUG oslo.service.backend._threading.loopingcall [-] Fixed interval looping call 'nova.servicegroup.drivers.db.DbDriver._report_state' sleeping for 119.98 seconds {{(pid=110358) _run_loop /opt/stack/data/venv/lib/python3.12/site-packages/oslo_service/backend/_threading/loopingcall.py:125}}
Jun 04 10:16:55.301067 np0000178532 nova-conductor[110380]: DEBUG oslo.service.backend._threading.loopingcall [-] Fixed interval looping call 'nova.servicegroup.drivers.db.DbDriver._report_state' sleeping for 119.98 seconds {{(pid=110380) _run_loop /opt/stack/data/venv/lib/python3.12/site-packages/oslo_service/backend/_threading/loopingcall.py:125}}
Jun 04 10:16:55.302891 np0000178532 nova-conductor[110365]: DEBUG oslo.service.backend._threading.loopingcall [-] Fixed interval looping call 'nova.servicegroup.drivers.db.DbDriver._report_state' sleeping for 119.98 seconds {{(pid=110365) _run_loop /opt/stack/data/venv/lib/python3.12/site-packages/oslo_service/backend/_threading/loopingcall.py:125}}
Jun 04 10:16:58.278066 np0000178532 nova-conductor[110358]: DEBUG oslo.service.backend._threading.loopingcall [None req-ed0a4309-3886-4af1-b1fc-ba84f5dd063a None None] Dynamic interval looping call 'nova.service.Service.periodic_tasks' sleeping for 60.00 seconds {{(pid=110358) _run_loop /opt/stack/data/venv/lib/python3.12/site-packages/oslo_service/backend/_threading/loopingcall.py:125}}
Jun 04 10:16:58.677374 np0000178532 nova-conductor[109600]: DEBUG dbcounter [-] [109600] Writing DB stats nova_api:SELECT=1 {{(pid=109600) stat_writer /opt/stack/data/venv/lib/python3.12/site-packages/dbcounter.py:115}}
Jun 04 10:16:58.861478 np0000178532 nova-conductor[109600]: DEBUG dbcounter [-] [109600] Writing DB stats nova_cell1:SELECT=1 {{(pid=109600) stat_writer /opt/stack/data/venv/lib/python3.12/site-packages/dbcounter.py:115}}
Jun 04 10:16:58.868794 np0000178532 nova-conductor[109600]: DEBUG dbcounter [-] [109600] Writing DB stats nova_cell0:SELECT=1 {{(pid=109600) stat_writer /opt/stack/data/venv/lib/python3.12/site-packages/dbcounter.py:115}}
Jun 04 10:17:01.292951 np0000178532 nova-conductor[110365]: DEBUG oslo.service.backend._threading.loopingcall [None req-4afabde9-89fd-4fa1-ae79-cee9d8d671b4 None None] Dynamic interval looping call 'nova.service.Service.periodic_tasks' sleeping for 60.00 seconds {{(pid=110365) _run_loop /opt/stack/data/venv/lib/python3.12/site-packages/oslo_service/backend/_threading/loopingcall.py:125}}
Jun 04 10:17:05.293787 np0000178532 nova-conductor[110371]: DEBUG dbcounter [-] [110371] Writing DB stats nova_cell0:SELECT=4,nova_cell0:INSERT=1,nova_cell0:UPDATE=1 {{(pid=110371) stat_writer /opt/stack/data/venv/lib/python3.12/site-packages/dbcounter.py:115}}
Jun 04 10:17:05.294677 np0000178532 nova-conductor[110358]: DEBUG dbcounter [-] [110358] Writing DB stats nova_cell0:SELECT=5,nova_cell0:INSERT=1,nova_cell0:UPDATE=1 {{(pid=110358) stat_writer /opt/stack/data/venv/lib/python3.12/site-packages/dbcounter.py:115}}
Jun 04 10:17:05.299811 np0000178532 nova-conductor[110380]: DEBUG dbcounter [-] [110380] Writing DB stats nova_cell0:SELECT=3,nova_cell0:UPDATE=1 {{(pid=110380) stat_writer /opt/stack/data/venv/lib/python3.12/site-packages/dbcounter.py:115}}
Jun 04 10:17:05.302239 np0000178532 nova-conductor[110365]: DEBUG dbcounter [-] [110365] Writing DB stats nova_cell0:SELECT=5,nova_cell0:INSERT=1,nova_cell0:UPDATE=1 {{(pid=110365) stat_writer /opt/stack/data/venv/lib/python3.12/site-packages/dbcounter.py:115}}
Jun 04 10:17:06.277563 np0000178532 nova-conductor[110371]: DEBUG oslo.service.backend._threading.loopingcall [None req-9d46c961-d082-4226-8971-bcd220a8aefc None None] Dynamic interval looping call 'nova.service.Service.periodic_tasks' sleeping for 60.00 seconds {{(pid=110371) _run_loop /opt/stack/data/venv/lib/python3.12/site-packages/oslo_service/backend/_threading/loopingcall.py:125}}
Jun 04 10:17:47.286720 np0000178532 nova-conductor[110380]: DEBUG oslo.service.backend._threading.loopingcall [None req-e778d2fa-a5ed-40c9-843c-6923338afc11 None None] Dynamic interval looping call 'nova.service.Service.periodic_tasks' sleeping for 60.00 seconds {{(pid=110380) _run_loop /opt/stack/data/venv/lib/python3.12/site-packages/oslo_service/backend/_threading/loopingcall.py:125}}
Jun 04 10:17:58.278687 np0000178532 nova-conductor[110358]: DEBUG oslo.service.backend._threading.loopingcall [None req-ed0a4309-3886-4af1-b1fc-ba84f5dd063a None None] Dynamic interval looping call 'nova.service.Service.periodic_tasks' sleeping for 60.00 seconds {{(pid=110358) _run_loop /opt/stack/data/venv/lib/python3.12/site-packages/oslo_service/backend/_threading/loopingcall.py:125}}
Jun 04 10:18:01.293900 np0000178532 nova-conductor[110365]: DEBUG oslo.service.backend._threading.loopingcall [None req-4afabde9-89fd-4fa1-ae79-cee9d8d671b4 None None] Dynamic interval looping call 'nova.service.Service.periodic_tasks' sleeping for 60.00 seconds {{(pid=110365) _run_loop /opt/stack/data/venv/lib/python3.12/site-packages/oslo_service/backend/_threading/loopingcall.py:125}}
Jun 04 10:18:06.278698 np0000178532 nova-conductor[110371]: DEBUG oslo.service.backend._threading.loopingcall [None req-9d46c961-d082-4226-8971-bcd220a8aefc None None] Dynamic interval looping call 'nova.service.Service.periodic_tasks' sleeping for 60.00 seconds {{(pid=110371) _run_loop /opt/stack/data/venv/lib/python3.12/site-packages/oslo_service/backend/_threading/loopingcall.py:125}}
Jun 04 10:18:47.287650 np0000178532 nova-conductor[110380]: DEBUG oslo.service.backend._threading.loopingcall [None req-e778d2fa-a5ed-40c9-843c-6923338afc11 None None] Dynamic interval looping call 'nova.service.Service.periodic_tasks' sleeping for 60.00 seconds {{(pid=110380) _run_loop /opt/stack/data/venv/lib/python3.12/site-packages/oslo_service/backend/_threading/loopingcall.py:125}}
Jun 04 10:18:55.296525 np0000178532 nova-conductor[110371]: DEBUG oslo.service.backend._threading.loopingcall [-] Fixed interval looping call 'nova.servicegroup.drivers.db.DbDriver._report_state' sleeping for 119.98 seconds {{(pid=110371) _run_loop /opt/stack/data/venv/lib/python3.12/site-packages/oslo_service/backend/_threading/loopingcall.py:125}}
Jun 04 10:18:55.297239 np0000178532 nova-conductor[110380]: DEBUG oslo.service.backend._threading.loopingcall [-] Fixed interval looping call 'nova.servicegroup.drivers.db.DbDriver._report_state' sleeping for 119.98 seconds {{(pid=110380) _run_loop /opt/stack/data/venv/lib/python3.12/site-packages/oslo_service/backend/_threading/loopingcall.py:125}}
Jun 04 10:18:55.297632 np0000178532 nova-conductor[110358]: DEBUG oslo.service.backend._threading.loopingcall [-] Fixed interval looping call 'nova.servicegroup.drivers.db.DbDriver._report_state' sleeping for 119.98 seconds {{(pid=110358) _run_loop /opt/stack/data/venv/lib/python3.12/site-packages/oslo_service/backend/_threading/loopingcall.py:125}}
Jun 04 10:18:55.299315 np0000178532 nova-conductor[110365]: DEBUG oslo.service.backend._threading.loopingcall [-] Fixed interval looping call 'nova.servicegroup.drivers.db.DbDriver._report_state' sleeping for 119.98 seconds {{(pid=110365) _run_loop /opt/stack/data/venv/lib/python3.12/site-packages/oslo_service/backend/_threading/loopingcall.py:125}}
Jun 04 10:18:58.280135 np0000178532 nova-conductor[110358]: DEBUG oslo.service.backend._threading.loopingcall [None req-ed0a4309-3886-4af1-b1fc-ba84f5dd063a None None] Dynamic interval looping call 'nova.service.Service.periodic_tasks' sleeping for 60.00 seconds {{(pid=110358) _run_loop /opt/stack/data/venv/lib/python3.12/site-packages/oslo_service/backend/_threading/loopingcall.py:125}}
Jun 04 10:19:01.296913 np0000178532 nova-conductor[110365]: DEBUG oslo.service.backend._threading.loopingcall [None req-4afabde9-89fd-4fa1-ae79-cee9d8d671b4 None None] Dynamic interval looping call 'nova.service.Service.periodic_tasks' sleeping for 60.00 seconds {{(pid=110365) _run_loop /opt/stack/data/venv/lib/python3.12/site-packages/oslo_service/backend/_threading/loopingcall.py:125}}
Jun 04 10:19:05.288879 np0000178532 nova-conductor[110371]: DEBUG dbcounter [-] [110371] Writing DB stats nova_cell0:SELECT=1,nova_cell0:UPDATE=1 {{(pid=110371) stat_writer /opt/stack/data/venv/lib/python3.12/site-packages/dbcounter.py:115}}
Jun 04 10:19:05.289515 np0000178532 nova-conductor[110358]: DEBUG dbcounter [-] [110358] Writing DB stats nova_cell0:SELECT=1,nova_cell0:UPDATE=1 {{(pid=110358) stat_writer /opt/stack/data/venv/lib/python3.12/site-packages/dbcounter.py:115}}
Jun 04 10:19:05.289904 np0000178532 nova-conductor[110380]: DEBUG dbcounter [-] [110380] Writing DB stats nova_cell0:SELECT=1,nova_cell0:UPDATE=1 {{(pid=110380) stat_writer /opt/stack/data/venv/lib/python3.12/site-packages/dbcounter.py:115}}
Jun 04 10:19:05.290341 np0000178532 nova-conductor[110365]: DEBUG dbcounter [-] [110365] Writing DB stats nova_cell0:SELECT=1,nova_cell0:UPDATE=1 {{(pid=110365) stat_writer /opt/stack/data/venv/lib/python3.12/site-packages/dbcounter.py:115}}
Jun 04 10:19:06.279164 np0000178532 nova-conductor[110371]: DEBUG oslo.service.backend._threading.loopingcall [None req-9d46c961-d082-4226-8971-bcd220a8aefc None None] Dynamic interval looping call 'nova.service.Service.periodic_tasks' sleeping for 60.00 seconds {{(pid=110371) _run_loop /opt/stack/data/venv/lib/python3.12/site-packages/oslo_service/backend/_threading/loopingcall.py:125}}
Jun 04 10:19:47.289719 np0000178532 nova-conductor[110380]: DEBUG oslo.service.backend._threading.loopingcall [None req-e778d2fa-a5ed-40c9-843c-6923338afc11 None None] Dynamic interval looping call 'nova.service.Service.periodic_tasks' sleeping for 60.00 seconds {{(pid=110380) _run_loop /opt/stack/data/venv/lib/python3.12/site-packages/oslo_service/backend/_threading/loopingcall.py:125}}
Jun 04 10:19:58.281149 np0000178532 nova-conductor[110358]: DEBUG oslo.service.backend._threading.loopingcall [None req-ed0a4309-3886-4af1-b1fc-ba84f5dd063a None None] Dynamic interval looping call 'nova.service.Service.periodic_tasks' sleeping for 60.00 seconds {{(pid=110358) _run_loop /opt/stack/data/venv/lib/python3.12/site-packages/oslo_service/backend/_threading/loopingcall.py:125}}
Jun 04 10:20:01.297630 np0000178532 nova-conductor[110365]: DEBUG oslo.service.backend._threading.loopingcall [None req-4afabde9-89fd-4fa1-ae79-cee9d8d671b4 None None] Dynamic interval looping call 'nova.service.Service.periodic_tasks' sleeping for 60.00 seconds {{(pid=110365) _run_loop /opt/stack/data/venv/lib/python3.12/site-packages/oslo_service/backend/_threading/loopingcall.py:125}}
Jun 04 10:20:06.877690 np0000178532 nova-conductor[110371]: DEBUG oslo.service.backend._threading.loopingcall [None req-9d46c961-d082-4226-8971-bcd220a8aefc None None] Dynamic interval looping call 'nova.service.Service.periodic_tasks' sleeping for 60.00 seconds {{(pid=110371) _run_loop /opt/stack/data/venv/lib/python3.12/site-packages/oslo_service/backend/_threading/loopingcall.py:125}}
Jun 04 10:20:47.290641 np0000178532 nova-conductor[110380]: DEBUG oslo.service.backend._threading.loopingcall [None req-e778d2fa-a5ed-40c9-843c-6923338afc11 None None] Dynamic interval looping call 'nova.service.Service.periodic_tasks' sleeping for 60.00 seconds {{(pid=110380) _run_loop /opt/stack/data/venv/lib/python3.12/site-packages/oslo_service/backend/_threading/loopingcall.py:125}}
Jun 04 10:20:55.287967 np0000178532 nova-conductor[110371]: DEBUG oslo.service.backend._threading.loopingcall [-] Fixed interval looping call 'nova.servicegroup.drivers.db.DbDriver._report_state' sleeping for 119.99 seconds {{(pid=110371) _run_loop /opt/stack/data/venv/lib/python3.12/site-packages/oslo_service/backend/_threading/loopingcall.py:125}}
Jun 04 10:20:55.288446 np0000178532 nova-conductor[110358]: DEBUG oslo.service.backend._threading.loopingcall [-] Fixed interval looping call 'nova.servicegroup.drivers.db.DbDriver._report_state' sleeping for 119.99 seconds {{(pid=110358) _run_loop /opt/stack/data/venv/lib/python3.12/site-packages/oslo_service/backend/_threading/loopingcall.py:125}}
Jun 04 10:20:55.289075 np0000178532 nova-conductor[110380]: DEBUG oslo.service.backend._threading.loopingcall [-] Fixed interval looping call 'nova.servicegroup.drivers.db.DbDriver._report_state' sleeping for 119.99 seconds {{(pid=110380) _run_loop /opt/stack/data/venv/lib/python3.12/site-packages/oslo_service/backend/_threading/loopingcall.py:125}}
Jun 04 10:20:55.290419 np0000178532 nova-conductor[110365]: DEBUG oslo.service.backend._threading.loopingcall [-] Fixed interval looping call 'nova.servicegroup.drivers.db.DbDriver._report_state' sleeping for 119.99 seconds {{(pid=110365) _run_loop /opt/stack/data/venv/lib/python3.12/site-packages/oslo_service/backend/_threading/loopingcall.py:125}}
Jun 04 10:20:58.281705 np0000178532 nova-conductor[110358]: DEBUG oslo.service.backend._threading.loopingcall [None req-ed0a4309-3886-4af1-b1fc-ba84f5dd063a None None] Dynamic interval looping call 'nova.service.Service.periodic_tasks' sleeping for 60.00 seconds {{(pid=110358) _run_loop /opt/stack/data/venv/lib/python3.12/site-packages/oslo_service/backend/_threading/loopingcall.py:125}}
Jun 04 10:21:01.298341 np0000178532 nova-conductor[110365]: DEBUG oslo.service.backend._threading.loopingcall [None req-4afabde9-89fd-4fa1-ae79-cee9d8d671b4 None None] Dynamic interval looping call 'nova.service.Service.periodic_tasks' sleeping for 60.00 seconds {{(pid=110365) _run_loop /opt/stack/data/venv/lib/python3.12/site-packages/oslo_service/backend/_threading/loopingcall.py:125}}