May 09 13:46:40.391982 np0000173158 devstack@neutron-api.service[103494]: DEBUG ovsdbapp.backend.ovs_idl [None req-f662f091-198f-4f55-9c33-d267537bc4af None None] Created schema index Mirror.name {{(pid=103494) autocreate_indices /opt/stack/data/venv/lib/python3.12/site-packages/ovsdbapp/backend/ovs_idl/__init__.py:106}}
May 09 13:46:40.391982 np0000173158 devstack@neutron-api.service[103494]: DEBUG ovsdbapp.backend.ovs_idl [None req-f662f091-198f-4f55-9c33-d267537bc4af None None] Created schema index Chassis_Template_Var.chassis {{(pid=103494) autocreate_indices /opt/stack/data/venv/lib/python3.12/site-packages/ovsdbapp/backend/ovs_idl/__init__.py:106}}
May 09 13:46:40.392292 np0000173158 devstack@neutron-api.service[103494]: DEBUG ovsdbapp.backend.ovs_idl [None req-f662f091-198f-4f55-9c33-d267537bc4af None None] Created schema index Logical_Router_Port.name {{(pid=103494) autocreate_indices /opt/stack/data/venv/lib/python3.12/site-packages/ovsdbapp/backend/ovs_idl/__init__.py:106}}
May 09 13:46:40.392292 np0000173158 devstack@neutron-api.service[103494]: DEBUG ovsdbapp.backend.ovs_idl [None req-f662f091-198f-4f55-9c33-d267537bc4af None None] Created schema index Port_Group.name {{(pid=103494) autocreate_indices /opt/stack/data/venv/lib/python3.12/site-packages/ovsdbapp/backend/ovs_idl/__init__.py:106}}
May 09 13:46:40.392292 np0000173158 devstack@neutron-api.service[103494]: DEBUG ovsdbapp.backend.ovs_idl [None req-f662f091-198f-4f55-9c33-d267537bc4af None None] Created schema index Logical_Switch_Port.name {{(pid=103494) autocreate_indices /opt/stack/data/venv/lib/python3.12/site-packages/ovsdbapp/backend/ovs_idl/__init__.py:106}}
May 09 13:46:40.396633 np0000173158 devstack@neutron-api.service[103494]: INFO ovsdbapp.backend.ovs_idl.vlog [None req-f662f091-198f-4f55-9c33-d267537bc4af None None] ssl:199.204.45.116:6641: connecting...
May 09 13:46:40.399005 np0000173158 devstack@neutron-api.service[103494]: INFO ovsdbapp.backend.ovs_idl.vlog [None req-f662f091-198f-4f55-9c33-d267537bc4af None None] ssl:199.204.45.116:6641: connected
May 09 13:46:40.405249 np0000173158 devstack@neutron-api.service[103491]: DEBUG ovsdbapp.backend.ovs_idl [None req-47accdf7-ed73-4fce-b03a-00eda5b04f4d None None] Created lookup_table index Chassis.name {{(pid=103491) autocreate_indices /opt/stack/data/venv/lib/python3.12/site-packages/ovsdbapp/backend/ovs_idl/__init__.py:87}}
May 09 13:46:40.405353 np0000173158 devstack@neutron-api.service[103491]: DEBUG ovsdbapp.backend.ovs_idl [None req-47accdf7-ed73-4fce-b03a-00eda5b04f4d None None] Created lookup_table index Port_Binding.logical_port {{(pid=103491) autocreate_indices /opt/stack/data/venv/lib/python3.12/site-packages/ovsdbapp/backend/ovs_idl/__init__.py:87}}
May 09 13:46:40.405472 np0000173158 devstack@neutron-api.service[103491]: DEBUG ovsdbapp.backend.ovs_idl [None req-47accdf7-ed73-4fce-b03a-00eda5b04f4d None None] Created schema index Chassis_Private.name {{(pid=103491) autocreate_indices /opt/stack/data/venv/lib/python3.12/site-packages/ovsdbapp/backend/ovs_idl/__init__.py:106}}
May 09 13:46:40.405565 np0000173158 devstack@neutron-api.service[103491]: DEBUG ovsdbapp.backend.ovs_idl [None req-47accdf7-ed73-4fce-b03a-00eda5b04f4d None None] Created schema index Datapath_Binding.tunnel_key {{(pid=103491) autocreate_indices /opt/stack/data/venv/lib/python3.12/site-packages/ovsdbapp/backend/ovs_idl/__init__.py:106}}
May 09 13:46:40.407759 np0000173158 devstack@neutron-api.service[103491]: INFO ovsdbapp.backend.ovs_idl.vlog [None req-47accdf7-ed73-4fce-b03a-00eda5b04f4d None None] ssl:199.204.45.116:6642: connecting...
May 09 13:46:40.415328 np0000173158 devstack@neutron-api.service[103491]: INFO ovsdbapp.backend.ovs_idl.vlog [None req-47accdf7-ed73-4fce-b03a-00eda5b04f4d None None] ssl:199.204.45.116:6642: connected
May 09 13:46:40.416338 np0000173158 devstack@neutron-api.service[103493]: DEBUG ovsdbapp.backend.ovs_idl [None req-4f504399-b6c8-4532-ab52-423e659cfa1d None None] Created lookup_table index Chassis.name {{(pid=103493) autocreate_indices /opt/stack/data/venv/lib/python3.12/site-packages/ovsdbapp/backend/ovs_idl/__init__.py:87}}
May 09 13:46:40.416497 np0000173158 devstack@neutron-api.service[103493]: DEBUG ovsdbapp.backend.ovs_idl [None req-4f504399-b6c8-4532-ab52-423e659cfa1d None None] Created lookup_table index Port_Binding.logical_port {{(pid=103493) autocreate_indices /opt/stack/data/venv/lib/python3.12/site-packages/ovsdbapp/backend/ovs_idl/__init__.py:87}}
May 09 13:46:40.416581 np0000173158 devstack@neutron-api.service[103493]: DEBUG ovsdbapp.backend.ovs_idl [None req-4f504399-b6c8-4532-ab52-423e659cfa1d None None] Created schema index Chassis_Private.name {{(pid=103493) autocreate_indices /opt/stack/data/venv/lib/python3.12/site-packages/ovsdbapp/backend/ovs_idl/__init__.py:106}}
May 09 13:46:40.416678 np0000173158 devstack@neutron-api.service[103493]: DEBUG ovsdbapp.backend.ovs_idl [None req-4f504399-b6c8-4532-ab52-423e659cfa1d None None] Created schema index Datapath_Binding.tunnel_key {{(pid=103493) autocreate_indices /opt/stack/data/venv/lib/python3.12/site-packages/ovsdbapp/backend/ovs_idl/__init__.py:106}}
May 09 13:46:40.418815 np0000173158 devstack@neutron-api.service[103493]: INFO ovsdbapp.backend.ovs_idl.vlog [None req-4f504399-b6c8-4532-ab52-423e659cfa1d None None] ssl:199.204.45.116:6642: connecting...
May 09 13:46:40.423370 np0000173158 devstack@neutron-api.service[103493]: INFO ovsdbapp.backend.ovs_idl.vlog [None req-4f504399-b6c8-4532-ab52-423e659cfa1d None None] ssl:199.204.45.116:6642: connected
May 09 13:46:40.431941 np0000173158 devstack@neutron-api.service[103494]: DEBUG neutron.common.ovn.hash_ring_manager [None req-f662f091-198f-4f55-9c33-d267537bc4af None None] Allow caching, nodes 4>=4 {{(pid=103494) _wait_startup_before_caching /opt/stack/neutron/neutron/common/ovn/hash_ring_manager.py:65}}
May 09 13:46:40.437057 np0000173158 devstack@neutron-api.service[103494]: DEBUG neutron.common.ovn.hash_ring_manager [None req-f662f091-198f-4f55-9c33-d267537bc4af None None] Hash Ring loaded. 4 active nodes. 0 offline nodes {{(pid=103494) _load_hash_ring /opt/stack/neutron/neutron/common/ovn/hash_ring_manager.py:102}}
May 09 13:46:40.437390 np0000173158 devstack@neutron-api.service[103494]: DEBUG neutron.plugins.ml2.drivers.ovn.mech_driver.ovsdb.ovsdb_monitor [None req-f662f091-198f-4f55-9c33-d267537bc4af None None] Hash Ring: Node 00490973f6945c89a323f764d329e542 (host: np0000173158) handling event "create" for row 16be98d3-eaf2-4b10-9720-b609ccb95bb9 (table: Connection) {{(pid=103494) notify /opt/stack/neutron/neutron/plugins/ml2/drivers/ovn/mech_driver/ovsdb/ovsdb_monitor.py:942}}
May 09 13:46:40.438863 np0000173158 devstack@neutron-api.service[103494]: INFO neutron.plugins.ml2.drivers.ovn.mech_driver.ovsdb.impl_idl_ovn [None req-f662f091-198f-4f55-9c33-d267537bc4af None None] Getting OvsdbSbOvnIdl for WorkerService with retry
May 09 13:46:40.445297 np0000173158 devstack@neutron-api.service[103491]: DEBUG neutron.common.ovn.hash_ring_manager [None req-47accdf7-ed73-4fce-b03a-00eda5b04f4d None None] Allow caching, nodes 4>=4 {{(pid=103491) _wait_startup_before_caching /opt/stack/neutron/neutron/common/ovn/hash_ring_manager.py:65}}
May 09 13:46:40.448933 np0000173158 devstack@neutron-api.service[103491]: DEBUG neutron.common.ovn.hash_ring_manager [None req-47accdf7-ed73-4fce-b03a-00eda5b04f4d None None] Hash Ring loaded. 4 active nodes. 0 offline nodes {{(pid=103491) _load_hash_ring /opt/stack/neutron/neutron/common/ovn/hash_ring_manager.py:102}}
May 09 13:46:40.449066 np0000173158 devstack@neutron-api.service[103491]: DEBUG neutron.plugins.ml2.drivers.ovn.mech_driver.ovsdb.ovsdb_monitor [None req-47accdf7-ed73-4fce-b03a-00eda5b04f4d None None] Hash Ring: Node 9fda6606361f5bcaabbce619fefef8ea (host: np0000173158) handling event "create" for row 010ab64f-f598-4c0c-8785-ec409b6fca78 (table: Chassis) {{(pid=103491) notify /opt/stack/neutron/neutron/plugins/ml2/drivers/ovn/mech_driver/ovsdb/ovsdb_monitor.py:942}}
May 09 13:46:40.450719 np0000173158 devstack@neutron-api.service[103491]: DEBUG ovsdbapp.backend.ovs_idl.event [None req-47accdf7-ed73-4fce-b03a-00eda5b04f4d None None] Matched CREATE: ChassisBandwidthConfigEvent(events=('create', 'update'), table='Chassis', conditions=None, old_conditions=None), priority=20 to row=Chassis(uuid=010ab64f-f598-4c0c-8785-ec409b6fca78, encaps=[6572899b-06a1-4c1e-adc5-c9e63c5f475a], external_ids={}, hostname='np0000173158', name='5bcbc18b-dab9-4338-88b2-a33bb8bed7da', nb_cfg=0, other_config={'ct-commit-nat-v2': 'true', 'ct-commit-to-zone': 'true', 'ct-next-zone': 'true', 'ct-no-masked-label': 'true', 'ct-state-save': 'true', 'datapath-type': 'system', 'fdb-timestamp': 'true', 'iface-types': 'afxdp,afxdp-nonpmd,bareudp,erspan,geneve,gre,gtpu,internal,ip6erspan,ip6gre,lisp,patch,srv6,stt,system,tap,vxlan', 'is-interconn': 'false', 'ls-dpg-column': 'true', 'mac-binding-timestamp': 'true', 'ovn-bridge-mappings': 'public:br-ex', 'ovn-chassis-mac-mappings': '', 'ovn-cms-options': 'enable-chassis-as-gw', 'ovn-ct-lb-related': 'true', 'ovn-enable-lflow-cache': 'true', 'ovn-limit-lflow-cache': '', 'ovn-memlimit-lflow-cache-kb': '', 'ovn-monitor-all': 'false', 'ovn-trim-limit-lflow-cache': '', 'ovn-trim-timeout-ms': '', 'ovn-trim-wmark-perc-lflow-cache': '', 'port-up-notif': 'true'}, transport_zones=[], vtep_logical_switches=[]) old= {{(pid=103491) matches /opt/stack/data/venv/lib/python3.12/site-packages/ovsdbapp/backend/ovs_idl/event.py:55}}
May 09 13:46:40.450719 np0000173158 devstack@neutron-api.service[103491]: DEBUG neutron.plugins.ml2.drivers.ovn.mech_driver.ovsdb.ovsdb_monitor [None req-47accdf7-ed73-4fce-b03a-00eda5b04f4d None None] ChassisAgentWriteEvent : Matched Chassis_Private, create, None None {{(pid=103491) matches /opt/stack/neutron/neutron/plugins/ml2/drivers/ovn/mech_driver/ovsdb/ovsdb_monitor.py:64}}
May 09 13:46:40.450914 np0000173158 devstack@neutron-api.service[103491]: DEBUG neutron.plugins.ml2.drivers.ovn.mech_driver.ovsdb.ovsdb_monitor [None req-47accdf7-ed73-4fce-b03a-00eda5b04f4d None None] ChassisOVNAgentWriteEvent : Matched Chassis_Private, create, None None {{(pid=103491) matches /opt/stack/neutron/neutron/plugins/ml2/drivers/ovn/mech_driver/ovsdb/ovsdb_monitor.py:64}}
May 09 13:46:40.450999 np0000173158 devstack@neutron-api.service[103493]: DEBUG neutron.common.ovn.hash_ring_manager [None req-4f504399-b6c8-4532-ab52-423e659cfa1d None None] Allow caching, nodes 4>=4 {{(pid=103493) _wait_startup_before_caching /opt/stack/neutron/neutron/common/ovn/hash_ring_manager.py:65}}
May 09 13:46:40.451123 np0000173158 devstack@neutron-api.service[103491]: DEBUG neutron.plugins.ml2.drivers.ovn.mech_driver.ovsdb.ovsdb_monitor [None req-47accdf7-ed73-4fce-b03a-00eda5b04f4d None None] Hash Ring: Node 9fda6606361f5bcaabbce619fefef8ea (host: np0000173158) handling event "create" for row 4402ea21-39f2-4d06-b46b-96ace0ddb3b3 (table: Chassis_Private) {{(pid=103491) notify /opt/stack/neutron/neutron/plugins/ml2/drivers/ovn/mech_driver/ovsdb/ovsdb_monitor.py:942}}
May 09 13:46:40.452396 np0000173158 devstack@neutron-api.service[103491]: INFO neutron.plugins.ml2.drivers.ovn.mech_driver.mech_driver [None req-47accdf7-ed73-4fce-b03a-00eda5b04f4d None None] WorkerService process has finished the post initialization
May 09 13:46:40.453236 np0000173158 devstack@neutron-api.service[103491]: INFO neutron.plugins.ml2.drivers.ovn.mech_driver.ovsdb.extensions.qos [-] Starting OVNClientQosExtension
May 09 13:46:40.453467 np0000173158 devstack@neutron-api.service[103491]: INFO neutron.plugins.ml2.drivers.ovn.mech_driver.ovsdb.extensions.placement [-] Starting OVNClientPlacementExtension
May 09 13:46:40.454141 np0000173158 devstack@neutron-api.service[103493]: DEBUG neutron.common.ovn.hash_ring_manager [None req-4f504399-b6c8-4532-ab52-423e659cfa1d None None] Hash Ring loaded. 4 active nodes. 0 offline nodes {{(pid=103493) _load_hash_ring /opt/stack/neutron/neutron/common/ovn/hash_ring_manager.py:102}}
May 09 13:46:40.454322 np0000173158 devstack@neutron-api.service[103493]: DEBUG neutron.plugins.ml2.drivers.ovn.mech_driver.ovsdb.ovsdb_monitor [None req-4f504399-b6c8-4532-ab52-423e659cfa1d None None] ChassisOVNAgentWriteEvent : Matched Chassis_Private, create, None None {{(pid=103493) matches /opt/stack/neutron/neutron/plugins/ml2/drivers/ovn/mech_driver/ovsdb/ovsdb_monitor.py:64}}
May 09 13:46:40.454430 np0000173158 devstack@neutron-api.service[103493]: DEBUG neutron.plugins.ml2.drivers.ovn.mech_driver.ovsdb.ovsdb_monitor [None req-4f504399-b6c8-4532-ab52-423e659cfa1d None None] ChassisAgentWriteEvent : Matched Chassis_Private, create, None None {{(pid=103493) matches /opt/stack/neutron/neutron/plugins/ml2/drivers/ovn/mech_driver/ovsdb/ovsdb_monitor.py:64}}
May 09 13:46:40.454763 np0000173158 devstack@neutron-api.service[103493]: DEBUG neutron.plugins.ml2.drivers.ovn.mech_driver.ovsdb.ovsdb_monitor [None req-4f504399-b6c8-4532-ab52-423e659cfa1d None None] Hash Ring: Node ba8f191132205205bd452ae7ae311b3d (host: np0000173158) handling event "create" for row 6572899b-06a1-4c1e-adc5-c9e63c5f475a (table: Encap) {{(pid=103493) notify /opt/stack/neutron/neutron/plugins/ml2/drivers/ovn/mech_driver/ovsdb/ovsdb_monitor.py:942}}
May 09 13:46:40.456195 np0000173158 devstack@neutron-api.service[103491]: WSGI app 0 (mountpoint='') ready in 7 seconds on interpreter 0x75cb27ca3668 pid: 103491 (default app)
May 09 13:46:40.456891 np0000173158 devstack@neutron-api.service[103493]: INFO neutron.plugins.ml2.drivers.ovn.mech_driver.mech_driver [None req-4f504399-b6c8-4532-ab52-423e659cfa1d None None] WorkerService process has finished the post initialization
May 09 13:46:40.458022 np0000173158 devstack@neutron-api.service[103493]: WSGI app 0 (mountpoint='') ready in 7 seconds on interpreter 0x75cb27ca3668 pid: 103493 (default app)
May 09 13:46:40.472190 np0000173158 devstack@neutron-api.service[103494]: DEBUG ovsdbapp.backend.ovs_idl [None req-f662f091-198f-4f55-9c33-d267537bc4af None None] Created lookup_table index Chassis.name {{(pid=103494) autocreate_indices /opt/stack/data/venv/lib/python3.12/site-packages/ovsdbapp/backend/ovs_idl/__init__.py:87}}
May 09 13:46:40.472190 np0000173158 devstack@neutron-api.service[103494]: DEBUG ovsdbapp.backend.ovs_idl [None req-f662f091-198f-4f55-9c33-d267537bc4af None None] Created lookup_table index Port_Binding.logical_port {{(pid=103494) autocreate_indices /opt/stack/data/venv/lib/python3.12/site-packages/ovsdbapp/backend/ovs_idl/__init__.py:87}}
May 09 13:46:40.472190 np0000173158 devstack@neutron-api.service[103494]: DEBUG ovsdbapp.backend.ovs_idl [None req-f662f091-198f-4f55-9c33-d267537bc4af None None] Created schema index Chassis_Private.name {{(pid=103494) autocreate_indices /opt/stack/data/venv/lib/python3.12/site-packages/ovsdbapp/backend/ovs_idl/__init__.py:106}}
May 09 13:46:40.472190 np0000173158 devstack@neutron-api.service[103494]: DEBUG ovsdbapp.backend.ovs_idl [None req-f662f091-198f-4f55-9c33-d267537bc4af None None] Created schema index Datapath_Binding.tunnel_key {{(pid=103494) autocreate_indices /opt/stack/data/venv/lib/python3.12/site-packages/ovsdbapp/backend/ovs_idl/__init__.py:106}}
May 09 13:46:40.473040 np0000173158 devstack@neutron-api.service[103494]: INFO ovsdbapp.backend.ovs_idl.vlog [None req-f662f091-198f-4f55-9c33-d267537bc4af None None] ssl:199.204.45.116:6642: connecting...
May 09 13:46:40.478838 np0000173158 devstack@neutron-api.service[103494]: INFO ovsdbapp.backend.ovs_idl.vlog [None req-f662f091-198f-4f55-9c33-d267537bc4af None None] ssl:199.204.45.116:6642: connected
May 09 13:46:40.511235 np0000173158 devstack@neutron-api.service[103494]: DEBUG neutron.common.ovn.hash_ring_manager [None req-f662f091-198f-4f55-9c33-d267537bc4af None None] Allow caching, nodes 4>=4 {{(pid=103494) _wait_startup_before_caching /opt/stack/neutron/neutron/common/ovn/hash_ring_manager.py:65}}
May 09 13:46:40.516512 np0000173158 devstack@neutron-api.service[103494]: DEBUG neutron.common.ovn.hash_ring_manager [None req-f662f091-198f-4f55-9c33-d267537bc4af None None] Hash Ring loaded. 4 active nodes. 0 offline nodes {{(pid=103494) _load_hash_ring /opt/stack/neutron/neutron/common/ovn/hash_ring_manager.py:102}}
May 09 13:46:40.516630 np0000173158 devstack@neutron-api.service[103494]: DEBUG neutron.plugins.ml2.drivers.ovn.mech_driver.ovsdb.ovsdb_monitor [None req-f662f091-198f-4f55-9c33-d267537bc4af None None] ChassisAgentWriteEvent : Matched Chassis_Private, create, None None {{(pid=103494) matches /opt/stack/neutron/neutron/plugins/ml2/drivers/ovn/mech_driver/ovsdb/ovsdb_monitor.py:64}}
May 09 13:46:40.516773 np0000173158 devstack@neutron-api.service[103494]: DEBUG neutron.plugins.ml2.drivers.ovn.mech_driver.ovsdb.ovsdb_monitor [None req-f662f091-198f-4f55-9c33-d267537bc4af None None] ChassisOVNAgentWriteEvent : Matched Chassis_Private, create, None None {{(pid=103494) matches /opt/stack/neutron/neutron/plugins/ml2/drivers/ovn/mech_driver/ovsdb/ovsdb_monitor.py:64}}
May 09 13:46:40.519291 np0000173158 devstack@neutron-api.service[103494]: INFO neutron.plugins.ml2.drivers.ovn.mech_driver.mech_driver [None req-f662f091-198f-4f55-9c33-d267537bc4af None None] WorkerService process has finished the post initialization
May 09 13:46:40.520878 np0000173158 devstack@neutron-api.service[103494]: WSGI app 0 (mountpoint='') ready in 7 seconds on interpreter 0x75cb27ca3668 pid: 103494 (default app)
May 09 13:46:42.668175 np0000173158 devstack@neutron-api.service[103494]: DEBUG neutron.plugins.ml2.drivers.ovn.mech_driver.ovsdb.ovsdb_monitor [-] Hash Ring: Node 00490973f6945c89a323f764d329e542 (host: np0000173158) handling event "update" for row 16be98d3-eaf2-4b10-9720-b609ccb95bb9 (table: Connection) {{(pid=103494) notify /opt/stack/neutron/neutron/plugins/ml2/drivers/ovn/mech_driver/ovsdb/ovsdb_monitor.py:942}}
May 09 13:46:42.670003 np0000173158 devstack@neutron-api.service[103492]: DEBUG neutron.common.ovn.hash_ring_manager [-] Allow caching, nodes 4>=4 {{(pid=103492) _wait_startup_before_caching /opt/stack/neutron/neutron/common/ovn/hash_ring_manager.py:65}}
May 09 13:46:45.168407 np0000173158 devstack@neutron-api.service[103494]: DEBUG neutron.plugins.ml2.drivers.ovn.mech_driver.ovsdb.ovsdb_monitor [-] Hash Ring: Node 00490973f6945c89a323f764d329e542 (host: np0000173158) handling event "update" for row 16be98d3-eaf2-4b10-9720-b609ccb95bb9 (table: Connection) {{(pid=103494) notify /opt/stack/neutron/neutron/plugins/ml2/drivers/ovn/mech_driver/ovsdb/ovsdb_monitor.py:942}}
May 09 13:46:46.337372 np0000173158 devstack@neutron-api.service[103492]: DEBUG neutron.api.wsgi [None req-72e66374-e5ac-435b-9eba-3bfd1406204d admin admin] Missing Content-Type {{(pid=103492) get_content_type /opt/stack/neutron/neutron/api/wsgi.py:80}}
May 09 13:46:46.338165 np0000173158 devstack@neutron-api.service[103492]: DEBUG neutron.api.wsgi [None req-72e66374-e5ac-435b-9eba-3bfd1406204d admin admin] https://199.204.45.116/networking/v2.0/extensions returned with HTTP 200 {{(pid=103492) __call__ /opt/stack/neutron/neutron/api/wsgi.py:540}}
May 09 13:46:46.338165 np0000173158 devstack@neutron-api.service[103492]: [pid: 103492|app: 0|req: 2/2] 199.204.45.116 () {64 vars in 1323 bytes} [Sat May 9 13:46:46 2026] GET /networking/v2.0/extensions => generated 15209 bytes in 271 msecs (HTTP/1.1 200) 4 headers in 159 bytes (1 switches on core 0)
May 09 13:46:46.732103 np0000173158 devstack@neutron-api.service[103491]: DEBUG neutron.api.v2.base [None req-c79037e6-9958-422f-81a3-857e375e04fb admin admin] Request body: {'subnetpool': {'default_prefixlen': 26, 'prefixes': ['10.1.0.0/20'], 'shared': True, 'name': 'shared-default-subnetpool-v4', 'is_default': True}} {{(pid=103491) prepare_request_body /opt/stack/neutron/neutron/api/v2/base.py:727}}
May 09 13:46:46.935951 np0000173158 devstack@neutron-api.service[103491]: DEBUG neutron.policy [None req-c79037e6-9958-422f-81a3-857e375e04fb admin admin] Loaded default policies from ['neutron'] under neutron.policies entry points {{(pid=103491) register_rules /opt/stack/neutron/neutron/policy.py:65}}
May 09 13:46:47.081895 np0000173158 devstack@neutron-api.service[103491]: DEBUG neutron_lib.callbacks.manager [None req-c79037e6-9958-422f-81a3-857e375e04fb admin admin] Publish callbacks ['neutron.objects.securitygroup.RbacNeutronDbObjectMixin.validate_rbac_policy_change-2366333937623', 'neutron.objects.address_group.RbacNeutronDbObjectMixin.validate_rbac_policy_change-2366333947676', 'neutron.objects.network.RbacNeutronDbObjectMixin.validate_rbac_policy_change-2366333966205', 'neutron.objects.qos.policy.RbacNeutronDbObjectMixin.validate_rbac_policy_change-2366333961336', 'neutron.objects.subnetpool.RbacNeutronDbObjectMixin.validate_rbac_policy_change-2366333591390', 'neutron.objects.address_scope.RbacNeutronDbObjectMixin.validate_rbac_policy_change-2366333589899', 'neutron.plugins.ml2.plugin.External_net_db_mixin._process_ext_policy_create-86714', 'neutron.plugins.ml2.plugin.NeutronDbPluginV2.validate_network_rbac_policy_change-43358'] for rbac-policy (None), before_create {{(pid=103491) _notify_loop /opt/stack/data/venv/lib/python3.12/site-packages/neutron_lib/callbacks/manager.py:184}}
May 09 13:46:47.134151 np0000173158 devstack@neutron-api.service[103491]: DEBUG neutron_lib.callbacks.manager [None req-c79037e6-9958-422f-81a3-857e375e04fb admin admin] Publish callbacks [] for subnetpool (None), before_response {{(pid=103491) _notify_loop /opt/stack/data/venv/lib/python3.12/site-packages/neutron_lib/callbacks/manager.py:184}}
May 09 13:46:47.135080 np0000173158 devstack@neutron-api.service[103491]: [pid: 103491|app: 0|req: 1/3] 199.204.45.116 () {68 vars in 1367 bytes} [Sat May 9 13:46:46 2026] POST /networking/v2.0/subnetpools => generated 533 bytes in 507 msecs (HTTP/1.1 201) 4 headers in 162 bytes (1 switches on core 0)
May 09 13:46:47.448925 np0000173158 devstack@neutron-api.service[103493]: DEBUG neutron.api.v2.base [None req-768f3176-f474-41d2-9225-5acdebd15bfa admin admin] Request body: {'subnetpool': {'default_prefixlen': 64, 'prefixes': ['fda2:a748:8207::/56'], 'shared': True, 'name': 'shared-default-subnetpool-v6', 'is_default': True}} {{(pid=103493) prepare_request_body /opt/stack/neutron/neutron/api/v2/base.py:727}}
May 09 13:46:47.621922 np0000173158 devstack@neutron-api.service[103493]: DEBUG neutron.policy [None req-768f3176-f474-41d2-9225-5acdebd15bfa admin admin] Loaded default policies from ['neutron'] under neutron.policies entry points {{(pid=103493) register_rules /opt/stack/neutron/neutron/policy.py:65}}
May 09 13:46:47.772430 np0000173158 devstack@neutron-api.service[103493]: DEBUG neutron_lib.callbacks.manager [None req-768f3176-f474-41d2-9225-5acdebd15bfa admin admin] Publish callbacks ['neutron.objects.securitygroup.RbacNeutronDbObjectMixin.validate_rbac_policy_change-2366333915470', 'neutron.objects.address_group.RbacNeutronDbObjectMixin.validate_rbac_policy_change-2366333973830', 'neutron.objects.network.RbacNeutronDbObjectMixin.validate_rbac_policy_change-2366333955597', 'neutron.objects.qos.policy.RbacNeutronDbObjectMixin.validate_rbac_policy_change-2366333958949', 'neutron.objects.subnetpool.RbacNeutronDbObjectMixin.validate_rbac_policy_change-2366333609305', 'neutron.objects.address_scope.RbacNeutronDbObjectMixin.validate_rbac_policy_change-2366333609966', 'neutron.plugins.ml2.plugin.External_net_db_mixin._process_ext_policy_create-2059262', 'neutron.plugins.ml2.plugin.NeutronDbPluginV2.validate_network_rbac_policy_change-2056030'] for rbac-policy (None), before_create {{(pid=103493) _notify_loop /opt/stack/data/venv/lib/python3.12/site-packages/neutron_lib/callbacks/manager.py:184}}
May 09 13:46:47.823256 np0000173158 devstack@neutron-api.service[103493]: DEBUG neutron_lib.callbacks.manager [None req-768f3176-f474-41d2-9225-5acdebd15bfa admin admin] Publish callbacks [] for subnetpool (None), before_response {{(pid=103493) _notify_loop /opt/stack/data/venv/lib/python3.12/site-packages/neutron_lib/callbacks/manager.py:184}}
May 09 13:46:47.824036 np0000173158 devstack@neutron-api.service[103493]: [pid: 103493|app: 0|req: 1/4] 199.204.45.116 () {68 vars in 1367 bytes} [Sat May 9 13:46:47 2026] POST /networking/v2.0/subnetpools => generated 543 bytes in 481 msecs (HTTP/1.1 201) 4 headers in 162 bytes (1 switches on core 0)
May 09 13:46:48.223928 np0000173158 devstack@neutron-api.service[103494]: DEBUG neutron.api.v2.base [None req-b19d423f-894c-48b2-b3bd-362e4c4928fa admin admin] Request body: {'network': {'admin_state_up': True, 'name': 'private'}} {{(pid=103494) prepare_request_body /opt/stack/neutron/neutron/api/v2/base.py:727}}
May 09 13:46:48.246204 np0000173158 devstack@neutron-api.service[103494]: DEBUG neutron.pecan_wsgi.hooks.quota_enforcement [None req-b19d423f-894c-48b2-b3bd-362e4c4928fa admin admin] Made reservation on behalf of 823f845b81844fbf86ee95ff09698106 for: {'network': 1} {{(pid=103494) before /opt/stack/neutron/neutron/pecan_wsgi/hooks/quota_enforcement.py:66}}
May 09 13:46:48.443258 np0000173158 devstack@neutron-api.service[103494]: DEBUG neutron.policy [None req-b19d423f-894c-48b2-b3bd-362e4c4928fa admin admin] Loaded default policies from ['neutron'] under neutron.policies entry points {{(pid=103494) register_rules /opt/stack/neutron/neutron/policy.py:65}}
May 09 13:46:48.552677 np0000173158 devstack@neutron-api.service[103494]: DEBUG neutron_lib.callbacks.manager [None req-b19d423f-894c-48b2-b3bd-362e4c4928fa admin admin] Publish callbacks ['neutron.plugins.ml2.plugin.SecurityGroupDbMixin._ensure_default_security_group_handler-1914471'] for network (None), before_create {{(pid=103494) _notify_loop /opt/stack/data/venv/lib/python3.12/site-packages/neutron_lib/callbacks/manager.py:184}}
May 09 13:46:48.572809 np0000173158 devstack@neutron-api.service[103494]: DEBUG neutron_lib.callbacks.manager [None req-b19d423f-894c-48b2-b3bd-362e4c4928fa admin admin] Publish callbacks [] for security_group (None), before_create {{(pid=103494) _notify_loop /opt/stack/data/venv/lib/python3.12/site-packages/neutron_lib/callbacks/manager.py:184}}
May 09 13:46:48.662119 np0000173158 devstack@neutron-api.service[103494]: DEBUG neutron_lib.callbacks.manager [None req-b19d423f-894c-48b2-b3bd-362e4c4928fa admin admin] Publish callbacks ['neutron.plugins.ml2.drivers.ovn.mech_driver.mech_driver.OVNMechanismDriver._create_security_group_precommit-340935'] for security_group (55c2e0c2-1b85-429a-80f6-858e5b927155), precommit_create {{(pid=103494) _notify_loop /opt/stack/data/venv/lib/python3.12/site-packages/neutron_lib/callbacks/manager.py:184}}
May 09 13:46:48.662374 np0000173158 devstack@neutron-api.service[103494]: DEBUG neutron.db.ovn_revision_numbers_db [None req-b19d423f-894c-48b2-b3bd-362e4c4928fa admin admin] create_initial_revision uuid=55c2e0c2-1b85-429a-80f6-858e5b927155, type=security_groups, rev=-1 {{(pid=103494) create_initial_revision /opt/stack/neutron/neutron/db/ovn_revision_numbers_db.py:98}}
May 09 13:46:48.664345 np0000173158 devstack@neutron-api.service[103494]: DEBUG neutron.db.ovn_revision_numbers_db [None req-b19d423f-894c-48b2-b3bd-362e4c4928fa admin admin] create_initial_revision uuid=8887bee4-5096-47fc-993d-ccd09f42645d, type=security_group_rules, rev=-1 {{(pid=103494) create_initial_revision /opt/stack/neutron/neutron/db/ovn_revision_numbers_db.py:98}}
May 09 13:46:48.665312 np0000173158 devstack@neutron-api.service[103494]: DEBUG neutron.db.ovn_revision_numbers_db [None req-b19d423f-894c-48b2-b3bd-362e4c4928fa admin admin] create_initial_revision uuid=a4429b41-d3f6-48b0-95e6-3db22ddd12cd, type=security_group_rules, rev=-1 {{(pid=103494) create_initial_revision /opt/stack/neutron/neutron/db/ovn_revision_numbers_db.py:98}}
May 09 13:46:48.666312 np0000173158 devstack@neutron-api.service[103494]: DEBUG neutron.db.ovn_revision_numbers_db [None req-b19d423f-894c-48b2-b3bd-362e4c4928fa admin admin] create_initial_revision uuid=afc2123c-ae87-4c14-a478-88c17d09a179, type=security_group_rules, rev=-1 {{(pid=103494) create_initial_revision /opt/stack/neutron/neutron/db/ovn_revision_numbers_db.py:98}}
May 09 13:46:48.667253 np0000173158 devstack@neutron-api.service[103494]: DEBUG neutron.db.ovn_revision_numbers_db [None req-b19d423f-894c-48b2-b3bd-362e4c4928fa admin admin] create_initial_revision uuid=cd3d37d6-8eff-4436-aead-492d7043a75e, type=security_group_rules, rev=-1 {{(pid=103494) create_initial_revision /opt/stack/neutron/neutron/db/ovn_revision_numbers_db.py:98}}
May 09 13:46:48.674774 np0000173158 devstack@neutron-api.service[103494]: DEBUG neutron_lib.callbacks.manager [None req-b19d423f-894c-48b2-b3bd-362e4c4928fa admin admin] Publish callbacks ['neutron.plugins.ml2.drivers.ovn.mech_driver.mech_driver.OVNMechanismDriver._create_security_group-340941', 'neutron.plugins.ml2.ovo_rpc._ObjectChangeHandler.handle_event-66215735'] for security_group (55c2e0c2-1b85-429a-80f6-858e5b927155), after_create {{(pid=103494) _notify_loop /opt/stack/data/venv/lib/python3.12/site-packages/neutron_lib/callbacks/manager.py:184}}
May 09 13:46:48.674949 np0000173158 devstack@neutron-api.service[103494]: INFO neutron.plugins.ml2.drivers.ovn.mech_driver.ovsdb.extensions.qos [None req-b19d423f-894c-48b2-b3bd-362e4c4928fa admin admin] Starting OVNClientQosExtension
May 09 13:46:48.675015 np0000173158 devstack@neutron-api.service[103494]: INFO neutron.plugins.ml2.drivers.ovn.mech_driver.ovsdb.extensions.placement [None req-b19d423f-894c-48b2-b3bd-362e4c4928fa admin admin] Starting OVNClientPlacementExtension
May 09 13:46:48.676487 np0000173158 devstack@neutron-api.service[103494]: DEBUG ovsdbapp.backend.ovs_idl.transaction [-] Running txn n=1 command(idx=0): PgAddCommand(_result=None, name=pg_55c2e0c2_1b85_429a_80f6_858e5b927155, may_exist=False, columns={'acls': [], 'external_ids': {'neutron:security_group_id': '55c2e0c2-1b85-429a-80f6-858e5b927155'}}) {{(pid=103494) do_commit /opt/stack/data/venv/lib/python3.12/site-packages/ovsdbapp/backend/ovs_idl/transaction.py:89}}
May 09 13:46:48.678682 np0000173158 devstack@neutron-api.service[103494]: DEBUG ovsdbapp.backend.ovs_idl.transaction [-] Running txn n=1 command(idx=1): PgAclAddCommand(_result=None, entity=pg_55c2e0c2_1b85_429a_80f6_858e5b927155, direction=to-lport, priority=1002, match=outport == @pg_55c2e0c2_1b85_429a_80f6_858e5b927155 && ip6 && ip6.src == $pg_55c2e0c2_1b85_429a_80f6_858e5b927155_ip6, action=allow-related, log=False, may_exist=True, severity=[], name=[], meter=[], external_ids={'neutron:security_group_rule_id': '8887bee4-5096-47fc-993d-ccd09f42645d'}) {{(pid=103494) do_commit /opt/stack/data/venv/lib/python3.12/site-packages/ovsdbapp/backend/ovs_idl/transaction.py:89}}
May 09 13:46:48.679479 np0000173158 devstack@neutron-api.service[103494]: DEBUG ovsdbapp.backend.ovs_idl.transaction [-] Running txn n=1 command(idx=2): PgAclAddCommand(_result=None, entity=pg_55c2e0c2_1b85_429a_80f6_858e5b927155, direction=from-lport, priority=1002, match=inport == @pg_55c2e0c2_1b85_429a_80f6_858e5b927155 && ip6, action=allow-related, log=False, may_exist=True, severity=[], name=[], meter=[], external_ids={'neutron:security_group_rule_id': 'a4429b41-d3f6-48b0-95e6-3db22ddd12cd'}) {{(pid=103494) do_commit /opt/stack/data/venv/lib/python3.12/site-packages/ovsdbapp/backend/ovs_idl/transaction.py:89}}
May 09 13:46:48.680014 np0000173158 devstack@neutron-api.service[103494]: DEBUG ovsdbapp.backend.ovs_idl.transaction [-] Running txn n=1 command(idx=3): PgAclAddCommand(_result=None, entity=pg_55c2e0c2_1b85_429a_80f6_858e5b927155, direction=from-lport, priority=1002, match=inport == @pg_55c2e0c2_1b85_429a_80f6_858e5b927155 && ip4, action=allow-related, log=False, may_exist=True, severity=[], name=[], meter=[], external_ids={'neutron:security_group_rule_id': 'afc2123c-ae87-4c14-a478-88c17d09a179'}) {{(pid=103494) do_commit /opt/stack/data/venv/lib/python3.12/site-packages/ovsdbapp/backend/ovs_idl/transaction.py:89}}
May 09 13:46:48.680574 np0000173158 devstack@neutron-api.service[103494]: DEBUG ovsdbapp.backend.ovs_idl.transaction [-] Running txn n=1 command(idx=4): PgAclAddCommand(_result=None, entity=pg_55c2e0c2_1b85_429a_80f6_858e5b927155, direction=to-lport, priority=1002, match=outport == @pg_55c2e0c2_1b85_429a_80f6_858e5b927155 && ip4 && ip4.src == $pg_55c2e0c2_1b85_429a_80f6_858e5b927155_ip4, action=allow-related, log=False, may_exist=True, severity=[], name=[], meter=[], external_ids={'neutron:security_group_rule_id': 'cd3d37d6-8eff-4436-aead-492d7043a75e'}) {{(pid=103494) do_commit /opt/stack/data/venv/lib/python3.12/site-packages/ovsdbapp/backend/ovs_idl/transaction.py:89}}
May 09 13:46:48.688466 np0000173158 devstack@neutron-api.service[103494]: DEBUG neutron.plugins.ml2.drivers.ovn.mech_driver.ovsdb.ovsdb_monitor [-] Hash Ring: Node 00490973f6945c89a323f764d329e542 (host: np0000173158) handling event "create" for row 71660a31-94d0-4e27-bd4f-9d3932b20edc (table: ACL) {{(pid=103494) notify /opt/stack/neutron/neutron/plugins/ml2/drivers/ovn/mech_driver/ovsdb/ovsdb_monitor.py:942}}
May 09 13:46:48.688885 np0000173158 devstack@neutron-api.service[103494]: DEBUG neutron.plugins.ml2.drivers.ovn.mech_driver.ovsdb.ovsdb_monitor [-] Hash Ring: Node 00490973f6945c89a323f764d329e542 (host: np0000173158) handling event "create" for row 78356c61-09cb-466c-a691-1be4d8e4ef38 (table: ACL) {{(pid=103494) notify /opt/stack/neutron/neutron/plugins/ml2/drivers/ovn/mech_driver/ovsdb/ovsdb_monitor.py:942}}
May 09 13:46:48.689249 np0000173158 devstack@neutron-api.service[103494]: DEBUG neutron.plugins.ml2.drivers.ovn.mech_driver.ovsdb.ovsdb_monitor [-] Hash Ring: Node 00490973f6945c89a323f764d329e542 (host: np0000173158) handling event "create" for row b2955a56-ab2e-4a3b-ac41-16e9c5c80467 (table: ACL) {{(pid=103494) notify /opt/stack/neutron/neutron/plugins/ml2/drivers/ovn/mech_driver/ovsdb/ovsdb_monitor.py:942}}
May 09 13:46:48.689843 np0000173158 devstack@neutron-api.service[103493]: DEBUG neutron.plugins.ml2.drivers.ovn.mech_driver.ovsdb.ovsdb_monitor [-] Hash Ring: Node ba8f191132205205bd452ae7ae311b3d (host: np0000173158) handling event "create" for row 9a1f453d-84be-43ad-bcbf-f12933c80faf (table: ACL) {{(pid=103493) notify /opt/stack/neutron/neutron/plugins/ml2/drivers/ovn/mech_driver/ovsdb/ovsdb_monitor.py:942}}
May 09 13:46:48.690102 np0000173158 devstack@neutron-api.service[103493]: DEBUG neutron.plugins.ml2.drivers.ovn.mech_driver.ovsdb.ovsdb_monitor [-] Hash Ring: Node ba8f191132205205bd452ae7ae311b3d (host: np0000173158) handling event "create" for row bd1cd165-548e-4660-ad6d-609a4248af1f (table: Port_Group) {{(pid=103493) notify /opt/stack/neutron/neutron/plugins/ml2/drivers/ovn/mech_driver/ovsdb/ovsdb_monitor.py:942}}
May 09 13:46:48.717556 np0000173158 devstack@neutron-api.service[103494]: INFO neutron.db.ovn_revision_numbers_db [None req-b19d423f-894c-48b2-b3bd-362e4c4928fa admin admin] Successfully bumped revision number for resource 55c2e0c2-1b85-429a-80f6-858e5b927155 (type: security_groups) to 1
May 09 13:46:48.736017 np0000173158 devstack@neutron-api.service[103494]: INFO neutron.db.ovn_revision_numbers_db [None req-b19d423f-894c-48b2-b3bd-362e4c4928fa admin admin] Successfully bumped revision number for resource 8887bee4-5096-47fc-993d-ccd09f42645d (type: security_group_rules) to 0
May 09 13:46:48.748962 np0000173158 devstack@neutron-api.service[103494]: INFO neutron.db.ovn_revision_numbers_db [None req-b19d423f-894c-48b2-b3bd-362e4c4928fa admin admin] Successfully bumped revision number for resource a4429b41-d3f6-48b0-95e6-3db22ddd12cd (type: security_group_rules) to 0
May 09 13:46:48.760555 np0000173158 devstack@neutron-api.service[103494]: INFO neutron.db.ovn_revision_numbers_db [None req-b19d423f-894c-48b2-b3bd-362e4c4928fa admin admin] Successfully bumped revision number for resource afc2123c-ae87-4c14-a478-88c17d09a179 (type: security_group_rules) to 0
May 09 13:46:48.774625 np0000173158 devstack@neutron-api.service[103494]: INFO neutron.db.ovn_revision_numbers_db [None req-b19d423f-894c-48b2-b3bd-362e4c4928fa admin admin] Successfully bumped revision number for resource cd3d37d6-8eff-4436-aead-492d7043a75e (type: security_group_rules) to 0
May 09 13:46:48.798667 np0000173158 devstack@neutron-api.service[103494]: DEBUG neutron.api.rpc.handlers.resources_rpc [None req-b19d423f-894c-48b2-b3bd-362e4c4928fa admin admin] Pushing event updated for resources: {'SecurityGroup': ['ID=55c2e0c2-1b85-429a-80f6-858e5b927155,revision_number=1']} {{(pid=103494) push /opt/stack/neutron/neutron/api/rpc/handlers/resources_rpc.py:237}}
May 09 13:46:48.806406 np0000173158 devstack@neutron-api.service[103494]: DEBUG ovsdbapp.backend.ovs_idl.transaction [-] Running txn n=1 command(idx=0): CheckLivenessCommand(_result=None) {{(pid=103494) do_commit /opt/stack/data/venv/lib/python3.12/site-packages/ovsdbapp/backend/ovs_idl/transaction.py:89}}
May 09 13:46:48.810110 np0000173158 devstack@neutron-api.service[103492]: DEBUG neutron.plugins.ml2.drivers.ovn.mech_driver.ovsdb.ovsdb_monitor [-] Hash Ring: Node f7212ad8ecf055929fc6e212241d7473 (host: np0000173158) handling event "update" for row 82ed3c6b-4770-45a1-a544-46ba8a2900bd (table: NB_Global) {{(pid=103492) notify /opt/stack/neutron/neutron/plugins/ml2/drivers/ovn/mech_driver/ovsdb/ovsdb_monitor.py:942}}
May 09 13:46:48.812161 np0000173158 devstack@neutron-api.service[103493]: DEBUG neutron.plugins.ml2.drivers.ovn.mech_driver.ovsdb.ovsdb_monitor [-] Hash Ring: Node ba8f191132205205bd452ae7ae311b3d (host: np0000173158) handling event "update" for row 82ed3c6b-4770-45a1-a544-46ba8a2900bd (table: NB_Global) {{(pid=103493) notify /opt/stack/neutron/neutron/plugins/ml2/drivers/ovn/mech_driver/ovsdb/ovsdb_monitor.py:942}}
May 09 13:46:48.813099 np0000173158 devstack@neutron-api.service[103492]: DEBUG neutron.plugins.ml2.drivers.ovn.mech_driver.ovsdb.ovsdb_monitor [-] Hash Ring: Node f7212ad8ecf055929fc6e212241d7473 (host: np0000173158) handling event "update" for row 82ed3c6b-4770-45a1-a544-46ba8a2900bd (table: NB_Global) {{(pid=103492) notify /opt/stack/neutron/neutron/plugins/ml2/drivers/ovn/mech_driver/ovsdb/ovsdb_monitor.py:942}}
May 09 13:46:48.813251 np0000173158 devstack@neutron-api.service[103494]: DEBUG neutron.api.rpc.callbacks.version_manager [None req-b19d423f-894c-48b2-b3bd-362e4c4928fa admin admin] Tracked resource versions report:
May 09 13:46:48.813251 np0000173158 devstack@neutron-api.service[103494]: pushed versions:
May 09 13:46:48.813251 np0000173158 devstack@neutron-api.service[103494]: { 'AddressGroup': {'1.2'},
May 09 13:46:48.813251 np0000173158 devstack@neutron-api.service[103494]: 'Agent': {'1.1'},
May 09 13:46:48.813251 np0000173158 devstack@neutron-api.service[103494]: 'ConntrackHelper': {'1.0'},
May 09 13:46:48.813251 np0000173158 devstack@neutron-api.service[103494]: 'LocalIPAssociation': {'1.0'},
May 09 13:46:48.813251 np0000173158 devstack@neutron-api.service[103494]: 'Log': {'1.0'},
May 09 13:46:48.813251 np0000173158 devstack@neutron-api.service[103494]: 'NDPProxy': {'1.0'},
May 09 13:46:48.813251 np0000173158 devstack@neutron-api.service[103494]: 'Network': {'1.2'},
May 09 13:46:48.813251 np0000173158 devstack@neutron-api.service[103494]: 'Port': {'1.10'},
May 09 13:46:48.813251 np0000173158 devstack@neutron-api.service[103494]: 'PortForwarding': {'1.3'},
May 09 13:46:48.813251 np0000173158 devstack@neutron-api.service[103494]: 'QosPolicy': {'1.10'},
May 09 13:46:48.813251 np0000173158 devstack@neutron-api.service[103494]: 'SecurityGroup': {'1.6'},
May 09 13:46:48.813251 np0000173158 devstack@neutron-api.service[103494]: 'SecurityGroupRule': {'1.3'},
May 09 13:46:48.813251 np0000173158 devstack@neutron-api.service[103494]: 'SubPort': {'1.0'},
May 09 13:46:48.813251 np0000173158 devstack@neutron-api.service[103494]: 'Subnet': {'1.2'},
May 09 13:46:48.813251 np0000173158 devstack@neutron-api.service[103494]: 'Trunk': {'1.1'}}
May 09 13:46:48.813251 np0000173158 devstack@neutron-api.service[103494]: consumer versions:
May 09 13:46:48.813251 np0000173158 devstack@neutron-api.service[103494]: {}
May 09 13:46:48.813251 np0000173158 devstack@neutron-api.service[103494]: {{(pid=103494) report /opt/stack/neutron/neutron/api/rpc/callbacks/version_manager.py:183}}
May 09 13:46:48.813853 np0000173158 devstack@neutron-api.service[103493]: DEBUG neutron.plugins.ml2.drivers.ovn.mech_driver.ovsdb.ovsdb_monitor [-] Hash Ring: Node ba8f191132205205bd452ae7ae311b3d (host: np0000173158) handling event "update" for row 82ed3c6b-4770-45a1-a544-46ba8a2900bd (table: NB_Global) {{(pid=103493) notify /opt/stack/neutron/neutron/plugins/ml2/drivers/ovn/mech_driver/ovsdb/ovsdb_monitor.py:942}}
May 09 13:46:48.813933 np0000173158 devstack@neutron-api.service[103492]: DEBUG neutron.plugins.ml2.drivers.ovn.mech_driver.ovsdb.ovsdb_monitor [-] Hash Ring: Node f7212ad8ecf055929fc6e212241d7473 (host: np0000173158) handling event "update" for row 82ed3c6b-4770-45a1-a544-46ba8a2900bd (table: NB_Global) {{(pid=103492) notify /opt/stack/neutron/neutron/plugins/ml2/drivers/ovn/mech_driver/ovsdb/ovsdb_monitor.py:942}}
May 09 13:46:48.814019 np0000173158 devstack@neutron-api.service[103493]: DEBUG neutron.plugins.ml2.drivers.ovn.mech_driver.ovsdb.ovsdb_monitor [-] Hash Ring: Node ba8f191132205205bd452ae7ae311b3d (host: np0000173158) handling event "update" for row 82ed3c6b-4770-45a1-a544-46ba8a2900bd (table: NB_Global) {{(pid=103493) notify /opt/stack/neutron/neutron/plugins/ml2/drivers/ovn/mech_driver/ovsdb/ovsdb_monitor.py:942}}
May 09 13:46:48.814314 np0000173158 devstack@neutron-api.service[103493]: DEBUG neutron.plugins.ml2.drivers.ovn.mech_driver.ovsdb.ovsdb_monitor [-] Hash Ring: Node ba8f191132205205bd452ae7ae311b3d (host: np0000173158) handling event "update" for row 82ed3c6b-4770-45a1-a544-46ba8a2900bd (table: NB_Global) {{(pid=103493) notify /opt/stack/neutron/neutron/plugins/ml2/drivers/ovn/mech_driver/ovsdb/ovsdb_monitor.py:942}}
May 09 13:46:48.814821 np0000173158 devstack@neutron-api.service[103491]: DEBUG neutron.plugins.ml2.drivers.ovn.mech_driver.ovsdb.ovsdb_monitor [-] ChassisAgentWriteEvent : Matched Chassis_Private, update, None None {{(pid=103491) matches /opt/stack/neutron/neutron/plugins/ml2/drivers/ovn/mech_driver/ovsdb/ovsdb_monitor.py:64}}
May 09 13:46:48.815103 np0000173158 devstack@neutron-api.service[103492]: DEBUG neutron.plugins.ml2.drivers.ovn.mech_driver.ovsdb.ovsdb_monitor [-] ChassisAgentWriteEvent : Matched Chassis_Private, update, None None {{(pid=103492) matches /opt/stack/neutron/neutron/plugins/ml2/drivers/ovn/mech_driver/ovsdb/ovsdb_monitor.py:64}}
May 09 13:46:48.815302 np0000173158 devstack@neutron-api.service[103491]: DEBUG neutron.plugins.ml2.drivers.ovn.mech_driver.ovsdb.ovsdb_monitor [-] Hash Ring: Node 9fda6606361f5bcaabbce619fefef8ea (host: np0000173158) handling event "update" for row 4402ea21-39f2-4d06-b46b-96ace0ddb3b3 (table: Chassis_Private) {{(pid=103491) notify /opt/stack/neutron/neutron/plugins/ml2/drivers/ovn/mech_driver/ovsdb/ovsdb_monitor.py:942}}
May 09 13:46:48.818069 np0000173158 devstack@neutron-api.service[103491]: DEBUG neutron.plugins.ml2.drivers.ovn.mech_driver.ovsdb.ovsdb_monitor [-] ChassisOVNAgentWriteEvent : Matched Chassis_Private, update, None None {{(pid=103491) matches /opt/stack/neutron/neutron/plugins/ml2/drivers/ovn/mech_driver/ovsdb/ovsdb_monitor.py:64}}
May 09 13:46:48.818357 np0000173158 devstack@neutron-api.service[103491]: DEBUG neutron.plugins.ml2.drivers.ovn.mech_driver.ovsdb.ovsdb_monitor [-] Hash Ring: Node 9fda6606361f5bcaabbce619fefef8ea (host: np0000173158) handling event "update" for row 4402ea21-39f2-4d06-b46b-96ace0ddb3b3 (table: Chassis_Private) {{(pid=103491) notify /opt/stack/neutron/neutron/plugins/ml2/drivers/ovn/mech_driver/ovsdb/ovsdb_monitor.py:942}}
May 09 13:46:48.819205 np0000173158 devstack@neutron-api.service[103492]: DEBUG neutron.plugins.ml2.drivers.ovn.mech_driver.ovsdb.ovsdb_monitor [-] Hash Ring: Node f7212ad8ecf055929fc6e212241d7473 (host: np0000173158) handling event "update" for row 82ed3c6b-4770-45a1-a544-46ba8a2900bd (table: NB_Global) {{(pid=103492) notify /opt/stack/neutron/neutron/plugins/ml2/drivers/ovn/mech_driver/ovsdb/ovsdb_monitor.py:942}}
May 09 13:46:48.819932 np0000173158 devstack@neutron-api.service[103493]: DEBUG neutron.plugins.ml2.drivers.ovn.mech_driver.ovsdb.ovsdb_monitor [-] ChassisAgentWriteEvent : Matched Chassis_Private, update, None None {{(pid=103493) matches /opt/stack/neutron/neutron/plugins/ml2/drivers/ovn/mech_driver/ovsdb/ovsdb_monitor.py:64}}
May 09 13:46:48.821083 np0000173158 devstack@neutron-api.service[103494]: DEBUG neutron.plugins.ml2.drivers.ovn.mech_driver.ovsdb.ovsdb_monitor [-] ChassisAgentWriteEvent : Matched Chassis_Private, update, None None {{(pid=103494) matches /opt/stack/neutron/neutron/plugins/ml2/drivers/ovn/mech_driver/ovsdb/ovsdb_monitor.py:64}}
May 09 13:46:48.821680 np0000173158 devstack@neutron-api.service[103493]: DEBUG neutron.plugins.ml2.drivers.ovn.mech_driver.ovsdb.ovsdb_monitor [-] ChassisOVNAgentWriteEvent : Matched Chassis_Private, update, None None {{(pid=103493) matches /opt/stack/neutron/neutron/plugins/ml2/drivers/ovn/mech_driver/ovsdb/ovsdb_monitor.py:64}}
May 09 13:46:48.822365 np0000173158 devstack@neutron-api.service[103494]: DEBUG neutron.plugins.ml2.drivers.ovn.mech_driver.ovsdb.ovsdb_monitor [-] ChassisOVNAgentWriteEvent : Matched Chassis_Private, update, None None {{(pid=103494) matches /opt/stack/neutron/neutron/plugins/ml2/drivers/ovn/mech_driver/ovsdb/ovsdb_monitor.py:64}}
May 09 13:46:48.824866 np0000173158 devstack@neutron-api.service[103492]: DEBUG neutron.common.ovn.hash_ring_manager [-] Allow caching, nodes 4>=4 {{(pid=103492) _wait_startup_before_caching /opt/stack/neutron/neutron/common/ovn/hash_ring_manager.py:65}}
May 09 13:46:48.825066 np0000173158 devstack@neutron-api.service[103492]: DEBUG neutron.plugins.ml2.drivers.ovn.mech_driver.ovsdb.ovsdb_monitor [-] Hash Ring: Node f7212ad8ecf055929fc6e212241d7473 (host: np0000173158) handling event "update" for row 4402ea21-39f2-4d06-b46b-96ace0ddb3b3 (table: Chassis_Private) {{(pid=103492) notify /opt/stack/neutron/neutron/plugins/ml2/drivers/ovn/mech_driver/ovsdb/ovsdb_monitor.py:942}}
May 09 13:46:48.826132 np0000173158 devstack@neutron-api.service[103492]: DEBUG neutron.plugins.ml2.drivers.ovn.mech_driver.ovsdb.ovsdb_monitor [-] ChassisOVNAgentWriteEvent : Matched Chassis_Private, update, None None {{(pid=103492) matches /opt/stack/neutron/neutron/plugins/ml2/drivers/ovn/mech_driver/ovsdb/ovsdb_monitor.py:64}}
May 09 13:46:48.826507 np0000173158 devstack@neutron-api.service[103492]: DEBUG neutron.plugins.ml2.drivers.ovn.mech_driver.ovsdb.ovsdb_monitor [-] Hash Ring: Node f7212ad8ecf055929fc6e212241d7473 (host: np0000173158) handling event "update" for row 4402ea21-39f2-4d06-b46b-96ace0ddb3b3 (table: Chassis_Private) {{(pid=103492) notify /opt/stack/neutron/neutron/plugins/ml2/drivers/ovn/mech_driver/ovsdb/ovsdb_monitor.py:942}}
May 09 13:46:48.877644 np0000173158 devstack@neutron-api.service[103494]: DEBUG neutron.plugins.ml2.drivers.helpers [None req-b19d423f-894c-48b2-b3bd-362e4c4928fa admin admin] geneve segment allocate from pool success with {'geneve_vni': 10315} {{(pid=103494) allocate_partially_specified_segment /opt/stack/neutron/neutron/plugins/ml2/drivers/helpers.py:142}}
May 09 13:46:48.889192 np0000173158 devstack@neutron-api.service[103494]: DEBUG neutron_lib.callbacks.manager [None req-b19d423f-894c-48b2-b3bd-362e4c4928fa admin admin] Publish callbacks ['neutron.services.segments.db._add_segment_host_mapping_for_segment-8094705730180', 'neutron.plugins.ml2.plugin.Ml2Plugin._handle_segment_change-93247'] for segment (c6f64bfa-6a87-46e4-b19a-ed7e672a5f9e), precommit_create {{(pid=103494) _notify_loop /opt/stack/data/venv/lib/python3.12/site-packages/neutron_lib/callbacks/manager.py:184}}
May 09 13:46:48.889405 np0000173158 devstack@neutron-api.service[103494]: INFO neutron.db.segments_db [None req-b19d423f-894c-48b2-b3bd-362e4c4928fa admin admin] Added segment c6f64bfa-6a87-46e4-b19a-ed7e672a5f9e of type geneve for network e108c363-b2bf-41db-8fd3-80fd05bce954
May 09 13:46:48.935725 np0000173158 devstack@neutron-api.service[103494]: DEBUG neutron_lib.callbacks.manager [None req-b19d423f-894c-48b2-b3bd-362e4c4928fa admin admin] Publish callbacks ['neutron.services.auto_allocate.db._ensure_external_network_default_value_callback-8094704535222'] for network (e108c363-b2bf-41db-8fd3-80fd05bce954), precommit_create {{(pid=103494) _notify_loop /opt/stack/data/venv/lib/python3.12/site-packages/neutron_lib/callbacks/manager.py:184}}
May 09 13:46:48.951344 np0000173158 devstack@neutron-api.service[103494]: DEBUG neutron.plugins.ml2.drivers.ovn.mech_driver.mech_driver [None req-b19d423f-894c-48b2-b3bd-362e4c4928fa admin admin] Validating network segment with type geneve, segmentation ID 10315, physical network None {{(pid=103494) _validate_network_segments /opt/stack/neutron/neutron/plugins/ml2/drivers/ovn/mech_driver/mech_driver.py:641}}
May 09 13:46:48.951535 np0000173158 devstack@neutron-api.service[103494]: DEBUG neutron.db.ovn_revision_numbers_db [None req-b19d423f-894c-48b2-b3bd-362e4c4928fa admin admin] create_initial_revision uuid=e108c363-b2bf-41db-8fd3-80fd05bce954, type=networks, rev=-1 {{(pid=103494) create_initial_revision /opt/stack/neutron/neutron/db/ovn_revision_numbers_db.py:98}}
May 09 13:46:48.965459 np0000173158 devstack@neutron-api.service[103494]: DEBUG neutron_lib.callbacks.manager [None req-b19d423f-894c-48b2-b3bd-362e4c4928fa admin admin] Publish callbacks ['neutron.plugins.ml2.ovo_rpc._ObjectChangeHandler.handle_event-66215722'] for network (e108c363-b2bf-41db-8fd3-80fd05bce954), after_create {{(pid=103494) _notify_loop /opt/stack/data/venv/lib/python3.12/site-packages/neutron_lib/callbacks/manager.py:184}}
