May 09 13:50:10.297877 np0000173158 devstack@neutron-api.service[103493]: DEBUG futurist.periodics [-] Submitting periodic callback 'neutron.plugins.ml2.drivers.ovn.mech_driver.ovsdb.maintenance.HashRingHealthCheckPeriodics.touch_hash_ring_node' {{(pid=103493) _process_scheduled /opt/stack/data/venv/lib/python3.12/site-packages/futurist/periodics.py:784}}
May 09 13:50:10.298417 np0000173158 devstack@neutron-api.service[103493]: DEBUG neutron.plugins.ml2.drivers.ovn.mech_driver.ovsdb.maintenance [-] Touching Hash Ring node "ba8f191132205205bd452ae7ae311b3d" from periodic health check thread {{(pid=103493) touch_hash_ring_node /opt/stack/neutron/neutron/plugins/ml2/drivers/ovn/mech_driver/ovsdb/maintenance.py:1466}}
May 09 13:50:19.409656 np0000173158 devstack@neutron-api.service[103492]: DEBUG dbcounter [-] [103492] Writing DB stats neutron:UPDATE=1,neutron:SELECT=1 {{(pid=103492) stat_writer /opt/stack/data/venv/lib/python3.12/site-packages/dbcounter.py:115}}
May 09 13:50:20.181795 np0000173158 devstack@neutron-api.service[103494]: DEBUG dbcounter [-] [103494] Writing DB stats neutron:UPDATE=1,neutron:SELECT=1 {{(pid=103494) stat_writer /opt/stack/data/venv/lib/python3.12/site-packages/dbcounter.py:115}}
May 09 13:50:20.301957 np0000173158 devstack@neutron-api.service[103491]: DEBUG dbcounter [-] [103491] Writing DB stats neutron:UPDATE=1,neutron:SELECT=1 {{(pid=103491) stat_writer /opt/stack/data/venv/lib/python3.12/site-packages/dbcounter.py:115}}
May 09 13:50:20.307817 np0000173158 devstack@neutron-api.service[103493]: DEBUG dbcounter [-] [103493] Writing DB stats neutron:UPDATE=1,neutron:SELECT=1 {{(pid=103493) stat_writer /opt/stack/data/venv/lib/python3.12/site-packages/dbcounter.py:115}}
May 09 13:50:24.400063 np0000173158 devstack@neutron-api.service[103492]: DEBUG futurist.periodics [-] Submitting periodic callback 'neutron.plugins.ml2.drivers.ovn.mech_driver.ovsdb.maintenance.HashRingHealthCheckPeriodics.touch_hash_ring_node' {{(pid=103492) _process_scheduled /opt/stack/data/venv/lib/python3.12/site-packages/futurist/periodics.py:784}}
May 09 13:50:24.400608 np0000173158 devstack@neutron-api.service[103492]: DEBUG neutron.plugins.ml2.drivers.ovn.mech_driver.ovsdb.maintenance [-] Touching Hash Ring node "f7212ad8ecf055929fc6e212241d7473" from periodic health check thread {{(pid=103492) touch_hash_ring_node /opt/stack/neutron/neutron/plugins/ml2/drivers/ovn/mech_driver/ovsdb/maintenance.py:1466}}
May 09 13:50:25.172001 np0000173158 devstack@neutron-api.service[103494]: DEBUG futurist.periodics [-] Submitting periodic callback 'neutron.plugins.ml2.drivers.ovn.mech_driver.ovsdb.maintenance.HashRingHealthCheckPeriodics.touch_hash_ring_node' {{(pid=103494) _process_scheduled /opt/stack/data/venv/lib/python3.12/site-packages/futurist/periodics.py:784}}
May 09 13:50:25.172812 np0000173158 devstack@neutron-api.service[103494]: DEBUG neutron.plugins.ml2.drivers.ovn.mech_driver.ovsdb.maintenance [-] Touching Hash Ring node "00490973f6945c89a323f764d329e542" from periodic health check thread {{(pid=103494) touch_hash_ring_node /opt/stack/neutron/neutron/plugins/ml2/drivers/ovn/mech_driver/ovsdb/maintenance.py:1466}}
May 09 13:50:25.290839 np0000173158 devstack@neutron-api.service[103491]: DEBUG futurist.periodics [-] Submitting periodic callback 'neutron.plugins.ml2.drivers.ovn.mech_driver.ovsdb.maintenance.HashRingHealthCheckPeriodics.touch_hash_ring_node' {{(pid=103491) _process_scheduled /opt/stack/data/venv/lib/python3.12/site-packages/futurist/periodics.py:784}}
May 09 13:50:25.291528 np0000173158 devstack@neutron-api.service[103491]: DEBUG neutron.plugins.ml2.drivers.ovn.mech_driver.ovsdb.maintenance [-] Touching Hash Ring node "9fda6606361f5bcaabbce619fefef8ea" from periodic health check thread {{(pid=103491) touch_hash_ring_node /opt/stack/neutron/neutron/plugins/ml2/drivers/ovn/mech_driver/ovsdb/maintenance.py:1466}}
May 09 13:50:25.298613 np0000173158 devstack@neutron-api.service[103493]: DEBUG futurist.periodics [-] Submitting periodic callback 'neutron.plugins.ml2.drivers.ovn.mech_driver.ovsdb.maintenance.HashRingHealthCheckPeriodics.touch_hash_ring_node' {{(pid=103493) _process_scheduled /opt/stack/data/venv/lib/python3.12/site-packages/futurist/periodics.py:784}}
May 09 13:50:25.299284 np0000173158 devstack@neutron-api.service[103493]: DEBUG neutron.plugins.ml2.drivers.ovn.mech_driver.ovsdb.maintenance [-] Touching Hash Ring node "ba8f191132205205bd452ae7ae311b3d" from periodic health check thread {{(pid=103493) touch_hash_ring_node /opt/stack/neutron/neutron/plugins/ml2/drivers/ovn/mech_driver/ovsdb/maintenance.py:1466}}
May 09 13:50:30.728032 np0000173158 devstack@neutron-api.service[103491]: INFO neutron.pecan_wsgi.hooks.translation [None req-6514ee96-a444-4592-9137-4c53d9112ce0 admin admin] GET failed (client error): The resource could not be found.
May 09 13:50:30.728718 np0000173158 devstack@neutron-api.service[103491]: [pid: 103491|app: 0|req: 23/91] 199.204.45.116 () {64 vars in 1334 bytes} [Sat May 9 13:50:30 2026] GET /networking/v2.0/networks/admin_net => generated 111 bytes in 13 msecs (HTTP/1.1 404) 4 headers in 164 bytes (1 switches on core 0)
May 09 13:50:30.758794 np0000173158 devstack@neutron-api.service[103493]: [pid: 103493|app: 0|req: 23/92] 199.204.45.116 () {64 vars in 1346 bytes} [Sat May 9 13:50:30 2026] GET /networking/v2.0/networks?name=admin_net => generated 15 bytes in 19 msecs (HTTP/1.1 200) 4 headers in 156 bytes (1 switches on core 0)
May 09 13:50:31.000975 np0000173158 devstack@neutron-api.service[103494]: DEBUG neutron.api.v2.base [None req-b1f9fb1f-def9-485a-9621-10ffc2b0101e admin admin] Request body: {'network': {'admin_state_up': True, 'project_id': '9de8ae44a3dc4a309fa02a819db251ef', 'name': 'admin_net'}} {{(pid=103494) prepare_request_body /opt/stack/neutron/neutron/api/v2/base.py:727}}
May 09 13:50:31.017813 np0000173158 devstack@neutron-api.service[103494]: DEBUG neutron.pecan_wsgi.hooks.quota_enforcement [None req-b1f9fb1f-def9-485a-9621-10ffc2b0101e admin admin] Made reservation on behalf of 9de8ae44a3dc4a309fa02a819db251ef for: {'network': 1} {{(pid=103494) before /opt/stack/neutron/neutron/pecan_wsgi/hooks/quota_enforcement.py:66}}
May 09 13:50:31.022612 np0000173158 devstack@neutron-api.service[103494]: DEBUG neutron_lib.callbacks.manager [None req-b1f9fb1f-def9-485a-9621-10ffc2b0101e admin admin] Publish callbacks ['neutron.plugins.ml2.plugin.SecurityGroupDbMixin._ensure_default_security_group_handler-1914471'] for network (None), before_create {{(pid=103494) _notify_loop /opt/stack/data/venv/lib/python3.12/site-packages/neutron_lib/callbacks/manager.py:184}}
May 09 13:50:31.027279 np0000173158 devstack@neutron-api.service[103494]: DEBUG neutron_lib.callbacks.manager [None req-b1f9fb1f-def9-485a-9621-10ffc2b0101e admin admin] Publish callbacks [] for security_group (None), before_create {{(pid=103494) _notify_loop /opt/stack/data/venv/lib/python3.12/site-packages/neutron_lib/callbacks/manager.py:184}}
May 09 13:50:31.086043 np0000173158 devstack@neutron-api.service[103494]: DEBUG neutron_lib.callbacks.manager [None req-b1f9fb1f-def9-485a-9621-10ffc2b0101e admin admin] Publish callbacks ['neutron.plugins.ml2.drivers.ovn.mech_driver.mech_driver.OVNMechanismDriver._create_security_group_precommit-340935'] for security_group (c7ab43d6-987d-4b0e-b409-c0040b346bb2), precommit_create {{(pid=103494) _notify_loop /opt/stack/data/venv/lib/python3.12/site-packages/neutron_lib/callbacks/manager.py:184}}
May 09 13:50:31.086248 np0000173158 devstack@neutron-api.service[103494]: DEBUG neutron.db.ovn_revision_numbers_db [None req-b1f9fb1f-def9-485a-9621-10ffc2b0101e admin admin] create_initial_revision uuid=c7ab43d6-987d-4b0e-b409-c0040b346bb2, type=security_groups, rev=-1 {{(pid=103494) create_initial_revision /opt/stack/neutron/neutron/db/ovn_revision_numbers_db.py:98}}
May 09 13:50:31.087162 np0000173158 devstack@neutron-api.service[103494]: DEBUG neutron.db.ovn_revision_numbers_db [None req-b1f9fb1f-def9-485a-9621-10ffc2b0101e admin admin] create_initial_revision uuid=a88f27de-262e-40cf-896c-0b0146f990ba, type=security_group_rules, rev=-1 {{(pid=103494) create_initial_revision /opt/stack/neutron/neutron/db/ovn_revision_numbers_db.py:98}}
May 09 13:50:31.088042 np0000173158 devstack@neutron-api.service[103494]: DEBUG neutron.db.ovn_revision_numbers_db [None req-b1f9fb1f-def9-485a-9621-10ffc2b0101e admin admin] create_initial_revision uuid=b2990e0f-871d-4da1-aaef-ffff471780cf, type=security_group_rules, rev=-1 {{(pid=103494) create_initial_revision /opt/stack/neutron/neutron/db/ovn_revision_numbers_db.py:98}}
May 09 13:50:31.088870 np0000173158 devstack@neutron-api.service[103494]: DEBUG neutron.db.ovn_revision_numbers_db [None req-b1f9fb1f-def9-485a-9621-10ffc2b0101e admin admin] create_initial_revision uuid=d90888ae-e4df-4292-91be-86f4d702301a, type=security_group_rules, rev=-1 {{(pid=103494) create_initial_revision /opt/stack/neutron/neutron/db/ovn_revision_numbers_db.py:98}}
May 09 13:50:31.089784 np0000173158 devstack@neutron-api.service[103494]: DEBUG neutron.db.ovn_revision_numbers_db [None req-b1f9fb1f-def9-485a-9621-10ffc2b0101e admin admin] create_initial_revision uuid=f29318c5-5e68-4542-a463-0f95f838f787, type=security_group_rules, rev=-1 {{(pid=103494) create_initial_revision /opt/stack/neutron/neutron/db/ovn_revision_numbers_db.py:98}}
May 09 13:50:31.095375 np0000173158 devstack@neutron-api.service[103494]: DEBUG neutron_lib.callbacks.manager [None req-b1f9fb1f-def9-485a-9621-10ffc2b0101e admin admin] Publish callbacks ['neutron.plugins.ml2.drivers.ovn.mech_driver.mech_driver.OVNMechanismDriver._create_security_group-340941', 'neutron.plugins.ml2.ovo_rpc._ObjectChangeHandler.handle_event-66215735'] for security_group (c7ab43d6-987d-4b0e-b409-c0040b346bb2), after_create {{(pid=103494) _notify_loop /opt/stack/data/venv/lib/python3.12/site-packages/neutron_lib/callbacks/manager.py:184}}
May 09 13:50:31.097026 np0000173158 devstack@neutron-api.service[103494]: DEBUG ovsdbapp.backend.ovs_idl.transaction [None req-be880d14-2165-4740-a4bc-3f215fd0c13a None None] Running txn n=1 command(idx=0): PgAddCommand(_result=None, name=pg_c7ab43d6_987d_4b0e_b409_c0040b346bb2, may_exist=False, columns={'acls': [], 'external_ids': {'neutron:security_group_id': 'c7ab43d6-987d-4b0e-b409-c0040b346bb2'}}) {{(pid=103494) do_commit /opt/stack/data/venv/lib/python3.12/site-packages/ovsdbapp/backend/ovs_idl/transaction.py:89}}
May 09 13:50:31.097779 np0000173158 devstack@neutron-api.service[103494]: DEBUG ovsdbapp.backend.ovs_idl.transaction [None req-be880d14-2165-4740-a4bc-3f215fd0c13a None None] Running txn n=1 command(idx=1): PgAclAddCommand(_result=None, entity=pg_c7ab43d6_987d_4b0e_b409_c0040b346bb2, direction=from-lport, priority=1002, match=inport == @pg_c7ab43d6_987d_4b0e_b409_c0040b346bb2 && ip4, action=allow-related, log=False, may_exist=True, severity=[], name=[], meter=[], external_ids={'neutron:security_group_rule_id': 'a88f27de-262e-40cf-896c-0b0146f990ba'}) {{(pid=103494) do_commit /opt/stack/data/venv/lib/python3.12/site-packages/ovsdbapp/backend/ovs_idl/transaction.py:89}}
May 09 13:50:31.098463 np0000173158 devstack@neutron-api.service[103494]: DEBUG ovsdbapp.backend.ovs_idl.transaction [None req-be880d14-2165-4740-a4bc-3f215fd0c13a None None] Running txn n=1 command(idx=2): PgAclAddCommand(_result=None, entity=pg_c7ab43d6_987d_4b0e_b409_c0040b346bb2, direction=from-lport, priority=1002, match=inport == @pg_c7ab43d6_987d_4b0e_b409_c0040b346bb2 && ip6, action=allow-related, log=False, may_exist=True, severity=[], name=[], meter=[], external_ids={'neutron:security_group_rule_id': 'b2990e0f-871d-4da1-aaef-ffff471780cf'}) {{(pid=103494) do_commit /opt/stack/data/venv/lib/python3.12/site-packages/ovsdbapp/backend/ovs_idl/transaction.py:89}}
May 09 13:50:31.099008 np0000173158 devstack@neutron-api.service[103494]: DEBUG ovsdbapp.backend.ovs_idl.transaction [None req-be880d14-2165-4740-a4bc-3f215fd0c13a None None] Running txn n=1 command(idx=3): PgAclAddCommand(_result=None, entity=pg_c7ab43d6_987d_4b0e_b409_c0040b346bb2, direction=to-lport, priority=1002, match=outport == @pg_c7ab43d6_987d_4b0e_b409_c0040b346bb2 && ip4 && ip4.src == $pg_c7ab43d6_987d_4b0e_b409_c0040b346bb2_ip4, action=allow-related, log=False, may_exist=True, severity=[], name=[], meter=[], external_ids={'neutron:security_group_rule_id': 'd90888ae-e4df-4292-91be-86f4d702301a'}) {{(pid=103494) do_commit /opt/stack/data/venv/lib/python3.12/site-packages/ovsdbapp/backend/ovs_idl/transaction.py:89}}
May 09 13:50:31.099560 np0000173158 devstack@neutron-api.service[103494]: DEBUG ovsdbapp.backend.ovs_idl.transaction [None req-be880d14-2165-4740-a4bc-3f215fd0c13a None None] Running txn n=1 command(idx=4): PgAclAddCommand(_result=None, entity=pg_c7ab43d6_987d_4b0e_b409_c0040b346bb2, direction=to-lport, priority=1002, match=outport == @pg_c7ab43d6_987d_4b0e_b409_c0040b346bb2 && ip6 && ip6.src == $pg_c7ab43d6_987d_4b0e_b409_c0040b346bb2_ip6, action=allow-related, log=False, may_exist=True, severity=[], name=[], meter=[], external_ids={'neutron:security_group_rule_id': 'f29318c5-5e68-4542-a463-0f95f838f787'}) {{(pid=103494) do_commit /opt/stack/data/venv/lib/python3.12/site-packages/ovsdbapp/backend/ovs_idl/transaction.py:89}}
May 09 13:50:31.112311 np0000173158 devstack@neutron-api.service[103494]: DEBUG neutron.common.ovn.hash_ring_manager [None req-be880d14-2165-4740-a4bc-3f215fd0c13a None None] Hash Ring loaded. 4 active nodes. 0 offline nodes {{(pid=103494) _load_hash_ring /opt/stack/neutron/neutron/common/ovn/hash_ring_manager.py:102}}
May 09 13:50:31.112611 np0000173158 devstack@neutron-api.service[103494]: DEBUG neutron.plugins.ml2.drivers.ovn.mech_driver.ovsdb.ovsdb_monitor [None req-be880d14-2165-4740-a4bc-3f215fd0c13a None None] Hash Ring: Node 00490973f6945c89a323f764d329e542 (host: np0000173158) handling event "create" for row d30fe85b-daad-4930-b73a-30bd167b295e (table: ACL) {{(pid=103494) notify /opt/stack/neutron/neutron/plugins/ml2/drivers/ovn/mech_driver/ovsdb/ovsdb_monitor.py:942}}
May 09 13:50:31.112908 np0000173158 devstack@neutron-api.service[103494]: DEBUG neutron.plugins.ml2.drivers.ovn.mech_driver.ovsdb.ovsdb_monitor [None req-be880d14-2165-4740-a4bc-3f215fd0c13a None None] Hash Ring: Node 00490973f6945c89a323f764d329e542 (host: np0000173158) handling event "create" for row 73511f87-b710-4321-9e23-859457f77a82 (table: Port_Group) {{(pid=103494) notify /opt/stack/neutron/neutron/plugins/ml2/drivers/ovn/mech_driver/ovsdb/ovsdb_monitor.py:942}}
May 09 13:50:31.113141 np0000173158 devstack@neutron-api.service[103492]: DEBUG neutron.common.ovn.hash_ring_manager [None req-b0ab433d-f736-4e02-bc24-d443eb20bb55 None None] Hash Ring loaded. 4 active nodes. 0 offline nodes {{(pid=103492) _load_hash_ring /opt/stack/neutron/neutron/common/ovn/hash_ring_manager.py:102}}
May 09 13:50:31.113469 np0000173158 devstack@neutron-api.service[103492]: DEBUG neutron.plugins.ml2.drivers.ovn.mech_driver.ovsdb.ovsdb_monitor [None req-b0ab433d-f736-4e02-bc24-d443eb20bb55 None None] Hash Ring: Node f7212ad8ecf055929fc6e212241d7473 (host: np0000173158) handling event "create" for row 5c49f5eb-772b-4be9-970f-bbbf803dc785 (table: ACL) {{(pid=103492) notify /opt/stack/neutron/neutron/plugins/ml2/drivers/ovn/mech_driver/ovsdb/ovsdb_monitor.py:942}}
May 09 13:50:31.114685 np0000173158 devstack@neutron-api.service[103491]: DEBUG neutron.common.ovn.hash_ring_manager [None req-2d32442e-9bf3-44a9-8026-5e2fcb3b6bb7 None None] Hash Ring loaded. 4 active nodes. 0 offline nodes {{(pid=103491) _load_hash_ring /opt/stack/neutron/neutron/common/ovn/hash_ring_manager.py:102}}
May 09 13:50:31.114991 np0000173158 devstack@neutron-api.service[103491]: DEBUG neutron.plugins.ml2.drivers.ovn.mech_driver.ovsdb.ovsdb_monitor [None req-2d32442e-9bf3-44a9-8026-5e2fcb3b6bb7 None None] Hash Ring: Node 9fda6606361f5bcaabbce619fefef8ea (host: np0000173158) handling event "create" for row f7d6b732-d3ff-469d-97db-05a44ffdfbaf (table: ACL) {{(pid=103491) notify /opt/stack/neutron/neutron/plugins/ml2/drivers/ovn/mech_driver/ovsdb/ovsdb_monitor.py:942}}
May 09 13:50:31.115668 np0000173158 devstack@neutron-api.service[103493]: DEBUG neutron.common.ovn.hash_ring_manager [None req-cea100f9-2bf3-469e-be7d-c9ac7151f9ba None None] Hash Ring loaded. 4 active nodes. 0 offline nodes {{(pid=103493) _load_hash_ring /opt/stack/neutron/neutron/common/ovn/hash_ring_manager.py:102}}
May 09 13:50:31.115875 np0000173158 devstack@neutron-api.service[103493]: DEBUG neutron.plugins.ml2.drivers.ovn.mech_driver.ovsdb.ovsdb_monitor [None req-cea100f9-2bf3-469e-be7d-c9ac7151f9ba None None] Hash Ring: Node ba8f191132205205bd452ae7ae311b3d (host: np0000173158) handling event "create" for row e0ad10a9-6cc5-4d23-945f-2c0d484ca635 (table: ACL) {{(pid=103493) notify /opt/stack/neutron/neutron/plugins/ml2/drivers/ovn/mech_driver/ovsdb/ovsdb_monitor.py:942}}
May 09 13:50:31.132149 np0000173158 devstack@neutron-api.service[103494]: INFO neutron.db.ovn_revision_numbers_db [None req-b1f9fb1f-def9-485a-9621-10ffc2b0101e admin admin] Successfully bumped revision number for resource c7ab43d6-987d-4b0e-b409-c0040b346bb2 (type: security_groups) to 1
May 09 13:50:31.144972 np0000173158 devstack@neutron-api.service[103494]: INFO neutron.db.ovn_revision_numbers_db [None req-b1f9fb1f-def9-485a-9621-10ffc2b0101e admin admin] Successfully bumped revision number for resource a88f27de-262e-40cf-896c-0b0146f990ba (type: security_group_rules) to 0
May 09 13:50:31.156588 np0000173158 devstack@neutron-api.service[103494]: INFO neutron.db.ovn_revision_numbers_db [None req-b1f9fb1f-def9-485a-9621-10ffc2b0101e admin admin] Successfully bumped revision number for resource b2990e0f-871d-4da1-aaef-ffff471780cf (type: security_group_rules) to 0
May 09 13:50:31.169180 np0000173158 devstack@neutron-api.service[103494]: INFO neutron.db.ovn_revision_numbers_db [None req-b1f9fb1f-def9-485a-9621-10ffc2b0101e admin admin] Successfully bumped revision number for resource d90888ae-e4df-4292-91be-86f4d702301a (type: security_group_rules) to 0
May 09 13:50:31.181670 np0000173158 devstack@neutron-api.service[103494]: INFO neutron.db.ovn_revision_numbers_db [None req-b1f9fb1f-def9-485a-9621-10ffc2b0101e admin admin] Successfully bumped revision number for resource f29318c5-5e68-4542-a463-0f95f838f787 (type: security_group_rules) to 0
May 09 13:50:31.205002 np0000173158 devstack@neutron-api.service[103494]: DEBUG neutron.api.rpc.handlers.resources_rpc [None req-b1f9fb1f-def9-485a-9621-10ffc2b0101e admin admin] Pushing event updated for resources: {'SecurityGroup': ['ID=c7ab43d6-987d-4b0e-b409-c0040b346bb2,revision_number=1']} {{(pid=103494) push /opt/stack/neutron/neutron/api/rpc/handlers/resources_rpc.py:237}}
May 09 13:50:31.210614 np0000173158 devstack@neutron-api.service[103494]: DEBUG ovsdbapp.backend.ovs_idl.transaction [None req-be880d14-2165-4740-a4bc-3f215fd0c13a None None] Running txn n=1 command(idx=0): CheckLivenessCommand(_result=None) {{(pid=103494) do_commit /opt/stack/data/venv/lib/python3.12/site-packages/ovsdbapp/backend/ovs_idl/transaction.py:89}}
May 09 13:50:31.273305 np0000173158 devstack@neutron-api.service[103493]: DEBUG neutron.plugins.ml2.drivers.ovn.mech_driver.ovsdb.ovsdb_monitor [None req-cea100f9-2bf3-469e-be7d-c9ac7151f9ba None None] Hash Ring: Node ba8f191132205205bd452ae7ae311b3d (host: np0000173158) handling event "update" for row 82ed3c6b-4770-45a1-a544-46ba8a2900bd (table: NB_Global) {{(pid=103493) notify /opt/stack/neutron/neutron/plugins/ml2/drivers/ovn/mech_driver/ovsdb/ovsdb_monitor.py:942}}
May 09 13:50:31.274571 np0000173158 devstack@neutron-api.service[103493]: DEBUG neutron.plugins.ml2.drivers.ovn.mech_driver.ovsdb.ovsdb_monitor [None req-cea100f9-2bf3-469e-be7d-c9ac7151f9ba None None] Hash Ring: Node ba8f191132205205bd452ae7ae311b3d (host: np0000173158) handling event "update" for row 82ed3c6b-4770-45a1-a544-46ba8a2900bd (table: NB_Global) {{(pid=103493) notify /opt/stack/neutron/neutron/plugins/ml2/drivers/ovn/mech_driver/ovsdb/ovsdb_monitor.py:942}}
May 09 13:50:31.277826 np0000173158 devstack@neutron-api.service[103493]: DEBUG neutron.plugins.ml2.drivers.ovn.mech_driver.ovsdb.ovsdb_monitor [None req-fc9db156-d106-4e8d-bd75-7a604393e755 None None] ChassisAgentWriteEvent : Matched Chassis_Private, update, None None {{(pid=103493) matches /opt/stack/neutron/neutron/plugins/ml2/drivers/ovn/mech_driver/ovsdb/ovsdb_monitor.py:64}}
May 09 13:50:31.277987 np0000173158 devstack@neutron-api.service[103491]: DEBUG neutron.plugins.ml2.drivers.ovn.mech_driver.ovsdb.ovsdb_monitor [None req-c728fb7d-35dd-470f-ac12-ceb75d66e5cf None None] ChassisAgentWriteEvent : Matched Chassis_Private, update, None None {{(pid=103491) matches /opt/stack/neutron/neutron/plugins/ml2/drivers/ovn/mech_driver/ovsdb/ovsdb_monitor.py:64}}
May 09 13:50:31.278169 np0000173158 devstack@neutron-api.service[103492]: DEBUG neutron.plugins.ml2.drivers.ovn.mech_driver.ovsdb.ovsdb_monitor [None req-e4abe25c-bc48-4385-90ca-c4c646715470 None None] ChassisAgentWriteEvent : Matched Chassis_Private, update, None None {{(pid=103492) matches /opt/stack/neutron/neutron/plugins/ml2/drivers/ovn/mech_driver/ovsdb/ovsdb_monitor.py:64}}
May 09 13:50:31.279120 np0000173158 devstack@neutron-api.service[103494]: DEBUG neutron.api.rpc.callbacks.version_manager [None req-b1f9fb1f-def9-485a-9621-10ffc2b0101e admin admin] Tracked resource versions report:
May 09 13:50:31.279120 np0000173158 devstack@neutron-api.service[103494]: pushed versions:
May 09 13:50:31.279120 np0000173158 devstack@neutron-api.service[103494]: { 'AddressGroup': {'1.2'},
May 09 13:50:31.279120 np0000173158 devstack@neutron-api.service[103494]: 'Agent': {'1.1'},
May 09 13:50:31.279120 np0000173158 devstack@neutron-api.service[103494]: 'ConntrackHelper': {'1.0'},
May 09 13:50:31.279120 np0000173158 devstack@neutron-api.service[103494]: 'LocalIPAssociation': {'1.0'},
May 09 13:50:31.279120 np0000173158 devstack@neutron-api.service[103494]: 'Log': {'1.0'},
May 09 13:50:31.279120 np0000173158 devstack@neutron-api.service[103494]: 'NDPProxy': {'1.0'},
May 09 13:50:31.279120 np0000173158 devstack@neutron-api.service[103494]: 'Network': {'1.2'},
May 09 13:50:31.279120 np0000173158 devstack@neutron-api.service[103494]: 'Port': {'1.10'},
May 09 13:50:31.279120 np0000173158 devstack@neutron-api.service[103494]: 'PortForwarding': {'1.3'},
May 09 13:50:31.279120 np0000173158 devstack@neutron-api.service[103494]: 'QosPolicy': {'1.10'},
May 09 13:50:31.279120 np0000173158 devstack@neutron-api.service[103494]: 'SecurityGroup': {'1.6'},
May 09 13:50:31.279120 np0000173158 devstack@neutron-api.service[103494]: 'SecurityGroupRule': {'1.3'},
May 09 13:50:31.279120 np0000173158 devstack@neutron-api.service[103494]: 'SubPort': {'1.0'},
May 09 13:50:31.279120 np0000173158 devstack@neutron-api.service[103494]: 'Subnet': {'1.2'},
May 09 13:50:31.279120 np0000173158 devstack@neutron-api.service[103494]: 'Trunk': {'1.1'}}
May 09 13:50:31.279120 np0000173158 devstack@neutron-api.service[103494]: consumer versions:
May 09 13:50:31.279120 np0000173158 devstack@neutron-api.service[103494]: { OVN Neutron agent@np0000173158: {},
May 09 13:50:31.279120 np0000173158 devstack@neutron-api.service[103494]: OVN Controller Gateway agent@np0000173158: {}}
May 09 13:50:31.279120 np0000173158 devstack@neutron-api.service[103494]: {{(pid=103494) report /opt/stack/neutron/neutron/api/rpc/callbacks/version_manager.py:183}}
May 09 13:50:31.282535 np0000173158 devstack@neutron-api.service[103493]: DEBUG neutron.plugins.ml2.drivers.ovn.mech_driver.ovsdb.ovsdb_monitor [None req-cea100f9-2bf3-469e-be7d-c9ac7151f9ba None None] Hash Ring: Node ba8f191132205205bd452ae7ae311b3d (host: np0000173158) handling event "update" for row 82ed3c6b-4770-45a1-a544-46ba8a2900bd (table: NB_Global) {{(pid=103493) notify /opt/stack/neutron/neutron/plugins/ml2/drivers/ovn/mech_driver/ovsdb/ovsdb_monitor.py:942}}
May 09 13:50:31.283406 np0000173158 devstack@neutron-api.service[103493]: DEBUG neutron.plugins.ml2.drivers.ovn.mech_driver.ovsdb.ovsdb_monitor [None req-cea100f9-2bf3-469e-be7d-c9ac7151f9ba None None] Hash Ring: Node ba8f191132205205bd452ae7ae311b3d (host: np0000173158) handling event "update" for row 82ed3c6b-4770-45a1-a544-46ba8a2900bd (table: NB_Global) {{(pid=103493) notify /opt/stack/neutron/neutron/plugins/ml2/drivers/ovn/mech_driver/ovsdb/ovsdb_monitor.py:942}}
May 09 13:50:31.287211 np0000173158 devstack@neutron-api.service[103493]: DEBUG neutron.common.ovn.hash_ring_manager [None req-fc9db156-d106-4e8d-bd75-7a604393e755 None None] Hash Ring loaded. 4 active nodes. 0 offline nodes {{(pid=103493) _load_hash_ring /opt/stack/neutron/neutron/common/ovn/hash_ring_manager.py:102}}
May 09 13:50:31.287375 np0000173158 devstack@neutron-api.service[103491]: DEBUG neutron.common.ovn.hash_ring_manager [None req-c728fb7d-35dd-470f-ac12-ceb75d66e5cf None None] Hash Ring loaded. 4 active nodes. 0 offline nodes {{(pid=103491) _load_hash_ring /opt/stack/neutron/neutron/common/ovn/hash_ring_manager.py:102}}
May 09 13:50:31.287618 np0000173158 devstack@neutron-api.service[103491]: DEBUG neutron.plugins.ml2.drivers.ovn.mech_driver.ovsdb.ovsdb_monitor [None req-c728fb7d-35dd-470f-ac12-ceb75d66e5cf None None] Hash Ring: Node 9fda6606361f5bcaabbce619fefef8ea (host: np0000173158) handling event "update" for row 4402ea21-39f2-4d06-b46b-96ace0ddb3b3 (table: Chassis_Private) {{(pid=103491) notify /opt/stack/neutron/neutron/plugins/ml2/drivers/ovn/mech_driver/ovsdb/ovsdb_monitor.py:942}}
May 09 13:50:31.287862 np0000173158 devstack@neutron-api.service[103492]: DEBUG neutron.common.ovn.hash_ring_manager [None req-e4abe25c-bc48-4385-90ca-c4c646715470 None None] Hash Ring loaded. 4 active nodes. 0 offline nodes {{(pid=103492) _load_hash_ring /opt/stack/neutron/neutron/common/ovn/hash_ring_manager.py:102}}
May 09 13:50:31.288405 np0000173158 devstack@neutron-api.service[103494]: DEBUG neutron.plugins.ml2.drivers.ovn.mech_driver.ovsdb.ovsdb_monitor [None req-45b99391-0104-4983-a2ed-8b8cd8f84904 None None] ChassisAgentWriteEvent : Matched Chassis_Private, update, None None {{(pid=103494) matches /opt/stack/neutron/neutron/plugins/ml2/drivers/ovn/mech_driver/ovsdb/ovsdb_monitor.py:64}}
May 09 13:50:31.298714 np0000173158 devstack@neutron-api.service[103494]: DEBUG neutron.common.ovn.hash_ring_manager [None req-45b99391-0104-4983-a2ed-8b8cd8f84904 None None] Hash Ring loaded. 4 active nodes. 0 offline nodes {{(pid=103494) _load_hash_ring /opt/stack/neutron/neutron/common/ovn/hash_ring_manager.py:102}}
May 09 13:50:31.327843 np0000173158 devstack@neutron-api.service[103494]: DEBUG neutron.plugins.ml2.drivers.helpers [None req-b1f9fb1f-def9-485a-9621-10ffc2b0101e admin admin] geneve segment allocate from pool success with {'geneve_vni': 57472} {{(pid=103494) allocate_partially_specified_segment /opt/stack/neutron/neutron/plugins/ml2/drivers/helpers.py:142}}
May 09 13:50:31.337347 np0000173158 devstack@neutron-api.service[103494]: DEBUG neutron_lib.callbacks.manager [None req-b1f9fb1f-def9-485a-9621-10ffc2b0101e admin admin] Publish callbacks ['neutron.services.segments.db._add_segment_host_mapping_for_segment-8094705730180', 'neutron.plugins.ml2.plugin.Ml2Plugin._handle_segment_change-93247'] for segment (26156e01-43ce-48f7-9239-ae050eeb9dcf), precommit_create {{(pid=103494) _notify_loop /opt/stack/data/venv/lib/python3.12/site-packages/neutron_lib/callbacks/manager.py:184}}
May 09 13:50:31.337859 np0000173158 devstack@neutron-api.service[103494]: INFO neutron.db.segments_db [None req-b1f9fb1f-def9-485a-9621-10ffc2b0101e admin admin] Added segment 26156e01-43ce-48f7-9239-ae050eeb9dcf of type geneve for network e8567205-4ac9-4d38-b56e-fa918a370c42
May 09 13:50:31.354664 np0000173158 devstack@neutron-api.service[103494]: DEBUG neutron_lib.callbacks.manager [None req-b1f9fb1f-def9-485a-9621-10ffc2b0101e admin admin] Publish callbacks ['neutron.services.auto_allocate.db._ensure_external_network_default_value_callback-8094704535222'] for network (e8567205-4ac9-4d38-b56e-fa918a370c42), precommit_create {{(pid=103494) _notify_loop /opt/stack/data/venv/lib/python3.12/site-packages/neutron_lib/callbacks/manager.py:184}}
May 09 13:50:31.365500 np0000173158 devstack@neutron-api.service[103494]: DEBUG neutron.plugins.ml2.drivers.ovn.mech_driver.mech_driver [None req-b1f9fb1f-def9-485a-9621-10ffc2b0101e admin admin] Validating network segment with type geneve, segmentation ID 57472, physical network None {{(pid=103494) _validate_network_segments /opt/stack/neutron/neutron/plugins/ml2/drivers/ovn/mech_driver/mech_driver.py:641}}
May 09 13:50:31.365686 np0000173158 devstack@neutron-api.service[103494]: DEBUG neutron.db.ovn_revision_numbers_db [None req-b1f9fb1f-def9-485a-9621-10ffc2b0101e admin admin] create_initial_revision uuid=e8567205-4ac9-4d38-b56e-fa918a370c42, type=networks, rev=-1 {{(pid=103494) create_initial_revision /opt/stack/neutron/neutron/db/ovn_revision_numbers_db.py:98}}
May 09 13:50:31.374861 np0000173158 devstack@neutron-api.service[103494]: DEBUG neutron_lib.callbacks.manager [None req-b1f9fb1f-def9-485a-9621-10ffc2b0101e admin admin] Publish callbacks ['neutron.plugins.ml2.ovo_rpc._ObjectChangeHandler.handle_event-66215722'] for network (e8567205-4ac9-4d38-b56e-fa918a370c42), after_create {{(pid=103494) _notify_loop /opt/stack/data/venv/lib/python3.12/site-packages/neutron_lib/callbacks/manager.py:184}}
May 09 13:50:31.392571 np0000173158 devstack@neutron-api.service[103494]: DEBUG neutron.api.rpc.handlers.resources_rpc [None req-b1f9fb1f-def9-485a-9621-10ffc2b0101e admin admin] Pushing event updated for resources: {'Network': ['ID=e8567205-4ac9-4d38-b56e-fa918a370c42,revision_number=1']} {{(pid=103494) push /opt/stack/neutron/neutron/api/rpc/handlers/resources_rpc.py:237}}
May 09 13:50:31.400026 np0000173158 devstack@neutron-api.service[103494]: DEBUG ovsdbapp.backend.ovs_idl.transaction [None req-be880d14-2165-4740-a4bc-3f215fd0c13a None None] Running txn n=1 command(idx=0): AddNetworkCommand(_result=None, network_uuid=e8567205-4ac9-4d38-b56e-fa918a370c42, may_exist=True, columns={'external_ids': {'neutron:network_name': 'admin_net', 'neutron:mtu': '1372', 'neutron:revision_number': '1', 'neutron:availability_zone_hints': '', 'neutron:provnet-network-type': 'geneve'}, 'other_config': {'mcast_snoop': 'false', 'mcast_flood_unregistered': 'false', 'vlan-passthru': 'false'}}) {{(pid=103494) do_commit /opt/stack/data/venv/lib/python3.12/site-packages/ovsdbapp/backend/ovs_idl/transaction.py:89}}
May 09 13:50:31.406311 np0000173158 devstack@neutron-api.service[103492]: DEBUG neutron.plugins.ml2.drivers.ovn.mech_driver.ovsdb.ovsdb_monitor [None req-b0ab433d-f736-4e02-bc24-d443eb20bb55 None None] Hash Ring: Node f7212ad8ecf055929fc6e212241d7473 (host: np0000173158) handling event "create" for row e8567205-4ac9-4d38-b56e-fa918a370c42 (table: Logical_Switch) {{(pid=103492) notify /opt/stack/neutron/neutron/plugins/ml2/drivers/ovn/mech_driver/ovsdb/ovsdb_monitor.py:942}}
May 09 13:50:31.409373 np0000173158 devstack@neutron-api.service[103491]: DEBUG neutron.plugins.ml2.drivers.ovn.mech_driver.ovsdb.ovsdb_monitor [None req-c728fb7d-35dd-470f-ac12-ceb75d66e5cf None None] Hash Ring: Node 9fda6606361f5bcaabbce619fefef8ea (host: np0000173158) handling event "create" for row 76031750-00be-40fe-bcde-af4e6b84e9bb (table: Datapath_Binding) {{(pid=103491) notify /opt/stack/neutron/neutron/plugins/ml2/drivers/ovn/mech_driver/ovsdb/ovsdb_monitor.py:942}}
May 09 13:50:31.432247 np0000173158 devstack@neutron-api.service[103494]: INFO neutron.db.ovn_revision_numbers_db [None req-b1f9fb1f-def9-485a-9621-10ffc2b0101e admin admin] Successfully bumped revision number for resource e8567205-4ac9-4d38-b56e-fa918a370c42 (type: networks) to 1
May 09 13:50:31.451456 np0000173158 devstack@neutron-api.service[103494]: DEBUG neutron_lib.callbacks.manager [None req-b1f9fb1f-def9-485a-9621-10ffc2b0101e admin admin] Publish callbacks ['neutron.plugins.ml2.plugin.SecurityGroupDbMixin._ensure_default_security_group_handler-1914471'] for port (None), before_create {{(pid=103494) _notify_loop /opt/stack/data/venv/lib/python3.12/site-packages/neutron_lib/callbacks/manager.py:184}}
May 09 13:50:31.513783 np0000173158 devstack@neutron-api.service[103494]: DEBUG neutron_lib.callbacks.manager [None req-b1f9fb1f-def9-485a-9621-10ffc2b0101e admin admin] Publish callbacks ['neutron.plugins.ml2.drivers.ovn.mech_driver.mech_driver.OVNMechanismDriver._validate_allowed_address_pairs-340927'] for allowed_address_pair (0fa6dc92-c4d4-4fde-8b13-8988849d2c8e), before_create {{(pid=103494) _notify_loop /opt/stack/data/venv/lib/python3.12/site-packages/neutron_lib/callbacks/manager.py:184}}
May 09 13:50:31.514259 np0000173158 devstack@neutron-api.service[103494]: DEBUG neutron_lib.callbacks.manager [None req-b1f9fb1f-def9-485a-9621-10ffc2b0101e admin admin] Publish callbacks [] for port (0fa6dc92-c4d4-4fde-8b13-8988849d2c8e), precommit_create {{(pid=103494) _notify_loop /opt/stack/data/venv/lib/python3.12/site-packages/neutron_lib/callbacks/manager.py:184}}
May 09 13:50:31.514412 np0000173158 devstack@neutron-api.service[103494]: DEBUG neutron.plugins.ml2.drivers.ovn.mech_driver.mech_driver [None req-b1f9fb1f-def9-485a-9621-10ffc2b0101e admin admin] No provisioning block for port 0fa6dc92-c4d4-4fde-8b13-8988849d2c8e since it does not have a host {{(pid=103494) _is_port_provisioning_required /opt/stack/neutron/neutron/plugins/ml2/drivers/ovn/mech_driver/mech_driver.py:894}}
May 09 13:50:31.514559 np0000173158 devstack@neutron-api.service[103494]: DEBUG neutron.db.ovn_revision_numbers_db [None req-b1f9fb1f-def9-485a-9621-10ffc2b0101e admin admin] create_initial_revision uuid=0fa6dc92-c4d4-4fde-8b13-8988849d2c8e, type=ports, rev=-1 {{(pid=103494) create_initial_revision /opt/stack/neutron/neutron/db/ovn_revision_numbers_db.py:98}}
May 09 13:50:31.548011 np0000173158 devstack@neutron-api.service[103494]: DEBUG neutron_lib.callbacks.manager [None req-b1f9fb1f-def9-485a-9621-10ffc2b0101e admin admin] Publish callbacks ['neutron.plugins.ml2.ovo_rpc._ObjectChangeHandler.handle_event-66215647'] for port (0fa6dc92-c4d4-4fde-8b13-8988849d2c8e), after_create {{(pid=103494) _notify_loop /opt/stack/data/venv/lib/python3.12/site-packages/neutron_lib/callbacks/manager.py:184}}
May 09 13:50:31.583220 np0000173158 devstack@neutron-api.service[103494]: DEBUG neutron.api.rpc.handlers.resources_rpc [None req-b1f9fb1f-def9-485a-9621-10ffc2b0101e admin admin] Pushing event updated for resources: {'Port': ['ID=0fa6dc92-c4d4-4fde-8b13-8988849d2c8e,revision_number=1']} {{(pid=103494) push /opt/stack/neutron/neutron/api/rpc/handlers/resources_rpc.py:237}}
May 09 13:50:31.589941 np0000173158 devstack@neutron-api.service[103494]: DEBUG ovsdbapp.backend.ovs_idl.transaction [None req-be880d14-2165-4740-a4bc-3f215fd0c13a None None] Running txn n=1 command(idx=0): AddLSwitchPortCommand(_result=None, lport=0fa6dc92-c4d4-4fde-8b13-8988849d2c8e, lswitch=neutron-e8567205-4ac9-4d38-b56e-fa918a370c42, may_exist=True, network_uuid=e8567205-4ac9-4d38-b56e-fa918a370c42, columns={'addresses': ['fa:16:3e:5a:6f:6b'], 'external_ids': {'neutron:port_name': '', 'neutron:device_id': 'ovnmeta-e8567205-4ac9-4d38-b56e-fa918a370c42', 'neutron:project_id': '9de8ae44a3dc4a309fa02a819db251ef', 'neutron:cidrs': '', 'neutron:device_owner': 'network:distributed', 'neutron:subnet_pool_addr_scope4': '', 'neutron:subnet_pool_addr_scope6': '', 'neutron:network_name': 'neutron-e8567205-4ac9-4d38-b56e-fa918a370c42', 'neutron:security_group_ids': '', 'neutron:revision_number': '1', 'neutron:vnic_type': 'normal', 'neutron:port_capabilities': '', 'neutron:mtu': ''}, 'parent_name': [], 'tag': [], 'enabled': True, 'options': {}, 'type': 'localport', 'port_security': [], 'dhcpv4_options': [], 'dhcpv6_options': []}) {{(pid=103494) do_commit /opt/stack/data/venv/lib/python3.12/site-packages/ovsdbapp/backend/ovs_idl/transaction.py:89}}
May 09 13:50:31.591043 np0000173158 devstack@neutron-api.service[103494]: DEBUG ovsdbapp.backend.ovs_idl.transaction [None req-be880d14-2165-4740-a4bc-3f215fd0c13a None None] Running txn n=1 command(idx=1): QoSDelCommand(_result=None, switch=neutron-e8567205-4ac9-4d38-b56e-fa918a370c42, conditions=[('direction', '=', 'to-lport'), ('priority', '=', 2002), ('match', '=', 'outport == "0fa6dc92-c4d4-4fde-8b13-8988849d2c8e"')], if_exists=True) {{(pid=103494) do_commit /opt/stack/data/venv/lib/python3.12/site-packages/ovsdbapp/backend/ovs_idl/transaction.py:89}}
May 09 13:50:31.591502 np0000173158 devstack@neutron-api.service[103494]: DEBUG ovsdbapp.backend.ovs_idl.transaction [None req-be880d14-2165-4740-a4bc-3f215fd0c13a None None] Running txn n=1 command(idx=2): QoSDelCommand(_result=None, switch=neutron-e8567205-4ac9-4d38-b56e-fa918a370c42, conditions=[('direction', '=', 'from-lport'), ('priority', '=', 2002), ('match', '=', 'inport == "0fa6dc92-c4d4-4fde-8b13-8988849d2c8e"')], if_exists=True) {{(pid=103494) do_commit /opt/stack/data/venv/lib/python3.12/site-packages/ovsdbapp/backend/ovs_idl/transaction.py:89}}
May 09 13:50:31.597075 np0000173158 devstack@neutron-api.service[103494]: DEBUG neutron.plugins.ml2.drivers.ovn.mech_driver.ovsdb.ovsdb_monitor [None req-be880d14-2165-4740-a4bc-3f215fd0c13a None None] Hash Ring: Node 00490973f6945c89a323f764d329e542 (host: np0000173158) handling event "create" for row fda4538f-dc92-43cc-b2c6-dd98aae5d3ee (table: Logical_Switch_Port) {{(pid=103494) notify /opt/stack/neutron/neutron/plugins/ml2/drivers/ovn/mech_driver/ovsdb/ovsdb_monitor.py:942}}
May 09 13:50:31.597754 np0000173158 devstack@neutron-api.service[103492]: DEBUG neutron.plugins.ml2.drivers.ovn.mech_driver.ovsdb.ovsdb_monitor [None req-b0ab433d-f736-4e02-bc24-d443eb20bb55 None None] Hash Ring: Node f7212ad8ecf055929fc6e212241d7473 (host: np0000173158) handling event "update" for row e8567205-4ac9-4d38-b56e-fa918a370c42 (table: Logical_Switch) {{(pid=103492) notify /opt/stack/neutron/neutron/plugins/ml2/drivers/ovn/mech_driver/ovsdb/ovsdb_monitor.py:942}}
May 09 13:50:31.598678 np0000173158 devstack@neutron-api.service[103494]: DEBUG ovsdbapp.backend.ovs_idl.event [None req-be880d14-2165-4740-a4bc-3f215fd0c13a None None] Matched CREATE: LogicalSwitchPortCreateEvent(events=('create',), table='Logical_Switch_Port', conditions=[], old_conditions=None), priority=20 to row=Logical_Switch_Port(uuid=fda4538f-dc92-43cc-b2c6-dd98aae5d3ee, addresses=['fa:16:3e:5a:6f:6b'], dhcpv4_options=[], dhcpv6_options=[], dynamic_addresses=[], enabled=True, external_ids={'neutron:cidrs': '', 'neutron:device_id': 'ovnmeta-e8567205-4ac9-4d38-b56e-fa918a370c42', 'neutron:device_owner': 'network:distributed', 'neutron:mtu': '', 'neutron:network_name': 'neutron-e8567205-4ac9-4d38-b56e-fa918a370c42', 'neutron:port_capabilities': '', 'neutron:port_name': '', 'neutron:project_id': '9de8ae44a3dc4a309fa02a819db251ef', 'neutron:revision_number': '1', 'neutron:security_group_ids': '', 'neutron:subnet_pool_addr_scope4': '', 'neutron:subnet_pool_addr_scope6': '', 'neutron:vnic_type': 'normal'}, ha_chassis_group=[], mirror_rules=[], name='0fa6dc92-c4d4-4fde-8b13-8988849d2c8e', options={}, parent_name=[], port_security=[], tag=[], tag_request=[], type='localport', up=[]) old= {{(pid=103494) matches /opt/stack/data/venv/lib/python3.12/site-packages/ovsdbapp/backend/ovs_idl/event.py:55}}
May 09 13:50:31.601631 np0000173158 devstack@neutron-api.service[103494]: DEBUG neutron.plugins.ml2.drivers.ovn.mech_driver.ovsdb.ovsdb_monitor [None req-be880d14-2165-4740-a4bc-3f215fd0c13a None None] Hash Ring: Node 00490973f6945c89a323f764d329e542 (host: np0000173158) handling event "update" for row fda4538f-dc92-43cc-b2c6-dd98aae5d3ee (table: Logical_Switch_Port) {{(pid=103494) notify /opt/stack/neutron/neutron/plugins/ml2/drivers/ovn/mech_driver/ovsdb/ovsdb_monitor.py:942}}
May 09 13:50:31.602886 np0000173158 devstack@neutron-api.service[103491]: DEBUG neutron.plugins.ml2.drivers.ovn.mech_driver.ovsdb.ovsdb_monitor [None req-c728fb7d-35dd-470f-ac12-ceb75d66e5cf None None] Hash Ring: Node 9fda6606361f5bcaabbce619fefef8ea (host: np0000173158) handling event "create" for row f9370baa-32e0-4b2d-ac2e-836766d232a3 (table: Port_Binding) {{(pid=103491) notify /opt/stack/neutron/neutron/plugins/ml2/drivers/ovn/mech_driver/ovsdb/ovsdb_monitor.py:942}}
May 09 13:50:31.604632 np0000173158 devstack@neutron-api.service[103494]: INFO neutron.plugins.ml2.drivers.ovn.mech_driver.mech_driver [None req-71f4c956-5985-4c75-91a7-33760959b742 None None] OVN reports status down for port: 0fa6dc92-c4d4-4fde-8b13-8988849d2c8e
May 09 13:50:31.655646 np0000173158 devstack@neutron-api.service[103494]: DEBUG neutron.db.provisioning_blocks [None req-71f4c956-5985-4c75-91a7-33760959b742 None None] Transition to ACTIVE for port object 0fa6dc92-c4d4-4fde-8b13-8988849d2c8e will not be triggered until provisioned by entity L2. {{(pid=103494) add_provisioning_component /opt/stack/neutron/neutron/db/provisioning_blocks.py:74}}
May 09 13:50:31.656837 np0000173158 devstack@neutron-api.service[103494]: INFO neutron.db.ovn_revision_numbers_db [None req-b1f9fb1f-def9-485a-9621-10ffc2b0101e admin admin] Successfully bumped revision number for resource 0fa6dc92-c4d4-4fde-8b13-8988849d2c8e (type: ports) to 1
May 09 13:50:31.666007 np0000173158 devstack@neutron-api.service[103494]: DEBUG neutron.pecan_wsgi.hooks.policy_enforcement [None req-b1f9fb1f-def9-485a-9621-10ffc2b0101e admin admin] Attributes excluded by policy engine: ['standard_attr_id'] {{(pid=103494) _exclude_attributes_by_policy /opt/stack/neutron/neutron/pecan_wsgi/hooks/policy_enforcement.py:256}}
May 09 13:50:31.667766 np0000173158 devstack@neutron-api.service[103494]: DEBUG neutron_lib.callbacks.manager [None req-b1f9fb1f-def9-485a-9621-10ffc2b0101e admin admin] Publish callbacks [] for network (None), before_response {{(pid=103494) _notify_loop /opt/stack/data/venv/lib/python3.12/site-packages/neutron_lib/callbacks/manager.py:184}}
May 09 13:50:31.694246 np0000173158 devstack@neutron-api.service[103494]: [pid: 103494|app: 0|req: 23/93] 199.204.45.116 () {68 vars in 1358 bytes} [Sat May 9 13:50:30 2026] POST /networking/v2.0/networks => generated 683 bytes in 698 msecs (HTTP/1.1 201) 4 headers in 162 bytes (1 switches on core 0)
May 09 13:50:31.696589 np0000173158 devstack@neutron-api.service[103494]: DEBUG neutron.plugins.ml2.plugin [None req-71f4c956-5985-4c75-91a7-33760959b742 None None] Current status of the port 0fa6dc92-c4d4-4fde-8b13-8988849d2c8e is: DOWN; New status is: DOWN {{(pid=103494) _update_individual_port_db_status /opt/stack/neutron/neutron/plugins/ml2/plugin.py:2466}}
May 09 13:50:31.698171 np0000173158 devstack@neutron-api.service[103494]: DEBUG ovsdbapp.backend.ovs_idl.transaction [None req-be880d14-2165-4740-a4bc-3f215fd0c13a None None] Running txn n=1 command(idx=0): DbRemoveCommand(_result=None, table=Logical_Switch_Port, record=0fa6dc92-c4d4-4fde-8b13-8988849d2c8e, column=external_ids, values=('neutron:host_id',), keyvalues={}, if_exists=True) {{(pid=103494) do_commit /opt/stack/data/venv/lib/python3.12/site-packages/ovsdbapp/backend/ovs_idl/transaction.py:89}}
May 09 13:50:31.900745 np0000173158 devstack@neutron-api.service[103492]: INFO neutron.pecan_wsgi.hooks.translation [None req-9340fa95-3510-4b69-8e16-72322de220c4 admin admin] GET failed (client error): The resource could not be found.
May 09 13:50:31.901291 np0000173158 devstack@neutron-api.service[103492]: [pid: 103492|app: 0|req: 25/94] 199.204.45.116 () {64 vars in 1334 bytes} [Sat May 9 13:50:31 2026] GET /networking/v2.0/networks/admin_net => generated 111 bytes in 8 msecs (HTTP/1.1 404) 4 headers in 164 bytes (1 switches on core 0)
May 09 13:50:31.945632 np0000173158 devstack@neutron-api.service[103491]: DEBUG neutron.pecan_wsgi.hooks.policy_enforcement [None req-74be6912-b03a-4df6-aa78-6cc02021e749 admin admin] Attributes excluded by policy engine: ['standard_attr_id'] {{(pid=103491) _exclude_attributes_by_policy /opt/stack/neutron/neutron/pecan_wsgi/hooks/policy_enforcement.py:256}}
May 09 13:50:31.945632 np0000173158 devstack@neutron-api.service[103491]: [pid: 103491|app: 0|req: 24/95] 199.204.45.116 () {64 vars in 1346 bytes} [Sat May 9 13:50:31 2026] GET /networking/v2.0/networks?name=admin_net => generated 667 bytes in 35 msecs (HTTP/1.1 200) 4 headers in 157 bytes (1 switches on core 0)
May 09 13:50:32.164256 np0000173158 devstack@neutron-api.service[103493]: INFO neutron.pecan_wsgi.hooks.translation [None req-2f0a4783-cfe4-4715-b446-3170372839a7 admin admin] GET failed (client error): The resource could not be found.
May 09 13:50:32.165022 np0000173158 devstack@neutron-api.service[103493]: [pid: 103493|app: 0|req: 24/96] 199.204.45.116 () {64 vars in 1340 bytes} [Sat May 9 13:50:32 2026] GET /networking/v2.0/subnets/admin_subnet => generated 112 bytes in 12 msecs (HTTP/1.1 404) 4 headers in 164 bytes (1 switches on core 0)
May 09 13:50:32.200567 np0000173158 devstack@neutron-api.service[103494]: [pid: 103494|app: 0|req: 24/97] 199.204.45.116 () {64 vars in 1349 bytes} [Sat May 9 13:50:32 2026] GET /networking/v2.0/subnets?name=admin_subnet => generated 14 bytes in 22 msecs (HTTP/1.1 200) 4 headers in 156 bytes (1 switches on core 0)
May 09 13:50:32.286241 np0000173158 devstack@neutron-api.service[103491]: DEBUG neutron.plugins.ml2.drivers.ovn.mech_driver.ovsdb.ovsdb_monitor [None req-c728fb7d-35dd-470f-ac12-ceb75d66e5cf None None] ChassisOVNAgentWriteEvent : Matched Chassis_Private, update, None None {{(pid=103491) matches /opt/stack/neutron/neutron/plugins/ml2/drivers/ovn/mech_driver/ovsdb/ovsdb_monitor.py:64}}
May 09 13:50:32.286289 np0000173158 devstack@neutron-api.service[103493]: DEBUG neutron.plugins.ml2.drivers.ovn.mech_driver.ovsdb.ovsdb_monitor [None req-fc9db156-d106-4e8d-bd75-7a604393e755 None None] ChassisOVNAgentWriteEvent : Matched Chassis_Private, update, None None {{(pid=103493) matches /opt/stack/neutron/neutron/plugins/ml2/drivers/ovn/mech_driver/ovsdb/ovsdb_monitor.py:64}}
May 09 13:50:32.286331 np0000173158 devstack@neutron-api.service[103491]: DEBUG neutron.plugins.ml2.drivers.ovn.mech_driver.ovsdb.ovsdb_monitor [None req-c728fb7d-35dd-470f-ac12-ceb75d66e5cf None None] Hash Ring: Node 9fda6606361f5bcaabbce619fefef8ea (host: np0000173158) handling event "update" for row 4402ea21-39f2-4d06-b46b-96ace0ddb3b3 (table: Chassis_Private) {{(pid=103491) notify /opt/stack/neutron/neutron/plugins/ml2/drivers/ovn/mech_driver/ovsdb/ovsdb_monitor.py:942}}
May 09 13:50:32.286366 np0000173158 devstack@neutron-api.service[103494]: DEBUG neutron.plugins.ml2.drivers.ovn.mech_driver.ovsdb.ovsdb_monitor [None req-45b99391-0104-4983-a2ed-8b8cd8f84904 None None] ChassisOVNAgentWriteEvent : Matched Chassis_Private, update, None None {{(pid=103494) matches /opt/stack/neutron/neutron/plugins/ml2/drivers/ovn/mech_driver/ovsdb/ovsdb_monitor.py:64}}
May 09 13:50:32.286416 np0000173158 devstack@neutron-api.service[103492]: DEBUG neutron.plugins.ml2.drivers.ovn.mech_driver.ovsdb.ovsdb_monitor [None req-e4abe25c-bc48-4385-90ca-c4c646715470 None None] ChassisOVNAgentWriteEvent : Matched Chassis_Private, update, None None {{(pid=103492) matches /opt/stack/neutron/neutron/plugins/ml2/drivers/ovn/mech_driver/ovsdb/ovsdb_monitor.py:64}}
May 09 13:50:32.464530 np0000173158 devstack@neutron-api.service[103492]: DEBUG neutron.pecan_wsgi.hooks.policy_enforcement [None req-d3632966-a59e-4dea-9cfa-a0cd3bbb0e28 admin admin] Attributes excluded by policy engine: ['standard_attr_id'] {{(pid=103492) _exclude_attributes_by_policy /opt/stack/neutron/neutron/pecan_wsgi/hooks/policy_enforcement.py:256}}
May 09 13:50:32.465140 np0000173158 devstack@neutron-api.service[103492]: [pid: 103492|app: 0|req: 26/98] 199.204.45.116 () {64 vars in 1415 bytes} [Sat May 9 13:50:32 2026] GET /networking/v2.0/networks/e8567205-4ac9-4d38-b56e-fa918a370c42 => generated 664 bytes in 29 msecs (HTTP/1.1 200) 4 headers in 157 bytes (1 switches on core 0)
May 09 13:50:32.481171 np0000173158 devstack@neutron-api.service[103491]: DEBUG neutron.api.v2.base [None req-4ed0a2e9-89ed-48ab-bcdd-01ec00dd6bad admin admin] Request body: {'subnet': {'network_id': 'e8567205-4ac9-4d38-b56e-fa918a370c42', 'cidr': '10.2.5.0/24', 'name': 'admin_subnet', 'ip_version': 4, 'gateway_ip': None, 'project_id': '9de8ae44a3dc4a309fa02a819db251ef'}} {{(pid=103491) prepare_request_body /opt/stack/neutron/neutron/api/v2/base.py:727}}
May 09 13:50:32.499328 np0000173158 devstack@neutron-api.service[103491]: DEBUG neutron.pecan_wsgi.hooks.quota_enforcement [None req-4ed0a2e9-89ed-48ab-bcdd-01ec00dd6bad admin admin] Made reservation on behalf of 9de8ae44a3dc4a309fa02a819db251ef for: {'subnet': 1} {{(pid=103491) before /opt/stack/neutron/neutron/pecan_wsgi/hooks/quota_enforcement.py:66}}
May 09 13:50:32.502921 np0000173158 devstack@neutron-api.service[103491]: DEBUG neutron_lib.callbacks.manager [None req-4ed0a2e9-89ed-48ab-bcdd-01ec00dd6bad admin admin] Publish callbacks [] for subnet (None), before_create {{(pid=103491) _notify_loop /opt/stack/data/venv/lib/python3.12/site-packages/neutron_lib/callbacks/manager.py:184}}
May 09 13:50:32.563262 np0000173158 devstack@neutron-api.service[103491]: DEBUG neutron.db.ovn_revision_numbers_db [None req-4ed0a2e9-89ed-48ab-bcdd-01ec00dd6bad admin admin] create_initial_revision uuid=1b830749-dc1e-4536-9565-2e5c43a09819, type=subnets, rev=-1 {{(pid=103491) create_initial_revision /opt/stack/neutron/neutron/db/ovn_revision_numbers_db.py:98}}
May 09 13:50:32.569320 np0000173158 devstack@neutron-api.service[103491]: DEBUG neutron_lib.callbacks.manager [None req-4ed0a2e9-89ed-48ab-bcdd-01ec00dd6bad admin admin] Publish callbacks ['neutron.plugins.ml2.ovo_rpc._ObjectChangeHandler.handle_event-66281744'] for subnet (1b830749-dc1e-4536-9565-2e5c43a09819), after_create {{(pid=103491) _notify_loop /opt/stack/data/venv/lib/python3.12/site-packages/neutron_lib/callbacks/manager.py:184}}
