Aug 12 22:20:35.812681 np0000189083 devstack@neutron-api.service[101990]: DEBUG neutron.plugins.ml2.drivers.ovn.mech_driver.ovsdb.maintenance [-] Touching Hash Ring node "90851c01bd075d1bb1b2db50525af90a" from periodic health check thread {{(pid=101990) touch_hash_ring_node /opt/stack/neutron/neutron/plugins/ml2/drivers/ovn/mech_driver/ovsdb/maintenance.py:1453}}
Aug 12 22:20:35.855466 np0000189083 devstack@neutron-api.service[101989]: DEBUG futurist.periodics [-] Submitting periodic callback 'neutron.plugins.ml2.drivers.ovn.mech_driver.ovsdb.maintenance.HashRingHealthCheckPeriodics.touch_hash_ring_node' {{(pid=101989) _process_scheduled /opt/stack/data/venv/lib/python3.12/site-packages/futurist/periodics.py:784}}
Aug 12 22:20:35.856165 np0000189083 devstack@neutron-api.service[101989]: DEBUG neutron.plugins.ml2.drivers.ovn.mech_driver.ovsdb.maintenance [-] Touching Hash Ring node "40df789baa11579d9fc5b798adccd4ae" from periodic health check thread {{(pid=101989) touch_hash_ring_node /opt/stack/neutron/neutron/plugins/ml2/drivers/ovn/mech_driver/ovsdb/maintenance.py:1453}}
Aug 12 22:20:35.877952 np0000189083 devstack@neutron-api.service[101988]: DEBUG futurist.periodics [-] Submitting periodic callback 'neutron.plugins.ml2.drivers.ovn.mech_driver.ovsdb.maintenance.HashRingHealthCheckPeriodics.touch_hash_ring_node' {{(pid=101988) _process_scheduled /opt/stack/data/venv/lib/python3.12/site-packages/futurist/periodics.py:784}}
Aug 12 22:20:35.878623 np0000189083 devstack@neutron-api.service[101988]: DEBUG neutron.plugins.ml2.drivers.ovn.mech_driver.ovsdb.maintenance [-] Touching Hash Ring node "72001c1f923e5e2c9025bb0674331b67" from periodic health check thread {{(pid=101988) touch_hash_ring_node /opt/stack/neutron/neutron/plugins/ml2/drivers/ovn/mech_driver/ovsdb/maintenance.py:1453}}
Aug 12 22:20:44.971915 np0000189083 devstack@neutron-api.service[101987]: DEBUG dbcounter [-] [101987] Writing DB stats neutron:UPDATE=1,neutron:SELECT=1 {{(pid=101987) stat_writer /opt/stack/data/venv/lib/python3.12/site-packages/dbcounter.py:115}}
Aug 12 22:20:45.822949 np0000189083 devstack@neutron-api.service[101990]: DEBUG dbcounter [-] [101990] Writing DB stats neutron:UPDATE=1,neutron:SELECT=1 {{(pid=101990) stat_writer /opt/stack/data/venv/lib/python3.12/site-packages/dbcounter.py:115}}
Aug 12 22:20:45.866469 np0000189083 devstack@neutron-api.service[101989]: DEBUG dbcounter [-] [101989] Writing DB stats neutron:UPDATE=1,neutron:SELECT=1 {{(pid=101989) stat_writer /opt/stack/data/venv/lib/python3.12/site-packages/dbcounter.py:115}}
Aug 12 22:20:45.889359 np0000189083 devstack@neutron-api.service[101988]: DEBUG dbcounter [-] [101988] Writing DB stats neutron:UPDATE=1,neutron:SELECT=1 {{(pid=101988) stat_writer /opt/stack/data/venv/lib/python3.12/site-packages/dbcounter.py:115}}
Aug 12 22:20:49.957055 np0000189083 devstack@neutron-api.service[101987]: DEBUG futurist.periodics [-] Submitting periodic callback 'neutron.plugins.ml2.drivers.ovn.mech_driver.ovsdb.maintenance.HashRingHealthCheckPeriodics.touch_hash_ring_node' {{(pid=101987) _process_scheduled /opt/stack/data/venv/lib/python3.12/site-packages/futurist/periodics.py:784}}
Aug 12 22:20:49.966150 np0000189083 devstack@neutron-api.service[101987]: DEBUG neutron.plugins.ml2.drivers.ovn.mech_driver.ovsdb.maintenance [-] Touching Hash Ring node "aab4c55120515ed4a60844e5842573a5" from periodic health check thread {{(pid=101987) touch_hash_ring_node /opt/stack/neutron/neutron/plugins/ml2/drivers/ovn/mech_driver/ovsdb/maintenance.py:1453}}
Aug 12 22:20:50.812586 np0000189083 devstack@neutron-api.service[101990]: DEBUG futurist.periodics [-] Submitting periodic callback 'neutron.plugins.ml2.drivers.ovn.mech_driver.ovsdb.maintenance.HashRingHealthCheckPeriodics.touch_hash_ring_node' {{(pid=101990) _process_scheduled /opt/stack/data/venv/lib/python3.12/site-packages/futurist/periodics.py:784}}
Aug 12 22:20:50.813219 np0000189083 devstack@neutron-api.service[101990]: DEBUG neutron.plugins.ml2.drivers.ovn.mech_driver.ovsdb.maintenance [-] Touching Hash Ring node "90851c01bd075d1bb1b2db50525af90a" from periodic health check thread {{(pid=101990) touch_hash_ring_node /opt/stack/neutron/neutron/plugins/ml2/drivers/ovn/mech_driver/ovsdb/maintenance.py:1453}}
Aug 12 22:20:50.856232 np0000189083 devstack@neutron-api.service[101989]: DEBUG futurist.periodics [-] Submitting periodic callback 'neutron.plugins.ml2.drivers.ovn.mech_driver.ovsdb.maintenance.HashRingHealthCheckPeriodics.touch_hash_ring_node' {{(pid=101989) _process_scheduled /opt/stack/data/venv/lib/python3.12/site-packages/futurist/periodics.py:784}}
Aug 12 22:20:50.856960 np0000189083 devstack@neutron-api.service[101989]: DEBUG neutron.plugins.ml2.drivers.ovn.mech_driver.ovsdb.maintenance [-] Touching Hash Ring node "40df789baa11579d9fc5b798adccd4ae" from periodic health check thread {{(pid=101989) touch_hash_ring_node /opt/stack/neutron/neutron/plugins/ml2/drivers/ovn/mech_driver/ovsdb/maintenance.py:1453}}
Aug 12 22:20:50.878580 np0000189083 devstack@neutron-api.service[101988]: DEBUG futurist.periodics [-] Submitting periodic callback 'neutron.plugins.ml2.drivers.ovn.mech_driver.ovsdb.maintenance.HashRingHealthCheckPeriodics.touch_hash_ring_node' {{(pid=101988) _process_scheduled /opt/stack/data/venv/lib/python3.12/site-packages/futurist/periodics.py:784}}
Aug 12 22:20:50.879547 np0000189083 devstack@neutron-api.service[101988]: DEBUG neutron.plugins.ml2.drivers.ovn.mech_driver.ovsdb.maintenance [-] Touching Hash Ring node "72001c1f923e5e2c9025bb0674331b67" from periodic health check thread {{(pid=101988) touch_hash_ring_node /opt/stack/neutron/neutron/plugins/ml2/drivers/ovn/mech_driver/ovsdb/maintenance.py:1453}}
Aug 12 22:21:00.161847 np0000189083 devstack@neutron-api.service[101987]: DEBUG dbcounter [-] [101987] Writing DB stats neutron:UPDATE=1,neutron:SELECT=1 {{(pid=101987) stat_writer /opt/stack/data/venv/lib/python3.12/site-packages/dbcounter.py:115}}
Aug 12 22:21:00.823180 np0000189083 devstack@neutron-api.service[101990]: DEBUG dbcounter [-] [101990] Writing DB stats neutron:UPDATE=1,neutron:SELECT=1 {{(pid=101990) stat_writer /opt/stack/data/venv/lib/python3.12/site-packages/dbcounter.py:115}}
Aug 12 22:21:00.868133 np0000189083 devstack@neutron-api.service[101989]: DEBUG dbcounter [-] [101989] Writing DB stats neutron:UPDATE=1,neutron:SELECT=1 {{(pid=101989) stat_writer /opt/stack/data/venv/lib/python3.12/site-packages/dbcounter.py:115}}
Aug 12 22:21:00.889887 np0000189083 devstack@neutron-api.service[101988]: DEBUG dbcounter [-] [101988] Writing DB stats neutron:UPDATE=1,neutron:SELECT=1 {{(pid=101988) stat_writer /opt/stack/data/venv/lib/python3.12/site-packages/dbcounter.py:115}}
Aug 12 22:21:04.957735 np0000189083 devstack@neutron-api.service[101987]: DEBUG futurist.periodics [-] Submitting periodic callback 'neutron.plugins.ml2.drivers.ovn.mech_driver.ovsdb.maintenance.HashRingHealthCheckPeriodics.touch_hash_ring_node' {{(pid=101987) _process_scheduled /opt/stack/data/venv/lib/python3.12/site-packages/futurist/periodics.py:784}}
Aug 12 22:21:04.958330 np0000189083 devstack@neutron-api.service[101987]: DEBUG neutron.plugins.ml2.drivers.ovn.mech_driver.ovsdb.maintenance [-] Touching Hash Ring node "aab4c55120515ed4a60844e5842573a5" from periodic health check thread {{(pid=101987) touch_hash_ring_node /opt/stack/neutron/neutron/plugins/ml2/drivers/ovn/mech_driver/ovsdb/maintenance.py:1453}}
Aug 12 22:21:05.816219 np0000189083 devstack@neutron-api.service[101990]: DEBUG futurist.periodics [-] Submitting periodic callback 'neutron.plugins.ml2.drivers.ovn.mech_driver.ovsdb.maintenance.HashRingHealthCheckPeriodics.touch_hash_ring_node' {{(pid=101990) _process_scheduled /opt/stack/data/venv/lib/python3.12/site-packages/futurist/periodics.py:784}}
Aug 12 22:21:05.817797 np0000189083 devstack@neutron-api.service[101990]: DEBUG neutron.plugins.ml2.drivers.ovn.mech_driver.ovsdb.maintenance [-] Touching Hash Ring node "90851c01bd075d1bb1b2db50525af90a" from periodic health check thread {{(pid=101990) touch_hash_ring_node /opt/stack/neutron/neutron/plugins/ml2/drivers/ovn/mech_driver/ovsdb/maintenance.py:1453}}
Aug 12 22:21:05.856999 np0000189083 devstack@neutron-api.service[101989]: DEBUG futurist.periodics [-] Submitting periodic callback 'neutron.plugins.ml2.drivers.ovn.mech_driver.ovsdb.maintenance.HashRingHealthCheckPeriodics.touch_hash_ring_node' {{(pid=101989) _process_scheduled /opt/stack/data/venv/lib/python3.12/site-packages/futurist/periodics.py:784}}
Aug 12 22:21:05.857687 np0000189083 devstack@neutron-api.service[101989]: DEBUG neutron.plugins.ml2.drivers.ovn.mech_driver.ovsdb.maintenance [-] Touching Hash Ring node "40df789baa11579d9fc5b798adccd4ae" from periodic health check thread {{(pid=101989) touch_hash_ring_node /opt/stack/neutron/neutron/plugins/ml2/drivers/ovn/mech_driver/ovsdb/maintenance.py:1453}}
Aug 12 22:21:05.879795 np0000189083 devstack@neutron-api.service[101988]: DEBUG futurist.periodics [-] Submitting periodic callback 'neutron.plugins.ml2.drivers.ovn.mech_driver.ovsdb.maintenance.HashRingHealthCheckPeriodics.touch_hash_ring_node' {{(pid=101988) _process_scheduled /opt/stack/data/venv/lib/python3.12/site-packages/futurist/periodics.py:784}}
Aug 12 22:21:05.880396 np0000189083 devstack@neutron-api.service[101988]: DEBUG neutron.plugins.ml2.drivers.ovn.mech_driver.ovsdb.maintenance [-] Touching Hash Ring node "72001c1f923e5e2c9025bb0674331b67" from periodic health check thread {{(pid=101988) touch_hash_ring_node /opt/stack/neutron/neutron/plugins/ml2/drivers/ovn/mech_driver/ovsdb/maintenance.py:1453}}
Aug 12 22:21:09.924341 np0000189083 devstack@neutron-api.service[101988]: INFO neutron.pecan_wsgi.hooks.translation [None req-17012687-e264-40b5-ae29-6591b9dde561 admin admin] GET failed (client error): The resource could not be found.
Aug 12 22:21:09.925549 np0000189083 devstack@neutron-api.service[101988]: [pid: 101988|app: 0|req: 23/91] 199.204.45.205 () {64 vars in 1334 bytes} [Wed Aug 12 22:21:09 2026] GET /networking/v2.0/networks/admin_net => generated 111 bytes in 17 msecs (HTTP/1.1 404) 4 headers in 164 bytes (1 switches on core 0)
Aug 12 22:21:09.953639 np0000189083 devstack@neutron-api.service[101990]: [pid: 101990|app: 0|req: 23/92] 199.204.45.205 () {64 vars in 1346 bytes} [Wed Aug 12 22:21:09 2026] GET /networking/v2.0/networks?name=admin_net => generated 15 bytes in 17 msecs (HTTP/1.1 200) 4 headers in 156 bytes (1 switches on core 0)
Aug 12 22:21:10.190176 np0000189083 devstack@neutron-api.service[101989]: DEBUG neutron.api.v2.base [None req-c56679eb-169c-4706-a8b8-591427b0c811 admin admin] Request body: {'network': {'admin_state_up': True, 'project_id': '0afeebcfd6a94bc0b89b920189f05ac1', 'name': 'admin_net'}} {{(pid=101989) prepare_request_body /opt/stack/neutron/neutron/api/v2/base.py:727}}
Aug 12 22:21:10.209788 np0000189083 devstack@neutron-api.service[101989]: DEBUG neutron.pecan_wsgi.hooks.quota_enforcement [None req-c56679eb-169c-4706-a8b8-591427b0c811 admin admin] Made reservation on behalf of 0afeebcfd6a94bc0b89b920189f05ac1 for: {'network': 1} {{(pid=101989) before /opt/stack/neutron/neutron/pecan_wsgi/hooks/quota_enforcement.py:66}}
Aug 12 22:21:10.214263 np0000189083 devstack@neutron-api.service[101989]: DEBUG neutron_lib.callbacks.manager [None req-c56679eb-169c-4706-a8b8-591427b0c811 admin admin] Publish callbacks ['neutron.plugins.ml2.plugin.SecurityGroupDbMixin._ensure_default_security_group_handler-171428'] for network (None), before_create {{(pid=101989) _notify_loop /opt/stack/data/venv/lib/python3.12/site-packages/neutron_lib/callbacks/manager.py:184}}
Aug 12 22:21:10.221583 np0000189083 devstack@neutron-api.service[101989]: DEBUG neutron_lib.callbacks.manager [None req-c56679eb-169c-4706-a8b8-591427b0c811 admin admin] Publish callbacks [] for security_group (None), before_create {{(pid=101989) _notify_loop /opt/stack/data/venv/lib/python3.12/site-packages/neutron_lib/callbacks/manager.py:184}}
Aug 12 22:21:10.275432 np0000189083 devstack@neutron-api.service[101989]: DEBUG neutron_lib.callbacks.manager [None req-c56679eb-169c-4706-a8b8-591427b0c811 admin admin] Publish callbacks ['neutron.plugins.ml2.drivers.ovn.mech_driver.mech_driver.OVNMechanismDriver._create_security_group_precommit-87551'] for security_group (7a501138-7295-4bda-b5b3-f1c4570faadd), precommit_create {{(pid=101989) _notify_loop /opt/stack/data/venv/lib/python3.12/site-packages/neutron_lib/callbacks/manager.py:184}}
Aug 12 22:21:10.275636 np0000189083 devstack@neutron-api.service[101989]: DEBUG neutron.db.ovn_revision_numbers_db [None req-c56679eb-169c-4706-a8b8-591427b0c811 admin admin] create_initial_revision uuid=7a501138-7295-4bda-b5b3-f1c4570faadd, type=security_groups, rev=-1 {{(pid=101989) create_initial_revision /opt/stack/neutron/neutron/db/ovn_revision_numbers_db.py:98}}
Aug 12 22:21:10.276603 np0000189083 devstack@neutron-api.service[101989]: DEBUG neutron.db.ovn_revision_numbers_db [None req-c56679eb-169c-4706-a8b8-591427b0c811 admin admin] create_initial_revision uuid=0a998d33-2edf-4585-be44-6cf0de1f7a21, type=security_group_rules, rev=-1 {{(pid=101989) create_initial_revision /opt/stack/neutron/neutron/db/ovn_revision_numbers_db.py:98}}
Aug 12 22:21:10.277560 np0000189083 devstack@neutron-api.service[101989]: DEBUG neutron.db.ovn_revision_numbers_db [None req-c56679eb-169c-4706-a8b8-591427b0c811 admin admin] create_initial_revision uuid=21da6ef7-2b9f-4daf-b82e-d8e08712a3aa, type=security_group_rules, rev=-1 {{(pid=101989) create_initial_revision /opt/stack/neutron/neutron/db/ovn_revision_numbers_db.py:98}}
Aug 12 22:21:10.278669 np0000189083 devstack@neutron-api.service[101989]: DEBUG neutron.db.ovn_revision_numbers_db [None req-c56679eb-169c-4706-a8b8-591427b0c811 admin admin] create_initial_revision uuid=79204c7c-2626-4758-9665-cd95792d6381, type=security_group_rules, rev=-1 {{(pid=101989) create_initial_revision /opt/stack/neutron/neutron/db/ovn_revision_numbers_db.py:98}}
Aug 12 22:21:10.279875 np0000189083 devstack@neutron-api.service[101989]: DEBUG neutron.db.ovn_revision_numbers_db [None req-c56679eb-169c-4706-a8b8-591427b0c811 admin admin] create_initial_revision uuid=fa645782-fc02-47c9-ad33-eb047341b6f7, type=security_group_rules, rev=-1 {{(pid=101989) create_initial_revision /opt/stack/neutron/neutron/db/ovn_revision_numbers_db.py:98}}
Aug 12 22:21:10.286835 np0000189083 devstack@neutron-api.service[101989]: DEBUG neutron_lib.callbacks.manager [None req-c56679eb-169c-4706-a8b8-591427b0c811 admin admin] Publish callbacks ['neutron.plugins.ml2.drivers.ovn.mech_driver.mech_driver.OVNMechanismDriver._create_security_group-87049', 'neutron.plugins.ml2.ovo_rpc._ObjectChangeHandler.handle_event-2683522'] for security_group (7a501138-7295-4bda-b5b3-f1c4570faadd), after_create {{(pid=101989) _notify_loop /opt/stack/data/venv/lib/python3.12/site-packages/neutron_lib/callbacks/manager.py:184}}
Aug 12 22:21:10.290109 np0000189083 devstack@neutron-api.service[101989]: DEBUG ovsdbapp.backend.ovs_idl.transaction [None req-66fd8055-b59f-4752-a1cc-e25a42490344 None None] Running txn n=1 command(idx=0): PgAddCommand(_result=None, name=pg_7a501138_7295_4bda_b5b3_f1c4570faadd, may_exist=False, columns={'acls': [], 'external_ids': {'neutron:security_group_id': '7a501138-7295-4bda-b5b3-f1c4570faadd'}}) {{(pid=101989) do_commit /opt/stack/data/venv/lib/python3.12/site-packages/ovsdbapp/backend/ovs_idl/transaction.py:89}}
Aug 12 22:21:10.290109 np0000189083 devstack@neutron-api.service[101989]: DEBUG ovsdbapp.backend.ovs_idl.transaction [None req-66fd8055-b59f-4752-a1cc-e25a42490344 None None] Running txn n=1 command(idx=1): PgAclAddCommand(_result=None, entity=pg_7a501138_7295_4bda_b5b3_f1c4570faadd, direction=to-lport, priority=1002, match=outport == @pg_7a501138_7295_4bda_b5b3_f1c4570faadd && ip4 && ip4.src == $pg_7a501138_7295_4bda_b5b3_f1c4570faadd_ip4, action=allow-related, log=False, may_exist=True, severity=[], name=[], meter=[], external_ids={'neutron:security_group_rule_id': '0a998d33-2edf-4585-be44-6cf0de1f7a21'}) {{(pid=101989) do_commit /opt/stack/data/venv/lib/python3.12/site-packages/ovsdbapp/backend/ovs_idl/transaction.py:89}}
Aug 12 22:21:10.290109 np0000189083 devstack@neutron-api.service[101989]: DEBUG ovsdbapp.backend.ovs_idl.transaction [None req-66fd8055-b59f-4752-a1cc-e25a42490344 None None] Running txn n=1 command(idx=2): PgAclAddCommand(_result=None, entity=pg_7a501138_7295_4bda_b5b3_f1c4570faadd, direction=to-lport, priority=1002, match=outport == @pg_7a501138_7295_4bda_b5b3_f1c4570faadd && ip6 && ip6.src == $pg_7a501138_7295_4bda_b5b3_f1c4570faadd_ip6, action=allow-related, log=False, may_exist=True, severity=[], name=[], meter=[], external_ids={'neutron:security_group_rule_id': '21da6ef7-2b9f-4daf-b82e-d8e08712a3aa'}) {{(pid=101989) do_commit /opt/stack/data/venv/lib/python3.12/site-packages/ovsdbapp/backend/ovs_idl/transaction.py:89}}
Aug 12 22:21:10.290109 np0000189083 devstack@neutron-api.service[101989]: DEBUG ovsdbapp.backend.ovs_idl.transaction [None req-66fd8055-b59f-4752-a1cc-e25a42490344 None None] Running txn n=1 command(idx=3): PgAclAddCommand(_result=None, entity=pg_7a501138_7295_4bda_b5b3_f1c4570faadd, direction=from-lport, priority=1002, match=inport == @pg_7a501138_7295_4bda_b5b3_f1c4570faadd && ip6, action=allow-related, log=False, may_exist=True, severity=[], name=[], meter=[], external_ids={'neutron:security_group_rule_id': '79204c7c-2626-4758-9665-cd95792d6381'}) {{(pid=101989) do_commit /opt/stack/data/venv/lib/python3.12/site-packages/ovsdbapp/backend/ovs_idl/transaction.py:89}}
Aug 12 22:21:10.290838 np0000189083 devstack@neutron-api.service[101989]: DEBUG ovsdbapp.backend.ovs_idl.transaction [None req-66fd8055-b59f-4752-a1cc-e25a42490344 None None] Running txn n=1 command(idx=4): PgAclAddCommand(_result=None, entity=pg_7a501138_7295_4bda_b5b3_f1c4570faadd, direction=from-lport, priority=1002, match=inport == @pg_7a501138_7295_4bda_b5b3_f1c4570faadd && ip4, action=allow-related, log=False, may_exist=True, severity=[], name=[], meter=[], external_ids={'neutron:security_group_rule_id': 'fa645782-fc02-47c9-ad33-eb047341b6f7'}) {{(pid=101989) do_commit /opt/stack/data/venv/lib/python3.12/site-packages/ovsdbapp/backend/ovs_idl/transaction.py:89}}
Aug 12 22:21:10.304219 np0000189083 devstack@neutron-api.service[101989]: DEBUG neutron.common.ovn.hash_ring_manager [None req-66fd8055-b59f-4752-a1cc-e25a42490344 None None] Hash Ring loaded. 4 active nodes. 0 offline nodes {{(pid=101989) _load_hash_ring /opt/stack/neutron/neutron/common/ovn/hash_ring_manager.py:110}}
Aug 12 22:21:10.305312 np0000189083 devstack@neutron-api.service[101987]: DEBUG neutron.common.ovn.hash_ring_manager [None req-95018009-7026-4449-91fc-bab6f6e25065 None None] Hash Ring loaded. 4 active nodes. 0 offline nodes {{(pid=101987) _load_hash_ring /opt/stack/neutron/neutron/common/ovn/hash_ring_manager.py:110}}
Aug 12 22:21:10.305630 np0000189083 devstack@neutron-api.service[101987]: DEBUG neutron.plugins.ml2.drivers.ovn.mech_driver.ovsdb.ovsdb_monitor [None req-95018009-7026-4449-91fc-bab6f6e25065 None None] Hash Ring: Node aab4c55120515ed4a60844e5842573a5 (host: np0000189083) handling event "create" for row 1aca3dd4-364f-4fe1-aaab-61bd8b98d302 (table: ACL) {{(pid=101987) notify /opt/stack/neutron/neutron/plugins/ml2/drivers/ovn/mech_driver/ovsdb/ovsdb_monitor.py:1099}}
Aug 12 22:21:10.305668 np0000189083 devstack@neutron-api.service[101987]: DEBUG neutron.plugins.ml2.drivers.ovn.mech_driver.ovsdb.ovsdb_monitor [None req-95018009-7026-4449-91fc-bab6f6e25065 None None] Hash Ring: Node aab4c55120515ed4a60844e5842573a5 (host: np0000189083) handling event "create" for row d938b508-5281-45b3-80b3-3ce9ea769a7b (table: ACL) {{(pid=101987) notify /opt/stack/neutron/neutron/plugins/ml2/drivers/ovn/mech_driver/ovsdb/ovsdb_monitor.py:1099}}
Aug 12 22:21:10.307105 np0000189083 devstack@neutron-api.service[101990]: DEBUG neutron.common.ovn.hash_ring_manager [None req-69a11c47-18f7-4bd2-9565-cd8dd40860ee None None] Hash Ring loaded. 4 active nodes. 0 offline nodes {{(pid=101990) _load_hash_ring /opt/stack/neutron/neutron/common/ovn/hash_ring_manager.py:110}}
Aug 12 22:21:10.307338 np0000189083 devstack@neutron-api.service[101990]: DEBUG neutron.plugins.ml2.drivers.ovn.mech_driver.ovsdb.ovsdb_monitor [None req-69a11c47-18f7-4bd2-9565-cd8dd40860ee None None] Hash Ring: Node 90851c01bd075d1bb1b2db50525af90a (host: np0000189083) handling event "create" for row 9ee262f8-2d22-468c-9ad7-937094643f07 (table: ACL) {{(pid=101990) notify /opt/stack/neutron/neutron/plugins/ml2/drivers/ovn/mech_driver/ovsdb/ovsdb_monitor.py:1099}}
Aug 12 22:21:10.308072 np0000189083 devstack@neutron-api.service[101988]: DEBUG neutron.common.ovn.hash_ring_manager [None req-e0cfbf42-f607-456a-9ca9-1cdea858e4ec None None] Hash Ring loaded. 4 active nodes. 0 offline nodes {{(pid=101988) _load_hash_ring /opt/stack/neutron/neutron/common/ovn/hash_ring_manager.py:110}}
Aug 12 22:21:10.308486 np0000189083 devstack@neutron-api.service[101988]: DEBUG neutron.plugins.ml2.drivers.ovn.mech_driver.ovsdb.ovsdb_monitor [None req-e0cfbf42-f607-456a-9ca9-1cdea858e4ec None None] Hash Ring: Node 72001c1f923e5e2c9025bb0674331b67 (host: np0000189083) handling event "create" for row 8f1a08c6-3392-4286-8382-bd81bcb6ef0a (table: ACL) {{(pid=101988) notify /opt/stack/neutron/neutron/plugins/ml2/drivers/ovn/mech_driver/ovsdb/ovsdb_monitor.py:1099}}
Aug 12 22:21:10.308917 np0000189083 devstack@neutron-api.service[101988]: DEBUG neutron.plugins.ml2.drivers.ovn.mech_driver.ovsdb.ovsdb_monitor [None req-e0cfbf42-f607-456a-9ca9-1cdea858e4ec None None] Hash Ring: Node 72001c1f923e5e2c9025bb0674331b67 (host: np0000189083) handling event "create" for row 011a6d7f-bc3f-4f21-8d37-df30c28db81c (table: Port_Group) {{(pid=101988) notify /opt/stack/neutron/neutron/plugins/ml2/drivers/ovn/mech_driver/ovsdb/ovsdb_monitor.py:1099}}
Aug 12 22:21:10.321492 np0000189083 devstack@neutron-api.service[101989]: INFO neutron.db.ovn_revision_numbers_db [None req-c56679eb-169c-4706-a8b8-591427b0c811 admin admin] Successfully bumped revision number for resource 7a501138-7295-4bda-b5b3-f1c4570faadd (type: security_groups) to 1
Aug 12 22:21:10.334588 np0000189083 devstack@neutron-api.service[101989]: INFO neutron.db.ovn_revision_numbers_db [None req-c56679eb-169c-4706-a8b8-591427b0c811 admin admin] Successfully bumped revision number for resource 0a998d33-2edf-4585-be44-6cf0de1f7a21 (type: security_group_rules) to 0
Aug 12 22:21:10.347591 np0000189083 devstack@neutron-api.service[101989]: INFO neutron.db.ovn_revision_numbers_db [None req-c56679eb-169c-4706-a8b8-591427b0c811 admin admin] Successfully bumped revision number for resource 21da6ef7-2b9f-4daf-b82e-d8e08712a3aa (type: security_group_rules) to 0
Aug 12 22:21:10.358338 np0000189083 devstack@neutron-api.service[101989]: INFO neutron.db.ovn_revision_numbers_db [None req-c56679eb-169c-4706-a8b8-591427b0c811 admin admin] Successfully bumped revision number for resource 79204c7c-2626-4758-9665-cd95792d6381 (type: security_group_rules) to 0
Aug 12 22:21:10.373395 np0000189083 devstack@neutron-api.service[101989]: INFO neutron.db.ovn_revision_numbers_db [None req-c56679eb-169c-4706-a8b8-591427b0c811 admin admin] Successfully bumped revision number for resource fa645782-fc02-47c9-ad33-eb047341b6f7 (type: security_group_rules) to 0
Aug 12 22:21:10.404403 np0000189083 devstack@neutron-api.service[101989]: DEBUG neutron.api.rpc.handlers.resources_rpc [None req-c56679eb-169c-4706-a8b8-591427b0c811 admin admin] Pushing event updated for resources: {'SecurityGroup': ['ID=7a501138-7295-4bda-b5b3-f1c4570faadd,revision_number=1']} {{(pid=101989) push /opt/stack/neutron/neutron/api/rpc/handlers/resources_rpc.py:237}}
Aug 12 22:21:10.410147 np0000189083 devstack@neutron-api.service[101989]: DEBUG ovsdbapp.backend.ovs_idl.transaction [None req-66fd8055-b59f-4752-a1cc-e25a42490344 None None] Running txn n=1 command(idx=0): CheckLivenessCommand(_result=None) {{(pid=101989) do_commit /opt/stack/data/venv/lib/python3.12/site-packages/ovsdbapp/backend/ovs_idl/transaction.py:89}}
Aug 12 22:21:10.413283 np0000189083 devstack@neutron-api.service[101989]: DEBUG neutron.plugins.ml2.drivers.ovn.mech_driver.ovsdb.ovsdb_monitor [None req-66fd8055-b59f-4752-a1cc-e25a42490344 None None] Hash Ring: Node 40df789baa11579d9fc5b798adccd4ae (host: np0000189083) handling event "update" for row c137ff9b-86f3-409f-b4bf-2ee4715a69f9 (table: NB_Global) {{(pid=101989) notify /opt/stack/neutron/neutron/plugins/ml2/drivers/ovn/mech_driver/ovsdb/ovsdb_monitor.py:1099}}
Aug 12 22:21:10.419863 np0000189083 devstack@neutron-api.service[101987]: DEBUG ovsdbapp.backend.ovs_idl.event [None req-11372ab3-4a38-4f75-a45b-707941541e2d None None] Matched UPDATE: ChassisAgentWriteEvent(events=('create', 'update'), table='Chassis_Private', conditions=None, old_conditions=None), priority=20 to row=Chassis_Private(uuid=983ed2de-7735-4495-a5eb-a56314a5fa2b, chassis=dc33e9b1-2730-4356-9b30-a8f6265165ec, external_ids={'neutron:ovn-bridge': 'br-int', 'neutron:ovn-neutron-agent-id': 'c95f0483-cd1e-5ead-a98d-ebcbd82d9b26', 'neutron:ovn-neutron-agent-sb-cfg': '2'}, name='70701095-fadd-4fc2-a8ec-b22434cf5000', nb_cfg=3, nb_cfg_timestamp=1786573270415) old=Chassis_Private(uuid=983ed2de-7735-4495-a5eb-a56314a5fa2b, nb_cfg=2, nb_cfg_timestamp=1786573184892) {{(pid=101987) matches /opt/stack/data/venv/lib/python3.12/site-packages/ovsdbapp/backend/ovs_idl/event.py:55}}
Aug 12 22:21:10.420710 np0000189083 devstack@neutron-api.service[101988]: DEBUG ovsdbapp.backend.ovs_idl.event [None req-cfd37015-4008-4aa3-ad52-16f8c9f5750f None None] Matched UPDATE: ChassisAgentWriteEvent(events=('create', 'update'), table='Chassis_Private', conditions=None, old_conditions=None), priority=20 to row=Chassis_Private(uuid=983ed2de-7735-4495-a5eb-a56314a5fa2b, chassis=dc33e9b1-2730-4356-9b30-a8f6265165ec, external_ids={'neutron:ovn-bridge': 'br-int', 'neutron:ovn-neutron-agent-id': 'c95f0483-cd1e-5ead-a98d-ebcbd82d9b26', 'neutron:ovn-neutron-agent-sb-cfg': '2'}, name='70701095-fadd-4fc2-a8ec-b22434cf5000', nb_cfg=3, nb_cfg_timestamp=1786573270415) old=Chassis_Private(uuid=983ed2de-7735-4495-a5eb-a56314a5fa2b, nb_cfg=2, nb_cfg_timestamp=1786573184892) {{(pid=101988) matches /opt/stack/data/venv/lib/python3.12/site-packages/ovsdbapp/backend/ovs_idl/event.py:55}}
Aug 12 22:21:10.424098 np0000189083 devstack@neutron-api.service[101990]: DEBUG ovsdbapp.backend.ovs_idl.event [None req-10250295-5665-48b5-b43e-8118d3c9a9cf None None] Matched UPDATE: ChassisAgentWriteEvent(events=('create', 'update'), table='Chassis_Private', conditions=None, old_conditions=None), priority=20 to row=Chassis_Private(uuid=983ed2de-7735-4495-a5eb-a56314a5fa2b, chassis=dc33e9b1-2730-4356-9b30-a8f6265165ec, external_ids={'neutron:ovn-bridge': 'br-int', 'neutron:ovn-neutron-agent-id': 'c95f0483-cd1e-5ead-a98d-ebcbd82d9b26', 'neutron:ovn-neutron-agent-sb-cfg': '2'}, name='70701095-fadd-4fc2-a8ec-b22434cf5000', nb_cfg=3, nb_cfg_timestamp=1786573270415) old=Chassis_Private(uuid=983ed2de-7735-4495-a5eb-a56314a5fa2b, nb_cfg=2, nb_cfg_timestamp=1786573184892) {{(pid=101990) matches /opt/stack/data/venv/lib/python3.12/site-packages/ovsdbapp/backend/ovs_idl/event.py:55}}
Aug 12 22:21:10.428833 np0000189083 devstack@neutron-api.service[101989]: DEBUG neutron.plugins.ml2.drivers.ovn.mech_driver.ovsdb.ovsdb_monitor [None req-66fd8055-b59f-4752-a1cc-e25a42490344 None None] Hash Ring: Node 40df789baa11579d9fc5b798adccd4ae (host: np0000189083) handling event "update" for row c137ff9b-86f3-409f-b4bf-2ee4715a69f9 (table: NB_Global) {{(pid=101989) notify /opt/stack/neutron/neutron/plugins/ml2/drivers/ovn/mech_driver/ovsdb/ovsdb_monitor.py:1099}}
Aug 12 22:21:10.430850 np0000189083 devstack@neutron-api.service[101989]: DEBUG ovsdbapp.backend.ovs_idl.event [None req-5a5ed1ad-89b0-42b7-858e-2b8de20dcadc None None] Matched UPDATE: ChassisAgentWriteEvent(events=('create', 'update'), table='Chassis_Private', conditions=None, old_conditions=None), priority=20 to row=Chassis_Private(uuid=983ed2de-7735-4495-a5eb-a56314a5fa2b, chassis=dc33e9b1-2730-4356-9b30-a8f6265165ec, external_ids={'neutron:ovn-bridge': 'br-int', 'neutron:ovn-neutron-agent-id': 'c95f0483-cd1e-5ead-a98d-ebcbd82d9b26', 'neutron:ovn-neutron-agent-sb-cfg': '2'}, name='70701095-fadd-4fc2-a8ec-b22434cf5000', nb_cfg=3, nb_cfg_timestamp=1786573270415) old=Chassis_Private(uuid=983ed2de-7735-4495-a5eb-a56314a5fa2b, nb_cfg=2, nb_cfg_timestamp=1786573184892) {{(pid=101989) matches /opt/stack/data/venv/lib/python3.12/site-packages/ovsdbapp/backend/ovs_idl/event.py:55}}
Aug 12 22:21:10.431621 np0000189083 devstack@neutron-api.service[101990]: DEBUG neutron.common.ovn.hash_ring_manager [None req-10250295-5665-48b5-b43e-8118d3c9a9cf None None] Hash Ring loaded. 4 active nodes. 0 offline nodes {{(pid=101990) _load_hash_ring /opt/stack/neutron/neutron/common/ovn/hash_ring_manager.py:110}}
Aug 12 22:21:10.432141 np0000189083 devstack@neutron-api.service[101987]: DEBUG neutron.common.ovn.hash_ring_manager [None req-11372ab3-4a38-4f75-a45b-707941541e2d None None] Hash Ring loaded. 4 active nodes. 0 offline nodes {{(pid=101987) _load_hash_ring /opt/stack/neutron/neutron/common/ovn/hash_ring_manager.py:110}}
Aug 12 22:21:10.432273 np0000189083 devstack@neutron-api.service[101988]: DEBUG neutron.common.ovn.hash_ring_manager [None req-cfd37015-4008-4aa3-ad52-16f8c9f5750f None None] Hash Ring loaded. 4 active nodes. 0 offline nodes {{(pid=101988) _load_hash_ring /opt/stack/neutron/neutron/common/ovn/hash_ring_manager.py:110}}
Aug 12 22:21:10.432328 np0000189083 devstack@neutron-api.service[101987]: DEBUG neutron.plugins.ml2.drivers.ovn.mech_driver.ovsdb.ovsdb_monitor [None req-11372ab3-4a38-4f75-a45b-707941541e2d None None] Hash Ring: Node aab4c55120515ed4a60844e5842573a5 (host: np0000189083) handling event "update" for row 983ed2de-7735-4495-a5eb-a56314a5fa2b (table: Chassis_Private) {{(pid=101987) notify /opt/stack/neutron/neutron/plugins/ml2/drivers/ovn/mech_driver/ovsdb/ovsdb_monitor.py:1099}}
Aug 12 22:21:10.433365 np0000189083 devstack@neutron-api.service[101989]: DEBUG neutron.plugins.ml2.drivers.ovn.mech_driver.ovsdb.ovsdb_monitor [None req-66fd8055-b59f-4752-a1cc-e25a42490344 None None] Hash Ring: Node 40df789baa11579d9fc5b798adccd4ae (host: np0000189083) handling event "update" for row c137ff9b-86f3-409f-b4bf-2ee4715a69f9 (table: NB_Global) {{(pid=101989) notify /opt/stack/neutron/neutron/plugins/ml2/drivers/ovn/mech_driver/ovsdb/ovsdb_monitor.py:1099}}
Aug 12 22:21:10.434858 np0000189083 devstack@neutron-api.service[101989]: DEBUG neutron.plugins.ml2.drivers.ovn.mech_driver.ovsdb.ovsdb_monitor [None req-66fd8055-b59f-4752-a1cc-e25a42490344 None None] Hash Ring: Node 40df789baa11579d9fc5b798adccd4ae (host: np0000189083) handling event "update" for row c137ff9b-86f3-409f-b4bf-2ee4715a69f9 (table: NB_Global) {{(pid=101989) notify /opt/stack/neutron/neutron/plugins/ml2/drivers/ovn/mech_driver/ovsdb/ovsdb_monitor.py:1099}}
Aug 12 22:21:10.446293 np0000189083 devstack@neutron-api.service[101989]: DEBUG neutron.common.ovn.hash_ring_manager [None req-5a5ed1ad-89b0-42b7-858e-2b8de20dcadc None None] Hash Ring loaded. 4 active nodes. 0 offline nodes {{(pid=101989) _load_hash_ring /opt/stack/neutron/neutron/common/ovn/hash_ring_manager.py:110}}
Aug 12 22:21:10.476553 np0000189083 devstack@neutron-api.service[101989]: DEBUG neutron.plugins.ml2.drivers.helpers [None req-c56679eb-169c-4706-a8b8-591427b0c811 admin admin] geneve segment allocate from pool success with {'geneve_vni': 56228} {{(pid=101989) allocate_partially_specified_segment /opt/stack/neutron/neutron/plugins/ml2/drivers/helpers.py:142}}
Aug 12 22:21:10.487445 np0000189083 devstack@neutron-api.service[101989]: DEBUG neutron_lib.callbacks.manager [None req-c56679eb-169c-4706-a8b8-591427b0c811 admin admin] Publish callbacks ['neutron.services.segments.db._add_segment_host_mapping_for_segment-8568433699560', 'neutron.plugins.ml2.plugin.Ml2Plugin._handle_segment_change-1989740'] for segment (4acad78f-05f4-4d8b-8aa1-5c34b1c2539a), precommit_create {{(pid=101989) _notify_loop /opt/stack/data/venv/lib/python3.12/site-packages/neutron_lib/callbacks/manager.py:184}}
Aug 12 22:21:10.487563 np0000189083 devstack@neutron-api.service[101989]: INFO neutron.db.segments_db [None req-c56679eb-169c-4706-a8b8-591427b0c811 admin admin] Added segment 4acad78f-05f4-4d8b-8aa1-5c34b1c2539a of type geneve for network 663d2c0d-d522-4610-b2c4-5f31260da075
Aug 12 22:21:10.500184 np0000189083 devstack@neutron-api.service[101989]: DEBUG neutron_lib.callbacks.manager [None req-c56679eb-169c-4706-a8b8-591427b0c811 admin admin] Publish callbacks ['neutron.services.auto_allocate.db._ensure_external_network_default_value_callback-8568431747426'] for network (663d2c0d-d522-4610-b2c4-5f31260da075), precommit_create {{(pid=101989) _notify_loop /opt/stack/data/venv/lib/python3.12/site-packages/neutron_lib/callbacks/manager.py:184}}
Aug 12 22:21:10.511510 np0000189083 devstack@neutron-api.service[101989]: DEBUG neutron.plugins.ml2.drivers.ovn.mech_driver.mech_driver [None req-c56679eb-169c-4706-a8b8-591427b0c811 admin admin] Validating network segment with type geneve, segmentation ID 56228, physical network None {{(pid=101989) _validate_network_segments /opt/stack/neutron/neutron/plugins/ml2/drivers/ovn/mech_driver/mech_driver.py:624}}
Aug 12 22:21:10.511617 np0000189083 devstack@neutron-api.service[101989]: DEBUG neutron.db.ovn_revision_numbers_db [None req-c56679eb-169c-4706-a8b8-591427b0c811 admin admin] create_initial_revision uuid=663d2c0d-d522-4610-b2c4-5f31260da075, type=networks, rev=-1 {{(pid=101989) create_initial_revision /opt/stack/neutron/neutron/db/ovn_revision_numbers_db.py:98}}
Aug 12 22:21:10.522909 np0000189083 devstack@neutron-api.service[101989]: DEBUG neutron_lib.callbacks.manager [None req-c56679eb-169c-4706-a8b8-591427b0c811 admin admin] Publish callbacks ['neutron.plugins.ml2.ovo_rpc._ObjectChangeHandler.handle_event-2683551'] for network (663d2c0d-d522-4610-b2c4-5f31260da075), after_create {{(pid=101989) _notify_loop /opt/stack/data/venv/lib/python3.12/site-packages/neutron_lib/callbacks/manager.py:184}}
Aug 12 22:21:10.540359 np0000189083 devstack@neutron-api.service[101989]: DEBUG neutron.api.rpc.handlers.resources_rpc [None req-c56679eb-169c-4706-a8b8-591427b0c811 admin admin] Pushing event updated for resources: {'Network': ['ID=663d2c0d-d522-4610-b2c4-5f31260da075,revision_number=1']} {{(pid=101989) push /opt/stack/neutron/neutron/api/rpc/handlers/resources_rpc.py:237}}
Aug 12 22:21:10.549270 np0000189083 devstack@neutron-api.service[101989]: DEBUG ovsdbapp.backend.ovs_idl.transaction [None req-66fd8055-b59f-4752-a1cc-e25a42490344 None None] Running txn n=1 command(idx=0): AddNetworkCommand(_result=None, network_uuid=663d2c0d-d522-4610-b2c4-5f31260da075, may_exist=True, columns={'external_ids': {'neutron:network_name': 'admin_net', 'neutron:mtu': '1372', 'neutron:revision_number': '1', 'neutron:availability_zone_hints': '', 'neutron:provnet-network-type': 'geneve'}, 'other_config': {'mcast_snoop': 'false', 'mcast_flood_unregistered': 'false', 'vlan-passthru': 'false'}}) {{(pid=101989) do_commit /opt/stack/data/venv/lib/python3.12/site-packages/ovsdbapp/backend/ovs_idl/transaction.py:89}}
Aug 12 22:21:10.588463 np0000189083 devstack@neutron-api.service[101990]: DEBUG neutron.plugins.ml2.drivers.ovn.mech_driver.ovsdb.ovsdb_monitor [None req-69a11c47-18f7-4bd2-9565-cd8dd40860ee None None] Hash Ring: Node 90851c01bd075d1bb1b2db50525af90a (host: np0000189083) handling event "create" for row 663d2c0d-d522-4610-b2c4-5f31260da075 (table: Logical_Switch) {{(pid=101990) notify /opt/stack/neutron/neutron/plugins/ml2/drivers/ovn/mech_driver/ovsdb/ovsdb_monitor.py:1099}}
Aug 12 22:21:10.590703 np0000189083 devstack@neutron-api.service[101989]: DEBUG neutron.plugins.ml2.drivers.ovn.mech_driver.ovsdb.ovsdb_monitor [None req-5a5ed1ad-89b0-42b7-858e-2b8de20dcadc None None] Hash Ring: Node 40df789baa11579d9fc5b798adccd4ae (host: np0000189083) handling event "create" for row 5f954195-30e5-44d9-a146-415ad299607d (table: Datapath_Binding) {{(pid=101989) notify /opt/stack/neutron/neutron/plugins/ml2/drivers/ovn/mech_driver/ovsdb/ovsdb_monitor.py:1099}}
Aug 12 22:21:10.610416 np0000189083 devstack@neutron-api.service[101989]: INFO neutron.db.ovn_revision_numbers_db [None req-c56679eb-169c-4706-a8b8-591427b0c811 admin admin] Successfully bumped revision number for resource 663d2c0d-d522-4610-b2c4-5f31260da075 (type: networks) to 1
Aug 12 22:21:10.626052 np0000189083 devstack@neutron-api.service[101989]: DEBUG neutron_lib.callbacks.manager [None req-c56679eb-169c-4706-a8b8-591427b0c811 admin admin] Publish callbacks ['neutron.plugins.ml2.plugin.SecurityGroupDbMixin._ensure_default_security_group_handler-171428'] for port (None), before_create {{(pid=101989) _notify_loop /opt/stack/data/venv/lib/python3.12/site-packages/neutron_lib/callbacks/manager.py:184}}
Aug 12 22:21:10.684734 np0000189083 devstack@neutron-api.service[101989]: DEBUG neutron_lib.callbacks.manager [None req-c56679eb-169c-4706-a8b8-591427b0c811 admin admin] Publish callbacks ['neutron.plugins.ml2.drivers.ovn.mech_driver.mech_driver.OVNMechanismDriver._validate_allowed_address_pairs-87159'] for allowed_address_pair (cc4559f5-69ab-4313-9fdc-7566ea15b6de), before_create {{(pid=101989) _notify_loop /opt/stack/data/venv/lib/python3.12/site-packages/neutron_lib/callbacks/manager.py:184}}
Aug 12 22:21:10.685316 np0000189083 devstack@neutron-api.service[101989]: DEBUG neutron_lib.callbacks.manager [None req-c56679eb-169c-4706-a8b8-591427b0c811 admin admin] Publish callbacks [] for port (cc4559f5-69ab-4313-9fdc-7566ea15b6de), precommit_create {{(pid=101989) _notify_loop /opt/stack/data/venv/lib/python3.12/site-packages/neutron_lib/callbacks/manager.py:184}}
Aug 12 22:21:10.685435 np0000189083 devstack@neutron-api.service[101989]: DEBUG neutron.plugins.ml2.drivers.ovn.mech_driver.mech_driver [None req-c56679eb-169c-4706-a8b8-591427b0c811 admin admin] No provisioning block for port cc4559f5-69ab-4313-9fdc-7566ea15b6de since it does not have a host {{(pid=101989) _is_port_provisioning_required /opt/stack/neutron/neutron/plugins/ml2/drivers/ovn/mech_driver/mech_driver.py:877}}
Aug 12 22:21:10.685595 np0000189083 devstack@neutron-api.service[101989]: DEBUG neutron.db.ovn_revision_numbers_db [None req-c56679eb-169c-4706-a8b8-591427b0c811 admin admin] create_initial_revision uuid=cc4559f5-69ab-4313-9fdc-7566ea15b6de, type=ports, rev=-1 {{(pid=101989) create_initial_revision /opt/stack/neutron/neutron/db/ovn_revision_numbers_db.py:98}}
Aug 12 22:21:10.715311 np0000189083 devstack@neutron-api.service[101989]: DEBUG neutron_lib.callbacks.manager [None req-c56679eb-169c-4706-a8b8-591427b0c811 admin admin] Publish callbacks ['neutron.plugins.ml2.ovo_rpc._ObjectChangeHandler.handle_event-2683534'] for port (cc4559f5-69ab-4313-9fdc-7566ea15b6de), after_create {{(pid=101989) _notify_loop /opt/stack/data/venv/lib/python3.12/site-packages/neutron_lib/callbacks/manager.py:184}}
Aug 12 22:21:10.742848 np0000189083 devstack@neutron-api.service[101989]: DEBUG neutron.api.rpc.handlers.resources_rpc [None req-c56679eb-169c-4706-a8b8-591427b0c811 admin admin] Pushing event updated for resources: {'Port': ['ID=cc4559f5-69ab-4313-9fdc-7566ea15b6de,revision_number=1']} {{(pid=101989) push /opt/stack/neutron/neutron/api/rpc/handlers/resources_rpc.py:237}}
Aug 12 22:21:10.747805 np0000189083 devstack@neutron-api.service[101989]: DEBUG neutron.plugins.ml2.drivers.ovn.mech_driver.ovsdb.commands [None req-c56679eb-169c-4706-a8b8-591427b0c811 admin admin] Converting tag [] to a tag_request {{(pid=101989) _tag_column_to_tag_request /opt/stack/neutron/neutron/plugins/ml2/drivers/ovn/mech_driver/ovsdb/commands.py:227}}
Aug 12 22:21:10.748588 np0000189083 devstack@neutron-api.service[101989]: DEBUG ovsdbapp.backend.ovs_idl.transaction [None req-66fd8055-b59f-4752-a1cc-e25a42490344 None None] Running txn n=1 command(idx=0): AddLSwitchPortCommand(_result=None, lport=cc4559f5-69ab-4313-9fdc-7566ea15b6de, lswitch=neutron-663d2c0d-d522-4610-b2c4-5f31260da075, may_exist=True, network_uuid=663d2c0d-d522-4610-b2c4-5f31260da075, columns={'addresses': ['fa:16:3e:0e:9f:28'], 'external_ids': {'neutron:port_name': '', 'neutron:device_id': 'ovnmeta-663d2c0d-d522-4610-b2c4-5f31260da075', 'neutron:project_id': '0afeebcfd6a94bc0b89b920189f05ac1', 'neutron:cidrs': '', 'neutron:device_owner': 'network:distributed', 'neutron:subnet_pool_addr_scope4': '', 'neutron:subnet_pool_addr_scope6': '', 'neutron:network_name': 'neutron-663d2c0d-d522-4610-b2c4-5f31260da075', 'neutron:security_group_ids': '', 'neutron:revision_number': '1', 'neutron:vnic_type': 'normal', 'neutron:port_capabilities': '', 'neutron:mtu': '1372'}, 'parent_name': [], 'enabled': True, 'options': {}, 'type': 'localport', 'port_security': [], 'dhcpv4_options': [], 'dhcpv6_options': [], 'tag_request': []}) {{(pid=101989) do_commit /opt/stack/data/venv/lib/python3.12/site-packages/ovsdbapp/backend/ovs_idl/transaction.py:89}}
Aug 12 22:21:10.749190 np0000189083 devstack@neutron-api.service[101989]: DEBUG ovsdbapp.backend.ovs_idl.transaction [None req-66fd8055-b59f-4752-a1cc-e25a42490344 None None] Running txn n=1 command(idx=1): QoSDelCommand(_result=None, switch=neutron-663d2c0d-d522-4610-b2c4-5f31260da075, conditions=[('direction', '=', 'to-lport'), ('priority', '=', 2002), ('match', '=', 'outport == "cc4559f5-69ab-4313-9fdc-7566ea15b6de"')], if_exists=True) {{(pid=101989) do_commit /opt/stack/data/venv/lib/python3.12/site-packages/ovsdbapp/backend/ovs_idl/transaction.py:89}}
Aug 12 22:21:10.749394 np0000189083 devstack@neutron-api.service[101989]: DEBUG ovsdbapp.backend.ovs_idl.transaction [None req-66fd8055-b59f-4752-a1cc-e25a42490344 None None] Running txn n=1 command(idx=2): QoSDelCommand(_result=None, switch=neutron-663d2c0d-d522-4610-b2c4-5f31260da075, conditions=[('direction', '=', 'from-lport'), ('priority', '=', 2002), ('match', '=', 'inport == "cc4559f5-69ab-4313-9fdc-7566ea15b6de"')], if_exists=True) {{(pid=101989) do_commit /opt/stack/data/venv/lib/python3.12/site-packages/ovsdbapp/backend/ovs_idl/transaction.py:89}}
Aug 12 22:21:10.753275 np0000189083 devstack@neutron-api.service[101989]: DEBUG neutron.plugins.ml2.drivers.ovn.mech_driver.ovsdb.ovsdb_monitor [None req-66fd8055-b59f-4752-a1cc-e25a42490344 None None] Hash Ring: Node 40df789baa11579d9fc5b798adccd4ae (host: np0000189083) handling event "create" for row 279c2975-b040-40f4-a53c-659410235920 (table: Logical_Switch_Port) {{(pid=101989) notify /opt/stack/neutron/neutron/plugins/ml2/drivers/ovn/mech_driver/ovsdb/ovsdb_monitor.py:1099}}
Aug 12 22:21:10.754345 np0000189083 devstack@neutron-api.service[101989]: DEBUG ovsdbapp.backend.ovs_idl.event [None req-66fd8055-b59f-4752-a1cc-e25a42490344 None None] Matched CREATE: LogicalSwitchPortCreateEvent(events=('create',), table='Logical_Switch_Port', conditions=[], old_conditions=None), priority=20 to row=Logical_Switch_Port(uuid=279c2975-b040-40f4-a53c-659410235920, addresses=['fa:16:3e:0e:9f:28'], dhcpv4_options=[], dhcpv6_options=[], dynamic_addresses=[], enabled=True, external_ids={'neutron:cidrs': '', 'neutron:device_id': 'ovnmeta-663d2c0d-d522-4610-b2c4-5f31260da075', 'neutron:device_owner': 'network:distributed', 'neutron:mtu': '1372', 'neutron:network_name': 'neutron-663d2c0d-d522-4610-b2c4-5f31260da075', 'neutron:port_capabilities': '', 'neutron:port_name': '', 'neutron:project_id': '0afeebcfd6a94bc0b89b920189f05ac1', 'neutron:revision_number': '1', 'neutron:security_group_ids': '', 'neutron:subnet_pool_addr_scope4': '', 'neutron:subnet_pool_addr_scope6': '', 'neutron:vnic_type': 'normal'}, ha_chassis_group=[], mirror_rules=[], name='cc4559f5-69ab-4313-9fdc-7566ea15b6de', options={}, parent_name=[], port_security=[], tag=[], tag_request=[], type='localport', up=[]) old= {{(pid=101989) matches /opt/stack/data/venv/lib/python3.12/site-packages/ovsdbapp/backend/ovs_idl/event.py:55}}
Aug 12 22:21:10.758269 np0000189083 devstack@neutron-api.service[101989]: DEBUG neutron.plugins.ml2.drivers.ovn.mech_driver.ovsdb.ovsdb_monitor [None req-66fd8055-b59f-4752-a1cc-e25a42490344 None None] Hash Ring: Node 40df789baa11579d9fc5b798adccd4ae (host: np0000189083) handling event "update" for row 279c2975-b040-40f4-a53c-659410235920 (table: Logical_Switch_Port) {{(pid=101989) notify /opt/stack/neutron/neutron/plugins/ml2/drivers/ovn/mech_driver/ovsdb/ovsdb_monitor.py:1099}}
Aug 12 22:21:10.759499 np0000189083 devstack@neutron-api.service[101990]: DEBUG neutron.plugins.ml2.drivers.ovn.mech_driver.ovsdb.ovsdb_monitor [None req-69a11c47-18f7-4bd2-9565-cd8dd40860ee None None] Hash Ring: Node 90851c01bd075d1bb1b2db50525af90a (host: np0000189083) handling event "update" for row 663d2c0d-d522-4610-b2c4-5f31260da075 (table: Logical_Switch) {{(pid=101990) notify /opt/stack/neutron/neutron/plugins/ml2/drivers/ovn/mech_driver/ovsdb/ovsdb_monitor.py:1099}}
Aug 12 22:21:10.759826 np0000189083 devstack@neutron-api.service[101989]: INFO neutron.plugins.ml2.drivers.ovn.mech_driver.mech_driver [None req-114d26a4-6a9d-4223-ab8e-fe7dc6f4bf8d None None] OVN reports status down for port: cc4559f5-69ab-4313-9fdc-7566ea15b6de
Aug 12 22:21:10.762795 np0000189083 devstack@neutron-api.service[101987]: DEBUG neutron.plugins.ml2.drivers.ovn.mech_driver.ovsdb.ovsdb_monitor [None req-11372ab3-4a38-4f75-a45b-707941541e2d None None] Hash Ring: Node aab4c55120515ed4a60844e5842573a5 (host: np0000189083) handling event "create" for row 8d3d79d3-d905-4080-9976-06500058f9e9 (table: Port_Binding) {{(pid=101987) notify /opt/stack/neutron/neutron/plugins/ml2/drivers/ovn/mech_driver/ovsdb/ovsdb_monitor.py:1099}}
Aug 12 22:21:10.813090 np0000189083 devstack@neutron-api.service[101989]: DEBUG neutron.db.provisioning_blocks [None req-114d26a4-6a9d-4223-ab8e-fe7dc6f4bf8d None None] Transition to ACTIVE for port object cc4559f5-69ab-4313-9fdc-7566ea15b6de will not be triggered until provisioned by entity L2. {{(pid=101989) add_provisioning_component /opt/stack/neutron/neutron/db/provisioning_blocks.py:74}}
Aug 12 22:21:10.814069 np0000189083 devstack@neutron-api.service[101989]: INFO neutron.db.ovn_revision_numbers_db [None req-c56679eb-169c-4706-a8b8-591427b0c811 admin admin] Successfully bumped revision number for resource cc4559f5-69ab-4313-9fdc-7566ea15b6de (type: ports) to 1
Aug 12 22:21:10.822981 np0000189083 devstack@neutron-api.service[101989]: DEBUG neutron.pecan_wsgi.hooks.policy_enforcement [None req-c56679eb-169c-4706-a8b8-591427b0c811 admin admin] Attributes excluded by policy engine: ['standard_attr_id'] {{(pid=101989) _exclude_attributes_by_policy /opt/stack/neutron/neutron/pecan_wsgi/hooks/policy_enforcement.py:259}}
Aug 12 22:21:10.823388 np0000189083 devstack@neutron-api.service[101989]: DEBUG neutron_lib.callbacks.manager [None req-c56679eb-169c-4706-a8b8-591427b0c811 admin admin] Publish callbacks [] for network (None), before_response {{(pid=101989) _notify_loop /opt/stack/data/venv/lib/python3.12/site-packages/neutron_lib/callbacks/manager.py:184}}
Aug 12 22:21:10.849471 np0000189083 devstack@neutron-api.service[101989]: [pid: 101989|app: 0|req: 23/93] 199.204.45.205 () {68 vars in 1358 bytes} [Wed Aug 12 22:21:10 2026] POST /networking/v2.0/networks => generated 683 bytes in 664 msecs (HTTP/1.1 201) 4 headers in 162 bytes (1 switches on core 0)
Aug 12 22:21:10.851092 np0000189083 devstack@neutron-api.service[101989]: DEBUG neutron.plugins.ml2.plugin [None req-114d26a4-6a9d-4223-ab8e-fe7dc6f4bf8d None None] Current status of the port cc4559f5-69ab-4313-9fdc-7566ea15b6de is: DOWN; New status is: DOWN {{(pid=101989) _update_individual_port_db_status /opt/stack/neutron/neutron/plugins/ml2/plugin.py:2473}}
Aug 12 22:21:10.853020 np0000189083 devstack@neutron-api.service[101989]: DEBUG ovsdbapp.backend.ovs_idl.transaction [None req-66fd8055-b59f-4752-a1cc-e25a42490344 None None] Running txn n=1 command(idx=0): DbRemoveCommand(_result=None, table=Logical_Switch_Port, record=cc4559f5-69ab-4313-9fdc-7566ea15b6de, column=external_ids, values=('neutron:host_id',), keyvalues={}, if_exists=True) {{(pid=101989) do_commit /opt/stack/data/venv/lib/python3.12/site-packages/ovsdbapp/backend/ovs_idl/transaction.py:89}}
Aug 12 22:21:11.261156 np0000189083 devstack@neutron-api.service[101987]: INFO neutron.pecan_wsgi.hooks.translation [None req-a62dccc7-6dde-43dd-a0db-63981dc18c09 admin admin] GET failed (client error): The resource could not be found.
Aug 12 22:21:11.261976 np0000189083 devstack@neutron-api.service[101987]: [pid: 101987|app: 0|req: 25/94] 199.204.45.205 () {64 vars in 1334 bytes} [Wed Aug 12 22:21:11 2026] GET /networking/v2.0/networks/admin_net => generated 111 bytes in 202 msecs (HTTP/1.1 404) 4 headers in 164 bytes (1 switches on core 0)
Aug 12 22:21:11.317180 np0000189083 devstack@neutron-api.service[101988]: DEBUG neutron.pecan_wsgi.hooks.policy_enforcement [None req-b22036c7-eaec-4a00-8b49-5b8c13a25dba admin admin] Attributes excluded by policy engine: ['standard_attr_id'] {{(pid=101988) _exclude_attributes_by_policy /opt/stack/neutron/neutron/pecan_wsgi/hooks/policy_enforcement.py:259}}
Aug 12 22:21:11.318303 np0000189083 devstack@neutron-api.service[101988]: [pid: 101988|app: 0|req: 24/95] 199.204.45.205 () {64 vars in 1346 bytes} [Wed Aug 12 22:21:11 2026] GET /networking/v2.0/networks?name=admin_net => generated 667 bytes in 44 msecs (HTTP/1.1 200) 4 headers in 157 bytes (1 switches on core 0)
Aug 12 22:21:11.527556 np0000189083 devstack@neutron-api.service[101990]: INFO neutron.pecan_wsgi.hooks.translation [None req-8a8360c4-eefd-4932-8977-d5b3f21dd811 admin admin] GET failed (client error): The resource could not be found.
