2026-05-26 07:13:17.822 9 INFO neutron.db.ovn_revision_numbers_db [None req-542ca170-4e26-4bf5-a169-670e38fe6647 fc4a91868e5743fe8bbe156dfa60d48b 00cd365011f9429782edcaad66caaf13 - - default default] Successfully bumped revision number for resource 3cad6156-e93b-4a94-b47f-5cca76861409 (type: networks) to 1
2026-05-26 07:13:17.874 9 INFO neutron.wsgi [None req-87c4f793-fbb0-4089-bde0-650cc51bae8b 416db2b3a93e404492dda2f53a4cd34f a9b586aec79b4088a68ef1ebd76243c0 - - default default] 10.0.0.118 "GET /v2.0/ports/2f7e8bc5-bb44-4040-b463-f878b10e6de4 HTTP/1.1" status: 200 len: 1147 time: 0.1471810
2026-05-26 07:13:17.951 9 INFO neutron.wsgi [None req-bdd64397-8e98-4372-bf92-11e4a5ecade9 416db2b3a93e404492dda2f53a4cd34f a9b586aec79b4088a68ef1ebd76243c0 - - default default] 10.0.0.118 "GET /v2.0/ports/2f7e8bc5-bb44-4040-b463-f878b10e6de4 HTTP/1.1" status: 200 len: 1147 time: 0.0679107
2026-05-26 07:13:18.052 10 INFO neutron.db.ovn_revision_numbers_db [None req-83d6054f-5ae3-4fb8-b103-c44d2ca5af8a 2817d0d3bdf34e88a6ae85fe28c4139f ccf6659d5e094401a117d6ba8637659e - - default default] Successfully bumped revision number for resource 36153adb-17fa-40a1-adc1-4c8dcccf6004 (type: ports) to 1
2026-05-26 07:13:18.192 9 WARNING neutron.scheduler.dhcp_agent_scheduler [None req-542ca170-4e26-4bf5-a169-670e38fe6647 fc4a91868e5743fe8bbe156dfa60d48b 00cd365011f9429782edcaad66caaf13 - - default default] No more DHCP agents
2026-05-26 07:13:18.195 9 WARNING neutron.api.rpc.agentnotifiers.dhcp_rpc_agent_api [None req-542ca170-4e26-4bf5-a169-670e38fe6647 fc4a91868e5743fe8bbe156dfa60d48b 00cd365011f9429782edcaad66caaf13 - - default default] Unable to schedule network 3cad6156-e93b-4a94-b47f-5cca76861409: no agents available; will retry on subsequent port and subnet creation events.
2026-05-26 07:13:18.258 10 INFO neutron.wsgi [None req-83d6054f-5ae3-4fb8-b103-c44d2ca5af8a 2817d0d3bdf34e88a6ae85fe28c4139f ccf6659d5e094401a117d6ba8637659e - - default default] 10.0.0.118 "POST /v2.0/networks HTTP/1.1" status: 201 len: 948 time: 2.9067638
2026-05-26 07:13:18.299 10 INFO neutron.wsgi [None req-2e80b35e-e9f4-4630-b1a1-0bdb3afbf8e8 c3a2f3f102454145819aaecab005eac0 8ac5c5bb60044003aa00695cf14ed4fa - - default default] 10.0.0.118 "DELETE /v2.0/security-groups/5a361468-166c-4ed5-9a9e-1513042db34a HTTP/1.1" status: 204 len: 168 time: 1.0279675
2026-05-26 07:13:18.311 9 INFO neutron.db.ovn_revision_numbers_db [None req-542ca170-4e26-4bf5-a169-670e38fe6647 fc4a91868e5743fe8bbe156dfa60d48b 00cd365011f9429782edcaad66caaf13 - - default default] Successfully bumped revision number for resource 330f24c5-827c-4782-819e-c356b5a9aaa8 (type: ports) to 1
2026-05-26 07:13:18.318 9 INFO neutron.api.v2.resource [None req-fb60482b-b3f8-4832-9b12-2cb56c15edb2 c3a2f3f102454145819aaecab005eac0 8ac5c5bb60044003aa00695cf14ed4fa - - default default] show failed (client error): The resource could not be found.
2026-05-26 07:13:18.319 9 INFO neutron.wsgi [None req-fb60482b-b3f8-4832-9b12-2cb56c15edb2 c3a2f3f102454145819aaecab005eac0 8ac5c5bb60044003aa00695cf14ed4fa - - default default] 10.0.0.118 "GET /v2.0/security-groups/5a361468-166c-4ed5-9a9e-1513042db34a HTTP/1.1" status: 404 len: 347 time: 0.0153646
2026-05-26 07:13:18.401 9 INFO neutron.wsgi [None req-542ca170-4e26-4bf5-a169-670e38fe6647 fc4a91868e5743fe8bbe156dfa60d48b 00cd365011f9429782edcaad66caaf13 - - default default] 10.0.0.118 "POST /v2.0/networks HTTP/1.1" status: 201 len: 831 time: 1.5957534
2026-05-26 07:13:18.410 9 WARNING neutron_lib.context [None req-d6baf6d5-a9cd-4532-a75d-281159ca3f36 fc4a91868e5743fe8bbe156dfa60d48b 00cd365011f9429782edcaad66caaf13 - - default default] Method 'is_advsvc' is deprecated since 2023.2 release (neutron-lib 3.8.0) and will be removed once support for the old RBAC API policies will be removed from Neutron. Please use method 'is_service_role' instead.
2026-05-26 07:13:18.602 10 INFO neutron.db.ovn_revision_numbers_db [None req-54f8cc44-4c16-45db-ac11-959a53c9ead9 - - - - - -] Successfully bumped revision number for resource 2f7e8bc5-bb44-4040-b463-f878b10e6de4 (type: ports) to 2
2026-05-26 07:13:18.692 10 WARNING neutron.scheduler.dhcp_agent_scheduler [None req-4d15c6b0-f729-4c64-8b67-4d151013f7b8 2817d0d3bdf34e88a6ae85fe28c4139f ccf6659d5e094401a117d6ba8637659e - - default default] No more DHCP agents
2026-05-26 07:13:18.696 10 WARNING neutron.api.rpc.agentnotifiers.dhcp_rpc_agent_api [None req-4d15c6b0-f729-4c64-8b67-4d151013f7b8 2817d0d3bdf34e88a6ae85fe28c4139f ccf6659d5e094401a117d6ba8637659e - - default default] Unable to schedule network 7e570206-3d49-4e68-a6ee-4693e917d9d3: no agents available; will retry on subsequent port and subnet creation events.
2026-05-26 07:13:18.822 10 INFO neutron.db.ovn_revision_numbers_db [None req-54f8cc44-4c16-45db-ac11-959a53c9ead9 - - - - - -] Successfully bumped revision number for resource 2f7e8bc5-bb44-4040-b463-f878b10e6de4 (type: router_ports) to 2
2026-05-26 07:13:18.852 9 INFO neutron.wsgi [None req-78108f40-ed73-4168-820f-8b31791d0f28 c3a2f3f102454145819aaecab005eac0 8ac5c5bb60044003aa00695cf14ed4fa - - default default] 10.0.0.118 "DELETE /v2.0/floatingips/9a240b6b-a40b-41f6-ad11-6a24bbcc8e0d HTTP/1.1" status: 204 len: 168 time: 0.5266392
2026-05-26 07:13:19.028 9 INFO neutron.wsgi [None req-23ef6aaa-551c-4634-922b-240fd9a696fd 416db2b3a93e404492dda2f53a4cd34f a9b586aec79b4088a68ef1ebd76243c0 - - default default] 10.0.0.118 "GET /v2.0/ports/2f7e8bc5-bb44-4040-b463-f878b10e6de4 HTTP/1.1" status: 200 len: 1149 time: 0.0705335
2026-05-26 07:13:19.030 9 WARNING neutron.scheduler.dhcp_agent_scheduler [None req-d6baf6d5-a9cd-4532-a75d-281159ca3f36 fc4a91868e5743fe8bbe156dfa60d48b 00cd365011f9429782edcaad66caaf13 - - default default] No more DHCP agents
2026-05-26 07:13:19.035 9 WARNING neutron.api.rpc.agentnotifiers.dhcp_rpc_agent_api [None req-d6baf6d5-a9cd-4532-a75d-281159ca3f36 fc4a91868e5743fe8bbe156dfa60d48b 00cd365011f9429782edcaad66caaf13 - - default default] Unable to schedule network 3cad6156-e93b-4a94-b47f-5cca76861409: no agents available; will retry on subsequent port and subnet creation events.
2026-05-26 07:13:19.358 9 WARNING neutron.plugins.ml2.drivers.ovn.mech_driver.ovsdb.ovn_client [None req-b83ae8e1-2045-404e-9a70-1fbaa3a64fb0 - - - - - -] No hosting information found for port e5706c26-ca1f-48c0-9756-1eed74a19be2: RuntimeError: No hosting information found for port e5706c26-ca1f-48c0-9756-1eed74a19be2
2026-05-26 07:13:19.480 10 INFO neutron.db.ovn_revision_numbers_db [None req-4d15c6b0-f729-4c64-8b67-4d151013f7b8 2817d0d3bdf34e88a6ae85fe28c4139f ccf6659d5e094401a117d6ba8637659e - - default default] Successfully bumped revision number for resource 36153adb-17fa-40a1-adc1-4c8dcccf6004 (type: ports) to 2
2026-05-26 07:13:19.693 10 INFO neutron.db.ovn_revision_numbers_db [None req-4d15c6b0-f729-4c64-8b67-4d151013f7b8 2817d0d3bdf34e88a6ae85fe28c4139f ccf6659d5e094401a117d6ba8637659e - - default default] Successfully bumped revision number for resource 2cb05ef9-fe7c-4086-acff-218305348e4c (type: subnets) to 0
2026-05-26 07:13:19.735 10 INFO neutron.wsgi [None req-4d15c6b0-f729-4c64-8b67-4d151013f7b8 2817d0d3bdf34e88a6ae85fe28c4139f ccf6659d5e094401a117d6ba8637659e - - default default] 10.0.0.118 "POST /v2.0/subnets HTTP/1.1" status: 201 len: 868 time: 1.4648466
2026-05-26 07:13:19.828 9 INFO neutron.db.ovn_revision_numbers_db [None req-d6baf6d5-a9cd-4532-a75d-281159ca3f36 fc4a91868e5743fe8bbe156dfa60d48b 00cd365011f9429782edcaad66caaf13 - - default default] Successfully bumped revision number for resource 330f24c5-827c-4782-819e-c356b5a9aaa8 (type: ports) to 2
2026-05-26 07:13:19.900 9 INFO neutron.db.ovn_revision_numbers_db [None req-d6baf6d5-a9cd-4532-a75d-281159ca3f36 fc4a91868e5743fe8bbe156dfa60d48b 00cd365011f9429782edcaad66caaf13 - - default default] Successfully bumped revision number for resource de0b0862-43f2-4439-8989-69ef741d482f (type: subnets) to 0
2026-05-26 07:13:19.921 9 INFO neutron.wsgi [None req-d6baf6d5-a9cd-4532-a75d-281159ca3f36 fc4a91868e5743fe8bbe156dfa60d48b 00cd365011f9429782edcaad66caaf13 - - default default] 10.0.0.118 "POST /v2.0/subnets HTTP/1.1" status: 201 len: 801 time: 1.5158830
2026-05-26 07:13:19.948 9 WARNING neutron_lib.context [None req-97694cf7-f8f5-4d22-abc7-cbcd194ec7f5 fc4a91868e5743fe8bbe156dfa60d48b 00cd365011f9429782edcaad66caaf13 - - default default] Method 'is_advsvc' is deprecated since 2023.2 release (neutron-lib 3.8.0) and will be removed once support for the old RBAC API policies will be removed from Neutron. Please use method 'is_service_role' instead.
2026-05-26 07:13:20.230 10 INFO neutron.wsgi [None req-f1ca5bab-2770-4d6a-be97-bf8a927d5396 416db2b3a93e404492dda2f53a4cd34f a9b586aec79b4088a68ef1ebd76243c0 - - default default] 10.0.0.118 "PUT /v2.0/routers/0cbc5746-d00f-4ce9-a2ea-c13dac6232a4/remove_router_interface HTTP/1.1" status: 200 len: 503 time: 1.1948102 /var/lib/openstack/lib/python3.10/site-packages/pycadf/identifier.py:71: UserWarning: Invalid uuid: neutron. To ensure interoperability, identifiers should be a valid uuid. warnings.warn(('Invalid uuid: %s. To ensure interoperability, '
2026-05-26 07:13:20.372 10 INFO neutron.wsgi [None req-a15f6eb6-b0eb-4ef5-9188-2a854d39122e 416db2b3a93e404492dda2f53a4cd34f a9b586aec79b4088a68ef1ebd76243c0 - - default default] 10.0.0.118 "GET /v2.0/ports/e5706c26-ca1f-48c0-9756-1eed74a19be2 HTTP/1.1" status: 200 len: 1141 time: 0.1373913
2026-05-26 07:13:20.876 9 INFO neutron.wsgi [None req-e1792abd-1e94-4a68-92a6-5054842714be 2817d0d3bdf34e88a6ae85fe28c4139f ccf6659d5e094401a117d6ba8637659e - - default default] 10.0.0.118 "PUT /v2.0/routers/e75d06f9-d419-49d3-947f-530d59a7f506/remove_router_interface HTTP/1.1" status: 200 len: 503 time: 2.0205185 /var/lib/openstack/lib/python3.10/site-packages/pycadf/identifier.py:71: UserWarning: Invalid uuid: neutron. To ensure interoperability, identifiers should be a valid uuid. warnings.warn(('Invalid uuid: %s. To ensure interoperability, '
2026-05-26 07:13:21.034 9 WARNING neutron.scheduler.dhcp_agent_scheduler [None req-97694cf7-f8f5-4d22-abc7-cbcd194ec7f5 fc4a91868e5743fe8bbe156dfa60d48b 00cd365011f9429782edcaad66caaf13 - - default default] No more DHCP agents
2026-05-26 07:13:21.038 9 WARNING neutron.api.rpc.agentnotifiers.dhcp_rpc_agent_api [None req-97694cf7-f8f5-4d22-abc7-cbcd194ec7f5 fc4a91868e5743fe8bbe156dfa60d48b 00cd365011f9429782edcaad66caaf13 - - default default] Unable to schedule network 3cad6156-e93b-4a94-b47f-5cca76861409: no agents available; will retry on subsequent port and subnet creation events.
2026-05-26 07:13:21.387 9 INFO neutron.db.ovn_revision_numbers_db [None req-97694cf7-f8f5-4d22-abc7-cbcd194ec7f5 fc4a91868e5743fe8bbe156dfa60d48b 00cd365011f9429782edcaad66caaf13 - - default default] Successfully bumped revision number for resource 8972a41a-eb41-460a-94dc-686171561c67 (type: ports) to 1
2026-05-26 07:13:21.424 10 WARNING neutron.scheduler.dhcp_agent_scheduler [None req-748e72e9-cf1a-41f1-a7e6-b7f7b76bdd89 2817d0d3bdf34e88a6ae85fe28c4139f ccf6659d5e094401a117d6ba8637659e - - default default] No more DHCP agents
2026-05-26 07:13:21.429 10 WARNING neutron.api.rpc.agentnotifiers.dhcp_rpc_agent_api [None req-748e72e9-cf1a-41f1-a7e6-b7f7b76bdd89 2817d0d3bdf34e88a6ae85fe28c4139f ccf6659d5e094401a117d6ba8637659e - - default default] Unable to schedule network bc6215b1-51af-4c6e-87b8-3039db2e0092: no agents available; will retry on subsequent port and subnet creation events.
2026-05-26 07:13:21.796 9 INFO neutron.wsgi [None req-97694cf7-f8f5-4d22-abc7-cbcd194ec7f5 fc4a91868e5743fe8bbe156dfa60d48b 00cd365011f9429782edcaad66caaf13 - - default default] 10.0.0.118 "POST /v2.0/ports HTTP/1.1" status: 201 len: 1111 time: 1.8688688
2026-05-26 07:13:21.821 10 INFO neutron.db.ovn_revision_numbers_db [None req-748e72e9-cf1a-41f1-a7e6-b7f7b76bdd89 2817d0d3bdf34e88a6ae85fe28c4139f ccf6659d5e094401a117d6ba8637659e - - default default] Successfully bumped revision number for resource 5039f413-0aca-49f5-b873-ec608dd57122 (type: ports) to 1
2026-05-26 07:13:22.216 10 INFO neutron.wsgi [None req-758d588d-73f0-4800-9a26-487d80c8509b 416db2b3a93e404492dda2f53a4cd34f a9b586aec79b4088a68ef1ebd76243c0 - - default default] 10.0.0.118 "PUT /v2.0/routers/0cbc5746-d00f-4ce9-a2ea-c13dac6232a4/remove_router_interface HTTP/1.1" status: 200 len: 503 time: 1.8381257 /var/lib/openstack/lib/python3.10/site-packages/pycadf/identifier.py:71: UserWarning: Invalid uuid: neutron. To ensure interoperability, identifiers should be a valid uuid. warnings.warn(('Invalid uuid: %s. To ensure interoperability, '
2026-05-26 07:13:22.252 10 INFO neutron.wsgi [None req-5814d0f5-be6b-4ccf-9b55-32fe1b19607f 416db2b3a93e404492dda2f53a4cd34f a9b586aec79b4088a68ef1ebd76243c0 - - default default] 10.0.0.118 "GET /v2.0/ports?device_id=0cbc5746-d00f-4ce9-a2ea-c13dac6232a4 HTTP/1.1" status: 200 len: 205 time: 0.0288835
2026-05-26 07:13:22.520 9 INFO neutron.wsgi [None req-865aba98-994a-440e-87fe-99beb9d7d93c fc4a91868e5743fe8bbe156dfa60d48b 00cd365011f9429782edcaad66caaf13 - - default default] 10.0.0.118 "DELETE /v2.0/ports/8972a41a-eb41-460a-94dc-686171561c67 HTTP/1.1" status: 204 len: 168 time: 0.7172384
2026-05-26 07:13:22.524 9 INFO neutron.wsgi [None req-eb944ba7-d212-40f6-9aef-8dd002ec938c 2817d0d3bdf34e88a6ae85fe28c4139f ccf6659d5e094401a117d6ba8637659e - - default default] 10.0.0.118 "DELETE /v2.0/routers/e75d06f9-d419-49d3-947f-530d59a7f506 HTTP/1.1" status: 204 len: 168 time: 1.6430528
2026-05-26 07:13:22.567 9 INFO neutron.pecan_wsgi.hooks.translation [None req-2a099e4c-a544-4f80-bf3a-125a6480c76a fc4a91868e5743fe8bbe156dfa60d48b 00cd365011f9429782edcaad66caaf13 - - default default] GET failed (client error): The resource could not be found.
2026-05-26 07:13:22.569 9 INFO neutron.wsgi [None req-2a099e4c-a544-4f80-bf3a-125a6480c76a fc4a91868e5743fe8bbe156dfa60d48b 00cd365011f9429782edcaad66caaf13 - - default default] 10.0.0.118 "GET /v2.0/ports/8972a41a-eb41-460a-94dc-686171561c67 HTTP/1.1" status: 404 len: 333 time: 0.0380056
2026-05-26 07:13:22.662 9 INFO neutron.wsgi [None req-a385b212-79ac-4e73-b788-067c25bbc1aa 416db2b3a93e404492dda2f53a4cd34f a9b586aec79b4088a68ef1ebd76243c0 - - default default] 10.0.0.118 "DELETE /v2.0/routers/0cbc5746-d00f-4ce9-a2ea-c13dac6232a4 HTTP/1.1" status: 204 len: 168 time: 0.4041936
2026-05-26 07:13:23.037 10 INFO neutron.plugins.ml2.drivers.ovn.mech_driver.ovsdb.commands [None req-b4745a39-e0cf-4af8-ae39-b461dc566a6d - - - - - -] Schedule LRP lrp-5039f413-0aca-49f5-b873-ec608dd57122 on gateway ea714044-8572-4e36-b235-29e191bbf71e with priority 1
2026-05-26 07:13:23.058 9 INFO neutron.plugins.ml2.drivers.ovn.mech_driver.ovsdb.ovsdb_monitor [None req-35bdf354-9109-4b9f-973b-9a7f6c622835 - - - - - -] Router f0ed98ed-d95b-4207-b432-9198fb048268 is bound to host instance
2026-05-26 07:13:23.109 10 INFO neutron.wsgi [None req-ab4db1ab-ca21-4b36-8cf3-4e1f44e973d1 416db2b3a93e404492dda2f53a4cd34f a9b586aec79b4088a68ef1ebd76243c0 - - default default] 10.0.0.118 "DELETE /v2.0/subnets/4bcc6470-595f-45da-b250-d2f3c14ad6b7 HTTP/1.1" status: 204 len: 168 time: 0.4397712
2026-05-26 07:13:23.186 10 INFO neutron.db.ovn_revision_numbers_db [None req-748e72e9-cf1a-41f1-a7e6-b7f7b76bdd89 2817d0d3bdf34e88a6ae85fe28c4139f ccf6659d5e094401a117d6ba8637659e - - default default] Successfully bumped revision number for resource 5039f413-0aca-49f5-b873-ec608dd57122 (type: router_ports) to 1
2026-05-26 07:13:23.228 10 INFO neutron.wsgi [None req-24337125-9037-4201-a64a-be473d893eaf 2817d0d3bdf34e88a6ae85fe28c4139f ccf6659d5e094401a117d6ba8637659e - - default default] 10.0.0.118 "DELETE /v2.0/subnets/677516b3-2e29-4970-b8cc-96aa19d955ad HTTP/1.1" status: 204 len: 168 time: 0.6958106
2026-05-26 07:13:23.341 10 INFO neutron.db.ovn_revision_numbers_db [None req-748e72e9-cf1a-41f1-a7e6-b7f7b76bdd89 2817d0d3bdf34e88a6ae85fe28c4139f ccf6659d5e094401a117d6ba8637659e - - default default] Successfully bumped revision number for resource f0ed98ed-d95b-4207-b432-9198fb048268 (type: routers) to 2
2026-05-26 07:13:23.370 10 INFO neutron.wsgi [None req-748e72e9-cf1a-41f1-a7e6-b7f7b76bdd89 2817d0d3bdf34e88a6ae85fe28c4139f ccf6659d5e094401a117d6ba8637659e - - default default] 10.0.0.118 "POST /v2.0/routers HTTP/1.1" status: 201 len: 1170 time: 3.6294959
2026-05-26 07:13:23.453 9 INFO neutron.wsgi [None req-f551e126-050f-4aa2-ac22-f83c14c86ec6 fc4a91868e5743fe8bbe156dfa60d48b 00cd365011f9429782edcaad66caaf13 - - default default] 10.0.0.118 "DELETE /v2.0/subnets/de0b0862-43f2-4439-8989-69ef741d482f HTTP/1.1" status: 204 len: 168 time: 0.8791280
2026-05-26 07:13:23.898 10 INFO neutron.services.segments.plugin [-] Segment a7126ea0-e9a2-4574-80be-8f52dbaff79a resource provider aggregate not found
2026-05-26 07:13:23.908 10 INFO neutron.services.segments.plugin [-] Segment a7126ea0-e9a2-4574-80be-8f52dbaff79a resource provider aggregate not found
2026-05-26 07:13:23.917 10 INFO neutron.services.segments.plugin [-] Segment a7126ea0-e9a2-4574-80be-8f52dbaff79a resource provider not found; error: Placement Client Error (4xx): {"errors": [{"status": 404, "title": "Not Found", "detail": "The resource could not be found.\n\n No resource provider with uuid a7126ea0-e9a2-4574-80be-8f52dbaff79a found for delete ", "request_id": "req-d3e14ae4-4ad2-4fc0-8288-442b8a622e8b"}]}
2026-05-26 07:13:23.927 10 INFO neutron.services.segments.plugin [-] Segment a7126ea0-e9a2-4574-80be-8f52dbaff79a resource provider not found; error: Placement Client Error (4xx): {"errors": [{"status": 404, "title": "Not Found", "detail": "The resource could not be found.\n\n No resource provider with uuid a7126ea0-e9a2-4574-80be-8f52dbaff79a found for delete ", "request_id": "req-5714a16c-8978-458f-aff3-396af9807e39"}]}
2026-05-26 07:13:24.050 10 INFO neutron.wsgi [None req-e7b8e2fb-e6de-41e9-bf50-fe81eedb9d1c 2817d0d3bdf34e88a6ae85fe28c4139f ccf6659d5e094401a117d6ba8637659e - - default default] 10.0.0.118 "DELETE /v2.0/networks/7db93d41-9318-4590-b4c6-f2478acc2b22 HTTP/1.1" status: 204 len: 168 time: 0.8162224
2026-05-26 07:13:24.068 9 INFO neutron.wsgi [None req-85a312b0-724e-4afc-a1d5-4716db370a66 416db2b3a93e404492dda2f53a4cd34f a9b586aec79b4088a68ef1ebd76243c0 - - default default] 10.0.0.118 "DELETE /v2.0/subnets/c28af0a9-4568-46bd-8fed-f3bfa7380866 HTTP/1.1" status: 204 len: 168 time: 0.9539549
2026-05-26 07:13:24.394 10 WARNING neutron.plugins.ml2.drivers.ovn.mech_driver.ovsdb.ovn_client [None req-54f8cc44-4c16-45db-ac11-959a53c9ead9 - - - - - -] No port found with ID 2f7e8bc5-bb44-4040-b463-f878b10e6de4: RuntimeError: No port found with ID 2f7e8bc5-bb44-4040-b463-f878b10e6de4
2026-05-26 07:13:24.394 10 INFO neutron.plugins.ml2.drivers.ovn.mech_driver.mech_driver [None req-54f8cc44-4c16-45db-ac11-959a53c9ead9 - - - - - -] OVN reports status up for port: 5039f413-0aca-49f5-b873-ec608dd57122
2026-05-26 07:13:24.395 9 INFO neutron.services.segments.plugin [-] Segment 74e8b97f-5f01-4bd7-bcef-948f3a081a30 resource provider aggregate not found
2026-05-26 07:13:24.399 9 INFO neutron.services.segments.plugin [-] Segment 74e8b97f-5f01-4bd7-bcef-948f3a081a30 resource provider aggregate not found
2026-05-26 07:13:24.413 9 INFO neutron.services.segments.plugin [-] Segment 74e8b97f-5f01-4bd7-bcef-948f3a081a30 resource provider not found; error: Placement Client Error (4xx): {"errors": [{"status": 404, "title": "Not Found", "detail": "The resource could not be found.\n\n No resource provider with uuid 74e8b97f-5f01-4bd7-bcef-948f3a081a30 found for delete ", "request_id": "req-1646f7c8-199f-40a7-8cc1-fddde3d9d690"}]}
2026-05-26 07:13:24.418 9 INFO neutron.services.segments.plugin [-] Segment 74e8b97f-5f01-4bd7-bcef-948f3a081a30 resource provider not found; error: Placement Client Error (4xx): {"errors": [{"status": 404, "title": "Not Found", "detail": "The resource could not be found.\n\n No resource provider with uuid 74e8b97f-5f01-4bd7-bcef-948f3a081a30 found for delete ", "request_id": "req-834c32c1-0f5b-4ce5-9bef-be693f671f5e"}]}
2026-05-26 07:13:24.435 10 WARNING neutron.scheduler.dhcp_agent_scheduler [None req-da999c9e-c0f9-4a27-94d7-99795ade97ea 2817d0d3bdf34e88a6ae85fe28c4139f ccf6659d5e094401a117d6ba8637659e - - default default] No more DHCP agents
2026-05-26 07:13:24.438 10 WARNING neutron.api.rpc.agentnotifiers.dhcp_rpc_agent_api [None req-da999c9e-c0f9-4a27-94d7-99795ade97ea 2817d0d3bdf34e88a6ae85fe28c4139f ccf6659d5e094401a117d6ba8637659e - - default default] Unable to schedule network 7e570206-3d49-4e68-a6ee-4693e917d9d3: no agents available; will retry on subsequent port and subnet creation events.
2026-05-26 07:13:24.549 10 INFO neutron.plugins.ml2.plugin [None req-54f8cc44-4c16-45db-ac11-959a53c9ead9 - - - - - -] Attempt 1 to provision port 5039f413-0aca-49f5-b873-ec608dd57122
2026-05-26 07:13:24.599 9 INFO neutron.wsgi [None req-d4913f65-56a9-4949-a452-d777882591ed fc4a91868e5743fe8bbe156dfa60d48b 00cd365011f9429782edcaad66caaf13 - - default default] 10.0.0.118 "DELETE /v2.0/networks/3cad6156-e93b-4a94-b47f-5cca76861409 HTTP/1.1" status: 204 len: 168 time: 1.1413307
2026-05-26 07:13:24.627 9 WARNING neutron_lib.context [None req-f4bb62d6-68e1-4430-8dd5-4c788e0ae928 fc4a91868e5743fe8bbe156dfa60d48b 00cd365011f9429782edcaad66caaf13 - - default default] Method 'is_advsvc' is deprecated since 2023.2 release (neutron-lib 3.8.0) and will be removed once support for the old RBAC API policies will be removed from Neutron. Please use method 'is_service_role' instead.
2026-05-26 07:13:24.726 9 INFO neutron.wsgi [None req-e3fac613-f9d1-4010-8c1d-dfcc1e41cff2 2817d0d3bdf34e88a6ae85fe28c4139f ccf6659d5e094401a117d6ba8637659e - - default default] 10.0.0.118 "GET /v2.0/security-groups?tenant_id=8ac5c5bb60044003aa00695cf14ed4fa&name=default HTTP/1.1" status: 200 len: 3120 time: 0.0900567
2026-05-26 07:13:24.774 10 INFO neutron.db.ovn_revision_numbers_db [None req-da999c9e-c0f9-4a27-94d7-99795ade97ea 2817d0d3bdf34e88a6ae85fe28c4139f ccf6659d5e094401a117d6ba8637659e - - default default] Successfully bumped revision number for resource 4f18bd2f-815c-4609-afeb-43c5f3ad0e92 (type: ports) to 1
2026-05-26 07:13:25.062 9 INFO neutron.db.ovn_revision_numbers_db [None req-35bdf354-9109-4b9f-973b-9a7f6c622835 - - - - - -] Successfully bumped revision number for resource 5039f413-0aca-49f5-b873-ec608dd57122 (type: ports) to 1
2026-05-26 07:13:25.296 10 INFO neutron.wsgi [None req-c19a9331-4182-487a-8221-dc7b1ea5820b 416db2b3a93e404492dda2f53a4cd34f a9b586aec79b4088a68ef1ebd76243c0 - - default default] 10.0.0.118 "DELETE /v2.0/networks/944adb56-184b-4dec-954b-9e20e37d5ee3 HTTP/1.1" status: 204 len: 168 time: 1.2236931 /var/lib/openstack/lib/python3.10/site-packages/pycadf/identifier.py:71: UserWarning: Invalid uuid: neutron. To ensure interoperability, identifiers should be a valid uuid. warnings.warn(('Invalid uuid: %s. To ensure interoperability, '
2026-05-26 07:13:25.341 9 WARNING neutron.scheduler.dhcp_agent_scheduler [None req-f4bb62d6-68e1-4430-8dd5-4c788e0ae928 fc4a91868e5743fe8bbe156dfa60d48b 00cd365011f9429782edcaad66caaf13 - - default default] No more DHCP agents
2026-05-26 07:13:25.348 9 WARNING neutron.api.rpc.agentnotifiers.dhcp_rpc_agent_api [None req-f4bb62d6-68e1-4430-8dd5-4c788e0ae928 fc4a91868e5743fe8bbe156dfa60d48b 00cd365011f9429782edcaad66caaf13 - - default default] Unable to schedule network 88291072-dc0f-4895-87fe-13601c8f539d: no agents available; will retry on subsequent port and subnet creation events.
2026-05-26 07:13:25.405 10 ERROR ovsdbapp.backend.ovs_idl.command [None req-da999c9e-c0f9-4a27-94d7-99795ade97ea 2817d0d3bdf34e88a6ae85fe28c4139f ccf6659d5e094401a117d6ba8637659e - - default default] Error executing command (DbGetCommand): ovsdbapp.backend.ovs_idl.idlutils.RowNotFound: Cannot find Logical_Router_Port with name=lrp-4f18bd2f-815c-4609-afeb-43c5f3ad0e92
2026-05-26 07:13:25.405 10 ERROR ovsdbapp.backend.ovs_idl.command
Traceback (most recent call last):
2026-05-26 07:13:25.405 10 ERROR ovsdbapp.backend.ovs_idl.command
File "/var/lib/openstack/lib/python3.10/site-packages/ovsdbapp/backend/ovs_idl/command.py", line 47, in execute
2026-05-26 07:13:25.405 10 ERROR ovsdbapp.backend.ovs_idl.command self.run_idl(None)
2026-05-26 07:13:25.405 10 ERROR ovsdbapp.backend.ovs_idl.command
File "/var/lib/openstack/lib/python3.10/site-packages/ovsdbapp/backend/ovs_idl/command.py", line 235, in run_idl
2026-05-26 07:13:25.405 10 ERROR ovsdbapp.backend.ovs_idl.command record = self.api.lookup(self.table, self.record)
2026-05-26 07:13:25.405 10 ERROR ovsdbapp.backend.ovs_idl.command
File "/var/lib/openstack/lib/python3.10/site-packages/ovsdbapp/backend/ovs_idl/__init__.py", line 184, in lookup
2026-05-26 07:13:25.405 10 ERROR ovsdbapp.backend.ovs_idl.command return self._lookup(table, record)
2026-05-26 07:13:25.405 10 ERROR ovsdbapp.backend.ovs_idl.command
File "/var/lib/openstack/lib/python3.10/site-packages/ovsdbapp/backend/ovs_idl/__init__.py", line 235, in _lookup
2026-05-26 07:13:25.405 10 ERROR ovsdbapp.backend.ovs_idl.command row = idlutils.row_by_value(self, rl.table, rl.column, record)
2026-05-26 07:13:25.405 10 ERROR ovsdbapp.backend.ovs_idl.command
File "/var/lib/openstack/lib/python3.10/site-packages/ovsdbapp/backend/ovs_idl/idlutils.py", line 114, in row_by_value
2026-05-26 07:13:25.405 10 ERROR ovsdbapp.backend.ovs_idl.command raise RowNotFound(table=table, col=column, match=match)
2026-05-26 07:13:25.405 10 ERROR ovsdbapp.backend.ovs_idl.command ovsdbapp.backend.ovs_idl.idlutils.RowNotFound: Cannot find Logical_Router_Port with name=lrp-4f18bd2f-815c-4609-afeb-43c5f3ad0e92
2026-05-26 07:13:25.405 10 ERROR ovsdbapp.backend.ovs_idl.command 
2026-05-26 07:13:25.406 10 ERROR neutron_lib.callbacks.manager [None req-da999c9e-c0f9-4a27-94d7-99795ade97ea 2817d0d3bdf34e88a6ae85fe28c4139f ccf6659d5e094401a117d6ba8637659e - - default default] Error during notification for neutron.services.ovn_l3.plugin.OVNL3RouterPlugin._port_update-8764927426287 port, after_update: ovsdbapp.backend.ovs_idl.idlutils.RowNotFound: Cannot find Logical_Router_Port with name=lrp-4f18bd2f-815c-4609-afeb-43c5f3ad0e92
2026-05-26 07:13:25.406 10 ERROR neutron_lib.callbacks.manager
Traceback (most recent call last):
2026-05-26 07:13:25.406 10 ERROR neutron_lib.callbacks.manager
File "/var/lib/openstack/lib/python3.10/site-packages/neutron_lib/callbacks/manager.py", line 189, in _notify_loop
2026-05-26 07:13:25.406 10 ERROR neutron_lib.callbacks.manager callback.method(resource, event, trigger, payload=payload)
2026-05-26 07:13:25.406 10 ERROR neutron_lib.callbacks.manager
File "/var/lib/openstack/lib/python3.10/site-packages/neutron/services/ovn_l3/plugin.py", line 391, in _port_update
2026-05-26 07:13:25.406 10 ERROR neutron_lib.callbacks.manager l3plugin._ovn_client.update_router_port(context,
2026-05-26 07:13:25.406 10 ERROR neutron_lib.callbacks.manager
File "/var/lib/openstack/lib/python3.10/site-packages/neutron/plugins/ml2/drivers/ovn/mech_driver/ovsdb/ovn_client.py", line 1878, in update_router_port
2026-05-26 07:13:25.406 10 ERROR neutron_lib.callbacks.manager self._update_lrouter_port(context, port, if_exists=if_exists,
2026-05-26 07:13:25.406 10 ERROR neutron_lib.callbacks.manager
File "/var/lib/openstack/lib/python3.10/site-packages/neutron/plugins/ml2/drivers/ovn/mech_driver/ovsdb/ovn_client.py", line 1855, in _update_lrouter_port
2026-05-26 07:13:25.406 10 ERROR neutron_lib.callbacks.manager external_ids = self._nb_idl.db_get(
2026-05-26 07:13:25.406 10 ERROR neutron_lib.callbacks.manager
File "/var/lib/openstack/lib/python3.10/site-packages/ovsdbapp/backend/ovs_idl/command.py", line 47, in execute
2026-05-26 07:13:25.406 10 ERROR neutron_lib.callbacks.manager self.run_idl(None)
2026-05-26 07:13:25.406 10 ERROR neutron_lib.callbacks.manager
File "/var/lib/openstack/lib/python3.10/site-packages/ovsdbapp/backend/ovs_idl/command.py", line 235, in run_idl
2026-05-26 07:13:25.406 10 ERROR neutron_lib.callbacks.manager record = self.api.lookup(self.table, self.record)
2026-05-26 07:13:25.406 10 ERROR neutron_lib.callbacks.manager
File "/var/lib/openstack/lib/python3.10/site-packages/ovsdbapp/backend/ovs_idl/__init__.py", line 184, in lookup
2026-05-26 07:13:25.406 10 ERROR neutron_lib.callbacks.manager return self._lookup(table, record)
2026-05-26 07:13:25.406 10 ERROR neutron_lib.callbacks.manager
File "/var/lib/openstack/lib/python3.10/site-packages/ovsdbapp/backend/ovs_idl/__init__.py", line 235, in _lookup
2026-05-26 07:13:25.406 10 ERROR neutron_lib.callbacks.manager row = idlutils.row_by_value(self, rl.table, rl.column, record)
2026-05-26 07:13:25.406 10 ERROR neutron_lib.callbacks.manager
File "/var/lib/openstack/lib/python3.10/site-packages/ovsdbapp/backend/ovs_idl/idlutils.py", line 114, in row_by_value
2026-05-26 07:13:25.406 10 ERROR neutron_lib.callbacks.manager raise RowNotFound(table=table, col=column, match=match)
2026-05-26 07:13:25.406 10 ERROR neutron_lib.callbacks.manager ovsdbapp.backend.ovs_idl.idlutils.RowNotFound: Cannot find Logical_Router_Port with name=lrp-4f18bd2f-815c-4609-afeb-43c5f3ad0e92
2026-05-26 07:13:25.406 10 ERROR neutron_lib.callbacks.manager 
2026-05-26 07:13:25.648 10 INFO neutron.plugins.ml2.drivers.ovn.mech_driver.mech_driver [None req-54f8cc44-4c16-45db-ac11-959a53c9ead9 - - - - - -] OVN reports status up for port: 4f18bd2f-815c-4609-afeb-43c5f3ad0e92
2026-05-26 07:13:25.670 10 INFO neutron.plugins.ml2.plugin [None req-54f8cc44-4c16-45db-ac11-959a53c9ead9 - - - - - -] Attempt 1 to provision port 4f18bd2f-815c-4609-afeb-43c5f3ad0e92
2026-05-26 07:13:25.692 10 INFO neutron.db.ovn_revision_numbers_db [None req-da999c9e-c0f9-4a27-94d7-99795ade97ea 2817d0d3bdf34e88a6ae85fe28c4139f ccf6659d5e094401a117d6ba8637659e - - default default] Successfully bumped revision number for resource 4f18bd2f-815c-4609-afeb-43c5f3ad0e92 (type: ports) to 1
2026-05-26 07:13:25.771 9 INFO neutron.db.ovn_revision_numbers_db [None req-f4bb62d6-68e1-4430-8dd5-4c788e0ae928 fc4a91868e5743fe8bbe156dfa60d48b 00cd365011f9429782edcaad66caaf13 - - default default] Successfully bumped revision number for resource a265a312-97fa-4257-a9f0-d842d89981de (type: ports) to 1
2026-05-26 07:13:25.797 10 WARNING neutron.scheduler.dhcp_agent_scheduler [None req-da999c9e-c0f9-4a27-94d7-99795ade97ea 2817d0d3bdf34e88a6ae85fe28c4139f ccf6659d5e094401a117d6ba8637659e - - default default] No more DHCP agents
2026-05-26 07:13:25.799 10 WARNING neutron.api.rpc.agentnotifiers.dhcp_rpc_agent_api [None req-da999c9e-c0f9-4a27-94d7-99795ade97ea 2817d0d3bdf34e88a6ae85fe28c4139f ccf6659d5e094401a117d6ba8637659e - - default default] Unable to schedule network 7e570206-3d49-4e68-a6ee-4693e917d9d3: no agents available; will retry on subsequent port and subnet creation events.
2026-05-26 07:13:25.800 9 INFO neutron.db.ovn_revision_numbers_db [None req-35bdf354-9109-4b9f-973b-9a7f6c622835 - - - - - -] Successfully bumped revision number for resource 5039f413-0aca-49f5-b873-ec608dd57122 (type: router_ports) to 3
2026-05-26 07:13:25.821 9 INFO neutron.wsgi [None req-f4bb62d6-68e1-4430-8dd5-4c788e0ae928 fc4a91868e5743fe8bbe156dfa60d48b 00cd365011f9429782edcaad66caaf13 - - default default] 10.0.0.118 "POST /v2.0/ports HTTP/1.1" status: 201 len: 974 time: 1.2098885
2026-05-26 07:13:25.832 9 INFO neutron.wsgi [None req-7f7c511d-bb0a-490a-a061-b83e26c92e24 2817d0d3bdf34e88a6ae85fe28c4139f ccf6659d5e094401a117d6ba8637659e - - default default] 10.0.0.118 "DELETE /v2.0/security-groups/526207ff-b513-4985-bb0b-0dcac350ff1d HTTP/1.1" status: 204 len: 168 time: 1.0997465 /var/lib/openstack/lib/python3.10/site-packages/pycadf/identifier.py:71: UserWarning: Invalid uuid: neutron. To ensure interoperability, identifiers should be a valid uuid. warnings.warn(('Invalid uuid: %s. To ensure interoperability, '
2026-05-26 07:13:25.941 10 INFO neutron.services.segments.plugin [-] Segment ac9284bf-733a-4c1f-bb39-4173d9c4c5f7 resource provider aggregate not found
2026-05-26 07:13:25.945 10 INFO neutron.services.segments.plugin [-] Segment ac9284bf-733a-4c1f-bb39-4173d9c4c5f7 resource provider aggregate not found
2026-05-26 07:13:25.960 10 INFO neutron.services.segments.plugin [-] Segment ac9284bf-733a-4c1f-bb39-4173d9c4c5f7 resource provider not found; error: Placement Client Error (4xx): {"errors": [{"status": 404, "title": "Not Found", "detail": "The resource could not be found.\n\n No resource provider with uuid ac9284bf-733a-4c1f-bb39-4173d9c4c5f7 found for delete ", "request_id": "req-89d283d7-1bc5-438c-9b6a-2c192679b575"}]}
2026-05-26 07:13:25.969 10 INFO neutron.services.segments.plugin [-] Segment ac9284bf-733a-4c1f-bb39-4173d9c4c5f7 resource provider not found; error: Placement Client Error (4xx): {"errors": [{"status": 404, "title": "Not Found", "detail": "The resource could not be found.\n\n No resource provider with uuid ac9284bf-733a-4c1f-bb39-4173d9c4c5f7 found for delete ", "request_id": "req-2384edaf-6411-494b-aef7-c14b3a28cb29"}]}
2026-05-26 07:13:26.429 9 INFO neutron.services.segments.plugin [-] Segment 04c4bc56-581d-4f09-95d7-f35ee0dc334b resource provider aggregate not found
2026-05-26 07:13:26.444 9 INFO neutron.services.segments.plugin [-] Segment 04c4bc56-581d-4f09-95d7-f35ee0dc334b resource provider not found; error: Placement Client Error (4xx): {"errors": [{"status": 404, "title": "Not Found", "detail": "The resource could not be found.\n\n No resource provider with uuid 04c4bc56-581d-4f09-95d7-f35ee0dc334b found for delete ", "request_id": "req-e4db6cc9-0abf-4d73-8cf5-c709ebab1768"}]}
2026-05-26 07:13:26.459 9 INFO neutron.services.segments.plugin [-] Segment 04c4bc56-581d-4f09-95d7-f35ee0dc334b resource provider aggregate not found
2026-05-26 07:13:26.481 9 INFO neutron.services.segments.plugin [-] Segment 04c4bc56-581d-4f09-95d7-f35ee0dc334b resource provider not found; error: Placement Client Error (4xx): {"errors": [{"status": 404, "title": "Not Found", "detail": "The resource could not be found.\n\n No resource provider with uuid 04c4bc56-581d-4f09-95d7-f35ee0dc334b found for delete ", "request_id": "req-962ceb05-672e-404d-b2d2-c35bdca00af5"}]}
2026-05-26 07:13:26.556 10 INFO neutron.db.ovn_revision_numbers_db [None req-54f8cc44-4c16-45db-ac11-959a53c9ead9 - - - - - -] Successfully bumped revision number for resource 4f18bd2f-815c-4609-afeb-43c5f3ad0e92 (type: ports) to 2
2026-05-26 07:13:26.712 10 INFO neutron.db.ovn_revision_numbers_db [None req-da999c9e-c0f9-4a27-94d7-99795ade97ea 2817d0d3bdf34e88a6ae85fe28c4139f ccf6659d5e094401a117d6ba8637659e - - default default] Successfully bumped revision number for resource 4f18bd2f-815c-4609-afeb-43c5f3ad0e92 (type: router_ports) to 1
2026-05-26 07:13:26.712 9 INFO neutron.db.ovn_revision_numbers_db [None req-35bdf354-9109-4b9f-973b-9a7f6c622835 - - - - - -] Successfully bumped revision number for resource 5039f413-0aca-49f5-b873-ec608dd57122 (type: ports) to 2
2026-05-26 07:13:26.720 10 INFO neutron.wsgi [None req-da999c9e-c0f9-4a27-94d7-99795ade97ea 2817d0d3bdf34e88a6ae85fe28c4139f ccf6659d5e094401a117d6ba8637659e - - default default] 10.0.0.118 "PUT /v2.0/routers/f0ed98ed-d95b-4207-b432-9198fb048268/add_router_interface HTTP/1.1" status: 200 len: 503 time: 3.3446565
2026-05-26 07:13:26.886 10 INFO neutron.db.ovn_revision_numbers_db [None req-54f8cc44-4c16-45db-ac11-959a53c9ead9 - - - - - -] Successfully bumped revision number for resource 4f18bd2f-815c-4609-afeb-43c5f3ad0e92 (type: router_ports) to 2
2026-05-26 07:13:27.013 9 INFO neutron.db.ovn_revision_numbers_db [None req-4da8a36a-fcce-4548-90ad-373b7bceb539 fc4a91868e5743fe8bbe156dfa60d48b 00cd365011f9429782edcaad66caaf13 - - default default] Successfully bumped revision number for resource a265a312-97fa-4257-a9f0-d842d89981de (type: ports) to 2
2026-05-26 07:13:27.024 9 INFO neutron.wsgi [None req-a5e88111-f610-4d60-b083-0921ee38f876 416db2b3a93e404492dda2f53a4cd34f a9b586aec79b4088a68ef1ebd76243c0 - - default default] 10.0.0.118 "DELETE /v2.0/networks/91f519c7-c1e3-4748-9950-2cf16b52899c HTTP/1.1" status: 204 len: 168 time: 1.7126615 /var/lib/openstack/lib/python3.10/site-packages/pycadf/identifier.py:71: UserWarning: Invalid uuid: neutron. To ensure interoperability, identifiers should be a valid uuid. warnings.warn(('Invalid uuid: %s. To ensure interoperability, '
2026-05-26 07:13:27.043 9 WARNING neutron_lib.context [None req-9ff09dc4-e79f-4143-b11d-1c11ba268b71 416db2b3a93e404492dda2f53a4cd34f a9b586aec79b4088a68ef1ebd76243c0 - - default default] Method 'is_advsvc' is deprecated since 2023.2 release (neutron-lib 3.8.0) and will be removed once support for the old RBAC API policies will be removed from Neutron. Please use method 'is_service_role' instead.
2026-05-26 07:13:27.050 9 INFO neutron.wsgi [None req-4da8a36a-fcce-4548-90ad-373b7bceb539 fc4a91868e5743fe8bbe156dfa60d48b 00cd365011f9429782edcaad66caaf13 - - default default] 10.0.0.118 "PUT /v2.0/ports/a265a312-97fa-4257-a9f0-d842d89981de HTTP/1.1" status: 200 len: 946 time: 1.2163379
2026-05-26 07:13:27.324 9 INFO neutron.db.segments_db [None req-9ff09dc4-e79f-4143-b11d-1c11ba268b71 416db2b3a93e404492dda2f53a4cd34f a9b586aec79b4088a68ef1ebd76243c0 - - default default] Added segment b5758f44-bf76-4511-88c7-5cdcf708b2d8 of type geneve for network d9b1e82d-5f33-4bb7-a2fb-54cad6415199
2026-05-26 07:13:27.572 9 INFO neutron.db.ovn_revision_numbers_db [None req-35bdf354-9109-4b9f-973b-9a7f6c622835 - - - - - -] Successfully bumped revision number for resource 5039f413-0aca-49f5-b873-ec608dd57122 (type: ports) to 4
2026-05-26 07:13:27.708 9 INFO neutron.db.ovn_revision_numbers_db [None req-9ff09dc4-e79f-4143-b11d-1c11ba268b71 416db2b3a93e404492dda2f53a4cd34f a9b586aec79b4088a68ef1ebd76243c0 - - default default] Successfully bumped revision number for resource d9b1e82d-5f33-4bb7-a2fb-54cad6415199 (type: networks) to 1
2026-05-26 07:13:27.729 9 INFO neutron.wsgi [None req-072c0652-2b2c-4be0-8c3d-e736deb58c9c fc4a91868e5743fe8bbe156dfa60d48b 00cd365011f9429782edcaad66caaf13 - - default default] 10.0.0.118 "DELETE /v2.0/ports/a265a312-97fa-4257-a9f0-d842d89981de HTTP/1.1" status: 204 len: 168 time: 0.6722054
2026-05-26 07:13:27.865 10 INFO neutron.wsgi [None req-ec459aed-73c2-428a-906e-16408fedc8a6 fc4a91868e5743fe8bbe156dfa60d48b 00cd365011f9429782edcaad66caaf13 - - default default] 10.0.0.118 "GET /v2.0/ports HTTP/1.1" status: 200 len: 1729 time: 0.1313958
2026-05-26 07:13:27.893 10 INFO neutron.pecan_wsgi.hooks.translation [None req-a5a7bf9e-ca0d-48b6-98b8-b5479f7d7ace fc4a91868e5743fe8bbe156dfa60d48b 00cd365011f9429782edcaad66caaf13 - - default default] GET failed (client error): The resource could not be found.
2026-05-26 07:13:27.894 10 INFO neutron.wsgi [None req-a5a7bf9e-ca0d-48b6-98b8-b5479f7d7ace fc4a91868e5743fe8bbe156dfa60d48b 00cd365011f9429782edcaad66caaf13 - - default default] 10.0.0.118 "GET /v2.0/ports/a265a312-97fa-4257-a9f0-d842d89981de HTTP/1.1" status: 404 len: 333 time: 0.0240021
2026-05-26 07:13:27.977 10 INFO neutron.wsgi [None req-129746bf-6d5b-4257-8fbe-a486b498bc9c fc4a91868e5743fe8bbe156dfa60d48b 00cd365011f9429782edcaad66caaf13 - - default default] 10.0.0.118 "GET /v2.0/ports HTTP/1.1" status: 200 len: 1729 time: 0.0712805
2026-05-26 07:13:28.004 10 INFO neutron.wsgi [req-ef7baef6-5281-424e-90e9-f88534a93dce req-cb96fa6e-2287-49c5-b4d4-93681aba1a0b dbe840a2ca544fb493cc008e8a771423 23b977fd841d49b0943ad66cfd6efd10 - - default default] 10.0.0.20 "GET /v2.0/networks?id=7e570206-3d49-4e68-a6ee-4693e917d9d3 HTTP/1.1" status: 200 len: 877 time: 0.1085157
2026-05-26 07:13:28.014 9 WARNING neutron.scheduler.dhcp_agent_scheduler [None req-9ff09dc4-e79f-4143-b11d-1c11ba268b71 416db2b3a93e404492dda2f53a4cd34f a9b586aec79b4088a68ef1ebd76243c0 - - default default] No more DHCP agents
2026-05-26 07:13:28.017 9 WARNING neutron.api.rpc.agentnotifiers.dhcp_rpc_agent_api [None req-9ff09dc4-e79f-4143-b11d-1c11ba268b71 416db2b3a93e404492dda2f53a4cd34f a9b586aec79b4088a68ef1ebd76243c0 - - default default] Unable to schedule network d9b1e82d-5f33-4bb7-a2fb-54cad6415199: no agents available; will retry on subsequent port and subnet creation events.
2026-05-26 07:13:28.025 10 INFO neutron.wsgi [req-ef7baef6-5281-424e-90e9-f88534a93dce req-31e8b739-7856-4165-9526-2868e9164faa dbe840a2ca544fb493cc008e8a771423 23b977fd841d49b0943ad66cfd6efd10 - - default default] 10.0.0.20 "GET /v2.0/quotas/23b977fd841d49b0943ad66cfd6efd10 HTTP/1.1" status: 200 len: 491 time: 0.0157394
2026-05-26 07:13:28.035 10 INFO neutron.wsgi [None req-a2f75632-db79-4b77-b5c4-233cb2a10c00 fc4a91868e5743fe8bbe156dfa60d48b 00cd365011f9429782edcaad66caaf13 - - default default] 10.0.0.118 "GET /v2.0/ports/1bb6d449-9121-4b7c-8eb6-63197cfb97c6 HTTP/1.1" status: 200 len: 969 time: 0.0523202
2026-05-26 07:13:28.066 10 INFO neutron.pecan_wsgi.hooks.translation [None req-fd255231-467a-43e0-ab15-449b1c7dc082 fc4a91868e5743fe8bbe156dfa60d48b 00cd365011f9429782edcaad66caaf13 - - default default] DELETE failed (client error): The resource could not be found.
2026-05-26 07:13:28.068 10 INFO neutron.wsgi [None req-fd255231-467a-43e0-ab15-449b1c7dc082 fc4a91868e5743fe8bbe156dfa60d48b 00cd365011f9429782edcaad66caaf13 - - default default] 10.0.0.118 "DELETE /v2.0/ports/8972a41a-eb41-460a-94dc-686171561c67 HTTP/1.1" status: 404 len: 333 time: 0.0236773
2026-05-26 07:13:28.104 10 INFO neutron.pecan_wsgi.hooks.translation [None req-ba61c194-378a-436d-bfe5-9469efbcd208 fc4a91868e5743fe8bbe156dfa60d48b 00cd365011f9429782edcaad66caaf13 - - default default] DELETE failed (client error): The resource could not be found.
2026-05-26 07:13:28.108 10 INFO neutron.wsgi [None req-ba61c194-378a-436d-bfe5-9469efbcd208 fc4a91868e5743fe8bbe156dfa60d48b 00cd365011f9429782edcaad66caaf13 - - default default] 10.0.0.118 "DELETE /v2.0/subnets/de0b0862-43f2-4439-8989-69ef741d482f HTTP/1.1" status: 404 len: 337 time: 0.0336542
2026-05-26 07:13:28.117 9 INFO neutron.db.ovn_revision_numbers_db [None req-35bdf354-9109-4b9f-973b-9a7f6c622835 - - - - - -] Successfully bumped revision number for resource 5039f413-0aca-49f5-b873-ec608dd57122 (type: router_ports) to 4
2026-05-26 07:13:28.142 9 INFO neutron.pecan_wsgi.hooks.translation [None req-bedd155b-efba-4110-82ce-fa2dd6de9268 fc4a91868e5743fe8bbe156dfa60d48b 00cd365011f9429782edcaad66caaf13 - - default default] DELETE failed (client error): The resource could not be found.
2026-05-26 07:13:28.145 9 INFO neutron.wsgi [None req-bedd155b-efba-4110-82ce-fa2dd6de9268 fc4a91868e5743fe8bbe156dfa60d48b 00cd365011f9429782edcaad66caaf13 - - default default] 10.0.0.118 "DELETE /v2.0/subnets/27650095-bc3f-40d9-907a-c290f653b337 HTTP/1.1" status: 404 len: 337 time: 0.0297258
2026-05-26 07:13:28.167 10 INFO neutron.wsgi [req-ef7baef6-5281-424e-90e9-f88534a93dce req-bf12b5b7-4a71-4326-9bdd-541baf7a94c6 dbe840a2ca544fb493cc008e8a771423 23b977fd841d49b0943ad66cfd6efd10 - - default default] 10.0.0.20 "GET /v2.0/ports?tenant_id=23b977fd841d49b0943ad66cfd6efd10&fields=id HTTP/1.1" status: 200 len: 302 time: 0.1319945
2026-05-26 07:13:28.220 9 INFO neutron.db.ovn_revision_numbers_db [None req-9ff09dc4-e79f-4143-b11d-1c11ba268b71 416db2b3a93e404492dda2f53a4cd34f a9b586aec79b4088a68ef1ebd76243c0 - - default default] Successfully bumped revision number for resource f02c71d0-b488-430f-bcde-f291bb0d4b10 (type: ports) to 1
2026-05-26 07:13:28.247 10 INFO neutron.wsgi [req-ef7baef6-5281-424e-90e9-f88534a93dce req-a066058d-6b64-4d27-899e-0bb78f7dda0b 64b5e3326b72444a8828719a12ccd765 c8983ce9fc3c4f27b24617de3315d595 - - 63d7eea5d34b4b559c1cb1215a02d94b 63d7eea5d34b4b559c1cb1215a02d94b] 10.0.0.20 "GET /v2.0/networks/7e570206-3d49-4e68-a6ee-4693e917d9d3?fields=segments HTTP/1.1" status: 200 len: 212 time: 0.0729942
2026-05-26 07:13:28.312 9 INFO neutron.wsgi [None req-9ff09dc4-e79f-4143-b11d-1c11ba268b71 416db2b3a93e404492dda2f53a4cd34f a9b586aec79b4088a68ef1ebd76243c0 - - default default] 10.0.0.118 "POST /v2.0/networks HTTP/1.1" status: 201 len: 830 time: 1.2795217
2026-05-26 07:13:28.316 10 INFO neutron.wsgi [req-ef7baef6-5281-424e-90e9-f88534a93dce req-a33faa44-ee43-4d4c-9783-f444043918dd 64b5e3326b72444a8828719a12ccd765 c8983ce9fc3c4f27b24617de3315d595 - - 63d7eea5d34b4b559c1cb1215a02d94b 63d7eea5d34b4b559c1cb1215a02d94b] 10.0.0.20 "GET /v2.0/networks/7e570206-3d49-4e68-a6ee-4693e917d9d3?fields=provider%3Aphysical_network&fields=provider%3Anetwork_type HTTP/1.1" status: 200 len: 277 time: 0.0634677
2026-05-26 07:13:28.323 10 WARNING neutron_lib.context [None req-887450a6-3863-44cc-9c34-e34ec95660e8 416db2b3a93e404492dda2f53a4cd34f a9b586aec79b4088a68ef1ebd76243c0 - - default default] Method 'is_advsvc' is deprecated since 2023.2 release (neutron-lib 3.8.0) and will be removed once support for the old RBAC API policies will be removed from Neutron. Please use method 'is_service_role' instead.
2026-05-26 07:13:28.745 9 INFO neutron.wsgi [req-86ac4dd7-acf2-4d4a-bc08-a54369278312 req-c6b80be5-27d7-4015-bf7a-4d2829b3c524 dbe840a2ca544fb493cc008e8a771423 23b977fd841d49b0943ad66cfd6efd10 - - default default] 10.0.0.20 "GET /v2.0/ports?device_id=3944f117-ea9d-4558-8815-a02d297b6347 HTTP/1.1" status: 200 len: 210 time: 0.0314851
2026-05-26 07:13:28.939 9 INFO neutron.wsgi [None req-e8151b56-4b03-4fa6-9030-42ce41767f81 fc4a91868e5743fe8bbe156dfa60d48b 00cd365011f9429782edcaad66caaf13 - - default default] 10.0.0.118 "DELETE /v2.0/ports/1bb6d449-9121-4b7c-8eb6-63197cfb97c6 HTTP/1.1" status: 204 len: 168 time: 0.7888508
2026-05-26 07:13:28.991 9 INFO neutron.db.ovn_revision_numbers_db [None req-d8f7a908-5473-4153-b8d9-96fd028a5dfe 2817d0d3bdf34e88a6ae85fe28c4139f ccf6659d5e094401a117d6ba8637659e - - default default] Successfully bumped revision number for resource 5ca4150e-592b-45ac-9c1f-9a965494b2c5 (type: security_groups) to 1
2026-05-26 07:13:29.021 10 WARNING neutron.scheduler.dhcp_agent_scheduler [None req-887450a6-3863-44cc-9c34-e34ec95660e8 416db2b3a93e404492dda2f53a4cd34f a9b586aec79b4088a68ef1ebd76243c0 - - default default] No more DHCP agents
2026-05-26 07:13:29.023 10 WARNING neutron.api.rpc.agentnotifiers.dhcp_rpc_agent_api [None req-887450a6-3863-44cc-9c34-e34ec95660e8 416db2b3a93e404492dda2f53a4cd34f a9b586aec79b4088a68ef1ebd76243c0 - - default default] Unable to schedule network d9b1e82d-5f33-4bb7-a2fb-54cad6415199: no agents available; will retry on subsequent port and subnet creation events.
2026-05-26 07:13:29.081 9 INFO neutron.db.ovn_revision_numbers_db [None req-d8f7a908-5473-4153-b8d9-96fd028a5dfe 2817d0d3bdf34e88a6ae85fe28c4139f ccf6659d5e094401a117d6ba8637659e - - default default] Successfully bumped revision number for resource 0b12f656-fc54-4866-888a-15a212647ac0 (type: security_group_rules) to 0
2026-05-26 07:13:29.094 10 INFO neutron.db.ovn_revision_numbers_db [None req-887450a6-3863-44cc-9c34-e34ec95660e8 416db2b3a93e404492dda2f53a4cd34f a9b586aec79b4088a68ef1ebd76243c0 - - default default] Successfully bumped revision number for resource e62ecd60-d9bc-4277-8fdc-7a1f2e93999c (type: subnets) to 0
2026-05-26 07:13:29.154 9 INFO neutron.db.ovn_revision_numbers_db [None req-d8f7a908-5473-4153-b8d9-96fd028a5dfe 2817d0d3bdf34e88a6ae85fe28c4139f ccf6659d5e094401a117d6ba8637659e - - default default] Successfully bumped revision number for resource 28857b08-7d25-4f5f-8b64-4cb2dad38af4 (type: security_group_rules) to 0
2026-05-26 07:13:29.192 10 INFO neutron.wsgi [None req-887450a6-3863-44cc-9c34-e34ec95660e8 416db2b3a93e404492dda2f53a4cd34f a9b586aec79b4088a68ef1ebd76243c0 - - default default] 10.0.0.118 "POST /v2.0/subnets HTTP/1.1" status: 201 len: 821 time: 0.8749647
2026-05-26 07:13:29.208 10 WARNING neutron_lib.context [None req-59fe2a0e-9b38-4cef-86bc-42cb8132010b 416db2b3a93e404492dda2f53a4cd34f a9b586aec79b4088a68ef1ebd76243c0 - - default default] Method 'is_advsvc' is deprecated since 2023.2 release (neutron-lib 3.8.0) and will be removed once support for the old RBAC API policies will be removed from Neutron. Please use method 'is_service_role' instead.
2026-05-26 07:13:29.238 9 INFO neutron.db.ovn_revision_numbers_db [None req-d8f7a908-5473-4153-b8d9-96fd028a5dfe 2817d0d3bdf34e88a6ae85fe28c4139f ccf6659d5e094401a117d6ba8637659e - - default default] Successfully bumped revision number for resource c9bcc81a-430f-403c-8bd9-513841cb7d8f (type: security_group_rules) to 0
2026-05-26 07:13:29.324 9 INFO neutron.db.ovn_revision_numbers_db [None req-d8f7a908-5473-4153-b8d9-96fd028a5dfe 2817d0d3bdf34e88a6ae85fe28c4139f ccf6659d5e094401a117d6ba8637659e - - default default] Successfully bumped revision number for resource f50c0c2c-b421-4c5e-83d3-9f0a246944d9 (type: security_group_rules) to 0
2026-05-26 07:13:29.403 9 INFO neutron.db.segments_db [None req-d8f7a908-5473-4153-b8d9-96fd028a5dfe 2817d0d3bdf34e88a6ae85fe28c4139f ccf6659d5e094401a117d6ba8637659e - - default default] Added segment bfb568db-9ec3-4db6-b02e-f9c6d9c7aa19 of type geneve for network 5099cf8c-7fd8-4c08-a007-21f4abbaa745
2026-05-26 07:13:29.520 9 INFO neutron.services.segments.plugin [-] Segment 608a6fca-fbee-4306-b995-1fc4191188e6 resource provider aggregate not found
2026-05-26 07:13:29.524 9 INFO neutron.services.segments.plugin [-] Segment 608a6fca-fbee-4306-b995-1fc4191188e6 resource provider aggregate not found
2026-05-26 07:13:29.550 9 INFO neutron.services.segments.plugin [-] Segment 608a6fca-fbee-4306-b995-1fc4191188e6 resource provider not found; error: Placement Client Error (4xx): {"errors": [{"status": 404, "title": "Not Found", "detail": "The resource could not be found.\n\n No resource provider with uuid 608a6fca-fbee-4306-b995-1fc4191188e6 found for delete ", "request_id": "req-f6a3ab23-bd9c-4ab8-9194-442a9316b610"}]}
2026-05-26 07:13:29.551 9 INFO neutron.services.segments.plugin [-] Segment 608a6fca-fbee-4306-b995-1fc4191188e6 resource provider not found; error: Placement Client Error (4xx): {"errors": [{"status": 404, "title": "Not Found", "detail": "The resource could not be found.\n\n No resource provider with uuid 608a6fca-fbee-4306-b995-1fc4191188e6 found for delete ", "request_id": "req-5ab263ee-f455-4287-a37e-9878b7c33b20"}]}
