2026-05-26 07:18:16.238 9 INFO neutron.wsgi [req-8d8de658-e9f2-4c05-8b08-876ce6518036 req-aae639ba-8633-4555-8ec2-45ca607a8a08 8850e552d79f4f7891df2430027dfc80 3fe2ba2a709c47bdb2d00ee9cfab756a - - default default] 10.0.0.20 "GET /v2.0/networks?id=ca7b7bc0-b93e-41da-9416-3e6815434a6e HTTP/1.1" status: 200 len: 904 time: 0.1460865
2026-05-26 07:18:16.247 10 INFO neutron.wsgi [req-2c441b13-813e-455f-a19c-666e79e3bc66 req-34dfcfc3-867b-4b9e-9e9c-f16562f7cf63 64b5e3326b72444a8828719a12ccd765 c8983ce9fc3c4f27b24617de3315d595 - - 63d7eea5d34b4b559c1cb1215a02d94b 63d7eea5d34b4b559c1cb1215a02d94b] 199.204.45.109 "GET /v2.0/floatingips?fixed_ip_address=10.2.1.16&port_id=dedb28e1-c3a8-44cf-8ce2-1e73cf4f7f7d HTTP/1.1" status: 200 len: 1058 time: 0.1008482
2026-05-26 07:18:16.267 9 INFO neutron.wsgi [req-8d8de658-e9f2-4c05-8b08-876ce6518036 req-4a506801-cce0-4b20-a300-d8ad61b42648 8850e552d79f4f7891df2430027dfc80 3fe2ba2a709c47bdb2d00ee9cfab756a - - default default] 10.0.0.20 "GET /v2.0/quotas/3fe2ba2a709c47bdb2d00ee9cfab756a HTTP/1.1" status: 200 len: 491 time: 0.0185082
2026-05-26 07:18:16.296 10 INFO neutron.wsgi [req-2c441b13-813e-455f-a19c-666e79e3bc66 req-085d669d-ee78-4935-8c3d-15ecf617e5ae 64b5e3326b72444a8828719a12ccd765 c8983ce9fc3c4f27b24617de3315d595 - - 63d7eea5d34b4b559c1cb1215a02d94b 63d7eea5d34b4b559c1cb1215a02d94b] 199.204.45.109 "GET /v2.0/floatingips?fixed_ip_address=fd7b%3Af9f7%3Afff%3A4eca%3A%3A3de&port_id=dedb28e1-c3a8-44cf-8ce2-1e73cf4f7f7d HTTP/1.1" status: 200 len: 217 time: 0.0400856
2026-05-26 07:18:16.361 10 INFO neutron.wsgi [req-2c441b13-813e-455f-a19c-666e79e3bc66 req-f80e676b-a125-4c7f-9767-cd668d42dde1 64b5e3326b72444a8828719a12ccd765 c8983ce9fc3c4f27b24617de3315d595 - - 63d7eea5d34b4b559c1cb1215a02d94b 63d7eea5d34b4b559c1cb1215a02d94b] 199.204.45.109 "GET /v2.0/subnets?id=89adbb83-26a0-426b-b658-a9efa1a16102&id=1a485958-7941-4c6d-b282-dd30fde58519 HTTP/1.1" status: 200 len: 1563 time: 0.0600040
2026-05-26 07:18:16.396 10 INFO neutron.wsgi [req-2c441b13-813e-455f-a19c-666e79e3bc66 req-26b11791-72b5-4c50-a198-0c4aa2434c10 64b5e3326b72444a8828719a12ccd765 c8983ce9fc3c4f27b24617de3315d595 - - 63d7eea5d34b4b559c1cb1215a02d94b 63d7eea5d34b4b559c1cb1215a02d94b] 199.204.45.109 "GET /v2.0/ports?network_id=1970e6b9-9d91-4f0a-b870-9e4d60c2dc84&device_owner=network%3Adhcp HTTP/1.1" status: 200 len: 210 time: 0.0269811
2026-05-26 07:18:16.400 10 INFO neutron.wsgi [None req-136ed928-3f64-4626-a8f9-735e8f5e98a5 2817d0d3bdf34e88a6ae85fe28c4139f ccf6659d5e094401a117d6ba8637659e - - default default] 10.0.0.118 "DELETE /v2.0/security-groups/d00dfe15-9f7e-4f98-a1eb-242fb1e32592 HTTP/1.1" status: 204 len: 168 time: 0.5311809
2026-05-26 07:18:16.410 9 INFO neutron.wsgi [req-c0ae83bc-419a-493e-ab60-974dc02a4ebc req-24fc8c6c-4a30-4cc0-b481-9b7069166f53 64b5e3326b72444a8828719a12ccd765 c8983ce9fc3c4f27b24617de3315d595 - - 63d7eea5d34b4b559c1cb1215a02d94b 63d7eea5d34b4b559c1cb1215a02d94b] 10.0.0.119 "GET /v2.0/ports?device_id=5243d15d-18f7-4704-8440-1976911a45c7 HTTP/1.1" status: 200 len: 1409 time: 0.0974560
2026-05-26 07:18:16.442 10 INFO neutron.wsgi [req-2c441b13-813e-455f-a19c-666e79e3bc66 req-a7bda0d5-6133-453c-b75d-33244a1c138d 64b5e3326b72444a8828719a12ccd765 c8983ce9fc3c4f27b24617de3315d595 - - 63d7eea5d34b4b559c1cb1215a02d94b 63d7eea5d34b4b559c1cb1215a02d94b] 199.204.45.109 "GET /v2.0/ports?network_id=1970e6b9-9d91-4f0a-b870-9e4d60c2dc84&device_owner=network%3Adhcp HTTP/1.1" status: 200 len: 210 time: 0.0391760
2026-05-26 07:18:16.522 9 INFO neutron.wsgi [req-c0ae83bc-419a-493e-ab60-974dc02a4ebc req-f50b014b-ca7d-4ad6-b90e-692a7726ed80 64b5e3326b72444a8828719a12ccd765 c8983ce9fc3c4f27b24617de3315d595 - - 63d7eea5d34b4b559c1cb1215a02d94b 63d7eea5d34b4b559c1cb1215a02d94b] 10.0.0.119 "GET /v2.0/security-groups?id=f1ad42c0-db32-495b-bfcf-66b6cda6f200&fields=id&fields=name HTTP/1.1" status: 200 len: 312 time: 0.1010356
2026-05-26 07:18:16.532 10 INFO neutron.wsgi [req-2c441b13-813e-455f-a19c-666e79e3bc66 req-f3d2a4cb-f553-44f4-afec-147675b85a3c 64b5e3326b72444a8828719a12ccd765 c8983ce9fc3c4f27b24617de3315d595 - - 63d7eea5d34b4b559c1cb1215a02d94b 63d7eea5d34b4b559c1cb1215a02d94b] 199.204.45.109 "GET /v2.0/networks/1970e6b9-9d91-4f0a-b870-9e4d60c2dc84?fields=segments HTTP/1.1" status: 200 len: 212 time: 0.0825574
2026-05-26 07:18:16.619 10 INFO neutron.wsgi [req-2c441b13-813e-455f-a19c-666e79e3bc66 req-e098d9c1-7c52-4da2-bb61-dff683f2c8ae 64b5e3326b72444a8828719a12ccd765 c8983ce9fc3c4f27b24617de3315d595 - - 63d7eea5d34b4b559c1cb1215a02d94b 63d7eea5d34b4b559c1cb1215a02d94b] 199.204.45.109 "GET /v2.0/networks/1970e6b9-9d91-4f0a-b870-9e4d60c2dc84?fields=provider%3Aphysical_network&fields=provider%3Anetwork_type HTTP/1.1" status: 200 len: 277 time: 0.0793505
2026-05-26 07:18:16.693 9 INFO neutron.wsgi [req-8d8de658-e9f2-4c05-8b08-876ce6518036 req-74290023-95cd-4011-a741-21a11cc08fa1 8850e552d79f4f7891df2430027dfc80 3fe2ba2a709c47bdb2d00ee9cfab756a - - default default] 10.0.0.20 "GET /v2.0/ports?tenant_id=3fe2ba2a709c47bdb2d00ee9cfab756a&fields=id HTTP/1.1" status: 200 len: 532 time: 0.4149380
2026-05-26 07:18:16.836 9 INFO neutron.wsgi [req-8d8de658-e9f2-4c05-8b08-876ce6518036 req-fd16fa78-df9d-4b0a-8233-ac671a57e1a5 64b5e3326b72444a8828719a12ccd765 c8983ce9fc3c4f27b24617de3315d595 - - 63d7eea5d34b4b559c1cb1215a02d94b 63d7eea5d34b4b559c1cb1215a02d94b] 10.0.0.20 "GET /v2.0/networks/ca7b7bc0-b93e-41da-9416-3e6815434a6e?fields=segments HTTP/1.1" status: 200 len: 212 time: 0.1185129
2026-05-26 07:18:16.965 9 INFO neutron.wsgi [req-8d8de658-e9f2-4c05-8b08-876ce6518036 req-e0265b87-94a5-4691-8ad9-8e8455740f60 64b5e3326b72444a8828719a12ccd765 c8983ce9fc3c4f27b24617de3315d595 - - 63d7eea5d34b4b559c1cb1215a02d94b 63d7eea5d34b4b559c1cb1215a02d94b] 10.0.0.20 "GET /v2.0/networks/ca7b7bc0-b93e-41da-9416-3e6815434a6e?fields=provider%3Aphysical_network&fields=provider%3Anetwork_type HTTP/1.1" status: 200 len: 277 time: 0.1213176
2026-05-26 07:18:17.046 9 INFO neutron.db.ovn_revision_numbers_db [None req-e0907c05-2bd2-467e-947a-af6d4b3746b2 2817d0d3bdf34e88a6ae85fe28c4139f ccf6659d5e094401a117d6ba8637659e - - default default] Successfully bumped revision number for resource c5fb8a3c-67f5-4bcd-b848-37ca0a0df09f (type: security_groups) to 1
2026-05-26 07:18:17.076 9 INFO neutron.db.ovn_revision_numbers_db [None req-e0907c05-2bd2-467e-947a-af6d4b3746b2 2817d0d3bdf34e88a6ae85fe28c4139f ccf6659d5e094401a117d6ba8637659e - - default default] Successfully bumped revision number for resource 3fb5a9a8-a631-4775-88e8-16a50dbcaa80 (type: security_group_rules) to 0
2026-05-26 07:18:17.129 9 INFO neutron.db.ovn_revision_numbers_db [None req-e0907c05-2bd2-467e-947a-af6d4b3746b2 2817d0d3bdf34e88a6ae85fe28c4139f ccf6659d5e094401a117d6ba8637659e - - default default] Successfully bumped revision number for resource bd994d97-a79b-4bd6-a6d2-a7383410cff7 (type: security_group_rules) to 0
2026-05-26 07:18:17.148 10 INFO neutron.wsgi [req-6b903159-9b35-42c2-8c62-d8c9e77dbd18 req-0c4aca08-b365-4ca2-92f3-ed9bb921e283 8850e552d79f4f7891df2430027dfc80 3fe2ba2a709c47bdb2d00ee9cfab756a - - default default] 10.0.0.20 "GET /v2.0/ports?device_id=137e46eb-0ce2-42e3-ac17-40e8f4ffe670 HTTP/1.1" status: 200 len: 210 time: 0.0262456
2026-05-26 07:18:17.170 9 INFO neutron.db.ovn_revision_numbers_db [None req-e0907c05-2bd2-467e-947a-af6d4b3746b2 2817d0d3bdf34e88a6ae85fe28c4139f ccf6659d5e094401a117d6ba8637659e - - default default] Successfully bumped revision number for resource be9b4ff4-bed9-4bf9-a0eb-8c9617a58956 (type: security_group_rules) to 0
2026-05-26 07:18:17.191 9 INFO neutron.db.ovn_revision_numbers_db [None req-e0907c05-2bd2-467e-947a-af6d4b3746b2 2817d0d3bdf34e88a6ae85fe28c4139f ccf6659d5e094401a117d6ba8637659e - - default default] Successfully bumped revision number for resource db9e4216-223e-4ac3-b04c-1da01aa36d80 (type: security_group_rules) to 0
2026-05-26 07:18:17.231 9 INFO neutron.wsgi [None req-e0907c05-2bd2-467e-947a-af6d4b3746b2 2817d0d3bdf34e88a6ae85fe28c4139f ccf6659d5e094401a117d6ba8637659e - - default default] 10.0.0.118 "GET /v2.0/security-groups?tenant_id=6c2cbab667204af5ba7763e2d3cfd33c&name=default HTTP/1.1" status: 200 len: 3124 time: 0.5682497
2026-05-26 07:18:17.261 9 ERROR ovsdbapp.backend.ovs_idl.command [None req-0f80908b-1160-4a69-8f7f-70ca896c1289 c0bc5535bbd44c4bb20100b234b6c10a 9aa4a095d81549ebbb962ccebfc0ac56 - - default default] Error executing command (DbGetCommand): ovsdbapp.backend.ovs_idl.idlutils.RowNotFound: Cannot find Logical_Router_Port with name=lrp-c50f63ce-f5f4-4b7e-aaef-f8f718b564fc
2026-05-26 07:18:17.261 9 ERROR ovsdbapp.backend.ovs_idl.command
Traceback (most recent call last):
2026-05-26 07:18:17.261 9 ERROR ovsdbapp.backend.ovs_idl.command
File "/var/lib/openstack/lib/python3.10/site-packages/ovsdbapp/backend/ovs_idl/command.py", line 47, in execute
2026-05-26 07:18:17.261 9 ERROR ovsdbapp.backend.ovs_idl.command self.run_idl(None)
2026-05-26 07:18:17.261 9 ERROR ovsdbapp.backend.ovs_idl.command
File "/var/lib/openstack/lib/python3.10/site-packages/ovsdbapp/backend/ovs_idl/command.py", line 235, in run_idl
2026-05-26 07:18:17.261 9 ERROR ovsdbapp.backend.ovs_idl.command record = self.api.lookup(self.table, self.record)
2026-05-26 07:18:17.261 9 ERROR ovsdbapp.backend.ovs_idl.command
File "/var/lib/openstack/lib/python3.10/site-packages/ovsdbapp/backend/ovs_idl/__init__.py", line 184, in lookup
2026-05-26 07:18:17.261 9 ERROR ovsdbapp.backend.ovs_idl.command return self._lookup(table, record)
2026-05-26 07:18:17.261 9 ERROR ovsdbapp.backend.ovs_idl.command
File "/var/lib/openstack/lib/python3.10/site-packages/ovsdbapp/backend/ovs_idl/__init__.py", line 235, in _lookup
2026-05-26 07:18:17.261 9 ERROR ovsdbapp.backend.ovs_idl.command row = idlutils.row_by_value(self, rl.table, rl.column, record)
2026-05-26 07:18:17.261 9 ERROR ovsdbapp.backend.ovs_idl.command
File "/var/lib/openstack/lib/python3.10/site-packages/ovsdbapp/backend/ovs_idl/idlutils.py", line 114, in row_by_value
2026-05-26 07:18:17.261 9 ERROR ovsdbapp.backend.ovs_idl.command raise RowNotFound(table=table, col=column, match=match)
2026-05-26 07:18:17.261 9 ERROR ovsdbapp.backend.ovs_idl.command ovsdbapp.backend.ovs_idl.idlutils.RowNotFound: Cannot find Logical_Router_Port with name=lrp-c50f63ce-f5f4-4b7e-aaef-f8f718b564fc
2026-05-26 07:18:17.261 9 ERROR ovsdbapp.backend.ovs_idl.command 
2026-05-26 07:18:17.262 9 ERROR neutron_lib.callbacks.manager [None req-0f80908b-1160-4a69-8f7f-70ca896c1289 c0bc5535bbd44c4bb20100b234b6c10a 9aa4a095d81549ebbb962ccebfc0ac56 - - default default] Error during notification for neutron.services.ovn_l3.plugin.OVNL3RouterPlugin._port_update-8764927426287 port, after_update: ovsdbapp.backend.ovs_idl.idlutils.RowNotFound: Cannot find Logical_Router_Port with name=lrp-c50f63ce-f5f4-4b7e-aaef-f8f718b564fc
2026-05-26 07:18:17.262 9 ERROR neutron_lib.callbacks.manager
Traceback (most recent call last):
2026-05-26 07:18:17.262 9 ERROR neutron_lib.callbacks.manager
File "/var/lib/openstack/lib/python3.10/site-packages/neutron_lib/callbacks/manager.py", line 189, in _notify_loop
2026-05-26 07:18:17.262 9 ERROR neutron_lib.callbacks.manager callback.method(resource, event, trigger, payload=payload)
2026-05-26 07:18:17.262 9 ERROR neutron_lib.callbacks.manager
File "/var/lib/openstack/lib/python3.10/site-packages/neutron/services/ovn_l3/plugin.py", line 391, in _port_update
2026-05-26 07:18:17.262 9 ERROR neutron_lib.callbacks.manager l3plugin._ovn_client.update_router_port(context,
2026-05-26 07:18:17.262 9 ERROR neutron_lib.callbacks.manager
File "/var/lib/openstack/lib/python3.10/site-packages/neutron/plugins/ml2/drivers/ovn/mech_driver/ovsdb/ovn_client.py", line 1878, in update_router_port
2026-05-26 07:18:17.262 9 ERROR neutron_lib.callbacks.manager self._update_lrouter_port(context, port, if_exists=if_exists,
2026-05-26 07:18:17.262 9 ERROR neutron_lib.callbacks.manager
File "/var/lib/openstack/lib/python3.10/site-packages/neutron/plugins/ml2/drivers/ovn/mech_driver/ovsdb/ovn_client.py", line 1855, in _update_lrouter_port
2026-05-26 07:18:17.262 9 ERROR neutron_lib.callbacks.manager external_ids = self._nb_idl.db_get(
2026-05-26 07:18:17.262 9 ERROR neutron_lib.callbacks.manager
File "/var/lib/openstack/lib/python3.10/site-packages/ovsdbapp/backend/ovs_idl/command.py", line 47, in execute
2026-05-26 07:18:17.262 9 ERROR neutron_lib.callbacks.manager self.run_idl(None)
2026-05-26 07:18:17.262 9 ERROR neutron_lib.callbacks.manager
File "/var/lib/openstack/lib/python3.10/site-packages/ovsdbapp/backend/ovs_idl/command.py", line 235, in run_idl
2026-05-26 07:18:17.262 9 ERROR neutron_lib.callbacks.manager record = self.api.lookup(self.table, self.record)
2026-05-26 07:18:17.262 9 ERROR neutron_lib.callbacks.manager
File "/var/lib/openstack/lib/python3.10/site-packages/ovsdbapp/backend/ovs_idl/__init__.py", line 184, in lookup
2026-05-26 07:18:17.262 9 ERROR neutron_lib.callbacks.manager return self._lookup(table, record)
2026-05-26 07:18:17.262 9 ERROR neutron_lib.callbacks.manager
File "/var/lib/openstack/lib/python3.10/site-packages/ovsdbapp/backend/ovs_idl/__init__.py", line 235, in _lookup
2026-05-26 07:18:17.262 9 ERROR neutron_lib.callbacks.manager row = idlutils.row_by_value(self, rl.table, rl.column, record)
2026-05-26 07:18:17.262 9 ERROR neutron_lib.callbacks.manager
File "/var/lib/openstack/lib/python3.10/site-packages/ovsdbapp/backend/ovs_idl/idlutils.py", line 114, in row_by_value
2026-05-26 07:18:17.262 9 ERROR neutron_lib.callbacks.manager raise RowNotFound(table=table, col=column, match=match)
2026-05-26 07:18:17.262 9 ERROR neutron_lib.callbacks.manager ovsdbapp.backend.ovs_idl.idlutils.RowNotFound: Cannot find Logical_Router_Port with name=lrp-c50f63ce-f5f4-4b7e-aaef-f8f718b564fc
2026-05-26 07:18:17.262 9 ERROR neutron_lib.callbacks.manager 
2026-05-26 07:18:17.483 10 INFO neutron.wsgi [None req-f23414b0-febf-4500-a82c-9c60903ba677 2817d0d3bdf34e88a6ae85fe28c4139f ccf6659d5e094401a117d6ba8637659e - - default default] 10.0.0.118 "DELETE /v2.0/security-groups/c5fb8a3c-67f5-4bcd-b848-37ca0a0df09f HTTP/1.1" status: 204 len: 168 time: 0.2328088
2026-05-26 07:18:17.552 9 INFO neutron.db.ovn_revision_numbers_db [None req-0f80908b-1160-4a69-8f7f-70ca896c1289 c0bc5535bbd44c4bb20100b234b6c10a 9aa4a095d81549ebbb962ccebfc0ac56 - - default default] Successfully bumped revision number for resource c50f63ce-f5f4-4b7e-aaef-f8f718b564fc (type: ports) to 1
2026-05-26 07:18:17.645 9 WARNING neutron.scheduler.dhcp_agent_scheduler [None req-0f80908b-1160-4a69-8f7f-70ca896c1289 c0bc5535bbd44c4bb20100b234b6c10a 9aa4a095d81549ebbb962ccebfc0ac56 - - default default] No more DHCP agents
2026-05-26 07:18:17.647 9 WARNING neutron.api.rpc.agentnotifiers.dhcp_rpc_agent_api [None req-0f80908b-1160-4a69-8f7f-70ca896c1289 c0bc5535bbd44c4bb20100b234b6c10a 9aa4a095d81549ebbb962ccebfc0ac56 - - default default] Unable to schedule network 96ebdcbd-d8f6-478a-af4f-2af8836d9a9b: no agents available; will retry on subsequent port and subnet creation events.
2026-05-26 07:18:17.783 10 INFO neutron.wsgi [None req-a014ad4b-038f-4cd1-bf87-6c6333dcae62 2817d0d3bdf34e88a6ae85fe28c4139f ccf6659d5e094401a117d6ba8637659e - - default default] 10.0.0.118 "GET /v2.0/security-groups?tenant_id=f742d8adbe18468390de3f44bf01790d&name=default HTTP/1.1" status: 200 len: 3120 time: 0.0626533
2026-05-26 07:18:18.039 10 INFO neutron.wsgi [req-8d8de658-e9f2-4c05-8b08-876ce6518036 req-b25d5962-5213-484c-9b43-3e20503cdf49 8850e552d79f4f7891df2430027dfc80 3fe2ba2a709c47bdb2d00ee9cfab756a - - default default] 199.204.45.109 "GET /v2.0/networks?id=ca7b7bc0-b93e-41da-9416-3e6815434a6e HTTP/1.1" status: 200 len: 904 time: 0.0854013
2026-05-26 07:18:18.082 10 INFO neutron.wsgi [req-8d8de658-e9f2-4c05-8b08-876ce6518036 req-4405e91d-77b4-4e45-ac24-943f45cb142d 8850e552d79f4f7891df2430027dfc80 3fe2ba2a709c47bdb2d00ee9cfab756a - - default default] 199.204.45.109 "GET /v2.0/security-groups?fields=id&fields=name&tenant_id=3fe2ba2a709c47bdb2d00ee9cfab756a HTTP/1.1" status: 200 len: 377 time: 0.0363812
2026-05-26 07:18:18.083 9 INFO neutron.db.ovn_revision_numbers_db [None req-0f80908b-1160-4a69-8f7f-70ca896c1289 c0bc5535bbd44c4bb20100b234b6c10a 9aa4a095d81549ebbb962ccebfc0ac56 - - default default] Successfully bumped revision number for resource c50f63ce-f5f4-4b7e-aaef-f8f718b564fc (type: router_ports) to 1
2026-05-26 07:18:18.091 9 INFO neutron.wsgi [None req-0f80908b-1160-4a69-8f7f-70ca896c1289 c0bc5535bbd44c4bb20100b234b6c10a 9aa4a095d81549ebbb962ccebfc0ac56 - - default default] 10.0.0.118 "PUT /v2.0/routers/9483914d-3faa-4b1a-b794-5ab02ef6cfc2/add_router_interface HTTP/1.1" status: 200 len: 503 time: 3.3323414
2026-05-26 07:18:18.094 10 WARNING neutron_lib.context [req-8d8de658-e9f2-4c05-8b08-876ce6518036 req-8bddffed-4505-416d-8e8a-47ed3bfe37c1 8850e552d79f4f7891df2430027dfc80 3fe2ba2a709c47bdb2d00ee9cfab756a - - default default] Method 'is_advsvc' is deprecated since 2023.2 release (neutron-lib 3.8.0) and will be removed once support for the old RBAC API policies will be removed from Neutron. Please use method 'is_service_role' instead.
2026-05-26 07:18:18.190 9 INFO neutron.wsgi [None req-d8b3d541-6e37-43e6-aff5-92967ac56984 2817d0d3bdf34e88a6ae85fe28c4139f ccf6659d5e094401a117d6ba8637659e - - default default] 10.0.0.118 "DELETE /v2.0/security-groups/3772ee99-32f6-4c14-8092-f4449a0064d0 HTTP/1.1" status: 204 len: 168 time: 0.4007299
2026-05-26 07:18:18.655 10 WARNING neutron.scheduler.dhcp_agent_scheduler [req-8d8de658-e9f2-4c05-8b08-876ce6518036 req-8bddffed-4505-416d-8e8a-47ed3bfe37c1 8850e552d79f4f7891df2430027dfc80 3fe2ba2a709c47bdb2d00ee9cfab756a - - default default] No more DHCP agents
2026-05-26 07:18:18.658 10 WARNING neutron.api.rpc.agentnotifiers.dhcp_rpc_agent_api [req-8d8de658-e9f2-4c05-8b08-876ce6518036 req-8bddffed-4505-416d-8e8a-47ed3bfe37c1 8850e552d79f4f7891df2430027dfc80 3fe2ba2a709c47bdb2d00ee9cfab756a - - default default] Unable to schedule network ca7b7bc0-b93e-41da-9416-3e6815434a6e: no agents available; will retry on subsequent port and subnet creation events.
2026-05-26 07:18:18.815 10 WARNING neutron.plugins.ml2.drivers.ovn.mech_driver.ovsdb.ovn_client [None req-54f8cc44-4c16-45db-ac11-959a53c9ead9 - - - - - -] No hosting information found for port 8ac21843-d094-4896-bd97-c6435b2637c2: RuntimeError: No hosting information found for port 8ac21843-d094-4896-bd97-c6435b2637c2
2026-05-26 07:18:18.816 10 INFO neutron.plugins.ml2.drivers.ovn.mech_driver.mech_driver [None req-54f8cc44-4c16-45db-ac11-959a53c9ead9 - - - - - -] OVN reports status up for port: c50f63ce-f5f4-4b7e-aaef-f8f718b564fc
2026-05-26 07:18:18.841 10 INFO neutron.plugins.ml2.plugin [None req-54f8cc44-4c16-45db-ac11-959a53c9ead9 - - - - - -] Attempt 1 to provision port c50f63ce-f5f4-4b7e-aaef-f8f718b564fc
2026-05-26 07:18:18.872 10 INFO neutron.db.ovn_revision_numbers_db [req-8d8de658-e9f2-4c05-8b08-876ce6518036 req-8bddffed-4505-416d-8e8a-47ed3bfe37c1 8850e552d79f4f7891df2430027dfc80 3fe2ba2a709c47bdb2d00ee9cfab756a - - default default] Successfully bumped revision number for resource ea70ba5d-062d-446c-a721-2d196bb1b0d2 (type: ports) to 1
2026-05-26 07:18:18.995 10 INFO neutron.wsgi [req-8d8de658-e9f2-4c05-8b08-876ce6518036 req-8bddffed-4505-416d-8e8a-47ed3bfe37c1 8850e552d79f4f7891df2430027dfc80 3fe2ba2a709c47bdb2d00ee9cfab756a - - default default] 199.204.45.109 "POST /v2.0/ports HTTP/1.1" status: 201 len: 1392 time: 0.9077678 /var/lib/openstack/lib/python3.10/site-packages/pycadf/identifier.py:71: UserWarning: Invalid uuid: neutron. To ensure interoperability, identifiers should be a valid uuid. warnings.warn(('Invalid uuid: %s. To ensure interoperability, '
2026-05-26 07:18:19.074 9 INFO neutron.wsgi [None req-3c4716fe-65af-4fd7-a395-51c87a49660b 8bf951ca332f43409b4b34ab3469f287 25739de1fac34f938fe88b325136c0f4 - - default default] 10.0.0.118 "GET /v2.0/ports?project_id=207add87af7b41f6b8565d2754ff4ce2&network_id=b8f3a573-b046-4548-8a6b-523e872b2886 HTTP/1.1" status: 200 len: 3510 time: 0.0820010
2026-05-26 07:18:19.447 9 INFO neutron.wsgi [None req-4ac58089-28eb-49fb-9d0f-98688b7a3dee 8bf951ca332f43409b4b34ab3469f287 25739de1fac34f938fe88b325136c0f4 - - default default] 10.0.0.118 "GET /v2.0/subnets?network_id=bc6215b1-51af-4c6e-87b8-3039db2e0092 HTTP/1.1" status: 200 len: 838 time: 0.0433619
2026-05-26 07:18:19.603 9 WARNING neutron.scheduler.dhcp_agent_scheduler [None req-245ab718-88fc-43a9-b033-780fe7c0f793 98cbcdf21b544e7681fdcce57c89ebc6 0225b36bbc6e4eb392a3cedaeedcae17 - - default default] No more DHCP agents
2026-05-26 07:18:19.611 9 WARNING neutron.api.rpc.agentnotifiers.dhcp_rpc_agent_api [None req-245ab718-88fc-43a9-b033-780fe7c0f793 98cbcdf21b544e7681fdcce57c89ebc6 0225b36bbc6e4eb392a3cedaeedcae17 - - default default] Unable to schedule network bc6215b1-51af-4c6e-87b8-3039db2e0092: no agents available; will retry on subsequent port and subnet creation events.
2026-05-26 07:18:19.634 10 INFO neutron.db.ovn_revision_numbers_db [None req-54f8cc44-4c16-45db-ac11-959a53c9ead9 - - - - - -] Successfully bumped revision number for resource c50f63ce-f5f4-4b7e-aaef-f8f718b564fc (type: ports) to 2
2026-05-26 07:18:19.887 10 INFO neutron.db.ovn_revision_numbers_db [req-8d8de658-e9f2-4c05-8b08-876ce6518036 req-b6b793ec-94d1-4c08-b38f-6385cbad9c6d 64b5e3326b72444a8828719a12ccd765 c8983ce9fc3c4f27b24617de3315d595 - - 63d7eea5d34b4b559c1cb1215a02d94b 63d7eea5d34b4b559c1cb1215a02d94b] Successfully bumped revision number for resource ea70ba5d-062d-446c-a721-2d196bb1b0d2 (type: ports) to 2
2026-05-26 07:18:19.887 9 INFO neutron.db.ovn_revision_numbers_db [None req-245ab718-88fc-43a9-b033-780fe7c0f793 98cbcdf21b544e7681fdcce57c89ebc6 0225b36bbc6e4eb392a3cedaeedcae17 - - default default] Successfully bumped revision number for resource 24dda317-ecdb-4767-9477-b404e8e9f067 (type: ports) to 1
2026-05-26 07:18:19.888 10 INFO neutron.db.ovn_revision_numbers_db [None req-54f8cc44-4c16-45db-ac11-959a53c9ead9 - - - - - -] Successfully bumped revision number for resource c50f63ce-f5f4-4b7e-aaef-f8f718b564fc (type: router_ports) to 2
2026-05-26 07:18:20.061 9 INFO neutron.db.ovn_revision_numbers_db [None req-9347a0b7-3845-46f6-90ab-42e59fa2d57b bd007912bca74fd3b3152cfeb4a032ce 207add87af7b41f6b8565d2754ff4ce2 - - default default] Successfully bumped revision number for resource 2b6b350d-21c4-41a7-82da-ce2261d18de1 (type: floatingips) to 2
2026-05-26 07:18:20.376 10 INFO neutron.db.ovn_revision_numbers_db [req-8d8de658-e9f2-4c05-8b08-876ce6518036 req-b6b793ec-94d1-4c08-b38f-6385cbad9c6d 64b5e3326b72444a8828719a12ccd765 c8983ce9fc3c4f27b24617de3315d595 - - 63d7eea5d34b4b559c1cb1215a02d94b 63d7eea5d34b4b559c1cb1215a02d94b] Successfully bumped revision number for resource ea70ba5d-062d-446c-a721-2d196bb1b0d2 (type: ports) to 2
2026-05-26 07:18:20.394 10 INFO neutron.wsgi [req-8d8de658-e9f2-4c05-8b08-876ce6518036 req-b6b793ec-94d1-4c08-b38f-6385cbad9c6d 64b5e3326b72444a8828719a12ccd765 c8983ce9fc3c4f27b24617de3315d595 - - 63d7eea5d34b4b559c1cb1215a02d94b 63d7eea5d34b4b559c1cb1215a02d94b] 199.204.45.109 "PUT /v2.0/ports/ea70ba5d-062d-446c-a721-2d196bb1b0d2 HTTP/1.1" status: 200 len: 1609 time: 1.3876412
2026-05-26 07:18:20.433 9 INFO neutron.db.ovn_revision_numbers_db [None req-245ab718-88fc-43a9-b033-780fe7c0f793 98cbcdf21b544e7681fdcce57c89ebc6 0225b36bbc6e4eb392a3cedaeedcae17 - - default default] Successfully bumped revision number for resource 24dda317-ecdb-4767-9477-b404e8e9f067 (type: ports) to 1
2026-05-26 07:18:20.455 10 INFO neutron.notifiers.nova [-] Nova event matching ['req-f01f4832-02de-4c92-b5ad-ab8532b50aec'] response: {'name': 'network-changed', 'server_uuid': '137e46eb-0ce2-42e3-ac17-40e8f4ffe670', 'tag': 'ea70ba5d-062d-446c-a721-2d196bb1b0d2', 'status': 'completed', 'code': 200} /var/lib/openstack/lib/python3.10/site-packages/pycadf/identifier.py:71: UserWarning: Invalid uuid: neutron. To ensure interoperability, identifiers should be a valid uuid. warnings.warn(('Invalid uuid: %s. To ensure interoperability, '
2026-05-26 07:18:20.529 10 INFO neutron.wsgi [req-974da3c3-abc9-49ec-be38-4e00e3c3c543 req-0e0144b4-3ec0-48be-bd82-2b0bbfb252f5 64b5e3326b72444a8828719a12ccd765 c8983ce9fc3c4f27b24617de3315d595 - - 63d7eea5d34b4b559c1cb1215a02d94b 63d7eea5d34b4b559c1cb1215a02d94b] 199.204.45.109 "GET /v2.0/ports?tenant_id=3fe2ba2a709c47bdb2d00ee9cfab756a&device_id=137e46eb-0ce2-42e3-ac17-40e8f4ffe670 HTTP/1.1" status: 200 len: 1640 time: 0.0492101
2026-05-26 07:18:20.550 9 INFO neutron.db.segments_db [None req-245ab718-88fc-43a9-b033-780fe7c0f793 98cbcdf21b544e7681fdcce57c89ebc6 0225b36bbc6e4eb392a3cedaeedcae17 - - default default] Added segment f96d5447-bd97-43e2-b886-f3aa52b07cc1 of type geneve for network 008a0ef7-ee3c-43e3-b94f-6aefa7774d2d
2026-05-26 07:18:20.625 10 INFO neutron.wsgi [req-974da3c3-abc9-49ec-be38-4e00e3c3c543 req-80a42864-abdb-4f7a-a63f-74526d54b2ec 64b5e3326b72444a8828719a12ccd765 c8983ce9fc3c4f27b24617de3315d595 - - 63d7eea5d34b4b559c1cb1215a02d94b 63d7eea5d34b4b559c1cb1215a02d94b] 199.204.45.109 "GET /v2.0/networks?tenant_id=3fe2ba2a709c47bdb2d00ee9cfab756a&shared=False HTTP/1.1" status: 200 len: 2584 time: 0.0887575
2026-05-26 07:18:20.677 9 INFO neutron.db.l3_db [None req-9347a0b7-3845-46f6-90ab-42e59fa2d57b bd007912bca74fd3b3152cfeb4a032ce 207add87af7b41f6b8565d2754ff4ce2 - - default default] Floating IP 2b6b350d-21c4-41a7-82da-ce2261d18de1 disassociated. External IP: 10.96.250.207, port: 22cbd0b8-33e4-4ef7-a8f9-551a008d7c6e.
2026-05-26 07:18:20.714 10 INFO neutron.wsgi [req-974da3c3-abc9-49ec-be38-4e00e3c3c543 req-2ae33db0-6bc0-47c0-a0b0-3b13b011b2d6 64b5e3326b72444a8828719a12ccd765 c8983ce9fc3c4f27b24617de3315d595 - - 63d7eea5d34b4b559c1cb1215a02d94b 63d7eea5d34b4b559c1cb1215a02d94b] 199.204.45.109 "GET /v2.0/networks?shared=True HTTP/1.1" status: 200 len: 952 time: 0.0827305
2026-05-26 07:18:20.719 9 INFO neutron.wsgi [None req-9347a0b7-3845-46f6-90ab-42e59fa2d57b bd007912bca74fd3b3152cfeb4a032ce 207add87af7b41f6b8565d2754ff4ce2 - - default default] 10.0.0.118 "PUT /v2.0/floatingips/2b6b350d-21c4-41a7-82da-ce2261d18de1 HTTP/1.1" status: 200 len: 748 time: 1.1173160
2026-05-26 07:18:20.765 10 INFO neutron.wsgi [None req-1b41e3b8-0b0e-4e46-a513-cde2dcf485f9 bd007912bca74fd3b3152cfeb4a032ce 207add87af7b41f6b8565d2754ff4ce2 - - default default] 10.0.0.118 "GET /v2.0/floatingips/2b6b350d-21c4-41a7-82da-ce2261d18de1 HTTP/1.1" status: 200 len: 746 time: 0.0411718
2026-05-26 07:18:20.801 9 INFO neutron.notifiers.nova [-] Nova event matching ['req-55f83b9d-e606-4375-a0fc-67611a97a50e'] response: {'name': 'network-changed', 'server_uuid': '5243d15d-18f7-4704-8440-1976911a45c7', 'tag': '22cbd0b8-33e4-4ef7-a8f9-551a008d7c6e', 'status': 'completed', 'code': 200}
2026-05-26 07:18:20.813 10 INFO neutron.wsgi [req-8d8de658-e9f2-4c05-8b08-876ce6518036 req-22650c64-d25a-431d-8442-83ea86ea1ddd 64b5e3326b72444a8828719a12ccd765 c8983ce9fc3c4f27b24617de3315d595 - - 63d7eea5d34b4b559c1cb1215a02d94b 63d7eea5d34b4b559c1cb1215a02d94b] 199.204.45.109 "GET /v2.0/ports?tenant_id=3fe2ba2a709c47bdb2d00ee9cfab756a&device_id=137e46eb-0ce2-42e3-ac17-40e8f4ffe670 HTTP/1.1" status: 200 len: 1640 time: 0.0464549
2026-05-26 07:18:20.870 10 INFO neutron.wsgi [req-8d8de658-e9f2-4c05-8b08-876ce6518036 req-47ea2888-0095-4be3-9201-0f9effa642d2 64b5e3326b72444a8828719a12ccd765 c8983ce9fc3c4f27b24617de3315d595 - - 63d7eea5d34b4b559c1cb1215a02d94b 63d7eea5d34b4b559c1cb1215a02d94b] 199.204.45.109 "GET /v2.0/floatingips?fixed_ip_address=10.2.2.199&port_id=ea70ba5d-062d-446c-a721-2d196bb1b0d2 HTTP/1.1" status: 200 len: 217 time: 0.0407469
2026-05-26 07:18:20.915 10 INFO neutron.wsgi [req-8d8de658-e9f2-4c05-8b08-876ce6518036 req-3e974356-f9e5-408b-ba95-06cf9af3715b 64b5e3326b72444a8828719a12ccd765 c8983ce9fc3c4f27b24617de3315d595 - - 63d7eea5d34b4b559c1cb1215a02d94b 63d7eea5d34b4b559c1cb1215a02d94b] 199.204.45.109 "GET /v2.0/floatingips?fixed_ip_address=fd77%3A1457%3A4cf0%3A26a8%3A%3A346&port_id=ea70ba5d-062d-446c-a721-2d196bb1b0d2 HTTP/1.1" status: 200 len: 217 time: 0.0388470
2026-05-26 07:18:20.949 9 INFO neutron.wsgi [req-b530674c-8734-4676-84ad-cc055a833104 req-f3c63fd4-fdfe-4832-b835-df3ec850648c 64b5e3326b72444a8828719a12ccd765 c8983ce9fc3c4f27b24617de3315d595 - - 63d7eea5d34b4b559c1cb1215a02d94b 63d7eea5d34b4b559c1cb1215a02d94b] 199.204.45.109 "GET /v2.0/ports?tenant_id=207add87af7b41f6b8565d2754ff4ce2&device_id=5243d15d-18f7-4704-8440-1976911a45c7 HTTP/1.1" status: 200 len: 1409 time: 0.1114032
2026-05-26 07:18:20.985 10 INFO neutron.wsgi [req-8d8de658-e9f2-4c05-8b08-876ce6518036 req-93cfd214-5edb-4162-95dd-5d445f31a0cd 64b5e3326b72444a8828719a12ccd765 c8983ce9fc3c4f27b24617de3315d595 - - 63d7eea5d34b4b559c1cb1215a02d94b 63d7eea5d34b4b559c1cb1215a02d94b] 199.204.45.109 "GET /v2.0/subnets?id=63544396-f3ba-4157-af2d-2ceebe241155&id=0d77a9cb-76b9-442d-8701-66224a6ef0ea HTTP/1.1" status: 200 len: 1563 time: 0.0641487
2026-05-26 07:18:21.020 10 INFO neutron.wsgi [req-8d8de658-e9f2-4c05-8b08-876ce6518036 req-866d4932-411e-41a4-8961-95c764eb2f5d 64b5e3326b72444a8828719a12ccd765 c8983ce9fc3c4f27b24617de3315d595 - - 63d7eea5d34b4b559c1cb1215a02d94b 63d7eea5d34b4b559c1cb1215a02d94b] 199.204.45.109 "GET /v2.0/ports?network_id=ca7b7bc0-b93e-41da-9416-3e6815434a6e&device_owner=network%3Adhcp HTTP/1.1" status: 200 len: 210 time: 0.0278873
2026-05-26 07:18:21.034 9 INFO neutron.db.ovn_revision_numbers_db [None req-245ab718-88fc-43a9-b033-780fe7c0f793 98cbcdf21b544e7681fdcce57c89ebc6 0225b36bbc6e4eb392a3cedaeedcae17 - - default default] Successfully bumped revision number for resource 008a0ef7-ee3c-43e3-b94f-6aefa7774d2d (type: networks) to 1
2026-05-26 07:18:21.052 10 INFO neutron.wsgi [req-8d8de658-e9f2-4c05-8b08-876ce6518036 req-dc35f2bf-1d0a-41b8-a750-071eb15562bd 64b5e3326b72444a8828719a12ccd765 c8983ce9fc3c4f27b24617de3315d595 - - 63d7eea5d34b4b559c1cb1215a02d94b 63d7eea5d34b4b559c1cb1215a02d94b] 199.204.45.109 "GET /v2.0/ports?network_id=ca7b7bc0-b93e-41da-9416-3e6815434a6e&device_owner=network%3Adhcp HTTP/1.1" status: 200 len: 210 time: 0.0252275
2026-05-26 07:18:21.053 9 INFO neutron.wsgi [req-b530674c-8734-4676-84ad-cc055a833104 req-45551223-6389-4fd5-a54c-d386991be8a3 64b5e3326b72444a8828719a12ccd765 c8983ce9fc3c4f27b24617de3315d595 - - 63d7eea5d34b4b559c1cb1215a02d94b 63d7eea5d34b4b559c1cb1215a02d94b] 199.204.45.109 "GET /v2.0/networks?id=b8f3a573-b046-4548-8a6b-523e872b2886 HTTP/1.1" status: 200 len: 959 time: 0.0976975
2026-05-26 07:18:21.111 9 INFO neutron.wsgi [req-b530674c-8734-4676-84ad-cc055a833104 req-a93f07bf-3e1b-44bc-8457-0c37a6c4278e 64b5e3326b72444a8828719a12ccd765 c8983ce9fc3c4f27b24617de3315d595 - - 63d7eea5d34b4b559c1cb1215a02d94b 63d7eea5d34b4b559c1cb1215a02d94b] 199.204.45.109 "GET /v2.0/floatingips?fixed_ip_address=10.100.0.6&port_id=22cbd0b8-33e4-4ef7-a8f9-551a008d7c6e HTTP/1.1" status: 200 len: 217 time: 0.0468071
2026-05-26 07:18:21.138 10 INFO neutron.wsgi [req-8d8de658-e9f2-4c05-8b08-876ce6518036 req-e8aafc1f-a54f-42e0-a926-bc1579113779 64b5e3326b72444a8828719a12ccd765 c8983ce9fc3c4f27b24617de3315d595 - - 63d7eea5d34b4b559c1cb1215a02d94b 63d7eea5d34b4b559c1cb1215a02d94b] 199.204.45.109 "GET /v2.0/networks/ca7b7bc0-b93e-41da-9416-3e6815434a6e?fields=segments HTTP/1.1" status: 200 len: 212 time: 0.0740650
2026-05-26 07:18:21.170 9 INFO neutron.wsgi [req-b530674c-8734-4676-84ad-cc055a833104 req-416813c1-8d44-4678-9f38-c7e281adbd37 64b5e3326b72444a8828719a12ccd765 c8983ce9fc3c4f27b24617de3315d595 - - 63d7eea5d34b4b559c1cb1215a02d94b 63d7eea5d34b4b559c1cb1215a02d94b] 199.204.45.109 "GET /v2.0/subnets?id=c9ae60f7-4ff1-4dc1-a300-3138910e6b40 HTTP/1.1" status: 200 len: 853 time: 0.0494668
2026-05-26 07:18:21.207 9 INFO neutron.wsgi [req-b530674c-8734-4676-84ad-cc055a833104 req-cb6711d4-4844-45b1-a983-e23894037e2a 64b5e3326b72444a8828719a12ccd765 c8983ce9fc3c4f27b24617de3315d595 - - 63d7eea5d34b4b559c1cb1215a02d94b 63d7eea5d34b4b559c1cb1215a02d94b] 199.204.45.109 "GET /v2.0/ports?network_id=b8f3a573-b046-4548-8a6b-523e872b2886&device_owner=network%3Adhcp HTTP/1.1" status: 200 len: 210 time: 0.0309796
2026-05-26 07:18:21.243 10 INFO neutron.wsgi [req-8d8de658-e9f2-4c05-8b08-876ce6518036 req-96fee134-777d-42d7-bfdb-f6d649b62e6d 64b5e3326b72444a8828719a12ccd765 c8983ce9fc3c4f27b24617de3315d595 - - 63d7eea5d34b4b559c1cb1215a02d94b 63d7eea5d34b4b559c1cb1215a02d94b] 199.204.45.109 "GET /v2.0/networks/ca7b7bc0-b93e-41da-9416-3e6815434a6e?fields=provider%3Aphysical_network&fields=provider%3Anetwork_type HTTP/1.1" status: 200 len: 277 time: 0.0945015
2026-05-26 07:18:21.334 9 INFO neutron.wsgi [req-b530674c-8734-4676-84ad-cc055a833104 req-8db9080b-d07d-4dd0-a8ce-8319466ad879 64b5e3326b72444a8828719a12ccd765 c8983ce9fc3c4f27b24617de3315d595 - - 63d7eea5d34b4b559c1cb1215a02d94b 63d7eea5d34b4b559c1cb1215a02d94b] 199.204.45.109 "GET /v2.0/networks/b8f3a573-b046-4548-8a6b-523e872b2886?fields=segments HTTP/1.1" status: 200 len: 212 time: 0.1167939
2026-05-26 07:18:21.410 9 WARNING neutron.scheduler.dhcp_agent_scheduler [None req-245ab718-88fc-43a9-b033-780fe7c0f793 98cbcdf21b544e7681fdcce57c89ebc6 0225b36bbc6e4eb392a3cedaeedcae17 - - default default] No more DHCP agents
2026-05-26 07:18:21.416 9 WARNING neutron.api.rpc.agentnotifiers.dhcp_rpc_agent_api [None req-245ab718-88fc-43a9-b033-780fe7c0f793 98cbcdf21b544e7681fdcce57c89ebc6 0225b36bbc6e4eb392a3cedaeedcae17 - - default default] Unable to schedule network 008a0ef7-ee3c-43e3-b94f-6aefa7774d2d: no agents available; will retry on subsequent port and subnet creation events.
2026-05-26 07:18:21.722 9 INFO neutron.wsgi [req-b530674c-8734-4676-84ad-cc055a833104 req-e285b690-d835-4e97-a0d1-b2b1f179e80a 64b5e3326b72444a8828719a12ccd765 c8983ce9fc3c4f27b24617de3315d595 - - 63d7eea5d34b4b559c1cb1215a02d94b 63d7eea5d34b4b559c1cb1215a02d94b] 199.204.45.109 "GET /v2.0/networks/b8f3a573-b046-4548-8a6b-523e872b2886?fields=provider%3Aphysical_network&fields=provider%3Anetwork_type HTTP/1.1" status: 200 len: 277 time: 0.3717382
2026-05-26 07:18:21.794 9 INFO neutron.db.ovn_revision_numbers_db [None req-245ab718-88fc-43a9-b033-780fe7c0f793 98cbcdf21b544e7681fdcce57c89ebc6 0225b36bbc6e4eb392a3cedaeedcae17 - - default default] Successfully bumped revision number for resource 877fb487-a091-413b-8fb6-15f39cf4312c (type: ports) to 1
2026-05-26 07:18:21.898 9 WARNING neutron_lib.context [None req-aedad9ac-7388-49c3-b7d8-d773f0715e3f bd007912bca74fd3b3152cfeb4a032ce 207add87af7b41f6b8565d2754ff4ce2 - - default default] Method 'is_advsvc' is deprecated since 2023.2 release (neutron-lib 3.8.0) and will be removed once support for the old RBAC API policies will be removed from Neutron. Please use method 'is_service_role' instead.
2026-05-26 07:18:21.998 9 WARNING neutron.scheduler.dhcp_agent_scheduler [None req-245ab718-88fc-43a9-b033-780fe7c0f793 98cbcdf21b544e7681fdcce57c89ebc6 0225b36bbc6e4eb392a3cedaeedcae17 - - default default] No more DHCP agents
2026-05-26 07:18:22.000 9 WARNING neutron.api.rpc.agentnotifiers.dhcp_rpc_agent_api [None req-245ab718-88fc-43a9-b033-780fe7c0f793 98cbcdf21b544e7681fdcce57c89ebc6 0225b36bbc6e4eb392a3cedaeedcae17 - - default default] Unable to schedule network 008a0ef7-ee3c-43e3-b94f-6aefa7774d2d: no agents available; will retry on subsequent port and subnet creation events.
2026-05-26 07:18:22.143 9 INFO neutron.db.ovn_revision_numbers_db [None req-245ab718-88fc-43a9-b033-780fe7c0f793 98cbcdf21b544e7681fdcce57c89ebc6 0225b36bbc6e4eb392a3cedaeedcae17 - - default default] Successfully bumped revision number for resource 7129e6e1-ffa5-479a-af47-681f99d03ff0 (type: subnets) to 0
2026-05-26 07:18:22.240 9 INFO neutron.db.ovn_revision_numbers_db [None req-aedad9ac-7388-49c3-b7d8-d773f0715e3f bd007912bca74fd3b3152cfeb4a032ce 207add87af7b41f6b8565d2754ff4ce2 - - default default] Successfully bumped revision number for resource d1d3a91d-6bc9-49b2-8953-2d2d7a21adac (type: security_groups) to 1
2026-05-26 07:18:22.283 9 INFO neutron.db.ovn_revision_numbers_db [None req-aedad9ac-7388-49c3-b7d8-d773f0715e3f bd007912bca74fd3b3152cfeb4a032ce 207add87af7b41f6b8565d2754ff4ce2 - - default default] Successfully bumped revision number for resource 38dbda7e-d167-42f5-b5d6-1e8743f24a6e (type: security_group_rules) to 0
2026-05-26 07:18:22.308 9 INFO neutron.db.ovn_revision_numbers_db [None req-aedad9ac-7388-49c3-b7d8-d773f0715e3f bd007912bca74fd3b3152cfeb4a032ce 207add87af7b41f6b8565d2754ff4ce2 - - default default] Successfully bumped revision number for resource da4f42f8-75e3-4980-82d8-bba5cda909b6 (type: security_group_rules) to 0
2026-05-26 07:18:22.329 10 INFO neutron.wsgi [req-c129847e-3e6e-4522-ac3c-bfc53986c127 req-8b0242d6-f884-41ce-9635-9510dfc8ebe6 8850e552d79f4f7891df2430027dfc80 3fe2ba2a709c47bdb2d00ee9cfab756a - - default default] 10.0.0.20 "GET /v2.0/ports?device_id=137e46eb-0ce2-42e3-ac17-40e8f4ffe670 HTTP/1.1" status: 200 len: 1402 time: 0.1081583
2026-05-26 07:18:22.353 9 INFO neutron.wsgi [None req-aedad9ac-7388-49c3-b7d8-d773f0715e3f bd007912bca74fd3b3152cfeb4a032ce 207add87af7b41f6b8565d2754ff4ce2 - - default default] 10.0.0.118 "POST /v2.0/security-groups HTTP/1.1" status: 201 len: 1877 time: 0.4605684
2026-05-26 07:18:22.367 10 WARNING neutron_lib.context [None req-44260a35-8f5b-462b-9813-846d167a1725 bd007912bca74fd3b3152cfeb4a032ce 207add87af7b41f6b8565d2754ff4ce2 - - default default] Method 'is_advsvc' is deprecated since 2023.2 release (neutron-lib 3.8.0) and will be removed once support for the old RBAC API policies will be removed from Neutron. Please use method 'is_service_role' instead.
2026-05-26 07:18:22.386 10 INFO neutron.wsgi [req-c129847e-3e6e-4522-ac3c-bfc53986c127 req-bc20920c-d7a0-47e7-a914-ab317267411c 8850e552d79f4f7891df2430027dfc80 3fe2ba2a709c47bdb2d00ee9cfab756a - - default default] 10.0.0.20 "GET /v2.0/security-groups?id=29d00b01-3465-4d07-9c8d-e4e4f97b19c0&fields=id&fields=name HTTP/1.1" status: 200 len: 310 time: 0.0519757
2026-05-26 07:18:22.641 10 INFO neutron.db.ovn_revision_numbers_db [None req-44260a35-8f5b-462b-9813-846d167a1725 bd007912bca74fd3b3152cfeb4a032ce 207add87af7b41f6b8565d2754ff4ce2 - - default default] Successfully bumped revision number for resource d4f0c3d7-e320-4046-bc63-28e8b433bd75 (type: security_group_rules) to 0
2026-05-26 07:18:22.725 10 INFO neutron.wsgi [None req-44260a35-8f5b-462b-9813-846d167a1725 bd007912bca74fd3b3152cfeb4a032ce 207add87af7b41f6b8565d2754ff4ce2 - - default default] 10.0.0.118 "POST /v2.0/security-group-rules HTTP/1.1" status: 201 len: 796 time: 0.3655114
2026-05-26 07:18:22.742 10 WARNING neutron_lib.context [None req-e10c5a21-8870-4008-8c52-8683e4fa6a91 bd007912bca74fd3b3152cfeb4a032ce 207add87af7b41f6b8565d2754ff4ce2 - - default default] Method 'is_advsvc' is deprecated since 2023.2 release (neutron-lib 3.8.0) and will be removed once support for the old RBAC API policies will be removed from Neutron. Please use method 'is_service_role' instead.
2026-05-26 07:18:22.812 9 WARNING neutron.scheduler.dhcp_agent_scheduler [None req-245ab718-88fc-43a9-b033-780fe7c0f793 98cbcdf21b544e7681fdcce57c89ebc6 0225b36bbc6e4eb392a3cedaeedcae17 - - default default] No more DHCP agents
2026-05-26 07:18:22.818 9 WARNING neutron.api.rpc.agentnotifiers.dhcp_rpc_agent_api [None req-245ab718-88fc-43a9-b033-780fe7c0f793 98cbcdf21b544e7681fdcce57c89ebc6 0225b36bbc6e4eb392a3cedaeedcae17 - - default default] Unable to schedule network 008a0ef7-ee3c-43e3-b94f-6aefa7774d2d: no agents available; will retry on subsequent port and subnet creation events.
2026-05-26 07:18:23.073 10 WARNING neutron_lib.context [None req-b5928bad-7abe-453e-b415-6d24b89d88e8 4656c373ddbe40c7ab9a629daa369a0b 5c73addb2a10400a9f9ba278513654b0 - - default default] Method 'is_advsvc' is deprecated since 2023.2 release (neutron-lib 3.8.0) and will be removed once support for the old RBAC API policies will be removed from Neutron. Please use method 'is_service_role' instead.
2026-05-26 07:18:23.311 10 INFO neutron.db.ovn_revision_numbers_db [None req-e10c5a21-8870-4008-8c52-8683e4fa6a91 bd007912bca74fd3b3152cfeb4a032ce 207add87af7b41f6b8565d2754ff4ce2 - - default default] Successfully bumped revision number for resource d5ec548d-811f-426c-b967-8101be2fccb9 (type: security_group_rules) to 0
2026-05-26 07:18:23.442 9 INFO neutron.db.ovn_revision_numbers_db [None req-245ab718-88fc-43a9-b033-780fe7c0f793 98cbcdf21b544e7681fdcce57c89ebc6 0225b36bbc6e4eb392a3cedaeedcae17 - - default default] Successfully bumped revision number for resource 1090c164-1627-48bd-ba3d-8c4b145e3601 (type: ports) to 1
2026-05-26 07:18:23.823 10 INFO neutron.wsgi [None req-e10c5a21-8870-4008-8c52-8683e4fa6a91 bd007912bca74fd3b3152cfeb4a032ce 207add87af7b41f6b8565d2754ff4ce2 - - default default] 10.0.0.118 "POST /v2.0/security-group-rules HTTP/1.1" status: 201 len: 795 time: 1.0870211
2026-05-26 07:18:23.834 10 WARNING neutron_lib.context [None req-d49509df-3997-41ea-a8a2-5584a72fec91 bd007912bca74fd3b3152cfeb4a032ce 207add87af7b41f6b8565d2754ff4ce2 - - default default] Method 'is_advsvc' is deprecated since 2023.2 release (neutron-lib 3.8.0) and will be removed once support for the old RBAC API policies will be removed from Neutron. Please use method 'is_service_role' instead.
2026-05-26 07:18:24.398 9 INFO neutron.wsgi [req-318e3afd-af40-4593-9a42-0d40f5b05d0c req-5adcb92a-caa7-4609-820c-0609d1435d9c 64b5e3326b72444a8828719a12ccd765 c8983ce9fc3c4f27b24617de3315d595 - - 63d7eea5d34b4b559c1cb1215a02d94b 63d7eea5d34b4b559c1cb1215a02d94b] 10.0.0.119 "GET /v2.0/ports?device_id=2cf8bd66-9fef-4564-9fb4-19626c2a9a0d HTTP/1.1" status: 200 len: 1634 time: 0.0451174
2026-05-26 07:18:24.451 9 INFO neutron.wsgi [req-318e3afd-af40-4593-9a42-0d40f5b05d0c req-70a06919-27b1-475e-9b04-0472011041aa 64b5e3326b72444a8828719a12ccd765 c8983ce9fc3c4f27b24617de3315d595 - - 63d7eea5d34b4b559c1cb1215a02d94b 63d7eea5d34b4b559c1cb1215a02d94b] 10.0.0.119 "GET /v2.0/security-groups?id=29d00b01-3465-4d07-9c8d-e4e4f97b19c0&fields=id&fields=name HTTP/1.1" status: 200 len: 310 time: 0.0453196
2026-05-26 07:18:24.722 10 WARNING neutron.scheduler.dhcp_agent_scheduler [None req-b5928bad-7abe-453e-b415-6d24b89d88e8 4656c373ddbe40c7ab9a629daa369a0b 5c73addb2a10400a9f9ba278513654b0 - - default default] No more DHCP agents
2026-05-26 07:18:24.726 10 WARNING neutron.api.rpc.agentnotifiers.dhcp_rpc_agent_api [None req-b5928bad-7abe-453e-b415-6d24b89d88e8 4656c373ddbe40c7ab9a629daa369a0b 5c73addb2a10400a9f9ba278513654b0 - - default default] Unable to schedule network bc6215b1-51af-4c6e-87b8-3039db2e0092: no agents available; will retry on subsequent port and subnet creation events.
2026-05-26 07:18:25.540 10 WARNING neutron.plugins.ml2.drivers.ovn.mech_driver.ovsdb.ovn_client [None req-54f8cc44-4c16-45db-ac11-959a53c9ead9 - - - - - -] No hosting information found for port c50f63ce-f5f4-4b7e-aaef-f8f718b564fc: RuntimeError: No hosting information found for port c50f63ce-f5f4-4b7e-aaef-f8f718b564fc
2026-05-26 07:18:25.560 10 INFO neutron.plugins.ml2.drivers.ovn.mech_driver.mech_driver [None req-54f8cc44-4c16-45db-ac11-959a53c9ead9 - - - - - -] OVN reports status up for port: ea70ba5d-062d-446c-a721-2d196bb1b0d2
2026-05-26 07:18:25.603 9 ERROR ovsdbapp.backend.ovs_idl.command [None req-245ab718-88fc-43a9-b033-780fe7c0f793 98cbcdf21b544e7681fdcce57c89ebc6 0225b36bbc6e4eb392a3cedaeedcae17 - - default default] Error executing command (DbGetCommand): ovsdbapp.backend.ovs_idl.idlutils.RowNotFound: Cannot find Logical_Router_Port with name=lrp-1090c164-1627-48bd-ba3d-8c4b145e3601
2026-05-26 07:18:25.603 9 ERROR ovsdbapp.backend.ovs_idl.command
Traceback (most recent call last):
2026-05-26 07:18:25.603 9 ERROR ovsdbapp.backend.ovs_idl.command
File "/var/lib/openstack/lib/python3.10/site-packages/ovsdbapp/backend/ovs_idl/command.py", line 47, in execute
2026-05-26 07:18:25.603 9 ERROR ovsdbapp.backend.ovs_idl.command self.run_idl(None)
2026-05-26 07:18:25.603 9 ERROR ovsdbapp.backend.ovs_idl.command
File "/var/lib/openstack/lib/python3.10/site-packages/ovsdbapp/backend/ovs_idl/command.py", line 235, in run_idl
2026-05-26 07:18:25.603 9 ERROR ovsdbapp.backend.ovs_idl.command record = self.api.lookup(self.table, self.record)
2026-05-26 07:18:25.603 9 ERROR ovsdbapp.backend.ovs_idl.command
File "/var/lib/openstack/lib/python3.10/site-packages/ovsdbapp/backend/ovs_idl/__init__.py", line 184, in lookup
2026-05-26 07:18:25.603 9 ERROR ovsdbapp.backend.ovs_idl.command return self._lookup(table, record)
2026-05-26 07:18:25.603 9 ERROR ovsdbapp.backend.ovs_idl.command
File "/var/lib/openstack/lib/python3.10/site-packages/ovsdbapp/backend/ovs_idl/__init__.py", line 235, in _lookup
2026-05-26 07:18:25.603 9 ERROR ovsdbapp.backend.ovs_idl.command row = idlutils.row_by_value(self, rl.table, rl.column, record)
2026-05-26 07:18:25.603 9 ERROR ovsdbapp.backend.ovs_idl.command
File "/var/lib/openstack/lib/python3.10/site-packages/ovsdbapp/backend/ovs_idl/idlutils.py", line 114, in row_by_value
2026-05-26 07:18:25.603 9 ERROR ovsdbapp.backend.ovs_idl.command raise RowNotFound(table=table, col=column, match=match)
2026-05-26 07:18:25.603 9 ERROR ovsdbapp.backend.ovs_idl.command ovsdbapp.backend.ovs_idl.idlutils.RowNotFound: Cannot find Logical_Router_Port with name=lrp-1090c164-1627-48bd-ba3d-8c4b145e3601
2026-05-26 07:18:25.603 9 ERROR ovsdbapp.backend.ovs_idl.command 
2026-05-26 07:18:25.604 9 ERROR neutron_lib.callbacks.manager [None req-245ab718-88fc-43a9-b033-780fe7c0f793 98cbcdf21b544e7681fdcce57c89ebc6 0225b36bbc6e4eb392a3cedaeedcae17 - - default default] Error during notification for neutron.services.ovn_l3.plugin.OVNL3RouterPlugin._port_update-8764927426287 port, after_update: ovsdbapp.backend.ovs_idl.idlutils.RowNotFound: Cannot find Logical_Router_Port with name=lrp-1090c164-1627-48bd-ba3d-8c4b145e3601
2026-05-26 07:18:25.604 9 ERROR neutron_lib.callbacks.manager
Traceback (most recent call last):
2026-05-26 07:18:25.604 9 ERROR neutron_lib.callbacks.manager
File "/var/lib/openstack/lib/python3.10/site-packages/neutron_lib/callbacks/manager.py", line 189, in _notify_loop
2026-05-26 07:18:25.604 9 ERROR neutron_lib.callbacks.manager callback.method(resource, event, trigger, payload=payload)
2026-05-26 07:18:25.604 9 ERROR neutron_lib.callbacks.manager
File "/var/lib/openstack/lib/python3.10/site-packages/neutron/services/ovn_l3/plugin.py", line 391, in _port_update
2026-05-26 07:18:25.604 9 ERROR neutron_lib.callbacks.manager l3plugin._ovn_client.update_router_port(context,
2026-05-26 07:18:25.604 9 ERROR neutron_lib.callbacks.manager
File "/var/lib/openstack/lib/python3.10/site-packages/neutron/plugins/ml2/drivers/ovn/mech_driver/ovsdb/ovn_client.py", line 1878, in update_router_port
2026-05-26 07:18:25.604 9 ERROR neutron_lib.callbacks.manager self._update_lrouter_port(context, port, if_exists=if_exists,
2026-05-26 07:18:25.604 9 ERROR neutron_lib.callbacks.manager
File "/var/lib/openstack/lib/python3.10/site-packages/neutron/plugins/ml2/drivers/ovn/mech_driver/ovsdb/ovn_client.py", line 1855, in _update_lrouter_port
2026-05-26 07:18:25.604 9 ERROR neutron_lib.callbacks.manager external_ids = self._nb_idl.db_get(
2026-05-26 07:18:25.604 9 ERROR neutron_lib.callbacks.manager
File "/var/lib/openstack/lib/python3.10/site-packages/ovsdbapp/backend/ovs_idl/command.py", line 47, in execute
2026-05-26 07:18:25.604 9 ERROR neutron_lib.callbacks.manager self.run_idl(None)
2026-05-26 07:18:25.604 9 ERROR neutron_lib.callbacks.manager
File "/var/lib/openstack/lib/python3.10/site-packages/ovsdbapp/backend/ovs_idl/command.py", line 235, in run_idl
2026-05-26 07:18:25.604 9 ERROR neutron_lib.callbacks.manager record = self.api.lookup(self.table, self.record)
2026-05-26 07:18:25.604 9 ERROR neutron_lib.callbacks.manager
File "/var/lib/openstack/lib/python3.10/site-packages/ovsdbapp/backend/ovs_idl/__init__.py", line 184, in lookup
2026-05-26 07:18:25.604 9 ERROR neutron_lib.callbacks.manager return self._lookup(table, record)
2026-05-26 07:18:25.604 9 ERROR neutron_lib.callbacks.manager
File "/var/lib/openstack/lib/python3.10/site-packages/ovsdbapp/backend/ovs_idl/__init__.py", line 235, in _lookup
2026-05-26 07:18:25.604 9 ERROR neutron_lib.callbacks.manager row = idlutils.row_by_value(self, rl.table, rl.column, record)
2026-05-26 07:18:25.604 9 ERROR neutron_lib.callbacks.manager
File "/var/lib/openstack/lib/python3.10/site-packages/ovsdbapp/backend/ovs_idl/idlutils.py", line 114, in row_by_value
2026-05-26 07:18:25.604 9 ERROR neutron_lib.callbacks.manager raise RowNotFound(table=table, col=column, match=match)
2026-05-26 07:18:25.604 9 ERROR neutron_lib.callbacks.manager ovsdbapp.backend.ovs_idl.idlutils.RowNotFound: Cannot find Logical_Router_Port with name=lrp-1090c164-1627-48bd-ba3d-8c4b145e3601
2026-05-26 07:18:25.604 9 ERROR neutron_lib.callbacks.manager 
2026-05-26 07:18:25.690 10 INFO neutron.plugins.ml2.plugin [None req-54f8cc44-4c16-45db-ac11-959a53c9ead9 - - - - - -] Attempt 1 to provision port ea70ba5d-062d-446c-a721-2d196bb1b0d2
2026-05-26 07:18:25.698 10 INFO neutron.wsgi [None req-b5928bad-7abe-453e-b415-6d24b89d88e8 4656c373ddbe40c7ab9a629daa369a0b 5c73addb2a10400a9f9ba278513654b0 - - default default] 10.0.0.118 "POST /v2.0/floatingips HTTP/1.1" status: 201 len: 751 time: 2.8707190
2026-05-26 07:18:25.707 10 INFO neutron.db.ovn_revision_numbers_db [None req-d49509df-3997-41ea-a8a2-5584a72fec91 bd007912bca74fd3b3152cfeb4a032ce 207add87af7b41f6b8565d2754ff4ce2 - - default default] Successfully bumped revision number for resource 4bc35d0b-6ed8-41ab-8ea4-cdeb56dda219 (type: security_group_rules) to 0
2026-05-26 07:18:25.831 10 INFO neutron.notifiers.nova [-] Nova event matching ['req-c3659d90-3792-45f9-aafd-232394506274'] response: {'server_uuid': '137e46eb-0ce2-42e3-ac17-40e8f4ffe670', 'name': 'network-vif-plugged', 'status': 'completed', 'tag': 'ea70ba5d-062d-446c-a721-2d196bb1b0d2', 'code': 200}
