2026-05-26 07:17:12.714 9 INFO neutron.db.ovn_revision_numbers_db [None req-28531bf9-2115-448d-ac35-d8b8734fdb71 2817d0d3bdf34e88a6ae85fe28c4139f ccf6659d5e094401a117d6ba8637659e - - default default] Successfully bumped revision number for resource a59f76ff-41dd-4fad-80ab-59df5aad9f53 (type: security_groups) to 1
2026-05-26 07:17:12.734 9 INFO neutron.db.ovn_revision_numbers_db [None req-28531bf9-2115-448d-ac35-d8b8734fdb71 2817d0d3bdf34e88a6ae85fe28c4139f ccf6659d5e094401a117d6ba8637659e - - default default] Successfully bumped revision number for resource 6fb61de3-933d-44a1-8c64-0ee4b241900c (type: security_group_rules) to 0
2026-05-26 07:17:12.959 9 INFO neutron.db.ovn_revision_numbers_db [None req-28531bf9-2115-448d-ac35-d8b8734fdb71 2817d0d3bdf34e88a6ae85fe28c4139f ccf6659d5e094401a117d6ba8637659e - - default default] Successfully bumped revision number for resource 7c42132b-90ba-41bd-b2d3-64f6a91aad06 (type: security_group_rules) to 0
2026-05-26 07:17:13.421 9 INFO neutron.db.ovn_revision_numbers_db [None req-28531bf9-2115-448d-ac35-d8b8734fdb71 2817d0d3bdf34e88a6ae85fe28c4139f ccf6659d5e094401a117d6ba8637659e - - default default] Successfully bumped revision number for resource d35e53a6-fead-4ec5-9e8e-b6e4238461a4 (type: security_group_rules) to 0
2026-05-26 07:17:13.430 10 WARNING neutron_lib.context [None req-672050ee-2565-4df7-9c71-e0c0da3e785b 8850e552d79f4f7891df2430027dfc80 3fe2ba2a709c47bdb2d00ee9cfab756a - - default default] Method 'is_advsvc' is deprecated since 2023.2 release (neutron-lib 3.8.0) and will be removed once support for the old RBAC API policies will be removed from Neutron. Please use method 'is_service_role' instead.
2026-05-26 07:17:13.476 9 INFO neutron.db.ovn_revision_numbers_db [None req-28531bf9-2115-448d-ac35-d8b8734fdb71 2817d0d3bdf34e88a6ae85fe28c4139f ccf6659d5e094401a117d6ba8637659e - - default default] Successfully bumped revision number for resource e2184fa2-ad65-458b-bf32-c71f3bcdd4a1 (type: security_group_rules) to 0
2026-05-26 07:17:13.506 9 INFO neutron.wsgi [None req-28531bf9-2115-448d-ac35-d8b8734fdb71 2817d0d3bdf34e88a6ae85fe28c4139f ccf6659d5e094401a117d6ba8637659e - - default default] 10.0.0.118 "GET /v2.0/security-groups?tenant_id=f60bae65b2e4416fb68ed197114df99c&name=default HTTP/1.1" status: 200 len: 3120 time: 2.3525212
2026-05-26 07:17:13.636 10 INFO neutron.db.ovn_revision_numbers_db [None req-672050ee-2565-4df7-9c71-e0c0da3e785b 8850e552d79f4f7891df2430027dfc80 3fe2ba2a709c47bdb2d00ee9cfab756a - - default default] Successfully bumped revision number for resource b4d3ee57-aac6-4714-a3c2-6c3f40607594 (type: security_groups) to 1
2026-05-26 07:17:13.657 10 INFO neutron.db.ovn_revision_numbers_db [None req-672050ee-2565-4df7-9c71-e0c0da3e785b 8850e552d79f4f7891df2430027dfc80 3fe2ba2a709c47bdb2d00ee9cfab756a - - default default] Successfully bumped revision number for resource 1facd5d5-948d-4a2e-a61b-09d40e69a92a (type: security_group_rules) to 0
2026-05-26 07:17:13.674 10 INFO neutron.db.ovn_revision_numbers_db [None req-672050ee-2565-4df7-9c71-e0c0da3e785b 8850e552d79f4f7891df2430027dfc80 3fe2ba2a709c47bdb2d00ee9cfab756a - - default default] Successfully bumped revision number for resource 43db26f7-7d70-46e3-b837-5c4400b4c0f1 (type: security_group_rules) to 0
2026-05-26 07:17:13.755 9 INFO neutron.wsgi [None req-4788cbb8-4bf4-4125-bbfd-164ff45d55fd 2817d0d3bdf34e88a6ae85fe28c4139f ccf6659d5e094401a117d6ba8637659e - - default default] 10.0.0.118 "DELETE /v2.0/security-groups/a59f76ff-41dd-4fad-80ab-59df5aad9f53 HTTP/1.1" status: 204 len: 168 time: 0.2446532
2026-05-26 07:17:13.963 10 INFO neutron.db.ovn_revision_numbers_db [None req-672050ee-2565-4df7-9c71-e0c0da3e785b 8850e552d79f4f7891df2430027dfc80 3fe2ba2a709c47bdb2d00ee9cfab756a - - default default] Successfully bumped revision number for resource 812f781b-b08b-4ff9-855d-246b115eaa2b (type: security_group_rules) to 0
2026-05-26 07:17:14.003 10 INFO neutron.db.ovn_revision_numbers_db [None req-672050ee-2565-4df7-9c71-e0c0da3e785b 8850e552d79f4f7891df2430027dfc80 3fe2ba2a709c47bdb2d00ee9cfab756a - - default default] Successfully bumped revision number for resource fbdbcd2a-c098-466c-b96e-40e50feaead6 (type: security_group_rules) to 0
2026-05-26 07:17:14.063 10 INFO neutron.db.segments_db [None req-672050ee-2565-4df7-9c71-e0c0da3e785b 8850e552d79f4f7891df2430027dfc80 3fe2ba2a709c47bdb2d00ee9cfab756a - - default default] Added segment bd6d9d1c-5db5-4fea-88a5-22975fc1c41a of type geneve for network cd5d30a6-2172-4bba-b4ff-f818dc0b77c8
2026-05-26 07:17:14.382 10 INFO neutron.db.ovn_revision_numbers_db [None req-672050ee-2565-4df7-9c71-e0c0da3e785b 8850e552d79f4f7891df2430027dfc80 3fe2ba2a709c47bdb2d00ee9cfab756a - - default default] Successfully bumped revision number for resource cd5d30a6-2172-4bba-b4ff-f818dc0b77c8 (type: networks) to 1
2026-05-26 07:17:14.628 10 WARNING neutron.scheduler.dhcp_agent_scheduler [None req-672050ee-2565-4df7-9c71-e0c0da3e785b 8850e552d79f4f7891df2430027dfc80 3fe2ba2a709c47bdb2d00ee9cfab756a - - default default] No more DHCP agents
2026-05-26 07:17:14.631 10 WARNING neutron.api.rpc.agentnotifiers.dhcp_rpc_agent_api [None req-672050ee-2565-4df7-9c71-e0c0da3e785b 8850e552d79f4f7891df2430027dfc80 3fe2ba2a709c47bdb2d00ee9cfab756a - - default default] Unable to schedule network cd5d30a6-2172-4bba-b4ff-f818dc0b77c8: no agents available; will retry on subsequent port and subnet creation events.
2026-05-26 07:17:14.772 10 INFO neutron.db.ovn_revision_numbers_db [None req-672050ee-2565-4df7-9c71-e0c0da3e785b 8850e552d79f4f7891df2430027dfc80 3fe2ba2a709c47bdb2d00ee9cfab756a - - default default] Successfully bumped revision number for resource 98374a3e-1aaf-4f9f-8671-526b4b28bc2f (type: ports) to 1
2026-05-26 07:17:14.866 10 INFO neutron.wsgi [None req-672050ee-2565-4df7-9c71-e0c0da3e785b 8850e552d79f4f7891df2430027dfc80 3fe2ba2a709c47bdb2d00ee9cfab756a - - default default] 10.0.0.118 "POST /v2.0/networks HTTP/1.1" status: 201 len: 839 time: 1.6019044
2026-05-26 07:17:14.881 10 WARNING neutron_lib.context [None req-7c024a59-14a7-4b72-966c-59e615085898 8850e552d79f4f7891df2430027dfc80 3fe2ba2a709c47bdb2d00ee9cfab756a - - default default] Method 'is_advsvc' is deprecated since 2023.2 release (neutron-lib 3.8.0) and will be removed once support for the old RBAC API policies will be removed from Neutron. Please use method 'is_service_role' instead.
2026-05-26 07:17:15.331 10 INFO neutron.wsgi [-] 10.0.0.28 "GET / HTTP/1.1" status: 200 len: 247 time: 0.0030088
2026-05-26 07:17:15.333 10 INFO neutron.wsgi [-] 10.0.0.28 "GET / HTTP/1.1" status: 200 len: 247 time: 0.0015006
2026-05-26 07:17:15.355 10 WARNING neutron_lib.context [None req-a5812935-831c-4a36-95ba-8182883a92df 5bfc58b1ddac4776b722463003701c0d f30b901d9cc647c3b12d557147e0f42d - - default default] Method 'is_advsvc' is deprecated since 2023.2 release (neutron-lib 3.8.0) and will be removed once support for the old RBAC API policies will be removed from Neutron. Please use method 'is_service_role' instead.
2026-05-26 07:17:15.714 10 WARNING neutron.scheduler.dhcp_agent_scheduler [None req-7c024a59-14a7-4b72-966c-59e615085898 8850e552d79f4f7891df2430027dfc80 3fe2ba2a709c47bdb2d00ee9cfab756a - - default default] No more DHCP agents
2026-05-26 07:17:15.717 10 WARNING neutron.api.rpc.agentnotifiers.dhcp_rpc_agent_api [None req-7c024a59-14a7-4b72-966c-59e615085898 8850e552d79f4f7891df2430027dfc80 3fe2ba2a709c47bdb2d00ee9cfab756a - - default default] Unable to schedule network cd5d30a6-2172-4bba-b4ff-f818dc0b77c8: no agents available; will retry on subsequent port and subnet creation events.
2026-05-26 07:17:16.811 10 INFO neutron.db.ovn_revision_numbers_db [None req-a5812935-831c-4a36-95ba-8182883a92df 5bfc58b1ddac4776b722463003701c0d f30b901d9cc647c3b12d557147e0f42d - - default default] Successfully bumped revision number for resource 15e2e3c0-82e0-4b74-a490-7554926f992f (type: security_groups) to 1
2026-05-26 07:17:17.386 10 INFO neutron.db.ovn_revision_numbers_db [None req-a5812935-831c-4a36-95ba-8182883a92df 5bfc58b1ddac4776b722463003701c0d f30b901d9cc647c3b12d557147e0f42d - - default default] Successfully bumped revision number for resource 888da3a2-9d73-4714-9115-0f84e44ae3cb (type: security_group_rules) to 0
2026-05-26 07:17:17.389 10 INFO neutron.db.ovn_revision_numbers_db [None req-7c024a59-14a7-4b72-966c-59e615085898 8850e552d79f4f7891df2430027dfc80 3fe2ba2a709c47bdb2d00ee9cfab756a - - default default] Successfully bumped revision number for resource 98374a3e-1aaf-4f9f-8671-526b4b28bc2f (type: ports) to 2
2026-05-26 07:17:17.940 10 INFO neutron.db.ovn_revision_numbers_db [None req-a5812935-831c-4a36-95ba-8182883a92df 5bfc58b1ddac4776b722463003701c0d f30b901d9cc647c3b12d557147e0f42d - - default default] Successfully bumped revision number for resource ca0d9bc8-82e3-4cdb-a167-75dd31c8b7b0 (type: security_group_rules) to 0
2026-05-26 07:17:18.165 10 INFO neutron.db.ovn_revision_numbers_db [None req-7c024a59-14a7-4b72-966c-59e615085898 8850e552d79f4f7891df2430027dfc80 3fe2ba2a709c47bdb2d00ee9cfab756a - - default default] Successfully bumped revision number for resource f64ff9f0-7b08-4d3d-ae2b-a110b1deea95 (type: subnets) to 0
2026-05-26 07:17:18.311 10 INFO neutron.db.ovn_revision_numbers_db [None req-a5812935-831c-4a36-95ba-8182883a92df 5bfc58b1ddac4776b722463003701c0d f30b901d9cc647c3b12d557147e0f42d - - default default] Successfully bumped revision number for resource cdbe17ec-1602-48a1-99ad-bcaa5cc6f863 (type: security_group_rules) to 0
2026-05-26 07:17:18.328 10 INFO neutron.wsgi [None req-7c024a59-14a7-4b72-966c-59e615085898 8850e552d79f4f7891df2430027dfc80 3fe2ba2a709c47bdb2d00ee9cfab756a - - default default] 10.0.0.118 "POST /v2.0/subnets HTTP/1.1" status: 201 len: 833 time: 3.4522796
2026-05-26 07:17:18.534 9 INFO neutron.wsgi [req-b0760eeb-489e-48dd-ae1f-603dd32c07a0 req-00ca2650-c382-4018-b621-c87a90fbcd0f 41e310a16fa044209724ffa0b43b53dc de14e79cd6984ca89a0e4c2655c50c11 - - default default] 10.0.0.20 "GET /v2.0/ports?device_id=bec28c67-ac65-422f-9a02-cf214d50ce83 HTTP/1.1" status: 200 len: 1214 time: 0.1158731
2026-05-26 07:17:18.557 10 INFO neutron.wsgi [None req-4941243d-a007-4f52-94b8-de8ab1c38438 2e7afc4fb3f545329ce49d7ac812ce6a f99b24be61354de78c518d3cd5836449 - - default default] 10.0.0.118 "GET /v2.0/subnetpools?name=shared-default-subnetpool-v6 HTTP/1.1" status: 200 len: 212 time: 0.2149746
2026-05-26 07:17:18.574 10 WARNING neutron_lib.context [None req-c7bb1538-8d56-4c7d-8a25-12e40ef2a3df 8850e552d79f4f7891df2430027dfc80 3fe2ba2a709c47bdb2d00ee9cfab756a - - default default] Method 'is_advsvc' is deprecated since 2023.2 release (neutron-lib 3.8.0) and will be removed once support for the old RBAC API policies will be removed from Neutron. Please use method 'is_service_role' instead.
2026-05-26 07:17:18.586 9 INFO neutron.wsgi [req-b0760eeb-489e-48dd-ae1f-603dd32c07a0 req-070f2d2d-3b93-4832-b1af-44010c28a28d 41e310a16fa044209724ffa0b43b53dc de14e79cd6984ca89a0e4c2655c50c11 - - default default] 10.0.0.20 "GET /v2.0/security-groups?id=d1be6bee-66a2-4e90-b6c6-5093b4c7148a&id=b39e704a-5cd5-4494-9ca2-269baf9c0c1b&fields=id&fields=name HTTP/1.1" status: 200 len: 406 time: 0.0426121
2026-05-26 07:17:18.644 10 INFO neutron.db.ovn_revision_numbers_db [None req-a5812935-831c-4a36-95ba-8182883a92df 5bfc58b1ddac4776b722463003701c0d f30b901d9cc647c3b12d557147e0f42d - - default default] Successfully bumped revision number for resource f353c271-ad6f-4978-b4fc-f8568e2bdc84 (type: security_group_rules) to 0
2026-05-26 07:17:18.699 10 INFO neutron.db.segments_db [None req-a5812935-831c-4a36-95ba-8182883a92df 5bfc58b1ddac4776b722463003701c0d f30b901d9cc647c3b12d557147e0f42d - - default default] Added segment bb420127-bf9e-47f3-b77b-569e81ae275d of type geneve for network 0c58d5ba-402c-45a5-914d-e1ac8d6fa0f4
2026-05-26 07:17:18.873 9 INFO neutron.wsgi [None req-e8e82de6-e46e-4535-bfe3-676f89dcfc0f 16dca6ebd98d408db0baf940363c038e 7b1703a5935a469aa88c4ac9c54792d9 - - default default] 10.0.0.118 "GET /v2.0/ports?device_id=bec28c67-ac65-422f-9a02-cf214d50ce83 HTTP/1.1" status: 200 len: 1447 time: 0.2519951
2026-05-26 07:17:18.950 9 INFO neutron.wsgi [None req-34d90e4a-4e0b-425e-8fb4-0258db0eee89 41e310a16fa044209724ffa0b43b53dc de14e79cd6984ca89a0e4c2655c50c11 - - default default] 10.0.0.118 "GET /v2.0/floatingips?floating_network_id=bc6215b1-51af-4c6e-87b8-3039db2e0092&port_id=e2ef1c14-4453-4e4e-bdb4-622907504d18 HTTP/1.1" status: 200 len: 1055 time: 0.0721660
2026-05-26 07:17:19.333 9 INFO neutron.wsgi [req-c842aa18-380b-4148-94fb-3e9d772048a8 req-69320f49-99ff-49d1-a376-8d3b8ef70203 64b5e3326b72444a8828719a12ccd765 c8983ce9fc3c4f27b24617de3315d595 - - 63d7eea5d34b4b559c1cb1215a02d94b 63d7eea5d34b4b559c1cb1215a02d94b] 10.0.0.119 "GET /v2.0/ports?device_id=bec28c67-ac65-422f-9a02-cf214d50ce83 HTTP/1.1" status: 200 len: 1452 time: 0.1793392
2026-05-26 07:17:19.382 9 INFO neutron.wsgi [req-c842aa18-380b-4148-94fb-3e9d772048a8 req-96ab271f-74a7-4779-bc45-52a3b22d56d7 64b5e3326b72444a8828719a12ccd765 c8983ce9fc3c4f27b24617de3315d595 - - 63d7eea5d34b4b559c1cb1215a02d94b 63d7eea5d34b4b559c1cb1215a02d94b] 10.0.0.119 "GET /v2.0/security-groups?id=d1be6bee-66a2-4e90-b6c6-5093b4c7148a&id=b39e704a-5cd5-4494-9ca2-269baf9c0c1b&fields=id&fields=name HTTP/1.1" status: 200 len: 406 time: 0.0421302
2026-05-26 07:17:20.050 10 WARNING neutron_lib.context [None req-51dda262-858b-42b1-8f33-65e13b8e3384 bd007912bca74fd3b3152cfeb4a032ce 207add87af7b41f6b8565d2754ff4ce2 - - default default] Method 'is_advsvc' is deprecated since 2023.2 release (neutron-lib 3.8.0) and will be removed once support for the old RBAC API policies will be removed from Neutron. Please use method 'is_service_role' instead.
2026-05-26 07:17:20.082 10 WARNING neutron.scheduler.dhcp_agent_scheduler [None req-c7bb1538-8d56-4c7d-8a25-12e40ef2a3df 8850e552d79f4f7891df2430027dfc80 3fe2ba2a709c47bdb2d00ee9cfab756a - - default default] No more DHCP agents
2026-05-26 07:17:20.084 10 WARNING neutron.api.rpc.agentnotifiers.dhcp_rpc_agent_api [None req-c7bb1538-8d56-4c7d-8a25-12e40ef2a3df 8850e552d79f4f7891df2430027dfc80 3fe2ba2a709c47bdb2d00ee9cfab756a - - default default] Unable to schedule network cd5d30a6-2172-4bba-b4ff-f818dc0b77c8: no agents available; will retry on subsequent port and subnet creation events.
2026-05-26 07:17:20.301 10 INFO neutron.db.ovn_revision_numbers_db [None req-a5812935-831c-4a36-95ba-8182883a92df 5bfc58b1ddac4776b722463003701c0d f30b901d9cc647c3b12d557147e0f42d - - default default] Successfully bumped revision number for resource 0c58d5ba-402c-45a5-914d-e1ac8d6fa0f4 (type: networks) to 1
2026-05-26 07:17:20.303 10 INFO neutron.db.ovn_revision_numbers_db [None req-c7bb1538-8d56-4c7d-8a25-12e40ef2a3df 8850e552d79f4f7891df2430027dfc80 3fe2ba2a709c47bdb2d00ee9cfab756a - - default default] Successfully bumped revision number for resource 4b12b32b-43e2-40d5-b3c5-1ff2ffd51d1f (type: subnets) to 0
2026-05-26 07:17:20.555 10 INFO neutron.wsgi [None req-c7bb1538-8d56-4c7d-8a25-12e40ef2a3df 8850e552d79f4f7891df2430027dfc80 3fe2ba2a709c47bdb2d00ee9cfab756a - - default default] 10.0.0.118 "POST /v2.0/subnets HTTP/1.1" status: 201 len: 907 time: 1.9913268
2026-05-26 07:17:20.565 10 WARNING neutron_lib.context [None req-e5902e5e-0f85-49a4-981e-d5086f3a94fa 8850e552d79f4f7891df2430027dfc80 3fe2ba2a709c47bdb2d00ee9cfab756a - - default default] Method 'is_advsvc' is deprecated since 2023.2 release (neutron-lib 3.8.0) and will be removed once support for the old RBAC API policies will be removed from Neutron. Please use method 'is_service_role' instead.
2026-05-26 07:17:20.876 10 WARNING neutron.scheduler.dhcp_agent_scheduler [None req-a5812935-831c-4a36-95ba-8182883a92df 5bfc58b1ddac4776b722463003701c0d f30b901d9cc647c3b12d557147e0f42d - - default default] No more DHCP agents
2026-05-26 07:17:20.886 10 WARNING neutron.api.rpc.agentnotifiers.dhcp_rpc_agent_api [None req-a5812935-831c-4a36-95ba-8182883a92df 5bfc58b1ddac4776b722463003701c0d f30b901d9cc647c3b12d557147e0f42d - - default default] Unable to schedule network 0c58d5ba-402c-45a5-914d-e1ac8d6fa0f4: no agents available; will retry on subsequent port and subnet creation events.
2026-05-26 07:17:20.961 10 INFO neutron.db.segments_db [None req-e5902e5e-0f85-49a4-981e-d5086f3a94fa 8850e552d79f4f7891df2430027dfc80 3fe2ba2a709c47bdb2d00ee9cfab756a - - default default] Added segment 6b2d5d2c-f9be-48fb-b764-815d682d9f71 of type geneve for network 1970e6b9-9d91-4f0a-b870-9e4d60c2dc84
2026-05-26 07:17:21.079 10 INFO neutron.db.ovn_revision_numbers_db [None req-51dda262-858b-42b1-8f33-65e13b8e3384 bd007912bca74fd3b3152cfeb4a032ce 207add87af7b41f6b8565d2754ff4ce2 - - default default] Successfully bumped revision number for resource 673d72ec-d5cb-4a07-88f6-b64135ae1405 (type: security_groups) to 1
2026-05-26 07:17:21.105 10 INFO neutron.db.ovn_revision_numbers_db [None req-a5812935-831c-4a36-95ba-8182883a92df 5bfc58b1ddac4776b722463003701c0d f30b901d9cc647c3b12d557147e0f42d - - default default] Successfully bumped revision number for resource 322891b1-83a6-4be5-b5b7-e77483402dc1 (type: ports) to 1
2026-05-26 07:17:21.138 10 INFO neutron.db.ovn_revision_numbers_db [None req-51dda262-858b-42b1-8f33-65e13b8e3384 bd007912bca74fd3b3152cfeb4a032ce 207add87af7b41f6b8565d2754ff4ce2 - - default default] Successfully bumped revision number for resource 31b6f9db-aa04-45c3-814a-787972878f10 (type: security_group_rules) to 0
2026-05-26 07:17:21.340 10 INFO neutron.db.ovn_revision_numbers_db [None req-51dda262-858b-42b1-8f33-65e13b8e3384 bd007912bca74fd3b3152cfeb4a032ce 207add87af7b41f6b8565d2754ff4ce2 - - default default] Successfully bumped revision number for resource 3619bfce-a1ec-4375-bcda-508f983840c1 (type: security_group_rules) to 0
2026-05-26 07:17:21.551 10 INFO neutron.wsgi [None req-a5812935-831c-4a36-95ba-8182883a92df 5bfc58b1ddac4776b722463003701c0d f30b901d9cc647c3b12d557147e0f42d - - default default] 10.0.0.118 "POST /v2.0/networks HTTP/1.1" status: 201 len: 830 time: 6.3161182
2026-05-26 07:17:21.551 10 INFO neutron.db.ovn_revision_numbers_db [None req-e5902e5e-0f85-49a4-981e-d5086f3a94fa 8850e552d79f4f7891df2430027dfc80 3fe2ba2a709c47bdb2d00ee9cfab756a - - default default] Successfully bumped revision number for resource 1970e6b9-9d91-4f0a-b870-9e4d60c2dc84 (type: networks) to 1
2026-05-26 07:17:21.563 9 WARNING neutron_lib.context [None req-95cf481d-a480-413b-95ed-7782b41fec0e 5bfc58b1ddac4776b722463003701c0d f30b901d9cc647c3b12d557147e0f42d - - default default] Method 'is_advsvc' is deprecated since 2023.2 release (neutron-lib 3.8.0) and will be removed once support for the old RBAC API policies will be removed from Neutron. Please use method 'is_service_role' instead.
2026-05-26 07:17:21.564 10 INFO neutron.db.ovn_revision_numbers_db [None req-51dda262-858b-42b1-8f33-65e13b8e3384 bd007912bca74fd3b3152cfeb4a032ce 207add87af7b41f6b8565d2754ff4ce2 - - default default] Successfully bumped revision number for resource b2542912-8fa2-424a-ab75-6f6c1674da90 (type: security_group_rules) to 0
2026-05-26 07:17:21.640 10 INFO neutron.db.ovn_revision_numbers_db [None req-51dda262-858b-42b1-8f33-65e13b8e3384 bd007912bca74fd3b3152cfeb4a032ce 207add87af7b41f6b8565d2754ff4ce2 - - default default] Successfully bumped revision number for resource dcf1ed15-c6ec-4f5f-b4f3-d0e6db8b4ab2 (type: security_group_rules) to 0
2026-05-26 07:17:21.727 9 INFO neutron.db.segments_db [None req-95cf481d-a480-413b-95ed-7782b41fec0e 5bfc58b1ddac4776b722463003701c0d f30b901d9cc647c3b12d557147e0f42d - - default default] Added segment ea780755-e8b1-4152-a083-fbd816dc4574 of type geneve for network 5e1ec46b-8049-41d5-aaf2-3ac542d90ee6
2026-05-26 07:17:21.736 10 INFO neutron.db.segments_db [None req-51dda262-858b-42b1-8f33-65e13b8e3384 bd007912bca74fd3b3152cfeb4a032ce 207add87af7b41f6b8565d2754ff4ce2 - - default default] Added segment 719eb197-acdb-44bb-b56b-d22654c515f5 of type geneve for network b8f3a573-b046-4548-8a6b-523e872b2886
2026-05-26 07:17:21.962 10 WARNING neutron.scheduler.dhcp_agent_scheduler [None req-e5902e5e-0f85-49a4-981e-d5086f3a94fa 8850e552d79f4f7891df2430027dfc80 3fe2ba2a709c47bdb2d00ee9cfab756a - - default default] No more DHCP agents
2026-05-26 07:17:21.966 10 WARNING neutron.api.rpc.agentnotifiers.dhcp_rpc_agent_api [None req-e5902e5e-0f85-49a4-981e-d5086f3a94fa 8850e552d79f4f7891df2430027dfc80 3fe2ba2a709c47bdb2d00ee9cfab756a - - default default] Unable to schedule network 1970e6b9-9d91-4f0a-b870-9e4d60c2dc84: no agents available; will retry on subsequent port and subnet creation events.
2026-05-26 07:17:21.977 9 INFO neutron.db.ovn_revision_numbers_db [None req-95cf481d-a480-413b-95ed-7782b41fec0e 5bfc58b1ddac4776b722463003701c0d f30b901d9cc647c3b12d557147e0f42d - - default default] Successfully bumped revision number for resource 5e1ec46b-8049-41d5-aaf2-3ac542d90ee6 (type: networks) to 1
2026-05-26 07:17:22.060 10 INFO neutron.db.ovn_revision_numbers_db [None req-51dda262-858b-42b1-8f33-65e13b8e3384 bd007912bca74fd3b3152cfeb4a032ce 207add87af7b41f6b8565d2754ff4ce2 - - default default] Successfully bumped revision number for resource b8f3a573-b046-4548-8a6b-523e872b2886 (type: networks) to 1
2026-05-26 07:17:22.140 10 INFO neutron.db.ovn_revision_numbers_db [None req-e5902e5e-0f85-49a4-981e-d5086f3a94fa 8850e552d79f4f7891df2430027dfc80 3fe2ba2a709c47bdb2d00ee9cfab756a - - default default] Successfully bumped revision number for resource 41934e6d-581a-4e63-a850-62dfbd815afd (type: ports) to 1
2026-05-26 07:17:22.198 10 INFO neutron.wsgi [None req-e5902e5e-0f85-49a4-981e-d5086f3a94fa 8850e552d79f4f7891df2430027dfc80 3fe2ba2a709c47bdb2d00ee9cfab756a - - default default] 10.0.0.118 "POST /v2.0/networks HTTP/1.1" status: 201 len: 837 time: 1.6390672
2026-05-26 07:17:22.223 9 WARNING neutron_lib.context [None req-728fbf96-555a-4a50-8de8-4553066dd11a 8850e552d79f4f7891df2430027dfc80 3fe2ba2a709c47bdb2d00ee9cfab756a - - default default] Method 'is_advsvc' is deprecated since 2023.2 release (neutron-lib 3.8.0) and will be removed once support for the old RBAC API policies will be removed from Neutron. Please use method 'is_service_role' instead.
2026-05-26 07:17:22.328 10 INFO neutron.plugins.ml2.drivers.ovn.mech_driver.mech_driver [None req-54f8cc44-4c16-45db-ac11-959a53c9ead9 - - - - - -] OVN reports status down for port: e2ef1c14-4453-4e4e-bdb4-622907504d18
2026-05-26 07:17:22.440 10 INFO neutron.wsgi [req-c3c4daa5-d694-4eda-874e-1570ba42b6b7 req-fafe8586-ceee-4e38-bcdd-7f448c680d0f 41e310a16fa044209724ffa0b43b53dc de14e79cd6984ca89a0e4c2655c50c11 - - default default] 10.0.0.20 "GET /v2.0/ports?device_id=bec28c67-ac65-422f-9a02-cf214d50ce83 HTTP/1.1" status: 200 len: 1214 time: 0.1748290
2026-05-26 07:17:22.444 9 WARNING neutron.scheduler.dhcp_agent_scheduler [None req-95cf481d-a480-413b-95ed-7782b41fec0e 5bfc58b1ddac4776b722463003701c0d f30b901d9cc647c3b12d557147e0f42d - - default default] No more DHCP agents
2026-05-26 07:17:22.445 9 WARNING neutron.api.rpc.agentnotifiers.dhcp_rpc_agent_api [None req-95cf481d-a480-413b-95ed-7782b41fec0e 5bfc58b1ddac4776b722463003701c0d f30b901d9cc647c3b12d557147e0f42d - - default default] Unable to schedule network 5e1ec46b-8049-41d5-aaf2-3ac542d90ee6: no agents available; will retry on subsequent port and subnet creation events.
2026-05-26 07:17:22.515 10 INFO neutron.wsgi [req-c3c4daa5-d694-4eda-874e-1570ba42b6b7 req-2da815ad-9f02-4c13-986b-9ec402fde9f6 41e310a16fa044209724ffa0b43b53dc de14e79cd6984ca89a0e4c2655c50c11 - - default default] 10.0.0.20 "GET /v2.0/security-groups?id=d1be6bee-66a2-4e90-b6c6-5093b4c7148a&id=b39e704a-5cd5-4494-9ca2-269baf9c0c1b&fields=id&fields=name HTTP/1.1" status: 200 len: 406 time: 0.0663126
2026-05-26 07:17:22.727 10 WARNING neutron.scheduler.dhcp_agent_scheduler [None req-51dda262-858b-42b1-8f33-65e13b8e3384 bd007912bca74fd3b3152cfeb4a032ce 207add87af7b41f6b8565d2754ff4ce2 - - default default] No more DHCP agents
2026-05-26 07:17:22.732 10 WARNING neutron.api.rpc.agentnotifiers.dhcp_rpc_agent_api [None req-51dda262-858b-42b1-8f33-65e13b8e3384 bd007912bca74fd3b3152cfeb4a032ce 207add87af7b41f6b8565d2754ff4ce2 - - default default] Unable to schedule network b8f3a573-b046-4548-8a6b-523e872b2886: no agents available; will retry on subsequent port and subnet creation events.
2026-05-26 07:17:22.785 9 INFO neutron.db.ovn_revision_numbers_db [None req-95cf481d-a480-413b-95ed-7782b41fec0e 5bfc58b1ddac4776b722463003701c0d f30b901d9cc647c3b12d557147e0f42d - - default default] Successfully bumped revision number for resource f5c756b1-98e7-42cc-97b1-fa7cc30ece0e (type: ports) to 1
2026-05-26 07:17:22.831 9 INFO neutron.wsgi [None req-95cf481d-a480-413b-95ed-7782b41fec0e 5bfc58b1ddac4776b722463003701c0d f30b901d9cc647c3b12d557147e0f42d - - default default] 10.0.0.118 "POST /v2.0/networks HTTP/1.1" status: 201 len: 831 time: 1.2747540
2026-05-26 07:17:22.919 10 INFO neutron.wsgi [req-0007bf41-4e77-480c-aed5-cc53ca72b7ba req-52671426-2e7c-4ac0-a599-c8655a405496 41e310a16fa044209724ffa0b43b53dc de14e79cd6984ca89a0e4c2655c50c11 - - default default] 199.204.45.109 "GET /v2.0/ports?device_id=bec28c67-ac65-422f-9a02-cf214d50ce83 HTTP/1.1" status: 200 len: 1214 time: 0.0901587
2026-05-26 07:17:23.007 10 INFO neutron.notifiers.nova [-] Nova event matching ['req-91560bf9-c851-4d4e-827d-bbbc657696c6'] response: {'server_uuid': 'bec28c67-ac65-422f-9a02-cf214d50ce83', 'name': 'network-vif-unplugged', 'status': 'completed', 'tag': 'e2ef1c14-4453-4e4e-bdb4-622907504d18', 'code': 200}
2026-05-26 07:17:23.021 10 INFO neutron.db.ovn_revision_numbers_db [None req-51dda262-858b-42b1-8f33-65e13b8e3384 bd007912bca74fd3b3152cfeb4a032ce 207add87af7b41f6b8565d2754ff4ce2 - - default default] Successfully bumped revision number for resource c1d38f8f-7355-4ca0-9cb3-f89284d37b31 (type: ports) to 1
2026-05-26 07:17:23.170 9 INFO neutron.wsgi [None req-26563d31-8634-4b93-8b25-ac0fa73ede24 5bfc58b1ddac4776b722463003701c0d f30b901d9cc647c3b12d557147e0f42d - - default default] 10.0.0.118 "PUT /v2.0/networks/0c58d5ba-402c-45a5-914d-e1ac8d6fa0f4/tags HTTP/1.1" status: 200 len: 218 time: 0.3317270
2026-05-26 07:17:23.208 9 WARNING neutron.scheduler.dhcp_agent_scheduler [None req-728fbf96-555a-4a50-8de8-4553066dd11a 8850e552d79f4f7891df2430027dfc80 3fe2ba2a709c47bdb2d00ee9cfab756a - - default default] No more DHCP agents
2026-05-26 07:17:23.211 9 WARNING neutron.api.rpc.agentnotifiers.dhcp_rpc_agent_api [None req-728fbf96-555a-4a50-8de8-4553066dd11a 8850e552d79f4f7891df2430027dfc80 3fe2ba2a709c47bdb2d00ee9cfab756a - - default default] Unable to schedule network 1970e6b9-9d91-4f0a-b870-9e4d60c2dc84: no agents available; will retry on subsequent port and subnet creation events.
2026-05-26 07:17:23.302 10 INFO neutron.wsgi [None req-263f8294-dad1-484c-ab59-a2bb46742869 5bfc58b1ddac4776b722463003701c0d f30b901d9cc647c3b12d557147e0f42d - - default default] 10.0.0.118 "GET /v2.0/networks/0c58d5ba-402c-45a5-914d-e1ac8d6fa0f4/tags HTTP/1.1" status: 200 len: 218 time: 0.1258538
2026-05-26 07:17:23.652 10 INFO neutron.wsgi [None req-51dda262-858b-42b1-8f33-65e13b8e3384 bd007912bca74fd3b3152cfeb4a032ce 207add87af7b41f6b8565d2754ff4ce2 - - default default] 10.0.0.118 "POST /v2.0/networks HTTP/1.1" status: 201 len: 832 time: 3.7009838
2026-05-26 07:17:23.678 9 INFO neutron.wsgi [None req-241036cf-76cb-48c0-8af9-09212105ebd7 5bfc58b1ddac4776b722463003701c0d f30b901d9cc647c3b12d557147e0f42d - - default default] 10.0.0.118 "PUT /v2.0/networks/5e1ec46b-8049-41d5-aaf2-3ac542d90ee6/tags HTTP/1.1" status: 200 len: 210 time: 0.3702023
2026-05-26 07:17:23.683 10 WARNING neutron_lib.context [None req-b1fc7b41-95d9-4c81-8330-af01f251b374 bd007912bca74fd3b3152cfeb4a032ce 207add87af7b41f6b8565d2754ff4ce2 - - default default] Method 'is_advsvc' is deprecated since 2023.2 release (neutron-lib 3.8.0) and will be removed once support for the old RBAC API policies will be removed from Neutron. Please use method 'is_service_role' instead.
2026-05-26 07:17:23.737 9 INFO neutron.wsgi [None req-7c2f963b-f8b1-4651-bf8d-5411e6f5c8e6 5bfc58b1ddac4776b722463003701c0d f30b901d9cc647c3b12d557147e0f42d - - default default] 10.0.0.118 "GET /v2.0/networks/5e1ec46b-8049-41d5-aaf2-3ac542d90ee6/tags HTTP/1.1" status: 200 len: 210 time: 0.0523815
2026-05-26 07:17:23.748 10 INFO neutron.wsgi [req-04fc0b82-fcda-4e1b-a3b6-1126c0ca9dc5 req-9e035982-9ae2-424a-b892-28641ed477e3 41e310a16fa044209724ffa0b43b53dc de14e79cd6984ca89a0e4c2655c50c11 - - default default] 10.0.0.20 "GET /v2.0/ports?device_id=bec28c67-ac65-422f-9a02-cf214d50ce83 HTTP/1.1" status: 200 len: 1212 time: 0.1029892
2026-05-26 07:17:23.892 10 INFO neutron.wsgi [req-04fc0b82-fcda-4e1b-a3b6-1126c0ca9dc5 req-40d3f638-7b48-43c7-bcff-0cb56f82a5e9 41e310a16fa044209724ffa0b43b53dc de14e79cd6984ca89a0e4c2655c50c11 - - default default] 10.0.0.20 "GET /v2.0/security-groups?id=d1be6bee-66a2-4e90-b6c6-5093b4c7148a&id=b39e704a-5cd5-4494-9ca2-269baf9c0c1b&fields=id&fields=name HTTP/1.1" status: 200 len: 406 time: 0.1360977
2026-05-26 07:17:23.901 9 INFO neutron.wsgi [None req-2b0642bb-7924-4180-b73a-da05db7852d1 5bfc58b1ddac4776b722463003701c0d f30b901d9cc647c3b12d557147e0f42d - - default default] 10.0.0.118 "PUT /v2.0/networks/5e1ec46b-8049-41d5-aaf2-3ac542d90ee6/tags HTTP/1.1" status: 200 len: 205 time: 0.1594691
2026-05-26 07:17:23.953 10 INFO neutron.db.l3_db [req-0007bf41-4e77-480c-aed5-cc53ca72b7ba req-077ecf15-d211-44cd-86a5-aca8b17f5823 41e310a16fa044209724ffa0b43b53dc de14e79cd6984ca89a0e4c2655c50c11 - - default default] Floating IP baa99c76-cc41-48d7-9fa2-7c9f4aadfe10 disassociated. External IP: 10.96.250.210, port: e2ef1c14-4453-4e4e-bdb4-622907504d18.
2026-05-26 07:17:24.011 9 INFO neutron.wsgi [None req-a6d28e7c-34b9-433b-ba25-d7bdd688bc44 5bfc58b1ddac4776b722463003701c0d f30b901d9cc647c3b12d557147e0f42d - - default default] 10.0.0.118 "GET /v2.0/networks/5e1ec46b-8049-41d5-aaf2-3ac542d90ee6/tags HTTP/1.1" status: 200 len: 205 time: 0.1037736
2026-05-26 07:17:24.082 10 INFO neutron.wsgi [None req-440531dd-8251-4f0d-9f1a-ecdf3c501118 5bfc58b1ddac4776b722463003701c0d f30b901d9cc647c3b12d557147e0f42d - - default default] 10.0.0.118 "GET /v2.0/networks/0c58d5ba-402c-45a5-914d-e1ac8d6fa0f4/tags HTTP/1.1" status: 200 len: 218 time: 0.0649471
2026-05-26 07:17:24.226 10 INFO neutron.db.ovn_revision_numbers_db [None req-54f8cc44-4c16-45db-ac11-959a53c9ead9 - - - - - -] Successfully bumped revision number for resource e2ef1c14-4453-4e4e-bdb4-622907504d18 (type: ports) to 5
2026-05-26 07:17:24.391 9 INFO neutron.db.ovn_revision_numbers_db [None req-728fbf96-555a-4a50-8de8-4553066dd11a 8850e552d79f4f7891df2430027dfc80 3fe2ba2a709c47bdb2d00ee9cfab756a - - default default] Successfully bumped revision number for resource 41934e6d-581a-4e63-a850-62dfbd815afd (type: ports) to 2
2026-05-26 07:17:24.410 10 INFO neutron.wsgi [req-0007bf41-4e77-480c-aed5-cc53ca72b7ba req-077ecf15-d211-44cd-86a5-aca8b17f5823 41e310a16fa044209724ffa0b43b53dc de14e79cd6984ca89a0e4c2655c50c11 - - default default] 199.204.45.109 "DELETE /v2.0/ports/e2ef1c14-4453-4e4e-bdb4-622907504d18 HTTP/1.1" status: 204 len: 173 time: 1.4772613
2026-05-26 07:17:24.608 9 INFO neutron.db.ovn_revision_numbers_db [None req-728fbf96-555a-4a50-8de8-4553066dd11a 8850e552d79f4f7891df2430027dfc80 3fe2ba2a709c47bdb2d00ee9cfab756a - - default default] Successfully bumped revision number for resource 89adbb83-26a0-426b-b658-a9efa1a16102 (type: subnets) to 0
2026-05-26 07:17:24.852 9 INFO neutron.wsgi [None req-728fbf96-555a-4a50-8de8-4553066dd11a 8850e552d79f4f7891df2430027dfc80 3fe2ba2a709c47bdb2d00ee9cfab756a - - default default] 10.0.0.118 "POST /v2.0/subnets HTTP/1.1" status: 201 len: 831 time: 2.6388676 /var/lib/openstack/lib/python3.10/site-packages/pycadf/identifier.py:71: UserWarning: Invalid uuid: neutron. To ensure interoperability, identifiers should be a valid uuid. warnings.warn(('Invalid uuid: %s. To ensure interoperability, '
2026-05-26 07:17:24.864 9 WARNING neutron_lib.context [None req-9f5d49b9-a7c9-4690-9380-9d10388f8bfa 8850e552d79f4f7891df2430027dfc80 3fe2ba2a709c47bdb2d00ee9cfab756a - - default default] Method 'is_advsvc' is deprecated since 2023.2 release (neutron-lib 3.8.0) and will be removed once support for the old RBAC API policies will be removed from Neutron. Please use method 'is_service_role' instead.
2026-05-26 07:17:24.993 10 WARNING neutron.scheduler.dhcp_agent_scheduler [None req-b1fc7b41-95d9-4c81-8330-af01f251b374 bd007912bca74fd3b3152cfeb4a032ce 207add87af7b41f6b8565d2754ff4ce2 - - default default] No more DHCP agents
2026-05-26 07:17:24.998 10 WARNING neutron.api.rpc.agentnotifiers.dhcp_rpc_agent_api [None req-b1fc7b41-95d9-4c81-8330-af01f251b374 bd007912bca74fd3b3152cfeb4a032ce 207add87af7b41f6b8565d2754ff4ce2 - - default default] Unable to schedule network bc6215b1-51af-4c6e-87b8-3039db2e0092: no agents available; will retry on subsequent port and subnet creation events.
2026-05-26 07:17:25.007 9 INFO neutron.wsgi [req-7f643ea2-fe65-44fb-848d-9ab6cf270b4e req-2b442151-dafd-4aa0-8984-9b6aed8f8a13 41e310a16fa044209724ffa0b43b53dc de14e79cd6984ca89a0e4c2655c50c11 - - default default] 10.0.0.20 "GET /v2.0/ports?device_id=bec28c67-ac65-422f-9a02-cf214d50ce83 HTTP/1.1" status: 200 len: 210 time: 0.0257292
2026-05-26 07:17:25.058 10 INFO neutron.notifiers.nova [-] Nova event matching ['req-3ffd4d24-ee1e-44a6-b35f-93ab7ba002b5'] response: {'server_uuid': 'bec28c67-ac65-422f-9a02-cf214d50ce83', 'name': 'network-vif-unplugged', 'status': 'completed', 'tag': 'e2ef1c14-4453-4e4e-bdb4-622907504d18', 'code': 200}
2026-05-26 07:17:25.059 10 INFO neutron.notifiers.nova [-] Nova event matching ['req-3ffd4d24-ee1e-44a6-b35f-93ab7ba002b5'] response: {'server_uuid': 'bec28c67-ac65-422f-9a02-cf214d50ce83', 'name': 'network-vif-deleted', 'tag': 'e2ef1c14-4453-4e4e-bdb4-622907504d18', 'status': 'completed', 'code': 200}
2026-05-26 07:17:25.153 10 INFO neutron.services.segments.plugin [-] Segment bb420127-bf9e-47f3-b77b-569e81ae275d resource provider aggregate not found
2026-05-26 07:17:25.157 10 INFO neutron.services.segments.plugin [-] Segment bb420127-bf9e-47f3-b77b-569e81ae275d resource provider aggregate not found
2026-05-26 07:17:25.175 10 INFO neutron.services.segments.plugin [-] Segment bb420127-bf9e-47f3-b77b-569e81ae275d resource provider not found; error: Placement Client Error (4xx): {"errors": [{"status": 404, "title": "Not Found", "detail": "The resource could not be found.\n\n No resource provider with uuid bb420127-bf9e-47f3-b77b-569e81ae275d found for delete ", "request_id": "req-5963c549-1c72-4adf-923c-96728303aa34"}]}
2026-05-26 07:17:25.177 10 INFO neutron.services.segments.plugin [-] Segment bb420127-bf9e-47f3-b77b-569e81ae275d resource provider not found; error: Placement Client Error (4xx): {"errors": [{"status": 404, "title": "Not Found", "detail": "The resource could not be found.\n\n No resource provider with uuid bb420127-bf9e-47f3-b77b-569e81ae275d found for delete ", "request_id": "req-f5263462-416e-4b64-8155-09fea17e0eec"}]}
2026-05-26 07:17:25.532 10 INFO neutron.db.ovn_revision_numbers_db [None req-b1fc7b41-95d9-4c81-8330-af01f251b374 bd007912bca74fd3b3152cfeb4a032ce 207add87af7b41f6b8565d2754ff4ce2 - - default default] Successfully bumped revision number for resource a5cf9873-291c-4a2f-b3c8-744fd20a85b3 (type: ports) to 1
2026-05-26 07:17:25.574 10 INFO neutron.wsgi [None req-46c0f37e-d01a-4eaf-870a-93e73f66d6dd 5bfc58b1ddac4776b722463003701c0d f30b901d9cc647c3b12d557147e0f42d - - default default] 10.0.0.118 "DELETE /v2.0/networks/0c58d5ba-402c-45a5-914d-e1ac8d6fa0f4 HTTP/1.1" status: 204 len: 168 time: 1.4816735
2026-05-26 07:17:25.805 9 WARNING neutron.scheduler.dhcp_agent_scheduler [None req-9f5d49b9-a7c9-4690-9380-9d10388f8bfa 8850e552d79f4f7891df2430027dfc80 3fe2ba2a709c47bdb2d00ee9cfab756a - - default default] No more DHCP agents
2026-05-26 07:17:25.810 9 WARNING neutron.api.rpc.agentnotifiers.dhcp_rpc_agent_api [None req-9f5d49b9-a7c9-4690-9380-9d10388f8bfa 8850e552d79f4f7891df2430027dfc80 3fe2ba2a709c47bdb2d00ee9cfab756a - - default default] Unable to schedule network 1970e6b9-9d91-4f0a-b870-9e4d60c2dc84: no agents available; will retry on subsequent port and subnet creation events.
2026-05-26 07:17:25.914 9 INFO neutron.db.ovn_revision_numbers_db [None req-9f5d49b9-a7c9-4690-9380-9d10388f8bfa 8850e552d79f4f7891df2430027dfc80 3fe2ba2a709c47bdb2d00ee9cfab756a - - default default] Successfully bumped revision number for resource 1a485958-7941-4c6d-b282-dd30fde58519 (type: subnets) to 0
2026-05-26 07:17:25.945 9 INFO neutron.wsgi [None req-9f5d49b9-a7c9-4690-9380-9d10388f8bfa 8850e552d79f4f7891df2430027dfc80 3fe2ba2a709c47bdb2d00ee9cfab756a - - default default] 10.0.0.118 "POST /v2.0/subnets HTTP/1.1" status: 201 len: 901 time: 1.0881281
2026-05-26 07:17:25.955 9 WARNING neutron_lib.context [None req-fd1c3ccd-e841-4815-89a8-4344b1cdd1ea 8850e552d79f4f7891df2430027dfc80 3fe2ba2a709c47bdb2d00ee9cfab756a - - default default] Method 'is_advsvc' is deprecated since 2023.2 release (neutron-lib 3.8.0) and will be removed once support for the old RBAC API policies will be removed from Neutron. Please use method 'is_service_role' instead.
2026-05-26 07:17:26.130 9 INFO neutron.services.segments.plugin [-] Segment ea780755-e8b1-4152-a083-fbd816dc4574 resource provider aggregate not found
2026-05-26 07:17:26.135 9 INFO neutron.services.segments.plugin [-] Segment ea780755-e8b1-4152-a083-fbd816dc4574 resource provider aggregate not found
2026-05-26 07:17:26.150 9 INFO neutron.services.segments.plugin [-] Segment ea780755-e8b1-4152-a083-fbd816dc4574 resource provider not found; error: Placement Client Error (4xx): {"errors": [{"status": 404, "title": "Not Found", "detail": "The resource could not be found.\n\n No resource provider with uuid ea780755-e8b1-4152-a083-fbd816dc4574 found for delete ", "request_id": "req-15bb43ef-9fdf-4954-a94b-054cea2cc3b3"}]}
2026-05-26 07:17:26.152 9 INFO neutron.services.segments.plugin [-] Segment ea780755-e8b1-4152-a083-fbd816dc4574 resource provider not found; error: Placement Client Error (4xx): {"errors": [{"status": 404, "title": "Not Found", "detail": "The resource could not be found.\n\n No resource provider with uuid ea780755-e8b1-4152-a083-fbd816dc4574 found for delete ", "request_id": "req-3972cee6-b8fa-472d-ab91-dabc3bcd0db6"}]}
2026-05-26 07:17:26.177 9 INFO neutron.db.segments_db [None req-fd1c3ccd-e841-4815-89a8-4344b1cdd1ea 8850e552d79f4f7891df2430027dfc80 3fe2ba2a709c47bdb2d00ee9cfab756a - - default default] Added segment b6ed2b23-4b65-4743-97c4-c163939df5de of type geneve for network ca7b7bc0-b93e-41da-9416-3e6815434a6e
2026-05-26 07:17:26.376 10 INFO neutron.plugins.ml2.drivers.ovn.mech_driver.ovsdb.commands [None req-b4745a39-e0cf-4af8-ae39-b461dc566a6d - - - - - -] Schedule LRP lrp-a5cf9873-291c-4a2f-b3c8-744fd20a85b3 on gateway ea714044-8572-4e36-b235-29e191bbf71e with priority 1
2026-05-26 07:17:26.569 9 INFO neutron.plugins.ml2.drivers.ovn.mech_driver.mech_driver [None req-b83ae8e1-2045-404e-9a70-1fbaa3a64fb0 - - - - - -] OVN reports status up for port: a5cf9873-291c-4a2f-b3c8-744fd20a85b3
2026-05-26 07:17:26.582 9 INFO neutron.plugins.ml2.plugin [None req-b83ae8e1-2045-404e-9a70-1fbaa3a64fb0 - - - - - -] Attempt 1 to provision port a5cf9873-291c-4a2f-b3c8-744fd20a85b3
2026-05-26 07:17:26.818 10 INFO neutron.plugins.ml2.drivers.ovn.mech_driver.ovsdb.ovsdb_monitor [None req-be764e7a-c85d-4dde-a1c8-a5bc7b46ee79 - - - - - -] Router a12e390f-8ecb-4e94-96b6-de1e3d68692e is bound to host instance
2026-05-26 07:17:27.394 9 INFO neutron.wsgi [None req-63c93353-17f7-40f5-b934-b255bae8e000 5bfc58b1ddac4776b722463003701c0d f30b901d9cc647c3b12d557147e0f42d - - default default] 10.0.0.118 "DELETE /v2.0/networks/5e1ec46b-8049-41d5-aaf2-3ac542d90ee6 HTTP/1.1" status: 204 len: 168 time: 1.8113859
2026-05-26 07:17:27.519 10 INFO neutron.db.ovn_revision_numbers_db [None req-b1fc7b41-95d9-4c81-8330-af01f251b374 bd007912bca74fd3b3152cfeb4a032ce 207add87af7b41f6b8565d2754ff4ce2 - - default default] Successfully bumped revision number for resource a5cf9873-291c-4a2f-b3c8-744fd20a85b3 (type: router_ports) to 1
2026-05-26 07:17:27.589 9 INFO neutron.db.ovn_revision_numbers_db [None req-fd1c3ccd-e841-4815-89a8-4344b1cdd1ea 8850e552d79f4f7891df2430027dfc80 3fe2ba2a709c47bdb2d00ee9cfab756a - - default default] Successfully bumped revision number for resource ca7b7bc0-b93e-41da-9416-3e6815434a6e (type: networks) to 1
2026-05-26 07:17:27.632 9 INFO neutron.wsgi [None req-c045abfa-3cb0-47b6-b58c-5c22376eb738 41e310a16fa044209724ffa0b43b53dc de14e79cd6984ca89a0e4c2655c50c11 - - default default] 10.0.0.118 "DELETE /v2.0/security-groups/d1be6bee-66a2-4e90-b6c6-5093b4c7148a HTTP/1.1" status: 204 len: 168 time: 1.0132060
2026-05-26 07:17:27.653 10 INFO neutron.api.v2.resource [None req-cc132559-6f84-4578-bff1-4d8e2a75cb2c 41e310a16fa044209724ffa0b43b53dc de14e79cd6984ca89a0e4c2655c50c11 - - default default] show failed (client error): The resource could not be found.
2026-05-26 07:17:27.654 10 INFO neutron.wsgi [None req-cc132559-6f84-4578-bff1-4d8e2a75cb2c 41e310a16fa044209724ffa0b43b53dc de14e79cd6984ca89a0e4c2655c50c11 - - default default] 10.0.0.118 "GET /v2.0/security-groups/d1be6bee-66a2-4e90-b6c6-5093b4c7148a HTTP/1.1" status: 404 len: 347 time: 0.0139253
2026-05-26 07:17:27.996 10 INFO neutron.db.ovn_revision_numbers_db [None req-b1fc7b41-95d9-4c81-8330-af01f251b374 bd007912bca74fd3b3152cfeb4a032ce 207add87af7b41f6b8565d2754ff4ce2 - - default default] Successfully bumped revision number for resource a12e390f-8ecb-4e94-96b6-de1e3d68692e (type: routers) to 2
2026-05-26 07:17:28.265 9 WARNING neutron.scheduler.dhcp_agent_scheduler [None req-fd1c3ccd-e841-4815-89a8-4344b1cdd1ea 8850e552d79f4f7891df2430027dfc80 3fe2ba2a709c47bdb2d00ee9cfab756a - - default default] No more DHCP agents
2026-05-26 07:17:28.270 9 WARNING neutron.api.rpc.agentnotifiers.dhcp_rpc_agent_api [None req-fd1c3ccd-e841-4815-89a8-4344b1cdd1ea 8850e552d79f4f7891df2430027dfc80 3fe2ba2a709c47bdb2d00ee9cfab756a - - default default] Unable to schedule network ca7b7bc0-b93e-41da-9416-3e6815434a6e: no agents available; will retry on subsequent port and subnet creation events.
2026-05-26 07:17:28.430 10 INFO neutron.wsgi [None req-b1fc7b41-95d9-4c81-8330-af01f251b374 bd007912bca74fd3b3152cfeb4a032ce 207add87af7b41f6b8565d2754ff4ce2 - - default default] 10.0.0.118 "POST /v2.0/routers HTTP/1.1" status: 201 len: 1154 time: 4.7636170
2026-05-26 07:17:28.508 9 INFO neutron.wsgi [None req-52d4648e-8eff-4b95-9454-2bf6ad64f34c 41e310a16fa044209724ffa0b43b53dc de14e79cd6984ca89a0e4c2655c50c11 - - default default] 10.0.0.118 "DELETE /v2.0/floatingips/baa99c76-cc41-48d7-9fa2-7c9f4aadfe10 HTTP/1.1" status: 204 len: 168 time: 0.8484497
2026-05-26 07:17:28.604 9 INFO neutron.db.ovn_revision_numbers_db [None req-fd1c3ccd-e841-4815-89a8-4344b1cdd1ea 8850e552d79f4f7891df2430027dfc80 3fe2ba2a709c47bdb2d00ee9cfab756a - - default default] Successfully bumped revision number for resource 6e09cda0-08dd-4be6-84de-4914368eab3e (type: ports) to 1
2026-05-26 07:17:28.648 10 INFO neutron.wsgi [None req-8ad029e4-0755-4e01-86a9-2f3446737b34 8bf951ca332f43409b4b34ab3469f287 25739de1fac34f938fe88b325136c0f4 - - default default] 10.0.0.118 "GET /v2.0/subnets?project_id=207add87af7b41f6b8565d2754ff4ce2&cidr=10.100.0.0%2F28 HTTP/1.1" status: 200 len: 207 time: 0.2121384
2026-05-26 07:17:28.717 9 INFO neutron.wsgi [None req-fd1c3ccd-e841-4815-89a8-4344b1cdd1ea 8850e552d79f4f7891df2430027dfc80 3fe2ba2a709c47bdb2d00ee9cfab756a - - default default] 10.0.0.118 "POST /v2.0/networks HTTP/1.1" status: 201 len: 837 time: 2.7657869
2026-05-26 07:17:28.742 9 WARNING neutron_lib.context [None req-28970492-3de3-4d50-9935-623890ca828a 8850e552d79f4f7891df2430027dfc80 3fe2ba2a709c47bdb2d00ee9cfab756a - - default default] Method 'is_advsvc' is deprecated since 2023.2 release (neutron-lib 3.8.0) and will be removed once support for the old RBAC API policies will be removed from Neutron. Please use method 'is_service_role' instead.
2026-05-26 07:17:28.827 9 INFO neutron.wsgi [None req-02b1ba1f-e7a0-4ee1-9ca8-70a5ac6bc029 8bf951ca332f43409b4b34ab3469f287 25739de1fac34f938fe88b325136c0f4 - - default default] 10.0.0.118 "GET /v2.0/networks?router%3Aexternal=True HTTP/1.1" status: 200 len: 947 time: 0.1728826
2026-05-26 07:17:28.864 10 INFO neutron.wsgi [None req-ec438bf3-fbdd-4b2c-aaaa-824ab8ab439d 8bf951ca332f43409b4b34ab3469f287 25739de1fac34f938fe88b325136c0f4 - - default default] 10.0.0.118 "GET /v2.0/subnets?network_id=bc6215b1-51af-4c6e-87b8-3039db2e0092&cidr=10.100.0.0%2F28 HTTP/1.1" status: 200 len: 207 time: 0.0329804
2026-05-26 07:17:28.875 10 WARNING neutron_lib.context [None req-b24dd68b-3129-448d-9b36-cbcd241268c1 bd007912bca74fd3b3152cfeb4a032ce 207add87af7b41f6b8565d2754ff4ce2 - - default default] Method 'is_advsvc' is deprecated since 2023.2 release (neutron-lib 3.8.0) and will be removed once support for the old RBAC API policies will be removed from Neutron. Please use method 'is_service_role' instead.
2026-05-26 07:17:28.906 10 INFO neutron.db.ovn_revision_numbers_db [None req-be764e7a-c85d-4dde-a1c8-a5bc7b46ee79 - - - - - -] Successfully bumped revision number for resource a5cf9873-291c-4a2f-b3c8-744fd20a85b3 (type: ports) to 1
2026-05-26 07:17:29.012 9 INFO neutron.wsgi [None req-00c71f5b-f381-4177-84e2-2711eb3ca1c4 41e310a16fa044209724ffa0b43b53dc de14e79cd6984ca89a0e4c2655c50c11 - - default default] 10.0.0.118 "DELETE /v2.0/security-groups/b39e704a-5cd5-4494-9ca2-269baf9c0c1b HTTP/1.1" status: 204 len: 168 time: 0.4980209
2026-05-26 07:17:29.349 9 INFO neutron.wsgi [None req-f6a5f715-c467-4bf7-b5ac-e36975a3f075 2817d0d3bdf34e88a6ae85fe28c4139f ccf6659d5e094401a117d6ba8637659e - - default default] 10.0.0.118 "GET /v2.0/security-groups?tenant_id=f30b901d9cc647c3b12d557147e0f42d&name=default HTTP/1.1" status: 200 len: 3120 time: 0.2444673
2026-05-26 07:17:29.410 10 WARNING neutron.scheduler.dhcp_agent_scheduler [None req-b24dd68b-3129-448d-9b36-cbcd241268c1 bd007912bca74fd3b3152cfeb4a032ce 207add87af7b41f6b8565d2754ff4ce2 - - default default] No more DHCP agents
2026-05-26 07:17:29.422 10 WARNING neutron.api.rpc.agentnotifiers.dhcp_rpc_agent_api [None req-b24dd68b-3129-448d-9b36-cbcd241268c1 bd007912bca74fd3b3152cfeb4a032ce 207add87af7b41f6b8565d2754ff4ce2 - - default default] Unable to schedule network b8f3a573-b046-4548-8a6b-523e872b2886: no agents available; will retry on subsequent port and subnet creation events.
2026-05-26 07:17:29.486 10 INFO neutron.db.ovn_revision_numbers_db [None req-be764e7a-c85d-4dde-a1c8-a5bc7b46ee79 - - - - - -] Successfully bumped revision number for resource a5cf9873-291c-4a2f-b3c8-744fd20a85b3 (type: router_ports) to 3
2026-05-26 07:17:29.710 9 WARNING neutron.scheduler.dhcp_agent_scheduler [None req-28970492-3de3-4d50-9935-623890ca828a 8850e552d79f4f7891df2430027dfc80 3fe2ba2a709c47bdb2d00ee9cfab756a - - default default] No more DHCP agents
2026-05-26 07:17:29.721 9 WARNING neutron.api.rpc.agentnotifiers.dhcp_rpc_agent_api [None req-28970492-3de3-4d50-9935-623890ca828a 8850e552d79f4f7891df2430027dfc80 3fe2ba2a709c47bdb2d00ee9cfab756a - - default default] Unable to schedule network ca7b7bc0-b93e-41da-9416-3e6815434a6e: no agents available; will retry on subsequent port and subnet creation events.
2026-05-26 07:17:30.020 10 INFO neutron.db.ovn_revision_numbers_db [None req-be764e7a-c85d-4dde-a1c8-a5bc7b46ee79 - - - - - -] Successfully bumped revision number for resource a5cf9873-291c-4a2f-b3c8-744fd20a85b3 (type: ports) to 2
2026-05-26 07:17:30.336 9 INFO neutron.wsgi [-] 10.0.0.28 "GET / HTTP/1.1" status: 200 len: 247 time: 0.0013247
2026-05-26 07:17:30.338 9 INFO neutron.wsgi [-] 10.0.0.28 "GET / HTTP/1.1" status: 200 len: 247 time: 0.0012493
2026-05-26 07:17:30.538 9 INFO neutron.wsgi [None req-6bc1bf15-7c57-4e54-88c8-a6ab3972bbd6 2817d0d3bdf34e88a6ae85fe28c4139f ccf6659d5e094401a117d6ba8637659e - - default default] 10.0.0.118 "DELETE /v2.0/security-groups/15e2e3c0-82e0-4b74-a490-7554926f992f HTTP/1.1" status: 204 len: 168 time: 1.1780043
2026-05-26 07:17:30.784 10 INFO neutron.db.ovn_revision_numbers_db [None req-b24dd68b-3129-448d-9b36-cbcd241268c1 bd007912bca74fd3b3152cfeb4a032ce 207add87af7b41f6b8565d2754ff4ce2 - - default default] Successfully bumped revision number for resource c1d38f8f-7355-4ca0-9cb3-f89284d37b31 (type: ports) to 2
2026-05-26 07:17:30.805 9 INFO neutron.db.ovn_revision_numbers_db [None req-28970492-3de3-4d50-9935-623890ca828a 8850e552d79f4f7891df2430027dfc80 3fe2ba2a709c47bdb2d00ee9cfab756a - - default default] Successfully bumped revision number for resource 6e09cda0-08dd-4be6-84de-4914368eab3e (type: ports) to 2
2026-05-26 07:17:30.942 10 INFO neutron.db.ovn_revision_numbers_db [None req-b24dd68b-3129-448d-9b36-cbcd241268c1 bd007912bca74fd3b3152cfeb4a032ce 207add87af7b41f6b8565d2754ff4ce2 - - default default] Successfully bumped revision number for resource c9ae60f7-4ff1-4dc1-a300-3138910e6b40 (type: subnets) to 0
2026-05-26 07:17:30.950 10 INFO neutron.db.ovn_revision_numbers_db [None req-be764e7a-c85d-4dde-a1c8-a5bc7b46ee79 - - - - - -] Successfully bumped revision number for resource a5cf9873-291c-4a2f-b3c8-744fd20a85b3 (type: ports) to 4
2026-05-26 07:17:30.962 9 INFO neutron.db.ovn_revision_numbers_db [None req-28970492-3de3-4d50-9935-623890ca828a 8850e552d79f4f7891df2430027dfc80 3fe2ba2a709c47bdb2d00ee9cfab756a - - default default] Successfully bumped revision number for resource 0d77a9cb-76b9-442d-8701-66224a6ef0ea (type: subnets) to 0
2026-05-26 07:17:30.964 10 INFO neutron.wsgi [None req-b24dd68b-3129-448d-9b36-cbcd241268c1 bd007912bca74fd3b3152cfeb4a032ce 207add87af7b41f6b8565d2754ff4ce2 - - default default] 10.0.0.118 "POST /v2.0/subnets HTTP/1.1" status: 201 len: 832 time: 2.0957954
2026-05-26 07:17:31.017 9 INFO neutron.wsgi [None req-28970492-3de3-4d50-9935-623890ca828a 8850e552d79f4f7891df2430027dfc80 3fe2ba2a709c47bdb2d00ee9cfab756a - - default default] 10.0.0.118 "POST /v2.0/subnets HTTP/1.1" status: 201 len: 830 time: 2.2885532
