2026-05-26 07:18:03.829 9 WARNING neutron_lib.context [None req-d933381f-97c6-4284-a5c0-63468b6fe52e c0bc5535bbd44c4bb20100b234b6c10a 9aa4a095d81549ebbb962ccebfc0ac56 - - default default] Method 'is_advsvc' is deprecated since 2023.2 release (neutron-lib 3.8.0) and will be removed once support for the old RBAC API policies will be removed from Neutron. Please use method 'is_service_role' instead.
2026-05-26 07:18:03.874 9 WARNING neutron.scheduler.dhcp_agent_scheduler [None req-7c502786-d837-4523-ad1d-6cc8dcff25ce bd007912bca74fd3b3152cfeb4a032ce 207add87af7b41f6b8565d2754ff4ce2 - - default default] No more DHCP agents
2026-05-26 07:18:03.880 9 WARNING neutron.api.rpc.agentnotifiers.dhcp_rpc_agent_api [None req-7c502786-d837-4523-ad1d-6cc8dcff25ce bd007912bca74fd3b3152cfeb4a032ce 207add87af7b41f6b8565d2754ff4ce2 - - default default] Unable to schedule network bc6215b1-51af-4c6e-87b8-3039db2e0092: no agents available; will retry on subsequent port and subnet creation events.
2026-05-26 07:18:03.936 9 INFO neutron.db.ovn_revision_numbers_db [None req-e4fdd5db-0e31-4024-bfd8-35bfbcca310f f120a3c1596e42fe87edefea6e0998da f742d8adbe18468390de3f44bf01790d - - default default] Successfully bumped revision number for resource 633284b2-dae6-41d9-b026-c252adf9001c (type: subnets) to 0
2026-05-26 07:18:03.991 9 INFO neutron.wsgi [None req-e4fdd5db-0e31-4024-bfd8-35bfbcca310f f120a3c1596e42fe87edefea6e0998da f742d8adbe18468390de3f44bf01790d - - default default] 10.0.0.118 "POST /v2.0/subnets HTTP/1.1" status: 201 len: 822 time: 2.1942689 /var/lib/openstack/lib/python3.10/site-packages/pycadf/identifier.py:71: UserWarning: Invalid uuid: neutron. To ensure interoperability, identifiers should be a valid uuid. warnings.warn(('Invalid uuid: %s. To ensure interoperability, '
2026-05-26 07:18:04.010 10 WARNING neutron.api.v2.base [None req-6a8b447c-72b8-4bc8-99b0-65ccc56e7ae2 f120a3c1596e42fe87edefea6e0998da f742d8adbe18468390de3f44bf01790d - - default default] An exception happened while processing the request body. The exception message is [Invalid input for target_tenant. Reason: '1234123412341234123412341234123412341234123412341234123412341234123412341234123412341234123412341234123412341234123412341234123412341234123412341234123412341234123412341234123412341234123412341234123412341234123412341234123412341234123412341234123412341234123412341234123412341234123412341234123412341234123412341234123412341234123412341234123412341234123412341234123412341234123412341234123412341234' exceeds maximum length of 255.].: webob.exc.HTTPBadRequest: Invalid input for target_tenant. Reason: '1234123412341234123412341234123412341234123412341234123412341234123412341234123412341234123412341234123412341234123412341234123412341234123412341234123412341234123412341234123412341234123412341234123412341234123412341234123412341234123412341234123412341234123412341234123412341234123412341234123412341234123412341234123412341234123412341234123412341234123412341234123412341234123412341234123412341234' exceeds maximum length of 255.
2026-05-26 07:18:04.011 10 INFO neutron.api.v2.resource [None req-6a8b447c-72b8-4bc8-99b0-65ccc56e7ae2 f120a3c1596e42fe87edefea6e0998da f742d8adbe18468390de3f44bf01790d - - default default] create failed (client error): Invalid input for target_tenant. Reason: '1234123412341234123412341234123412341234123412341234123412341234123412341234123412341234123412341234123412341234123412341234123412341234123412341234123412341234123412341234123412341234123412341234123412341234123412341234123412341234123412341234123412341234123412341234123412341234123412341234123412341234123412341234123412341234123412341234123412341234123412341234123412341234123412341234123412341234' exceeds maximum length of 255.
2026-05-26 07:18:04.012 10 INFO neutron.wsgi [None req-6a8b447c-72b8-4bc8-99b0-65ccc56e7ae2 f120a3c1596e42fe87edefea6e0998da f742d8adbe18468390de3f44bf01790d - - default default] 10.0.0.118 "POST /v2.0/rbac-policies HTTP/1.1" status: 400 len: 750 time: 0.0158403
2026-05-26 07:18:04.145 10 INFO neutron.db.ovn_revision_numbers_db [req-65b37b86-7831-4d3f-b2f1-cd93faf25ff0 req-c2e65e72-51ac-4650-8961-8b66d6a252b4 64b5e3326b72444a8828719a12ccd765 c8983ce9fc3c4f27b24617de3315d595 - - 63d7eea5d34b4b559c1cb1215a02d94b 63d7eea5d34b4b559c1cb1215a02d94b] Successfully bumped revision number for resource dedb28e1-c3a8-44cf-8ce2-1e73cf4f7f7d (type: ports) to 2
2026-05-26 07:18:04.167 10 INFO neutron.wsgi [req-65b37b86-7831-4d3f-b2f1-cd93faf25ff0 req-c2e65e72-51ac-4650-8961-8b66d6a252b4 64b5e3326b72444a8828719a12ccd765 c8983ce9fc3c4f27b24617de3315d595 - - 63d7eea5d34b4b559c1cb1215a02d94b 63d7eea5d34b4b559c1cb1215a02d94b] 199.204.45.109 "PUT /v2.0/ports/dedb28e1-c3a8-44cf-8ce2-1e73cf4f7f7d HTTP/1.1" status: 200 len: 1601 time: 0.9437132
2026-05-26 07:18:04.234 10 INFO neutron.notifiers.nova [-] Nova event matching ['req-745bdd65-1ee1-42fd-ab65-bfcd9b8319e0'] response: {'name': 'network-changed', 'server_uuid': '2cf8bd66-9fef-4564-9fb4-19626c2a9a0d', 'tag': 'dedb28e1-c3a8-44cf-8ce2-1e73cf4f7f7d', 'status': 'completed', 'code': 200}
2026-05-26 07:18:04.257 10 INFO neutron.wsgi [req-65b37b86-7831-4d3f-b2f1-cd93faf25ff0 req-42d7e47f-612f-4782-aaf6-55e6c5f68b8d 64b5e3326b72444a8828719a12ccd765 c8983ce9fc3c4f27b24617de3315d595 - - 63d7eea5d34b4b559c1cb1215a02d94b 63d7eea5d34b4b559c1cb1215a02d94b] 199.204.45.109 "GET /v2.0/ports?tenant_id=3fe2ba2a709c47bdb2d00ee9cfab756a&device_id=2cf8bd66-9fef-4564-9fb4-19626c2a9a0d HTTP/1.1" status: 200 len: 1632 time: 0.0499532
2026-05-26 07:18:04.298 10 INFO neutron.wsgi [req-65b37b86-7831-4d3f-b2f1-cd93faf25ff0 req-2adc6d31-6a53-44d3-b7db-b844affb0fac 64b5e3326b72444a8828719a12ccd765 c8983ce9fc3c4f27b24617de3315d595 - - 63d7eea5d34b4b559c1cb1215a02d94b 63d7eea5d34b4b559c1cb1215a02d94b] 199.204.45.109 "GET /v2.0/floatingips?fixed_ip_address=10.2.1.16&port_id=dedb28e1-c3a8-44cf-8ce2-1e73cf4f7f7d HTTP/1.1" status: 200 len: 217 time: 0.0285022
2026-05-26 07:18:04.341 10 INFO neutron.wsgi [req-65b37b86-7831-4d3f-b2f1-cd93faf25ff0 req-2968ee22-9ece-437b-b4aa-12c4ed2d1dc4 64b5e3326b72444a8828719a12ccd765 c8983ce9fc3c4f27b24617de3315d595 - - 63d7eea5d34b4b559c1cb1215a02d94b 63d7eea5d34b4b559c1cb1215a02d94b] 199.204.45.109 "GET /v2.0/floatingips?fixed_ip_address=fd7b%3Af9f7%3Afff%3A4eca%3A%3A3de&port_id=dedb28e1-c3a8-44cf-8ce2-1e73cf4f7f7d HTTP/1.1" status: 200 len: 217 time: 0.0336668
2026-05-26 07:18:04.351 9 INFO neutron.wsgi [None req-d933381f-97c6-4284-a5c0-63468b6fe52e c0bc5535bbd44c4bb20100b234b6c10a 9aa4a095d81549ebbb962ccebfc0ac56 - - default default] 10.0.0.118 "POST /v2.0/vpn/endpoint-groups HTTP/1.1" status: 201 len: 527 time: 0.5264106
2026-05-26 07:18:04.363 9 WARNING neutron_lib.context [None req-4ff501eb-dc4d-4dab-a888-d7028fcad9e9 c0bc5535bbd44c4bb20100b234b6c10a 9aa4a095d81549ebbb962ccebfc0ac56 - - default default] Method 'is_advsvc' is deprecated since 2023.2 release (neutron-lib 3.8.0) and will be removed once support for the old RBAC API policies will be removed from Neutron. Please use method 'is_service_role' instead.
2026-05-26 07:18:04.409 10 INFO neutron.wsgi [req-65b37b86-7831-4d3f-b2f1-cd93faf25ff0 req-6e1cb92f-3ccd-417b-842b-64a19a0147b8 64b5e3326b72444a8828719a12ccd765 c8983ce9fc3c4f27b24617de3315d595 - - 63d7eea5d34b4b559c1cb1215a02d94b 63d7eea5d34b4b559c1cb1215a02d94b] 199.204.45.109 "GET /v2.0/subnets?id=89adbb83-26a0-426b-b658-a9efa1a16102&id=1a485958-7941-4c6d-b282-dd30fde58519 HTTP/1.1" status: 200 len: 1563 time: 0.0630200
2026-05-26 07:18:04.439 10 INFO neutron.wsgi [req-65b37b86-7831-4d3f-b2f1-cd93faf25ff0 req-fb9677af-6c19-4fee-b06e-305ee04c79e1 64b5e3326b72444a8828719a12ccd765 c8983ce9fc3c4f27b24617de3315d595 - - 63d7eea5d34b4b559c1cb1215a02d94b 63d7eea5d34b4b559c1cb1215a02d94b] 199.204.45.109 "GET /v2.0/ports?network_id=1970e6b9-9d91-4f0a-b870-9e4d60c2dc84&device_owner=network%3Adhcp HTTP/1.1" status: 200 len: 210 time: 0.0228169
2026-05-26 07:18:04.472 10 INFO neutron.wsgi [req-65b37b86-7831-4d3f-b2f1-cd93faf25ff0 req-4f881050-1b26-4782-8ad7-cb710b35bb21 64b5e3326b72444a8828719a12ccd765 c8983ce9fc3c4f27b24617de3315d595 - - 63d7eea5d34b4b559c1cb1215a02d94b 63d7eea5d34b4b559c1cb1215a02d94b] 199.204.45.109 "GET /v2.0/ports?network_id=1970e6b9-9d91-4f0a-b870-9e4d60c2dc84&device_owner=network%3Adhcp HTTP/1.1" status: 200 len: 210 time: 0.0282497
2026-05-26 07:18:04.561 10 INFO neutron.wsgi [req-65b37b86-7831-4d3f-b2f1-cd93faf25ff0 req-601c522e-9043-4399-a03f-aae3ce56c4c0 64b5e3326b72444a8828719a12ccd765 c8983ce9fc3c4f27b24617de3315d595 - - 63d7eea5d34b4b559c1cb1215a02d94b 63d7eea5d34b4b559c1cb1215a02d94b] 199.204.45.109 "GET /v2.0/networks/1970e6b9-9d91-4f0a-b870-9e4d60c2dc84?fields=segments HTTP/1.1" status: 200 len: 212 time: 0.0806115
2026-05-26 07:18:04.578 9 INFO neutron.wsgi [None req-4ff501eb-dc4d-4dab-a888-d7028fcad9e9 c0bc5535bbd44c4bb20100b234b6c10a 9aa4a095d81549ebbb962ccebfc0ac56 - - default default] 10.0.0.118 "POST /v2.0/vpn/endpoint-groups HTTP/1.1" status: 201 len: 518 time: 0.2208436
2026-05-26 07:18:04.592 10 WARNING neutron_lib.context [None req-9610d7ee-7b9a-4fde-b858-cffe3394a3cb c0bc5535bbd44c4bb20100b234b6c10a 9aa4a095d81549ebbb962ccebfc0ac56 - - default default] Method 'is_advsvc' is deprecated since 2023.2 release (neutron-lib 3.8.0) and will be removed once support for the old RBAC API policies will be removed from Neutron. Please use method 'is_service_role' instead.
2026-05-26 07:18:04.681 10 INFO neutron.wsgi [req-65b37b86-7831-4d3f-b2f1-cd93faf25ff0 req-80403df1-8d71-4c6e-b80a-15655ab86b76 64b5e3326b72444a8828719a12ccd765 c8983ce9fc3c4f27b24617de3315d595 - - 63d7eea5d34b4b559c1cb1215a02d94b 63d7eea5d34b4b559c1cb1215a02d94b] 199.204.45.109 "GET /v2.0/networks/1970e6b9-9d91-4f0a-b870-9e4d60c2dc84?fields=provider%3Aphysical_network&fields=provider%3Anetwork_type HTTP/1.1" status: 200 len: 277 time: 0.1124029
2026-05-26 07:18:04.800 10 INFO neutron.wsgi [req-e9ac7bed-b532-4a00-95b7-868944394f58 req-270a2fa2-5e49-42b2-ba72-2821452b7864 64b5e3326b72444a8828719a12ccd765 c8983ce9fc3c4f27b24617de3315d595 - - 63d7eea5d34b4b559c1cb1215a02d94b 63d7eea5d34b4b559c1cb1215a02d94b] 199.204.45.109 "GET /v2.0/ports?tenant_id=3fe2ba2a709c47bdb2d00ee9cfab756a&device_id=2cf8bd66-9fef-4564-9fb4-19626c2a9a0d HTTP/1.1" status: 200 len: 1632 time: 0.0692177
2026-05-26 07:18:04.918 10 INFO neutron.wsgi [req-e9ac7bed-b532-4a00-95b7-868944394f58 req-5cba0d6e-8387-4693-b943-a970c46714db 64b5e3326b72444a8828719a12ccd765 c8983ce9fc3c4f27b24617de3315d595 - - 63d7eea5d34b4b559c1cb1215a02d94b 63d7eea5d34b4b559c1cb1215a02d94b] 199.204.45.109 "GET /v2.0/networks?id=1970e6b9-9d91-4f0a-b870-9e4d60c2dc84 HTTP/1.1" status: 200 len: 1003 time: 0.1019137
2026-05-26 07:18:04.968 10 INFO neutron.wsgi [req-e9ac7bed-b532-4a00-95b7-868944394f58 req-5fc11d9b-cb7a-429b-8b82-bd62ca7a5f08 64b5e3326b72444a8828719a12ccd765 c8983ce9fc3c4f27b24617de3315d595 - - 63d7eea5d34b4b559c1cb1215a02d94b 63d7eea5d34b4b559c1cb1215a02d94b] 199.204.45.109 "GET /v2.0/floatingips?fixed_ip_address=10.2.1.16&port_id=dedb28e1-c3a8-44cf-8ce2-1e73cf4f7f7d HTTP/1.1" status: 200 len: 217 time: 0.0415869
2026-05-26 07:18:05.006 10 INFO neutron.wsgi [req-e9ac7bed-b532-4a00-95b7-868944394f58 req-8018fbe6-79f3-4954-86cc-d5de387c8d84 64b5e3326b72444a8828719a12ccd765 c8983ce9fc3c4f27b24617de3315d595 - - 63d7eea5d34b4b559c1cb1215a02d94b 63d7eea5d34b4b559c1cb1215a02d94b] 199.204.45.109 "GET /v2.0/floatingips?fixed_ip_address=fd7b%3Af9f7%3Afff%3A4eca%3A%3A3de&port_id=dedb28e1-c3a8-44cf-8ce2-1e73cf4f7f7d HTTP/1.1" status: 200 len: 217 time: 0.0305290
2026-05-26 07:18:05.292 9 INFO neutron.db.ovn_revision_numbers_db [None req-7c502786-d837-4523-ad1d-6cc8dcff25ce bd007912bca74fd3b3152cfeb4a032ce 207add87af7b41f6b8565d2754ff4ce2 - - default default] Successfully bumped revision number for resource 2b6b350d-21c4-41a7-82da-ce2261d18de1 (type: floatingips) to -1
2026-05-26 07:18:05.389 10 INFO neutron.wsgi [req-e9ac7bed-b532-4a00-95b7-868944394f58 req-7140646c-a0cf-4a86-8aa2-7f46bfab709c 64b5e3326b72444a8828719a12ccd765 c8983ce9fc3c4f27b24617de3315d595 - - 63d7eea5d34b4b559c1cb1215a02d94b 63d7eea5d34b4b559c1cb1215a02d94b] 199.204.45.109 "GET /v2.0/subnets?id=89adbb83-26a0-426b-b658-a9efa1a16102&id=1a485958-7941-4c6d-b282-dd30fde58519 HTTP/1.1" status: 200 len: 1563 time: 0.3747737 /var/lib/openstack/lib/python3.10/site-packages/pycadf/identifier.py:71: UserWarning: Invalid uuid: neutron. To ensure interoperability, identifiers should be a valid uuid. warnings.warn(('Invalid uuid: %s. To ensure interoperability, '
2026-05-26 07:18:05.487 10 INFO neutron.wsgi [req-e9ac7bed-b532-4a00-95b7-868944394f58 req-2ea9d690-5db5-4174-8633-37fe739b1065 64b5e3326b72444a8828719a12ccd765 c8983ce9fc3c4f27b24617de3315d595 - - 63d7eea5d34b4b559c1cb1215a02d94b 63d7eea5d34b4b559c1cb1215a02d94b] 199.204.45.109 "GET /v2.0/ports?network_id=1970e6b9-9d91-4f0a-b870-9e4d60c2dc84&device_owner=network%3Adhcp HTTP/1.1" status: 200 len: 210 time: 0.0714405
2026-05-26 07:18:05.528 10 INFO neutron.wsgi [req-e9ac7bed-b532-4a00-95b7-868944394f58 req-6fe82165-ff66-493b-a367-29dd2533361f 64b5e3326b72444a8828719a12ccd765 c8983ce9fc3c4f27b24617de3315d595 - - 63d7eea5d34b4b559c1cb1215a02d94b 63d7eea5d34b4b559c1cb1215a02d94b] 199.204.45.109 "GET /v2.0/ports?network_id=1970e6b9-9d91-4f0a-b870-9e4d60c2dc84&device_owner=network%3Adhcp HTTP/1.1" status: 200 len: 210 time: 0.0343161
2026-05-26 07:18:05.681 9 INFO neutron.db.ovn_revision_numbers_db [None req-7c502786-d837-4523-ad1d-6cc8dcff25ce bd007912bca74fd3b3152cfeb4a032ce 207add87af7b41f6b8565d2754ff4ce2 - - default default] Successfully bumped revision number for resource 2b6b350d-21c4-41a7-82da-ce2261d18de1 (type: floatingips) to 1
2026-05-26 07:18:05.682 9 INFO neutron.db.l3_db [None req-7c502786-d837-4523-ad1d-6cc8dcff25ce bd007912bca74fd3b3152cfeb4a032ce 207add87af7b41f6b8565d2754ff4ce2 - - default default] Floating IP 2b6b350d-21c4-41a7-82da-ce2261d18de1 associated. External IP: 10.96.250.207, port: 22cbd0b8-33e4-4ef7-a8f9-551a008d7c6e.
2026-05-26 07:18:05.688 10 INFO neutron.services.segments.plugin [-] Segment 6bd819fb-ac5c-4fd7-b5a5-16eedb1c7bbb resource provider aggregate not found
2026-05-26 07:18:05.694 10 INFO neutron.services.segments.plugin [-] Segment 6bd819fb-ac5c-4fd7-b5a5-16eedb1c7bbb resource provider aggregate not found
2026-05-26 07:18:05.709 10 INFO neutron.wsgi [req-e9ac7bed-b532-4a00-95b7-868944394f58 req-361d9774-fca5-444a-ab40-6ef9bd8f532e 64b5e3326b72444a8828719a12ccd765 c8983ce9fc3c4f27b24617de3315d595 - - 63d7eea5d34b4b559c1cb1215a02d94b 63d7eea5d34b4b559c1cb1215a02d94b] 199.204.45.109 "GET /v2.0/networks/1970e6b9-9d91-4f0a-b870-9e4d60c2dc84?fields=segments HTTP/1.1" status: 200 len: 212 time: 0.1726015
2026-05-26 07:18:05.710 10 INFO neutron.services.segments.plugin [-] Segment 6bd819fb-ac5c-4fd7-b5a5-16eedb1c7bbb resource provider not found; error: Placement Client Error (4xx): {"errors": [{"status": 404, "title": "Not Found", "detail": "The resource could not be found.\n\n No resource provider with uuid 6bd819fb-ac5c-4fd7-b5a5-16eedb1c7bbb found for delete ", "request_id": "req-be28d53a-8e0b-412f-bbcf-cbe78373b426"}]}
2026-05-26 07:18:05.713 10 INFO neutron.services.segments.plugin [-] Segment 6bd819fb-ac5c-4fd7-b5a5-16eedb1c7bbb resource provider not found; error: Placement Client Error (4xx): {"errors": [{"status": 404, "title": "Not Found", "detail": "The resource could not be found.\n\n No resource provider with uuid 6bd819fb-ac5c-4fd7-b5a5-16eedb1c7bbb found for delete ", "request_id": "req-1c47bdd4-22c7-4d43-88e6-37d45c7fb86a"}]}
2026-05-26 07:18:05.825 10 INFO neutron.wsgi [req-e9ac7bed-b532-4a00-95b7-868944394f58 req-9565a9c9-8014-4b37-b360-53d026a81f4e 64b5e3326b72444a8828719a12ccd765 c8983ce9fc3c4f27b24617de3315d595 - - 63d7eea5d34b4b559c1cb1215a02d94b 63d7eea5d34b4b559c1cb1215a02d94b] 199.204.45.109 "GET /v2.0/networks/1970e6b9-9d91-4f0a-b870-9e4d60c2dc84?fields=provider%3Aphysical_network&fields=provider%3Anetwork_type HTTP/1.1" status: 200 len: 277 time: 0.1070204
2026-05-26 07:18:05.958 9 INFO neutron.wsgi [None req-7c502786-d837-4523-ad1d-6cc8dcff25ce bd007912bca74fd3b3152cfeb4a032ce 207add87af7b41f6b8565d2754ff4ce2 - - default default] 10.0.0.118 "POST /v2.0/floatingips HTTP/1.1" status: 201 len: 1054 time: 2.6072371
2026-05-26 07:18:06.011 9 INFO neutron.notifiers.nova [-] Nova event matching ['req-05a7e30a-b1c1-4480-a001-44dbab883ccb'] response: {'name': 'network-changed', 'server_uuid': '5243d15d-18f7-4704-8440-1976911a45c7', 'tag': '22cbd0b8-33e4-4ef7-a8f9-551a008d7c6e', 'status': 'completed', 'code': 200}
2026-05-26 07:18:06.044 9 INFO neutron.wsgi [None req-b9983149-d3df-4b07-83f1-807cf0f4ef4c bd007912bca74fd3b3152cfeb4a032ce 207add87af7b41f6b8565d2754ff4ce2 - - default default] 10.0.0.118 "GET /v2.0/floatingips/2b6b350d-21c4-41a7-82da-ce2261d18de1 HTTP/1.1" status: 200 len: 1051 time: 0.0792010
2026-05-26 07:18:06.074 10 INFO neutron.wsgi [None req-7876322a-1cf6-451f-91bd-5af08dd8a062 f120a3c1596e42fe87edefea6e0998da f742d8adbe18468390de3f44bf01790d - - default default] 10.0.0.118 "DELETE /v2.0/networks/a8651351-4a8c-42b4-a8e2-23b42e6351b6 HTTP/1.1" status: 204 len: 168 time: 2.0575433
2026-05-26 07:18:06.104 10 INFO neutron.wsgi [req-c013bf0c-2069-48e8-a6d0-b8506eb2ae1d req-b19c3196-43c8-4b84-82f3-c39518740816 64b5e3326b72444a8828719a12ccd765 c8983ce9fc3c4f27b24617de3315d595 - - 63d7eea5d34b4b559c1cb1215a02d94b 63d7eea5d34b4b559c1cb1215a02d94b] 199.204.45.109 "GET /v2.0/ports?tenant_id=207add87af7b41f6b8565d2754ff4ce2&device_id=5243d15d-18f7-4704-8440-1976911a45c7 HTTP/1.1" status: 200 len: 1409 time: 0.0574996
2026-05-26 07:18:06.210 10 INFO neutron.wsgi [req-c013bf0c-2069-48e8-a6d0-b8506eb2ae1d req-4199627e-3fd3-4557-9173-2fc4fe1a326b 64b5e3326b72444a8828719a12ccd765 c8983ce9fc3c4f27b24617de3315d595 - - 63d7eea5d34b4b559c1cb1215a02d94b 63d7eea5d34b4b559c1cb1215a02d94b] 199.204.45.109 "GET /v2.0/networks?id=b8f3a573-b046-4548-8a6b-523e872b2886 HTTP/1.1" status: 200 len: 959 time: 0.1006491
2026-05-26 07:18:06.292 10 INFO neutron.wsgi [req-c013bf0c-2069-48e8-a6d0-b8506eb2ae1d req-bf03a89b-4e61-4d02-8879-ecea99342181 64b5e3326b72444a8828719a12ccd765 c8983ce9fc3c4f27b24617de3315d595 - - 63d7eea5d34b4b559c1cb1215a02d94b 63d7eea5d34b4b559c1cb1215a02d94b] 199.204.45.109 "GET /v2.0/floatingips?fixed_ip_address=10.100.0.6&port_id=22cbd0b8-33e4-4ef7-a8f9-551a008d7c6e HTTP/1.1" status: 200 len: 1059 time: 0.0778801
2026-05-26 07:18:06.377 10 INFO neutron.wsgi [req-c013bf0c-2069-48e8-a6d0-b8506eb2ae1d req-e5d7acdd-863e-403c-aa8c-180784a4f2e5 64b5e3326b72444a8828719a12ccd765 c8983ce9fc3c4f27b24617de3315d595 - - 63d7eea5d34b4b559c1cb1215a02d94b 63d7eea5d34b4b559c1cb1215a02d94b] 199.204.45.109 "GET /v2.0/subnets?id=c9ae60f7-4ff1-4dc1-a300-3138910e6b40 HTTP/1.1" status: 200 len: 853 time: 0.0765271
2026-05-26 07:18:06.427 10 INFO neutron.wsgi [req-c013bf0c-2069-48e8-a6d0-b8506eb2ae1d req-0a527ae2-d6fa-451b-bcc2-1fafbf383453 64b5e3326b72444a8828719a12ccd765 c8983ce9fc3c4f27b24617de3315d595 - - 63d7eea5d34b4b559c1cb1215a02d94b 63d7eea5d34b4b559c1cb1215a02d94b] 199.204.45.109 "GET /v2.0/ports?network_id=b8f3a573-b046-4548-8a6b-523e872b2886&device_owner=network%3Adhcp HTTP/1.1" status: 200 len: 210 time: 0.0420897
2026-05-26 07:18:06.458 9 INFO neutron.db.segments_db [None req-a5e3203b-aba8-498c-ac9d-2a4058dbd1e9 f120a3c1596e42fe87edefea6e0998da f742d8adbe18468390de3f44bf01790d - - default default] Added segment c4b2a95b-6f23-4940-b5a8-5b36038d18e1 of type geneve for network df166440-d650-4980-9cde-aba978039428
2026-05-26 07:18:06.490 10 INFO neutron.db.ovn_revision_numbers_db [None req-9610d7ee-7b9a-4fde-b858-cffe3394a3cb c0bc5535bbd44c4bb20100b234b6c10a 9aa4a095d81549ebbb962ccebfc0ac56 - - default default] Successfully bumped revision number for resource 7b9d0b27-9f32-4727-80ab-e9607dcfa8cf (type: routers) to 5
2026-05-26 07:18:06.507 10 INFO neutron.wsgi [req-c013bf0c-2069-48e8-a6d0-b8506eb2ae1d req-9f4c6f63-3d5f-4357-ac74-8becbf1837f0 64b5e3326b72444a8828719a12ccd765 c8983ce9fc3c4f27b24617de3315d595 - - 63d7eea5d34b4b559c1cb1215a02d94b 63d7eea5d34b4b559c1cb1215a02d94b] 199.204.45.109 "GET /v2.0/networks/b8f3a573-b046-4548-8a6b-523e872b2886?fields=segments HTTP/1.1" status: 200 len: 212 time: 0.0704446
2026-05-26 07:18:06.581 10 INFO neutron.wsgi [req-c013bf0c-2069-48e8-a6d0-b8506eb2ae1d req-56c767b0-7b39-4735-8e0e-2bf75a6972fd 64b5e3326b72444a8828719a12ccd765 c8983ce9fc3c4f27b24617de3315d595 - - 63d7eea5d34b4b559c1cb1215a02d94b 63d7eea5d34b4b559c1cb1215a02d94b] 199.204.45.109 "GET /v2.0/networks/b8f3a573-b046-4548-8a6b-523e872b2886?fields=provider%3Aphysical_network&fields=provider%3Anetwork_type HTTP/1.1" status: 200 len: 277 time: 0.0669403
2026-05-26 07:18:06.700 10 INFO neutron.wsgi [None req-9610d7ee-7b9a-4fde-b858-cffe3394a3cb c0bc5535bbd44c4bb20100b234b6c10a 9aa4a095d81549ebbb962ccebfc0ac56 - - default default] 10.0.0.118 "POST /v2.0/vpn/ipsec-site-connections HTTP/1.1" status: 201 len: 1001 time: 2.1139145
2026-05-26 07:18:06.719 10 WARNING neutron_lib.context [None req-9c5fcaaf-840a-4fff-b55a-1eac39756bd3 c0bc5535bbd44c4bb20100b234b6c10a 9aa4a095d81549ebbb962ccebfc0ac56 - - default default] Method 'is_advsvc' is deprecated since 2023.2 release (neutron-lib 3.8.0) and will be removed once support for the old RBAC API policies will be removed from Neutron. Please use method 'is_service_role' instead.
2026-05-26 07:18:06.739 9 INFO neutron.db.ovn_revision_numbers_db [None req-a5e3203b-aba8-498c-ac9d-2a4058dbd1e9 f120a3c1596e42fe87edefea6e0998da f742d8adbe18468390de3f44bf01790d - - default default] Successfully bumped revision number for resource df166440-d650-4980-9cde-aba978039428 (type: networks) to 1
2026-05-26 07:18:06.860 10 INFO neutron.wsgi [None req-9c5fcaaf-840a-4fff-b55a-1eac39756bd3 c0bc5535bbd44c4bb20100b234b6c10a 9aa4a095d81549ebbb962ccebfc0ac56 - - default default] 10.0.0.118 "POST /v2.0/vpn/endpoint-groups HTTP/1.1" status: 201 len: 488 time: 0.1483335
2026-05-26 07:18:07.027 10 INFO neutron.wsgi [None req-f2b38d60-47aa-4ac7-b4af-eac22e29408f c0bc5535bbd44c4bb20100b234b6c10a 9aa4a095d81549ebbb962ccebfc0ac56 - - default default] 10.0.0.118 "DELETE /v2.0/vpn/endpoint-groups/794ac737-6f1e-4d6f-a33e-bb0f305c1413 HTTP/1.1" status: 204 len: 168 time: 0.1632419
2026-05-26 07:18:07.047 10 INFO neutron.wsgi [None req-ec1a0ad8-4bc9-4bfc-af4e-c10a07fe2522 c0bc5535bbd44c4bb20100b234b6c10a 9aa4a095d81549ebbb962ccebfc0ac56 - - default default] 10.0.0.118 "GET /v2.0/vpn/endpoint-groups HTTP/1.1" status: 200 len: 826 time: 0.0139749
2026-05-26 07:18:07.068 10 INFO neutron.wsgi [None req-c10c1fe4-381b-45b4-8cea-33e39f7c8e11 c0bc5535bbd44c4bb20100b234b6c10a 9aa4a095d81549ebbb962ccebfc0ac56 - - default default] 10.0.0.118 "GET /v2.0/vpn/endpoint-groups HTTP/1.1" status: 200 len: 826 time: 0.0144584
2026-05-26 07:18:07.085 9 WARNING neutron.scheduler.dhcp_agent_scheduler [None req-a5e3203b-aba8-498c-ac9d-2a4058dbd1e9 f120a3c1596e42fe87edefea6e0998da f742d8adbe18468390de3f44bf01790d - - default default] No more DHCP agents
2026-05-26 07:18:07.087 9 WARNING neutron.api.rpc.agentnotifiers.dhcp_rpc_agent_api [None req-a5e3203b-aba8-498c-ac9d-2a4058dbd1e9 f120a3c1596e42fe87edefea6e0998da f742d8adbe18468390de3f44bf01790d - - default default] Unable to schedule network df166440-d650-4980-9cde-aba978039428: no agents available; will retry on subsequent port and subnet creation events.
2026-05-26 07:18:07.229 9 INFO neutron.db.ovn_revision_numbers_db [None req-a5e3203b-aba8-498c-ac9d-2a4058dbd1e9 f120a3c1596e42fe87edefea6e0998da f742d8adbe18468390de3f44bf01790d - - default default] Successfully bumped revision number for resource 2fd3c5eb-8904-49b6-b635-df8b199f72a9 (type: ports) to 1
2026-05-26 07:18:07.269 9 INFO neutron.wsgi [None req-a5e3203b-aba8-498c-ac9d-2a4058dbd1e9 f120a3c1596e42fe87edefea6e0998da f742d8adbe18468390de3f44bf01790d - - default default] 10.0.0.118 "POST /v2.0/networks HTTP/1.1" status: 201 len: 929 time: 1.1893728
2026-05-26 07:18:07.503 9 WARNING neutron.scheduler.dhcp_agent_scheduler [None req-6a178de7-9615-4115-9b1e-97af0d18c024 f120a3c1596e42fe87edefea6e0998da f742d8adbe18468390de3f44bf01790d - - default default] No more DHCP agents
2026-05-26 07:18:07.508 9 WARNING neutron.api.rpc.agentnotifiers.dhcp_rpc_agent_api [None req-6a178de7-9615-4115-9b1e-97af0d18c024 f120a3c1596e42fe87edefea6e0998da f742d8adbe18468390de3f44bf01790d - - default default] Unable to schedule network df166440-d650-4980-9cde-aba978039428: no agents available; will retry on subsequent port and subnet creation events.
2026-05-26 07:18:07.645 9 INFO neutron.wsgi [None req-195cadeb-09bb-4099-abcc-53db5443854a 98cbcdf21b544e7681fdcce57c89ebc6 0225b36bbc6e4eb392a3cedaeedcae17 - - default default] 10.0.0.118 "POST /v2.0/vpn/ikepolicies HTTP/1.1" status: 201 len: 602 time: 0.1954427
2026-05-26 07:18:07.665 10 INFO neutron.wsgi [None req-23fba36f-5375-415e-9ff0-8443202b07c7 c0bc5535bbd44c4bb20100b234b6c10a 9aa4a095d81549ebbb962ccebfc0ac56 - - default default] 10.0.0.118 "GET /v2.0/vpn/ikepolicies HTTP/1.1" status: 200 len: 991 time: 0.0155160
2026-05-26 07:18:07.846 10 INFO neutron.wsgi [None req-d2ad03f8-211f-4d83-9338-a0ab1775800b 98cbcdf21b544e7681fdcce57c89ebc6 0225b36bbc6e4eb392a3cedaeedcae17 - - default default] 10.0.0.118 "DELETE /v2.0/vpn/ikepolicies/c8210fb9-1991-49b4-93bf-476d33e60309 HTTP/1.1" status: 204 len: 168 time: 0.1758091
2026-05-26 07:18:07.908 9 WARNING neutron.plugins.ml2.drivers.ovn.mech_driver.ovsdb.ovn_client [None req-b83ae8e1-2045-404e-9a70-1fbaa3a64fb0 - - - - - -] No hosting information found for port 477a43a8-e566-4d43-b663-f4fad846871e: RuntimeError: No hosting information found for port 477a43a8-e566-4d43-b663-f4fad846871e
2026-05-26 07:18:07.908 9 INFO neutron.plugins.ml2.drivers.ovn.mech_driver.mech_driver [None req-b83ae8e1-2045-404e-9a70-1fbaa3a64fb0 - - - - - -] OVN reports status up for port: dedb28e1-c3a8-44cf-8ce2-1e73cf4f7f7d
2026-05-26 07:18:07.947 9 INFO neutron.wsgi [req-a367d2a7-f3fd-4acf-9311-f31486cc8802 req-7ded78d0-073f-4192-88fc-f94dfbf45941 8850e552d79f4f7891df2430027dfc80 3fe2ba2a709c47bdb2d00ee9cfab756a - - default default] 10.0.0.20 "GET /v2.0/ports?device_id=2cf8bd66-9fef-4564-9fb4-19626c2a9a0d HTTP/1.1" status: 200 len: 1394 time: 0.1503785
2026-05-26 07:18:07.998 9 INFO neutron.wsgi [req-a367d2a7-f3fd-4acf-9311-f31486cc8802 req-a792fa2c-b267-4c44-be35-4033183d17cd 8850e552d79f4f7891df2430027dfc80 3fe2ba2a709c47bdb2d00ee9cfab756a - - default default] 10.0.0.20 "GET /v2.0/security-groups?id=29d00b01-3465-4d07-9c8d-e4e4f97b19c0&fields=id&fields=name HTTP/1.1" status: 200 len: 310 time: 0.0462422
2026-05-26 07:18:08.146 9 INFO neutron.plugins.ml2.plugin [None req-b83ae8e1-2045-404e-9a70-1fbaa3a64fb0 - - - - - -] Attempt 1 to provision port dedb28e1-c3a8-44cf-8ce2-1e73cf4f7f7d
2026-05-26 07:18:08.192 9 INFO neutron.wsgi [None req-ae36cdd7-4364-4379-afab-fbfbd60b70f7 98cbcdf21b544e7681fdcce57c89ebc6 0225b36bbc6e4eb392a3cedaeedcae17 - - default default] 10.0.0.118 "POST /v2.0/vpn/ipsecpolicies HTTP/1.1" status: 201 len: 611 time: 0.3360546
2026-05-26 07:18:08.217 10 INFO neutron.wsgi [None req-a732b244-bfb8-4303-b82a-31f1efa6c0d3 c0bc5535bbd44c4bb20100b234b6c10a 9aa4a095d81549ebbb962ccebfc0ac56 - - default default] 10.0.0.118 "GET /v2.0/vpn/ipsecpolicies HTTP/1.1" status: 200 len: 1008 time: 0.0182035
2026-05-26 07:18:08.274 10 INFO neutron.wsgi [None req-16675f6a-cf4f-40c7-8d65-6cd3ca08a946 98cbcdf21b544e7681fdcce57c89ebc6 0225b36bbc6e4eb392a3cedaeedcae17 - - default default] 10.0.0.118 "DELETE /v2.0/vpn/ipsecpolicies/976a9bad-0e0c-4cfb-8e5c-4d4b8ac1a5ce HTTP/1.1" status: 204 len: 168 time: 0.0421724
2026-05-26 07:18:08.286 10 WARNING neutron_lib.context [None req-33e28eec-f907-4c98-b153-49a635caed59 c0bc5535bbd44c4bb20100b234b6c10a 9aa4a095d81549ebbb962ccebfc0ac56 - - default default] Method 'is_advsvc' is deprecated since 2023.2 release (neutron-lib 3.8.0) and will be removed once support for the old RBAC API policies will be removed from Neutron. Please use method 'is_service_role' instead.
2026-05-26 07:18:08.381 9 INFO neutron.notifiers.nova [-] Nova event matching ['req-2bac0923-0d10-41d5-92ec-9c57385b834d'] response: {'server_uuid': '2cf8bd66-9fef-4564-9fb4-19626c2a9a0d', 'name': 'network-vif-plugged', 'status': 'completed', 'tag': 'dedb28e1-c3a8-44cf-8ce2-1e73cf4f7f7d', 'code': 200}
2026-05-26 07:18:08.408 10 INFO neutron.db.segments_db [None req-33e28eec-f907-4c98-b153-49a635caed59 c0bc5535bbd44c4bb20100b234b6c10a 9aa4a095d81549ebbb962ccebfc0ac56 - - default default] Added segment b9adb6ec-6659-40c1-900f-57faf61f0270 of type geneve for network 96ebdcbd-d8f6-478a-af4f-2af8836d9a9b
2026-05-26 07:18:08.525 9 INFO neutron.db.ovn_revision_numbers_db [None req-6a178de7-9615-4115-9b1e-97af0d18c024 f120a3c1596e42fe87edefea6e0998da f742d8adbe18468390de3f44bf01790d - - default default] Successfully bumped revision number for resource 2fd3c5eb-8904-49b6-b635-df8b199f72a9 (type: ports) to 2
2026-05-26 07:18:08.662 9 INFO neutron.db.ovn_revision_numbers_db [None req-b83ae8e1-2045-404e-9a70-1fbaa3a64fb0 - - - - - -] Successfully bumped revision number for resource dedb28e1-c3a8-44cf-8ce2-1e73cf4f7f7d (type: ports) to 4
2026-05-26 07:18:08.665 9 INFO neutron.db.ovn_revision_numbers_db [None req-6a178de7-9615-4115-9b1e-97af0d18c024 f120a3c1596e42fe87edefea6e0998da f742d8adbe18468390de3f44bf01790d - - default default] Successfully bumped revision number for resource 978cbc04-560a-4187-b65e-aa4857212d47 (type: subnets) to 0
2026-05-26 07:18:08.725 9 INFO neutron.wsgi [None req-6a178de7-9615-4115-9b1e-97af0d18c024 f120a3c1596e42fe87edefea6e0998da f742d8adbe18468390de3f44bf01790d - - default default] 10.0.0.118 "POST /v2.0/subnets HTTP/1.1" status: 201 len: 822 time: 1.4510283 /var/lib/openstack/lib/python3.10/site-packages/pycadf/identifier.py:71: UserWarning: Invalid uuid: neutron. To ensure interoperability, identifiers should be a valid uuid. warnings.warn(('Invalid uuid: %s. To ensure interoperability, '
2026-05-26 07:18:09.112 10 INFO neutron.db.ovn_revision_numbers_db [None req-33e28eec-f907-4c98-b153-49a635caed59 c0bc5535bbd44c4bb20100b234b6c10a 9aa4a095d81549ebbb962ccebfc0ac56 - - default default] Successfully bumped revision number for resource 96ebdcbd-d8f6-478a-af4f-2af8836d9a9b (type: networks) to 1
2026-05-26 07:18:09.546 10 WARNING neutron.scheduler.dhcp_agent_scheduler [None req-33e28eec-f907-4c98-b153-49a635caed59 c0bc5535bbd44c4bb20100b234b6c10a 9aa4a095d81549ebbb962ccebfc0ac56 - - default default] No more DHCP agents
2026-05-26 07:18:09.548 10 WARNING neutron.api.rpc.agentnotifiers.dhcp_rpc_agent_api [None req-33e28eec-f907-4c98-b153-49a635caed59 c0bc5535bbd44c4bb20100b234b6c10a 9aa4a095d81549ebbb962ccebfc0ac56 - - default default] Unable to schedule network 96ebdcbd-d8f6-478a-af4f-2af8836d9a9b: no agents available; will retry on subsequent port and subnet creation events.
2026-05-26 07:18:09.675 10 INFO neutron.db.ovn_revision_numbers_db [None req-33e28eec-f907-4c98-b153-49a635caed59 c0bc5535bbd44c4bb20100b234b6c10a 9aa4a095d81549ebbb962ccebfc0ac56 - - default default] Successfully bumped revision number for resource ed646f50-46c0-485e-b550-dc221f7c02d1 (type: ports) to 1
2026-05-26 07:18:09.736 9 INFO neutron.wsgi [None req-360e6000-75dd-4e25-90c9-f27a7d5a0942 f120a3c1596e42fe87edefea6e0998da f742d8adbe18468390de3f44bf01790d - - default default] 10.0.0.118 "POST /v2.0/rbac-policies HTTP/1.1" status: 201 len: 523 time: 1.0006535
2026-05-26 07:18:09.743 10 INFO neutron.wsgi [None req-33e28eec-f907-4c98-b153-49a635caed59 c0bc5535bbd44c4bb20100b234b6c10a 9aa4a095d81549ebbb962ccebfc0ac56 - - default default] 10.0.0.118 "POST /v2.0/networks HTTP/1.1" status: 201 len: 830 time: 1.4631481
2026-05-26 07:18:09.753 10 WARNING neutron_lib.context [None req-92c88e12-2836-4b91-91a7-39ea624c536e c0bc5535bbd44c4bb20100b234b6c10a 9aa4a095d81549ebbb962ccebfc0ac56 - - default default] Method 'is_advsvc' is deprecated since 2023.2 release (neutron-lib 3.8.0) and will be removed once support for the old RBAC API policies will be removed from Neutron. Please use method 'is_service_role' instead.
2026-05-26 07:18:10.147 10 WARNING neutron.scheduler.dhcp_agent_scheduler [None req-92c88e12-2836-4b91-91a7-39ea624c536e c0bc5535bbd44c4bb20100b234b6c10a 9aa4a095d81549ebbb962ccebfc0ac56 - - default default] No more DHCP agents
2026-05-26 07:18:10.149 10 WARNING neutron.api.rpc.agentnotifiers.dhcp_rpc_agent_api [None req-92c88e12-2836-4b91-91a7-39ea624c536e c0bc5535bbd44c4bb20100b234b6c10a 9aa4a095d81549ebbb962ccebfc0ac56 - - default default] Unable to schedule network 96ebdcbd-d8f6-478a-af4f-2af8836d9a9b: no agents available; will retry on subsequent port and subnet creation events.
2026-05-26 07:18:10.268 9 INFO neutron.wsgi [None req-724452bd-e23a-4855-98a3-8ba39aafd966 61de0539f25548d698bbd3db411060dc 83aa082499ad4d0a8b4b8bc03e0b655f - - default default] 10.0.0.118 "GET /v2.0/networks/df166440-d650-4980-9cde-aba978039428 HTTP/1.1" status: 200 len: 849 time: 0.1393940
2026-05-26 07:18:10.422 9 INFO neutron.notifiers.nova [-] Nova event matching ['req-02f925c8-e411-49a8-bba2-97ea84cab9c9'] response: {'server_uuid': '2cf8bd66-9fef-4564-9fb4-19626c2a9a0d', 'name': 'network-vif-plugged', 'status': 'completed', 'tag': 'dedb28e1-c3a8-44cf-8ce2-1e73cf4f7f7d', 'code': 200}
2026-05-26 07:18:10.744 9 INFO neutron.pecan_wsgi.hooks.translation [None req-f4252ab1-5ca6-4bf5-8aae-c25305f5c68c a7a2fbc9b5d546c0a29a4afa3ec2b86e 6c2cbab667204af5ba7763e2d3cfd33c - - default default] GET failed (client error): The resource could not be found.
2026-05-26 07:18:10.746 9 INFO neutron.wsgi [None req-f4252ab1-5ca6-4bf5-8aae-c25305f5c68c a7a2fbc9b5d546c0a29a4afa3ec2b86e 6c2cbab667204af5ba7763e2d3cfd33c - - default default] 10.0.0.118 "GET /v2.0/networks/df166440-d650-4980-9cde-aba978039428 HTTP/1.1" status: 404 len: 339 time: 0.0590222
2026-05-26 07:18:10.929 10 INFO neutron.db.ovn_revision_numbers_db [None req-92c88e12-2836-4b91-91a7-39ea624c536e c0bc5535bbd44c4bb20100b234b6c10a 9aa4a095d81549ebbb962ccebfc0ac56 - - default default] Successfully bumped revision number for resource ed646f50-46c0-485e-b550-dc221f7c02d1 (type: ports) to 2
2026-05-26 07:18:11.128 10 INFO neutron.db.ovn_revision_numbers_db [None req-92c88e12-2836-4b91-91a7-39ea624c536e c0bc5535bbd44c4bb20100b234b6c10a 9aa4a095d81549ebbb962ccebfc0ac56 - - default default] Successfully bumped revision number for resource 5a9c6f01-9ce4-4929-a83c-97848213e0b2 (type: subnets) to 0
2026-05-26 07:18:11.244 10 INFO neutron.wsgi [None req-92c88e12-2836-4b91-91a7-39ea624c536e c0bc5535bbd44c4bb20100b234b6c10a 9aa4a095d81549ebbb962ccebfc0ac56 - - default default] 10.0.0.118 "POST /v2.0/subnets HTTP/1.1" status: 201 len: 804 time: 1.4956830
2026-05-26 07:18:11.257 9 WARNING neutron_lib.context [None req-0e002708-12aa-4f2c-87c4-23a58b7f1dc6 c0bc5535bbd44c4bb20100b234b6c10a 9aa4a095d81549ebbb962ccebfc0ac56 - - default default] Method 'is_advsvc' is deprecated since 2023.2 release (neutron-lib 3.8.0) and will be removed once support for the old RBAC API policies will be removed from Neutron. Please use method 'is_service_role' instead.
2026-05-26 07:18:11.551 9 INFO neutron.plugins.ml2.drivers.ovn.mech_driver.mech_driver [None req-b83ae8e1-2045-404e-9a70-1fbaa3a64fb0 - - - - - -] OVN reports status up for port: 6a9798cf-6a42-4573-8f88-1d862d83c577
2026-05-26 07:18:11.591 9 INFO neutron.plugins.ml2.plugin [None req-b83ae8e1-2045-404e-9a70-1fbaa3a64fb0 - - - - - -] Attempt 1 to provision port 6a9798cf-6a42-4573-8f88-1d862d83c577
2026-05-26 07:18:11.660 10 INFO neutron.services.segments.plugin [-] Segment c4b2a95b-6f23-4940-b5a8-5b36038d18e1 resource provider aggregate not found
2026-05-26 07:18:11.665 10 INFO neutron.services.segments.plugin [-] Segment c4b2a95b-6f23-4940-b5a8-5b36038d18e1 resource provider aggregate not found
2026-05-26 07:18:11.687 10 INFO neutron.services.segments.plugin [-] Segment c4b2a95b-6f23-4940-b5a8-5b36038d18e1 resource provider not found; error: Placement Client Error (4xx): {"errors": [{"status": 404, "title": "Not Found", "detail": "The resource could not be found.\n\n No resource provider with uuid c4b2a95b-6f23-4940-b5a8-5b36038d18e1 found for delete ", "request_id": "req-82ea57f4-4701-4f4b-a619-92b0699b90f8"}]}
2026-05-26 07:18:11.689 10 INFO neutron.services.segments.plugin [-] Segment c4b2a95b-6f23-4940-b5a8-5b36038d18e1 resource provider not found; error: Placement Client Error (4xx): {"errors": [{"status": 404, "title": "Not Found", "detail": "The resource could not be found.\n\n No resource provider with uuid c4b2a95b-6f23-4940-b5a8-5b36038d18e1 found for delete ", "request_id": "req-770d5127-20f8-4fee-8957-76e36284da3b"}]}
2026-05-26 07:18:11.725 10 INFO neutron.wsgi [None req-37dfd9e9-ef0d-487f-b6d4-bfd825d0264c f120a3c1596e42fe87edefea6e0998da f742d8adbe18468390de3f44bf01790d - - default default] 10.0.0.118 "DELETE /v2.0/networks/df166440-d650-4980-9cde-aba978039428 HTTP/1.1" status: 204 len: 168 time: 0.9751248
2026-05-26 07:18:11.750 10 INFO neutron.pecan_wsgi.hooks.translation [None req-fd7d5632-3cae-4823-8602-653cf6d1f922 f120a3c1596e42fe87edefea6e0998da f742d8adbe18468390de3f44bf01790d - - default default] DELETE failed (client error): The resource could not be found.
2026-05-26 07:18:11.752 10 INFO neutron.wsgi [None req-fd7d5632-3cae-4823-8602-653cf6d1f922 f120a3c1596e42fe87edefea6e0998da f742d8adbe18468390de3f44bf01790d - - default default] 10.0.0.118 "DELETE /v2.0/subnets/d1d07070-0c67-4765-8b7f-c802b8a5fa7a HTTP/1.1" status: 404 len: 337 time: 0.0183375
2026-05-26 07:18:11.775 10 INFO neutron.pecan_wsgi.hooks.translation [None req-734e65fa-40cb-4c37-8a19-9ffa6642ea71 f120a3c1596e42fe87edefea6e0998da f742d8adbe18468390de3f44bf01790d - - default default] DELETE failed (client error): The resource could not be found.
2026-05-26 07:18:11.778 10 INFO neutron.wsgi [None req-734e65fa-40cb-4c37-8a19-9ffa6642ea71 f120a3c1596e42fe87edefea6e0998da f742d8adbe18468390de3f44bf01790d - - default default] 10.0.0.118 "DELETE /v2.0/subnets/633284b2-dae6-41d9-b026-c252adf9001c HTTP/1.1" status: 404 len: 337 time: 0.0204563
2026-05-26 07:18:11.798 10 INFO neutron.pecan_wsgi.hooks.translation [None req-eb6e8ef0-7e08-4f7b-9e55-72380a017fb5 f120a3c1596e42fe87edefea6e0998da f742d8adbe18468390de3f44bf01790d - - default default] DELETE failed (client error): The resource could not be found.
2026-05-26 07:18:11.801 10 INFO neutron.wsgi [None req-eb6e8ef0-7e08-4f7b-9e55-72380a017fb5 f120a3c1596e42fe87edefea6e0998da f742d8adbe18468390de3f44bf01790d - - default default] 10.0.0.118 "DELETE /v2.0/subnets/978cbc04-560a-4187-b65e-aa4857212d47 HTTP/1.1" status: 404 len: 337 time: 0.0190933
2026-05-26 07:18:12.312 9 INFO neutron.db.ovn_revision_numbers_db [None req-b83ae8e1-2045-404e-9a70-1fbaa3a64fb0 - - - - - -] Successfully bumped revision number for resource 6a9798cf-6a42-4573-8f88-1d862d83c577 (type: ports) to 3
2026-05-26 07:18:12.358 9 WARNING neutron.scheduler.dhcp_agent_scheduler [None req-0e002708-12aa-4f2c-87c4-23a58b7f1dc6 c0bc5535bbd44c4bb20100b234b6c10a 9aa4a095d81549ebbb962ccebfc0ac56 - - default default] No more DHCP agents
2026-05-26 07:18:12.364 9 WARNING neutron.api.rpc.agentnotifiers.dhcp_rpc_agent_api [None req-0e002708-12aa-4f2c-87c4-23a58b7f1dc6 c0bc5535bbd44c4bb20100b234b6c10a 9aa4a095d81549ebbb962ccebfc0ac56 - - default default] Unable to schedule network bc6215b1-51af-4c6e-87b8-3039db2e0092: no agents available; will retry on subsequent port and subnet creation events.
2026-05-26 07:18:12.503 9 INFO neutron.plugins.ml2.drivers.ovn.mech_driver.mech_driver [None req-b83ae8e1-2045-404e-9a70-1fbaa3a64fb0 - - - - - -] OVN reports status up for port: 66e5863e-0821-4fae-b8d4-48d8c12b54e2
2026-05-26 07:18:12.545 9 INFO neutron.plugins.ml2.plugin [None req-b83ae8e1-2045-404e-9a70-1fbaa3a64fb0 - - - - - -] Attempt 1 to provision port 66e5863e-0821-4fae-b8d4-48d8c12b54e2
2026-05-26 07:18:12.672 9 INFO neutron.db.ovn_revision_numbers_db [None req-0e002708-12aa-4f2c-87c4-23a58b7f1dc6 c0bc5535bbd44c4bb20100b234b6c10a 9aa4a095d81549ebbb962ccebfc0ac56 - - default default] Successfully bumped revision number for resource 8ac21843-d094-4896-bd97-c6435b2637c2 (type: ports) to 1
2026-05-26 07:18:13.163 10 INFO neutron.wsgi [req-f8d2d293-4a45-42f1-ab2d-f20a474c0e14 req-08f97528-1bd3-4bac-87fc-eabd38dcfbe1 8850e552d79f4f7891df2430027dfc80 3fe2ba2a709c47bdb2d00ee9cfab756a - - default default] 10.0.0.20 "GET /v2.0/ports?device_id=2cf8bd66-9fef-4564-9fb4-19626c2a9a0d HTTP/1.1" status: 200 len: 1396 time: 0.0958006
2026-05-26 07:18:13.251 10 INFO neutron.wsgi [req-f8d2d293-4a45-42f1-ab2d-f20a474c0e14 req-2496e771-4361-4531-9ad7-ea2e8e1087da 8850e552d79f4f7891df2430027dfc80 3fe2ba2a709c47bdb2d00ee9cfab756a - - default default] 10.0.0.20 "GET /v2.0/security-groups?id=29d00b01-3465-4d07-9c8d-e4e4f97b19c0&fields=id&fields=name HTTP/1.1" status: 200 len: 310 time: 0.0796337
2026-05-26 07:18:13.365 10 INFO neutron.wsgi [None req-0c98bf98-66c2-4932-a379-50c8b59a33a9 8850e552d79f4f7891df2430027dfc80 3fe2ba2a709c47bdb2d00ee9cfab756a - - default default] 10.0.0.118 "GET /v2.0/ports?network_id=1970e6b9-9d91-4f0a-b870-9e4d60c2dc84&mac_address=fa%3A16%3A3e%3Afc%3A72%3Ab2 HTTP/1.1" status: 200 len: 1391 time: 0.0809751
2026-05-26 07:18:13.383 10 WARNING neutron_lib.context [None req-5aab9724-ffca-4671-8108-4cb3bb085e5c 8850e552d79f4f7891df2430027dfc80 3fe2ba2a709c47bdb2d00ee9cfab756a - - default default] Method 'is_advsvc' is deprecated since 2023.2 release (neutron-lib 3.8.0) and will be removed once support for the old RBAC API policies will be removed from Neutron. Please use method 'is_service_role' instead.
2026-05-26 07:18:13.495 9 INFO neutron.db.ovn_revision_numbers_db [None req-b83ae8e1-2045-404e-9a70-1fbaa3a64fb0 - - - - - -] Successfully bumped revision number for resource 66e5863e-0821-4fae-b8d4-48d8c12b54e2 (type: ports) to 3
2026-05-26 07:18:13.921 10 WARNING neutron.scheduler.dhcp_agent_scheduler [None req-5aab9724-ffca-4671-8108-4cb3bb085e5c 8850e552d79f4f7891df2430027dfc80 3fe2ba2a709c47bdb2d00ee9cfab756a - - default default] No more DHCP agents
2026-05-26 07:18:13.923 10 WARNING neutron.api.rpc.agentnotifiers.dhcp_rpc_agent_api [None req-5aab9724-ffca-4671-8108-4cb3bb085e5c 8850e552d79f4f7891df2430027dfc80 3fe2ba2a709c47bdb2d00ee9cfab756a - - default default] Unable to schedule network bc6215b1-51af-4c6e-87b8-3039db2e0092: no agents available; will retry on subsequent port and subnet creation events.
2026-05-26 07:18:14.280 9 INFO neutron.plugins.ml2.drivers.ovn.mech_driver.ovsdb.commands [None req-b5c1e9a9-db81-4cca-b8f1-2a6320905117 - - - - - -] Schedule LRP lrp-8ac21843-d094-4896-bd97-c6435b2637c2 on gateway ea714044-8572-4e36-b235-29e191bbf71e with priority 1
2026-05-26 07:18:14.304 10 INFO neutron.plugins.ml2.drivers.ovn.mech_driver.mech_driver [None req-54f8cc44-4c16-45db-ac11-959a53c9ead9 - - - - - -] OVN reports status up for port: 8ac21843-d094-4896-bd97-c6435b2637c2
2026-05-26 07:18:14.322 10 INFO neutron.plugins.ml2.plugin [None req-54f8cc44-4c16-45db-ac11-959a53c9ead9 - - - - - -] Attempt 1 to provision port 8ac21843-d094-4896-bd97-c6435b2637c2
2026-05-26 07:18:14.415 9 INFO neutron.db.ovn_revision_numbers_db [None req-0e002708-12aa-4f2c-87c4-23a58b7f1dc6 c0bc5535bbd44c4bb20100b234b6c10a 9aa4a095d81549ebbb962ccebfc0ac56 - - default default] Successfully bumped revision number for resource 8ac21843-d094-4896-bd97-c6435b2637c2 (type: router_ports) to 1
2026-05-26 07:18:14.529 9 INFO neutron.db.ovn_revision_numbers_db [None req-0e002708-12aa-4f2c-87c4-23a58b7f1dc6 c0bc5535bbd44c4bb20100b234b6c10a 9aa4a095d81549ebbb962ccebfc0ac56 - - default default] Successfully bumped revision number for resource 9483914d-3faa-4b1a-b794-5ab02ef6cfc2 (type: routers) to 2
2026-05-26 07:18:14.755 9 INFO neutron.wsgi [None req-0e002708-12aa-4f2c-87c4-23a58b7f1dc6 c0bc5535bbd44c4bb20100b234b6c10a 9aa4a095d81549ebbb962ccebfc0ac56 - - default default] 10.0.0.118 "POST /v2.0/routers HTTP/1.1" status: 201 len: 1136 time: 3.5044076
2026-05-26 07:18:14.971 9 INFO neutron.db.ovn_revision_numbers_db [None req-e0fe1de2-1672-484e-a828-3902c6ff6f6f 2817d0d3bdf34e88a6ae85fe28c4139f ccf6659d5e094401a117d6ba8637659e - - default default] Successfully bumped revision number for resource d00dfe15-9f7e-4f98-a1eb-242fb1e32592 (type: security_groups) to 1
2026-05-26 07:18:15.055 9 INFO neutron.db.ovn_revision_numbers_db [None req-e0fe1de2-1672-484e-a828-3902c6ff6f6f 2817d0d3bdf34e88a6ae85fe28c4139f ccf6659d5e094401a117d6ba8637659e - - default default] Successfully bumped revision number for resource 3bb47d35-72a7-42b3-ab13-f403965646b8 (type: security_group_rules) to 0
2026-05-26 07:18:15.220 9 INFO neutron.db.ovn_revision_numbers_db [None req-e0fe1de2-1672-484e-a828-3902c6ff6f6f 2817d0d3bdf34e88a6ae85fe28c4139f ccf6659d5e094401a117d6ba8637659e - - default default] Successfully bumped revision number for resource 61f801c8-22c3-4ce0-afdf-996564d5ed7e (type: security_group_rules) to 0
2026-05-26 07:18:15.339 9 INFO neutron.wsgi [-] 10.0.0.28 "GET / HTTP/1.1" status: 200 len: 247 time: 0.0012803
2026-05-26 07:18:15.341 9 INFO neutron.wsgi [-] 10.0.0.28 "GET / HTTP/1.1" status: 200 len: 247 time: 0.0010719
2026-05-26 07:18:15.389 9 INFO neutron.db.ovn_revision_numbers_db [None req-e0fe1de2-1672-484e-a828-3902c6ff6f6f 2817d0d3bdf34e88a6ae85fe28c4139f ccf6659d5e094401a117d6ba8637659e - - default default] Successfully bumped revision number for resource 96954233-3d8c-4486-a166-7540667c3773 (type: security_group_rules) to 0
2026-05-26 07:18:15.516 9 INFO neutron.db.ovn_revision_numbers_db [None req-e0fe1de2-1672-484e-a828-3902c6ff6f6f 2817d0d3bdf34e88a6ae85fe28c4139f ccf6659d5e094401a117d6ba8637659e - - default default] Successfully bumped revision number for resource b18ee9fd-7172-4b5a-b4b3-83ad452644fa (type: security_group_rules) to 0
2026-05-26 07:18:15.647 10 INFO neutron.db.ovn_revision_numbers_db [None req-5aab9724-ffca-4671-8108-4cb3bb085e5c 8850e552d79f4f7891df2430027dfc80 3fe2ba2a709c47bdb2d00ee9cfab756a - - default default] Successfully bumped revision number for resource fb1ff03d-8559-4d34-8cae-334b2304c2ff (type: floatingips) to -1
2026-05-26 07:18:15.838 10 INFO neutron.db.ovn_revision_numbers_db [None req-5aab9724-ffca-4671-8108-4cb3bb085e5c 8850e552d79f4f7891df2430027dfc80 3fe2ba2a709c47bdb2d00ee9cfab756a - - default default] Successfully bumped revision number for resource fb1ff03d-8559-4d34-8cae-334b2304c2ff (type: floatingips) to 1
2026-05-26 07:18:15.839 10 INFO neutron.db.l3_db [None req-5aab9724-ffca-4671-8108-4cb3bb085e5c 8850e552d79f4f7891df2430027dfc80 3fe2ba2a709c47bdb2d00ee9cfab756a - - default default] Floating IP fb1ff03d-8559-4d34-8cae-334b2304c2ff associated. External IP: 10.96.250.202, port: dedb28e1-c3a8-44cf-8ce2-1e73cf4f7f7d.
2026-05-26 07:18:15.861 9 INFO neutron.wsgi [None req-e0fe1de2-1672-484e-a828-3902c6ff6f6f 2817d0d3bdf34e88a6ae85fe28c4139f ccf6659d5e094401a117d6ba8637659e - - default default] 10.0.0.118 "GET /v2.0/security-groups?tenant_id=83aa082499ad4d0a8b4b8bc03e0b655f&name=default HTTP/1.1" status: 200 len: 3124 time: 1.7806489
2026-05-26 07:18:15.892 9 WARNING neutron.scheduler.dhcp_agent_scheduler [None req-0f80908b-1160-4a69-8f7f-70ca896c1289 c0bc5535bbd44c4bb20100b234b6c10a 9aa4a095d81549ebbb962ccebfc0ac56 - - default default] No more DHCP agents
2026-05-26 07:18:15.894 9 WARNING neutron.api.rpc.agentnotifiers.dhcp_rpc_agent_api [None req-0f80908b-1160-4a69-8f7f-70ca896c1289 c0bc5535bbd44c4bb20100b234b6c10a 9aa4a095d81549ebbb962ccebfc0ac56 - - default default] Unable to schedule network 96ebdcbd-d8f6-478a-af4f-2af8836d9a9b: no agents available; will retry on subsequent port and subnet creation events.
2026-05-26 07:18:15.909 10 INFO neutron.wsgi [None req-5aab9724-ffca-4671-8108-4cb3bb085e5c 8850e552d79f4f7891df2430027dfc80 3fe2ba2a709c47bdb2d00ee9cfab756a - - default default] 10.0.0.118 "POST /v2.0/floatingips HTTP/1.1" status: 201 len: 1053 time: 2.5355818
2026-05-26 07:18:15.977 10 INFO neutron.notifiers.nova [-] Nova event matching ['req-b67e2878-91b6-4326-affe-490160b88156'] response: {'name': 'network-changed', 'server_uuid': '2cf8bd66-9fef-4564-9fb4-19626c2a9a0d', 'tag': 'dedb28e1-c3a8-44cf-8ce2-1e73cf4f7f7d', 'status': 'completed', 'code': 200} /var/lib/openstack/lib/python3.10/site-packages/pycadf/identifier.py:71: UserWarning: Invalid uuid: neutron. To ensure interoperability, identifiers should be a valid uuid. warnings.warn(('Invalid uuid: %s. To ensure interoperability, '
2026-05-26 07:18:16.067 10 INFO neutron.wsgi [req-2c441b13-813e-455f-a19c-666e79e3bc66 req-cdd9cbc7-05ba-4233-a094-78bc413ebaaf 64b5e3326b72444a8828719a12ccd765 c8983ce9fc3c4f27b24617de3315d595 - - 63d7eea5d34b4b559c1cb1215a02d94b 63d7eea5d34b4b559c1cb1215a02d94b] 199.204.45.109 "GET /v2.0/ports?tenant_id=3fe2ba2a709c47bdb2d00ee9cfab756a&device_id=2cf8bd66-9fef-4564-9fb4-19626c2a9a0d HTTP/1.1" status: 200 len: 1634 time: 0.0603242
2026-05-26 07:18:16.081 9 INFO neutron.wsgi [req-8d8de658-e9f2-4c05-8b08-876ce6518036 req-2b24d21a-c32a-465d-a869-463d29d532e7 8850e552d79f4f7891df2430027dfc80 3fe2ba2a709c47bdb2d00ee9cfab756a - - default default] 10.0.0.20 "GET /v2.0/security-groups?name=tempest-lb_member_SG-637137228&fields=id&tenant_id=3fe2ba2a709c47bdb2d00ee9cfab756a HTTP/1.1" status: 200 len: 267 time: 0.0725887
2026-05-26 07:18:16.136 10 INFO neutron.wsgi [req-2c441b13-813e-455f-a19c-666e79e3bc66 req-2862e29e-0cf6-403e-a1ef-4e55d41e2864 64b5e3326b72444a8828719a12ccd765 c8983ce9fc3c4f27b24617de3315d595 - - 63d7eea5d34b4b559c1cb1215a02d94b 63d7eea5d34b4b559c1cb1215a02d94b] 199.204.45.109 "GET /v2.0/networks?id=1970e6b9-9d91-4f0a-b870-9e4d60c2dc84 HTTP/1.1" status: 200 len: 1003 time: 0.0636771
2026-05-26 07:18:16.159 9 INFO neutron.db.ovn_revision_numbers_db [None req-0f80908b-1160-4a69-8f7f-70ca896c1289 c0bc5535bbd44c4bb20100b234b6c10a 9aa4a095d81549ebbb962ccebfc0ac56 - - default default] Successfully bumped revision number for resource c50f63ce-f5f4-4b7e-aaef-f8f718b564fc (type: ports) to 1
