2026-05-26 07:17:31.028 9 WARNING neutron_lib.context [None req-38da20c3-fcba-45e9-ac68-86c3648e6f76 8850e552d79f4f7891df2430027dfc80 3fe2ba2a709c47bdb2d00ee9cfab756a - - default default] Method 'is_advsvc' is deprecated since 2023.2 release (neutron-lib 3.8.0) and will be removed once support for the old RBAC API policies will be removed from Neutron. Please use method 'is_service_role' instead.
2026-05-26 07:17:31.041 9 INFO neutron.db.ovn_revision_numbers_db [None req-ecaf1d4a-9589-426b-b14e-5abc3867e814 2817d0d3bdf34e88a6ae85fe28c4139f ccf6659d5e094401a117d6ba8637659e - - default default] Successfully bumped revision number for resource e2faa53e-2440-4422-8371-9692951a83a6 (type: security_groups) to 1
2026-05-26 07:17:31.093 9 INFO neutron.db.ovn_revision_numbers_db [None req-ecaf1d4a-9589-426b-b14e-5abc3867e814 2817d0d3bdf34e88a6ae85fe28c4139f ccf6659d5e094401a117d6ba8637659e - - default default] Successfully bumped revision number for resource 6be63959-4728-4c3a-ae01-fd374796436d (type: security_group_rules) to 0
2026-05-26 07:17:31.133 9 INFO neutron.db.ovn_revision_numbers_db [None req-ecaf1d4a-9589-426b-b14e-5abc3867e814 2817d0d3bdf34e88a6ae85fe28c4139f ccf6659d5e094401a117d6ba8637659e - - default default] Successfully bumped revision number for resource 826f5a23-1fa5-41ed-a08a-89e299138fab (type: security_group_rules) to 0
2026-05-26 07:17:31.162 9 INFO neutron.db.ovn_revision_numbers_db [None req-ecaf1d4a-9589-426b-b14e-5abc3867e814 2817d0d3bdf34e88a6ae85fe28c4139f ccf6659d5e094401a117d6ba8637659e - - default default] Successfully bumped revision number for resource e61edbdc-9380-4c1a-9d55-1ffef9bb45c8 (type: security_group_rules) to 0
2026-05-26 07:17:31.220 9 INFO neutron.db.ovn_revision_numbers_db [None req-ecaf1d4a-9589-426b-b14e-5abc3867e814 2817d0d3bdf34e88a6ae85fe28c4139f ccf6659d5e094401a117d6ba8637659e - - default default] Successfully bumped revision number for resource f011c75c-bc31-44db-90f6-b4d23da0f0bf (type: security_group_rules) to 0
2026-05-26 07:17:31.253 9 INFO neutron.wsgi [None req-ecaf1d4a-9589-426b-b14e-5abc3867e814 2817d0d3bdf34e88a6ae85fe28c4139f ccf6659d5e094401a117d6ba8637659e - - default default] 10.0.0.118 "GET /v2.0/security-groups?tenant_id=5397b69b4da14f85addc348d03514393&name=default HTTP/1.1" status: 200 len: 3120 time: 0.5066855
2026-05-26 07:17:31.376 10 INFO neutron.db.ovn_revision_numbers_db [None req-be764e7a-c85d-4dde-a1c8-a5bc7b46ee79 - - - - - -] Successfully bumped revision number for resource a5cf9873-291c-4a2f-b3c8-744fd20a85b3 (type: router_ports) to 4
2026-05-26 07:17:31.739 10 INFO neutron.wsgi [None req-c8b5c059-8aa8-4d86-bc87-47043a2c4960 2817d0d3bdf34e88a6ae85fe28c4139f ccf6659d5e094401a117d6ba8637659e - - default default] 10.0.0.118 "DELETE /v2.0/security-groups/e2faa53e-2440-4422-8371-9692951a83a6 HTTP/1.1" status: 204 len: 168 time: 0.4784744
2026-05-26 07:17:31.769 9 WARNING neutron.scheduler.dhcp_agent_scheduler [None req-38da20c3-fcba-45e9-ac68-86c3648e6f76 8850e552d79f4f7891df2430027dfc80 3fe2ba2a709c47bdb2d00ee9cfab756a - - default default] No more DHCP agents
2026-05-26 07:17:31.771 9 WARNING neutron.api.rpc.agentnotifiers.dhcp_rpc_agent_api [None req-38da20c3-fcba-45e9-ac68-86c3648e6f76 8850e552d79f4f7891df2430027dfc80 3fe2ba2a709c47bdb2d00ee9cfab756a - - default default] Unable to schedule network ca7b7bc0-b93e-41da-9416-3e6815434a6e: no agents available; will retry on subsequent port and subnet creation events.
2026-05-26 07:17:31.830 9 INFO neutron.db.ovn_revision_numbers_db [None req-38da20c3-fcba-45e9-ac68-86c3648e6f76 8850e552d79f4f7891df2430027dfc80 3fe2ba2a709c47bdb2d00ee9cfab756a - - default default] Successfully bumped revision number for resource 63544396-f3ba-4157-af2d-2ceebe241155 (type: subnets) to 0
2026-05-26 07:17:31.855 9 INFO neutron.wsgi [None req-5aa23b6e-86a9-481a-be18-85f989882572 2817d0d3bdf34e88a6ae85fe28c4139f ccf6659d5e094401a117d6ba8637659e - - default default] 10.0.0.118 "PUT /v2.0/routers/537338fa-04e9-44c2-aa2a-24cf7cae0465/remove_router_interface HTTP/1.1" status: 200 len: 503 time: 2.7150226 /var/lib/openstack/lib/python3.10/site-packages/pycadf/identifier.py:71: UserWarning: Invalid uuid: neutron. To ensure interoperability, identifiers should be a valid uuid. warnings.warn(('Invalid uuid: %s. To ensure interoperability, '
2026-05-26 07:17:31.894 9 INFO neutron.wsgi [None req-38da20c3-fcba-45e9-ac68-86c3648e6f76 8850e552d79f4f7891df2430027dfc80 3fe2ba2a709c47bdb2d00ee9cfab756a - - default default] 10.0.0.118 "POST /v2.0/subnets HTTP/1.1" status: 201 len: 902 time: 0.8713179
2026-05-26 07:17:31.904 9 WARNING neutron_lib.context [None req-f324e690-1343-492a-826f-b34dc9379f35 8850e552d79f4f7891df2430027dfc80 3fe2ba2a709c47bdb2d00ee9cfab756a - - default default] Method 'is_advsvc' is deprecated since 2023.2 release (neutron-lib 3.8.0) and will be removed once support for the old RBAC API policies will be removed from Neutron. Please use method 'is_service_role' instead.
2026-05-26 07:17:31.961 10 WARNING neutron.scheduler.dhcp_agent_scheduler [None req-383cb649-99ec-4aae-83b9-b56875699d80 bd007912bca74fd3b3152cfeb4a032ce 207add87af7b41f6b8565d2754ff4ce2 - - default default] No more DHCP agents
2026-05-26 07:17:31.964 10 WARNING neutron.api.rpc.agentnotifiers.dhcp_rpc_agent_api [None req-383cb649-99ec-4aae-83b9-b56875699d80 bd007912bca74fd3b3152cfeb4a032ce 207add87af7b41f6b8565d2754ff4ce2 - - default default] Unable to schedule network b8f3a573-b046-4548-8a6b-523e872b2886: no agents available; will retry on subsequent port and subnet creation events.
2026-05-26 07:17:32.142 10 INFO neutron.db.ovn_revision_numbers_db [None req-383cb649-99ec-4aae-83b9-b56875699d80 bd007912bca74fd3b3152cfeb4a032ce 207add87af7b41f6b8565d2754ff4ce2 - - default default] Successfully bumped revision number for resource 46f51cac-51ac-40ae-b17b-b5e2ca6d83ff (type: ports) to 1
2026-05-26 07:17:32.856 9 WARNING neutron.scheduler.dhcp_agent_scheduler [None req-f324e690-1343-492a-826f-b34dc9379f35 8850e552d79f4f7891df2430027dfc80 3fe2ba2a709c47bdb2d00ee9cfab756a - - default default] No more DHCP agents
2026-05-26 07:17:32.862 9 WARNING neutron.api.rpc.agentnotifiers.dhcp_rpc_agent_api [None req-f324e690-1343-492a-826f-b34dc9379f35 8850e552d79f4f7891df2430027dfc80 3fe2ba2a709c47bdb2d00ee9cfab756a - - default default] Unable to schedule network bc6215b1-51af-4c6e-87b8-3039db2e0092: no agents available; will retry on subsequent port and subnet creation events.
2026-05-26 07:17:33.362 10 ERROR ovsdbapp.backend.ovs_idl.command [None req-383cb649-99ec-4aae-83b9-b56875699d80 bd007912bca74fd3b3152cfeb4a032ce 207add87af7b41f6b8565d2754ff4ce2 - - default default] Error executing command (DbGetCommand): ovsdbapp.backend.ovs_idl.idlutils.RowNotFound: Cannot find Logical_Router_Port with name=lrp-46f51cac-51ac-40ae-b17b-b5e2ca6d83ff
2026-05-26 07:17:33.362 10 ERROR ovsdbapp.backend.ovs_idl.command
Traceback (most recent call last):
2026-05-26 07:17:33.362 10 ERROR ovsdbapp.backend.ovs_idl.command
File "/var/lib/openstack/lib/python3.10/site-packages/ovsdbapp/backend/ovs_idl/command.py", line 47, in execute
2026-05-26 07:17:33.362 10 ERROR ovsdbapp.backend.ovs_idl.command self.run_idl(None)
2026-05-26 07:17:33.362 10 ERROR ovsdbapp.backend.ovs_idl.command
File "/var/lib/openstack/lib/python3.10/site-packages/ovsdbapp/backend/ovs_idl/command.py", line 235, in run_idl
2026-05-26 07:17:33.362 10 ERROR ovsdbapp.backend.ovs_idl.command record = self.api.lookup(self.table, self.record)
2026-05-26 07:17:33.362 10 ERROR ovsdbapp.backend.ovs_idl.command
File "/var/lib/openstack/lib/python3.10/site-packages/ovsdbapp/backend/ovs_idl/__init__.py", line 184, in lookup
2026-05-26 07:17:33.362 10 ERROR ovsdbapp.backend.ovs_idl.command return self._lookup(table, record)
2026-05-26 07:17:33.362 10 ERROR ovsdbapp.backend.ovs_idl.command
File "/var/lib/openstack/lib/python3.10/site-packages/ovsdbapp/backend/ovs_idl/__init__.py", line 235, in _lookup
2026-05-26 07:17:33.362 10 ERROR ovsdbapp.backend.ovs_idl.command row = idlutils.row_by_value(self, rl.table, rl.column, record)
2026-05-26 07:17:33.362 10 ERROR ovsdbapp.backend.ovs_idl.command
File "/var/lib/openstack/lib/python3.10/site-packages/ovsdbapp/backend/ovs_idl/idlutils.py", line 114, in row_by_value
2026-05-26 07:17:33.362 10 ERROR ovsdbapp.backend.ovs_idl.command raise RowNotFound(table=table, col=column, match=match)
2026-05-26 07:17:33.362 10 ERROR ovsdbapp.backend.ovs_idl.command ovsdbapp.backend.ovs_idl.idlutils.RowNotFound: Cannot find Logical_Router_Port with name=lrp-46f51cac-51ac-40ae-b17b-b5e2ca6d83ff
2026-05-26 07:17:33.362 10 ERROR ovsdbapp.backend.ovs_idl.command 
2026-05-26 07:17:33.363 10 ERROR neutron_lib.callbacks.manager [None req-383cb649-99ec-4aae-83b9-b56875699d80 bd007912bca74fd3b3152cfeb4a032ce 207add87af7b41f6b8565d2754ff4ce2 - - default default] Error during notification for neutron.services.ovn_l3.plugin.OVNL3RouterPlugin._port_update-8764927426287 port, after_update: ovsdbapp.backend.ovs_idl.idlutils.RowNotFound: Cannot find Logical_Router_Port with name=lrp-46f51cac-51ac-40ae-b17b-b5e2ca6d83ff
2026-05-26 07:17:33.363 10 ERROR neutron_lib.callbacks.manager
Traceback (most recent call last):
2026-05-26 07:17:33.363 10 ERROR neutron_lib.callbacks.manager
File "/var/lib/openstack/lib/python3.10/site-packages/neutron_lib/callbacks/manager.py", line 189, in _notify_loop
2026-05-26 07:17:33.363 10 ERROR neutron_lib.callbacks.manager callback.method(resource, event, trigger, payload=payload)
2026-05-26 07:17:33.363 10 ERROR neutron_lib.callbacks.manager
File "/var/lib/openstack/lib/python3.10/site-packages/neutron/services/ovn_l3/plugin.py", line 391, in _port_update
2026-05-26 07:17:33.363 10 ERROR neutron_lib.callbacks.manager l3plugin._ovn_client.update_router_port(context,
2026-05-26 07:17:33.363 10 ERROR neutron_lib.callbacks.manager
File "/var/lib/openstack/lib/python3.10/site-packages/neutron/plugins/ml2/drivers/ovn/mech_driver/ovsdb/ovn_client.py", line 1878, in update_router_port
2026-05-26 07:17:33.363 10 ERROR neutron_lib.callbacks.manager self._update_lrouter_port(context, port, if_exists=if_exists,
2026-05-26 07:17:33.363 10 ERROR neutron_lib.callbacks.manager
File "/var/lib/openstack/lib/python3.10/site-packages/neutron/plugins/ml2/drivers/ovn/mech_driver/ovsdb/ovn_client.py", line 1855, in _update_lrouter_port
2026-05-26 07:17:33.363 10 ERROR neutron_lib.callbacks.manager external_ids = self._nb_idl.db_get(
2026-05-26 07:17:33.363 10 ERROR neutron_lib.callbacks.manager
File "/var/lib/openstack/lib/python3.10/site-packages/ovsdbapp/backend/ovs_idl/command.py", line 47, in execute
2026-05-26 07:17:33.363 10 ERROR neutron_lib.callbacks.manager self.run_idl(None)
2026-05-26 07:17:33.363 10 ERROR neutron_lib.callbacks.manager
File "/var/lib/openstack/lib/python3.10/site-packages/ovsdbapp/backend/ovs_idl/command.py", line 235, in run_idl
2026-05-26 07:17:33.363 10 ERROR neutron_lib.callbacks.manager record = self.api.lookup(self.table, self.record)
2026-05-26 07:17:33.363 10 ERROR neutron_lib.callbacks.manager
File "/var/lib/openstack/lib/python3.10/site-packages/ovsdbapp/backend/ovs_idl/__init__.py", line 184, in lookup
2026-05-26 07:17:33.363 10 ERROR neutron_lib.callbacks.manager return self._lookup(table, record)
2026-05-26 07:17:33.363 10 ERROR neutron_lib.callbacks.manager
File "/var/lib/openstack/lib/python3.10/site-packages/ovsdbapp/backend/ovs_idl/__init__.py", line 235, in _lookup
2026-05-26 07:17:33.363 10 ERROR neutron_lib.callbacks.manager row = idlutils.row_by_value(self, rl.table, rl.column, record)
2026-05-26 07:17:33.363 10 ERROR neutron_lib.callbacks.manager
File "/var/lib/openstack/lib/python3.10/site-packages/ovsdbapp/backend/ovs_idl/idlutils.py", line 114, in row_by_value
2026-05-26 07:17:33.363 10 ERROR neutron_lib.callbacks.manager raise RowNotFound(table=table, col=column, match=match)
2026-05-26 07:17:33.363 10 ERROR neutron_lib.callbacks.manager ovsdbapp.backend.ovs_idl.idlutils.RowNotFound: Cannot find Logical_Router_Port with name=lrp-46f51cac-51ac-40ae-b17b-b5e2ca6d83ff
2026-05-26 07:17:33.363 10 ERROR neutron_lib.callbacks.manager 
2026-05-26 07:17:33.571 9 INFO neutron.db.ovn_revision_numbers_db [None req-f324e690-1343-492a-826f-b34dc9379f35 8850e552d79f4f7891df2430027dfc80 3fe2ba2a709c47bdb2d00ee9cfab756a - - default default] Successfully bumped revision number for resource a71bdfd2-3be6-47a6-9bde-3c0da3110390 (type: ports) to 1
2026-05-26 07:17:33.654 9 INFO neutron.plugins.ml2.drivers.ovn.mech_driver.mech_driver [None req-b83ae8e1-2045-404e-9a70-1fbaa3a64fb0 - - - - - -] OVN reports status up for port: 46f51cac-51ac-40ae-b17b-b5e2ca6d83ff
2026-05-26 07:17:33.662 9 INFO neutron.wsgi [None req-ce507fad-3b23-4c4e-9466-db28935b69fd 2817d0d3bdf34e88a6ae85fe28c4139f ccf6659d5e094401a117d6ba8637659e - - default default] 10.0.0.118 "DELETE /v2.0/routers/537338fa-04e9-44c2-aa2a-24cf7cae0465 HTTP/1.1" status: 204 len: 168 time: 1.8024571
2026-05-26 07:17:33.672 9 INFO neutron.plugins.ml2.plugin [None req-b83ae8e1-2045-404e-9a70-1fbaa3a64fb0 - - - - - -] Attempt 1 to provision port 46f51cac-51ac-40ae-b17b-b5e2ca6d83ff
2026-05-26 07:17:33.694 10 INFO neutron.db.ovn_revision_numbers_db [None req-383cb649-99ec-4aae-83b9-b56875699d80 bd007912bca74fd3b3152cfeb4a032ce 207add87af7b41f6b8565d2754ff4ce2 - - default default] Successfully bumped revision number for resource 46f51cac-51ac-40ae-b17b-b5e2ca6d83ff (type: ports) to 1
2026-05-26 07:17:33.802 10 WARNING neutron.scheduler.dhcp_agent_scheduler [None req-383cb649-99ec-4aae-83b9-b56875699d80 bd007912bca74fd3b3152cfeb4a032ce 207add87af7b41f6b8565d2754ff4ce2 - - default default] No more DHCP agents
2026-05-26 07:17:33.803 10 WARNING neutron.api.rpc.agentnotifiers.dhcp_rpc_agent_api [None req-383cb649-99ec-4aae-83b9-b56875699d80 bd007912bca74fd3b3152cfeb4a032ce 207add87af7b41f6b8565d2754ff4ce2 - - default default] Unable to schedule network b8f3a573-b046-4548-8a6b-523e872b2886: no agents available; will retry on subsequent port and subnet creation events.
2026-05-26 07:17:34.229 10 INFO neutron.wsgi [None req-b43394d0-e50e-4230-844b-96860336666f 2817d0d3bdf34e88a6ae85fe28c4139f ccf6659d5e094401a117d6ba8637659e - - default default] 10.0.0.118 "DELETE /v2.0/subnets/ab447993-2ffa-485d-8d02-52ae952f7489 HTTP/1.1" status: 204 len: 168 time: 0.5609815
2026-05-26 07:17:34.382 10 INFO neutron.db.ovn_revision_numbers_db [None req-383cb649-99ec-4aae-83b9-b56875699d80 bd007912bca74fd3b3152cfeb4a032ce 207add87af7b41f6b8565d2754ff4ce2 - - default default] Successfully bumped revision number for resource 46f51cac-51ac-40ae-b17b-b5e2ca6d83ff (type: router_ports) to 1
2026-05-26 07:17:34.387 10 INFO neutron.wsgi [None req-383cb649-99ec-4aae-83b9-b56875699d80 bd007912bca74fd3b3152cfeb4a032ce 207add87af7b41f6b8565d2754ff4ce2 - - default default] 10.0.0.118 "PUT /v2.0/routers/a12e390f-8ecb-4e94-96b6-de1e3d68692e/add_router_interface HTTP/1.1" status: 200 len: 503 time: 3.4162886
2026-05-26 07:17:34.502 9 INFO neutron.db.ovn_revision_numbers_db [None req-b83ae8e1-2045-404e-9a70-1fbaa3a64fb0 - - - - - -] Successfully bumped revision number for resource 46f51cac-51ac-40ae-b17b-b5e2ca6d83ff (type: ports) to 2
2026-05-26 07:17:34.532 9 INFO neutron.wsgi [None req-f17168ac-3675-49d9-bd8c-b555951c8a2f 8bf951ca332f43409b4b34ab3469f287 25739de1fac34f938fe88b325136c0f4 - - default default] 10.0.0.118 "GET /v2.0/networks HTTP/1.1" status: 200 len: 6962 time: 0.1395123
2026-05-26 07:17:34.639 9 INFO neutron.wsgi [None req-0b1eea84-fe1f-4daa-8103-978e7c8bdaf6 8bf951ca332f43409b4b34ab3469f287 25739de1fac34f938fe88b325136c0f4 - - default default] 10.0.0.118 "GET /v2.0/subnets HTTP/1.1" status: 200 len: 6809 time: 0.1021740
2026-05-26 07:17:34.711 9 INFO neutron.plugins.ml2.drivers.ovn.mech_driver.ovsdb.commands [None req-b5c1e9a9-db81-4cca-b8f1-2a6320905117 - - - - - -] Schedule LRP lrp-a71bdfd2-3be6-47a6-9bde-3c0da3110390 on gateway ea714044-8572-4e36-b235-29e191bbf71e with priority 1
2026-05-26 07:17:34.765 10 INFO neutron.plugins.ml2.drivers.ovn.mech_driver.ovsdb.ovsdb_monitor [None req-be764e7a-c85d-4dde-a1c8-a5bc7b46ee79 - - - - - -] Router bc448bb1-da1b-4ea0-bd7b-3829e3a52c56 is bound to host instance
2026-05-26 07:17:34.852 10 INFO neutron.wsgi [None req-4d70051a-7643-43b4-9f16-d1ae21b90325 8bf951ca332f43409b4b34ab3469f287 25739de1fac34f938fe88b325136c0f4 - - default default] 10.0.0.118 "GET /v2.0/routers HTTP/1.1" status: 200 len: 3086 time: 0.2065952
2026-05-26 07:17:34.891 9 INFO neutron.db.ovn_revision_numbers_db [None req-f324e690-1343-492a-826f-b34dc9379f35 8850e552d79f4f7891df2430027dfc80 3fe2ba2a709c47bdb2d00ee9cfab756a - - default default] Successfully bumped revision number for resource a71bdfd2-3be6-47a6-9bde-3c0da3110390 (type: router_ports) to 1
2026-05-26 07:17:34.894 9 INFO neutron.db.ovn_revision_numbers_db [None req-b83ae8e1-2045-404e-9a70-1fbaa3a64fb0 - - - - - -] Successfully bumped revision number for resource 46f51cac-51ac-40ae-b17b-b5e2ca6d83ff (type: router_ports) to 2
2026-05-26 07:17:35.000 10 INFO neutron.services.segments.plugin [-] Segment df81f902-eb02-4e06-a23c-ce1db0864f18 resource provider aggregate not found
2026-05-26 07:17:35.014 10 INFO neutron.services.segments.plugin [-] Segment df81f902-eb02-4e06-a23c-ce1db0864f18 resource provider aggregate not found
2026-05-26 07:17:35.029 10 INFO neutron.services.segments.plugin [-] Segment df81f902-eb02-4e06-a23c-ce1db0864f18 resource provider not found; error: Placement Client Error (4xx): {"errors": [{"status": 404, "title": "Not Found", "detail": "The resource could not be found.\n\n No resource provider with uuid df81f902-eb02-4e06-a23c-ce1db0864f18 found for delete ", "request_id": "req-3817798c-3a40-455c-b20c-17e775011338"}]}
2026-05-26 07:17:35.034 10 INFO neutron.services.segments.plugin [-] Segment df81f902-eb02-4e06-a23c-ce1db0864f18 resource provider not found; error: Placement Client Error (4xx): {"errors": [{"status": 404, "title": "Not Found", "detail": "The resource could not be found.\n\n No resource provider with uuid df81f902-eb02-4e06-a23c-ce1db0864f18 found for delete ", "request_id": "req-04df71a3-b48f-487b-8845-f4516af52891"}]}
2026-05-26 07:17:35.135 10 WARNING neutron_lib.context [None req-06d08f41-4452-4664-913a-28fabb593148 bd007912bca74fd3b3152cfeb4a032ce 207add87af7b41f6b8565d2754ff4ce2 - - default default] Method 'is_advsvc' is deprecated since 2023.2 release (neutron-lib 3.8.0) and will be removed once support for the old RBAC API policies will be removed from Neutron. Please use method 'is_service_role' instead.
2026-05-26 07:17:35.348 9 INFO neutron.db.ovn_revision_numbers_db [None req-f324e690-1343-492a-826f-b34dc9379f35 8850e552d79f4f7891df2430027dfc80 3fe2ba2a709c47bdb2d00ee9cfab756a - - default default] Successfully bumped revision number for resource bc448bb1-da1b-4ea0-bd7b-3829e3a52c56 (type: routers) to 2
2026-05-26 07:17:35.383 9 INFO neutron.wsgi [None req-f324e690-1343-492a-826f-b34dc9379f35 8850e552d79f4f7891df2430027dfc80 3fe2ba2a709c47bdb2d00ee9cfab756a - - default default] 10.0.0.118 "POST /v2.0/routers HTTP/1.1" status: 201 len: 1144 time: 3.4840894
2026-05-26 07:17:35.524 10 INFO neutron.wsgi [None req-acb586e0-67fa-4f04-bd77-79315d7cc9bc 2817d0d3bdf34e88a6ae85fe28c4139f ccf6659d5e094401a117d6ba8637659e - - default default] 10.0.0.118 "DELETE /v2.0/networks/4df6e60a-b15e-4b19-b611-7ffbc1bb3f8a HTTP/1.1" status: 204 len: 168 time: 1.2829638
2026-05-26 07:17:36.173 10 WARNING neutron_lib.context [None req-3343ca3b-da76-4bd1-ac07-e1aec3bea9be c0bc5535bbd44c4bb20100b234b6c10a 9aa4a095d81549ebbb962ccebfc0ac56 - - default default] Method 'is_advsvc' is deprecated since 2023.2 release (neutron-lib 3.8.0) and will be removed once support for the old RBAC API policies will be removed from Neutron. Please use method 'is_service_role' instead.
2026-05-26 07:17:36.462 10 INFO neutron.db.ovn_revision_numbers_db [None req-06d08f41-4452-4664-913a-28fabb593148 bd007912bca74fd3b3152cfeb4a032ce 207add87af7b41f6b8565d2754ff4ce2 - - default default] Successfully bumped revision number for resource f1ad42c0-db32-495b-bfcf-66b6cda6f200 (type: security_groups) to 1
2026-05-26 07:17:36.488 9 WARNING neutron.scheduler.dhcp_agent_scheduler [None req-c5811871-4a23-42f9-b514-cd2b2dedefe7 8850e552d79f4f7891df2430027dfc80 3fe2ba2a709c47bdb2d00ee9cfab756a - - default default] No more DHCP agents
2026-05-26 07:17:36.491 9 WARNING neutron.api.rpc.agentnotifiers.dhcp_rpc_agent_api [None req-c5811871-4a23-42f9-b514-cd2b2dedefe7 8850e552d79f4f7891df2430027dfc80 3fe2ba2a709c47bdb2d00ee9cfab756a - - default default] Unable to schedule network cd5d30a6-2172-4bba-b4ff-f818dc0b77c8: no agents available; will retry on subsequent port and subnet creation events.
2026-05-26 07:17:36.523 10 INFO neutron.db.ovn_revision_numbers_db [None req-be764e7a-c85d-4dde-a1c8-a5bc7b46ee79 - - - - - -] Successfully bumped revision number for resource a71bdfd2-3be6-47a6-9bde-3c0da3110390 (type: ports) to 1
2026-05-26 07:17:36.626 10 INFO neutron.db.ovn_revision_numbers_db [None req-06d08f41-4452-4664-913a-28fabb593148 bd007912bca74fd3b3152cfeb4a032ce 207add87af7b41f6b8565d2754ff4ce2 - - default default] Successfully bumped revision number for resource 337687b3-6c24-428a-bcbb-8547d4397d8a (type: security_group_rules) to 0
2026-05-26 07:17:37.730 9 INFO neutron.db.ovn_revision_numbers_db [None req-c5811871-4a23-42f9-b514-cd2b2dedefe7 8850e552d79f4f7891df2430027dfc80 3fe2ba2a709c47bdb2d00ee9cfab756a - - default default] Successfully bumped revision number for resource 40fee656-f3de-44dd-9c13-6d06a5c93610 (type: ports) to 1
2026-05-26 07:17:37.733 10 INFO neutron.db.ovn_revision_numbers_db [None req-06d08f41-4452-4664-913a-28fabb593148 bd007912bca74fd3b3152cfeb4a032ce 207add87af7b41f6b8565d2754ff4ce2 - - default default] Successfully bumped revision number for resource 4ada7fcc-5dbf-460c-95db-f16eb2a03d6c (type: security_group_rules) to 0
2026-05-26 07:17:37.882 10 INFO neutron.wsgi [None req-06d08f41-4452-4664-913a-28fabb593148 bd007912bca74fd3b3152cfeb4a032ce 207add87af7b41f6b8565d2754ff4ce2 - - default default] 10.0.0.118 "POST /v2.0/security-groups HTTP/1.1" status: 201 len: 1873 time: 2.7522769
2026-05-26 07:17:37.894 9 WARNING neutron_lib.context [None req-6c97fadb-2a41-41ea-8e40-64da79e13751 bd007912bca74fd3b3152cfeb4a032ce 207add87af7b41f6b8565d2754ff4ce2 - - default default] Method 'is_advsvc' is deprecated since 2023.2 release (neutron-lib 3.8.0) and will be removed once support for the old RBAC API policies will be removed from Neutron. Please use method 'is_service_role' instead.
2026-05-26 07:17:37.945 10 INFO neutron.db.ovn_revision_numbers_db [None req-3343ca3b-da76-4bd1-ac07-e1aec3bea9be c0bc5535bbd44c4bb20100b234b6c10a 9aa4a095d81549ebbb962ccebfc0ac56 - - default default] Successfully bumped revision number for resource 3deba0f5-17b5-4af3-988b-31e146ff26a1 (type: security_groups) to 1
2026-05-26 07:17:38.013 10 INFO neutron.db.ovn_revision_numbers_db [None req-3343ca3b-da76-4bd1-ac07-e1aec3bea9be c0bc5535bbd44c4bb20100b234b6c10a 9aa4a095d81549ebbb962ccebfc0ac56 - - default default] Successfully bumped revision number for resource 651391d7-9a9d-43e7-b3fe-7c287a684f47 (type: security_group_rules) to 0
2026-05-26 07:17:38.045 10 INFO neutron.db.ovn_revision_numbers_db [None req-3343ca3b-da76-4bd1-ac07-e1aec3bea9be c0bc5535bbd44c4bb20100b234b6c10a 9aa4a095d81549ebbb962ccebfc0ac56 - - default default] Successfully bumped revision number for resource 7fdc00ba-9cb8-4f64-97a2-07df14891954 (type: security_group_rules) to 0
2026-05-26 07:17:38.125 10 INFO neutron.db.ovn_revision_numbers_db [None req-3343ca3b-da76-4bd1-ac07-e1aec3bea9be c0bc5535bbd44c4bb20100b234b6c10a 9aa4a095d81549ebbb962ccebfc0ac56 - - default default] Successfully bumped revision number for resource caac4415-3526-491a-820b-1a0a34663659 (type: security_group_rules) to 0
2026-05-26 07:17:38.249 10 INFO neutron.db.ovn_revision_numbers_db [None req-3343ca3b-da76-4bd1-ac07-e1aec3bea9be c0bc5535bbd44c4bb20100b234b6c10a 9aa4a095d81549ebbb962ccebfc0ac56 - - default default] Successfully bumped revision number for resource ebf969f3-f29e-442e-b5e8-ad88c6892214 (type: security_group_rules) to 0
2026-05-26 07:17:38.262 9 INFO neutron.db.ovn_revision_numbers_db [None req-6c97fadb-2a41-41ea-8e40-64da79e13751 bd007912bca74fd3b3152cfeb4a032ce 207add87af7b41f6b8565d2754ff4ce2 - - default default] Successfully bumped revision number for resource 87bf832f-490f-49c3-81fe-f390636d3877 (type: security_group_rules) to 0
2026-05-26 07:17:38.287 10 INFO neutron.db.ovn_revision_numbers_db [None req-be764e7a-c85d-4dde-a1c8-a5bc7b46ee79 - - - - - -] Successfully bumped revision number for resource a71bdfd2-3be6-47a6-9bde-3c0da3110390 (type: router_ports) to 3
2026-05-26 07:17:38.326 10 INFO neutron.wsgi [None req-7aba80f6-5d0c-4a95-8a37-73dfe7bd63f0 2817d0d3bdf34e88a6ae85fe28c4139f ccf6659d5e094401a117d6ba8637659e - - default default] 10.0.0.118 "PUT /v2.0/routers/4cc4b886-4de6-4305-87bb-d44d461ccbe4/remove_router_interface HTTP/1.1" status: 200 len: 503 time: 2.7889757
2026-05-26 07:17:38.368 10 INFO neutron.db.segments_db [None req-3343ca3b-da76-4bd1-ac07-e1aec3bea9be c0bc5535bbd44c4bb20100b234b6c10a 9aa4a095d81549ebbb962ccebfc0ac56 - - default default] Added segment 23a58e3f-7d8c-4698-b56c-38574b0fd165 of type geneve for network bef275b0-ab43-425b-86d0-62b3bf01f538
2026-05-26 07:17:38.584 9 INFO neutron.wsgi [None req-6c97fadb-2a41-41ea-8e40-64da79e13751 bd007912bca74fd3b3152cfeb4a032ce 207add87af7b41f6b8565d2754ff4ce2 - - default default] 10.0.0.118 "POST /v2.0/security-group-rules HTTP/1.1" status: 201 len: 796 time: 0.6973691
2026-05-26 07:17:38.595 9 WARNING neutron_lib.context [None req-b84ebf5f-9566-45ae-95b7-52421cec85bd bd007912bca74fd3b3152cfeb4a032ce 207add87af7b41f6b8565d2754ff4ce2 - - default default] Method 'is_advsvc' is deprecated since 2023.2 release (neutron-lib 3.8.0) and will be removed once support for the old RBAC API policies will be removed from Neutron. Please use method 'is_service_role' instead. /var/lib/openstack/lib/python3.10/site-packages/pycadf/identifier.py:71: UserWarning: Invalid uuid: neutron. To ensure interoperability, identifiers should be a valid uuid. warnings.warn(('Invalid uuid: %s. To ensure interoperability, '
2026-05-26 07:17:38.867 10 INFO neutron.wsgi [None req-5ea10560-1bbb-4939-b592-e9bf89cb21c4 2817d0d3bdf34e88a6ae85fe28c4139f ccf6659d5e094401a117d6ba8637659e - - default default] 10.0.0.149 "GET /v2.0/agents HTTP/1.1" status: 200 len: 1390 time: 0.0851023
2026-05-26 07:17:38.898 10 INFO neutron.wsgi [None req-11f97187-bd25-4b6a-8c87-58d33e4cd811 2817d0d3bdf34e88a6ae85fe28c4139f ccf6659d5e094401a117d6ba8637659e - - default default] 10.0.0.149 "GET /v2.0/floatingips HTTP/1.1" status: 200 len: 193 time: 0.0304363
2026-05-26 07:17:38.956 10 INFO neutron.wsgi [None req-7d75694f-f43a-4984-acb6-1f5d2af525f0 2817d0d3bdf34e88a6ae85fe28c4139f ccf6659d5e094401a117d6ba8637659e - - default default] 10.0.0.149 "GET /v2.0/subnets HTTP/1.1" status: 200 len: 6790 time: 0.0566478
2026-05-26 07:17:39.027 10 INFO neutron.db.ovn_revision_numbers_db [None req-be764e7a-c85d-4dde-a1c8-a5bc7b46ee79 - - - - - -] Successfully bumped revision number for resource a71bdfd2-3be6-47a6-9bde-3c0da3110390 (type: ports) to 2
2026-05-26 07:17:39.031 10 INFO neutron.db.ovn_revision_numbers_db [None req-3343ca3b-da76-4bd1-ac07-e1aec3bea9be c0bc5535bbd44c4bb20100b234b6c10a 9aa4a095d81549ebbb962ccebfc0ac56 - - default default] Successfully bumped revision number for resource bef275b0-ab43-425b-86d0-62b3bf01f538 (type: networks) to 1
2026-05-26 07:17:39.078 10 INFO neutron.wsgi [None req-f6011e98-b500-4f20-8881-5ffa6c6500aa 2817d0d3bdf34e88a6ae85fe28c4139f ccf6659d5e094401a117d6ba8637659e - - default default] 10.0.0.149 "GET /v2.0/routers HTTP/1.1" status: 200 len: 3067 time: 0.1188617
2026-05-26 07:17:39.350 10 INFO neutron.wsgi [None req-670c6763-a4ce-4920-9fec-6993af210588 2817d0d3bdf34e88a6ae85fe28c4139f ccf6659d5e094401a117d6ba8637659e - - default default] 10.0.0.149 "GET /v2.0/agents?binary=ovn-controller HTTP/1.1" status: 200 len: 591 time: 0.2681932
2026-05-26 07:17:39.533 9 ERROR ovsdbapp.backend.ovs_idl.command [None req-c5811871-4a23-42f9-b514-cd2b2dedefe7 8850e552d79f4f7891df2430027dfc80 3fe2ba2a709c47bdb2d00ee9cfab756a - - default default] Error executing command (DbGetCommand): ovsdbapp.backend.ovs_idl.idlutils.RowNotFound: Cannot find Logical_Router_Port with name=lrp-40fee656-f3de-44dd-9c13-6d06a5c93610
2026-05-26 07:17:39.533 9 ERROR ovsdbapp.backend.ovs_idl.command
Traceback (most recent call last):
2026-05-26 07:17:39.533 9 ERROR ovsdbapp.backend.ovs_idl.command
File "/var/lib/openstack/lib/python3.10/site-packages/ovsdbapp/backend/ovs_idl/command.py", line 47, in execute
2026-05-26 07:17:39.533 9 ERROR ovsdbapp.backend.ovs_idl.command self.run_idl(None)
2026-05-26 07:17:39.533 9 ERROR ovsdbapp.backend.ovs_idl.command
File "/var/lib/openstack/lib/python3.10/site-packages/ovsdbapp/backend/ovs_idl/command.py", line 235, in run_idl
2026-05-26 07:17:39.533 9 ERROR ovsdbapp.backend.ovs_idl.command record = self.api.lookup(self.table, self.record)
2026-05-26 07:17:39.533 9 ERROR ovsdbapp.backend.ovs_idl.command
File "/var/lib/openstack/lib/python3.10/site-packages/ovsdbapp/backend/ovs_idl/__init__.py", line 184, in lookup
2026-05-26 07:17:39.533 9 ERROR ovsdbapp.backend.ovs_idl.command return self._lookup(table, record)
2026-05-26 07:17:39.533 9 ERROR ovsdbapp.backend.ovs_idl.command
File "/var/lib/openstack/lib/python3.10/site-packages/ovsdbapp/backend/ovs_idl/__init__.py", line 235, in _lookup
2026-05-26 07:17:39.533 9 ERROR ovsdbapp.backend.ovs_idl.command row = idlutils.row_by_value(self, rl.table, rl.column, record)
2026-05-26 07:17:39.533 9 ERROR ovsdbapp.backend.ovs_idl.command
File "/var/lib/openstack/lib/python3.10/site-packages/ovsdbapp/backend/ovs_idl/idlutils.py", line 114, in row_by_value
2026-05-26 07:17:39.533 9 ERROR ovsdbapp.backend.ovs_idl.command raise RowNotFound(table=table, col=column, match=match)
2026-05-26 07:17:39.533 9 ERROR ovsdbapp.backend.ovs_idl.command ovsdbapp.backend.ovs_idl.idlutils.RowNotFound: Cannot find Logical_Router_Port with name=lrp-40fee656-f3de-44dd-9c13-6d06a5c93610
2026-05-26 07:17:39.533 9 ERROR ovsdbapp.backend.ovs_idl.command 
2026-05-26 07:17:39.534 9 ERROR neutron_lib.callbacks.manager [None req-c5811871-4a23-42f9-b514-cd2b2dedefe7 8850e552d79f4f7891df2430027dfc80 3fe2ba2a709c47bdb2d00ee9cfab756a - - default default] Error during notification for neutron.services.ovn_l3.plugin.OVNL3RouterPlugin._port_update-8764927426287 port, after_update: ovsdbapp.backend.ovs_idl.idlutils.RowNotFound: Cannot find Logical_Router_Port with name=lrp-40fee656-f3de-44dd-9c13-6d06a5c93610
2026-05-26 07:17:39.534 9 ERROR neutron_lib.callbacks.manager
Traceback (most recent call last):
2026-05-26 07:17:39.534 9 ERROR neutron_lib.callbacks.manager
File "/var/lib/openstack/lib/python3.10/site-packages/neutron_lib/callbacks/manager.py", line 189, in _notify_loop
2026-05-26 07:17:39.534 9 ERROR neutron_lib.callbacks.manager callback.method(resource, event, trigger, payload=payload)
2026-05-26 07:17:39.534 9 ERROR neutron_lib.callbacks.manager
File "/var/lib/openstack/lib/python3.10/site-packages/neutron/services/ovn_l3/plugin.py", line 391, in _port_update
2026-05-26 07:17:39.534 9 ERROR neutron_lib.callbacks.manager l3plugin._ovn_client.update_router_port(context,
2026-05-26 07:17:39.534 9 ERROR neutron_lib.callbacks.manager
File "/var/lib/openstack/lib/python3.10/site-packages/neutron/plugins/ml2/drivers/ovn/mech_driver/ovsdb/ovn_client.py", line 1878, in update_router_port
2026-05-26 07:17:39.534 9 ERROR neutron_lib.callbacks.manager self._update_lrouter_port(context, port, if_exists=if_exists,
2026-05-26 07:17:39.534 9 ERROR neutron_lib.callbacks.manager
File "/var/lib/openstack/lib/python3.10/site-packages/neutron/plugins/ml2/drivers/ovn/mech_driver/ovsdb/ovn_client.py", line 1855, in _update_lrouter_port
2026-05-26 07:17:39.534 9 ERROR neutron_lib.callbacks.manager external_ids = self._nb_idl.db_get(
2026-05-26 07:17:39.534 9 ERROR neutron_lib.callbacks.manager
File "/var/lib/openstack/lib/python3.10/site-packages/ovsdbapp/backend/ovs_idl/command.py", line 47, in execute
2026-05-26 07:17:39.534 9 ERROR neutron_lib.callbacks.manager self.run_idl(None)
2026-05-26 07:17:39.534 9 ERROR neutron_lib.callbacks.manager
File "/var/lib/openstack/lib/python3.10/site-packages/ovsdbapp/backend/ovs_idl/command.py", line 235, in run_idl
2026-05-26 07:17:39.534 9 ERROR neutron_lib.callbacks.manager record = self.api.lookup(self.table, self.record)
2026-05-26 07:17:39.534 9 ERROR neutron_lib.callbacks.manager
File "/var/lib/openstack/lib/python3.10/site-packages/ovsdbapp/backend/ovs_idl/__init__.py", line 184, in lookup
2026-05-26 07:17:39.534 9 ERROR neutron_lib.callbacks.manager return self._lookup(table, record)
2026-05-26 07:17:39.534 9 ERROR neutron_lib.callbacks.manager
File "/var/lib/openstack/lib/python3.10/site-packages/ovsdbapp/backend/ovs_idl/__init__.py", line 235, in _lookup
2026-05-26 07:17:39.534 9 ERROR neutron_lib.callbacks.manager row = idlutils.row_by_value(self, rl.table, rl.column, record)
2026-05-26 07:17:39.534 9 ERROR neutron_lib.callbacks.manager
File "/var/lib/openstack/lib/python3.10/site-packages/ovsdbapp/backend/ovs_idl/idlutils.py", line 114, in row_by_value
2026-05-26 07:17:39.534 9 ERROR neutron_lib.callbacks.manager raise RowNotFound(table=table, col=column, match=match)
2026-05-26 07:17:39.534 9 ERROR neutron_lib.callbacks.manager ovsdbapp.backend.ovs_idl.idlutils.RowNotFound: Cannot find Logical_Router_Port with name=lrp-40fee656-f3de-44dd-9c13-6d06a5c93610
2026-05-26 07:17:39.534 9 ERROR neutron_lib.callbacks.manager 
2026-05-26 07:17:39.571 10 INFO neutron.wsgi [None req-a50a5338-09c3-4e39-820b-3a8bd7672b22 2817d0d3bdf34e88a6ae85fe28c4139f ccf6659d5e094401a117d6ba8637659e - - default default] 10.0.0.149 "GET /v2.0/networks HTTP/1.1" status: 200 len: 6922 time: 0.2189331
2026-05-26 07:17:39.701 10 INFO neutron.wsgi [None req-63816d32-35f0-4b9f-9ea5-c62ea8618bfe 2817d0d3bdf34e88a6ae85fe28c4139f ccf6659d5e094401a117d6ba8637659e - - default default] 10.0.0.149 "GET /v2.0/ports HTTP/1.1" status: 200 len: 16038 time: 0.1224396
2026-05-26 07:17:39.711 9 INFO neutron.db.ovn_revision_numbers_db [None req-b84ebf5f-9566-45ae-95b7-52421cec85bd bd007912bca74fd3b3152cfeb4a032ce 207add87af7b41f6b8565d2754ff4ce2 - - default default] Successfully bumped revision number for resource 5c1f31b9-3eea-4de1-bc0b-44f4f3154e7a (type: security_group_rules) to 0
2026-05-26 07:17:39.781 10 INFO neutron.wsgi [None req-0fcbd3b2-69c9-44a6-b19c-381ea3cbf886 2817d0d3bdf34e88a6ae85fe28c4139f ccf6659d5e094401a117d6ba8637659e - - default default] 10.0.0.149 "GET /v2.0/security-groups HTTP/1.1" status: 200 len: 34970 time: 0.0734539
2026-05-26 07:17:39.822 10 INFO neutron.wsgi [None req-41b2bd26-1bbf-45c9-9a68-9633df7e91d6 2817d0d3bdf34e88a6ae85fe28c4139f ccf6659d5e094401a117d6ba8637659e - - default default] 10.0.0.149 "GET /v2.0/network-ip-availabilities HTTP/1.1" status: 200 len: 4542 time: 0.0210733
2026-05-26 07:17:39.884 10 INFO neutron.wsgi [None req-a4eac040-73dc-46fa-b4ad-5469c737d54a 2817d0d3bdf34e88a6ae85fe28c4139f ccf6659d5e094401a117d6ba8637659e - - default default] 10.0.0.149 "GET /v2.0/subnets HTTP/1.1" status: 200 len: 6790 time: 0.0605013
2026-05-26 07:17:39.894 9 INFO neutron.db.ovn_revision_numbers_db [None req-c5811871-4a23-42f9-b514-cd2b2dedefe7 8850e552d79f4f7891df2430027dfc80 3fe2ba2a709c47bdb2d00ee9cfab756a - - default default] Successfully bumped revision number for resource 40fee656-f3de-44dd-9c13-6d06a5c93610 (type: ports) to 1
2026-05-26 07:17:39.902 10 INFO neutron.wsgi [None req-759c73da-8a87-48ce-918f-00e8cd04024f 2817d0d3bdf34e88a6ae85fe28c4139f ccf6659d5e094401a117d6ba8637659e - - default default] 10.0.0.149 "GET /v2.0/subnetpools HTTP/1.1" status: 200 len: 193 time: 0.0146091
2026-05-26 07:17:39.977 9 WARNING neutron.scheduler.dhcp_agent_scheduler [None req-c5811871-4a23-42f9-b514-cd2b2dedefe7 8850e552d79f4f7891df2430027dfc80 3fe2ba2a709c47bdb2d00ee9cfab756a - - default default] No more DHCP agents
2026-05-26 07:17:39.979 9 WARNING neutron.api.rpc.agentnotifiers.dhcp_rpc_agent_api [None req-c5811871-4a23-42f9-b514-cd2b2dedefe7 8850e552d79f4f7891df2430027dfc80 3fe2ba2a709c47bdb2d00ee9cfab756a - - default default] Unable to schedule network cd5d30a6-2172-4bba-b4ff-f818dc0b77c8: no agents available; will retry on subsequent port and subnet creation events.
2026-05-26 07:17:39.983 10 WARNING neutron.scheduler.dhcp_agent_scheduler [None req-3343ca3b-da76-4bd1-ac07-e1aec3bea9be c0bc5535bbd44c4bb20100b234b6c10a 9aa4a095d81549ebbb962ccebfc0ac56 - - default default] No more DHCP agents
2026-05-26 07:17:39.987 10 WARNING neutron.api.rpc.agentnotifiers.dhcp_rpc_agent_api [None req-3343ca3b-da76-4bd1-ac07-e1aec3bea9be c0bc5535bbd44c4bb20100b234b6c10a 9aa4a095d81549ebbb962ccebfc0ac56 - - default default] Unable to schedule network bef275b0-ab43-425b-86d0-62b3bf01f538: no agents available; will retry on subsequent port and subnet creation events.
2026-05-26 07:17:40.079 9 INFO neutron.wsgi [None req-b84ebf5f-9566-45ae-95b7-52421cec85bd bd007912bca74fd3b3152cfeb4a032ce 207add87af7b41f6b8565d2754ff4ce2 - - default default] 10.0.0.118 "POST /v2.0/security-group-rules HTTP/1.1" status: 201 len: 795 time: 1.4892499
2026-05-26 07:17:40.083 9 WARNING neutron.plugins.ml2.drivers.ovn.mech_driver.ovsdb.ovn_client [None req-b83ae8e1-2045-404e-9a70-1fbaa3a64fb0 - - - - - -] No hosting information found for port 46f51cac-51ac-40ae-b17b-b5e2ca6d83ff: RuntimeError: No hosting information found for port 46f51cac-51ac-40ae-b17b-b5e2ca6d83ff
2026-05-26 07:17:40.084 9 INFO neutron.plugins.ml2.drivers.ovn.mech_driver.mech_driver [None req-b83ae8e1-2045-404e-9a70-1fbaa3a64fb0 - - - - - -] OVN reports status up for port: a71bdfd2-3be6-47a6-9bde-3c0da3110390
2026-05-26 07:17:40.102 9 WARNING neutron_lib.context [None req-0afd0650-7c55-4d9a-bd4d-78e277885980 bd007912bca74fd3b3152cfeb4a032ce 207add87af7b41f6b8565d2754ff4ce2 - - default default] Method 'is_advsvc' is deprecated since 2023.2 release (neutron-lib 3.8.0) and will be removed once support for the old RBAC API policies will be removed from Neutron. Please use method 'is_service_role' instead.
2026-05-26 07:17:40.165 10 INFO neutron.db.ovn_revision_numbers_db [None req-3343ca3b-da76-4bd1-ac07-e1aec3bea9be c0bc5535bbd44c4bb20100b234b6c10a 9aa4a095d81549ebbb962ccebfc0ac56 - - default default] Successfully bumped revision number for resource 9f77ba4d-ec4e-4166-a2b1-b76462dcb039 (type: ports) to 1
2026-05-26 07:17:40.169 9 INFO neutron.plugins.ml2.plugin [None req-b83ae8e1-2045-404e-9a70-1fbaa3a64fb0 - - - - - -] Attempt 1 to provision port a71bdfd2-3be6-47a6-9bde-3c0da3110390
2026-05-26 07:17:40.202 10 INFO neutron.db.ovn_revision_numbers_db [None req-be764e7a-c85d-4dde-a1c8-a5bc7b46ee79 - - - - - -] Successfully bumped revision number for resource a71bdfd2-3be6-47a6-9bde-3c0da3110390 (type: ports) to 4
2026-05-26 07:17:40.214 10 INFO neutron.wsgi [None req-3343ca3b-da76-4bd1-ac07-e1aec3bea9be c0bc5535bbd44c4bb20100b234b6c10a 9aa4a095d81549ebbb962ccebfc0ac56 - - default default] 10.0.0.118 "POST /v2.0/networks HTTP/1.1" status: 201 len: 823 time: 4.2439833
2026-05-26 07:17:40.230 9 WARNING neutron_lib.context [None req-bc845d57-6688-4040-ac46-dc58947ffe45 c0bc5535bbd44c4bb20100b234b6c10a 9aa4a095d81549ebbb962ccebfc0ac56 - - default default] Method 'is_advsvc' is deprecated since 2023.2 release (neutron-lib 3.8.0) and will be removed once support for the old RBAC API policies will be removed from Neutron. Please use method 'is_service_role' instead.
2026-05-26 07:17:40.526 9 INFO neutron.plugins.ml2.drivers.ovn.mech_driver.mech_driver [None req-b83ae8e1-2045-404e-9a70-1fbaa3a64fb0 - - - - - -] OVN reports status up for port: 40fee656-f3de-44dd-9c13-6d06a5c93610
2026-05-26 07:17:40.578 9 INFO neutron.plugins.ml2.plugin [None req-b83ae8e1-2045-404e-9a70-1fbaa3a64fb0 - - - - - -] Attempt 1 to provision port 40fee656-f3de-44dd-9c13-6d06a5c93610
2026-05-26 07:17:40.619 10 INFO neutron.db.ovn_revision_numbers_db [None req-be764e7a-c85d-4dde-a1c8-a5bc7b46ee79 - - - - - -] Successfully bumped revision number for resource a71bdfd2-3be6-47a6-9bde-3c0da3110390 (type: router_ports) to 4
2026-05-26 07:17:40.730 9 INFO neutron.db.ovn_revision_numbers_db [None req-0afd0650-7c55-4d9a-bd4d-78e277885980 bd007912bca74fd3b3152cfeb4a032ce 207add87af7b41f6b8565d2754ff4ce2 - - default default] Successfully bumped revision number for resource 38fdb932-540f-46e4-a518-a426d414911e (type: security_group_rules) to 0
2026-05-26 07:17:40.907 9 INFO neutron.wsgi [None req-0afd0650-7c55-4d9a-bd4d-78e277885980 bd007912bca74fd3b3152cfeb4a032ce 207add87af7b41f6b8565d2754ff4ce2 - - default default] 10.0.0.118 "POST /v2.0/security-group-rules HTTP/1.1" status: 201 len: 801 time: 0.8200300
2026-05-26 07:17:40.923 10 WARNING neutron_lib.context [None req-26ffa71e-0d6c-446a-b1b1-2bfb5b1431c1 bd007912bca74fd3b3152cfeb4a032ce 207add87af7b41f6b8565d2754ff4ce2 - - default default] Method 'is_advsvc' is deprecated since 2023.2 release (neutron-lib 3.8.0) and will be removed once support for the old RBAC API policies will be removed from Neutron. Please use method 'is_service_role' instead.
2026-05-26 07:17:40.963 9 INFO neutron.db.ovn_revision_numbers_db [None req-c5811871-4a23-42f9-b514-cd2b2dedefe7 8850e552d79f4f7891df2430027dfc80 3fe2ba2a709c47bdb2d00ee9cfab756a - - default default] Successfully bumped revision number for resource 40fee656-f3de-44dd-9c13-6d06a5c93610 (type: router_ports) to 1
2026-05-26 07:17:40.971 9 INFO neutron.wsgi [None req-c5811871-4a23-42f9-b514-cd2b2dedefe7 8850e552d79f4f7891df2430027dfc80 3fe2ba2a709c47bdb2d00ee9cfab756a - - default default] 10.0.0.118 "PUT /v2.0/routers/bc448bb1-da1b-4ea0-bd7b-3829e3a52c56/add_router_interface HTTP/1.1" status: 200 len: 503 time: 5.5817056
2026-05-26 07:17:41.293 9 INFO neutron.wsgi [None req-0f33bc84-2e4b-4f50-b637-8e7c23a70aaf 2817d0d3bdf34e88a6ae85fe28c4139f ccf6659d5e094401a117d6ba8637659e - - default default] 10.0.0.118 "DELETE /v2.0/routers/4cc4b886-4de6-4305-87bb-d44d461ccbe4 HTTP/1.1" status: 204 len: 168 time: 2.9533415
2026-05-26 07:17:41.300 9 WARNING neutron.scheduler.dhcp_agent_scheduler [None req-bc845d57-6688-4040-ac46-dc58947ffe45 c0bc5535bbd44c4bb20100b234b6c10a 9aa4a095d81549ebbb962ccebfc0ac56 - - default default] No more DHCP agents
2026-05-26 07:17:41.316 9 WARNING neutron.api.rpc.agentnotifiers.dhcp_rpc_agent_api [None req-bc845d57-6688-4040-ac46-dc58947ffe45 c0bc5535bbd44c4bb20100b234b6c10a 9aa4a095d81549ebbb962ccebfc0ac56 - - default default] Unable to schedule network bef275b0-ab43-425b-86d0-62b3bf01f538: no agents available; will retry on subsequent port and subnet creation events.
2026-05-26 07:17:41.376 10 INFO neutron.db.ovn_revision_numbers_db [None req-26ffa71e-0d6c-446a-b1b1-2bfb5b1431c1 bd007912bca74fd3b3152cfeb4a032ce 207add87af7b41f6b8565d2754ff4ce2 - - default default] Successfully bumped revision number for resource b5744498-b7bb-4d74-ba45-5366c5a17727 (type: security_group_rules) to 0
2026-05-26 07:17:41.517 10 INFO neutron.wsgi [None req-26ffa71e-0d6c-446a-b1b1-2bfb5b1431c1 bd007912bca74fd3b3152cfeb4a032ce 207add87af7b41f6b8565d2754ff4ce2 - - default default] 10.0.0.118 "POST /v2.0/security-group-rules HTTP/1.1" status: 201 len: 800 time: 0.6000032
2026-05-26 07:17:41.530 10 WARNING neutron_lib.context [None req-211362cf-8dd1-4496-880d-72fc91b8b684 bd007912bca74fd3b3152cfeb4a032ce 207add87af7b41f6b8565d2754ff4ce2 - - default default] Method 'is_advsvc' is deprecated since 2023.2 release (neutron-lib 3.8.0) and will be removed once support for the old RBAC API policies will be removed from Neutron. Please use method 'is_service_role' instead.
2026-05-26 07:17:42.022 10 INFO neutron.db.securitygroups_db [None req-211362cf-8dd1-4496-880d-72fc91b8b684 bd007912bca74fd3b3152cfeb4a032ce 207add87af7b41f6b8565d2754ff4ce2 - - default default] Project 207add87af7b41f6b8565d2754ff4ce2 added a security group rule with legacy IPv6 ICMP protocol name icmp, ipv6-icmp should be used instead. It was automatically converted.
2026-05-26 07:17:42.049 9 INFO neutron.db.ovn_revision_numbers_db [None req-b83ae8e1-2045-404e-9a70-1fbaa3a64fb0 - - - - - -] Successfully bumped revision number for resource 40fee656-f3de-44dd-9c13-6d06a5c93610 (type: ports) to 2
2026-05-26 07:17:42.056 10 INFO neutron.wsgi [None req-a9273aaa-c5f9-4d57-b670-d58077a64ca7 2817d0d3bdf34e88a6ae85fe28c4139f ccf6659d5e094401a117d6ba8637659e - - default default] 10.0.0.118 "DELETE /v2.0/subnets/797d602f-5e9c-4e38-8ff4-fe2710fe7240 HTTP/1.1" status: 204 len: 168 time: 0.7568855
2026-05-26 07:17:42.340 9 WARNING neutron.scheduler.dhcp_agent_scheduler [None req-dfa34b0b-9129-4dba-a929-bda09c75dbfa 8850e552d79f4f7891df2430027dfc80 3fe2ba2a709c47bdb2d00ee9cfab756a - - default default] No more DHCP agents
2026-05-26 07:17:42.346 9 WARNING neutron.api.rpc.agentnotifiers.dhcp_rpc_agent_api [None req-dfa34b0b-9129-4dba-a929-bda09c75dbfa 8850e552d79f4f7891df2430027dfc80 3fe2ba2a709c47bdb2d00ee9cfab756a - - default default] Unable to schedule network 1970e6b9-9d91-4f0a-b870-9e4d60c2dc84: no agents available; will retry on subsequent port and subnet creation events.
2026-05-26 07:17:42.443 9 INFO neutron.db.ovn_revision_numbers_db [None req-b83ae8e1-2045-404e-9a70-1fbaa3a64fb0 - - - - - -] Successfully bumped revision number for resource 40fee656-f3de-44dd-9c13-6d06a5c93610 (type: router_ports) to 2
2026-05-26 07:17:42.450 10 INFO neutron.db.ovn_revision_numbers_db [None req-211362cf-8dd1-4496-880d-72fc91b8b684 bd007912bca74fd3b3152cfeb4a032ce 207add87af7b41f6b8565d2754ff4ce2 - - default default] Successfully bumped revision number for resource 81b31396-8ce0-4804-8b98-ff8b94d016ae (type: security_group_rules) to 0
2026-05-26 07:17:42.542 10 INFO neutron.wsgi [None req-211362cf-8dd1-4496-880d-72fc91b8b684 bd007912bca74fd3b3152cfeb4a032ce 207add87af7b41f6b8565d2754ff4ce2 - - default default] 10.0.0.118 "POST /v2.0/security-group-rules HTTP/1.1" status: 201 len: 806 time: 1.0177348
2026-05-26 07:17:42.550 9 INFO neutron.db.ovn_revision_numbers_db [None req-bc845d57-6688-4040-ac46-dc58947ffe45 c0bc5535bbd44c4bb20100b234b6c10a 9aa4a095d81549ebbb962ccebfc0ac56 - - default default] Successfully bumped revision number for resource 9f77ba4d-ec4e-4166-a2b1-b76462dcb039 (type: ports) to 2
2026-05-26 07:17:42.560 10 WARNING neutron_lib.context [None req-4ac73ee6-bd43-484f-930d-81e6e2ae431e bd007912bca74fd3b3152cfeb4a032ce 207add87af7b41f6b8565d2754ff4ce2 - - default default] Method 'is_advsvc' is deprecated since 2023.2 release (neutron-lib 3.8.0) and will be removed once support for the old RBAC API policies will be removed from Neutron. Please use method 'is_service_role' instead.
2026-05-26 07:17:42.628 9 INFO neutron.db.ovn_revision_numbers_db [None req-bc845d57-6688-4040-ac46-dc58947ffe45 c0bc5535bbd44c4bb20100b234b6c10a 9aa4a095d81549ebbb962ccebfc0ac56 - - default default] Successfully bumped revision number for resource 75045e01-d488-4d27-af73-2467af6222e0 (type: subnets) to 0
2026-05-26 07:17:42.636 9 INFO neutron.db.ovn_revision_numbers_db [None req-dfa34b0b-9129-4dba-a929-bda09c75dbfa 8850e552d79f4f7891df2430027dfc80 3fe2ba2a709c47bdb2d00ee9cfab756a - - default default] Successfully bumped revision number for resource 6b6f54bf-3d59-4ba0-b9b8-061fdad491b9 (type: ports) to 1
2026-05-26 07:17:42.636 10 INFO neutron.db.securitygroups_db [None req-4ac73ee6-bd43-484f-930d-81e6e2ae431e bd007912bca74fd3b3152cfeb4a032ce 207add87af7b41f6b8565d2754ff4ce2 - - default default] Project 207add87af7b41f6b8565d2754ff4ce2 added a security group rule with legacy IPv6 ICMP protocol name icmp, ipv6-icmp should be used instead. It was automatically converted.
2026-05-26 07:17:42.688 9 INFO neutron.wsgi [None req-bc845d57-6688-4040-ac46-dc58947ffe45 c0bc5535bbd44c4bb20100b234b6c10a 9aa4a095d81549ebbb962ccebfc0ac56 - - default default] 10.0.0.118 "POST /v2.0/subnets HTTP/1.1" status: 201 len: 801 time: 2.4636347
2026-05-26 07:17:42.697 10 INFO neutron.services.segments.plugin [-] Segment 143803ff-d626-48a8-8d68-be1bcc4450a8 resource provider aggregate not found
2026-05-26 07:17:42.701 10 INFO neutron.services.segments.plugin [-] Segment 143803ff-d626-48a8-8d68-be1bcc4450a8 resource provider aggregate not found
2026-05-26 07:17:42.721 10 WARNING neutron_lib.context [None req-5d9b6b02-aab1-4cba-9836-5feca691f4b8 c0bc5535bbd44c4bb20100b234b6c10a 9aa4a095d81549ebbb962ccebfc0ac56 - - default default] Method 'is_advsvc' is deprecated since 2023.2 release (neutron-lib 3.8.0) and will be removed once support for the old RBAC API policies will be removed from Neutron. Please use method 'is_service_role' instead.
2026-05-26 07:17:42.727 10 INFO neutron.services.segments.plugin [-] Segment 143803ff-d626-48a8-8d68-be1bcc4450a8 resource provider not found; error: Placement Client Error (4xx): {"errors": [{"status": 404, "title": "Not Found", "detail": "The resource could not be found.\n\n No resource provider with uuid 143803ff-d626-48a8-8d68-be1bcc4450a8 found for delete ", "request_id": "req-c2f7740b-edf3-4225-8651-2b9b0275befa"}]}
2026-05-26 07:17:42.739 10 INFO neutron.services.segments.plugin [-] Segment 143803ff-d626-48a8-8d68-be1bcc4450a8 resource provider not found; error: Placement Client Error (4xx): {"errors": [{"status": 404, "title": "Not Found", "detail": "The resource could not be found.\n\n No resource provider with uuid 143803ff-d626-48a8-8d68-be1bcc4450a8 found for delete ", "request_id": "req-89e591f3-f722-4a9e-a607-a97aaa673718"}]}
2026-05-26 07:17:42.804 10 INFO neutron.wsgi [None req-4008d881-0bf3-400d-9845-fde5677b018f 2817d0d3bdf34e88a6ae85fe28c4139f ccf6659d5e094401a117d6ba8637659e - - default default] 10.0.0.118 "DELETE /v2.0/networks/dcb9a279-5966-49bc-940d-653e16e18321 HTTP/1.1" status: 204 len: 168 time: 0.7400031
