2026-05-26 07:11:24.502 10 INFO neutron.db.ovn_revision_numbers_db [None req-10ef8e82-6768-4750-a6a3-60a7669a545b e4e981d0bbb443de887e3ca5e4413252 a7ec2d59b91a40d1a2035c40ee6ee458 - - default default] Successfully bumped revision number for resource 3bf3a4e5-04c4-4f07-9084-0e960807143e (type: networks) to 1
2026-05-26 07:11:24.744 10 INFO neutron.wsgi [req-2de6b5a7-d9a6-45ff-a8e9-9cbc7ef8f01a req-241e6428-2366-41d0-9629-21add43db6bc a178eee156704fb3aca388b9428d49d1 e8e4cc0410524346aabab80b7ca300f7 - - default default] 10.0.0.20 "GET /v2.0/security-groups?name=tempest-securitygroup--1908158783&fields=id&tenant_id=e8e4cc0410524346aabab80b7ca300f7 HTTP/1.1" status: 200 len: 267 time: 0.1275234
2026-05-26 07:11:24.886 10 INFO neutron.wsgi [req-2de6b5a7-d9a6-45ff-a8e9-9cbc7ef8f01a req-bae69b64-8428-4569-a403-97590fc2ea23 a178eee156704fb3aca388b9428d49d1 e8e4cc0410524346aabab80b7ca300f7 - - default default] 10.0.0.20 "GET /v2.0/networks?id=b0525162-a150-4588-8077-c5b1f3013b3b HTTP/1.1" status: 200 len: 882 time: 0.1358645
2026-05-26 07:11:24.914 10 INFO neutron.wsgi [req-2de6b5a7-d9a6-45ff-a8e9-9cbc7ef8f01a req-e68ff135-7768-498f-b52c-2280ad3bad25 a178eee156704fb3aca388b9428d49d1 e8e4cc0410524346aabab80b7ca300f7 - - default default] 10.0.0.20 "GET /v2.0/quotas/e8e4cc0410524346aabab80b7ca300f7 HTTP/1.1" status: 200 len: 491 time: 0.0172949
2026-05-26 07:11:24.919 10 WARNING neutron.scheduler.dhcp_agent_scheduler [None req-10ef8e82-6768-4750-a6a3-60a7669a545b e4e981d0bbb443de887e3ca5e4413252 a7ec2d59b91a40d1a2035c40ee6ee458 - - default default] No more DHCP agents
2026-05-26 07:11:24.923 10 WARNING neutron.api.rpc.agentnotifiers.dhcp_rpc_agent_api [None req-10ef8e82-6768-4750-a6a3-60a7669a545b e4e981d0bbb443de887e3ca5e4413252 a7ec2d59b91a40d1a2035c40ee6ee458 - - default default] Unable to schedule network 3bf3a4e5-04c4-4f07-9084-0e960807143e: no agents available; will retry on subsequent port and subnet creation events.
2026-05-26 07:11:25.099 10 INFO neutron.wsgi [req-2de6b5a7-d9a6-45ff-a8e9-9cbc7ef8f01a req-a03d6af8-92b8-42e0-89be-80e3a3045b2c a178eee156704fb3aca388b9428d49d1 e8e4cc0410524346aabab80b7ca300f7 - - default default] 10.0.0.20 "GET /v2.0/ports?tenant_id=e8e4cc0410524346aabab80b7ca300f7&fields=id HTTP/1.1" status: 200 len: 302 time: 0.1744812
2026-05-26 07:11:25.109 10 INFO neutron.db.ovn_revision_numbers_db [None req-10ef8e82-6768-4750-a6a3-60a7669a545b e4e981d0bbb443de887e3ca5e4413252 a7ec2d59b91a40d1a2035c40ee6ee458 - - default default] Successfully bumped revision number for resource c1928b78-0930-4e25-9668-9b31a56f4712 (type: ports) to 1
2026-05-26 07:11:25.206 10 INFO neutron.db.ovn_revision_numbers_db [None req-10ef8e82-6768-4750-a6a3-60a7669a545b e4e981d0bbb443de887e3ca5e4413252 a7ec2d59b91a40d1a2035c40ee6ee458 - - default default] Successfully bumped revision number for resource cf031fe8-7451-4caa-9786-9506ae191858 (type: networks) to 1
2026-05-26 07:11:25.272 9 INFO neutron.db.ovn_revision_numbers_db [None req-1772d2e4-a53f-4716-a729-3686c23352aa 2817d0d3bdf34e88a6ae85fe28c4139f ccf6659d5e094401a117d6ba8637659e - - default default] Successfully bumped revision number for resource d2ac5816-baed-4e3a-b965-073a13078cab (type: security_groups) to 1
2026-05-26 07:11:25.459 9 INFO neutron.db.ovn_revision_numbers_db [None req-1772d2e4-a53f-4716-a729-3686c23352aa 2817d0d3bdf34e88a6ae85fe28c4139f ccf6659d5e094401a117d6ba8637659e - - default default] Successfully bumped revision number for resource 1e48da00-be74-4feb-a978-b5f4ab081819 (type: security_group_rules) to 0
2026-05-26 07:11:25.477 10 INFO neutron.wsgi [req-2de6b5a7-d9a6-45ff-a8e9-9cbc7ef8f01a req-7e80e8e1-d36d-4977-adf9-d92d6e03da73 64b5e3326b72444a8828719a12ccd765 c8983ce9fc3c4f27b24617de3315d595 - - 63d7eea5d34b4b559c1cb1215a02d94b 63d7eea5d34b4b559c1cb1215a02d94b] 10.0.0.20 "GET /v2.0/extensions HTTP/1.1" status: 200 len: 18683 time: 0.0457125
2026-05-26 07:11:25.542 10 INFO neutron.wsgi [req-2de6b5a7-d9a6-45ff-a8e9-9cbc7ef8f01a req-cbf47aea-83dd-41c9-8df1-98609614e469 64b5e3326b72444a8828719a12ccd765 c8983ce9fc3c4f27b24617de3315d595 - - 63d7eea5d34b4b559c1cb1215a02d94b 63d7eea5d34b4b559c1cb1215a02d94b] 10.0.0.20 "GET /v2.0/networks/b0525162-a150-4588-8077-c5b1f3013b3b?fields=segments HTTP/1.1" status: 200 len: 212 time: 0.0570321
2026-05-26 07:11:25.614 10 INFO neutron.wsgi [req-2de6b5a7-d9a6-45ff-a8e9-9cbc7ef8f01a req-c1607980-d69e-4649-9a75-2811b05415ec 64b5e3326b72444a8828719a12ccd765 c8983ce9fc3c4f27b24617de3315d595 - - 63d7eea5d34b4b559c1cb1215a02d94b 63d7eea5d34b4b559c1cb1215a02d94b] 10.0.0.20 "GET /v2.0/networks/b0525162-a150-4588-8077-c5b1f3013b3b?fields=provider%3Aphysical_network&fields=provider%3Anetwork_type HTTP/1.1" status: 200 len: 277 time: 0.0642152
2026-05-26 07:11:25.671 10 WARNING neutron.scheduler.dhcp_agent_scheduler [None req-10ef8e82-6768-4750-a6a3-60a7669a545b e4e981d0bbb443de887e3ca5e4413252 a7ec2d59b91a40d1a2035c40ee6ee458 - - default default] No more DHCP agents
2026-05-26 07:11:25.674 10 WARNING neutron.api.rpc.agentnotifiers.dhcp_rpc_agent_api [None req-10ef8e82-6768-4750-a6a3-60a7669a545b e4e981d0bbb443de887e3ca5e4413252 a7ec2d59b91a40d1a2035c40ee6ee458 - - default default] Unable to schedule network cf031fe8-7451-4caa-9786-9506ae191858: no agents available; will retry on subsequent port and subnet creation events.
2026-05-26 07:11:25.683 9 INFO neutron.db.ovn_revision_numbers_db [None req-1772d2e4-a53f-4716-a729-3686c23352aa 2817d0d3bdf34e88a6ae85fe28c4139f ccf6659d5e094401a117d6ba8637659e - - default default] Successfully bumped revision number for resource 2ded1b57-3f96-4e77-baff-cc6b3b9cf7fc (type: security_group_rules) to 0
2026-05-26 07:11:25.711 9 INFO neutron.db.ovn_revision_numbers_db [None req-1772d2e4-a53f-4716-a729-3686c23352aa 2817d0d3bdf34e88a6ae85fe28c4139f ccf6659d5e094401a117d6ba8637659e - - default default] Successfully bumped revision number for resource 451e466f-7b31-4466-ae46-ac3419e3a54d (type: security_group_rules) to 0
2026-05-26 07:11:25.751 9 INFO neutron.db.ovn_revision_numbers_db [None req-1772d2e4-a53f-4716-a729-3686c23352aa 2817d0d3bdf34e88a6ae85fe28c4139f ccf6659d5e094401a117d6ba8637659e - - default default] Successfully bumped revision number for resource 7c13195d-dae3-4162-877d-be4f94166c0d (type: security_group_rules) to 0
2026-05-26 07:11:25.786 9 INFO neutron.wsgi [None req-1772d2e4-a53f-4716-a729-3686c23352aa 2817d0d3bdf34e88a6ae85fe28c4139f ccf6659d5e094401a117d6ba8637659e - - default default] 10.0.0.118 "GET /v2.0/security-groups?tenant_id=a0ac5ed8f1ec4e908645e185ab08d2e5&name=default HTTP/1.1" status: 200 len: 3120 time: 0.8871713
2026-05-26 07:11:25.803 10 INFO neutron.db.ovn_revision_numbers_db [None req-10ef8e82-6768-4750-a6a3-60a7669a545b e4e981d0bbb443de887e3ca5e4413252 a7ec2d59b91a40d1a2035c40ee6ee458 - - default default] Successfully bumped revision number for resource 7a74dc2f-f955-486b-8c27-212fe50aec47 (type: ports) to 1
2026-05-26 07:11:25.856 9 INFO neutron.wsgi [req-b3121703-70ff-49c4-9957-4e6b30fc4855 req-ac8c91a5-4f06-4a02-a02d-7defe5eceb9f a178eee156704fb3aca388b9428d49d1 e8e4cc0410524346aabab80b7ca300f7 - - default default] 10.0.0.20 "GET /v2.0/ports?device_id=adf4322b-9c2e-4737-b2f3-1c0a73859cd6 HTTP/1.1" status: 200 len: 210 time: 0.0362399
2026-05-26 07:11:25.949 10 INFO neutron.wsgi [None req-10ef8e82-6768-4750-a6a3-60a7669a545b e4e981d0bbb443de887e3ca5e4413252 a7ec2d59b91a40d1a2035c40ee6ee458 - - default default] 10.0.0.118 "POST /v2.0/networks HTTP/1.1" status: 201 len: 1443 time: 2.7583647
2026-05-26 07:11:26.210 10 INFO neutron.wsgi [None req-ab0f7d98-e03d-46bb-8fe3-dc5eb6be6f86 e4e981d0bbb443de887e3ca5e4413252 a7ec2d59b91a40d1a2035c40ee6ee458 - - default default] 10.0.0.118 "GET /v2.0/networks HTTP/1.1" status: 200 len: 2049 time: 0.2554615
2026-05-26 07:11:26.608 10 INFO neutron.wsgi [None req-49e7b9b8-5995-4608-8107-5b4c4350369d 2817d0d3bdf34e88a6ae85fe28c4139f ccf6659d5e094401a117d6ba8637659e - - default default] 10.0.0.118 "DELETE /v2.0/security-groups/d2ac5816-baed-4e3a-b965-073a13078cab HTTP/1.1" status: 204 len: 168 time: 0.8154018
2026-05-26 07:11:26.690 10 INFO neutron.services.segments.plugin [-] Segment 56d62c9d-e49b-4f94-8424-80ad05e80546 resource provider aggregate not found
2026-05-26 07:11:26.695 10 INFO neutron.services.segments.plugin [-] Segment 56d62c9d-e49b-4f94-8424-80ad05e80546 resource provider aggregate not found
2026-05-26 07:11:26.710 10 INFO neutron.services.segments.plugin [-] Segment 56d62c9d-e49b-4f94-8424-80ad05e80546 resource provider not found; error: Placement Client Error (4xx): {"errors": [{"status": 404, "title": "Not Found", "detail": "The resource could not be found.\n\n No resource provider with uuid 56d62c9d-e49b-4f94-8424-80ad05e80546 found for delete ", "request_id": "req-d6e8e000-ab29-4588-8421-144d0049dd78"}]}
2026-05-26 07:11:26.713 10 INFO neutron.services.segments.plugin [-] Segment 56d62c9d-e49b-4f94-8424-80ad05e80546 resource provider not found; error: Placement Client Error (4xx): {"errors": [{"status": 404, "title": "Not Found", "detail": "The resource could not be found.\n\n No resource provider with uuid 56d62c9d-e49b-4f94-8424-80ad05e80546 found for delete ", "request_id": "req-455329a5-5c2e-42ff-a0d3-1521cde22cb7"}]}
2026-05-26 07:11:26.795 10 INFO neutron.wsgi [None req-11899c70-b0be-4370-8e8d-076bb1028617 e4e981d0bbb443de887e3ca5e4413252 a7ec2d59b91a40d1a2035c40ee6ee458 - - default default] 10.0.0.118 "DELETE /v2.0/networks/3bf3a4e5-04c4-4f07-9084-0e960807143e HTTP/1.1" status: 204 len: 168 time: 0.5808189
2026-05-26 07:11:26.951 10 INFO neutron.wsgi [req-046a5f50-708b-467b-aa48-b6f9a5aca83b req-2d5e1aa6-2dfd-4d5c-a17c-a7dec1d9f94f a178eee156704fb3aca388b9428d49d1 e8e4cc0410524346aabab80b7ca300f7 - - default default] 10.0.0.20 "GET /v2.0/ports?device_id=adf4322b-9c2e-4737-b2f3-1c0a73859cd6 HTTP/1.1" status: 200 len: 210 time: 0.0382044
2026-05-26 07:11:26.992 9 INFO neutron.db.ovn_revision_numbers_db [None req-312092e5-43e6-452b-899a-bce356c67990 2817d0d3bdf34e88a6ae85fe28c4139f ccf6659d5e094401a117d6ba8637659e - - default default] Successfully bumped revision number for resource 5a8757df-c628-420a-8d84-f3acc9fa3ced (type: security_groups) to 1
2026-05-26 07:11:27.045 9 INFO neutron.db.ovn_revision_numbers_db [None req-312092e5-43e6-452b-899a-bce356c67990 2817d0d3bdf34e88a6ae85fe28c4139f ccf6659d5e094401a117d6ba8637659e - - default default] Successfully bumped revision number for resource 086276f7-5cfb-4c90-a2bf-58b860d9288c (type: security_group_rules) to 0
2026-05-26 07:11:27.100 9 INFO neutron.db.ovn_revision_numbers_db [None req-312092e5-43e6-452b-899a-bce356c67990 2817d0d3bdf34e88a6ae85fe28c4139f ccf6659d5e094401a117d6ba8637659e - - default default] Successfully bumped revision number for resource 54c0c2a0-22b7-438d-b879-95803373cc86 (type: security_group_rules) to 0
2026-05-26 07:11:27.140 9 INFO neutron.db.ovn_revision_numbers_db [None req-312092e5-43e6-452b-899a-bce356c67990 2817d0d3bdf34e88a6ae85fe28c4139f ccf6659d5e094401a117d6ba8637659e - - default default] Successfully bumped revision number for resource 82dcea58-75be-48f8-8cf5-7b2ca869566e (type: security_group_rules) to 0
2026-05-26 07:11:27.289 9 INFO neutron.db.ovn_revision_numbers_db [None req-312092e5-43e6-452b-899a-bce356c67990 2817d0d3bdf34e88a6ae85fe28c4139f ccf6659d5e094401a117d6ba8637659e - - default default] Successfully bumped revision number for resource f68baea0-22bf-4e51-8814-5de990e3bb9c (type: security_group_rules) to 0
2026-05-26 07:11:27.308 9 INFO neutron.services.segments.plugin [-] Segment c022b96a-86c9-437d-8878-7eff0550c127 resource provider aggregate not found
2026-05-26 07:11:27.312 9 INFO neutron.services.segments.plugin [-] Segment c022b96a-86c9-437d-8878-7eff0550c127 resource provider aggregate not found
2026-05-26 07:11:27.324 9 WARNING neutron.plugins.ml2.drivers.ovn.mech_driver.ovsdb.ovn_client [None req-b83ae8e1-2045-404e-9a70-1fbaa3a64fb0 - - - - - -] No hosting information found for port a0ff6b58-4aa3-4266-a431-2e70c12054f1: RuntimeError: No hosting information found for port a0ff6b58-4aa3-4266-a431-2e70c12054f1
2026-05-26 07:11:27.331 9 INFO neutron.services.segments.plugin [-] Segment c022b96a-86c9-437d-8878-7eff0550c127 resource provider not found; error: Placement Client Error (4xx): {"errors": [{"status": 404, "title": "Not Found", "detail": "The resource could not be found.\n\n No resource provider with uuid c022b96a-86c9-437d-8878-7eff0550c127 found for delete ", "request_id": "req-23ee51ff-4830-45a2-9031-6807d0e64451"}]}
2026-05-26 07:11:27.335 9 INFO neutron.wsgi [None req-312092e5-43e6-452b-899a-bce356c67990 2817d0d3bdf34e88a6ae85fe28c4139f ccf6659d5e094401a117d6ba8637659e - - default default] 10.0.0.118 "GET /v2.0/security-groups?tenant_id=a16f5286a69f4ebab83cf09dff3d188d&name=default HTTP/1.1" status: 200 len: 3120 time: 0.5616033
2026-05-26 07:11:27.337 9 INFO neutron.services.segments.plugin [-] Segment c022b96a-86c9-437d-8878-7eff0550c127 resource provider not found; error: Placement Client Error (4xx): {"errors": [{"status": 404, "title": "Not Found", "detail": "The resource could not be found.\n\n No resource provider with uuid c022b96a-86c9-437d-8878-7eff0550c127 found for delete ", "request_id": "req-91fc571a-3bb7-40f6-89e8-2de0fd441bbb"}]}
2026-05-26 07:11:27.452 9 INFO neutron.wsgi [None req-59068b15-b6ad-4d61-95f0-7837353140ff e4e981d0bbb443de887e3ca5e4413252 a7ec2d59b91a40d1a2035c40ee6ee458 - - default default] 10.0.0.118 "DELETE /v2.0/networks/cf031fe8-7451-4caa-9786-9506ae191858 HTTP/1.1" status: 204 len: 168 time: 0.6528976
2026-05-26 07:11:27.550 10 INFO neutron.wsgi [None req-1a58e893-f8e7-44ac-b008-2a0491be7866 e4e981d0bbb443de887e3ca5e4413252 a7ec2d59b91a40d1a2035c40ee6ee458 - - default default] 10.0.0.118 "GET /v2.0/networks HTTP/1.1" status: 200 len: 845 time: 0.0934176
2026-05-26 07:11:27.560 9 WARNING neutron_lib.context [None req-38a377b5-392f-4be1-b4c0-954e8f3097a3 e4e981d0bbb443de887e3ca5e4413252 a7ec2d59b91a40d1a2035c40ee6ee458 - - default default] Method 'is_advsvc' is deprecated since 2023.2 release (neutron-lib 3.8.0) and will be removed once support for the old RBAC API policies will be removed from Neutron. Please use method 'is_service_role' instead.
2026-05-26 07:11:27.723 9 INFO neutron.db.segments_db [None req-38a377b5-392f-4be1-b4c0-954e8f3097a3 e4e981d0bbb443de887e3ca5e4413252 a7ec2d59b91a40d1a2035c40ee6ee458 - - default default] Added segment 1616eda0-5fe1-41c2-ad06-f84fa6b893c3 of type geneve for network f18eaf68-030f-4490-80e9-b06016baabb8
2026-05-26 07:11:27.761 10 INFO neutron.wsgi [None req-b4a5ea70-de12-42c7-ba03-a5f10adea405 2817d0d3bdf34e88a6ae85fe28c4139f ccf6659d5e094401a117d6ba8637659e - - default default] 10.0.0.118 "DELETE /v2.0/security-groups/5a8757df-c628-420a-8d84-f3acc9fa3ced HTTP/1.1" status: 204 len: 168 time: 0.4204495
2026-05-26 07:11:28.112 9 INFO neutron.db.ovn_revision_numbers_db [None req-38a377b5-392f-4be1-b4c0-954e8f3097a3 e4e981d0bbb443de887e3ca5e4413252 a7ec2d59b91a40d1a2035c40ee6ee458 - - default default] Successfully bumped revision number for resource f18eaf68-030f-4490-80e9-b06016baabb8 (type: networks) to 1
2026-05-26 07:11:28.157 9 INFO neutron.wsgi [req-2756ad45-f12d-410b-8f3a-2add470294b6 req-5c9e2980-a7d3-401b-b600-09dc39bc68ac a178eee156704fb3aca388b9428d49d1 e8e4cc0410524346aabab80b7ca300f7 - - default default] 10.0.0.20 "GET /v2.0/ports?device_id=adf4322b-9c2e-4737-b2f3-1c0a73859cd6 HTTP/1.1" status: 200 len: 210 time: 0.0283725
2026-05-26 07:11:28.431 9 WARNING neutron.scheduler.dhcp_agent_scheduler [None req-38a377b5-392f-4be1-b4c0-954e8f3097a3 e4e981d0bbb443de887e3ca5e4413252 a7ec2d59b91a40d1a2035c40ee6ee458 - - default default] No more DHCP agents
2026-05-26 07:11:28.433 9 WARNING neutron.api.rpc.agentnotifiers.dhcp_rpc_agent_api [None req-38a377b5-392f-4be1-b4c0-954e8f3097a3 e4e981d0bbb443de887e3ca5e4413252 a7ec2d59b91a40d1a2035c40ee6ee458 - - default default] Unable to schedule network f18eaf68-030f-4490-80e9-b06016baabb8: no agents available; will retry on subsequent port and subnet creation events.
2026-05-26 07:11:28.563 9 INFO neutron.db.ovn_revision_numbers_db [None req-38a377b5-392f-4be1-b4c0-954e8f3097a3 e4e981d0bbb443de887e3ca5e4413252 a7ec2d59b91a40d1a2035c40ee6ee458 - - default default] Successfully bumped revision number for resource e9e2d8fc-7822-4368-a3c3-e883349b1ac5 (type: ports) to 1
2026-05-26 07:11:28.640 9 INFO neutron.wsgi [None req-38a377b5-392f-4be1-b4c0-954e8f3097a3 e4e981d0bbb443de887e3ca5e4413252 a7ec2d59b91a40d1a2035c40ee6ee458 - - default default] 10.0.0.118 "POST /v2.0/networks HTTP/1.1" status: 201 len: 853 time: 1.0845008
2026-05-26 07:11:28.651 9 WARNING neutron_lib.context [None req-08194c58-2e16-4427-82f7-812f6288763d e4e981d0bbb443de887e3ca5e4413252 a7ec2d59b91a40d1a2035c40ee6ee458 - - default default] Method 'is_advsvc' is deprecated since 2023.2 release (neutron-lib 3.8.0) and will be removed once support for the old RBAC API policies will be removed from Neutron. Please use method 'is_service_role' instead.
2026-05-26 07:11:28.782 9 INFO neutron.db.segments_db [None req-08194c58-2e16-4427-82f7-812f6288763d e4e981d0bbb443de887e3ca5e4413252 a7ec2d59b91a40d1a2035c40ee6ee458 - - default default] Added segment 71c6ae46-6626-479c-a6cb-56b4c81d8f40 of type geneve for network 74a136df-3e8b-46f7-b243-32e0f33b41d7
2026-05-26 07:11:28.978 9 INFO neutron.db.ovn_revision_numbers_db [None req-08194c58-2e16-4427-82f7-812f6288763d e4e981d0bbb443de887e3ca5e4413252 a7ec2d59b91a40d1a2035c40ee6ee458 - - default default] Successfully bumped revision number for resource 74a136df-3e8b-46f7-b243-32e0f33b41d7 (type: networks) to 1
2026-05-26 07:11:29.197 9 WARNING neutron.scheduler.dhcp_agent_scheduler [None req-08194c58-2e16-4427-82f7-812f6288763d e4e981d0bbb443de887e3ca5e4413252 a7ec2d59b91a40d1a2035c40ee6ee458 - - default default] No more DHCP agents
2026-05-26 07:11:29.200 9 WARNING neutron.api.rpc.agentnotifiers.dhcp_rpc_agent_api [None req-08194c58-2e16-4427-82f7-812f6288763d e4e981d0bbb443de887e3ca5e4413252 a7ec2d59b91a40d1a2035c40ee6ee458 - - default default] Unable to schedule network 74a136df-3e8b-46f7-b243-32e0f33b41d7: no agents available; will retry on subsequent port and subnet creation events.
2026-05-26 07:11:29.202 10 INFO neutron.wsgi [req-2de6b5a7-d9a6-45ff-a8e9-9cbc7ef8f01a req-594f49f8-c3bc-443e-8b85-83f69e39471b a178eee156704fb3aca388b9428d49d1 e8e4cc0410524346aabab80b7ca300f7 - - default default] 199.204.45.109 "GET /v2.0/networks?id=b0525162-a150-4588-8077-c5b1f3013b3b HTTP/1.1" status: 200 len: 882 time: 0.3821325
2026-05-26 07:11:29.295 10 INFO neutron.wsgi [req-2de6b5a7-d9a6-45ff-a8e9-9cbc7ef8f01a req-e0ffeb12-9a77-4680-baac-d6f6e59e2b70 a178eee156704fb3aca388b9428d49d1 e8e4cc0410524346aabab80b7ca300f7 - - default default] 199.204.45.109 "GET /v2.0/security-groups?fields=id&fields=name&tenant_id=e8e4cc0410524346aabab80b7ca300f7 HTTP/1.1" status: 200 len: 380 time: 0.0602920
2026-05-26 07:11:29.322 10 WARNING neutron_lib.context [req-2de6b5a7-d9a6-45ff-a8e9-9cbc7ef8f01a req-a2736cb4-ef08-48bb-9070-6de99fb85142 a178eee156704fb3aca388b9428d49d1 e8e4cc0410524346aabab80b7ca300f7 - - default default] Method 'is_advsvc' is deprecated since 2023.2 release (neutron-lib 3.8.0) and will be removed once support for the old RBAC API policies will be removed from Neutron. Please use method 'is_service_role' instead.
2026-05-26 07:11:29.334 10 INFO neutron.wsgi [req-cdc6dce8-fa98-4e2e-aa4c-3acde5e618d5 req-302e88e9-dfba-48f0-9227-a9b24063b10e a178eee156704fb3aca388b9428d49d1 e8e4cc0410524346aabab80b7ca300f7 - - default default] 10.0.0.20 "GET /v2.0/ports?device_id=adf4322b-9c2e-4737-b2f3-1c0a73859cd6 HTTP/1.1" status: 200 len: 210 time: 0.0354996
2026-05-26 07:11:29.424 9 INFO neutron.db.ovn_revision_numbers_db [None req-08194c58-2e16-4427-82f7-812f6288763d e4e981d0bbb443de887e3ca5e4413252 a7ec2d59b91a40d1a2035c40ee6ee458 - - default default] Successfully bumped revision number for resource e7f0c381-3c80-4555-88f3-e81d34ee5e92 (type: ports) to 1
2026-05-26 07:11:29.843 9 INFO neutron.wsgi [None req-08194c58-2e16-4427-82f7-812f6288763d e4e981d0bbb443de887e3ca5e4413252 a7ec2d59b91a40d1a2035c40ee6ee458 - - default default] 10.0.0.118 "POST /v2.0/networks HTTP/1.1" status: 201 len: 853 time: 1.1971841
2026-05-26 07:11:29.854 9 WARNING neutron_lib.context [None req-9abd5bc0-fb1b-4449-9aef-485227d7182c e4e981d0bbb443de887e3ca5e4413252 a7ec2d59b91a40d1a2035c40ee6ee458 - - default default] Method 'is_advsvc' is deprecated since 2023.2 release (neutron-lib 3.8.0) and will be removed once support for the old RBAC API policies will be removed from Neutron. Please use method 'is_service_role' instead.
2026-05-26 07:11:29.895 9 WARNING neutron_lib.context [None req-9abd5bc0-fb1b-4449-9aef-485227d7182c e4e981d0bbb443de887e3ca5e4413252 a7ec2d59b91a40d1a2035c40ee6ee458 - - default default] Method 'is_advsvc' is deprecated since 2023.2 release (neutron-lib 3.8.0) and will be removed once support for the old RBAC API policies will be removed from Neutron. Please use method 'is_service_role' instead.
2026-05-26 07:11:30.332 9 INFO neutron.wsgi [-] 10.0.0.28 "GET / HTTP/1.1" status: 200 len: 247 time: 0.0021825
2026-05-26 07:11:30.334 9 INFO neutron.wsgi [-] 10.0.0.28 "GET / HTTP/1.1" status: 200 len: 247 time: 0.0015516
2026-05-26 07:11:30.459 10 INFO neutron.wsgi [req-e04dc97e-ad1b-4fdf-ad10-e2b6074f68f4 req-a794b451-403d-415b-bdde-676943b90a28 a178eee156704fb3aca388b9428d49d1 e8e4cc0410524346aabab80b7ca300f7 - - default default] 10.0.0.20 "GET /v2.0/ports?device_id=adf4322b-9c2e-4737-b2f3-1c0a73859cd6 HTTP/1.1" status: 200 len: 210 time: 0.0397880
2026-05-26 07:11:30.537 9 INFO neutron.wsgi [req-8b4de3d8-d6f8-435b-814f-c9a3eb518449 req-c4d2e686-51f5-461f-8e24-d164c9f63a3e 1389a50c71a3465fac38d2f5d7ad58fb 91d15aef2dfc41aeb493a713611f59ff - - default default] 10.0.0.20 "GET /v2.0/security-groups?name=tempest-securitygroup--66623323&fields=id&tenant_id=91d15aef2dfc41aeb493a713611f59ff HTTP/1.1" status: 200 len: 267 time: 0.0873234
2026-05-26 07:11:30.660 9 INFO neutron.wsgi [req-8b4de3d8-d6f8-435b-814f-c9a3eb518449 req-58c481a6-1daf-4fca-a07c-7cb05fb14cbf 1389a50c71a3465fac38d2f5d7ad58fb 91d15aef2dfc41aeb493a713611f59ff - - default default] 10.0.0.20 "GET /v2.0/networks?id=f508244a-ae91-401c-823d-4652d5b1bd48 HTTP/1.1" status: 200 len: 878 time: 0.1101213
2026-05-26 07:11:30.688 9 INFO neutron.wsgi [req-8b4de3d8-d6f8-435b-814f-c9a3eb518449 req-8b04c269-6051-4e2a-91b5-09c3c2ce6ad8 1389a50c71a3465fac38d2f5d7ad58fb 91d15aef2dfc41aeb493a713611f59ff - - default default] 10.0.0.20 "GET /v2.0/quotas/91d15aef2dfc41aeb493a713611f59ff HTTP/1.1" status: 200 len: 491 time: 0.0197203
2026-05-26 07:11:30.792 10 WARNING neutron.scheduler.dhcp_agent_scheduler [req-2de6b5a7-d9a6-45ff-a8e9-9cbc7ef8f01a req-a2736cb4-ef08-48bb-9070-6de99fb85142 a178eee156704fb3aca388b9428d49d1 e8e4cc0410524346aabab80b7ca300f7 - - default default] No more DHCP agents
2026-05-26 07:11:30.794 10 WARNING neutron.api.rpc.agentnotifiers.dhcp_rpc_agent_api [req-2de6b5a7-d9a6-45ff-a8e9-9cbc7ef8f01a req-a2736cb4-ef08-48bb-9070-6de99fb85142 a178eee156704fb3aca388b9428d49d1 e8e4cc0410524346aabab80b7ca300f7 - - default default] Unable to schedule network b0525162-a150-4588-8077-c5b1f3013b3b: no agents available; will retry on subsequent port and subnet creation events.
2026-05-26 07:11:31.067 9 INFO neutron.wsgi [req-8b4de3d8-d6f8-435b-814f-c9a3eb518449 req-142c0f61-5cbc-4f16-bc51-9254b11311dc 1389a50c71a3465fac38d2f5d7ad58fb 91d15aef2dfc41aeb493a713611f59ff - - default default] 10.0.0.20 "GET /v2.0/ports?tenant_id=91d15aef2dfc41aeb493a713611f59ff&fields=id HTTP/1.1" status: 200 len: 302 time: 0.3703349
2026-05-26 07:11:31.478 10 INFO neutron.db.ovn_revision_numbers_db [req-2de6b5a7-d9a6-45ff-a8e9-9cbc7ef8f01a req-a2736cb4-ef08-48bb-9070-6de99fb85142 a178eee156704fb3aca388b9428d49d1 e8e4cc0410524346aabab80b7ca300f7 - - default default] Successfully bumped revision number for resource eb14f7b4-f4bc-4ea9-bf18-894cbda5805d (type: ports) to 1 /var/lib/openstack/lib/python3.10/site-packages/pycadf/identifier.py:71: UserWarning: Invalid uuid: neutron. To ensure interoperability, identifiers should be a valid uuid. warnings.warn(('Invalid uuid: %s. To ensure interoperability, ' /var/lib/openstack/lib/python3.10/site-packages/pycadf/identifier.py:71: UserWarning: Invalid uuid: neutron. To ensure interoperability, identifiers should be a valid uuid. warnings.warn(('Invalid uuid: %s. To ensure interoperability, '
2026-05-26 07:11:31.604 9 INFO neutron.wsgi [req-8b4de3d8-d6f8-435b-814f-c9a3eb518449 req-49e90112-054d-481c-bfc6-c9f45e315b80 64b5e3326b72444a8828719a12ccd765 c8983ce9fc3c4f27b24617de3315d595 - - 63d7eea5d34b4b559c1cb1215a02d94b 63d7eea5d34b4b559c1cb1215a02d94b] 10.0.0.20 "GET /v2.0/extensions HTTP/1.1" status: 200 len: 18683 time: 0.1249900
2026-05-26 07:11:31.624 10 INFO neutron.wsgi [req-2de6b5a7-d9a6-45ff-a8e9-9cbc7ef8f01a req-a2736cb4-ef08-48bb-9070-6de99fb85142 a178eee156704fb3aca388b9428d49d1 e8e4cc0410524346aabab80b7ca300f7 - - default default] 199.204.45.109 "POST /v2.0/ports HTTP/1.1" status: 201 len: 1158 time: 2.3236201
2026-05-26 07:11:31.639 10 INFO neutron.wsgi [req-2de6b5a7-d9a6-45ff-a8e9-9cbc7ef8f01a req-616572a5-8a98-4122-97f8-4107bae6cda7 a178eee156704fb3aca388b9428d49d1 e8e4cc0410524346aabab80b7ca300f7 - - default default] 199.204.45.109 "GET /v2.0/extensions HTTP/1.1" status: 200 len: 18683 time: 0.0095627
2026-05-26 07:11:31.661 9 WARNING neutron.scheduler.dhcp_agent_scheduler [None req-9abd5bc0-fb1b-4449-9aef-485227d7182c e4e981d0bbb443de887e3ca5e4413252 a7ec2d59b91a40d1a2035c40ee6ee458 - - default default] No more DHCP agents
2026-05-26 07:11:31.664 9 WARNING neutron.api.rpc.agentnotifiers.dhcp_rpc_agent_api [None req-9abd5bc0-fb1b-4449-9aef-485227d7182c e4e981d0bbb443de887e3ca5e4413252 a7ec2d59b91a40d1a2035c40ee6ee458 - - default default] Unable to schedule network f18eaf68-030f-4490-80e9-b06016baabb8: no agents available; will retry on subsequent port and subnet creation events.
2026-05-26 07:11:31.666 10 INFO neutron.wsgi [req-5d2137c8-4615-4de6-b144-e4661f5a3f83 req-fae93e2c-f9ee-4a71-9411-801e971c2bc1 a178eee156704fb3aca388b9428d49d1 e8e4cc0410524346aabab80b7ca300f7 - - default default] 10.0.0.20 "GET /v2.0/ports?device_id=adf4322b-9c2e-4737-b2f3-1c0a73859cd6 HTTP/1.1" status: 200 len: 1156 time: 0.1380889
2026-05-26 07:11:31.719 9 INFO neutron.wsgi [req-8b4de3d8-d6f8-435b-814f-c9a3eb518449 req-fb2247f2-1dbc-4219-b016-dedfe52e1d83 64b5e3326b72444a8828719a12ccd765 c8983ce9fc3c4f27b24617de3315d595 - - 63d7eea5d34b4b559c1cb1215a02d94b 63d7eea5d34b4b559c1cb1215a02d94b] 10.0.0.20 "GET /v2.0/networks/f508244a-ae91-401c-823d-4652d5b1bd48?fields=segments HTTP/1.1" status: 200 len: 212 time: 0.1079810
2026-05-26 07:11:31.725 10 INFO neutron.wsgi [req-5d2137c8-4615-4de6-b144-e4661f5a3f83 req-4d595420-c6ea-44b2-b2b6-125058cf3220 a178eee156704fb3aca388b9428d49d1 e8e4cc0410524346aabab80b7ca300f7 - - default default] 10.0.0.20 "GET /v2.0/security-groups?id=983f3889-cbb2-46f3-87ae-d8efd593e21b&fields=id&fields=name HTTP/1.1" status: 200 len: 313 time: 0.0508664 /var/lib/openstack/lib/python3.10/site-packages/pycadf/identifier.py:71: UserWarning: Invalid uuid: neutron. To ensure interoperability, identifiers should be a valid uuid. warnings.warn(('Invalid uuid: %s. To ensure interoperability, '
2026-05-26 07:11:31.801 9 INFO neutron.wsgi [req-8b4de3d8-d6f8-435b-814f-c9a3eb518449 req-82b4509a-b837-424d-841e-beba259ca3c1 64b5e3326b72444a8828719a12ccd765 c8983ce9fc3c4f27b24617de3315d595 - - 63d7eea5d34b4b559c1cb1215a02d94b 63d7eea5d34b4b559c1cb1215a02d94b] 10.0.0.20 "GET /v2.0/networks/f508244a-ae91-401c-823d-4652d5b1bd48?fields=provider%3Aphysical_network&fields=provider%3Anetwork_type HTTP/1.1" status: 200 len: 277 time: 0.0751657
2026-05-26 07:11:31.855 9 INFO neutron.db.ovn_revision_numbers_db [None req-9abd5bc0-fb1b-4449-9aef-485227d7182c e4e981d0bbb443de887e3ca5e4413252 a7ec2d59b91a40d1a2035c40ee6ee458 - - default default] Successfully bumped revision number for resource 49b7b12d-b2b0-4af2-8b2d-3dfaa44b3b62 (type: ports) to 1
2026-05-26 07:11:31.885 9 WARNING neutron.scheduler.dhcp_agent_scheduler [None req-9abd5bc0-fb1b-4449-9aef-485227d7182c e4e981d0bbb443de887e3ca5e4413252 a7ec2d59b91a40d1a2035c40ee6ee458 - - default default] No more DHCP agents
2026-05-26 07:11:31.892 9 WARNING neutron.api.rpc.agentnotifiers.dhcp_rpc_agent_api [None req-9abd5bc0-fb1b-4449-9aef-485227d7182c e4e981d0bbb443de887e3ca5e4413252 a7ec2d59b91a40d1a2035c40ee6ee458 - - default default] Unable to schedule network 74a136df-3e8b-46f7-b243-32e0f33b41d7: no agents available; will retry on subsequent port and subnet creation events.
2026-05-26 07:11:32.018 9 INFO neutron.db.ovn_revision_numbers_db [None req-9abd5bc0-fb1b-4449-9aef-485227d7182c e4e981d0bbb443de887e3ca5e4413252 a7ec2d59b91a40d1a2035c40ee6ee458 - - default default] Successfully bumped revision number for resource fc86edda-55cc-45d5-899a-ca1a0d43d878 (type: ports) to 1
2026-05-26 07:11:32.086 9 INFO neutron.wsgi [None req-9abd5bc0-fb1b-4449-9aef-485227d7182c e4e981d0bbb443de887e3ca5e4413252 a7ec2d59b91a40d1a2035c40ee6ee458 - - default default] 10.0.0.118 "POST /v2.0/ports HTTP/1.1" status: 201 len: 1705 time: 2.2360568 /var/lib/openstack/lib/python3.10/site-packages/pycadf/identifier.py:71: UserWarning: Invalid uuid: neutron. To ensure interoperability, identifiers should be a valid uuid. warnings.warn(('Invalid uuid: %s. To ensure interoperability, '
2026-05-26 07:11:32.273 9 INFO neutron.wsgi [None req-d41dc696-027e-4230-b922-9df7e24687d2 e4e981d0bbb443de887e3ca5e4413252 a7ec2d59b91a40d1a2035c40ee6ee458 - - default default] 10.0.0.118 "GET /v2.0/ports HTTP/1.1" status: 200 len: 3212 time: 0.1833251
2026-05-26 07:11:32.288 10 INFO neutron.wsgi [req-3740e69d-244a-4cc1-a8f7-40ed67bfc236 req-18746b75-d5cd-4f68-b528-641bb3a9b201 1389a50c71a3465fac38d2f5d7ad58fb 91d15aef2dfc41aeb493a713611f59ff - - default default] 10.0.0.20 "GET /v2.0/ports?device_id=15d53e3e-b13e-483e-8e3e-591bdef969c0 HTTP/1.1" status: 200 len: 210 time: 0.0318229
2026-05-26 07:11:32.947 9 INFO neutron.wsgi [req-3e6bb330-c20c-4210-bd8d-2e1ff9607ed9 req-bced37dd-4ab2-4198-a119-f809a20575c0 a178eee156704fb3aca388b9428d49d1 e8e4cc0410524346aabab80b7ca300f7 - - default default] 10.0.0.20 "GET /v2.0/ports?device_id=adf4322b-9c2e-4737-b2f3-1c0a73859cd6 HTTP/1.1" status: 200 len: 1168 time: 0.1464586
2026-05-26 07:11:33.029 9 INFO neutron.wsgi [req-3e6bb330-c20c-4210-bd8d-2e1ff9607ed9 req-05390aef-bd67-47b7-95c3-3d4fe36303b8 a178eee156704fb3aca388b9428d49d1 e8e4cc0410524346aabab80b7ca300f7 - - default default] 10.0.0.20 "GET /v2.0/security-groups?id=983f3889-cbb2-46f3-87ae-d8efd593e21b&fields=id&fields=name HTTP/1.1" status: 200 len: 313 time: 0.0748830
2026-05-26 07:11:33.191 9 INFO neutron.wsgi [None req-4ee6dcac-6cd4-4ae9-8e1b-4dd3ef9b125a e4e981d0bbb443de887e3ca5e4413252 a7ec2d59b91a40d1a2035c40ee6ee458 - - default default] 10.0.0.118 "DELETE /v2.0/ports/49b7b12d-b2b0-4af2-8b2d-3dfaa44b3b62 HTTP/1.1" status: 204 len: 168 time: 0.9101086 /var/lib/openstack/lib/python3.10/site-packages/pycadf/identifier.py:71: UserWarning: Invalid uuid: neutron. To ensure interoperability, identifiers should be a valid uuid. warnings.warn(('Invalid uuid: %s. To ensure interoperability, '
2026-05-26 07:11:33.370 10 INFO neutron.wsgi [req-f3d9d782-7233-4561-b7fd-c9b7459e188e req-0e4980bf-acf1-4c22-9c47-b06ba2b58f85 1389a50c71a3465fac38d2f5d7ad58fb 91d15aef2dfc41aeb493a713611f59ff - - default default] 10.0.0.20 "GET /v2.0/ports?device_id=15d53e3e-b13e-483e-8e3e-591bdef969c0 HTTP/1.1" status: 200 len: 210 time: 0.0238414
2026-05-26 07:11:33.624 10 INFO neutron.db.ovn_revision_numbers_db [req-2de6b5a7-d9a6-45ff-a8e9-9cbc7ef8f01a req-dcf879e9-a8b8-4c9c-ac9e-c87b00fd90f2 64b5e3326b72444a8828719a12ccd765 c8983ce9fc3c4f27b24617de3315d595 - - 63d7eea5d34b4b559c1cb1215a02d94b 63d7eea5d34b4b559c1cb1215a02d94b] Successfully bumped revision number for resource eb14f7b4-f4bc-4ea9-bf18-894cbda5805d (type: ports) to 2
2026-05-26 07:11:33.767 9 INFO neutron.wsgi [None req-411464e8-a041-4bcd-9dc7-48cd5fa37357 e4e981d0bbb443de887e3ca5e4413252 a7ec2d59b91a40d1a2035c40ee6ee458 - - default default] 10.0.0.118 "DELETE /v2.0/ports/fc86edda-55cc-45d5-899a-ca1a0d43d878 HTTP/1.1" status: 204 len: 168 time: 0.5694292
2026-05-26 07:11:33.820 9 INFO neutron.wsgi [None req-0898a155-09bc-4c74-9734-5427816d9ea7 e4e981d0bbb443de887e3ca5e4413252 a7ec2d59b91a40d1a2035c40ee6ee458 - - default default] 10.0.0.118 "GET /v2.0/ports HTTP/1.1" status: 200 len: 1718 time: 0.0465906
2026-05-26 07:11:33.828 9 WARNING neutron_lib.context [None req-f7f733e5-b30a-4608-a50d-01597f669745 e4e981d0bbb443de887e3ca5e4413252 a7ec2d59b91a40d1a2035c40ee6ee458 - - default default] Method 'is_advsvc' is deprecated since 2023.2 release (neutron-lib 3.8.0) and will be removed once support for the old RBAC API policies will be removed from Neutron. Please use method 'is_service_role' instead.
2026-05-26 07:11:33.977 10 INFO neutron.db.ovn_revision_numbers_db [req-2de6b5a7-d9a6-45ff-a8e9-9cbc7ef8f01a req-dcf879e9-a8b8-4c9c-ac9e-c87b00fd90f2 64b5e3326b72444a8828719a12ccd765 c8983ce9fc3c4f27b24617de3315d595 - - 63d7eea5d34b4b559c1cb1215a02d94b 63d7eea5d34b4b559c1cb1215a02d94b] Successfully bumped revision number for resource eb14f7b4-f4bc-4ea9-bf18-894cbda5805d (type: ports) to 2
2026-05-26 07:11:33.978 9 INFO neutron.db.segments_db [None req-f7f733e5-b30a-4608-a50d-01597f669745 e4e981d0bbb443de887e3ca5e4413252 a7ec2d59b91a40d1a2035c40ee6ee458 - - default default] Added segment 812e61a1-e6d7-4e34-930f-88a14559e4ec of type geneve for network 9de35d02-e97e-41f6-8525-ad12f6ec5f49
2026-05-26 07:11:34.009 10 INFO neutron.wsgi [req-2de6b5a7-d9a6-45ff-a8e9-9cbc7ef8f01a req-dcf879e9-a8b8-4c9c-ac9e-c87b00fd90f2 64b5e3326b72444a8828719a12ccd765 c8983ce9fc3c4f27b24617de3315d595 - - 63d7eea5d34b4b559c1cb1215a02d94b 63d7eea5d34b4b559c1cb1215a02d94b] 199.204.45.109 "PUT /v2.0/ports/eb14f7b4-f4bc-4ea9-bf18-894cbda5805d HTTP/1.1" status: 200 len: 1376 time: 1.9602158
2026-05-26 07:11:34.156 9 INFO neutron.wsgi [req-c6952834-b2fe-4dbc-9b11-5b455362ea63 req-5a8fd504-5103-42b2-9fcf-bbe436f1c876 a178eee156704fb3aca388b9428d49d1 e8e4cc0410524346aabab80b7ca300f7 - - default default] 10.0.0.20 "GET /v2.0/ports?device_id=adf4322b-9c2e-4737-b2f3-1c0a73859cd6 HTTP/1.1" status: 200 len: 1168 time: 0.0511293
2026-05-26 07:11:34.206 9 INFO neutron.wsgi [req-c6952834-b2fe-4dbc-9b11-5b455362ea63 req-2e19c835-609b-44e6-bbe8-03fc5b83d3f1 a178eee156704fb3aca388b9428d49d1 e8e4cc0410524346aabab80b7ca300f7 - - default default] 10.0.0.20 "GET /v2.0/security-groups?id=983f3889-cbb2-46f3-87ae-d8efd593e21b&fields=id&fields=name HTTP/1.1" status: 200 len: 313 time: 0.0448022 /var/lib/openstack/lib/python3.10/site-packages/pycadf/identifier.py:71: UserWarning: Invalid uuid: neutron. To ensure interoperability, identifiers should be a valid uuid. warnings.warn(('Invalid uuid: %s. To ensure interoperability, '
2026-05-26 07:11:34.340 9 INFO neutron.db.ovn_revision_numbers_db [None req-f7f733e5-b30a-4608-a50d-01597f669745 e4e981d0bbb443de887e3ca5e4413252 a7ec2d59b91a40d1a2035c40ee6ee458 - - default default] Successfully bumped revision number for resource 9de35d02-e97e-41f6-8525-ad12f6ec5f49 (type: networks) to 1
2026-05-26 07:11:34.345 10 INFO neutron.wsgi [req-2de6b5a7-d9a6-45ff-a8e9-9cbc7ef8f01a req-09418149-ed43-4f9d-9da9-6366c6cf5f8e 64b5e3326b72444a8828719a12ccd765 c8983ce9fc3c4f27b24617de3315d595 - - 63d7eea5d34b4b559c1cb1215a02d94b 63d7eea5d34b4b559c1cb1215a02d94b] 199.204.45.109 "GET /v2.0/ports?tenant_id=e8e4cc0410524346aabab80b7ca300f7&device_id=adf4322b-9c2e-4737-b2f3-1c0a73859cd6 HTTP/1.1" status: 200 len: 1407 time: 0.0767496
2026-05-26 07:11:34.410 10 INFO neutron.wsgi [req-2de6b5a7-d9a6-45ff-a8e9-9cbc7ef8f01a req-f8e5aaed-2ad8-48e6-933a-8c44b7b1db0a 64b5e3326b72444a8828719a12ccd765 c8983ce9fc3c4f27b24617de3315d595 - - 63d7eea5d34b4b559c1cb1215a02d94b 63d7eea5d34b4b559c1cb1215a02d94b] 199.204.45.109 "GET /v2.0/floatingips?fixed_ip_address=10.100.0.6&port_id=eb14f7b4-f4bc-4ea9-bf18-894cbda5805d HTTP/1.1" status: 200 len: 217 time: 0.0566463
2026-05-26 07:11:34.490 10 INFO neutron.wsgi [req-b6a34aff-eb8f-4f8f-b68b-25b5a32ad672 req-ccf2d928-5498-4306-b31e-58c87a86e6a4 1389a50c71a3465fac38d2f5d7ad58fb 91d15aef2dfc41aeb493a713611f59ff - - default default] 10.0.0.20 "GET /v2.0/ports?device_id=15d53e3e-b13e-483e-8e3e-591bdef969c0 HTTP/1.1" status: 200 len: 210 time: 0.0532892
2026-05-26 07:11:34.512 10 INFO neutron.wsgi [req-2de6b5a7-d9a6-45ff-a8e9-9cbc7ef8f01a req-6f6e1dd0-d3d3-4319-be9e-b54da2b66c22 64b5e3326b72444a8828719a12ccd765 c8983ce9fc3c4f27b24617de3315d595 - - 63d7eea5d34b4b559c1cb1215a02d94b 63d7eea5d34b4b559c1cb1215a02d94b] 199.204.45.109 "GET /v2.0/subnets?id=827ce540-afc0-4524-95ad-442fb2774b17 HTTP/1.1" status: 200 len: 876 time: 0.0766461
2026-05-26 07:11:34.570 10 INFO neutron.wsgi [req-2de6b5a7-d9a6-45ff-a8e9-9cbc7ef8f01a req-8a6e2bc9-6d4b-4f6f-be34-3c842c48171c 64b5e3326b72444a8828719a12ccd765 c8983ce9fc3c4f27b24617de3315d595 - - 63d7eea5d34b4b559c1cb1215a02d94b 63d7eea5d34b4b559c1cb1215a02d94b] 199.204.45.109 "GET /v2.0/ports?network_id=b0525162-a150-4588-8077-c5b1f3013b3b&device_owner=network%3Adhcp HTTP/1.1" status: 200 len: 210 time: 0.0483854
2026-05-26 07:11:34.591 10 INFO neutron.notifiers.nova [-] Nova event matching ['req-8a0fd3d9-7ce8-4472-9c59-6d00b85a3f4f'] response: {'name': 'network-changed', 'server_uuid': 'adf4322b-9c2e-4737-b2f3-1c0a73859cd6', 'tag': 'eb14f7b4-f4bc-4ea9-bf18-894cbda5805d', 'status': 'completed', 'code': 200}
2026-05-26 07:11:34.652 10 INFO neutron.wsgi [req-2de6b5a7-d9a6-45ff-a8e9-9cbc7ef8f01a req-4c348d0a-7752-4e85-b6fc-0a7fc76a9138 64b5e3326b72444a8828719a12ccd765 c8983ce9fc3c4f27b24617de3315d595 - - 63d7eea5d34b4b559c1cb1215a02d94b 63d7eea5d34b4b559c1cb1215a02d94b] 199.204.45.109 "GET /v2.0/networks/b0525162-a150-4588-8077-c5b1f3013b3b?fields=segments HTTP/1.1" status: 200 len: 212 time: 0.0725474
2026-05-26 07:11:34.920 10 INFO neutron.wsgi [req-2de6b5a7-d9a6-45ff-a8e9-9cbc7ef8f01a req-80495cbb-a34b-4a7c-a845-791ab149b495 64b5e3326b72444a8828719a12ccd765 c8983ce9fc3c4f27b24617de3315d595 - - 63d7eea5d34b4b559c1cb1215a02d94b 63d7eea5d34b4b559c1cb1215a02d94b] 199.204.45.109 "GET /v2.0/networks/b0525162-a150-4588-8077-c5b1f3013b3b?fields=provider%3Aphysical_network&fields=provider%3Anetwork_type HTTP/1.1" status: 200 len: 277 time: 0.2628429
2026-05-26 07:11:35.039 9 WARNING neutron.scheduler.dhcp_agent_scheduler [None req-f7f733e5-b30a-4608-a50d-01597f669745 e4e981d0bbb443de887e3ca5e4413252 a7ec2d59b91a40d1a2035c40ee6ee458 - - default default] No more DHCP agents
2026-05-26 07:11:35.041 9 WARNING neutron.api.rpc.agentnotifiers.dhcp_rpc_agent_api [None req-f7f733e5-b30a-4608-a50d-01597f669745 e4e981d0bbb443de887e3ca5e4413252 a7ec2d59b91a40d1a2035c40ee6ee458 - - default default] Unable to schedule network 9de35d02-e97e-41f6-8525-ad12f6ec5f49: no agents available; will retry on subsequent port and subnet creation events.
2026-05-26 07:11:35.138 10 INFO neutron.wsgi [req-34f32135-8ee7-4d79-bca5-bec60aa068e9 req-e3cc8379-f7fd-4ea0-9000-e0cbfc13d61e 64b5e3326b72444a8828719a12ccd765 c8983ce9fc3c4f27b24617de3315d595 - - 63d7eea5d34b4b559c1cb1215a02d94b 63d7eea5d34b4b559c1cb1215a02d94b] 199.204.45.109 "GET /v2.0/ports?tenant_id=e8e4cc0410524346aabab80b7ca300f7&device_id=adf4322b-9c2e-4737-b2f3-1c0a73859cd6 HTTP/1.1" status: 200 len: 1407 time: 0.0465696
2026-05-26 07:11:35.204 10 INFO neutron.wsgi [req-34f32135-8ee7-4d79-bca5-bec60aa068e9 req-e12d0e46-eaac-4999-8b56-e939556c8469 64b5e3326b72444a8828719a12ccd765 c8983ce9fc3c4f27b24617de3315d595 - - 63d7eea5d34b4b559c1cb1215a02d94b 63d7eea5d34b4b559c1cb1215a02d94b] 199.204.45.109 "GET /v2.0/networks?id=b0525162-a150-4588-8077-c5b1f3013b3b HTTP/1.1" status: 200 len: 981 time: 0.0605567
2026-05-26 07:11:35.244 10 INFO neutron.wsgi [req-34f32135-8ee7-4d79-bca5-bec60aa068e9 req-a76d3d97-c545-4614-bb56-b893fdf6fd86 64b5e3326b72444a8828719a12ccd765 c8983ce9fc3c4f27b24617de3315d595 - - 63d7eea5d34b4b559c1cb1215a02d94b 63d7eea5d34b4b559c1cb1215a02d94b] 199.204.45.109 "GET /v2.0/floatingips?fixed_ip_address=10.100.0.6&port_id=eb14f7b4-f4bc-4ea9-bf18-894cbda5805d HTTP/1.1" status: 200 len: 217 time: 0.0323133
2026-05-26 07:11:35.261 9 INFO neutron.db.ovn_revision_numbers_db [None req-f7f733e5-b30a-4608-a50d-01597f669745 e4e981d0bbb443de887e3ca5e4413252 a7ec2d59b91a40d1a2035c40ee6ee458 - - default default] Successfully bumped revision number for resource 34faabe6-61f5-4543-9233-87560fba9634 (type: ports) to 1
2026-05-26 07:11:35.314 10 INFO neutron.wsgi [req-34f32135-8ee7-4d79-bca5-bec60aa068e9 req-e6a91e38-d396-4b47-8056-34133cfb110c 64b5e3326b72444a8828719a12ccd765 c8983ce9fc3c4f27b24617de3315d595 - - 63d7eea5d34b4b559c1cb1215a02d94b 63d7eea5d34b4b559c1cb1215a02d94b] 199.204.45.109 "GET /v2.0/subnets?id=827ce540-afc0-4524-95ad-442fb2774b17 HTTP/1.1" status: 200 len: 876 time: 0.0605011
2026-05-26 07:11:35.331 10 INFO neutron.wsgi [req-889ee64b-304b-4e12-98cc-1a93d7ebda17 req-5c27f531-43e0-453a-8a70-2444c53bdc4e a178eee156704fb3aca388b9428d49d1 e8e4cc0410524346aabab80b7ca300f7 - - default default] 10.0.0.20 "GET /v2.0/ports?device_id=adf4322b-9c2e-4737-b2f3-1c0a73859cd6 HTTP/1.1" status: 200 len: 1168 time: 0.0512052
2026-05-26 07:11:35.337 9 INFO neutron.wsgi [None req-f7f733e5-b30a-4608-a50d-01597f669745 e4e981d0bbb443de887e3ca5e4413252 a7ec2d59b91a40d1a2035c40ee6ee458 - - default default] 10.0.0.118 "POST /v2.0/networks HTTP/1.1" status: 201 len: 852 time: 1.5125060
2026-05-26 07:11:35.350 9 WARNING neutron_lib.context [None req-0364d75b-774b-4e86-81c3-0eff45bb8c02 e4e981d0bbb443de887e3ca5e4413252 a7ec2d59b91a40d1a2035c40ee6ee458 - - default default] Method 'is_advsvc' is deprecated since 2023.2 release (neutron-lib 3.8.0) and will be removed once support for the old RBAC API policies will be removed from Neutron. Please use method 'is_service_role' instead.
2026-05-26 07:11:35.359 10 INFO neutron.wsgi [req-34f32135-8ee7-4d79-bca5-bec60aa068e9 req-ebda32fd-cf01-4777-a5de-565117ceb05d 64b5e3326b72444a8828719a12ccd765 c8983ce9fc3c4f27b24617de3315d595 - - 63d7eea5d34b4b559c1cb1215a02d94b 63d7eea5d34b4b559c1cb1215a02d94b] 199.204.45.109 "GET /v2.0/ports?network_id=b0525162-a150-4588-8077-c5b1f3013b3b&device_owner=network%3Adhcp HTTP/1.1" status: 200 len: 210 time: 0.0369258
2026-05-26 07:11:35.391 10 INFO neutron.wsgi [req-889ee64b-304b-4e12-98cc-1a93d7ebda17 req-ecd52c40-3739-4833-9d2f-23774dec0c1d a178eee156704fb3aca388b9428d49d1 e8e4cc0410524346aabab80b7ca300f7 - - default default] 10.0.0.20 "GET /v2.0/security-groups?id=983f3889-cbb2-46f3-87ae-d8efd593e21b&fields=id&fields=name HTTP/1.1" status: 200 len: 313 time: 0.0507839
2026-05-26 07:11:35.479 10 INFO neutron.wsgi [req-34f32135-8ee7-4d79-bca5-bec60aa068e9 req-1e36d381-1440-4fd7-98b3-b136381b61f0 64b5e3326b72444a8828719a12ccd765 c8983ce9fc3c4f27b24617de3315d595 - - 63d7eea5d34b4b559c1cb1215a02d94b 63d7eea5d34b4b559c1cb1215a02d94b] 199.204.45.109 "GET /v2.0/networks/b0525162-a150-4588-8077-c5b1f3013b3b?fields=segments HTTP/1.1" status: 200 len: 212 time: 0.0658956
2026-05-26 07:11:35.590 9 INFO neutron.wsgi [req-f9c330ac-09e1-4c67-b307-a3724cd42abe req-d9d1b7dc-dd49-4836-9d47-8ef41d5b2929 1389a50c71a3465fac38d2f5d7ad58fb 91d15aef2dfc41aeb493a713611f59ff - - default default] 10.0.0.20 "GET /v2.0/ports?device_id=15d53e3e-b13e-483e-8e3e-591bdef969c0 HTTP/1.1" status: 200 len: 210 time: 0.0247049
2026-05-26 07:11:35.619 10 INFO neutron.wsgi [req-34f32135-8ee7-4d79-bca5-bec60aa068e9 req-856aabb1-ccdd-4b4e-b99e-9cc777c0f78e 64b5e3326b72444a8828719a12ccd765 c8983ce9fc3c4f27b24617de3315d595 - - 63d7eea5d34b4b559c1cb1215a02d94b 63d7eea5d34b4b559c1cb1215a02d94b] 199.204.45.109 "GET /v2.0/networks/b0525162-a150-4588-8077-c5b1f3013b3b?fields=provider%3Aphysical_network&fields=provider%3Anetwork_type HTTP/1.1" status: 200 len: 277 time: 0.0748053
2026-05-26 07:11:35.775 9 INFO neutron.db.segments_db [None req-0364d75b-774b-4e86-81c3-0eff45bb8c02 e4e981d0bbb443de887e3ca5e4413252 a7ec2d59b91a40d1a2035c40ee6ee458 - - default default] Added segment 0f0aa30c-5523-41d0-b676-a14af3276d13 of type geneve for network db737594-f9d3-45e6-ab6d-2b7b89caa3ce
2026-05-26 07:11:36.508 10 INFO neutron.wsgi [req-cd85a9bf-fe07-47d4-878d-552ebb883350 req-24d92e9a-58af-45d3-8ad2-77bdca4707d8 a178eee156704fb3aca388b9428d49d1 e8e4cc0410524346aabab80b7ca300f7 - - default default] 10.0.0.20 "GET /v2.0/ports?device_id=adf4322b-9c2e-4737-b2f3-1c0a73859cd6 HTTP/1.1" status: 200 len: 1168 time: 0.0460517
2026-05-26 07:11:36.576 10 INFO neutron.wsgi [req-cd85a9bf-fe07-47d4-878d-552ebb883350 req-6e5ac056-7207-484c-bcfa-7b4251f37dd6 a178eee156704fb3aca388b9428d49d1 e8e4cc0410524346aabab80b7ca300f7 - - default default] 10.0.0.20 "GET /v2.0/security-groups?id=983f3889-cbb2-46f3-87ae-d8efd593e21b&fields=id&fields=name HTTP/1.1" status: 200 len: 313 time: 0.0601885
2026-05-26 07:11:36.693 9 INFO neutron.wsgi [req-c9de3277-ed86-45fb-8a18-251baf8f4e93 req-5e11f84e-31c7-4a64-ade3-87e4a8798bc7 1389a50c71a3465fac38d2f5d7ad58fb 91d15aef2dfc41aeb493a713611f59ff - - default default] 10.0.0.20 "GET /v2.0/ports?device_id=15d53e3e-b13e-483e-8e3e-591bdef969c0 HTTP/1.1" status: 200 len: 210 time: 0.0280633
2026-05-26 07:11:37.491 9 INFO neutron.db.ovn_revision_numbers_db [None req-0364d75b-774b-4e86-81c3-0eff45bb8c02 e4e981d0bbb443de887e3ca5e4413252 a7ec2d59b91a40d1a2035c40ee6ee458 - - default default] Successfully bumped revision number for resource db737594-f9d3-45e6-ab6d-2b7b89caa3ce (type: networks) to 1
2026-05-26 07:11:37.625 10 INFO neutron.wsgi [req-8b4de3d8-d6f8-435b-814f-c9a3eb518449 req-2607ebb1-7c76-4a22-a92c-12bb8270ebee 1389a50c71a3465fac38d2f5d7ad58fb 91d15aef2dfc41aeb493a713611f59ff - - default default] 199.204.45.109 "GET /v2.0/networks?id=f508244a-ae91-401c-823d-4652d5b1bd48 HTTP/1.1" status: 200 len: 878 time: 0.0934460
2026-05-26 07:11:37.729 10 INFO neutron.plugins.ml2.drivers.ovn.mech_driver.mech_driver [None req-54f8cc44-4c16-45db-ac11-959a53c9ead9 - - - - - -] OVN reports status up for port: eb14f7b4-f4bc-4ea9-bf18-894cbda5805d
2026-05-26 07:11:37.744 10 INFO neutron.wsgi [req-8b4de3d8-d6f8-435b-814f-c9a3eb518449 req-0ed3dc25-b56a-45d0-84b9-768808e26556 1389a50c71a3465fac38d2f5d7ad58fb 91d15aef2dfc41aeb493a713611f59ff - - default default] 199.204.45.109 "GET /v2.0/security-groups?fields=id&fields=name&tenant_id=91d15aef2dfc41aeb493a713611f59ff HTTP/1.1" status: 200 len: 378 time: 0.1125984
2026-05-26 07:11:37.755 10 WARNING neutron_lib.context [req-8b4de3d8-d6f8-435b-814f-c9a3eb518449 req-a4c62b88-952c-487a-935e-52402fc52423 1389a50c71a3465fac38d2f5d7ad58fb 91d15aef2dfc41aeb493a713611f59ff - - default default] Method 'is_advsvc' is deprecated since 2023.2 release (neutron-lib 3.8.0) and will be removed once support for the old RBAC API policies will be removed from Neutron. Please use method 'is_service_role' instead.
2026-05-26 07:11:37.792 10 INFO neutron.plugins.ml2.plugin [None req-54f8cc44-4c16-45db-ac11-959a53c9ead9 - - - - - -] Attempt 1 to provision port eb14f7b4-f4bc-4ea9-bf18-894cbda5805d
2026-05-26 07:11:37.810 9 WARNING neutron.scheduler.dhcp_agent_scheduler [None req-0364d75b-774b-4e86-81c3-0eff45bb8c02 e4e981d0bbb443de887e3ca5e4413252 a7ec2d59b91a40d1a2035c40ee6ee458 - - default default] No more DHCP agents
2026-05-26 07:11:37.815 10 INFO neutron.wsgi [req-42cb6a33-ee25-442b-985e-0bd6b379f64b req-93d03c92-f684-4528-9dd7-4a9f859635de a178eee156704fb3aca388b9428d49d1 e8e4cc0410524346aabab80b7ca300f7 - - default default] 10.0.0.20 "GET /v2.0/ports?device_id=adf4322b-9c2e-4737-b2f3-1c0a73859cd6 HTTP/1.1" status: 200 len: 1168 time: 0.1755610
2026-05-26 07:11:37.823 9 WARNING neutron.api.rpc.agentnotifiers.dhcp_rpc_agent_api [None req-0364d75b-774b-4e86-81c3-0eff45bb8c02 e4e981d0bbb443de887e3ca5e4413252 a7ec2d59b91a40d1a2035c40ee6ee458 - - default default] Unable to schedule network db737594-f9d3-45e6-ab6d-2b7b89caa3ce: no agents available; will retry on subsequent port and subnet creation events.
2026-05-26 07:11:37.833 9 INFO neutron.wsgi [req-fcf1b526-33fb-4e29-ab9c-6c08f3637f94 req-4db1a4d8-75fa-4893-ab90-cebe0088e20f 1389a50c71a3465fac38d2f5d7ad58fb 91d15aef2dfc41aeb493a713611f59ff - - default default] 10.0.0.20 "GET /v2.0/ports?device_id=15d53e3e-b13e-483e-8e3e-591bdef969c0 HTTP/1.1" status: 200 len: 210 time: 0.0463417
2026-05-26 07:11:37.891 10 INFO neutron.wsgi [req-42cb6a33-ee25-442b-985e-0bd6b379f64b req-3dad3ad1-fb41-4200-beef-20ec0e9934eb a178eee156704fb3aca388b9428d49d1 e8e4cc0410524346aabab80b7ca300f7 - - default default] 10.0.0.20 "GET /v2.0/security-groups?id=983f3889-cbb2-46f3-87ae-d8efd593e21b&fields=id&fields=name HTTP/1.1" status: 200 len: 313 time: 0.0702968
2026-05-26 07:11:38.027 10 INFO neutron.notifiers.nova [-] Nova event matching ['req-be73769a-d337-4702-8d07-c27c5a884c1b'] response: {'server_uuid': 'adf4322b-9c2e-4737-b2f3-1c0a73859cd6', 'name': 'network-vif-plugged', 'status': 'completed', 'tag': 'eb14f7b4-f4bc-4ea9-bf18-894cbda5805d', 'code': 200}
2026-05-26 07:11:38.155 9 INFO neutron.db.ovn_revision_numbers_db [None req-0364d75b-774b-4e86-81c3-0eff45bb8c02 e4e981d0bbb443de887e3ca5e4413252 a7ec2d59b91a40d1a2035c40ee6ee458 - - default default] Successfully bumped revision number for resource e3425ba1-87b8-4ecf-95a5-ba335d6e38f5 (type: ports) to 1
2026-05-26 07:11:38.491 9 INFO neutron.wsgi [None req-0364d75b-774b-4e86-81c3-0eff45bb8c02 e4e981d0bbb443de887e3ca5e4413252 a7ec2d59b91a40d1a2035c40ee6ee458 - - default default] 10.0.0.118 "POST /v2.0/networks HTTP/1.1" status: 201 len: 852 time: 3.1474366
2026-05-26 07:11:38.523 10 WARNING neutron.scheduler.dhcp_agent_scheduler [req-8b4de3d8-d6f8-435b-814f-c9a3eb518449 req-a4c62b88-952c-487a-935e-52402fc52423 1389a50c71a3465fac38d2f5d7ad58fb 91d15aef2dfc41aeb493a713611f59ff - - default default] No more DHCP agents
