May 12 19:05:56.286144 np0000173798 neutron-periodic-workers[104980]: DEBUG cotyledon.oslo_config_glue [-] database.connection = **** {{(pid=104980) log_opt_values /opt/stack/data/venv/lib/python3.12/site-packages/oslo_config/cfg.py:3006}}
May 12 19:05:56.286194 np0000173798 neutron-periodic-workers[104980]: DEBUG cotyledon.oslo_config_glue [-] database.connection_debug = 0 {{(pid=104980) log_opt_values /opt/stack/data/venv/lib/python3.12/site-packages/oslo_config/cfg.py:3006}}
May 12 19:05:56.286224 np0000173798 neutron-periodic-workers[104980]: DEBUG cotyledon.oslo_config_glue [-] database.connection_parameters = {{(pid=104980) log_opt_values /opt/stack/data/venv/lib/python3.12/site-packages/oslo_config/cfg.py:3006}}
May 12 19:05:56.286278 np0000173798 neutron-periodic-workers[104980]: DEBUG cotyledon.oslo_config_glue [-] database.connection_recycle_time = 3600 {{(pid=104980) log_opt_values /opt/stack/data/venv/lib/python3.12/site-packages/oslo_config/cfg.py:3006}}
May 12 19:05:56.286315 np0000173798 neutron-periodic-workers[104980]: DEBUG cotyledon.oslo_config_glue [-] database.connection_trace = False {{(pid=104980) log_opt_values /opt/stack/data/venv/lib/python3.12/site-packages/oslo_config/cfg.py:3006}}
May 12 19:05:56.286362 np0000173798 neutron-periodic-workers[104980]: DEBUG cotyledon.oslo_config_glue [-] database.db_inc_retry_interval = True {{(pid=104980) log_opt_values /opt/stack/data/venv/lib/python3.12/site-packages/oslo_config/cfg.py:3006}}
May 12 19:05:56.286396 np0000173798 neutron-periodic-workers[104980]: DEBUG cotyledon.oslo_config_glue [-] database.db_max_retries = 20 {{(pid=104980) log_opt_values /opt/stack/data/venv/lib/python3.12/site-packages/oslo_config/cfg.py:3006}}
May 12 19:05:56.286441 np0000173798 neutron-periodic-workers[104980]: DEBUG cotyledon.oslo_config_glue [-] database.db_max_retry_interval = 10 {{(pid=104980) log_opt_values /opt/stack/data/venv/lib/python3.12/site-packages/oslo_config/cfg.py:3006}}
May 12 19:05:56.286488 np0000173798 neutron-periodic-workers[104980]: DEBUG cotyledon.oslo_config_glue [-] database.db_retry_interval = 1 {{(pid=104980) log_opt_values /opt/stack/data/venv/lib/python3.12/site-packages/oslo_config/cfg.py:3006}}
May 12 19:05:56.286517 np0000173798 neutron-periodic-workers[104980]: DEBUG cotyledon.oslo_config_glue [-] database.max_overflow = 50 {{(pid=104980) log_opt_values /opt/stack/data/venv/lib/python3.12/site-packages/oslo_config/cfg.py:3006}}
May 12 19:05:56.286568 np0000173798 neutron-periodic-workers[104980]: DEBUG cotyledon.oslo_config_glue [-] database.max_pool_size = 5 {{(pid=104980) log_opt_values /opt/stack/data/venv/lib/python3.12/site-packages/oslo_config/cfg.py:3006}}
May 12 19:05:56.286598 np0000173798 neutron-periodic-workers[104980]: DEBUG cotyledon.oslo_config_glue [-] database.max_retries = 10 {{(pid=104980) log_opt_values /opt/stack/data/venv/lib/python3.12/site-packages/oslo_config/cfg.py:3006}}
May 12 19:05:56.286645 np0000173798 neutron-periodic-workers[104980]: DEBUG cotyledon.oslo_config_glue [-] database.mysql_sql_mode = TRADITIONAL {{(pid=104980) log_opt_values /opt/stack/data/venv/lib/python3.12/site-packages/oslo_config/cfg.py:3006}}
May 12 19:05:56.286683 np0000173798 neutron-periodic-workers[104980]: DEBUG cotyledon.oslo_config_glue [-] database.mysql_wsrep_sync_wait = None {{(pid=104980) log_opt_values /opt/stack/data/venv/lib/python3.12/site-packages/oslo_config/cfg.py:3006}}
May 12 19:05:56.286718 np0000173798 neutron-periodic-workers[104980]: DEBUG cotyledon.oslo_config_glue [-] database.pool_timeout = None {{(pid=104980) log_opt_values /opt/stack/data/venv/lib/python3.12/site-packages/oslo_config/cfg.py:3006}}
May 12 19:05:56.286750 np0000173798 neutron-periodic-workers[104980]: DEBUG cotyledon.oslo_config_glue [-] database.retry_interval = 10 {{(pid=104980) log_opt_values /opt/stack/data/venv/lib/python3.12/site-packages/oslo_config/cfg.py:3006}}
May 12 19:05:56.286816 np0000173798 neutron-periodic-workers[104980]: DEBUG cotyledon.oslo_config_glue [-] database.slave_connection = **** {{(pid=104980) log_opt_values /opt/stack/data/venv/lib/python3.12/site-packages/oslo_config/cfg.py:3006}}
May 12 19:05:56.286875 np0000173798 neutron-periodic-workers[104980]: DEBUG cotyledon.oslo_config_glue [-] database.sqlite_synchronous = True {{(pid=104980) log_opt_values /opt/stack/data/venv/lib/python3.12/site-packages/oslo_config/cfg.py:3006}}
May 12 19:05:56.286956 np0000173798 neutron-periodic-workers[104980]: DEBUG cotyledon.oslo_config_glue [-] database.synchronous_reader = True {{(pid=104980) log_opt_values /opt/stack/data/venv/lib/python3.12/site-packages/oslo_config/cfg.py:3006}}
May 12 19:05:56.286993 np0000173798 neutron-periodic-workers[104980]: DEBUG cotyledon.oslo_config_glue [-] database.use_db_reconnect = False {{(pid=104980) log_opt_values /opt/stack/data/venv/lib/python3.12/site-packages/oslo_config/cfg.py:3006}}
May 12 19:05:56.287069 np0000173798 neutron-periodic-workers[104980]: DEBUG cotyledon.oslo_config_glue [-] ovn.bfd_min_rx = 1000 {{(pid=104980) log_opt_values /opt/stack/data/venv/lib/python3.12/site-packages/oslo_config/cfg.py:3006}}
May 12 19:05:56.287116 np0000173798 neutron-periodic-workers[104980]: DEBUG cotyledon.oslo_config_glue [-] ovn.bfd_min_tx = 100 {{(pid=104980) log_opt_values /opt/stack/data/venv/lib/python3.12/site-packages/oslo_config/cfg.py:3006}}
May 12 19:05:56.287145 np0000173798 neutron-periodic-workers[104980]: DEBUG cotyledon.oslo_config_glue [-] ovn.bfd_mult = 3 {{(pid=104980) log_opt_values /opt/stack/data/venv/lib/python3.12/site-packages/oslo_config/cfg.py:3006}}
May 12 19:05:56.287194 np0000173798 neutron-periodic-workers[104980]: DEBUG cotyledon.oslo_config_glue [-] ovn.broadcast_arps_to_all_routers = True {{(pid=104980) log_opt_values /opt/stack/data/venv/lib/python3.12/site-packages/oslo_config/cfg.py:3006}}
May 12 19:05:56.287224 np0000173798 neutron-periodic-workers[104980]: DEBUG cotyledon.oslo_config_glue [-] ovn.dhcp_default_lease_time = 43200 {{(pid=104980) log_opt_values /opt/stack/data/venv/lib/python3.12/site-packages/oslo_config/cfg.py:3006}}
May 12 19:05:56.287270 np0000173798 neutron-periodic-workers[104980]: DEBUG cotyledon.oslo_config_glue [-] ovn.disable_ovn_dhcp_for_baremetal_ports = False {{(pid=104980) log_opt_values /opt/stack/data/venv/lib/python3.12/site-packages/oslo_config/cfg.py:3006}}
May 12 19:05:56.287300 np0000173798 neutron-periodic-workers[104980]: DEBUG cotyledon.oslo_config_glue [-] ovn.dns_records_ovn_owned = False {{(pid=104980) log_opt_values /opt/stack/data/venv/lib/python3.12/site-packages/oslo_config/cfg.py:3006}}
May 12 19:05:56.287355 np0000173798 neutron-periodic-workers[104980]: DEBUG cotyledon.oslo_config_glue [-] ovn.dns_servers = [] {{(pid=104980) log_opt_values /opt/stack/data/venv/lib/python3.12/site-packages/oslo_config/cfg.py:3006}}
May 12 19:05:56.287384 np0000173798 neutron-periodic-workers[104980]: DEBUG cotyledon.oslo_config_glue [-] ovn.enable_distributed_floating_ip = False {{(pid=104980) log_opt_values /opt/stack/data/venv/lib/python3.12/site-packages/oslo_config/cfg.py:3006}}
May 12 19:05:56.287438 np0000173798 neutron-periodic-workers[104980]: DEBUG cotyledon.oslo_config_glue [-] ovn.fdb_age_threshold = 300 {{(pid=104980) log_opt_values /opt/stack/data/venv/lib/python3.12/site-packages/oslo_config/cfg.py:3006}}
May 12 19:05:56.287468 np0000173798 neutron-periodic-workers[104980]: DEBUG cotyledon.oslo_config_glue [-] ovn.ha_failover_strategy = normal {{(pid=104980) log_opt_values /opt/stack/data/venv/lib/python3.12/site-packages/oslo_config/cfg.py:3006}}
May 12 19:05:56.287514 np0000173798 neutron-periodic-workers[104980]: DEBUG cotyledon.oslo_config_glue [-] ovn.live_migration_activation_strategy = rarp {{(pid=104980) log_opt_values /opt/stack/data/venv/lib/python3.12/site-packages/oslo_config/cfg.py:3006}}
May 12 19:05:56.287543 np0000173798 neutron-periodic-workers[104980]: DEBUG cotyledon.oslo_config_glue [-] ovn.localnet_learn_fdb = False {{(pid=104980) log_opt_values /opt/stack/data/venv/lib/python3.12/site-packages/oslo_config/cfg.py:3006}}
May 12 19:05:56.287590 np0000173798 neutron-periodic-workers[104980]: DEBUG cotyledon.oslo_config_glue [-] ovn.mac_binding_age_threshold = 300 {{(pid=104980) log_opt_values /opt/stack/data/venv/lib/python3.12/site-packages/oslo_config/cfg.py:3006}}
May 12 19:05:56.287643 np0000173798 neutron-periodic-workers[104980]: DEBUG cotyledon.oslo_config_glue [-] ovn.neutron_sync_mode = log {{(pid=104980) log_opt_values /opt/stack/data/venv/lib/python3.12/site-packages/oslo_config/cfg.py:3006}}
May 12 19:05:56.287670 np0000173798 neutron-periodic-workers[104980]: DEBUG cotyledon.oslo_config_glue [-] ovn.ovn_dhcp4_global_options = {} {{(pid=104980) log_opt_values /opt/stack/data/venv/lib/python3.12/site-packages/oslo_config/cfg.py:3006}}
May 12 19:05:56.287717 np0000173798 neutron-periodic-workers[104980]: DEBUG cotyledon.oslo_config_glue [-] ovn.ovn_dhcp6_global_options = {} {{(pid=104980) log_opt_values /opt/stack/data/venv/lib/python3.12/site-packages/oslo_config/cfg.py:3006}}
May 12 19:05:56.287747 np0000173798 neutron-periodic-workers[104980]: DEBUG cotyledon.oslo_config_glue [-] ovn.ovn_l3_scheduler = leastloaded {{(pid=104980) log_opt_values /opt/stack/data/venv/lib/python3.12/site-packages/oslo_config/cfg.py:3006}}
May 12 19:05:56.287795 np0000173798 neutron-periodic-workers[104980]: DEBUG cotyledon.oslo_config_glue [-] ovn.ovn_metadata_enabled = True {{(pid=104980) log_opt_values /opt/stack/data/venv/lib/python3.12/site-packages/oslo_config/cfg.py:3006}}
May 12 19:05:56.287861 np0000173798 neutron-periodic-workers[104980]: DEBUG cotyledon.oslo_config_glue [-] ovn.ovn_nb_ca_cert = /opt/stack/data/CA/int-ca/ca-chain.pem {{(pid=104980) log_opt_values /opt/stack/data/venv/lib/python3.12/site-packages/oslo_config/cfg.py:3006}}
May 12 19:05:56.287912 np0000173798 neutron-periodic-workers[104980]: DEBUG cotyledon.oslo_config_glue [-] ovn.ovn_nb_certificate = /opt/stack/data/CA/int-ca/devstack-cert.crt {{(pid=104980) log_opt_values /opt/stack/data/venv/lib/python3.12/site-packages/oslo_config/cfg.py:3006}}
May 12 19:05:56.287960 np0000173798 neutron-periodic-workers[104980]: DEBUG cotyledon.oslo_config_glue [-] ovn.ovn_nb_connection = ['ssl:199.204.45.238:6641'] {{(pid=104980) log_opt_values /opt/stack/data/venv/lib/python3.12/site-packages/oslo_config/cfg.py:3006}}
May 12 19:05:56.287990 np0000173798 neutron-periodic-workers[104980]: DEBUG cotyledon.oslo_config_glue [-] ovn.ovn_nb_private_key = /opt/stack/data/CA/int-ca/private/devstack-cert.key {{(pid=104980) log_opt_values /opt/stack/data/venv/lib/python3.12/site-packages/oslo_config/cfg.py:3006}}
May 12 19:05:56.288036 np0000173798 neutron-periodic-workers[104980]: DEBUG cotyledon.oslo_config_glue [-] ovn.ovn_router_indirect_snat = False {{(pid=104980) log_opt_values /opt/stack/data/venv/lib/python3.12/site-packages/oslo_config/cfg.py:3006}}
May 12 19:05:56.288085 np0000173798 neutron-periodic-workers[104980]: DEBUG cotyledon.oslo_config_glue [-] ovn.ovn_sb_ca_cert = /opt/stack/data/CA/int-ca/ca-chain.pem {{(pid=104980) log_opt_values /opt/stack/data/venv/lib/python3.12/site-packages/oslo_config/cfg.py:3006}}
May 12 19:05:56.288122 np0000173798 neutron-periodic-workers[104980]: DEBUG cotyledon.oslo_config_glue [-] ovn.ovn_sb_certificate = /opt/stack/data/CA/int-ca/devstack-cert.crt {{(pid=104980) log_opt_values /opt/stack/data/venv/lib/python3.12/site-packages/oslo_config/cfg.py:3006}}
May 12 19:05:56.288149 np0000173798 neutron-periodic-workers[104980]: DEBUG cotyledon.oslo_config_glue [-] ovn.ovn_sb_connection = ['ssl:199.204.45.238:6642'] {{(pid=104980) log_opt_values /opt/stack/data/venv/lib/python3.12/site-packages/oslo_config/cfg.py:3006}}
May 12 19:05:56.288179 np0000173798 neutron-periodic-workers[104980]: DEBUG cotyledon.oslo_config_glue [-] ovn.ovn_sb_private_key = /opt/stack/data/CA/int-ca/private/devstack-cert.key {{(pid=104980) log_opt_values /opt/stack/data/venv/lib/python3.12/site-packages/oslo_config/cfg.py:3006}}
May 12 19:05:56.288222 np0000173798 neutron-periodic-workers[104980]: DEBUG cotyledon.oslo_config_glue [-] ovn.ovs_create_tap = False {{(pid=104980) log_opt_values /opt/stack/data/venv/lib/python3.12/site-packages/oslo_config/cfg.py:3006}}
May 12 19:05:56.288251 np0000173798 neutron-periodic-workers[104980]: DEBUG cotyledon.oslo_config_glue [-] ovn.ovsdb_connection_timeout = 180 {{(pid=104980) log_opt_values /opt/stack/data/venv/lib/python3.12/site-packages/oslo_config/cfg.py:3006}}
May 12 19:05:56.288300 np0000173798 neutron-periodic-workers[104980]: DEBUG cotyledon.oslo_config_glue [-] ovn.ovsdb_log_level = INFO {{(pid=104980) log_opt_values /opt/stack/data/venv/lib/python3.12/site-packages/oslo_config/cfg.py:3006}}
May 12 19:05:56.288330 np0000173798 neutron-periodic-workers[104980]: DEBUG cotyledon.oslo_config_glue [-] ovn.ovsdb_probe_interval = 60000 {{(pid=104980) log_opt_values /opt/stack/data/venv/lib/python3.12/site-packages/oslo_config/cfg.py:3006}}
May 12 19:05:56.288383 np0000173798 neutron-periodic-workers[104980]: DEBUG cotyledon.oslo_config_glue [-] ovn.ovsdb_retry_max_interval = 180 {{(pid=104980) log_opt_values /opt/stack/data/venv/lib/python3.12/site-packages/oslo_config/cfg.py:3006}}
May 12 19:05:56.288413 np0000173798 neutron-periodic-workers[104980]: DEBUG cotyledon.oslo_config_glue [-] ovn.stateless_nat_enabled = False {{(pid=104980) log_opt_values /opt/stack/data/venv/lib/python3.12/site-packages/oslo_config/cfg.py:3006}}
May 12 19:05:56.288461 np0000173798 neutron-periodic-workers[104980]: DEBUG cotyledon.oslo_config_glue [-] ovn.vhost_sock_dir = /var/run/openvswitch {{(pid=104980) log_opt_values /opt/stack/data/venv/lib/python3.12/site-packages/oslo_config/cfg.py:3006}}
May 12 19:05:56.288512 np0000173798 neutron-periodic-workers[104980]: DEBUG cotyledon.oslo_config_glue [-] OVS.bridge_mac_table_size = 50000 {{(pid=104980) log_opt_values /opt/stack/data/venv/lib/python3.12/site-packages/oslo_config/cfg.py:3006}}
May 12 19:05:56.288559 np0000173798 neutron-periodic-workers[104980]: DEBUG cotyledon.oslo_config_glue [-] OVS.igmp_flood = False {{(pid=104980) log_opt_values /opt/stack/data/venv/lib/python3.12/site-packages/oslo_config/cfg.py:3006}}
May 12 19:05:56.288605 np0000173798 neutron-periodic-workers[104980]: DEBUG cotyledon.oslo_config_glue [-] OVS.igmp_flood_reports = True {{(pid=104980) log_opt_values /opt/stack/data/venv/lib/python3.12/site-packages/oslo_config/cfg.py:3006}}
May 12 19:05:56.288640 np0000173798 neutron-periodic-workers[104980]: DEBUG cotyledon.oslo_config_glue [-] OVS.igmp_flood_unregistered = False {{(pid=104980) log_opt_values /opt/stack/data/venv/lib/python3.12/site-packages/oslo_config/cfg.py:3006}}
May 12 19:05:56.288688 np0000173798 neutron-periodic-workers[104980]: DEBUG cotyledon.oslo_config_glue [-] OVS.igmp_snooping_enable = False {{(pid=104980) log_opt_values /opt/stack/data/venv/lib/python3.12/site-packages/oslo_config/cfg.py:3006}}
May 12 19:05:56.288734 np0000173798 neutron-periodic-workers[104980]: DEBUG cotyledon.oslo_config_glue [-] OVS.ovsdb_timeout = 10 {{(pid=104980) log_opt_values /opt/stack/data/venv/lib/python3.12/site-packages/oslo_config/cfg.py:3006}}
May 12 19:05:56.288769 np0000173798 neutron-periodic-workers[104980]: DEBUG cotyledon.oslo_config_glue [-] ovn_nb_global.fdb_removal_limit = 0 {{(pid=104980) log_opt_values /opt/stack/data/venv/lib/python3.12/site-packages/oslo_config/cfg.py:3006}}
May 12 19:05:56.288816 np0000173798 neutron-periodic-workers[104980]: DEBUG cotyledon.oslo_config_glue [-] ovn_nb_global.ignore_lsp_down = False {{(pid=104980) log_opt_values /opt/stack/data/venv/lib/python3.12/site-packages/oslo_config/cfg.py:3006}}
May 12 19:05:56.288878 np0000173798 neutron-periodic-workers[104980]: DEBUG cotyledon.oslo_config_glue [-] ovn_nb_global.mac_binding_removal_limit = 0 {{(pid=104980) log_opt_values /opt/stack/data/venv/lib/python3.12/site-packages/oslo_config/cfg.py:3006}}
May 12 19:05:56.288908 np0000173798 neutron-periodic-workers[104980]: DEBUG cotyledon.oslo_config_glue [-] ******************************************************************************** {{(pid=104980) log_opt_values /opt/stack/data/venv/lib/python3.12/site-packages/oslo_config/cfg.py:3013}}
May 12 19:05:56.289069 np0000173798 neutron-periodic-workers[104980]: DEBUG cotyledon._service_worker [-] Run service ServiceWrapper(0) [104980] {{(pid=104980) wait_forever /opt/stack/data/venv/lib/python3.12/site-packages/cotyledon/_service_worker.py:218}}
May 12 19:06:05.909785 np0000173798 neutron-periodic-workers[104164]: DEBUG dbcounter [-] [104164] Writing DB stats neutron:SELECT=4 {{(pid=104164) stat_writer /opt/stack/data/venv/lib/python3.12/site-packages/dbcounter.py:115}}
May 12 19:06:36.267148 np0000173798 neutron-periodic-workers[104967]: DEBUG oslo_db.sqlalchemy.engines [None req-cbf4f36c-5e04-4f0b-a46a-006f3237044a None None] Parent process 104164 forked (104967) with an open database connection, which is being discarded and recreated. {{(pid=104967) checkout /opt/stack/data/venv/lib/python3.12/site-packages/oslo_db/sqlalchemy/engines.py:402}}
May 12 19:06:36.275554 np0000173798 neutron-periodic-workers[104967]: DEBUG dbcounter [-] [104967] Writer thread running {{(pid=104967) stat_writer /opt/stack/data/venv/lib/python3.12/site-packages/dbcounter.py:102}}
May 12 19:06:36.284393 np0000173798 neutron-periodic-workers[104967]: DEBUG oslo.service.backend._threading.loopingcall [None req-cbf4f36c-5e04-4f0b-a46a-006f3237044a None None] Fixed interval looping call 'neutron.plugins.ml2.plugin.DhcpAgentSchedulerDbMixin.remove_networks_from_down_agents' sleeping for 36.98 seconds {{(pid=104967) _run_loop /opt/stack/data/venv/lib/python3.12/site-packages/oslo_service/backend/_threading/loopingcall.py:125}}
May 12 19:06:46.284245 np0000173798 neutron-periodic-workers[104967]: DEBUG dbcounter [-] [104967] Writing DB stats neutron:SELECT=3 {{(pid=104967) stat_writer /opt/stack/data/venv/lib/python3.12/site-packages/dbcounter.py:115}}
May 12 19:07:02.275032 np0000173798 neutron-periodic-workers[104961]: DEBUG dbcounter [-] [104961] Writer thread running {{(pid=104961) stat_writer /opt/stack/data/venv/lib/python3.12/site-packages/dbcounter.py:102}}
May 12 19:07:02.293444 np0000173798 neutron-periodic-workers[104961]: DEBUG oslo.service.backend._threading.loopingcall [None req-b9f0772e-6fd0-464e-9b69-8f1ed92f8373 None None] Fixed interval looping call 'neutron.services.ovn_l3.plugin.L3_NAT_dbonly_mixin._clean_garbage' sleeping for 299.95 seconds {{(pid=104961) _run_loop /opt/stack/data/venv/lib/python3.12/site-packages/oslo_service/backend/_threading/loopingcall.py:125}}
May 12 19:07:03.297008 np0000173798 neutron-periodic-workers[104975]: DEBUG dbcounter [-] [104975] Writer thread running {{(pid=104975) stat_writer /opt/stack/data/venv/lib/python3.12/site-packages/dbcounter.py:102}}
May 12 19:07:03.304075 np0000173798 neutron-periodic-workers[104975]: DEBUG neutron.db.agents_db [None req-2d8a50db-fca1-4efd-a12d-7a3f8895824c None None] Agent healthcheck: found 0 active agents {{(pid=104975) agent_health_check /opt/stack/neutron/neutron/db/agents_db.py:322}}
May 12 19:07:03.304366 np0000173798 neutron-periodic-workers[104975]: DEBUG oslo.service.backend._threading.loopingcall [None req-2d8a50db-fca1-4efd-a12d-7a3f8895824c None None] Fixed interval looping call 'neutron.plugins.ml2.plugin.AgentDbMixin.agent_health_check' sleeping for 36.97 seconds {{(pid=104975) _run_loop /opt/stack/data/venv/lib/python3.12/site-packages/oslo_service/backend/_threading/loopingcall.py:125}}
May 12 19:07:12.275624 np0000173798 neutron-periodic-workers[104961]: DEBUG dbcounter [-] [104961] Writing DB stats neutron:SELECT=1 {{(pid=104961) stat_writer /opt/stack/data/venv/lib/python3.12/site-packages/dbcounter.py:115}}
May 12 19:07:13.275103 np0000173798 neutron-periodic-workers[104967]: DEBUG oslo.service.backend._threading.loopingcall [None req-cbf4f36c-5e04-4f0b-a46a-006f3237044a None None] Fixed interval looping call 'neutron.plugins.ml2.plugin.DhcpAgentSchedulerDbMixin.remove_networks_from_down_agents' sleeping for 36.99 seconds {{(pid=104967) _run_loop /opt/stack/data/venv/lib/python3.12/site-packages/oslo_service/backend/_threading/loopingcall.py:125}}
May 12 19:07:13.297741 np0000173798 neutron-periodic-workers[104975]: DEBUG dbcounter [-] [104975] Writing DB stats neutron:SELECT=1 {{(pid=104975) stat_writer /opt/stack/data/venv/lib/python3.12/site-packages/dbcounter.py:115}}
May 12 19:07:23.274250 np0000173798 neutron-periodic-workers[104967]: DEBUG dbcounter [-] [104967] Writing DB stats neutron:SELECT=3 {{(pid=104967) stat_writer /opt/stack/data/venv/lib/python3.12/site-packages/dbcounter.py:115}}
May 12 19:07:40.281697 np0000173798 neutron-periodic-workers[104975]: DEBUG neutron.db.agents_db [None req-2d8a50db-fca1-4efd-a12d-7a3f8895824c None None] Agent healthcheck: found 0 active agents {{(pid=104975) agent_health_check /opt/stack/neutron/neutron/db/agents_db.py:322}}
May 12 19:07:40.282840 np0000173798 neutron-periodic-workers[104975]: DEBUG oslo.service.backend._threading.loopingcall [None req-2d8a50db-fca1-4efd-a12d-7a3f8895824c None None] Fixed interval looping call 'neutron.plugins.ml2.plugin.AgentDbMixin.agent_health_check' sleeping for 36.99 seconds {{(pid=104975) _run_loop /opt/stack/data/venv/lib/python3.12/site-packages/oslo_service/backend/_threading/loopingcall.py:125}}
May 12 19:07:50.274548 np0000173798 neutron-periodic-workers[104967]: DEBUG oslo.service.backend._threading.loopingcall [None req-cbf4f36c-5e04-4f0b-a46a-006f3237044a None None] Fixed interval looping call 'neutron.plugins.ml2.plugin.DhcpAgentSchedulerDbMixin.remove_networks_from_down_agents' sleeping for 36.99 seconds {{(pid=104967) _run_loop /opt/stack/data/venv/lib/python3.12/site-packages/oslo_service/backend/_threading/loopingcall.py:125}}
May 12 19:07:50.279594 np0000173798 neutron-periodic-workers[104975]: DEBUG dbcounter [-] [104975] Writing DB stats neutron:SELECT=1 {{(pid=104975) stat_writer /opt/stack/data/venv/lib/python3.12/site-packages/dbcounter.py:115}}
May 12 19:07:56.305260 np0000173798 neutron-periodic-workers[104980]: DEBUG dbcounter [-] [104980] Writer thread running {{(pid=104980) stat_writer /opt/stack/data/venv/lib/python3.12/site-packages/dbcounter.py:102}}
May 12 19:07:56.306670 np0000173798 neutron-periodic-workers[104980]: DEBUG oslo.service.backend._threading.loopingcall [None req-5fd424b2-924c-430f-a4a5-438d0200aa54 None None] Fixed interval looping call 'neutron.db.quota.driver_nolock.DbQuotaNoLockDriver._remove_expired_reservations' sleeping for 119.98 seconds {{(pid=104980) _run_loop /opt/stack/data/venv/lib/python3.12/site-packages/oslo_service/backend/_threading/loopingcall.py:125}}
May 12 19:08:00.273578 np0000173798 neutron-periodic-workers[104967]: DEBUG dbcounter [-] [104967] Writing DB stats neutron:SELECT=3 {{(pid=104967) stat_writer /opt/stack/data/venv/lib/python3.12/site-packages/dbcounter.py:115}}
May 12 19:08:06.306071 np0000173798 neutron-periodic-workers[104980]: DEBUG dbcounter [-] [104980] Writing DB stats neutron:DELETE=1 {{(pid=104980) stat_writer /opt/stack/data/venv/lib/python3.12/site-packages/dbcounter.py:115}}
May 12 19:08:17.281063 np0000173798 neutron-periodic-workers[104975]: DEBUG neutron.db.agents_db [None req-2d8a50db-fca1-4efd-a12d-7a3f8895824c None None] Agent healthcheck: found 0 active agents {{(pid=104975) agent_health_check /opt/stack/neutron/neutron/db/agents_db.py:322}}
May 12 19:08:17.281708 np0000173798 neutron-periodic-workers[104975]: DEBUG oslo.service.backend._threading.loopingcall [None req-2d8a50db-fca1-4efd-a12d-7a3f8895824c None None] Fixed interval looping call 'neutron.plugins.ml2.plugin.AgentDbMixin.agent_health_check' sleeping for 36.99 seconds {{(pid=104975) _run_loop /opt/stack/data/venv/lib/python3.12/site-packages/oslo_service/backend/_threading/loopingcall.py:125}}
May 12 19:08:27.274334 np0000173798 neutron-periodic-workers[104967]: DEBUG oslo.service.backend._threading.loopingcall [None req-cbf4f36c-5e04-4f0b-a46a-006f3237044a None None] Fixed interval looping call 'neutron.plugins.ml2.plugin.DhcpAgentSchedulerDbMixin.remove_networks_from_down_agents' sleeping for 36.99 seconds {{(pid=104967) _run_loop /opt/stack/data/venv/lib/python3.12/site-packages/oslo_service/backend/_threading/loopingcall.py:125}}
May 12 19:08:27.277276 np0000173798 neutron-periodic-workers[104975]: DEBUG dbcounter [-] [104975] Writing DB stats neutron:SELECT=1 {{(pid=104975) stat_writer /opt/stack/data/venv/lib/python3.12/site-packages/dbcounter.py:115}}
May 12 19:08:37.273444 np0000173798 neutron-periodic-workers[104967]: DEBUG dbcounter [-] [104967] Writing DB stats neutron:SELECT=3 {{(pid=104967) stat_writer /opt/stack/data/venv/lib/python3.12/site-packages/dbcounter.py:115}}
May 12 19:08:54.275240 np0000173798 neutron-periodic-workers[104975]: DEBUG neutron.db.agents_db [None req-2d8a50db-fca1-4efd-a12d-7a3f8895824c None None] Agent healthcheck: found 0 active agents {{(pid=104975) agent_health_check /opt/stack/neutron/neutron/db/agents_db.py:322}}
May 12 19:08:54.276117 np0000173798 neutron-periodic-workers[104975]: DEBUG oslo.service.backend._threading.loopingcall [None req-2d8a50db-fca1-4efd-a12d-7a3f8895824c None None] Fixed interval looping call 'neutron.plugins.ml2.plugin.AgentDbMixin.agent_health_check' sleeping for 37.00 seconds {{(pid=104975) _run_loop /opt/stack/data/venv/lib/python3.12/site-packages/oslo_service/backend/_threading/loopingcall.py:125}}
May 12 19:09:04.270962 np0000173798 neutron-periodic-workers[104967]: DEBUG oslo.service.backend._threading.loopingcall [None req-cbf4f36c-5e04-4f0b-a46a-006f3237044a None None] Fixed interval looping call 'neutron.plugins.ml2.plugin.DhcpAgentSchedulerDbMixin.remove_networks_from_down_agents' sleeping for 36.99 seconds {{(pid=104967) _run_loop /opt/stack/data/venv/lib/python3.12/site-packages/oslo_service/backend/_threading/loopingcall.py:125}}
May 12 19:09:04.273991 np0000173798 neutron-periodic-workers[104975]: DEBUG dbcounter [-] [104975] Writing DB stats neutron:SELECT=1 {{(pid=104975) stat_writer /opt/stack/data/venv/lib/python3.12/site-packages/dbcounter.py:115}}
May 12 19:09:14.270861 np0000173798 neutron-periodic-workers[104967]: DEBUG dbcounter [-] [104967] Writing DB stats neutron:SELECT=3 {{(pid=104967) stat_writer /opt/stack/data/venv/lib/python3.12/site-packages/dbcounter.py:115}}
May 12 19:09:31.281470 np0000173798 neutron-periodic-workers[104975]: DEBUG neutron.db.agents_db [None req-2d8a50db-fca1-4efd-a12d-7a3f8895824c None None] Agent healthcheck: found 0 active agents {{(pid=104975) agent_health_check /opt/stack/neutron/neutron/db/agents_db.py:322}}
May 12 19:09:31.282237 np0000173798 neutron-periodic-workers[104975]: DEBUG oslo.service.backend._threading.loopingcall [None req-2d8a50db-fca1-4efd-a12d-7a3f8895824c None None] Fixed interval looping call 'neutron.plugins.ml2.plugin.AgentDbMixin.agent_health_check' sleeping for 36.99 seconds {{(pid=104975) _run_loop /opt/stack/data/venv/lib/python3.12/site-packages/oslo_service/backend/_threading/loopingcall.py:125}}
May 12 19:09:41.268759 np0000173798 neutron-periodic-workers[104967]: DEBUG oslo.service.backend._threading.loopingcall [None req-cbf4f36c-5e04-4f0b-a46a-006f3237044a None None] Fixed interval looping call 'neutron.plugins.ml2.plugin.DhcpAgentSchedulerDbMixin.remove_networks_from_down_agents' sleeping for 36.99 seconds {{(pid=104967) _run_loop /opt/stack/data/venv/lib/python3.12/site-packages/oslo_service/backend/_threading/loopingcall.py:125}}
May 12 19:09:41.279787 np0000173798 neutron-periodic-workers[104975]: DEBUG dbcounter [-] [104975] Writing DB stats neutron:SELECT=1 {{(pid=104975) stat_writer /opt/stack/data/venv/lib/python3.12/site-packages/dbcounter.py:115}}
May 12 19:09:51.268366 np0000173798 neutron-periodic-workers[104967]: DEBUG dbcounter [-] [104967] Writing DB stats neutron:SELECT=3 {{(pid=104967) stat_writer /opt/stack/data/venv/lib/python3.12/site-packages/dbcounter.py:115}}
May 12 19:09:56.292224 np0000173798 neutron-periodic-workers[104980]: DEBUG oslo.service.backend._threading.loopingcall [None req-5fd424b2-924c-430f-a4a5-438d0200aa54 None None] Fixed interval looping call 'neutron.db.quota.driver_nolock.DbQuotaNoLockDriver._remove_expired_reservations' sleeping for 120.00 seconds {{(pid=104980) _run_loop /opt/stack/data/venv/lib/python3.12/site-packages/oslo_service/backend/_threading/loopingcall.py:125}}
May 12 19:10:06.290629 np0000173798 neutron-periodic-workers[104980]: DEBUG dbcounter [-] [104980] Writing DB stats neutron:DELETE=1 {{(pid=104980) stat_writer /opt/stack/data/venv/lib/python3.12/site-packages/dbcounter.py:115}}
May 12 19:10:08.277180 np0000173798 neutron-periodic-workers[104975]: DEBUG neutron.db.agents_db [None req-2d8a50db-fca1-4efd-a12d-7a3f8895824c None None] Agent healthcheck: found 0 active agents {{(pid=104975) agent_health_check /opt/stack/neutron/neutron/db/agents_db.py:322}}
May 12 19:10:08.277958 np0000173798 neutron-periodic-workers[104975]: DEBUG oslo.service.backend._threading.loopingcall [None req-2d8a50db-fca1-4efd-a12d-7a3f8895824c None None] Fixed interval looping call 'neutron.plugins.ml2.plugin.AgentDbMixin.agent_health_check' sleeping for 36.99 seconds {{(pid=104975) _run_loop /opt/stack/data/venv/lib/python3.12/site-packages/oslo_service/backend/_threading/loopingcall.py:125}}
May 12 19:10:18.269069 np0000173798 neutron-periodic-workers[104967]: DEBUG oslo.service.backend._threading.loopingcall [None req-cbf4f36c-5e04-4f0b-a46a-006f3237044a None None] Fixed interval looping call 'neutron.plugins.ml2.plugin.DhcpAgentSchedulerDbMixin.remove_networks_from_down_agents' sleeping for 36.99 seconds {{(pid=104967) _run_loop /opt/stack/data/venv/lib/python3.12/site-packages/oslo_service/backend/_threading/loopingcall.py:125}}
May 12 19:10:18.275204 np0000173798 neutron-periodic-workers[104975]: DEBUG dbcounter [-] [104975] Writing DB stats neutron:SELECT=1 {{(pid=104975) stat_writer /opt/stack/data/venv/lib/python3.12/site-packages/dbcounter.py:115}}
May 12 19:10:28.268569 np0000173798 neutron-periodic-workers[104967]: DEBUG dbcounter [-] [104967] Writing DB stats neutron:SELECT=3 {{(pid=104967) stat_writer /opt/stack/data/venv/lib/python3.12/site-packages/dbcounter.py:115}}
May 12 19:10:45.272361 np0000173798 neutron-periodic-workers[104975]: DEBUG neutron.db.agents_db [None req-2d8a50db-fca1-4efd-a12d-7a3f8895824c None None] Agent healthcheck: found 0 active agents {{(pid=104975) agent_health_check /opt/stack/neutron/neutron/db/agents_db.py:322}}
May 12 19:10:45.273107 np0000173798 neutron-periodic-workers[104975]: DEBUG oslo.service.backend._threading.loopingcall [None req-2d8a50db-fca1-4efd-a12d-7a3f8895824c None None] Fixed interval looping call 'neutron.plugins.ml2.plugin.AgentDbMixin.agent_health_check' sleeping for 37.00 seconds {{(pid=104975) _run_loop /opt/stack/data/venv/lib/python3.12/site-packages/oslo_service/backend/_threading/loopingcall.py:125}}
May 12 19:10:55.267753 np0000173798 neutron-periodic-workers[104967]: DEBUG oslo.service.backend._threading.loopingcall [None req-cbf4f36c-5e04-4f0b-a46a-006f3237044a None None] Fixed interval looping call 'neutron.plugins.ml2.plugin.DhcpAgentSchedulerDbMixin.remove_networks_from_down_agents' sleeping for 36.99 seconds {{(pid=104967) _run_loop /opt/stack/data/venv/lib/python3.12/site-packages/oslo_service/backend/_threading/loopingcall.py:125}}
May 12 19:10:55.272502 np0000173798 neutron-periodic-workers[104975]: DEBUG dbcounter [-] [104975] Writing DB stats neutron:SELECT=1 {{(pid=104975) stat_writer /opt/stack/data/venv/lib/python3.12/site-packages/dbcounter.py:115}}
May 12 19:11:05.266708 np0000173798 neutron-periodic-workers[104967]: DEBUG dbcounter [-] [104967] Writing DB stats neutron:SELECT=3 {{(pid=104967) stat_writer /opt/stack/data/venv/lib/python3.12/site-packages/dbcounter.py:115}}
May 12 19:11:22.278651 np0000173798 neutron-periodic-workers[104975]: DEBUG neutron.db.agents_db [None req-2d8a50db-fca1-4efd-a12d-7a3f8895824c None None] Agent healthcheck: found 0 active agents {{(pid=104975) agent_health_check /opt/stack/neutron/neutron/db/agents_db.py:322}}
May 12 19:11:22.279321 np0000173798 neutron-periodic-workers[104975]: DEBUG oslo.service.backend._threading.loopingcall [None req-2d8a50db-fca1-4efd-a12d-7a3f8895824c None None] Fixed interval looping call 'neutron.plugins.ml2.plugin.AgentDbMixin.agent_health_check' sleeping for 36.99 seconds {{(pid=104975) _run_loop /opt/stack/data/venv/lib/python3.12/site-packages/oslo_service/backend/_threading/loopingcall.py:125}}
May 12 19:11:32.270266 np0000173798 neutron-periodic-workers[104967]: DEBUG oslo.service.backend._threading.loopingcall [None req-cbf4f36c-5e04-4f0b-a46a-006f3237044a None None] Fixed interval looping call 'neutron.plugins.ml2.plugin.DhcpAgentSchedulerDbMixin.remove_networks_from_down_agents' sleeping for 36.99 seconds {{(pid=104967) _run_loop /opt/stack/data/venv/lib/python3.12/site-packages/oslo_service/backend/_threading/loopingcall.py:125}}
May 12 19:11:32.276769 np0000173798 neutron-periodic-workers[104975]: DEBUG dbcounter [-] [104975] Writing DB stats neutron:SELECT=1 {{(pid=104975) stat_writer /opt/stack/data/venv/lib/python3.12/site-packages/dbcounter.py:115}}
May 12 19:11:42.267168 np0000173798 neutron-periodic-workers[104967]: DEBUG dbcounter [-] [104967] Writing DB stats neutron:SELECT=3 {{(pid=104967) stat_writer /opt/stack/data/venv/lib/python3.12/site-packages/dbcounter.py:115}}
May 12 19:11:56.297913 np0000173798 neutron-periodic-workers[104980]: DEBUG oslo.service.backend._threading.loopingcall [None req-5fd424b2-924c-430f-a4a5-438d0200aa54 None None] Fixed interval looping call 'neutron.db.quota.driver_nolock.DbQuotaNoLockDriver._remove_expired_reservations' sleeping for 120.00 seconds {{(pid=104980) _run_loop /opt/stack/data/venv/lib/python3.12/site-packages/oslo_service/backend/_threading/loopingcall.py:125}}
May 12 19:11:59.275199 np0000173798 neutron-periodic-workers[104975]: DEBUG neutron.db.agents_db [None req-2d8a50db-fca1-4efd-a12d-7a3f8895824c None None] Agent healthcheck: found 0 active agents {{(pid=104975) agent_health_check /opt/stack/neutron/neutron/db/agents_db.py:322}}
May 12 19:11:59.275534 np0000173798 neutron-periodic-workers[104975]: DEBUG oslo.service.backend._threading.loopingcall [None req-2d8a50db-fca1-4efd-a12d-7a3f8895824c None None] Fixed interval looping call 'neutron.plugins.ml2.plugin.AgentDbMixin.agent_health_check' sleeping for 36.99 seconds {{(pid=104975) _run_loop /opt/stack/data/venv/lib/python3.12/site-packages/oslo_service/backend/_threading/loopingcall.py:125}}
May 12 19:12:02.255381 np0000173798 neutron-periodic-workers[104961]: DEBUG oslo.service.backend._threading.loopingcall [None req-b9f0772e-6fd0-464e-9b69-8f1ed92f8373 None None] Fixed interval looping call 'neutron.services.ovn_l3.plugin.L3_NAT_dbonly_mixin._clean_garbage' sleeping for 299.99 seconds {{(pid=104961) _run_loop /opt/stack/data/venv/lib/python3.12/site-packages/oslo_service/backend/_threading/loopingcall.py:125}}
May 12 19:12:06.296384 np0000173798 neutron-periodic-workers[104980]: DEBUG dbcounter [-] [104980] Writing DB stats neutron:DELETE=1 {{(pid=104980) stat_writer /opt/stack/data/venv/lib/python3.12/site-packages/dbcounter.py:115}}
May 12 19:12:09.273147 np0000173798 neutron-periodic-workers[104975]: DEBUG dbcounter [-] [104975] Writing DB stats neutron:SELECT=1 {{(pid=104975) stat_writer /opt/stack/data/venv/lib/python3.12/site-packages/dbcounter.py:115}}
May 12 19:12:09.280323 np0000173798 neutron-periodic-workers[104967]: DEBUG oslo.service.backend._threading.loopingcall [None req-cbf4f36c-5e04-4f0b-a46a-006f3237044a None None] Fixed interval looping call 'neutron.plugins.ml2.plugin.DhcpAgentSchedulerDbMixin.remove_networks_from_down_agents' sleeping for 36.98 seconds {{(pid=104967) _run_loop /opt/stack/data/venv/lib/python3.12/site-packages/oslo_service/backend/_threading/loopingcall.py:125}}
May 12 19:12:12.247057 np0000173798 neutron-periodic-workers[104961]: DEBUG dbcounter [-] [104961] Writing DB stats neutron:SELECT=1 {{(pid=104961) stat_writer /opt/stack/data/venv/lib/python3.12/site-packages/dbcounter.py:115}}
May 12 19:12:19.279638 np0000173798 neutron-periodic-workers[104967]: DEBUG dbcounter [-] [104967] Writing DB stats neutron:SELECT=3 {{(pid=104967) stat_writer /opt/stack/data/venv/lib/python3.12/site-packages/dbcounter.py:115}}
May 12 19:12:36.269278 np0000173798 neutron-periodic-workers[104975]: DEBUG neutron.db.agents_db [None req-2d8a50db-fca1-4efd-a12d-7a3f8895824c None None] Agent healthcheck: found 0 active agents {{(pid=104975) agent_health_check /opt/stack/neutron/neutron/db/agents_db.py:322}}
May 12 19:12:36.270016 np0000173798 neutron-periodic-workers[104975]: DEBUG oslo.service.backend._threading.loopingcall [None req-2d8a50db-fca1-4efd-a12d-7a3f8895824c None None] Fixed interval looping call 'neutron.plugins.ml2.plugin.AgentDbMixin.agent_health_check' sleeping for 37.00 seconds {{(pid=104975) _run_loop /opt/stack/data/venv/lib/python3.12/site-packages/oslo_service/backend/_threading/loopingcall.py:125}}
May 12 19:12:46.267158 np0000173798 neutron-periodic-workers[104967]: DEBUG oslo.service.backend._threading.loopingcall [None req-cbf4f36c-5e04-4f0b-a46a-006f3237044a None None] Fixed interval looping call 'neutron.plugins.ml2.plugin.DhcpAgentSchedulerDbMixin.remove_networks_from_down_agents' sleeping for 36.99 seconds {{(pid=104967) _run_loop /opt/stack/data/venv/lib/python3.12/site-packages/oslo_service/backend/_threading/loopingcall.py:125}}
May 12 19:12:46.268586 np0000173798 neutron-periodic-workers[104975]: DEBUG dbcounter [-] [104975] Writing DB stats neutron:SELECT=1 {{(pid=104975) stat_writer /opt/stack/data/venv/lib/python3.12/site-packages/dbcounter.py:115}}
May 12 19:12:56.266935 np0000173798 neutron-periodic-workers[104967]: DEBUG dbcounter [-] [104967] Writing DB stats neutron:SELECT=3 {{(pid=104967) stat_writer /opt/stack/data/venv/lib/python3.12/site-packages/dbcounter.py:115}}
May 12 19:13:13.274379 np0000173798 neutron-periodic-workers[104975]: DEBUG neutron.db.agents_db [None req-2d8a50db-fca1-4efd-a12d-7a3f8895824c None None] Agent healthcheck: found 0 active agents {{(pid=104975) agent_health_check /opt/stack/neutron/neutron/db/agents_db.py:322}}
May 12 19:13:13.275105 np0000173798 neutron-periodic-workers[104975]: DEBUG oslo.service.backend._threading.loopingcall [None req-2d8a50db-fca1-4efd-a12d-7a3f8895824c None None] Fixed interval looping call 'neutron.plugins.ml2.plugin.AgentDbMixin.agent_health_check' sleeping for 36.99 seconds {{(pid=104975) _run_loop /opt/stack/data/venv/lib/python3.12/site-packages/oslo_service/backend/_threading/loopingcall.py:125}}
May 12 19:13:23.269569 np0000173798 neutron-periodic-workers[104967]: DEBUG oslo.service.backend._threading.loopingcall [None req-cbf4f36c-5e04-4f0b-a46a-006f3237044a None None] Fixed interval looping call 'neutron.plugins.ml2.plugin.DhcpAgentSchedulerDbMixin.remove_networks_from_down_agents' sleeping for 36.99 seconds {{(pid=104967) _run_loop /opt/stack/data/venv/lib/python3.12/site-packages/oslo_service/backend/_threading/loopingcall.py:125}}
May 12 19:13:23.273178 np0000173798 neutron-periodic-workers[104975]: DEBUG dbcounter [-] [104975] Writing DB stats neutron:SELECT=1 {{(pid=104975) stat_writer /opt/stack/data/venv/lib/python3.12/site-packages/dbcounter.py:115}}
May 12 19:13:33.267743 np0000173798 neutron-periodic-workers[104967]: DEBUG dbcounter [-] [104967] Writing DB stats neutron:SELECT=3 {{(pid=104967) stat_writer /opt/stack/data/venv/lib/python3.12/site-packages/dbcounter.py:115}}
May 12 19:13:50.270960 np0000173798 neutron-periodic-workers[104975]: DEBUG neutron.db.agents_db [None req-2d8a50db-fca1-4efd-a12d-7a3f8895824c None None] Agent healthcheck: found 0 active agents {{(pid=104975) agent_health_check /opt/stack/neutron/neutron/db/agents_db.py:322}}
May 12 19:13:50.272778 np0000173798 neutron-periodic-workers[104975]: DEBUG oslo.service.backend._threading.loopingcall [None req-2d8a50db-fca1-4efd-a12d-7a3f8895824c None None] Fixed interval looping call 'neutron.plugins.ml2.plugin.AgentDbMixin.agent_health_check' sleeping for 36.99 seconds {{(pid=104975) _run_loop /opt/stack/data/venv/lib/python3.12/site-packages/oslo_service/backend/_threading/loopingcall.py:125}}
May 12 19:13:56.302719 np0000173798 neutron-periodic-workers[104980]: DEBUG oslo.service.backend._threading.loopingcall [None req-5fd424b2-924c-430f-a4a5-438d0200aa54 None None] Fixed interval looping call 'neutron.db.quota.driver_nolock.DbQuotaNoLockDriver._remove_expired_reservations' sleeping for 120.00 seconds {{(pid=104980) _run_loop /opt/stack/data/venv/lib/python3.12/site-packages/oslo_service/backend/_threading/loopingcall.py:125}}
May 12 19:14:00.269109 np0000173798 neutron-periodic-workers[104975]: DEBUG dbcounter [-] [104975] Writing DB stats neutron:SELECT=1 {{(pid=104975) stat_writer /opt/stack/data/venv/lib/python3.12/site-packages/dbcounter.py:115}}
May 12 19:14:00.271934 np0000173798 neutron-periodic-workers[104967]: DEBUG oslo.service.backend._threading.loopingcall [None req-cbf4f36c-5e04-4f0b-a46a-006f3237044a None None] Fixed interval looping call 'neutron.plugins.ml2.plugin.DhcpAgentSchedulerDbMixin.remove_networks_from_down_agents' sleeping for 36.99 seconds {{(pid=104967) _run_loop /opt/stack/data/venv/lib/python3.12/site-packages/oslo_service/backend/_threading/loopingcall.py:125}}
May 12 19:14:06.301682 np0000173798 neutron-periodic-workers[104980]: DEBUG dbcounter [-] [104980] Writing DB stats neutron:DELETE=1 {{(pid=104980) stat_writer /opt/stack/data/venv/lib/python3.12/site-packages/dbcounter.py:115}}
May 12 19:14:10.271028 np0000173798 neutron-periodic-workers[104967]: DEBUG dbcounter [-] [104967] Writing DB stats neutron:SELECT=3 {{(pid=104967) stat_writer /opt/stack/data/venv/lib/python3.12/site-packages/dbcounter.py:115}}
May 12 19:14:27.268582 np0000173798 neutron-periodic-workers[104975]: DEBUG neutron.db.agents_db [None req-2d8a50db-fca1-4efd-a12d-7a3f8895824c None None] Agent healthcheck: found 0 active agents {{(pid=104975) agent_health_check /opt/stack/neutron/neutron/db/agents_db.py:322}}
May 12 19:14:27.269595 np0000173798 neutron-periodic-workers[104975]: DEBUG oslo.service.backend._threading.loopingcall [None req-2d8a50db-fca1-4efd-a12d-7a3f8895824c None None] Fixed interval looping call 'neutron.plugins.ml2.plugin.AgentDbMixin.agent_health_check' sleeping for 36.99 seconds {{(pid=104975) _run_loop /opt/stack/data/venv/lib/python3.12/site-packages/oslo_service/backend/_threading/loopingcall.py:125}}
May 12 19:14:37.268333 np0000173798 neutron-periodic-workers[104975]: DEBUG dbcounter [-] [104975] Writing DB stats neutron:SELECT=1 {{(pid=104975) stat_writer /opt/stack/data/venv/lib/python3.12/site-packages/dbcounter.py:115}}
May 12 19:14:37.270989 np0000173798 neutron-periodic-workers[104967]: DEBUG oslo.service.backend._threading.loopingcall [None req-cbf4f36c-5e04-4f0b-a46a-006f3237044a None None] Fixed interval looping call 'neutron.plugins.ml2.plugin.DhcpAgentSchedulerDbMixin.remove_networks_from_down_agents' sleeping for 36.99 seconds {{(pid=104967) _run_loop /opt/stack/data/venv/lib/python3.12/site-packages/oslo_service/backend/_threading/loopingcall.py:125}}
May 12 19:14:47.271379 np0000173798 neutron-periodic-workers[104967]: DEBUG dbcounter [-] [104967] Writing DB stats neutron:SELECT=3 {{(pid=104967) stat_writer /opt/stack/data/venv/lib/python3.12/site-packages/dbcounter.py:115}}
May 12 19:15:04.262256 np0000173798 neutron-periodic-workers[104975]: DEBUG neutron.db.agents_db [None req-2d8a50db-fca1-4efd-a12d-7a3f8895824c None None] Agent healthcheck: found 0 active agents {{(pid=104975) agent_health_check /opt/stack/neutron/neutron/db/agents_db.py:322}}
May 12 19:15:04.262763 np0000173798 neutron-periodic-workers[104975]: DEBUG oslo.service.backend._threading.loopingcall [None req-2d8a50db-fca1-4efd-a12d-7a3f8895824c None None] Fixed interval looping call 'neutron.plugins.ml2.plugin.AgentDbMixin.agent_health_check' sleeping for 37.00 seconds {{(pid=104975) _run_loop /opt/stack/data/venv/lib/python3.12/site-packages/oslo_service/backend/_threading/loopingcall.py:125}}
May 12 19:15:14.261251 np0000173798 neutron-periodic-workers[104975]: DEBUG dbcounter [-] [104975] Writing DB stats neutron:SELECT=1 {{(pid=104975) stat_writer /opt/stack/data/venv/lib/python3.12/site-packages/dbcounter.py:115}}
May 12 19:15:14.272636 np0000173798 neutron-periodic-workers[104967]: DEBUG oslo.service.backend._threading.loopingcall [None req-cbf4f36c-5e04-4f0b-a46a-006f3237044a None None] Fixed interval looping call 'neutron.plugins.ml2.plugin.DhcpAgentSchedulerDbMixin.remove_networks_from_down_agents' sleeping for 36.99 seconds {{(pid=104967) _run_loop /opt/stack/data/venv/lib/python3.12/site-packages/oslo_service/backend/_threading/loopingcall.py:125}}
May 12 19:15:24.270865 np0000173798 neutron-periodic-workers[104967]: DEBUG dbcounter [-] [104967] Writing DB stats neutron:SELECT=3 {{(pid=104967) stat_writer /opt/stack/data/venv/lib/python3.12/site-packages/dbcounter.py:115}}
May 12 19:15:41.268385 np0000173798 neutron-periodic-workers[104975]: DEBUG neutron.db.agents_db [None req-2d8a50db-fca1-4efd-a12d-7a3f8895824c None None] Agent healthcheck: found 0 active agents {{(pid=104975) agent_health_check /opt/stack/neutron/neutron/db/agents_db.py:322}}
May 12 19:15:41.268871 np0000173798 neutron-periodic-workers[104975]: DEBUG oslo.service.backend._threading.loopingcall [None req-2d8a50db-fca1-4efd-a12d-7a3f8895824c None None] Fixed interval looping call 'neutron.plugins.ml2.plugin.AgentDbMixin.agent_health_check' sleeping for 36.99 seconds {{(pid=104975) _run_loop /opt/stack/data/venv/lib/python3.12/site-packages/oslo_service/backend/_threading/loopingcall.py:125}}
May 12 19:15:51.267311 np0000173798 neutron-periodic-workers[104975]: DEBUG dbcounter [-] [104975] Writing DB stats neutron:SELECT=1 {{(pid=104975) stat_writer /opt/stack/data/venv/lib/python3.12/site-packages/dbcounter.py:115}}
May 12 19:15:51.271678 np0000173798 neutron-periodic-workers[104967]: DEBUG oslo.service.backend._threading.loopingcall [None req-cbf4f36c-5e04-4f0b-a46a-006f3237044a None None] Fixed interval looping call 'neutron.plugins.ml2.plugin.DhcpAgentSchedulerDbMixin.remove_networks_from_down_agents' sleeping for 36.99 seconds {{(pid=104967) _run_loop /opt/stack/data/venv/lib/python3.12/site-packages/oslo_service/backend/_threading/loopingcall.py:125}}
May 12 19:15:56.309562 np0000173798 neutron-periodic-workers[104980]: DEBUG oslo.service.backend._threading.loopingcall [None req-5fd424b2-924c-430f-a4a5-438d0200aa54 None None] Fixed interval looping call 'neutron.db.quota.driver_nolock.DbQuotaNoLockDriver._remove_expired_reservations' sleeping for 119.99 seconds {{(pid=104980) _run_loop /opt/stack/data/venv/lib/python3.12/site-packages/oslo_service/backend/_threading/loopingcall.py:125}}
May 12 19:16:01.270204 np0000173798 neutron-periodic-workers[104967]: DEBUG dbcounter [-] [104967] Writing DB stats neutron:SELECT=3 {{(pid=104967) stat_writer /opt/stack/data/venv/lib/python3.12/site-packages/dbcounter.py:115}}
May 12 19:16:06.305743 np0000173798 neutron-periodic-workers[104980]: DEBUG dbcounter [-] [104980] Writing DB stats neutron:DELETE=1 {{(pid=104980) stat_writer /opt/stack/data/venv/lib/python3.12/site-packages/dbcounter.py:115}}
May 12 19:16:18.266914 np0000173798 neutron-periodic-workers[104975]: DEBUG neutron.db.agents_db [None req-2d8a50db-fca1-4efd-a12d-7a3f8895824c None None] Agent healthcheck: found 0 active agents {{(pid=104975) agent_health_check /opt/stack/neutron/neutron/db/agents_db.py:322}}
May 12 19:16:18.267416 np0000173798 neutron-periodic-workers[104975]: DEBUG oslo.service.backend._threading.loopingcall [None req-2d8a50db-fca1-4efd-a12d-7a3f8895824c None None] Fixed interval looping call 'neutron.plugins.ml2.plugin.AgentDbMixin.agent_health_check' sleeping for 36.99 seconds {{(pid=104975) _run_loop /opt/stack/data/venv/lib/python3.12/site-packages/oslo_service/backend/_threading/loopingcall.py:125}}
May 12 19:16:28.262672 np0000173798 neutron-periodic-workers[104975]: DEBUG dbcounter [-] [104975] Writing DB stats neutron:SELECT=1 {{(pid=104975) stat_writer /opt/stack/data/venv/lib/python3.12/site-packages/dbcounter.py:115}}
May 12 19:16:28.273213 np0000173798 neutron-periodic-workers[104967]: DEBUG oslo.service.backend._threading.loopingcall [None req-cbf4f36c-5e04-4f0b-a46a-006f3237044a None None] Fixed interval looping call 'neutron.plugins.ml2.plugin.DhcpAgentSchedulerDbMixin.remove_networks_from_down_agents' sleeping for 36.99 seconds {{(pid=104967) _run_loop /opt/stack/data/venv/lib/python3.12/site-packages/oslo_service/backend/_threading/loopingcall.py:125}}
May 12 19:16:38.272896 np0000173798 neutron-periodic-workers[104967]: DEBUG dbcounter [-] [104967] Writing DB stats neutron:SELECT=3 {{(pid=104967) stat_writer /opt/stack/data/venv/lib/python3.12/site-packages/dbcounter.py:115}}
May 12 19:16:55.261961 np0000173798 neutron-periodic-workers[104975]: DEBUG neutron.db.agents_db [None req-2d8a50db-fca1-4efd-a12d-7a3f8895824c None None] Agent healthcheck: found 0 active agents {{(pid=104975) agent_health_check /opt/stack/neutron/neutron/db/agents_db.py:322}}
May 12 19:16:55.262972 np0000173798 neutron-periodic-workers[104975]: DEBUG oslo.service.backend._threading.loopingcall [None req-2d8a50db-fca1-4efd-a12d-7a3f8895824c None None] Fixed interval looping call 'neutron.plugins.ml2.plugin.AgentDbMixin.agent_health_check' sleeping for 37.00 seconds {{(pid=104975) _run_loop /opt/stack/data/venv/lib/python3.12/site-packages/oslo_service/backend/_threading/loopingcall.py:125}}
