2026-05-06 19:37:52.930 13 INFO neutron.plugins.ml2.plugin [None req-4baefc27-1448-4cd9-a5dc-e4b3ac45b4f8 - - - - - -] Attempt 1 to provision port e4bca83f-f3c9-4d55-924e-de866be2f84b
2026-05-06 19:37:52.983 13 INFO neutron.plugins.ml2.plugin [None req-4baefc27-1448-4cd9-a5dc-e4b3ac45b4f8 - - - - - -] Attempt 1 to provision port 8ca6f17d-5f3e-41d0-8b2d-8dd77b6cf42f
2026-05-06 19:37:53.034 16 INFO neutron.plugins.ml2.plugin [None req-88d9a612-c886-439d-8724-519f509706b3 - - - - - -] Attempt 1 to provision port dcd4cf12-167f-4a11-8f89-e9b65751e0cf
2026-05-06 19:37:53.057 13 INFO neutron.plugins.ml2.plugin [None req-4baefc27-1448-4cd9-a5dc-e4b3ac45b4f8 - - - - - -] Attempt 1 to provision port dcd4cf12-167f-4a11-8f89-e9b65751e0cf
2026-05-06 19:37:53.117 13 INFO neutron.plugins.ml2.plugin [None req-4baefc27-1448-4cd9-a5dc-e4b3ac45b4f8 - - - - - -] Attempt 1 to provision port 23d442ef-d781-4b83-b2ce-2e85ef3d8887
2026-05-06 19:37:53.180 13 INFO neutron.plugins.ml2.plugin [None req-4baefc27-1448-4cd9-a5dc-e4b3ac45b4f8 - - - - - -] Attempt 1 to provision port c20866a7-6c41-4614-843f-455336229bd5
2026-05-06 19:37:53.190 16 INFO neutron.plugins.ml2.plugin [None req-88d9a612-c886-439d-8724-519f509706b3 - - - - - -] Attempt 1 to provision port 6e548891-6373-4742-8d82-e9f858c68f84
2026-05-06 19:37:53.259 13 INFO neutron.plugins.ml2.plugin [None req-4baefc27-1448-4cd9-a5dc-e4b3ac45b4f8 - - - - - -] Attempt 1 to provision port 6e548891-6373-4742-8d82-e9f858c68f84
2026-05-06 19:37:53.314 13 INFO neutron.plugins.ml2.plugin [None req-4baefc27-1448-4cd9-a5dc-e4b3ac45b4f8 - - - - - -] Attempt 1 to provision port add850f2-8e0b-4ddc-b136-a931115a52f9
2026-05-06 19:37:53.485 16 INFO neutron.plugins.ml2.plugin [None req-88d9a612-c886-439d-8724-519f509706b3 - - - - - -] Attempt 1 to provision port e4bca83f-f3c9-4d55-924e-de866be2f84b
2026-05-06 19:37:56.945 13 INFO neutron.plugins.ml2.plugin [None req-44175218-00f4-49cc-a181-783b8072c023 - - - - - -] Attempt 1 to provision port d0a7c57e-9838-465d-b80f-639946add924
2026-05-06 19:37:57.005 13 INFO neutron.plugins.ml2.plugin [None req-44175218-00f4-49cc-a181-783b8072c023 - - - - - -] Attempt 1 to provision port dcd4cf12-167f-4a11-8f89-e9b65751e0cf
2026-05-06 19:38:01.690 16 INFO neutron.plugins.ml2.plugin [None req-7309ac9c-5f06-47f7-98d1-aa91d0d88173 - - - - - -] Attempt 1 to provision port 23d442ef-d781-4b83-b2ce-2e85ef3d8887
2026-05-06 19:38:07.053 13 INFO neutron.plugins.ml2.plugin [None req-88d9a612-c886-439d-8724-519f509706b3 - - - - - -] Attempt 1 to provision port f523623a-0a4e-4012-a7c5-2955c5de8f7e
2026-05-06 19:38:09.010 13 INFO neutron.plugins.ml2.plugin [None req-88d9a612-c886-439d-8724-519f509706b3 - - - - - -] Attempt 1 to provision port f523623a-0a4e-4012-a7c5-2955c5de8f7e
2026-05-06 19:38:09.302 16 INFO neutron.plugins.ml2.plugin [None req-a10828f0-77eb-4b1a-a0c6-498b53394cf9 - - - - - -] Attempt 1 to provision port efd08026-eaf0-4da9-9d11-ced56be7411a
2026-05-06 19:38:13.215 13 INFO neutron.plugins.ml2.plugin [None req-88d9a612-c886-439d-8724-519f509706b3 - - - - - -] Attempt 1 to provision port 4e8037d6-14e0-4a0f-87f2-26097dd37d97
2026-05-06 19:38:13.819 13 INFO neutron.plugins.ml2.plugin [None req-88d9a612-c886-439d-8724-519f509706b3 - - - - - -] Attempt 1 to provision port 0e03a74f-daff-41b9-98cc-60cd36b3c18d
2026-05-06 19:38:15.227 13 INFO neutron.plugins.ml2.plugin [None req-88d9a612-c886-439d-8724-519f509706b3 - - - - - -] Attempt 1 to provision port 4e8037d6-14e0-4a0f-87f2-26097dd37d97
2026-05-06 19:38:15.428 13 INFO neutron.plugins.ml2.plugin [None req-88d9a612-c886-439d-8724-519f509706b3 - - - - - -] Attempt 1 to provision port 0e03a74f-daff-41b9-98cc-60cd36b3c18d
2026-05-06 19:38:17.284 13 INFO neutron.plugins.ml2.plugin [None req-88d9a612-c886-439d-8724-519f509706b3 - - - - - -] Attempt 1 to provision port e06af187-4890-4812-9617-b55184044f5d
2026-05-06 19:38:20.213 16 INFO neutron.plugins.ml2.plugin [None req-88d9a612-c886-439d-8724-519f509706b3 - - - - - -] Attempt 1 to provision port e06af187-4890-4812-9617-b55184044f5d
2026-05-06 19:38:20.494 16 INFO neutron.plugins.ml2.plugin [None req-88d9a612-c886-439d-8724-519f509706b3 - - - - - -] Attempt 1 to provision port b2c2b587-9eb1-4cd2-a843-db812c1b4e77
2026-05-06 19:38:20.752 16 INFO neutron.notifiers.nova [-] Nova event matching ['req-1c191103-4d38-4445-8fb0-ba5102305285'] response: {'server_uuid': '3d3c4cf9-6f3c-4527-b0e4-da77866b49b9', 'name': 'network-vif-plugged', 'status': 'completed', 'tag': 'b2c2b587-9eb1-4cd2-a843-db812c1b4e77', 'code': 200}
2026-05-06 19:38:22.795 13 INFO neutron.plugins.ml2.plugin [None req-88d9a612-c886-439d-8724-519f509706b3 - - - - - -] Attempt 1 to provision port b2c2b587-9eb1-4cd2-a843-db812c1b4e77
2026-05-06 19:38:25.120 13 INFO neutron.plugins.ml2.plugin [None req-88d9a612-c886-439d-8724-519f509706b3 - - - - - -] Attempt 1 to provision port 8a6ce332-5a6a-48b3-a045-18e3ff3eabcc
2026-05-06 19:38:25.250 13 INFO neutron.notifiers.nova [-] Nova event matching ['req-fddb11ea-d425-42d9-9585-6d861613314e'] response: {'server_uuid': 'efb072dd-4fe3-41db-928d-e8e6c765edb0', 'name': 'network-vif-plugged', 'status': 'completed', 'tag': '8a6ce332-5a6a-48b3-a045-18e3ff3eabcc', 'code': 200}
2026-05-06 19:38:26.651 13 INFO neutron.plugins.ml2.plugin [None req-88d9a612-c886-439d-8724-519f509706b3 - - - - - -] Attempt 1 to provision port 717abc4f-cd68-48d9-806c-689aef7a3408
2026-05-06 19:38:26.959 13 INFO neutron.plugins.ml2.plugin [None req-88d9a612-c886-439d-8724-519f509706b3 - - - - - -] Attempt 1 to provision port 8a6ce332-5a6a-48b3-a045-18e3ff3eabcc
2026-05-06 19:38:27.173 13 INFO neutron.plugins.ml2.plugin [None req-88d9a612-c886-439d-8724-519f509706b3 - - - - - -] Attempt 1 to provision port efd08026-eaf0-4da9-9d11-ced56be7411a
2026-05-06 19:38:28.622 16 INFO neutron.plugins.ml2.plugin [None req-88d9a612-c886-439d-8724-519f509706b3 - - - - - -] Attempt 1 to provision port 717abc4f-cd68-48d9-806c-689aef7a3408
2026-05-06 19:38:28.629 13 WARNING neutron.plugins.ml2.plugin [None req-5d980708-cf11-4d33-aa1b-f67168934d70 - - - - - -] Concurrent port binding operations failed on port 20d7d07f-56b4-45b1-814b-26d012d3eea1
2026-05-06 19:38:28.634 13 INFO neutron.plugins.ml2.plugin [None req-5d980708-cf11-4d33-aa1b-f67168934d70 - - - - - -] Attempt 2 to bind port 20d7d07f-56b4-45b1-814b-26d012d3eea1
2026-05-06 19:38:28.828 16 INFO neutron.plugins.ml2.plugin [None req-88d9a612-c886-439d-8724-519f509706b3 - - - - - -] Attempt 1 to provision port efd08026-eaf0-4da9-9d11-ced56be7411a
2026-05-06 19:38:29.012 16 INFO neutron.plugins.ml2.plugin [None req-88d9a612-c886-439d-8724-519f509706b3 - - - - - -] Attempt 1 to provision port 17c62c63-44a7-4bac-9cd4-bd66f334f9b2
2026-05-06 19:38:30.536 16 INFO neutron.plugins.ml2.plugin [None req-88d9a612-c886-439d-8724-519f509706b3 - - - - - -] Attempt 1 to provision port 20d7d07f-56b4-45b1-814b-26d012d3eea1
2026-05-06 19:38:30.785 16 INFO neutron.plugins.ml2.plugin [None req-88d9a612-c886-439d-8724-519f509706b3 - - - - - -] Attempt 1 to provision port 17c62c63-44a7-4bac-9cd4-bd66f334f9b2
2026-05-06 19:38:31.821 13 INFO neutron.plugins.ml2.plugin [None req-6b100dc5-a704-4406-924c-99cb19871e65 - - - - - -] Attempt 1 to provision port 17c62c63-44a7-4bac-9cd4-bd66f334f9b2
2026-05-06 19:38:31.869 13 INFO neutron.plugins.ml2.plugin [None req-6b100dc5-a704-4406-924c-99cb19871e65 - - - - - -] Attempt 1 to provision port e06af187-4890-4812-9617-b55184044f5d
2026-05-06 19:38:31.916 13 INFO neutron.plugins.ml2.plugin [None req-6b100dc5-a704-4406-924c-99cb19871e65 - - - - - -] Attempt 1 to provision port 20d7d07f-56b4-45b1-814b-26d012d3eea1
2026-05-06 19:38:31.963 13 INFO neutron.plugins.ml2.plugin [None req-6b100dc5-a704-4406-924c-99cb19871e65 - - - - - -] Attempt 1 to provision port 717abc4f-cd68-48d9-806c-689aef7a3408
2026-05-06 19:38:32.007 13 INFO neutron.plugins.ml2.plugin [None req-6b100dc5-a704-4406-924c-99cb19871e65 - - - - - -] Attempt 1 to provision port 4e8037d6-14e0-4a0f-87f2-26097dd37d97
2026-05-06 19:38:32.748 13 INFO neutron.plugins.ml2.plugin [None req-88d9a612-c886-439d-8724-519f509706b3 - - - - - -] Attempt 1 to provision port 20d7d07f-56b4-45b1-814b-26d012d3eea1
2026-05-06 19:38:34.784 13 INFO neutron.plugins.ml2.plugin [None req-207b9571-0dca-4eac-a9d9-75dbd3ffaf2f - - - - - -] Attempt 1 to provision port 8a6ce332-5a6a-48b3-a045-18e3ff3eabcc
2026-05-06 19:38:49.927 16 INFO neutron.plugins.ml2.plugin [None req-dd18b2d1-a1f6-4447-b48d-6eb448a8acde - - - - - -] Attempt 1 to provision port 46fcab67-a855-46ef-8fe2-a4d966c4d398
2026-05-06 19:38:52.622 13 INFO neutron.plugins.ml2.plugin [None req-88d9a612-c886-439d-8724-519f509706b3 - - - - - -] Attempt 1 to provision port 68865bc7-ad52-463e-974f-76f711953edd
2026-05-06 19:38:52.878 13 INFO neutron.plugins.ml2.plugin [None req-88d9a612-c886-439d-8724-519f509706b3 - - - - - -] Attempt 1 to provision port 775aec30-9c90-47cc-87cb-981d16c2be6c
2026-05-06 19:38:52.993 16 INFO neutron.plugins.ml2.plugin [None req-485555d9-be02-4f63-9db0-ece9e41ec3fa - - - - - -] Attempt 1 to provision port 775aec30-9c90-47cc-87cb-981d16c2be6c
2026-05-06 19:38:54.579 13 INFO neutron.plugins.ml2.plugin [None req-88d9a612-c886-439d-8724-519f509706b3 - - - - - -] Attempt 1 to provision port 68865bc7-ad52-463e-974f-76f711953edd
2026-05-06 19:38:54.816 13 INFO neutron.plugins.ml2.plugin [None req-88d9a612-c886-439d-8724-519f509706b3 - - - - - -] Attempt 1 to provision port 775aec30-9c90-47cc-87cb-981d16c2be6c
2026-05-06 19:38:55.499 13 INFO neutron.plugins.ml2.plugin [None req-7a5c10bd-7284-49df-8ffa-358349a34580 - - - - - -] Attempt 1 to provision port 0f01cdee-1c93-436c-ba29-fa4995e62d76
2026-05-06 19:38:55.531 13 INFO neutron.plugins.ml2.plugin [None req-7a5c10bd-7284-49df-8ffa-358349a34580 - - - - - -] Attempt 1 to provision port 775aec30-9c90-47cc-87cb-981d16c2be6c
2026-05-06 19:38:56.722 13 INFO neutron.plugins.ml2.plugin [None req-a6f7668a-9578-4896-bd83-ac5cbf71b0a6 - - - - - -] Attempt 1 to provision port 0f01cdee-1c93-436c-ba29-fa4995e62d76
2026-05-06 19:39:00.058 16 INFO neutron.plugins.ml2.plugin [None req-2a3718b4-afaa-498c-bdf9-0ba71948f266 - - - - - -] Attempt 1 to provision port 7b5cb4ab-75ef-45a8-9559-344c4c566c2f
2026-05-06 19:39:00.546 16 INFO neutron.plugins.ml2.plugin [None req-88d9a612-c886-439d-8724-519f509706b3 - - - - - -] Attempt 1 to provision port 7b5cb4ab-75ef-45a8-9559-344c4c566c2f
2026-05-06 19:39:05.083 16 INFO neutron.plugins.ml2.plugin [None req-88d9a612-c886-439d-8724-519f509706b3 - - - - - -] Attempt 1 to provision port eef109cc-bc91-4a2c-a105-7f126349005a
2026-05-06 19:39:05.247 16 INFO neutron.notifiers.nova [-] Nova event matching ['req-16da1e64-21b4-4e2b-b8da-70bb885930c7'] response: {'server_uuid': 'd8d3d54e-e8b2-4359-9888-5234f80a2e98', 'name': 'network-vif-plugged', 'status': 'completed', 'tag': 'eef109cc-bc91-4a2c-a105-7f126349005a', 'code': 200}
2026-05-06 19:39:06.589 13 INFO neutron.plugins.ml2.plugin [None req-88d9a612-c886-439d-8724-519f509706b3 - - - - - -] Attempt 1 to provision port eef109cc-bc91-4a2c-a105-7f126349005a
2026-05-06 19:39:07.279 16 INFO neutron.notifiers.nova [-] Nova event matching ['req-dfdc3bf6-4660-4e56-89ae-0e32091a66d6'] response: {'server_uuid': 'efb072dd-4fe3-41db-928d-e8e6c765edb0', 'name': 'network-vif-unplugged', 'status': 'completed', 'tag': '8a6ce332-5a6a-48b3-a045-18e3ff3eabcc', 'code': 200}
2026-05-06 19:39:09.183 16 INFO neutron.plugins.ml2.plugin [None req-88d9a612-c886-439d-8724-519f509706b3 - - - - - -] Attempt 1 to provision port 0f01cdee-1c93-436c-ba29-fa4995e62d76
2026-05-06 19:39:09.458 16 INFO neutron.plugins.ml2.plugin [None req-88d9a612-c886-439d-8724-519f509706b3 - - - - - -] Attempt 1 to provision port 8a6ce332-5a6a-48b3-a045-18e3ff3eabcc
2026-05-06 19:39:09.561 16 INFO neutron.notifiers.nova [-] Nova event matching ['req-ae942dc9-d8ae-46ef-afce-1c5af0764c32'] response: {'server_uuid': 'efb072dd-4fe3-41db-928d-e8e6c765edb0', 'name': 'network-vif-plugged', 'status': 'completed', 'tag': '8a6ce332-5a6a-48b3-a045-18e3ff3eabcc', 'code': 200}
2026-05-06 19:39:09.784 16 INFO neutron.plugins.ml2.plugin [None req-88d9a612-c886-439d-8724-519f509706b3 - - - - - -] Attempt 1 to provision port 46fcab67-a855-46ef-8fe2-a4d966c4d398
2026-05-06 19:39:10.888 16 INFO neutron.plugins.ml2.plugin [None req-88d9a612-c886-439d-8724-519f509706b3 - - - - - -] Attempt 1 to provision port 0f01cdee-1c93-436c-ba29-fa4995e62d76
2026-05-06 19:39:11.091 16 INFO neutron.plugins.ml2.plugin [None req-88d9a612-c886-439d-8724-519f509706b3 - - - - - -] Attempt 1 to provision port 8a6ce332-5a6a-48b3-a045-18e3ff3eabcc
2026-05-06 19:39:11.248 16 INFO neutron.plugins.ml2.plugin [None req-88d9a612-c886-439d-8724-519f509706b3 - - - - - -] Attempt 1 to provision port 46fcab67-a855-46ef-8fe2-a4d966c4d398
2026-05-06 19:39:43.519 16 INFO neutron.plugins.ml2.plugin [None req-88d9a612-c886-439d-8724-519f509706b3 - - - - - -] Attempt 1 to provision port f2e85b49-d08a-4541-9647-b5e73d12245a
2026-05-06 19:39:43.662 16 INFO neutron.notifiers.nova [-] Nova event matching ['req-dc2e5aa5-e88b-4fbe-9c5e-3acef2c2cd5e'] response: {'server_uuid': 'd75cbd7c-3d20-4459-8442-dc88dbc2129d', 'name': 'network-vif-plugged', 'status': 'completed', 'tag': 'f2e85b49-d08a-4541-9647-b5e73d12245a', 'code': 200}
2026-05-06 19:39:43.676 13 INFO neutron.plugins.ml2.plugin [None req-506b95ed-3936-4b2c-b0c8-768c22a4faf0 - - - - - -] Attempt 1 to provision port 1a310991-4f75-4232-a415-c70b4770d5f7
2026-05-06 19:39:43.701 13 INFO neutron.plugins.ml2.plugin [None req-506b95ed-3936-4b2c-b0c8-768c22a4faf0 - - - - - -] Attempt 1 to provision port 59ff297d-5018-4c50-8ce4-5cae75166b8d
2026-05-06 19:39:43.958 16 INFO neutron.plugins.ml2.plugin [None req-88d9a612-c886-439d-8724-519f509706b3 - - - - - -] Attempt 1 to provision port 59ff297d-5018-4c50-8ce4-5cae75166b8d
2026-05-06 19:39:44.166 16 INFO neutron.plugins.ml2.plugin [None req-88d9a612-c886-439d-8724-519f509706b3 - - - - - -] Attempt 1 to provision port 40a0764c-fdcf-4fa8-ade6-0278a12ec875
2026-05-06 19:39:45.158 16 INFO neutron.plugins.ml2.plugin [None req-88d9a612-c886-439d-8724-519f509706b3 - - - - - -] Attempt 1 to provision port f2e85b49-d08a-4541-9647-b5e73d12245a
2026-05-06 19:39:45.376 16 INFO neutron.plugins.ml2.plugin [None req-88d9a612-c886-439d-8724-519f509706b3 - - - - - -] Attempt 1 to provision port 59ff297d-5018-4c50-8ce4-5cae75166b8d
2026-05-06 19:39:45.597 16 INFO neutron.plugins.ml2.plugin [None req-88d9a612-c886-439d-8724-519f509706b3 - - - - - -] Attempt 1 to provision port 40a0764c-fdcf-4fa8-ade6-0278a12ec875
2026-05-06 19:39:46.135 16 INFO neutron.plugins.ml2.plugin [None req-06b227b3-5ca4-429f-9f44-47a217d45613 - - - - - -] Attempt 1 to provision port 99df828a-9784-4187-8642-ba1f372fb4f2
2026-05-06 19:39:46.154 16 INFO neutron.plugins.ml2.plugin [None req-06b227b3-5ca4-429f-9f44-47a217d45613 - - - - - -] Attempt 1 to provision port 59ff297d-5018-4c50-8ce4-5cae75166b8d
2026-05-06 19:39:47.890 13 INFO neutron.plugins.ml2.plugin [None req-853ea1b1-fe49-4d1b-aa9b-e55bc488d860 - - - - - -] Attempt 1 to provision port 99df828a-9784-4187-8642-ba1f372fb4f2
2026-05-06 19:39:54.153 16 INFO neutron.plugins.ml2.plugin [None req-88d9a612-c886-439d-8724-519f509706b3 - - - - - -] Attempt 1 to provision port 67d559cd-9b97-439a-841f-e6163f9f8dc3
2026-05-06 19:39:54.275 16 INFO neutron.notifiers.nova [-] Nova event matching ['req-0563c40c-443b-4d9a-9799-55087c6df51e'] response: {'server_uuid': '6b0c9e76-ed4b-4f9d-b45e-65ea85296398', 'name': 'network-vif-plugged', 'status': 'completed', 'tag': '67d559cd-9b97-439a-841f-e6163f9f8dc3', 'code': 200}
2026-05-06 19:39:55.119 13 INFO neutron.plugins.ml2.plugin [None req-88d9a612-c886-439d-8724-519f509706b3 - - - - - -] Attempt 1 to provision port 67d559cd-9b97-439a-841f-e6163f9f8dc3
2026-05-06 19:39:59.126 13 INFO neutron.plugins.ml2.plugin [None req-88d9a612-c886-439d-8724-519f509706b3 - - - - - -] Attempt 1 to provision port 1a310991-4f75-4232-a415-c70b4770d5f7
2026-05-06 19:40:01.232 16 INFO neutron.plugins.ml2.plugin [None req-88d9a612-c886-439d-8724-519f509706b3 - - - - - -] Attempt 1 to provision port 1a310991-4f75-4232-a415-c70b4770d5f7
2026-05-06 19:40:01.388 16 INFO neutron.plugins.ml2.plugin [None req-88d9a612-c886-439d-8724-519f509706b3 - - - - - -] Attempt 1 to provision port 99df828a-9784-4187-8642-ba1f372fb4f2
2026-05-06 19:40:03.080 13 INFO neutron.plugins.ml2.plugin [None req-88d9a612-c886-439d-8724-519f509706b3 - - - - - -] Attempt 1 to provision port 99df828a-9784-4187-8642-ba1f372fb4f2
2026-05-06 19:40:09.314 16 INFO neutron.notifiers.nova [-] Nova event matching ['req-761c36dc-3d07-47b5-b516-09e36bb27663'] response: {'server_uuid': 'd75cbd7c-3d20-4459-8442-dc88dbc2129d', 'name': 'network-vif-unplugged', 'status': 'completed', 'tag': 'f2e85b49-d08a-4541-9647-b5e73d12245a', 'code': 200}
2026-05-06 19:40:23.102 13 ERROR oslo_messaging.rpc.server [None req-cf5c9268-5d09-4091-8797-c077e00245ac - - - - - -] Exception during message handling: neutron_lib.exceptions.PortNotFound: Port 13dcce30-1ce9-4b29-971a-fd170ebebef7 could not be found.
2026-05-06 19:40:23.102 13 ERROR oslo_messaging.rpc.server
Traceback (most recent call last):
2026-05-06 19:40:23.102 13 ERROR oslo_messaging.rpc.server
File "/var/lib/openstack/lib/python3.12/site-packages/neutron/db/db_base_plugin_common.py", line 292, in _get_port
2026-05-06 19:40:23.102 13 ERROR oslo_messaging.rpc.server port = model_query.get_by_id(context, models_v2.Port, id,
2026-05-06 19:40:23.102 13 ERROR oslo_messaging.rpc.server ^^^^^^^^^^^^^^^^^^^^^^^^^^^^^^^^^^^^^^^^^^^^^^^^^^
2026-05-06 19:40:23.102 13 ERROR oslo_messaging.rpc.server
File "/var/lib/openstack/lib/python3.12/site-packages/neutron_lib/db/model_query.py", line 211, in get_by_id
2026-05-06 19:40:23.102 13 ERROR oslo_messaging.rpc.server return query.filter(model.id == object_id).one()
2026-05-06 19:40:23.102 13 ERROR oslo_messaging.rpc.server ^^^^^^^^^^^^^^^^^^^^^^^^^^^^^^^^^^^^^^^^^
2026-05-06 19:40:23.102 13 ERROR oslo_messaging.rpc.server
File "/var/lib/openstack/lib/python3.12/site-packages/sqlalchemy/orm/query.py", line 2808, in one
2026-05-06 19:40:23.102 13 ERROR oslo_messaging.rpc.server return self._iter().one() # type: ignore
2026-05-06 19:40:23.102 13 ERROR oslo_messaging.rpc.server ^^^^^^^^^^^^^^^^^^
2026-05-06 19:40:23.102 13 ERROR oslo_messaging.rpc.server
File "/var/lib/openstack/lib/python3.12/site-packages/sqlalchemy/engine/result.py", line 1815, in one
2026-05-06 19:40:23.102 13 ERROR oslo_messaging.rpc.server return self._only_one_row(
2026-05-06 19:40:23.102 13 ERROR oslo_messaging.rpc.server ^^^^^^^^^^^^^^^^^^^
2026-05-06 19:40:23.102 13 ERROR oslo_messaging.rpc.server
File "/var/lib/openstack/lib/python3.12/site-packages/sqlalchemy/engine/result.py", line 760, in _only_one_row
2026-05-06 19:40:23.102 13 ERROR oslo_messaging.rpc.server raise exc.NoResultFound(
2026-05-06 19:40:23.102 13 ERROR oslo_messaging.rpc.server sqlalchemy.exc.NoResultFound: No row was found when one was required
2026-05-06 19:40:23.102 13 ERROR oslo_messaging.rpc.server
2026-05-06 19:40:23.102 13 ERROR oslo_messaging.rpc.server During handling of the above exception, another exception occurred:
2026-05-06 19:40:23.102 13 ERROR oslo_messaging.rpc.server
2026-05-06 19:40:23.102 13 ERROR oslo_messaging.rpc.server
Traceback (most recent call last):
2026-05-06 19:40:23.102 13 ERROR oslo_messaging.rpc.server
File "/var/lib/openstack/lib/python3.12/site-packages/oslo_messaging/rpc/server.py", line 174, in _process_incoming
2026-05-06 19:40:23.102 13 ERROR oslo_messaging.rpc.server res = self.dispatcher.dispatch(message)
2026-05-06 19:40:23.102 13 ERROR oslo_messaging.rpc.server ^^^^^^^^^^^^^^^^^^^^^^^^^^^^^^^^^
2026-05-06 19:40:23.102 13 ERROR oslo_messaging.rpc.server
File "/var/lib/openstack/lib/python3.12/site-packages/oslo_messaging/rpc/dispatcher.py", line 309, in dispatch
2026-05-06 19:40:23.102 13 ERROR oslo_messaging.rpc.server return self._do_dispatch(endpoint, method, ctxt, args)
2026-05-06 19:40:23.102 13 ERROR oslo_messaging.rpc.server ^^^^^^^^^^^^^^^^^^^^^^^^^^^^^^^^^^^^^^^^^^^^^^^
2026-05-06 19:40:23.102 13 ERROR oslo_messaging.rpc.server
File "/var/lib/openstack/lib/python3.12/site-packages/oslo_messaging/rpc/dispatcher.py", line 229, in _do_dispatch
2026-05-06 19:40:23.102 13 ERROR oslo_messaging.rpc.server result = func(ctxt, **new_args)
2026-05-06 19:40:23.102 13 ERROR oslo_messaging.rpc.server ^^^^^^^^^^^^^^^^^^^^^^
2026-05-06 19:40:23.102 13 ERROR oslo_messaging.rpc.server
File "/var/lib/openstack/lib/python3.12/site-packages/neutron_lib/db/api.py", line 137, in wrapped
2026-05-06 19:40:23.102 13 ERROR oslo_messaging.rpc.server with excutils.save_and_reraise_exception():
2026-05-06 19:40:23.102 13 ERROR oslo_messaging.rpc.server
File "/var/lib/openstack/lib/python3.12/site-packages/oslo_utils/excutils.py", line 227, in __exit__
2026-05-06 19:40:23.102 13 ERROR oslo_messaging.rpc.server self.force_reraise()
2026-05-06 19:40:23.102 13 ERROR oslo_messaging.rpc.server
File "/var/lib/openstack/lib/python3.12/site-packages/oslo_utils/excutils.py", line 200, in force_reraise
2026-05-06 19:40:23.102 13 ERROR oslo_messaging.rpc.server raise self.value
2026-05-06 19:40:23.102 13 ERROR oslo_messaging.rpc.server
File "/var/lib/openstack/lib/python3.12/site-packages/neutron_lib/db/api.py", line 135, in wrapped
2026-05-06 19:40:23.102 13 ERROR oslo_messaging.rpc.server return f(*args, **kwargs)
2026-05-06 19:40:23.102 13 ERROR oslo_messaging.rpc.server ^^^^^^^^^^^^^^^^^^
2026-05-06 19:40:23.102 13 ERROR oslo_messaging.rpc.server
File "/var/lib/openstack/lib/python3.12/site-packages/oslo_db/api.py", line 144, in wrapper
2026-05-06 19:40:23.102 13 ERROR oslo_messaging.rpc.server with excutils.save_and_reraise_exception() as ectxt:
2026-05-06 19:40:23.102 13 ERROR oslo_messaging.rpc.server
File "/var/lib/openstack/lib/python3.12/site-packages/oslo_utils/excutils.py", line 227, in __exit__
2026-05-06 19:40:23.102 13 ERROR oslo_messaging.rpc.server self.force_reraise()
2026-05-06 19:40:23.102 13 ERROR oslo_messaging.rpc.server
File "/var/lib/openstack/lib/python3.12/site-packages/oslo_utils/excutils.py", line 200, in force_reraise
2026-05-06 19:40:23.102 13 ERROR oslo_messaging.rpc.server raise self.value
2026-05-06 19:40:23.102 13 ERROR oslo_messaging.rpc.server
File "/var/lib/openstack/lib/python3.12/site-packages/oslo_db/api.py", line 142, in wrapper
2026-05-06 19:40:23.102 13 ERROR oslo_messaging.rpc.server return f(*args, **kwargs)
2026-05-06 19:40:23.102 13 ERROR oslo_messaging.rpc.server ^^^^^^^^^^^^^^^^^^
2026-05-06 19:40:23.102 13 ERROR oslo_messaging.rpc.server
File "/var/lib/openstack/lib/python3.12/site-packages/neutron_lib/db/api.py", line 183, in wrapped
2026-05-06 19:40:23.102 13 ERROR oslo_messaging.rpc.server with excutils.save_and_reraise_exception():
2026-05-06 19:40:23.102 13 ERROR oslo_messaging.rpc.server
File "/var/lib/openstack/lib/python3.12/site-packages/oslo_utils/excutils.py", line 227, in __exit__
2026-05-06 19:40:23.102 13 ERROR oslo_messaging.rpc.server self.force_reraise()
2026-05-06 19:40:23.102 13 ERROR oslo_messaging.rpc.server
File "/var/lib/openstack/lib/python3.12/site-packages/oslo_utils/excutils.py", line 200, in force_reraise
2026-05-06 19:40:23.102 13 ERROR oslo_messaging.rpc.server raise self.value
2026-05-06 19:40:23.102 13 ERROR oslo_messaging.rpc.server
File "/var/lib/openstack/lib/python3.12/site-packages/neutron_lib/db/api.py", line 181, in wrapped
2026-05-06 19:40:23.102 13 ERROR oslo_messaging.rpc.server return f(*dup_args, **dup_kwargs)
2026-05-06 19:40:23.102 13 ERROR oslo_messaging.rpc.server ^^^^^^^^^^^^^^^^^^^^^^^^^^
2026-05-06 19:40:23.102 13 ERROR oslo_messaging.rpc.server
File "/var/lib/openstack/lib/python3.12/site-packages/neutron/api/rpc/handlers/dhcp_rpc.py", line 340, in get_dhcp_port
2026-05-06 19:40:23.102 13 ERROR oslo_messaging.rpc.server return plugin.get_port(context, port_id)
2026-05-06 19:40:23.102 13 ERROR oslo_messaging.rpc.server ^^^^^^^^^^^^^^^^^^^^^^^^^^^^^^^^^
2026-05-06 19:40:23.102 13 ERROR oslo_messaging.rpc.server
File "/var/lib/openstack/lib/python3.12/site-packages/neutron_lib/db/api.py", line 223, in wrapped
2026-05-06 19:40:23.102 13 ERROR oslo_messaging.rpc.server return f_with_retry(*args, **kwargs,
2026-05-06 19:40:23.102 13 ERROR oslo_messaging.rpc.server ^^^^^^^^^^^^^^^^^^^^^^^^^^^^^
2026-05-06 19:40:23.102 13 ERROR oslo_messaging.rpc.server
File "/var/lib/openstack/lib/python3.12/site-packages/neutron_lib/db/api.py", line 137, in wrapped
2026-05-06 19:40:23.102 13 ERROR oslo_messaging.rpc.server with excutils.save_and_reraise_exception():
2026-05-06 19:40:23.102 13 ERROR oslo_messaging.rpc.server
File "/var/lib/openstack/lib/python3.12/site-packages/oslo_utils/excutils.py", line 227, in __exit__
2026-05-06 19:40:23.102 13 ERROR oslo_messaging.rpc.server self.force_reraise()
2026-05-06 19:40:23.102 13 ERROR oslo_messaging.rpc.server
File "/var/lib/openstack/lib/python3.12/site-packages/oslo_utils/excutils.py", line 200, in force_reraise
2026-05-06 19:40:23.102 13 ERROR oslo_messaging.rpc.server raise self.value
2026-05-06 19:40:23.102 13 ERROR oslo_messaging.rpc.server
File "/var/lib/openstack/lib/python3.12/site-packages/neutron_lib/db/api.py", line 135, in wrapped
2026-05-06 19:40:23.102 13 ERROR oslo_messaging.rpc.server return f(*args, **kwargs)
2026-05-06 19:40:23.102 13 ERROR oslo_messaging.rpc.server ^^^^^^^^^^^^^^^^^^
2026-05-06 19:40:23.102 13 ERROR oslo_messaging.rpc.server
File "/var/lib/openstack/lib/python3.12/site-packages/oslo_db/api.py", line 144, in wrapper
2026-05-06 19:40:23.102 13 ERROR oslo_messaging.rpc.server with excutils.save_and_reraise_exception() as ectxt:
2026-05-06 19:40:23.102 13 ERROR oslo_messaging.rpc.server
File "/var/lib/openstack/lib/python3.12/site-packages/oslo_utils/excutils.py", line 227, in __exit__
2026-05-06 19:40:23.102 13 ERROR oslo_messaging.rpc.server self.force_reraise()
2026-05-06 19:40:23.102 13 ERROR oslo_messaging.rpc.server
File "/var/lib/openstack/lib/python3.12/site-packages/oslo_utils/excutils.py", line 200, in force_reraise
2026-05-06 19:40:23.102 13 ERROR oslo_messaging.rpc.server raise self.value
2026-05-06 19:40:23.102 13 ERROR oslo_messaging.rpc.server
File "/var/lib/openstack/lib/python3.12/site-packages/oslo_db/api.py", line 142, in wrapper
2026-05-06 19:40:23.102 13 ERROR oslo_messaging.rpc.server return f(*args, **kwargs)
2026-05-06 19:40:23.102 13 ERROR oslo_messaging.rpc.server ^^^^^^^^^^^^^^^^^^
2026-05-06 19:40:23.102 13 ERROR oslo_messaging.rpc.server
File "/var/lib/openstack/lib/python3.12/site-packages/neutron_lib/db/api.py", line 183, in wrapped
2026-05-06 19:40:23.102 13 ERROR oslo_messaging.rpc.server with excutils.save_and_reraise_exception():
2026-05-06 19:40:23.102 13 ERROR oslo_messaging.rpc.server
File "/var/lib/openstack/lib/python3.12/site-packages/oslo_utils/excutils.py", line 227, in __exit__
2026-05-06 19:40:23.102 13 ERROR oslo_messaging.rpc.server self.force_reraise()
2026-05-06 19:40:23.102 13 ERROR oslo_messaging.rpc.server
File "/var/lib/openstack/lib/python3.12/site-packages/oslo_utils/excutils.py", line 200, in force_reraise
2026-05-06 19:40:23.102 13 ERROR oslo_messaging.rpc.server raise self.value
2026-05-06 19:40:23.102 13 ERROR oslo_messaging.rpc.server
File "/var/lib/openstack/lib/python3.12/site-packages/neutron_lib/db/api.py", line 181, in wrapped
2026-05-06 19:40:23.102 13 ERROR oslo_messaging.rpc.server return f(*dup_args, **dup_kwargs)
2026-05-06 19:40:23.102 13 ERROR oslo_messaging.rpc.server ^^^^^^^^^^^^^^^^^^^^^^^^^^
2026-05-06 19:40:23.102 13 ERROR oslo_messaging.rpc.server
File "/var/lib/openstack/lib/python3.12/site-packages/oslo_db/sqlalchemy/enginefacade.py", line 1183, in wrapper
2026-05-06 19:40:23.102 13 ERROR oslo_messaging.rpc.server return fn(*args, **kwargs)
2026-05-06 19:40:23.102 13 ERROR oslo_messaging.rpc.server ^^^^^^^^^^^^^^^^^^^
2026-05-06 19:40:23.102 13 ERROR oslo_messaging.rpc.server
File "/var/lib/openstack/lib/python3.12/site-packages/neutron/db/db_base_plugin_v2.py", line 1664, in get_port
2026-05-06 19:40:23.102 13 ERROR oslo_messaging.rpc.server port = self._get_port(context, id, lazy_fields=lazy_fields)
2026-05-06 19:40:23.102 13 ERROR oslo_messaging.rpc.server ^^^^^^^^^^^^^^^^^^^^^^^^^^^^^^^^^^^^^^^^^^^^^^^^^^^^
2026-05-06 19:40:23.102 13 ERROR oslo_messaging.rpc.server
File "/var/lib/openstack/lib/python3.12/site-packages/oslo_db/sqlalchemy/enginefacade.py", line 1183, in wrapper
2026-05-06 19:40:23.102 13 ERROR oslo_messaging.rpc.server return fn(*args, **kwargs)
2026-05-06 19:40:23.102 13 ERROR oslo_messaging.rpc.server ^^^^^^^^^^^^^^^^^^^
2026-05-06 19:40:23.102 13 ERROR oslo_messaging.rpc.server
File "/var/lib/openstack/lib/python3.12/site-packages/neutron/db/db_base_plugin_common.py", line 295, in _get_port
2026-05-06 19:40:23.102 13 ERROR oslo_messaging.rpc.server raise exceptions.PortNotFound(port_id=id)
2026-05-06 19:40:23.102 13 ERROR oslo_messaging.rpc.server neutron_lib.exceptions.PortNotFound: Port 13dcce30-1ce9-4b29-971a-fd170ebebef7 could not be found.
2026-05-06 19:40:23.102 13 ERROR oslo_messaging.rpc.server
2026-05-06 19:40:31.095 16 INFO neutron.plugins.ml2.plugin [None req-88d9a612-c886-439d-8724-519f509706b3 - - - - - -] Attempt 1 to provision port 187025eb-3be4-45d1-b607-2dceed8c156b
2026-05-06 19:40:32.528 13 INFO neutron.plugins.ml2.plugin [None req-8f16daf1-de2b-47be-ab8b-083672a5dc61 - - - - - -] Attempt 1 to provision port 187025eb-3be4-45d1-b607-2dceed8c156b
2026-05-06 19:40:33.136 13 INFO neutron.plugins.ml2.plugin [None req-88d9a612-c886-439d-8724-519f509706b3 - - - - - -] Attempt 1 to provision port 187025eb-3be4-45d1-b607-2dceed8c156b
2026-05-06 19:41:13.156 13 INFO neutron.plugins.ml2.plugin [None req-88d9a612-c886-439d-8724-519f509706b3 - - - - - -] Attempt 1 to provision port 1973c8a3-083d-4e6f-a2ec-a67f90ca3db4
2026-05-06 19:41:15.126 13 INFO neutron.plugins.ml2.plugin [None req-88d9a612-c886-439d-8724-519f509706b3 - - - - - -] Attempt 1 to provision port 1973c8a3-083d-4e6f-a2ec-a67f90ca3db4
2026-05-06 19:41:17.163 16 INFO neutron.plugins.ml2.plugin [None req-88d9a612-c886-439d-8724-519f509706b3 - - - - - -] Attempt 1 to provision port 55694889-2889-426b-b4ca-c5365c9c836e
2026-05-06 19:41:19.209 16 INFO neutron.plugins.ml2.plugin [None req-88d9a612-c886-439d-8724-519f509706b3 - - - - - -] Attempt 1 to provision port 55694889-2889-426b-b4ca-c5365c9c836e
2026-05-06 19:41:19.423 16 INFO neutron.plugins.ml2.plugin [None req-88d9a612-c886-439d-8724-519f509706b3 - - - - - -] Attempt 1 to provision port 3363511e-74e2-4f2e-8344-1c4a69b0ed0f
2026-05-06 19:41:21.150 13 INFO neutron.plugins.ml2.plugin [None req-88d9a612-c886-439d-8724-519f509706b3 - - - - - -] Attempt 1 to provision port 3363511e-74e2-4f2e-8344-1c4a69b0ed0f
2026-05-06 19:41:23.137 13 INFO neutron.plugins.ml2.plugin [None req-88d9a612-c886-439d-8724-519f509706b3 - - - - - -] Attempt 1 to provision port b46de5c5-37b9-4dce-bcb1-61975c79fc24
2026-05-06 19:41:24.434 16 INFO neutron.plugins.ml2.plugin [None req-ce2a4501-c269-4fc5-9157-52312b6a87d0 - - - - - -] Attempt 1 to provision port 3363511e-74e2-4f2e-8344-1c4a69b0ed0f
2026-05-06 19:41:24.479 16 INFO neutron.plugins.ml2.plugin [None req-ce2a4501-c269-4fc5-9157-52312b6a87d0 - - - - - -] Attempt 1 to provision port b46de5c5-37b9-4dce-bcb1-61975c79fc24
2026-05-06 19:41:24.531 16 INFO neutron.plugins.ml2.plugin [None req-ce2a4501-c269-4fc5-9157-52312b6a87d0 - - - - - -] Attempt 1 to provision port 858bf841-9edb-44d0-a06e-4704e7a55a79
2026-05-06 19:41:24.558 16 INFO neutron.plugins.ml2.plugin [None req-ce2a4501-c269-4fc5-9157-52312b6a87d0 - - - - - -] Attempt 1 to provision port a2e8d9ea-3993-4c34-920d-610ea918fb91
2026-05-06 19:41:24.586 16 INFO neutron.plugins.ml2.plugin [None req-ce2a4501-c269-4fc5-9157-52312b6a87d0 - - - - - -] Attempt 1 to provision port 222de91e-e8d5-4eb0-9f2a-9763976e8063
2026-05-06 19:41:24.616 16 INFO neutron.plugins.ml2.plugin [None req-ce2a4501-c269-4fc5-9157-52312b6a87d0 - - - - - -] Attempt 1 to provision port 1973c8a3-083d-4e6f-a2ec-a67f90ca3db4
2026-05-06 19:41:25.101 16 INFO neutron.plugins.ml2.plugin [None req-88d9a612-c886-439d-8724-519f509706b3 - - - - - -] Attempt 1 to provision port b46de5c5-37b9-4dce-bcb1-61975c79fc24
2026-05-06 19:41:28.968 16 INFO neutron.plugins.ml2.plugin [None req-ef1db6c5-e283-4480-b304-5b67dee3a603 - - - - - -] Attempt 1 to provision port b46de5c5-37b9-4dce-bcb1-61975c79fc24
2026-05-06 19:41:29.013 16 INFO neutron.plugins.ml2.plugin [None req-ef1db6c5-e283-4480-b304-5b67dee3a603 - - - - - -] Attempt 1 to provision port a2e8d9ea-3993-4c34-920d-610ea918fb91
2026-05-06 19:41:29.039 16 INFO neutron.plugins.ml2.plugin [None req-ef1db6c5-e283-4480-b304-5b67dee3a603 - - - - - -] Attempt 1 to provision port 6f80de08-fd5b-4ca4-b406-6a5862d4facc
2026-05-06 19:41:29.058 16 INFO neutron.plugins.ml2.plugin [None req-ef1db6c5-e283-4480-b304-5b67dee3a603 - - - - - -] Attempt 1 to provision port 1973c8a3-083d-4e6f-a2ec-a67f90ca3db4
2026-05-06 19:41:31.666 13 INFO neutron.plugins.ml2.plugin [None req-88d9a612-c886-439d-8724-519f509706b3 - - - - - -] Attempt 1 to provision port 95daa55c-8e9b-4bec-b740-262292f72201
2026-05-06 19:41:31.797 13 INFO neutron.notifiers.nova [-] Nova event matching ['req-ecb307b4-1a1c-481c-8204-752b276baa92'] response: {'server_uuid': '017fb416-b3d2-428a-9313-af735ce7aa65', 'name': 'network-vif-plugged', 'status': 'completed', 'tag': '95daa55c-8e9b-4bec-b740-262292f72201', 'code': 200}
2026-05-06 19:41:33.008 16 INFO neutron.plugins.ml2.plugin [None req-6df17b80-20d6-49b7-b6b5-a402b54e3d12 - - - - - -] Attempt 1 to provision port 3363511e-74e2-4f2e-8344-1c4a69b0ed0f
2026-05-06 19:41:33.096 16 INFO neutron.plugins.ml2.plugin [None req-6df17b80-20d6-49b7-b6b5-a402b54e3d12 - - - - - -] Attempt 1 to provision port b46de5c5-37b9-4dce-bcb1-61975c79fc24
2026-05-06 19:41:33.196 16 INFO neutron.plugins.ml2.plugin [None req-6df17b80-20d6-49b7-b6b5-a402b54e3d12 - - - - - -] Attempt 1 to provision port 95daa55c-8e9b-4bec-b740-262292f72201
2026-05-06 19:41:33.212 13 INFO neutron.plugins.ml2.plugin [None req-88d9a612-c886-439d-8724-519f509706b3 - - - - - -] Attempt 1 to provision port 858bf841-9edb-44d0-a06e-4704e7a55a79
2026-05-06 19:41:33.285 16 INFO neutron.plugins.ml2.plugin [None req-6df17b80-20d6-49b7-b6b5-a402b54e3d12 - - - - - -] Attempt 1 to provision port a2e8d9ea-3993-4c34-920d-610ea918fb91
2026-05-06 19:41:33.326 16 INFO neutron.plugins.ml2.plugin [None req-6df17b80-20d6-49b7-b6b5-a402b54e3d12 - - - - - -] Attempt 1 to provision port 6f80de08-fd5b-4ca4-b406-6a5862d4facc
2026-05-06 19:41:33.495 13 INFO neutron.plugins.ml2.plugin [None req-88d9a612-c886-439d-8724-519f509706b3 - - - - - -] Attempt 1 to provision port 222de91e-e8d5-4eb0-9f2a-9763976e8063
2026-05-06 19:41:33.513 16 INFO neutron.plugins.ml2.plugin [None req-6df17b80-20d6-49b7-b6b5-a402b54e3d12 - - - - - -] Attempt 1 to provision port 222de91e-e8d5-4eb0-9f2a-9763976e8063
2026-05-06 19:41:33.756 13 INFO neutron.plugins.ml2.plugin [None req-88d9a612-c886-439d-8724-519f509706b3 - - - - - -] Attempt 1 to provision port 95daa55c-8e9b-4bec-b740-262292f72201
2026-05-06 19:41:33.910 13 INFO neutron.plugins.ml2.plugin [None req-88d9a612-c886-439d-8724-519f509706b3 - - - - - -] Attempt 1 to provision port 6f80de08-fd5b-4ca4-b406-6a5862d4facc
2026-05-06 19:41:35.197 16 INFO neutron.plugins.ml2.plugin [None req-88d9a612-c886-439d-8724-519f509706b3 - - - - - -] Attempt 1 to provision port 858bf841-9edb-44d0-a06e-4704e7a55a79
2026-05-06 19:41:35.349 16 INFO neutron.plugins.ml2.plugin [None req-88d9a612-c886-439d-8724-519f509706b3 - - - - - -] Attempt 1 to provision port 222de91e-e8d5-4eb0-9f2a-9763976e8063
2026-05-06 19:41:35.522 16 INFO neutron.plugins.ml2.plugin [None req-88d9a612-c886-439d-8724-519f509706b3 - - - - - -] Attempt 1 to provision port a2e8d9ea-3993-4c34-920d-610ea918fb91
2026-05-06 19:41:35.777 16 INFO neutron.plugins.ml2.plugin [None req-88d9a612-c886-439d-8724-519f509706b3 - - - - - -] Attempt 1 to provision port 6f80de08-fd5b-4ca4-b406-6a5862d4facc
2026-05-06 19:41:36.713 16 INFO neutron.plugins.ml2.plugin [None req-079699fe-a163-4486-9a55-a2ee9c3a1127 - - - - - -] Attempt 1 to provision port a2e8d9ea-3993-4c34-920d-610ea918fb91
2026-05-06 19:41:36.765 16 INFO neutron.plugins.ml2.plugin [None req-079699fe-a163-4486-9a55-a2ee9c3a1127 - - - - - -] Attempt 1 to provision port 3363511e-74e2-4f2e-8344-1c4a69b0ed0f
2026-05-06 19:41:36.809 16 INFO neutron.plugins.ml2.plugin [None req-079699fe-a163-4486-9a55-a2ee9c3a1127 - - - - - -] Attempt 1 to provision port 222de91e-e8d5-4eb0-9f2a-9763976e8063
2026-05-06 19:41:36.858 16 INFO neutron.plugins.ml2.plugin [None req-079699fe-a163-4486-9a55-a2ee9c3a1127 - - - - - -] Attempt 1 to provision port 95daa55c-8e9b-4bec-b740-262292f72201
2026-05-06 19:41:37.093 13 INFO neutron.plugins.ml2.plugin [None req-88d9a612-c886-439d-8724-519f509706b3 - - - - - -] Attempt 1 to provision port a2e8d9ea-3993-4c34-920d-610ea918fb91
2026-05-06 19:41:38.900 16 INFO neutron.plugins.ml2.plugin [None req-59a11062-deed-49ea-b570-805dd56fb312 - - - - - -] Attempt 1 to provision port 222de91e-e8d5-4eb0-9f2a-9763976e8063
2026-05-06 19:41:41.096 13 INFO neutron.plugins.ml2.plugin [None req-41bc98d0-b10a-432b-8c93-990279f05c22 - - - - - -] Attempt 1 to provision port a2e8d9ea-3993-4c34-920d-610ea918fb91
2026-05-06 19:41:41.139 13 INFO neutron.plugins.ml2.plugin [None req-41bc98d0-b10a-432b-8c93-990279f05c22 - - - - - -] Attempt 1 to provision port 95daa55c-8e9b-4bec-b740-262292f72201
2026-05-06 19:41:47.157 13 INFO neutron.plugins.ml2.plugin [None req-88d9a612-c886-439d-8724-519f509706b3 - - - - - -] Attempt 1 to provision port 4204dae2-e7ac-43d5-983d-ac62af2b9d45
2026-05-06 19:41:47.252 13 INFO neutron.notifiers.nova [-] Nova event matching ['req-5a0cd210-4089-427a-bd9c-b61219b42a85'] response: {'server_uuid': 'd26a0e79-71cd-417a-8b31-761851d116bb', 'name': 'network-vif-plugged', 'status': 'completed', 'tag': '4204dae2-e7ac-43d5-983d-ac62af2b9d45', 'code': 200}
2026-05-06 19:41:49.125 16 INFO neutron.plugins.ml2.plugin [None req-88d9a612-c886-439d-8724-519f509706b3 - - - - - -] Attempt 1 to provision port 4204dae2-e7ac-43d5-983d-ac62af2b9d45
2026-05-06 19:42:14.999 13 INFO neutron.plugins.ml2.plugin [None req-4ba9018d-05bc-4e17-9d2d-08525ed5c686 - - - - - -] Attempt 1 to provision port 13819074-fc6a-4e1d-9c31-fd8efdf90166
2026-05-06 19:42:35.688 13 INFO neutron.plugins.ml2.plugin [None req-88d9a612-c886-439d-8724-519f509706b3 - - - - - -] Attempt 1 to provision port 295fc28d-54da-49b5-892b-19616d5ae407
2026-05-06 19:42:35.798 13 INFO neutron.notifiers.nova [-] Nova event matching ['req-fb456b0b-f1ac-4df3-acab-5bed488d18fb'] response: {'server_uuid': '2c53e600-bbb3-454a-aa28-bb024d76d46a', 'name': 'network-vif-plugged', 'status': 'completed', 'tag': '295fc28d-54da-49b5-892b-19616d5ae407', 'code': 200}
2026-05-06 19:42:37.129 16 INFO neutron.plugins.ml2.plugin [None req-88d9a612-c886-439d-8724-519f509706b3 - - - - - -] Attempt 1 to provision port 295fc28d-54da-49b5-892b-19616d5ae407
2026-05-06 19:43:16.712 16 INFO neutron.plugins.ml2.plugin [None req-aa040662-97f2-4244-bc0a-709edb5aae46 - - - - - -] Attempt 1 to provision port 6da09035-16d3-4e68-b107-22478725618c
2026-05-06 19:43:23.166 13 INFO neutron.plugins.ml2.plugin [None req-88d9a612-c886-439d-8724-519f509706b3 - - - - - -] Attempt 1 to provision port 6da09035-16d3-4e68-b107-22478725618c
2026-05-06 19:43:23.281 13 INFO neutron.notifiers.nova [-] Nova event matching ['req-50e15540-a8ac-4ec4-ab69-94d66d5506da'] response: {'server_uuid': '2c53e600-bbb3-454a-aa28-bb024d76d46a', 'name': 'network-vif-plugged', 'status': 'completed', 'tag': '6da09035-16d3-4e68-b107-22478725618c', 'code': 200}
2026-05-06 19:43:25.224 16 INFO neutron.plugins.ml2.plugin [None req-88d9a612-c886-439d-8724-519f509706b3 - - - - - -] Attempt 1 to provision port 6da09035-16d3-4e68-b107-22478725618c
2026-05-06 19:43:27.679 16 INFO neutron.plugins.ml2.plugin [None req-88d9a612-c886-439d-8724-519f509706b3 - - - - - -] Attempt 1 to provision port 6da09035-16d3-4e68-b107-22478725618c
2026-05-06 19:43:50.384 16 INFO neutron.plugins.ml2.plugin [None req-53ff88ed-1a49-4546-ab6b-4a6a0b5ac2a3 - - - - - -] Attempt 1 to provision port 26224c95-f7fb-4e21-aa5a-17f04ee0402f
2026-05-06 19:43:58.714 16 INFO neutron.plugins.ml2.plugin [None req-88d9a612-c886-439d-8724-519f509706b3 - - - - - -] Attempt 1 to provision port 26224c95-f7fb-4e21-aa5a-17f04ee0402f
2026-05-06 19:43:58.863 16 INFO neutron.notifiers.nova [-] Nova event matching ['req-11827877-813b-4f07-8bb9-592975bf69a3'] response: {'server_uuid': '2c53e600-bbb3-454a-aa28-bb024d76d46a', 'name': 'network-vif-plugged', 'status': 'completed', 'tag': '26224c95-f7fb-4e21-aa5a-17f04ee0402f', 'code': 200}
2026-05-06 19:43:59.304 13 INFO neutron.plugins.ml2.plugin [None req-88d9a612-c886-439d-8724-519f509706b3 - - - - - -] Attempt 1 to provision port 26224c95-f7fb-4e21-aa5a-17f04ee0402f
2026-05-06 19:44:07.299 13 INFO neutron.plugins.ml2.plugin [None req-4cd0d1ee-fec7-42d9-be1d-aa1975241c65 - - - - - -] Attempt 1 to provision port 26e138d2-bb9e-4c02-bd3b-92f85efd0ae3
2026-05-06 19:44:13.348 16 INFO neutron.plugins.ml2.plugin [None req-88d9a612-c886-439d-8724-519f509706b3 - - - - - -] Attempt 1 to provision port 26e138d2-bb9e-4c02-bd3b-92f85efd0ae3
2026-05-06 19:44:13.457 16 INFO neutron.notifiers.nova [-] Nova event matching ['req-7fdaebf5-ae35-4df0-b1e5-d49fe193794e'] response: {'server_uuid': '2c53e600-bbb3-454a-aa28-bb024d76d46a', 'name': 'network-vif-plugged', 'status': 'completed', 'tag': '26e138d2-bb9e-4c02-bd3b-92f85efd0ae3', 'code': 200}
2026-05-06 19:44:15.327 13 INFO neutron.plugins.ml2.plugin [None req-88d9a612-c886-439d-8724-519f509706b3 - - - - - -] Attempt 1 to provision port 26e138d2-bb9e-4c02-bd3b-92f85efd0ae3
2026-05-06 19:44:17.357 13 INFO neutron.plugins.ml2.plugin [None req-ad458d29-f77d-4834-a065-9db9a68f77a3 - - - - - -] Attempt 1 to provision port 26224c95-f7fb-4e21-aa5a-17f04ee0402f
2026-05-06 19:44:17.404 16 INFO neutron.plugins.ml2.plugin [None req-88d9a612-c886-439d-8724-519f509706b3 - - - - - -] Attempt 1 to provision port 26224c95-f7fb-4e21-aa5a-17f04ee0402f
2026-05-06 19:44:29.965 13 INFO neutron.plugins.ml2.plugin [None req-5bd5bee8-3228-4e7f-abe8-07c5820b3421 - - - - - -] Attempt 1 to provision port 26e138d2-bb9e-4c02-bd3b-92f85efd0ae3
2026-05-06 19:44:31.337 13 INFO neutron.plugins.ml2.plugin [None req-7dace6ab-d9d0-4119-b0a2-1e5bf21e3873 - - - - - -] Attempt 1 to provision port 26e138d2-bb9e-4c02-bd3b-92f85efd0ae3
2026-05-06 19:44:31.389 16 INFO neutron.plugins.ml2.plugin [None req-88d9a612-c886-439d-8724-519f509706b3 - - - - - -] Attempt 1 to provision port 26e138d2-bb9e-4c02-bd3b-92f85efd0ae3
2026-05-06 19:44:40.269 16 INFO neutron.plugins.ml2.plugin [None req-8c065468-af98-4a27-be88-ab842df66c06 - - - - - -] Attempt 1 to provision port 26224c95-f7fb-4e21-aa5a-17f04ee0402f
2026-05-06 19:44:41.400 13 INFO neutron.plugins.ml2.plugin [None req-88d9a612-c886-439d-8724-519f509706b3 - - - - - -] Attempt 1 to provision port 26224c95-f7fb-4e21-aa5a-17f04ee0402f