Apr 07 21:01:14.573450 np0000164081 nova-conductor[109600]: DEBUG cotyledon.oslo_config_glue [-] vmware.vnc_port_total = 10000 {{(pid=109600) log_opt_values /opt/stack/data/venv/lib/python3.12/site-packages/oslo_config/cfg.py:3006}}
Apr 07 21:01:14.573662 np0000164081 nova-conductor[109600]: DEBUG cotyledon.oslo_config_glue [-] vnc.auth_schemes = ['none'] {{(pid=109600) log_opt_values /opt/stack/data/venv/lib/python3.12/site-packages/oslo_config/cfg.py:3006}}
Apr 07 21:01:14.573662 np0000164081 nova-conductor[109600]: DEBUG cotyledon.oslo_config_glue [-] vnc.enabled = True {{(pid=109600) log_opt_values /opt/stack/data/venv/lib/python3.12/site-packages/oslo_config/cfg.py:3006}}
Apr 07 21:01:14.573662 np0000164081 nova-conductor[109600]: DEBUG cotyledon.oslo_config_glue [-] vnc.novncproxy_base_url = http://127.0.0.1:6080/vnc_auto.html {{(pid=109600) log_opt_values /opt/stack/data/venv/lib/python3.12/site-packages/oslo_config/cfg.py:3006}}
Apr 07 21:01:14.573662 np0000164081 nova-conductor[109600]: DEBUG cotyledon.oslo_config_glue [-] vnc.novncproxy_host = 0.0.0.0 {{(pid=109600) log_opt_values /opt/stack/data/venv/lib/python3.12/site-packages/oslo_config/cfg.py:3006}}
Apr 07 21:01:14.573662 np0000164081 nova-conductor[109600]: DEBUG cotyledon.oslo_config_glue [-] vnc.novncproxy_port = 6080 {{(pid=109600) log_opt_values /opt/stack/data/venv/lib/python3.12/site-packages/oslo_config/cfg.py:3006}}
Apr 07 21:01:14.573662 np0000164081 nova-conductor[109600]: DEBUG cotyledon.oslo_config_glue [-] vnc.server_listen = 127.0.0.1 {{(pid=109600) log_opt_values /opt/stack/data/venv/lib/python3.12/site-packages/oslo_config/cfg.py:3006}}
Apr 07 21:01:14.573662 np0000164081 nova-conductor[109600]: DEBUG cotyledon.oslo_config_glue [-] vnc.server_proxyclient_address = 127.0.0.1 {{(pid=109600) log_opt_values /opt/stack/data/venv/lib/python3.12/site-packages/oslo_config/cfg.py:3006}}
Apr 07 21:01:14.573662 np0000164081 nova-conductor[109600]: DEBUG cotyledon.oslo_config_glue [-] vnc.vencrypt_ca_certs = None {{(pid=109600) log_opt_values /opt/stack/data/venv/lib/python3.12/site-packages/oslo_config/cfg.py:3006}}
Apr 07 21:01:14.573662 np0000164081 nova-conductor[109600]: DEBUG cotyledon.oslo_config_glue [-] vnc.vencrypt_client_cert = None {{(pid=109600) log_opt_values /opt/stack/data/venv/lib/python3.12/site-packages/oslo_config/cfg.py:3006}}
Apr 07 21:01:14.573891 np0000164081 nova-conductor[109600]: DEBUG cotyledon.oslo_config_glue [-] vnc.vencrypt_client_key = None {{(pid=109600) log_opt_values /opt/stack/data/venv/lib/python3.12/site-packages/oslo_config/cfg.py:3006}}
Apr 07 21:01:14.573891 np0000164081 nova-conductor[109600]: DEBUG cotyledon.oslo_config_glue [-] workarounds.disable_compute_service_check_for_ffu = False {{(pid=109600) log_opt_values /opt/stack/data/venv/lib/python3.12/site-packages/oslo_config/cfg.py:3006}}
Apr 07 21:01:14.573891 np0000164081 nova-conductor[109600]: DEBUG cotyledon.oslo_config_glue [-] workarounds.disable_deep_image_inspection = False {{(pid=109600) log_opt_values /opt/stack/data/venv/lib/python3.12/site-packages/oslo_config/cfg.py:3006}}
Apr 07 21:01:14.573891 np0000164081 nova-conductor[109600]: DEBUG cotyledon.oslo_config_glue [-] workarounds.disable_fallback_pcpu_query = False {{(pid=109600) log_opt_values /opt/stack/data/venv/lib/python3.12/site-packages/oslo_config/cfg.py:3006}}
Apr 07 21:01:14.573891 np0000164081 nova-conductor[109600]: DEBUG cotyledon.oslo_config_glue [-] workarounds.disable_group_policy_check_upcall = False {{(pid=109600) log_opt_values /opt/stack/data/venv/lib/python3.12/site-packages/oslo_config/cfg.py:3006}}
Apr 07 21:01:14.573891 np0000164081 nova-conductor[109600]: DEBUG cotyledon.oslo_config_glue [-] workarounds.disable_libvirt_livesnapshot = False {{(pid=109600) log_opt_values /opt/stack/data/venv/lib/python3.12/site-packages/oslo_config/cfg.py:3006}}
Apr 07 21:01:14.573891 np0000164081 nova-conductor[109600]: DEBUG cotyledon.oslo_config_glue [-] workarounds.disable_rootwrap = False {{(pid=109600) log_opt_values /opt/stack/data/venv/lib/python3.12/site-packages/oslo_config/cfg.py:3006}}
Apr 07 21:01:14.574059 np0000164081 nova-conductor[109587]: DEBUG oslo_db.sqlalchemy.engines [None req-8a8cede1-0485-474d-b884-586659cc9f78 None None] MySQL server mode set to STRICT_TRANS_TABLES,STRICT_ALL_TABLES,NO_ZERO_IN_DATE,NO_ZERO_DATE,ERROR_FOR_DIVISION_BY_ZERO,TRADITIONAL,NO_ENGINE_SUBSTITUTION {{(pid=109587) _check_effective_sql_mode /opt/stack/data/venv/lib/python3.12/site-packages/oslo_db/sqlalchemy/engines.py:325}}
Apr 07 21:01:14.574090 np0000164081 nova-conductor[109600]: DEBUG cotyledon.oslo_config_glue [-] workarounds.enable_numa_live_migration = False {{(pid=109600) log_opt_values /opt/stack/data/venv/lib/python3.12/site-packages/oslo_config/cfg.py:3006}}
Apr 07 21:01:14.574090 np0000164081 nova-conductor[109600]: DEBUG cotyledon.oslo_config_glue [-] workarounds.enable_qemu_monitor_announce_self = False {{(pid=109600) log_opt_values /opt/stack/data/venv/lib/python3.12/site-packages/oslo_config/cfg.py:3006}}
Apr 07 21:01:14.574090 np0000164081 nova-conductor[109600]: DEBUG cotyledon.oslo_config_glue [-] workarounds.ensure_libvirt_rbd_instance_dir_cleanup = False {{(pid=109600) log_opt_values /opt/stack/data/venv/lib/python3.12/site-packages/oslo_config/cfg.py:3006}}
Apr 07 21:01:14.574090 np0000164081 nova-conductor[109600]: DEBUG cotyledon.oslo_config_glue [-] workarounds.handle_virt_lifecycle_events = True {{(pid=109600) log_opt_values /opt/stack/data/venv/lib/python3.12/site-packages/oslo_config/cfg.py:3006}}
Apr 07 21:01:14.574090 np0000164081 nova-conductor[109600]: DEBUG cotyledon.oslo_config_glue [-] workarounds.libvirt_disable_apic = False {{(pid=109600) log_opt_values /opt/stack/data/venv/lib/python3.12/site-packages/oslo_config/cfg.py:3006}}
Apr 07 21:01:14.574090 np0000164081 nova-conductor[109600]: DEBUG cotyledon.oslo_config_glue [-] workarounds.never_download_image_if_on_rbd = False {{(pid=109600) log_opt_values /opt/stack/data/venv/lib/python3.12/site-packages/oslo_config/cfg.py:3006}}
Apr 07 21:01:14.574090 np0000164081 nova-conductor[109600]: DEBUG cotyledon.oslo_config_glue [-] workarounds.qemu_monitor_announce_self_count = 3 {{(pid=109600) log_opt_values /opt/stack/data/venv/lib/python3.12/site-packages/oslo_config/cfg.py:3006}}
Apr 07 21:01:14.574090 np0000164081 nova-conductor[109600]: DEBUG cotyledon.oslo_config_glue [-] workarounds.qemu_monitor_announce_self_interval = 1 {{(pid=109600) log_opt_values /opt/stack/data/venv/lib/python3.12/site-packages/oslo_config/cfg.py:3006}}
Apr 07 21:01:14.574090 np0000164081 nova-conductor[109600]: DEBUG cotyledon.oslo_config_glue [-] workarounds.reserve_disk_resource_for_image_cache = False {{(pid=109600) log_opt_values /opt/stack/data/venv/lib/python3.12/site-packages/oslo_config/cfg.py:3006}}
Apr 07 21:01:14.574293 np0000164081 nova-conductor[109600]: DEBUG cotyledon.oslo_config_glue [-] workarounds.skip_cpu_compare_at_startup = False {{(pid=109600) log_opt_values /opt/stack/data/venv/lib/python3.12/site-packages/oslo_config/cfg.py:3006}}
Apr 07 21:01:14.574293 np0000164081 nova-conductor[109600]: DEBUG cotyledon.oslo_config_glue [-] workarounds.skip_cpu_compare_on_dest = False {{(pid=109600) log_opt_values /opt/stack/data/venv/lib/python3.12/site-packages/oslo_config/cfg.py:3006}}
Apr 07 21:01:14.574293 np0000164081 nova-conductor[109600]: DEBUG cotyledon.oslo_config_glue [-] workarounds.skip_hypervisor_version_check_on_lm = False {{(pid=109600) log_opt_values /opt/stack/data/venv/lib/python3.12/site-packages/oslo_config/cfg.py:3006}}
Apr 07 21:01:14.574293 np0000164081 nova-conductor[109600]: DEBUG cotyledon.oslo_config_glue [-] workarounds.skip_reserve_in_use_ironic_nodes = False {{(pid=109600) log_opt_values /opt/stack/data/venv/lib/python3.12/site-packages/oslo_config/cfg.py:3006}}
Apr 07 21:01:14.574293 np0000164081 nova-conductor[109600]: DEBUG cotyledon.oslo_config_glue [-] workarounds.unified_limits_count_pcpu_as_vcpu = False {{(pid=109600) log_opt_values /opt/stack/data/venv/lib/python3.12/site-packages/oslo_config/cfg.py:3006}}
Apr 07 21:01:14.574293 np0000164081 nova-conductor[109600]: DEBUG cotyledon.oslo_config_glue [-] workarounds.wait_for_vif_plugged_event_during_hard_reboot = [] {{(pid=109600) log_opt_values /opt/stack/data/venv/lib/python3.12/site-packages/oslo_config/cfg.py:3006}}
Apr 07 21:01:14.574293 np0000164081 nova-conductor[109600]: DEBUG cotyledon.oslo_config_glue [-] wsgi.api_paste_config = /etc/nova/api-paste.ini {{(pid=109600) log_opt_values /opt/stack/data/venv/lib/python3.12/site-packages/oslo_config/cfg.py:3006}}
Apr 07 21:01:14.574293 np0000164081 nova-conductor[109600]: DEBUG cotyledon.oslo_config_glue [-] wsgi.secure_proxy_ssl_header = None {{(pid=109600) log_opt_values /opt/stack/data/venv/lib/python3.12/site-packages/oslo_config/cfg.py:3006}}
Apr 07 21:01:14.574293 np0000164081 nova-conductor[109600]: DEBUG cotyledon.oslo_config_glue [-] zvm.ca_file = None {{(pid=109600) log_opt_values /opt/stack/data/venv/lib/python3.12/site-packages/oslo_config/cfg.py:3006}}
Apr 07 21:01:14.574500 np0000164081 nova-conductor[109600]: DEBUG cotyledon.oslo_config_glue [-] zvm.cloud_connector_url = None {{(pid=109600) log_opt_values /opt/stack/data/venv/lib/python3.12/site-packages/oslo_config/cfg.py:3006}}
Apr 07 21:01:14.574500 np0000164081 nova-conductor[109600]: DEBUG cotyledon.oslo_config_glue [-] zvm.image_tmp_path = /opt/stack/data/nova/images {{(pid=109600) log_opt_values /opt/stack/data/venv/lib/python3.12/site-packages/oslo_config/cfg.py:3006}}
Apr 07 21:01:14.574500 np0000164081 nova-conductor[109600]: DEBUG cotyledon.oslo_config_glue [-] zvm.reachable_timeout = 300 {{(pid=109600) log_opt_values /opt/stack/data/venv/lib/python3.12/site-packages/oslo_config/cfg.py:3006}}
Apr 07 21:01:14.574500 np0000164081 nova-conductor[109600]: DEBUG cotyledon.oslo_config_glue [-] oslo_versionedobjects.fatal_exception_format_errors = False {{(pid=109600) log_opt_values /opt/stack/data/venv/lib/python3.12/site-packages/oslo_config/cfg.py:3006}}
Apr 07 21:01:14.574500 np0000164081 nova-conductor[109600]: DEBUG cotyledon.oslo_config_glue [-] oslo_middleware.http_basic_auth_user_file = /etc/htpasswd {{(pid=109600) log_opt_values /opt/stack/data/venv/lib/python3.12/site-packages/oslo_config/cfg.py:3006}}
Apr 07 21:01:14.574500 np0000164081 nova-conductor[109600]: DEBUG cotyledon.oslo_config_glue [-] profiler.connection_string = messaging:// {{(pid=109600) log_opt_values /opt/stack/data/venv/lib/python3.12/site-packages/oslo_config/cfg.py:3006}}
Apr 07 21:01:14.574500 np0000164081 nova-conductor[109600]: DEBUG cotyledon.oslo_config_glue [-] profiler.enabled = False {{(pid=109600) log_opt_values /opt/stack/data/venv/lib/python3.12/site-packages/oslo_config/cfg.py:3006}}
Apr 07 21:01:14.574500 np0000164081 nova-conductor[109600]: DEBUG cotyledon.oslo_config_glue [-] profiler.es_doc_type = notification {{(pid=109600) log_opt_values /opt/stack/data/venv/lib/python3.12/site-packages/oslo_config/cfg.py:3006}}
Apr 07 21:01:14.574500 np0000164081 nova-conductor[109600]: DEBUG cotyledon.oslo_config_glue [-] profiler.es_scroll_size = 10000 {{(pid=109600) log_opt_values /opt/stack/data/venv/lib/python3.12/site-packages/oslo_config/cfg.py:3006}}
Apr 07 21:01:14.574723 np0000164081 nova-conductor[109600]: DEBUG cotyledon.oslo_config_glue [-] profiler.es_scroll_time = 2m {{(pid=109600) log_opt_values /opt/stack/data/venv/lib/python3.12/site-packages/oslo_config/cfg.py:3006}}
Apr 07 21:01:14.574723 np0000164081 nova-conductor[109600]: DEBUG cotyledon.oslo_config_glue [-] profiler.filter_error_trace = False {{(pid=109600) log_opt_values /opt/stack/data/venv/lib/python3.12/site-packages/oslo_config/cfg.py:3006}}
Apr 07 21:01:14.574723 np0000164081 nova-conductor[109600]: DEBUG cotyledon.oslo_config_glue [-] profiler.hmac_keys = **** {{(pid=109600) log_opt_values /opt/stack/data/venv/lib/python3.12/site-packages/oslo_config/cfg.py:3006}}
Apr 07 21:01:14.574723 np0000164081 nova-conductor[109600]: DEBUG cotyledon.oslo_config_glue [-] profiler.sentinel_service_name = mymaster {{(pid=109600) log_opt_values /opt/stack/data/venv/lib/python3.12/site-packages/oslo_config/cfg.py:3006}}
Apr 07 21:01:14.574723 np0000164081 nova-conductor[109600]: DEBUG cotyledon.oslo_config_glue [-] profiler.socket_timeout = 0.1 {{(pid=109600) log_opt_values /opt/stack/data/venv/lib/python3.12/site-packages/oslo_config/cfg.py:3006}}
Apr 07 21:01:14.574723 np0000164081 nova-conductor[109600]: DEBUG cotyledon.oslo_config_glue [-] profiler.trace_requests = False {{(pid=109600) log_opt_values /opt/stack/data/venv/lib/python3.12/site-packages/oslo_config/cfg.py:3006}}
Apr 07 21:01:14.574723 np0000164081 nova-conductor[109600]: DEBUG cotyledon.oslo_config_glue [-] profiler.trace_sqlalchemy = False {{(pid=109600) log_opt_values /opt/stack/data/venv/lib/python3.12/site-packages/oslo_config/cfg.py:3006}}
Apr 07 21:01:14.574723 np0000164081 nova-conductor[109600]: DEBUG cotyledon.oslo_config_glue [-] profiler_jaeger.process_tags = {} {{(pid=109600) log_opt_values /opt/stack/data/venv/lib/python3.12/site-packages/oslo_config/cfg.py:3006}}
Apr 07 21:01:14.574723 np0000164081 nova-conductor[109600]: DEBUG cotyledon.oslo_config_glue [-] profiler_jaeger.service_name_prefix = None {{(pid=109600) log_opt_values /opt/stack/data/venv/lib/python3.12/site-packages/oslo_config/cfg.py:3006}}
Apr 07 21:01:14.575010 np0000164081 nova-conductor[109600]: DEBUG cotyledon.oslo_config_glue [-] profiler_otlp.service_name_prefix = None {{(pid=109600) log_opt_values /opt/stack/data/venv/lib/python3.12/site-packages/oslo_config/cfg.py:3006}}
Apr 07 21:01:14.575010 np0000164081 nova-conductor[109600]: DEBUG cotyledon.oslo_config_glue [-] oslo_messaging_rabbit.amqp_auto_delete = False {{(pid=109600) log_opt_values /opt/stack/data/venv/lib/python3.12/site-packages/oslo_config/cfg.py:3006}}
Apr 07 21:01:14.575010 np0000164081 nova-conductor[109600]: DEBUG cotyledon.oslo_config_glue [-] oslo_messaging_rabbit.amqp_durable_queues = False {{(pid=109600) log_opt_values /opt/stack/data/venv/lib/python3.12/site-packages/oslo_config/cfg.py:3006}}
Apr 07 21:01:14.575010 np0000164081 nova-conductor[109600]: DEBUG cotyledon.oslo_config_glue [-] oslo_messaging_rabbit.conn_pool_min_size = 2 {{(pid=109600) log_opt_values /opt/stack/data/venv/lib/python3.12/site-packages/oslo_config/cfg.py:3006}}
Apr 07 21:01:14.575010 np0000164081 nova-conductor[109600]: DEBUG cotyledon.oslo_config_glue [-] oslo_messaging_rabbit.conn_pool_ttl = 1200 {{(pid=109600) log_opt_values /opt/stack/data/venv/lib/python3.12/site-packages/oslo_config/cfg.py:3006}}
Apr 07 21:01:14.575010 np0000164081 nova-conductor[109600]: DEBUG cotyledon.oslo_config_glue [-] oslo_messaging_rabbit.direct_mandatory_flag = True {{(pid=109600) log_opt_values /opt/stack/data/venv/lib/python3.12/site-packages/oslo_config/cfg.py:3006}}
Apr 07 21:01:14.575010 np0000164081 nova-conductor[109600]: DEBUG cotyledon.oslo_config_glue [-] oslo_messaging_rabbit.enable_cancel_on_failover = False {{(pid=109600) log_opt_values /opt/stack/data/venv/lib/python3.12/site-packages/oslo_config/cfg.py:3006}}
Apr 07 21:01:14.575010 np0000164081 nova-conductor[109600]: DEBUG cotyledon.oslo_config_glue [-] oslo_messaging_rabbit.heartbeat_in_pthread = False {{(pid=109600) log_opt_values /opt/stack/data/venv/lib/python3.12/site-packages/oslo_config/cfg.py:3006}}
Apr 07 21:01:14.575010 np0000164081 nova-conductor[109600]: DEBUG cotyledon.oslo_config_glue [-] oslo_messaging_rabbit.heartbeat_rate = 3 {{(pid=109600) log_opt_values /opt/stack/data/venv/lib/python3.12/site-packages/oslo_config/cfg.py:3006}}
Apr 07 21:01:14.575211 np0000164081 nova-conductor[109600]: DEBUG cotyledon.oslo_config_glue [-] oslo_messaging_rabbit.heartbeat_timeout_threshold = 60 {{(pid=109600) log_opt_values /opt/stack/data/venv/lib/python3.12/site-packages/oslo_config/cfg.py:3006}}
Apr 07 21:01:14.575211 np0000164081 nova-conductor[109600]: DEBUG cotyledon.oslo_config_glue [-] oslo_messaging_rabbit.hostname = np0000164081 {{(pid=109600) log_opt_values /opt/stack/data/venv/lib/python3.12/site-packages/oslo_config/cfg.py:3006}}
Apr 07 21:01:14.575211 np0000164081 nova-conductor[109600]: DEBUG cotyledon.oslo_config_glue [-] oslo_messaging_rabbit.kombu_compression = None {{(pid=109600) log_opt_values /opt/stack/data/venv/lib/python3.12/site-packages/oslo_config/cfg.py:3006}}
Apr 07 21:01:14.575211 np0000164081 nova-conductor[109600]: DEBUG cotyledon.oslo_config_glue [-] oslo_messaging_rabbit.kombu_failover_strategy = round-robin {{(pid=109600) log_opt_values /opt/stack/data/venv/lib/python3.12/site-packages/oslo_config/cfg.py:3006}}
Apr 07 21:01:14.575211 np0000164081 nova-conductor[109600]: DEBUG cotyledon.oslo_config_glue [-] oslo_messaging_rabbit.kombu_missing_consumer_retry_timeout = 60 {{(pid=109600) log_opt_values /opt/stack/data/venv/lib/python3.12/site-packages/oslo_config/cfg.py:3006}}
Apr 07 21:01:14.575211 np0000164081 nova-conductor[109600]: DEBUG cotyledon.oslo_config_glue [-] oslo_messaging_rabbit.kombu_reconnect_delay = 1.0 {{(pid=109600) log_opt_values /opt/stack/data/venv/lib/python3.12/site-packages/oslo_config/cfg.py:3006}}
Apr 07 21:01:14.575211 np0000164081 nova-conductor[109600]: DEBUG cotyledon.oslo_config_glue [-] oslo_messaging_rabbit.kombu_reconnect_splay = 0.0 {{(pid=109600) log_opt_values /opt/stack/data/venv/lib/python3.12/site-packages/oslo_config/cfg.py:3006}}
Apr 07 21:01:14.575211 np0000164081 nova-conductor[109600]: DEBUG cotyledon.oslo_config_glue [-] oslo_messaging_rabbit.processname = nova-conductor {{(pid=109600) log_opt_values /opt/stack/data/venv/lib/python3.12/site-packages/oslo_config/cfg.py:3006}}
Apr 07 21:01:14.575406 np0000164081 nova-conductor[109600]: DEBUG cotyledon.oslo_config_glue [-] oslo_messaging_rabbit.rabbit_ha_queues = False {{(pid=109600) log_opt_values /opt/stack/data/venv/lib/python3.12/site-packages/oslo_config/cfg.py:3006}}
Apr 07 21:01:14.575406 np0000164081 nova-conductor[109600]: DEBUG cotyledon.oslo_config_glue [-] oslo_messaging_rabbit.rabbit_interval_max = 30 {{(pid=109600) log_opt_values /opt/stack/data/venv/lib/python3.12/site-packages/oslo_config/cfg.py:3006}}
Apr 07 21:01:14.575406 np0000164081 nova-conductor[109600]: DEBUG cotyledon.oslo_config_glue [-] oslo_messaging_rabbit.rabbit_login_method = AMQPLAIN {{(pid=109600) log_opt_values /opt/stack/data/venv/lib/python3.12/site-packages/oslo_config/cfg.py:3006}}
Apr 07 21:01:14.575406 np0000164081 nova-conductor[109600]: DEBUG cotyledon.oslo_config_glue [-] oslo_messaging_rabbit.rabbit_qos_prefetch_count = 0 {{(pid=109600) log_opt_values /opt/stack/data/venv/lib/python3.12/site-packages/oslo_config/cfg.py:3006}}
Apr 07 21:01:14.575406 np0000164081 nova-conductor[109600]: DEBUG cotyledon.oslo_config_glue [-] oslo_messaging_rabbit.rabbit_quorum_delivery_limit = 0 {{(pid=109600) log_opt_values /opt/stack/data/venv/lib/python3.12/site-packages/oslo_config/cfg.py:3006}}
Apr 07 21:01:14.575406 np0000164081 nova-conductor[109600]: DEBUG cotyledon.oslo_config_glue [-] oslo_messaging_rabbit.rabbit_quorum_max_memory_bytes = 0 {{(pid=109600) log_opt_values /opt/stack/data/venv/lib/python3.12/site-packages/oslo_config/cfg.py:3006}}
Apr 07 21:01:14.575406 np0000164081 nova-conductor[109600]: DEBUG cotyledon.oslo_config_glue [-] oslo_messaging_rabbit.rabbit_quorum_max_memory_length = 0 {{(pid=109600) log_opt_values /opt/stack/data/venv/lib/python3.12/site-packages/oslo_config/cfg.py:3006}}
Apr 07 21:01:14.575406 np0000164081 nova-conductor[109600]: DEBUG cotyledon.oslo_config_glue [-] oslo_messaging_rabbit.rabbit_quorum_queue = False {{(pid=109600) log_opt_values /opt/stack/data/venv/lib/python3.12/site-packages/oslo_config/cfg.py:3006}}
Apr 07 21:01:14.575607 np0000164081 nova-conductor[109600]: DEBUG cotyledon.oslo_config_glue [-] oslo_messaging_rabbit.rabbit_retry_backoff = 2 {{(pid=109600) log_opt_values /opt/stack/data/venv/lib/python3.12/site-packages/oslo_config/cfg.py:3006}}
Apr 07 21:01:14.575635 np0000164081 nova-conductor[109593]: INFO dbcounter [None req-88d79dbd-e095-4521-854a-7a150f514555 None None] Registered counter for database nova_cell0
Apr 07 21:01:14.575664 np0000164081 nova-conductor[109600]: DEBUG cotyledon.oslo_config_glue [-] oslo_messaging_rabbit.rabbit_retry_interval = 1 {{(pid=109600) log_opt_values /opt/stack/data/venv/lib/python3.12/site-packages/oslo_config/cfg.py:3006}}
Apr 07 21:01:14.575664 np0000164081 nova-conductor[109600]: DEBUG cotyledon.oslo_config_glue [-] oslo_messaging_rabbit.rabbit_stream_fanout = False {{(pid=109600) log_opt_values /opt/stack/data/venv/lib/python3.12/site-packages/oslo_config/cfg.py:3006}}
Apr 07 21:01:14.575664 np0000164081 nova-conductor[109600]: DEBUG cotyledon.oslo_config_glue [-] oslo_messaging_rabbit.rabbit_transient_queues_ttl = 1800 {{(pid=109600) log_opt_values /opt/stack/data/venv/lib/python3.12/site-packages/oslo_config/cfg.py:3006}}
Apr 07 21:01:14.575664 np0000164081 nova-conductor[109600]: DEBUG cotyledon.oslo_config_glue [-] oslo_messaging_rabbit.rabbit_transient_quorum_queue = False {{(pid=109600) log_opt_values /opt/stack/data/venv/lib/python3.12/site-packages/oslo_config/cfg.py:3006}}
Apr 07 21:01:14.575664 np0000164081 nova-conductor[109600]: DEBUG cotyledon.oslo_config_glue [-] oslo_messaging_rabbit.rpc_conn_pool_size = 30 {{(pid=109600) log_opt_values /opt/stack/data/venv/lib/python3.12/site-packages/oslo_config/cfg.py:3006}}
Apr 07 21:01:14.575664 np0000164081 nova-conductor[109600]: DEBUG cotyledon.oslo_config_glue [-] oslo_messaging_rabbit.ssl = False {{(pid=109600) log_opt_values /opt/stack/data/venv/lib/python3.12/site-packages/oslo_config/cfg.py:3006}}
Apr 07 21:01:14.575664 np0000164081 nova-conductor[109600]: DEBUG cotyledon.oslo_config_glue [-] oslo_messaging_rabbit.ssl_ca_file = {{(pid=109600) log_opt_values /opt/stack/data/venv/lib/python3.12/site-packages/oslo_config/cfg.py:3006}}
Apr 07 21:01:14.575664 np0000164081 nova-conductor[109600]: DEBUG cotyledon.oslo_config_glue [-] oslo_messaging_rabbit.ssl_cert_file = {{(pid=109600) log_opt_values /opt/stack/data/venv/lib/python3.12/site-packages/oslo_config/cfg.py:3006}}
Apr 07 21:01:14.575664 np0000164081 nova-conductor[109600]: DEBUG cotyledon.oslo_config_glue [-] oslo_messaging_rabbit.ssl_enforce_fips_mode = False {{(pid=109600) log_opt_values /opt/stack/data/venv/lib/python3.12/site-packages/oslo_config/cfg.py:3006}}
Apr 07 21:01:14.575886 np0000164081 nova-conductor[109600]: DEBUG cotyledon.oslo_config_glue [-] oslo_messaging_rabbit.ssl_key_file = {{(pid=109600) log_opt_values /opt/stack/data/venv/lib/python3.12/site-packages/oslo_config/cfg.py:3006}}
Apr 07 21:01:14.575886 np0000164081 nova-conductor[109600]: DEBUG cotyledon.oslo_config_glue [-] oslo_messaging_rabbit.ssl_version = {{(pid=109600) log_opt_values /opt/stack/data/venv/lib/python3.12/site-packages/oslo_config/cfg.py:3006}}
Apr 07 21:01:14.575886 np0000164081 nova-conductor[109600]: DEBUG cotyledon.oslo_config_glue [-] oslo_messaging_rabbit.use_queue_manager = False {{(pid=109600) log_opt_values /opt/stack/data/venv/lib/python3.12/site-packages/oslo_config/cfg.py:3006}}
Apr 07 21:01:14.575886 np0000164081 nova-conductor[109600]: DEBUG cotyledon.oslo_config_glue [-] oslo_messaging_notifications.driver = ['messagingv2'] {{(pid=109600) log_opt_values /opt/stack/data/venv/lib/python3.12/site-packages/oslo_config/cfg.py:3006}}
Apr 07 21:01:14.575886 np0000164081 nova-conductor[109600]: DEBUG cotyledon.oslo_config_glue [-] oslo_messaging_notifications.retry = -1 {{(pid=109600) log_opt_values /opt/stack/data/venv/lib/python3.12/site-packages/oslo_config/cfg.py:3006}}
Apr 07 21:01:14.575886 np0000164081 nova-conductor[109600]: DEBUG cotyledon.oslo_config_glue [-] oslo_messaging_notifications.topics = ['notifications'] {{(pid=109600) log_opt_values /opt/stack/data/venv/lib/python3.12/site-packages/oslo_config/cfg.py:3006}}
Apr 07 21:01:14.575886 np0000164081 nova-conductor[109600]: DEBUG cotyledon.oslo_config_glue [-] oslo_messaging_notifications.transport_url = **** {{(pid=109600) log_opt_values /opt/stack/data/venv/lib/python3.12/site-packages/oslo_config/cfg.py:3006}}
Apr 07 21:01:14.575886 np0000164081 nova-conductor[109600]: DEBUG cotyledon.oslo_config_glue [-] oslo_limit.auth_section = None {{(pid=109600) log_opt_values /opt/stack/data/venv/lib/python3.12/site-packages/oslo_config/cfg.py:3006}}
Apr 07 21:01:14.575886 np0000164081 nova-conductor[109600]: DEBUG cotyledon.oslo_config_glue [-] oslo_limit.auth_type = None {{(pid=109600) log_opt_values /opt/stack/data/venv/lib/python3.12/site-packages/oslo_config/cfg.py:3006}}
Apr 07 21:01:14.576095 np0000164081 nova-conductor[109600]: DEBUG cotyledon.oslo_config_glue [-] oslo_limit.cafile = None {{(pid=109600) log_opt_values /opt/stack/data/venv/lib/python3.12/site-packages/oslo_config/cfg.py:3006}}
Apr 07 21:01:14.576095 np0000164081 nova-conductor[109600]: DEBUG cotyledon.oslo_config_glue [-] oslo_limit.certfile = None {{(pid=109600) log_opt_values /opt/stack/data/venv/lib/python3.12/site-packages/oslo_config/cfg.py:3006}}
Apr 07 21:01:14.576095 np0000164081 nova-conductor[109600]: DEBUG cotyledon.oslo_config_glue [-] oslo_limit.collect_timing = False {{(pid=109600) log_opt_values /opt/stack/data/venv/lib/python3.12/site-packages/oslo_config/cfg.py:3006}}
Apr 07 21:01:14.576095 np0000164081 nova-conductor[109600]: DEBUG cotyledon.oslo_config_glue [-] oslo_limit.connect_retries = None {{(pid=109600) log_opt_values /opt/stack/data/venv/lib/python3.12/site-packages/oslo_config/cfg.py:3006}}
Apr 07 21:01:14.576095 np0000164081 nova-conductor[109600]: DEBUG cotyledon.oslo_config_glue [-] oslo_limit.connect_retry_delay = None {{(pid=109600) log_opt_values /opt/stack/data/venv/lib/python3.12/site-packages/oslo_config/cfg.py:3006}}
Apr 07 21:01:14.576095 np0000164081 nova-conductor[109600]: DEBUG cotyledon.oslo_config_glue [-] oslo_limit.endpoint_id = None {{(pid=109600) log_opt_values /opt/stack/data/venv/lib/python3.12/site-packages/oslo_config/cfg.py:3006}}
Apr 07 21:01:14.576095 np0000164081 nova-conductor[109600]: DEBUG cotyledon.oslo_config_glue [-] oslo_limit.endpoint_interface = public {{(pid=109600) log_opt_values /opt/stack/data/venv/lib/python3.12/site-packages/oslo_config/cfg.py:3006}}
Apr 07 21:01:14.576095 np0000164081 nova-conductor[109600]: DEBUG cotyledon.oslo_config_glue [-] oslo_limit.endpoint_override = None {{(pid=109600) log_opt_values /opt/stack/data/venv/lib/python3.12/site-packages/oslo_config/cfg.py:3006}}
Apr 07 21:01:14.576095 np0000164081 nova-conductor[109600]: DEBUG cotyledon.oslo_config_glue [-] oslo_limit.endpoint_region_name = None {{(pid=109600) log_opt_values /opt/stack/data/venv/lib/python3.12/site-packages/oslo_config/cfg.py:3006}}
Apr 07 21:01:14.576285 np0000164081 nova-conductor[109600]: DEBUG cotyledon.oslo_config_glue [-] oslo_limit.endpoint_service_name = None {{(pid=109600) log_opt_values /opt/stack/data/venv/lib/python3.12/site-packages/oslo_config/cfg.py:3006}}
Apr 07 21:01:14.576285 np0000164081 nova-conductor[109600]: DEBUG cotyledon.oslo_config_glue [-] oslo_limit.endpoint_service_type = None {{(pid=109600) log_opt_values /opt/stack/data/venv/lib/python3.12/site-packages/oslo_config/cfg.py:3006}}
Apr 07 21:01:14.576285 np0000164081 nova-conductor[109600]: DEBUG cotyledon.oslo_config_glue [-] oslo_limit.insecure = False {{(pid=109600) log_opt_values /opt/stack/data/venv/lib/python3.12/site-packages/oslo_config/cfg.py:3006}}
Apr 07 21:01:14.576285 np0000164081 nova-conductor[109600]: DEBUG cotyledon.oslo_config_glue [-] oslo_limit.keyfile = None {{(pid=109600) log_opt_values /opt/stack/data/venv/lib/python3.12/site-packages/oslo_config/cfg.py:3006}}
Apr 07 21:01:14.576285 np0000164081 nova-conductor[109600]: DEBUG cotyledon.oslo_config_glue [-] oslo_limit.max_version = None {{(pid=109600) log_opt_values /opt/stack/data/venv/lib/python3.12/site-packages/oslo_config/cfg.py:3006}}
Apr 07 21:01:14.576285 np0000164081 nova-conductor[109600]: DEBUG cotyledon.oslo_config_glue [-] oslo_limit.min_version = None {{(pid=109600) log_opt_values /opt/stack/data/venv/lib/python3.12/site-packages/oslo_config/cfg.py:3006}}
Apr 07 21:01:14.576285 np0000164081 nova-conductor[109600]: DEBUG cotyledon.oslo_config_glue [-] oslo_limit.region_name = None {{(pid=109600) log_opt_values /opt/stack/data/venv/lib/python3.12/site-packages/oslo_config/cfg.py:3006}}
Apr 07 21:01:14.576285 np0000164081 nova-conductor[109600]: DEBUG cotyledon.oslo_config_glue [-] oslo_limit.retriable_status_codes = None {{(pid=109600) log_opt_values /opt/stack/data/venv/lib/python3.12/site-packages/oslo_config/cfg.py:3006}}
Apr 07 21:01:14.576285 np0000164081 nova-conductor[109600]: DEBUG cotyledon.oslo_config_glue [-] oslo_limit.service_name = None {{(pid=109600) log_opt_values /opt/stack/data/venv/lib/python3.12/site-packages/oslo_config/cfg.py:3006}}
Apr 07 21:01:14.576499 np0000164081 nova-conductor[109600]: DEBUG cotyledon.oslo_config_glue [-] oslo_limit.service_type = None {{(pid=109600) log_opt_values /opt/stack/data/venv/lib/python3.12/site-packages/oslo_config/cfg.py:3006}}
Apr 07 21:01:14.576499 np0000164081 nova-conductor[109600]: DEBUG cotyledon.oslo_config_glue [-] oslo_limit.split_loggers = False {{(pid=109600) log_opt_values /opt/stack/data/venv/lib/python3.12/site-packages/oslo_config/cfg.py:3006}}
Apr 07 21:01:14.576499 np0000164081 nova-conductor[109600]: DEBUG cotyledon.oslo_config_glue [-] oslo_limit.status_code_retries = None {{(pid=109600) log_opt_values /opt/stack/data/venv/lib/python3.12/site-packages/oslo_config/cfg.py:3006}}
Apr 07 21:01:14.576499 np0000164081 nova-conductor[109600]: DEBUG cotyledon.oslo_config_glue [-] oslo_limit.status_code_retry_delay = None {{(pid=109600) log_opt_values /opt/stack/data/venv/lib/python3.12/site-packages/oslo_config/cfg.py:3006}}
Apr 07 21:01:14.576499 np0000164081 nova-conductor[109600]: DEBUG cotyledon.oslo_config_glue [-] oslo_limit.timeout = None {{(pid=109600) log_opt_values /opt/stack/data/venv/lib/python3.12/site-packages/oslo_config/cfg.py:3006}}
Apr 07 21:01:14.576499 np0000164081 nova-conductor[109600]: DEBUG cotyledon.oslo_config_glue [-] oslo_limit.valid_interfaces = None {{(pid=109600) log_opt_values /opt/stack/data/venv/lib/python3.12/site-packages/oslo_config/cfg.py:3006}}
Apr 07 21:01:14.576499 np0000164081 nova-conductor[109600]: DEBUG cotyledon.oslo_config_glue [-] oslo_limit.version = None {{(pid=109600) log_opt_values /opt/stack/data/venv/lib/python3.12/site-packages/oslo_config/cfg.py:3006}}
Apr 07 21:01:14.576499 np0000164081 nova-conductor[109600]: DEBUG cotyledon.oslo_config_glue [-] oslo_reports.file_event_handler = None {{(pid=109600) log_opt_values /opt/stack/data/venv/lib/python3.12/site-packages/oslo_config/cfg.py:3006}}
Apr 07 21:01:14.576499 np0000164081 nova-conductor[109600]: DEBUG cotyledon.oslo_config_glue [-] oslo_reports.file_event_handler_interval = 1 {{(pid=109600) log_opt_values /opt/stack/data/venv/lib/python3.12/site-packages/oslo_config/cfg.py:3006}}
Apr 07 21:01:14.576786 np0000164081 nova-conductor[109600]: DEBUG cotyledon.oslo_config_glue [-] oslo_reports.log_dir = None {{(pid=109600) log_opt_values /opt/stack/data/venv/lib/python3.12/site-packages/oslo_config/cfg.py:3006}}
Apr 07 21:01:14.576786 np0000164081 nova-conductor[109600]: DEBUG cotyledon.oslo_config_glue [-] ******************************************************************************** {{(pid=109600) log_opt_values /opt/stack/data/venv/lib/python3.12/site-packages/oslo_config/cfg.py:3013}}
Apr 07 21:01:14.576786 np0000164081 nova-conductor[109600]: DEBUG cotyledon._service_worker [-] Run service ServiceWrapper(3) [109600] {{(pid=109600) wait_forever /opt/stack/data/venv/lib/python3.12/site-packages/cotyledon/_service_worker.py:218}}
Apr 07 21:01:14.576786 np0000164081 nova-conductor[109600]: INFO nova.service [-] Starting conductor node (version 33.1.0)
Apr 07 21:01:14.576890 np0000164081 nova-conductor[109581]: DEBUG nova.service [None req-8c9fcc58-904e-4211-b3c9-951655edde54 None None] Creating RPC server for service: nova-conductor on topic: conductor {{(pid=109581) start /opt/stack/nova/nova/service.py:195}}
Apr 07 21:01:14.576919 np0000164081 nova-conductor[109600]: INFO dbcounter [None req-fbf68b10-75d4-425e-9194-1331323a5b55 None None] Registered counter for database nova_cell0
Apr 07 21:01:14.576950 np0000164081 nova-conductor[109587]: DEBUG dbcounter [-] [109587] Writer thread running {{(pid=109587) stat_writer /opt/stack/data/venv/lib/python3.12/site-packages/dbcounter.py:102}}
Apr 07 21:01:14.576950 np0000164081 nova-conductor[109587]: DEBUG nova.service [None req-8a8cede1-0485-474d-b884-586659cc9f78 None None] Creating RPC server for service: nova-conductor on topic: conductor {{(pid=109587) start /opt/stack/nova/nova/service.py:195}}
Apr 07 21:01:14.577003 np0000164081 nova-conductor[109593]: DEBUG oslo_db.sqlalchemy.engines [None req-88d79dbd-e095-4521-854a-7a150f514555 None None] MySQL server mode set to STRICT_TRANS_TABLES,STRICT_ALL_TABLES,NO_ZERO_IN_DATE,NO_ZERO_DATE,ERROR_FOR_DIVISION_BY_ZERO,TRADITIONAL,NO_ENGINE_SUBSTITUTION {{(pid=109593) _check_effective_sql_mode /opt/stack/data/venv/lib/python3.12/site-packages/oslo_db/sqlalchemy/engines.py:325}}
Apr 07 21:01:14.577036 np0000164081 nova-conductor[109600]: DEBUG oslo_db.sqlalchemy.engines [None req-fbf68b10-75d4-425e-9194-1331323a5b55 None None] MySQL server mode set to STRICT_TRANS_TABLES,STRICT_ALL_TABLES,NO_ZERO_IN_DATE,NO_ZERO_DATE,ERROR_FOR_DIVISION_BY_ZERO,TRADITIONAL,NO_ENGINE_SUBSTITUTION {{(pid=109600) _check_effective_sql_mode /opt/stack/data/venv/lib/python3.12/site-packages/oslo_db/sqlalchemy/engines.py:325}}
Apr 07 21:01:14.577065 np0000164081 nova-conductor[109593]: DEBUG dbcounter [-] [109593] Writer thread running {{(pid=109593) stat_writer /opt/stack/data/venv/lib/python3.12/site-packages/dbcounter.py:102}}
Apr 07 21:01:14.577065 np0000164081 nova-conductor[109593]: DEBUG nova.service [None req-88d79dbd-e095-4521-854a-7a150f514555 None None] Creating RPC server for service: nova-conductor on topic: conductor {{(pid=109593) start /opt/stack/nova/nova/service.py:195}}
Apr 07 21:01:14.577117 np0000164081 nova-conductor[109600]: DEBUG dbcounter [-] [109600] Writer thread running {{(pid=109600) stat_writer /opt/stack/data/venv/lib/python3.12/site-packages/dbcounter.py:102}}
Apr 07 21:01:14.579736 np0000164081 nova-conductor[109600]: DEBUG nova.service [None req-fbf68b10-75d4-425e-9194-1331323a5b55 None None] Creating RPC server for service: nova-conductor on topic: conductor {{(pid=109600) start /opt/stack/nova/nova/service.py:195}}
Apr 07 21:01:14.582609 np0000164081 nova-conductor[109581]: DEBUG nova.service [None req-8c9fcc58-904e-4211-b3c9-951655edde54 None None] Join ServiceGroup membership for this service conductor {{(pid=109581) start /opt/stack/nova/nova/service.py:221}}
Apr 07 21:01:14.582771 np0000164081 nova-conductor[109587]: DEBUG nova.service [None req-8a8cede1-0485-474d-b884-586659cc9f78 None None] Join ServiceGroup membership for this service conductor {{(pid=109587) start /opt/stack/nova/nova/service.py:221}}
Apr 07 21:01:14.583026 np0000164081 nova-conductor[109581]: DEBUG nova.servicegroup.drivers.db [None req-8c9fcc58-904e-4211-b3c9-951655edde54 None None] DB_Driver: join new ServiceGroup member np0000164081 to the conductor group, service = {{(pid=109581) join /opt/stack/nova/nova/servicegroup/drivers/db.py:44}}
Apr 07 21:01:14.583183 np0000164081 nova-conductor[109587]: DEBUG nova.servicegroup.drivers.db [None req-8a8cede1-0485-474d-b884-586659cc9f78 None None] DB_Driver: join new ServiceGroup member np0000164081 to the conductor group, service = {{(pid=109587) join /opt/stack/nova/nova/servicegroup/drivers/db.py:44}}
Apr 07 21:01:14.590849 np0000164081 nova-conductor[109593]: DEBUG nova.service [None req-88d79dbd-e095-4521-854a-7a150f514555 None None] Join ServiceGroup membership for this service conductor {{(pid=109593) start /opt/stack/nova/nova/service.py:221}}
Apr 07 21:01:14.591074 np0000164081 nova-conductor[109593]: DEBUG nova.servicegroup.drivers.db [None req-88d79dbd-e095-4521-854a-7a150f514555 None None] DB_Driver: join new ServiceGroup member np0000164081 to the conductor group, service = {{(pid=109593) join /opt/stack/nova/nova/servicegroup/drivers/db.py:44}}
Apr 07 21:01:14.599145 np0000164081 nova-conductor[109600]: DEBUG nova.service [None req-fbf68b10-75d4-425e-9194-1331323a5b55 None None] Join ServiceGroup membership for this service conductor {{(pid=109600) start /opt/stack/nova/nova/service.py:221}}
Apr 07 21:01:14.599374 np0000164081 nova-conductor[109600]: DEBUG nova.servicegroup.drivers.db [None req-fbf68b10-75d4-425e-9194-1331323a5b55 None None] DB_Driver: join new ServiceGroup member np0000164081 to the conductor group, service = {{(pid=109600) join /opt/stack/nova/nova/servicegroup/drivers/db.py:44}}
Apr 07 21:01:15.588352 np0000164081 nova-conductor[109581]: DEBUG oslo.service.backend._threading.loopingcall [None req-8fca7a9c-b610-4c3b-860b-f513c7da4bbc None None] Dynamic interval looping call 'nova.service.Service.periodic_tasks' sleeping for 60.00 seconds {{(pid=109581) _run_loop /opt/stack/data/venv/lib/python3.12/site-packages/oslo_service/backend/_threading/loopingcall.py:125}}
Apr 07 21:01:19.602600 np0000164081 nova-conductor[109581]: DEBUG oslo.service.backend._threading.loopingcall [-] Fixed interval looping call 'nova.servicegroup.drivers.db.DbDriver._report_state' sleeping for 119.98 seconds {{(pid=109581) _run_loop /opt/stack/data/venv/lib/python3.12/site-packages/oslo_service/backend/_threading/loopingcall.py:125}}
Apr 07 21:01:19.603228 np0000164081 nova-conductor[109587]: DEBUG oslo.service.backend._threading.loopingcall [-] Fixed interval looping call 'nova.servicegroup.drivers.db.DbDriver._report_state' sleeping for 119.98 seconds {{(pid=109587) _run_loop /opt/stack/data/venv/lib/python3.12/site-packages/oslo_service/backend/_threading/loopingcall.py:125}}
Apr 07 21:01:19.606585 np0000164081 nova-conductor[109593]: DEBUG oslo.service.backend._threading.loopingcall [-] Fixed interval looping call 'nova.servicegroup.drivers.db.DbDriver._report_state' sleeping for 119.99 seconds {{(pid=109593) _run_loop /opt/stack/data/venv/lib/python3.12/site-packages/oslo_service/backend/_threading/loopingcall.py:125}}
Apr 07 21:01:19.614259 np0000164081 nova-conductor[109600]: DEBUG oslo.service.backend._threading.loopingcall [-] Fixed interval looping call 'nova.servicegroup.drivers.db.DbDriver._report_state' sleeping for 119.99 seconds {{(pid=109600) _run_loop /opt/stack/data/venv/lib/python3.12/site-packages/oslo_service/backend/_threading/loopingcall.py:125}}
Apr 07 21:01:23.206215 np0000164081 nova-conductor[108796]: DEBUG dbcounter [-] [108796] Writing DB stats nova_api:SELECT=1 {{(pid=108796) stat_writer /opt/stack/data/venv/lib/python3.12/site-packages/dbcounter.py:115}}
Apr 07 21:01:23.310318 np0000164081 nova-conductor[108796]: DEBUG dbcounter [-] [108796] Writing DB stats nova_cell0:SELECT=1 {{(pid=108796) stat_writer /opt/stack/data/venv/lib/python3.12/site-packages/dbcounter.py:115}}
Apr 07 21:01:23.318843 np0000164081 nova-conductor[108796]: DEBUG dbcounter [-] [108796] Writing DB stats nova_cell1:SELECT=1 {{(pid=108796) stat_writer /opt/stack/data/venv/lib/python3.12/site-packages/dbcounter.py:115}}
Apr 07 21:01:24.587034 np0000164081 nova-conductor[109587]: DEBUG oslo.service.backend._threading.loopingcall [None req-60ac1de0-0978-4630-885c-a29cd905879d None None] Dynamic interval looping call 'nova.service.Service.periodic_tasks' sleeping for 60.00 seconds {{(pid=109587) _run_loop /opt/stack/data/venv/lib/python3.12/site-packages/oslo_service/backend/_threading/loopingcall.py:125}}
Apr 07 21:01:29.594858 np0000164081 nova-conductor[109581]: DEBUG dbcounter [-] [109581] Writing DB stats nova_cell0:SELECT=4,nova_cell0:INSERT=1,nova_cell0:UPDATE=1 {{(pid=109581) stat_writer /opt/stack/data/venv/lib/python3.12/site-packages/dbcounter.py:115}}
Apr 07 21:01:29.600558 np0000164081 nova-conductor[109587]: DEBUG dbcounter [-] [109587] Writing DB stats nova_cell0:SELECT=3,nova_cell0:UPDATE=1 {{(pid=109587) stat_writer /opt/stack/data/venv/lib/python3.12/site-packages/dbcounter.py:115}}
Apr 07 21:01:29.603913 np0000164081 nova-conductor[109593]: DEBUG dbcounter [-] [109593] Writing DB stats nova_cell0:SELECT=3 {{(pid=109593) stat_writer /opt/stack/data/venv/lib/python3.12/site-packages/dbcounter.py:115}}
Apr 07 21:01:29.610491 np0000164081 nova-conductor[109600]: DEBUG dbcounter [-] [109600] Writing DB stats nova_cell0:SELECT=3 {{(pid=109600) stat_writer /opt/stack/data/venv/lib/python3.12/site-packages/dbcounter.py:115}}
Apr 07 21:01:40.594376 np0000164081 nova-conductor[109593]: DEBUG oslo.service.backend._threading.loopingcall [None req-8112b76c-272b-4de6-bfaf-c35c2421e2fa None None] Dynamic interval looping call 'nova.service.Service.periodic_tasks' sleeping for 60.00 seconds {{(pid=109593) _run_loop /opt/stack/data/venv/lib/python3.12/site-packages/oslo_service/backend/_threading/loopingcall.py:125}}
Apr 07 21:01:53.602245 np0000164081 nova-conductor[109600]: DEBUG oslo.service.backend._threading.loopingcall [None req-afd99c46-7a2c-4f9f-96b8-a286d83b5fca None None] Dynamic interval looping call 'nova.service.Service.periodic_tasks' sleeping for 60.00 seconds {{(pid=109600) _run_loop /opt/stack/data/venv/lib/python3.12/site-packages/oslo_service/backend/_threading/loopingcall.py:125}}
Apr 07 21:02:15.589142 np0000164081 nova-conductor[109581]: DEBUG oslo.service.backend._threading.loopingcall [None req-8fca7a9c-b610-4c3b-860b-f513c7da4bbc None None] Dynamic interval looping call 'nova.service.Service.periodic_tasks' sleeping for 60.00 seconds {{(pid=109581) _run_loop /opt/stack/data/venv/lib/python3.12/site-packages/oslo_service/backend/_threading/loopingcall.py:125}}
Apr 07 21:02:24.587866 np0000164081 nova-conductor[109587]: DEBUG oslo.service.backend._threading.loopingcall [None req-60ac1de0-0978-4630-885c-a29cd905879d None None] Dynamic interval looping call 'nova.service.Service.periodic_tasks' sleeping for 60.00 seconds {{(pid=109587) _run_loop /opt/stack/data/venv/lib/python3.12/site-packages/oslo_service/backend/_threading/loopingcall.py:125}}
Apr 07 21:02:40.595178 np0000164081 nova-conductor[109593]: DEBUG oslo.service.backend._threading.loopingcall [None req-8112b76c-272b-4de6-bfaf-c35c2421e2fa None None] Dynamic interval looping call 'nova.service.Service.periodic_tasks' sleeping for 60.00 seconds {{(pid=109593) _run_loop /opt/stack/data/venv/lib/python3.12/site-packages/oslo_service/backend/_threading/loopingcall.py:125}}
Apr 07 21:02:53.603047 np0000164081 nova-conductor[109600]: DEBUG oslo.service.backend._threading.loopingcall [None req-afd99c46-7a2c-4f9f-96b8-a286d83b5fca None None] Dynamic interval looping call 'nova.service.Service.periodic_tasks' sleeping for 60.00 seconds {{(pid=109600) _run_loop /opt/stack/data/venv/lib/python3.12/site-packages/oslo_service/backend/_threading/loopingcall.py:125}}
Apr 07 21:03:15.590713 np0000164081 nova-conductor[109581]: DEBUG oslo.service.backend._threading.loopingcall [None req-8fca7a9c-b610-4c3b-860b-f513c7da4bbc None None] Dynamic interval looping call 'nova.service.Service.periodic_tasks' sleeping for 60.00 seconds {{(pid=109581) _run_loop /opt/stack/data/venv/lib/python3.12/site-packages/oslo_service/backend/_threading/loopingcall.py:125}}
Apr 07 21:03:19.593654 np0000164081 nova-conductor[109581]: DEBUG oslo.service.backend._threading.loopingcall [-] Fixed interval looping call 'nova.servicegroup.drivers.db.DbDriver._report_state' sleeping for 119.99 seconds {{(pid=109581) _run_loop /opt/stack/data/venv/lib/python3.12/site-packages/oslo_service/backend/_threading/loopingcall.py:125}}
Apr 07 21:03:19.594727 np0000164081 nova-conductor[109587]: DEBUG oslo.service.backend._threading.loopingcall [-] Fixed interval looping call 'nova.servicegroup.drivers.db.DbDriver._report_state' sleeping for 119.99 seconds {{(pid=109587) _run_loop /opt/stack/data/venv/lib/python3.12/site-packages/oslo_service/backend/_threading/loopingcall.py:125}}
Apr 07 21:03:19.602199 np0000164081 nova-conductor[109593]: DEBUG oslo.service.backend._threading.loopingcall [-] Fixed interval looping call 'nova.servicegroup.drivers.db.DbDriver._report_state' sleeping for 119.99 seconds {{(pid=109593) _run_loop /opt/stack/data/venv/lib/python3.12/site-packages/oslo_service/backend/_threading/loopingcall.py:125}}
Apr 07 21:03:19.610463 np0000164081 nova-conductor[109600]: DEBUG oslo.service.backend._threading.loopingcall [-] Fixed interval looping call 'nova.servicegroup.drivers.db.DbDriver._report_state' sleeping for 119.99 seconds {{(pid=109600) _run_loop /opt/stack/data/venv/lib/python3.12/site-packages/oslo_service/backend/_threading/loopingcall.py:125}}
Apr 07 21:03:24.588596 np0000164081 nova-conductor[109587]: DEBUG oslo.service.backend._threading.loopingcall [None req-60ac1de0-0978-4630-885c-a29cd905879d None None] Dynamic interval looping call 'nova.service.Service.periodic_tasks' sleeping for 60.00 seconds {{(pid=109587) _run_loop /opt/stack/data/venv/lib/python3.12/site-packages/oslo_service/backend/_threading/loopingcall.py:125}}
Apr 07 21:03:29.589476 np0000164081 nova-conductor[109581]: DEBUG dbcounter [-] [109581] Writing DB stats nova_cell0:SELECT=1,nova_cell0:UPDATE=1 {{(pid=109581) stat_writer /opt/stack/data/venv/lib/python3.12/site-packages/dbcounter.py:115}}
Apr 07 21:03:29.590220 np0000164081 nova-conductor[109587]: DEBUG dbcounter [-] [109587] Writing DB stats nova_cell0:SELECT=1,nova_cell0:UPDATE=1 {{(pid=109587) stat_writer /opt/stack/data/venv/lib/python3.12/site-packages/dbcounter.py:115}}
Apr 07 21:03:29.599480 np0000164081 nova-conductor[109593]: DEBUG dbcounter [-] [109593] Writing DB stats nova_cell0:SELECT=1 {{(pid=109593) stat_writer /opt/stack/data/venv/lib/python3.12/site-packages/dbcounter.py:115}}
Apr 07 21:03:29.607637 np0000164081 nova-conductor[109600]: DEBUG dbcounter [-] [109600] Writing DB stats nova_cell0:SELECT=1 {{(pid=109600) stat_writer /opt/stack/data/venv/lib/python3.12/site-packages/dbcounter.py:115}}
Apr 07 21:03:40.596064 np0000164081 nova-conductor[109593]: DEBUG oslo.service.backend._threading.loopingcall [None req-8112b76c-272b-4de6-bfaf-c35c2421e2fa None None] Dynamic interval looping call 'nova.service.Service.periodic_tasks' sleeping for 60.00 seconds {{(pid=109593) _run_loop /opt/stack/data/venv/lib/python3.12/site-packages/oslo_service/backend/_threading/loopingcall.py:125}}
Apr 07 21:03:53.603639 np0000164081 nova-conductor[109600]: DEBUG oslo.service.backend._threading.loopingcall [None req-afd99c46-7a2c-4f9f-96b8-a286d83b5fca None None] Dynamic interval looping call 'nova.service.Service.periodic_tasks' sleeping for 60.00 seconds {{(pid=109600) _run_loop /opt/stack/data/venv/lib/python3.12/site-packages/oslo_service/backend/_threading/loopingcall.py:125}}
Apr 07 21:04:15.591510 np0000164081 nova-conductor[109581]: DEBUG oslo.service.backend._threading.loopingcall [None req-8fca7a9c-b610-4c3b-860b-f513c7da4bbc None None] Dynamic interval looping call 'nova.service.Service.periodic_tasks' sleeping for 60.00 seconds {{(pid=109581) _run_loop /opt/stack/data/venv/lib/python3.12/site-packages/oslo_service/backend/_threading/loopingcall.py:125}}
Apr 07 21:04:24.589430 np0000164081 nova-conductor[109587]: DEBUG oslo.service.backend._threading.loopingcall [None req-60ac1de0-0978-4630-885c-a29cd905879d None None] Dynamic interval looping call 'nova.service.Service.periodic_tasks' sleeping for 60.00 seconds {{(pid=109587) _run_loop /opt/stack/data/venv/lib/python3.12/site-packages/oslo_service/backend/_threading/loopingcall.py:125}}
Apr 07 21:04:40.596756 np0000164081 nova-conductor[109593]: DEBUG oslo.service.backend._threading.loopingcall [None req-8112b76c-272b-4de6-bfaf-c35c2421e2fa None None] Dynamic interval looping call 'nova.service.Service.periodic_tasks' sleeping for 60.00 seconds {{(pid=109593) _run_loop /opt/stack/data/venv/lib/python3.12/site-packages/oslo_service/backend/_threading/loopingcall.py:125}}
Apr 07 21:04:53.604310 np0000164081 nova-conductor[109600]: DEBUG oslo.service.backend._threading.loopingcall [None req-afd99c46-7a2c-4f9f-96b8-a286d83b5fca None None] Dynamic interval looping call 'nova.service.Service.periodic_tasks' sleeping for 60.00 seconds {{(pid=109600) _run_loop /opt/stack/data/venv/lib/python3.12/site-packages/oslo_service/backend/_threading/loopingcall.py:125}}
Apr 07 21:05:15.592543 np0000164081 nova-conductor[109581]: DEBUG oslo.service.backend._threading.loopingcall [None req-8fca7a9c-b610-4c3b-860b-f513c7da4bbc None None] Dynamic interval looping call 'nova.service.Service.periodic_tasks' sleeping for 60.00 seconds {{(pid=109581) _run_loop /opt/stack/data/venv/lib/python3.12/site-packages/oslo_service/backend/_threading/loopingcall.py:125}}
Apr 07 21:05:19.595611 np0000164081 nova-conductor[109581]: DEBUG oslo.service.backend._threading.loopingcall [-] Fixed interval looping call 'nova.servicegroup.drivers.db.DbDriver._report_state' sleeping for 119.99 seconds {{(pid=109581) _run_loop /opt/stack/data/venv/lib/python3.12/site-packages/oslo_service/backend/_threading/loopingcall.py:125}}
Apr 07 21:05:19.597747 np0000164081 nova-conductor[109587]: DEBUG oslo.service.backend._threading.loopingcall [-] Fixed interval looping call 'nova.servicegroup.drivers.db.DbDriver._report_state' sleeping for 119.99 seconds {{(pid=109587) _run_loop /opt/stack/data/venv/lib/python3.12/site-packages/oslo_service/backend/_threading/loopingcall.py:125}}
Apr 07 21:05:19.598240 np0000164081 nova-conductor[109593]: DEBUG oslo.service.backend._threading.loopingcall [-] Fixed interval looping call 'nova.servicegroup.drivers.db.DbDriver._report_state' sleeping for 120.00 seconds {{(pid=109593) _run_loop /opt/stack/data/venv/lib/python3.12/site-packages/oslo_service/backend/_threading/loopingcall.py:125}}
