2026-04-14 06:50:53.132 8 ERROR ovsdbapp.backend.ovs_idl.command row = idlutils.row_by_value(self, rl.table, rl.column, record)
2026-04-14 06:50:53.132 8 ERROR ovsdbapp.backend.ovs_idl.command ^^^^^^^^^^^^^^^^^^^^^^^^^^^^^^^^^^^^^^^^^^^^^^^^^^^^^^^^
2026-04-14 06:50:53.132 8 ERROR ovsdbapp.backend.ovs_idl.command
File "/var/lib/openstack/lib/python3.12/site-packages/ovsdbapp/backend/ovs_idl/idlutils.py", line 114, in row_by_value
2026-04-14 06:50:53.132 8 ERROR ovsdbapp.backend.ovs_idl.command raise RowNotFound(table=table, col=column, match=match)
2026-04-14 06:50:53.132 8 ERROR ovsdbapp.backend.ovs_idl.command ovsdbapp.backend.ovs_idl.idlutils.RowNotFound: Cannot find Logical_Switch_Port with name=f671aa7d-74c6-4b7a-955f-e3c739044081
2026-04-14 06:50:53.132 8 ERROR ovsdbapp.backend.ovs_idl.command
2026-04-14 06:50:53.134 8 ERROR ovsdbapp.event [None req-8ce25cca-6659-41ea-b4e0-62ea8935928f - - - - - -] Unexpected exception in notify_loop: ovsdbapp.backend.ovs_idl.idlutils.RowNotFound: Cannot find Logical_Switch_Port with name=f671aa7d-74c6-4b7a-955f-e3c739044081
2026-04-14 06:50:53.134 8 ERROR ovsdbapp.event
Traceback (most recent call last):
2026-04-14 06:50:53.134 8 ERROR ovsdbapp.event
File "/var/lib/openstack/lib/python3.12/site-packages/ovsdbapp/event.py", line 177, in notify_loop
2026-04-14 06:50:53.134 8 ERROR ovsdbapp.event match.run(event, row, updates)
2026-04-14 06:50:53.134 8 ERROR ovsdbapp.event
File "/var/lib/openstack/lib/python3.12/site-packages/neutron/plugins/ml2/drivers/ovn/mech_driver/ovsdb/ovsdb_monitor.py", line 511, in run
2026-04-14 06:50:53.134 8 ERROR ovsdbapp.event self.driver.set_port_status_up(row.name)
2026-04-14 06:50:53.134 8 ERROR ovsdbapp.event
File "/var/lib/openstack/lib/python3.12/site-packages/neutron/plugins/ml2/drivers/ovn/mech_driver/mech_driver.py", line 1340, in set_port_status_up
2026-04-14 06:50:53.134 8 ERROR ovsdbapp.event self._ovn_client.update_lsp_host_info(admin_context, db_port)
2026-04-14 06:50:53.134 8 ERROR ovsdbapp.event
File "/var/lib/openstack/lib/python3.12/site-packages/neutron/plugins/ml2/drivers/ovn/mech_driver/ovsdb/ovn_client.py", line 312, in update_lsp_host_info
2026-04-14 06:50:53.134 8 ERROR ovsdbapp.event port_up = self._nb_idl.lsp_get_up(db_port.id).execute(
2026-04-14 06:50:53.134 8 ERROR ovsdbapp.event ^^^^^^^^^^^^^^^^^^^^^^^^^^^^^^^^^^^^^^^^^^^^
2026-04-14 06:50:53.134 8 ERROR ovsdbapp.event
File "/var/lib/openstack/lib/python3.12/site-packages/ovsdbapp/backend/ovs_idl/command.py", line 47, in execute
2026-04-14 06:50:53.134 8 ERROR ovsdbapp.event self.run_idl(None)
2026-04-14 06:50:53.134 8 ERROR ovsdbapp.event
File "/var/lib/openstack/lib/python3.12/site-packages/ovsdbapp/schema/ovn_northbound/commands.py", line 681, in run_idl
2026-04-14 06:50:53.134 8 ERROR ovsdbapp.event lsp = self.api.lookup('Logical_Switch_Port', self.port)
2026-04-14 06:50:53.134 8 ERROR ovsdbapp.event ^^^^^^^^^^^^^^^^^^^^^^^^^^^^^^^^^^^^^^^^^^^^^^^^^
2026-04-14 06:50:53.134 8 ERROR ovsdbapp.event
File "/var/lib/openstack/lib/python3.12/site-packages/ovsdbapp/backend/ovs_idl/__init__.py", line 184, in lookup
2026-04-14 06:50:53.134 8 ERROR ovsdbapp.event return self._lookup(table, record)
2026-04-14 06:50:53.134 8 ERROR ovsdbapp.event ^^^^^^^^^^^^^^^^^^^^^^^^^^^
2026-04-14 06:50:53.134 8 ERROR ovsdbapp.event
File "/var/lib/openstack/lib/python3.12/site-packages/ovsdbapp/backend/ovs_idl/__init__.py", line 235, in _lookup
2026-04-14 06:50:53.134 8 ERROR ovsdbapp.event row = idlutils.row_by_value(self, rl.table, rl.column, record)
2026-04-14 06:50:53.134 8 ERROR ovsdbapp.event ^^^^^^^^^^^^^^^^^^^^^^^^^^^^^^^^^^^^^^^^^^^^^^^^^^^^^^^^
2026-04-14 06:50:53.134 8 ERROR ovsdbapp.event
File "/var/lib/openstack/lib/python3.12/site-packages/ovsdbapp/backend/ovs_idl/idlutils.py", line 114, in row_by_value
2026-04-14 06:50:53.134 8 ERROR ovsdbapp.event raise RowNotFound(table=table, col=column, match=match)
2026-04-14 06:50:53.134 8 ERROR ovsdbapp.event ovsdbapp.backend.ovs_idl.idlutils.RowNotFound: Cannot find Logical_Switch_Port with name=f671aa7d-74c6-4b7a-955f-e3c739044081
2026-04-14 06:50:53.134 8 ERROR ovsdbapp.event
2026-04-14 06:50:53.202 8 INFO neutron.db.ovn_revision_numbers_db [None req-2ed0b854-b041-4d36-a235-89c1dcfb065b 6b3429424cd24520b2329438446078da 5f1c85880ac5444892d31814177fb166 - - default default] Successfully bumped revision number for resource 2f9c1554-c18f-4c6a-82f7-af4c428aca3f (type: routers) to 1
2026-04-14 06:50:53.203 8 INFO neutron.plugins.ml2.drivers.ovn.mech_driver.mech_driver [None req-8ce25cca-6659-41ea-b4e0-62ea8935928f - - - - - -] OVN reports status down for port: 654c357b-0c01-48b0-88d0-75055ec574db [pid: 8|app: 0|req: 847/1759] 10.0.0.207 () {34 vars in 669 bytes} [Tue Apr 14 06:50:52 2026] POST /v2.0/routers => generated 602 bytes in 761 msecs (HTTP/1.1 201) 4 headers in 162 bytes (1 switches on core 0) [pid: 7|app: 0|req: 913/1760] 10.0.0.207 () {32 vars in 724 bytes} [Tue Apr 14 06:50:53 2026] DELETE /v2.0/routers/cb635b0d-33f3-4765-84ca-be93b42ad9b5 => generated 0 bytes in 220 msecs (HTTP/1.1 204) 2 headers in 112 bytes (1 switches on core 0) [pid: 7|app: 0|req: 914/1761] 10.0.0.207 () {32 vars in 724 bytes} [Tue Apr 14 06:50:53 2026] DELETE /v2.0/subnets/94434f7d-bc3f-41b8-aa3b-9e6d799c295c => generated 0 bytes in 167 msecs (HTTP/1.1 204) 3 headers in 131 bytes (1 switches on core 0)
2026-04-14 06:50:53.564 8 WARNING neutron.scheduler.dhcp_agent_scheduler [None req-67338331-32e5-4a07-b368-2f88fd32a521 6b3429424cd24520b2329438446078da 5f1c85880ac5444892d31814177fb166 - - default default] No more DHCP agents
2026-04-14 06:50:53.565 8 WARNING neutron.api.rpc.agentnotifiers.dhcp_rpc_agent_api [None req-67338331-32e5-4a07-b368-2f88fd32a521 6b3429424cd24520b2329438446078da 5f1c85880ac5444892d31814177fb166 - - default default] Unable to schedule network 791ae6de-e6a5-4f6b-91ce-911e5e2d68a3: no agents available; will retry on subsequent port and subnet creation events.
2026-04-14 06:50:53.661 7 INFO neutron_taas.services.taas.taas_plugin [None req-506bb685-6810-4743-ab00-a50af77732a0 64b3ca5503974b5c89be5b8a01b7f777 258479e0952242e99ca4a7009eda305e - - default default] TaaS: Handle Delete Port: fdd046bf-30a9-4345-b7c1-c8c1fb04d09a
2026-04-14 06:50:53.664 7 INFO neutron_taas.services.taas.tap_mirror_plugin [None req-506bb685-6810-4743-ab00-a50af77732a0 64b3ca5503974b5c89be5b8a01b7f777 258479e0952242e99ca4a7009eda305e - - default default] Tap Mirror: Handle Delete Port: fdd046bf-30a9-4345-b7c1-c8c1fb04d09a
2026-04-14 06:50:53.735 8 INFO neutron.plugins.ml2.drivers.ovn.mech_driver.mech_driver [None req-8ce25cca-6659-41ea-b4e0-62ea8935928f - - - - - -] OVN reports status down for port: 422c3bdd-ea33-4694-9a45-ef1ea1bc5e6e
2026-04-14 06:50:53.832 8 INFO neutron.db.ovn_revision_numbers_db [None req-67338331-32e5-4a07-b368-2f88fd32a521 6b3429424cd24520b2329438446078da 5f1c85880ac5444892d31814177fb166 - - default default] Successfully bumped revision number for resource 422c3bdd-ea33-4694-9a45-ef1ea1bc5e6e (type: ports) to 1 [pid: 8|app: 0|req: 848/1762] 10.0.0.207 () {34 vars in 665 bytes} [Tue Apr 14 06:50:53 2026] POST /v2.0/ports => generated 948 bytes in 715 msecs (HTTP/1.1 201) 4 headers in 162 bytes (1 switches on core 0) /var/lib/openstack/lib/python3.12/site-packages/pycadf/identifier.py:70: UserWarning: Invalid uuid: neutron. To ensure interoperability, identifiers should be a valid uuid. warnings.warn(('Invalid uuid: %s. To ensure interoperability, '
2026-04-14 06:50:53.998 7 INFO neutron.services.segments.plugin [-] Segment c56bd3bb-c9ac-4382-8f08-e575f91c600f resource provider aggregate not found
2026-04-14 06:50:54.003 7 INFO neutron.services.segments.plugin [-] Segment c56bd3bb-c9ac-4382-8f08-e575f91c600f resource provider aggregate not found
2026-04-14 06:50:54.020 7 INFO neutron.services.segments.plugin [-] Segment c56bd3bb-c9ac-4382-8f08-e575f91c600f resource provider not found; error: Placement Client Error (4xx): {"errors": [{"status": 404, "title": "Not Found", "detail": "The resource could not be found.\n\n No resource provider with uuid c56bd3bb-c9ac-4382-8f08-e575f91c600f found for delete ", "request_id": "req-061dfb5a-7ec5-4ab9-968f-1349715a3667"}]}
2026-04-14 06:50:54.021 7 INFO neutron.services.segments.plugin [-] Segment c56bd3bb-c9ac-4382-8f08-e575f91c600f resource provider not found; error: Placement Client Error (4xx): {"errors": [{"status": 404, "title": "Not Found", "detail": "The resource could not be found.\n\n No resource provider with uuid c56bd3bb-c9ac-4382-8f08-e575f91c600f found for delete ", "request_id": "req-decc9ac0-9c46-4b81-a3f4-e45b3bb4f67b"}]} [pid: 7|app: 0|req: 915/1763] 10.0.0.207 () {32 vars in 726 bytes} [Tue Apr 14 06:50:53 2026] DELETE /v2.0/networks/c94cb241-f442-4a2b-b0c8-8e107aa10a36 => generated 0 bytes in 534 msecs (HTTP/1.1 204) 3 headers in 131 bytes (1 switches on core 0)
2026-04-14 06:50:54.542 7 WARNING neutron.scheduler.dhcp_agent_scheduler [None req-45ae0895-9ff0-465c-a2c4-d0b5e9ae36b8 64b3ca5503974b5c89be5b8a01b7f777 258479e0952242e99ca4a7009eda305e - - default default] No more DHCP agents
2026-04-14 06:50:54.544 7 WARNING neutron.api.rpc.agentnotifiers.dhcp_rpc_agent_api [None req-45ae0895-9ff0-465c-a2c4-d0b5e9ae36b8 64b3ca5503974b5c89be5b8a01b7f777 258479e0952242e99ca4a7009eda305e - - default default] Unable to schedule network 91bbddaa-1c42-4376-bea0-7ab96f0d684a: no agents available; will retry on subsequent port and subnet creation events.
2026-04-14 06:50:54.549 8 INFO neutron.plugins.ml2.drivers.ovn.mech_driver.mech_driver [None req-8ce25cca-6659-41ea-b4e0-62ea8935928f - - - - - -] OVN reports status up for port: 422c3bdd-ea33-4694-9a45-ef1ea1bc5e6e
2026-04-14 06:50:54.569 8 INFO neutron.plugins.ml2.plugin [None req-8ce25cca-6659-41ea-b4e0-62ea8935928f - - - - - -] Attempt 1 to provision port 422c3bdd-ea33-4694-9a45-ef1ea1bc5e6e
2026-04-14 06:50:54.595 8 INFO neutron.db.ovn_revision_numbers_db [None req-8f235fcf-1666-4901-8c16-ede19c0ceb79 6b3429424cd24520b2329438446078da 5f1c85880ac5444892d31814177fb166 - - default default] Successfully bumped revision number for resource 422c3bdd-ea33-4694-9a45-ef1ea1bc5e6e (type: ports) to 2
2026-04-14 06:50:54.720 7 INFO neutron.db.ovn_revision_numbers_db [None req-45ae0895-9ff0-465c-a2c4-d0b5e9ae36b8 64b3ca5503974b5c89be5b8a01b7f777 258479e0952242e99ca4a7009eda305e - - default default] Successfully bumped revision number for resource b1ad8f35-ddbb-4ca3-940f-ccc9532c8c13 (type: ports) to 1
2026-04-14 06:50:55.178 8 INFO neutron.db.ovn_revision_numbers_db [None req-8ce25cca-6659-41ea-b4e0-62ea8935928f - - - - - -] Successfully bumped revision number for resource 422c3bdd-ea33-4694-9a45-ef1ea1bc5e6e (type: ports) to 3
2026-04-14 06:50:55.258 7 INFO neutron.plugins.ml2.drivers.ovn.mech_driver.ovsdb.commands [-] Schedule LRP lrp-b1ad8f35-ddbb-4ca3-940f-ccc9532c8c13 on gateway 3878b293-076a-444e-9a61-11f7073c1c8b with priority 1
2026-04-14 06:50:55.363 7 INFO neutron.db.ovn_revision_numbers_db [None req-45ae0895-9ff0-465c-a2c4-d0b5e9ae36b8 64b3ca5503974b5c89be5b8a01b7f777 258479e0952242e99ca4a7009eda305e - - default default] Successfully bumped revision number for resource b1ad8f35-ddbb-4ca3-940f-ccc9532c8c13 (type: router_ports) to 1
2026-04-14 06:50:55.438 7 INFO neutron.db.ovn_revision_numbers_db [None req-45ae0895-9ff0-465c-a2c4-d0b5e9ae36b8 64b3ca5503974b5c89be5b8a01b7f777 258479e0952242e99ca4a7009eda305e - - default default] Successfully bumped revision number for resource 1c4773d3-6efb-4eeb-8850-5a34f75e8dfb (type: routers) to 2 [pid: 7|app: 0|req: 916/1764] 10.0.0.207 () {34 vars in 669 bytes} [Tue Apr 14 06:50:54 2026] POST /v2.0/routers => generated 951 bytes in 1397 msecs (HTTP/1.1 201) 4 headers in 162 bytes (1 switches on core 0) [pid: 7|app: 0|req: 917/1765] 10.0.0.222 () {30 vars in 650 bytes} [Tue Apr 14 06:50:55 2026] GET /v2.0/extensions => generated 20118 bytes in 5 msecs (HTTP/1.1 200) 4 headers in 159 bytes (1 switches on core 0)
2026-04-14 06:50:55.621 8 WARNING neutron.scheduler.dhcp_agent_scheduler [None req-8f235fcf-1666-4901-8c16-ede19c0ceb79 6b3429424cd24520b2329438446078da 5f1c85880ac5444892d31814177fb166 - - default default] No more DHCP agents
2026-04-14 06:50:55.623 8 WARNING neutron.api.rpc.agentnotifiers.dhcp_rpc_agent_api [None req-8f235fcf-1666-4901-8c16-ede19c0ceb79 6b3429424cd24520b2329438446078da 5f1c85880ac5444892d31814177fb166 - - default default] Unable to schedule network 791ae6de-e6a5-4f6b-91ce-911e5e2d68a3: no agents available; will retry on subsequent port and subnet creation events.
2026-04-14 06:50:55.810 7 INFO neutron.db.ovn_revision_numbers_db [None req-b6f81449-2f69-49d0-8833-0ce07576e66d f63ae3d617ce450d9895e57e9d150daa e0bb3e6d51834e66b01114501e033821 - - default default] Successfully bumped revision number for resource 85bf8356-a560-4ce8-86bd-6b0deb7d4336 (type: security_groups) to 1
2026-04-14 06:50:55.830 7 INFO neutron.db.ovn_revision_numbers_db [None req-b6f81449-2f69-49d0-8833-0ce07576e66d f63ae3d617ce450d9895e57e9d150daa e0bb3e6d51834e66b01114501e033821 - - default default] Successfully bumped revision number for resource 611f29b3-3eaf-48dd-9b15-466738f7236d (type: security_group_rules) to 0
2026-04-14 06:50:55.846 7 INFO neutron.db.ovn_revision_numbers_db [None req-b6f81449-2f69-49d0-8833-0ce07576e66d f63ae3d617ce450d9895e57e9d150daa e0bb3e6d51834e66b01114501e033821 - - default default] Successfully bumped revision number for resource d8dcb91c-def1-494c-a1ef-0aeafe315995 (type: security_group_rules) to 0
2026-04-14 06:50:55.860 7 INFO neutron.db.ovn_revision_numbers_db [None req-b6f81449-2f69-49d0-8833-0ce07576e66d f63ae3d617ce450d9895e57e9d150daa e0bb3e6d51834e66b01114501e033821 - - default default] Successfully bumped revision number for resource d8f2882a-a63d-49f2-8e7e-9de473e225f6 (type: security_group_rules) to 0
2026-04-14 06:50:55.873 7 INFO neutron.db.ovn_revision_numbers_db [None req-b6f81449-2f69-49d0-8833-0ce07576e66d f63ae3d617ce450d9895e57e9d150daa e0bb3e6d51834e66b01114501e033821 - - default default] Successfully bumped revision number for resource f495500d-312b-48e5-9e9e-be5b4781b7eb (type: security_group_rules) to 0
2026-04-14 06:50:55.914 8 INFO neutron.db.ovn_revision_numbers_db [None req-8f235fcf-1666-4901-8c16-ede19c0ceb79 6b3429424cd24520b2329438446078da 5f1c85880ac5444892d31814177fb166 - - default default] Successfully bumped revision number for resource 422c3bdd-ea33-4694-9a45-ef1ea1bc5e6e (type: router_ports) to 3 [pid: 8|app: 0|req: 849/1766] 10.0.0.207 () {34 vars in 783 bytes} [Tue Apr 14 06:50:53 2026] PUT /v2.0/routers/2f9c1554-c18f-4c6a-82f7-af4c428aca3f/add_router_interface => generated 309 bytes in 1966 msecs (HTTP/1.1 200) 4 headers in 157 bytes (1 switches on core 0) /var/lib/openstack/lib/python3.12/site-packages/pycadf/identifier.py:70: UserWarning: Invalid uuid: neutron. To ensure interoperability, identifiers should be a valid uuid. warnings.warn(('Invalid uuid: %s. To ensure interoperability, '
2026-04-14 06:50:55.953 7 INFO neutron.db.segments_db [None req-b6f81449-2f69-49d0-8833-0ce07576e66d f63ae3d617ce450d9895e57e9d150daa e0bb3e6d51834e66b01114501e033821 - - default default] Added segment 4db55b3f-f699-4fec-8dfd-cb41977f816f of type geneve for network 797d3ca8-e7f7-4006-ae86-0680624bf8ed [pid: 8|app: 0|req: 850/1767] 10.0.0.207 () {32 vars in 721 bytes} [Tue Apr 14 06:50:55 2026] GET /v2.0/routers/1c4773d3-6efb-4eeb-8850-5a34f75e8dfb => generated 957 bytes in 62 msecs (HTTP/1.1 200) 4 headers in 157 bytes (1 switches on core 0)
2026-04-14 06:50:56.062 7 INFO neutron.db.ovn_revision_numbers_db [None req-b6f81449-2f69-49d0-8833-0ce07576e66d f63ae3d617ce450d9895e57e9d150daa e0bb3e6d51834e66b01114501e033821 - - default default] Successfully bumped revision number for resource 797d3ca8-e7f7-4006-ae86-0680624bf8ed (type: networks) to 1 [pid: 8|app: 0|req: 851/1768] 10.0.0.222 () {30 vars in 724 bytes} [Tue Apr 14 06:50:55 2026] GET /v2.0/quotas/1c73ee3c339b405e977f211fa7e74a06/details => generated 847 bytes in 110 msecs (HTTP/1.1 200) 4 headers in 157 bytes (1 switches on core 0) [pid: 8|app: 0|req: 852/1769] 10.0.0.207 () {32 vars in 717 bytes} [Tue Apr 14 06:50:56 2026] GET /v2.0/ports/422c3bdd-ea33-4694-9a45-ef1ea1bc5e6e => generated 1010 bytes in 31 msecs (HTTP/1.1 200) 4 headers in 158 bytes (1 switches on core 0) [pid: 8|app: 0|req: 853/1770] 10.0.0.207 () {32 vars in 647 bytes} [Tue Apr 14 06:50:56 2026] GET /v2.0/routers => generated 960 bytes in 84 msecs (HTTP/1.1 200) 4 headers in 157 bytes (1 switches on core 0)
2026-04-14 06:50:56.227 7 WARNING neutron.scheduler.dhcp_agent_scheduler [None req-b6f81449-2f69-49d0-8833-0ce07576e66d f63ae3d617ce450d9895e57e9d150daa e0bb3e6d51834e66b01114501e033821 - - default default] No more DHCP agents
2026-04-14 06:50:56.229 7 WARNING neutron.api.rpc.agentnotifiers.dhcp_rpc_agent_api [None req-b6f81449-2f69-49d0-8833-0ce07576e66d f63ae3d617ce450d9895e57e9d150daa e0bb3e6d51834e66b01114501e033821 - - default default] Unable to schedule network 797d3ca8-e7f7-4006-ae86-0680624bf8ed: no agents available; will retry on subsequent port and subnet creation events.
2026-04-14 06:50:56.336 7 INFO neutron.db.ovn_revision_numbers_db [None req-b6f81449-2f69-49d0-8833-0ce07576e66d f63ae3d617ce450d9895e57e9d150daa e0bb3e6d51834e66b01114501e033821 - - default default] Successfully bumped revision number for resource 573a1f73-e717-498b-aeac-40ee1a0941fd (type: ports) to 1 [pid: 7|app: 0|req: 918/1771] 10.0.0.207 () {34 vars in 671 bytes} [Tue Apr 14 06:50:55 2026] POST /v2.0/networks => generated 633 bytes in 892 msecs (HTTP/1.1 201) 4 headers in 162 bytes (1 switches on core 0)
2026-04-14 06:50:56.557 8 INFO neutron_taas.services.taas.taas_plugin [None req-9ab57297-4a7f-4789-b57c-65492dc3bc3c 6b3429424cd24520b2329438446078da 5f1c85880ac5444892d31814177fb166 - - default default] TaaS: Handle Delete Port: 422c3bdd-ea33-4694-9a45-ef1ea1bc5e6e
2026-04-14 06:50:56.561 8 INFO neutron_taas.services.taas.tap_mirror_plugin [None req-9ab57297-4a7f-4789-b57c-65492dc3bc3c 6b3429424cd24520b2329438446078da 5f1c85880ac5444892d31814177fb166 - - default default] Tap Mirror: Handle Delete Port: 422c3bdd-ea33-4694-9a45-ef1ea1bc5e6e
2026-04-14 06:50:56.791 7 INFO neutron.db.ovn_revision_numbers_db [None req-5aa6ca08-1959-49cc-99d8-8ae5a2766507 64b3ca5503974b5c89be5b8a01b7f777 258479e0952242e99ca4a7009eda305e - - default default] Successfully bumped revision number for resource 1c4773d3-6efb-4eeb-8850-5a34f75e8dfb (type: routers) to 3 [pid: 7|app: 0|req: 919/1772] 10.0.0.207 () {34 vars in 741 bytes} [Tue Apr 14 06:50:56 2026] PUT /v2.0/routers/1c4773d3-6efb-4eeb-8850-5a34f75e8dfb => generated 964 bytes in 446 msecs (HTTP/1.1 200) 4 headers in 157 bytes (1 switches on core 0) [pid: 8|app: 0|req: 854/1773] 10.0.0.207 () {34 vars in 789 bytes} [Tue Apr 14 06:50:56 2026] PUT /v2.0/routers/2f9c1554-c18f-4c6a-82f7-af4c428aca3f/remove_router_interface => generated 309 bytes in 732 msecs (HTTP/1.1 200) 4 headers in 157 bytes (1 switches on core 0) /var/lib/openstack/lib/python3.12/site-packages/pycadf/identifier.py:70: UserWarning: Invalid uuid: neutron. To ensure interoperability, identifiers should be a valid uuid. warnings.warn(('Invalid uuid: %s. To ensure interoperability, ' [pid: 8|app: 0|req: 855/1774] 10.0.0.207 () {32 vars in 721 bytes} [Tue Apr 14 06:50:56 2026] GET /v2.0/routers/1c4773d3-6efb-4eeb-8850-5a34f75e8dfb => generated 964 bytes in 101 msecs (HTTP/1.1 200) 4 headers in 157 bytes (1 switches on core 0)
2026-04-14 06:50:57.112 8 INFO neutron.api.v2.resource [None req-203df81a-a806-4219-9696-8bcc601e403f 6b3429424cd24520b2329438446078da 5f1c85880ac5444892d31814177fb166 - - default default] remove_router_interface failed (client error): The resource could not be found. [pid: 8|app: 0|req: 856/1775] 10.0.0.207 () {34 vars in 789 bytes} [Tue Apr 14 06:50:57 2026] PUT /v2.0/routers/2f9c1554-c18f-4c6a-82f7-af4c428aca3f/remove_router_interface => generated 197 bytes in 72 msecs (HTTP/1.1 404) 4 headers in 164 bytes (1 switches on core 0) [pid: 8|app: 0|req: 857/1776] 10.0.0.138 () {28 vars in 581 bytes} [Tue Apr 14 06:50:57 2026] GET /v2.0/agents => generated 1214 bytes in 74 msecs (HTTP/1.1 200) 4 headers in 158 bytes (1 switches on core 0) [pid: 8|app: 0|req: 858/1777] 10.0.0.207 () {32 vars in 736 bytes} [Tue Apr 14 06:50:57 2026] GET /v2.0/ports?device_id=1c4773d3-6efb-4eeb-8850-5a34f75e8dfb => generated 12 bytes in 29 msecs (HTTP/1.1 200) 4 headers in 156 bytes (1 switches on core 0) [pid: 8|app: 0|req: 859/1778] 10.0.0.207 () {32 vars in 736 bytes} [Tue Apr 14 06:50:57 2026] GET /v2.0/ports?device_id=2f9c1554-c18f-4c6a-82f7-af4c428aca3f => generated 12 bytes in 20 msecs (HTTP/1.1 200) 4 headers in 156 bytes (1 switches on core 0)
2026-04-14 06:50:57.254 7 WARNING neutron.scheduler.dhcp_agent_scheduler [None req-1a3526a5-5fff-4e23-8eae-646199b2e421 f63ae3d617ce450d9895e57e9d150daa e0bb3e6d51834e66b01114501e033821 - - default default] No more DHCP agents
2026-04-14 06:50:57.255 7 WARNING neutron.api.rpc.agentnotifiers.dhcp_rpc_agent_api [None req-1a3526a5-5fff-4e23-8eae-646199b2e421 f63ae3d617ce450d9895e57e9d150daa e0bb3e6d51834e66b01114501e033821 - - default default] Unable to schedule network 91bbddaa-1c42-4376-bea0-7ab96f0d684a: no agents available; will retry on subsequent port and subnet creation events. [pid: 8|app: 0|req: 860/1779] 10.0.0.138 () {28 vars in 599 bytes} [Tue Apr 14 06:50:57 2026] GET /v2.0/security-groups => generated 26113 bytes in 49 msecs (HTTP/1.1 200) 4 headers in 159 bytes (1 switches on core 0)
2026-04-14 06:50:57.450 7 INFO neutron.db.ovn_revision_numbers_db [None req-1a3526a5-5fff-4e23-8eae-646199b2e421 f63ae3d617ce450d9895e57e9d150daa e0bb3e6d51834e66b01114501e033821 - - default default] Successfully bumped revision number for resource 25cd491f-074c-4d3c-b71e-31e3f4e21333 (type: ports) to 1
2026-04-14 06:50:57.668 8 INFO neutron_taas.services.taas.taas_plugin [None req-b306e553-fefc-4549-8484-cdedfa0a50d5 64b3ca5503974b5c89be5b8a01b7f777 258479e0952242e99ca4a7009eda305e - - default default] TaaS: Handle Delete Port: b1ad8f35-ddbb-4ca3-940f-ccc9532c8c13
2026-04-14 06:50:57.671 8 INFO neutron_taas.services.taas.tap_mirror_plugin [None req-b306e553-fefc-4549-8484-cdedfa0a50d5 64b3ca5503974b5c89be5b8a01b7f777 258479e0952242e99ca4a7009eda305e - - default default] Tap Mirror: Handle Delete Port: b1ad8f35-ddbb-4ca3-940f-ccc9532c8c13
2026-04-14 06:50:58.063 7 INFO neutron.plugins.ml2.drivers.ovn.mech_driver.ovsdb.commands [-] Schedule LRP lrp-25cd491f-074c-4d3c-b71e-31e3f4e21333 on gateway 3878b293-076a-444e-9a61-11f7073c1c8b with priority 1
2026-04-14 06:50:58.153 8 INFO neutron.plugins.ml2.drivers.ovn.mech_driver.ovsdb.ovsdb_monitor [None req-7e0a0ca5-4a57-4942-bec2-f09f6676794d - - - - - -] Router d4dc4bc2-1f82-4020-a5c0-3f48b2127cc5 is bound to host instance
2026-04-14 06:50:58.244 7 INFO neutron.db.ovn_revision_numbers_db [None req-1a3526a5-5fff-4e23-8eae-646199b2e421 f63ae3d617ce450d9895e57e9d150daa e0bb3e6d51834e66b01114501e033821 - - default default] Successfully bumped revision number for resource 25cd491f-074c-4d3c-b71e-31e3f4e21333 (type: router_ports) to 1
2026-04-14 06:50:58.308 7 INFO neutron.db.ovn_revision_numbers_db [None req-1a3526a5-5fff-4e23-8eae-646199b2e421 f63ae3d617ce450d9895e57e9d150daa e0bb3e6d51834e66b01114501e033821 - - default default] Successfully bumped revision number for resource d4dc4bc2-1f82-4020-a5c0-3f48b2127cc5 (type: routers) to 2 [pid: 8|app: 0|req: 861/1780] 10.0.0.207 () {32 vars in 724 bytes} [Tue Apr 14 06:50:57 2026] DELETE /v2.0/routers/1c4773d3-6efb-4eeb-8850-5a34f75e8dfb => generated 0 bytes in 1027 msecs (HTTP/1.1 204) 2 headers in 112 bytes (1 switches on core 0) [pid: 7|app: 0|req: 920/1781] 10.0.0.207 () {34 vars in 669 bytes} [Tue Apr 14 06:50:56 2026] POST /v2.0/routers => generated 954 bytes in 1528 msecs (HTTP/1.1 201) 4 headers in 162 bytes (1 switches on core 0) [pid: 7|app: 0|req: 921/1782] 10.0.0.138 () {28 vars in 591 bytes} [Tue Apr 14 06:50:58 2026] GET /v2.0/floatingips => generated 19 bytes in 16 msecs (HTTP/1.1 200) 4 headers in 156 bytes (1 switches on core 0)
2026-04-14 06:50:58.587 7 INFO neutron.db.ovn_revision_numbers_db [None req-10426234-203a-4fc5-a59f-9e4cdeb44fcf 8beafa461b5248dc8f78c6602d2fca11 4b56eb9ba99644b9bb37193af4ab2b69 - - default default] Successfully bumped revision number for resource 84365c37-dfaa-4331-b83b-013cbcde12d1 (type: security_groups) to 1
2026-04-14 06:50:58.597 7 INFO neutron.db.ovn_revision_numbers_db [None req-10426234-203a-4fc5-a59f-9e4cdeb44fcf 8beafa461b5248dc8f78c6602d2fca11 4b56eb9ba99644b9bb37193af4ab2b69 - - default default] Successfully bumped revision number for resource 0f032bd5-f84f-4282-9b50-5a5b65ecb718 (type: security_group_rules) to 0
2026-04-14 06:50:58.608 7 INFO neutron.db.ovn_revision_numbers_db [None req-10426234-203a-4fc5-a59f-9e4cdeb44fcf 8beafa461b5248dc8f78c6602d2fca11 4b56eb9ba99644b9bb37193af4ab2b69 - - default default] Successfully bumped revision number for resource c7787b4f-3cc5-4c59-82f6-7bc08996c138 (type: security_group_rules) to 0
2026-04-14 06:50:58.619 7 INFO neutron.db.ovn_revision_numbers_db [None req-10426234-203a-4fc5-a59f-9e4cdeb44fcf 8beafa461b5248dc8f78c6602d2fca11 4b56eb9ba99644b9bb37193af4ab2b69 - - default default] Successfully bumped revision number for resource cbc98770-b2c3-4a73-adc8-aecaff42c439 (type: security_group_rules) to 0
2026-04-14 06:50:58.630 7 INFO neutron.db.ovn_revision_numbers_db [None req-10426234-203a-4fc5-a59f-9e4cdeb44fcf 8beafa461b5248dc8f78c6602d2fca11 4b56eb9ba99644b9bb37193af4ab2b69 - - default default] Successfully bumped revision number for resource d3e6c333-ccda-4d11-84b7-542cc736ae5e (type: security_group_rules) to 0 [pid: 7|app: 0|req: 922/1783] 10.0.0.207 () {32 vars in 774 bytes} [Tue Apr 14 06:50:58 2026] GET /v2.0/security-groups?tenant_id=1c73ee3c339b405e977f211fa7e74a06&name=default => generated 2925 bytes in 320 msecs (HTTP/1.1 200) 4 headers in 158 bytes (1 switches on core 0) [pid: 7|app: 0|req: 923/1784] 10.0.0.207 () {32 vars in 736 bytes} [Tue Apr 14 06:50:58 2026] GET /v2.0/ports?device_id=1c4773d3-6efb-4eeb-8850-5a34f75e8dfb => generated 12 bytes in 14 msecs (HTTP/1.1 200) 4 headers in 156 bytes (1 switches on core 0) [pid: 8|app: 0|req: 862/1785] 10.0.0.207 () {32 vars in 724 bytes} [Tue Apr 14 06:50:58 2026] DELETE /v2.0/routers/2f9c1554-c18f-4c6a-82f7-af4c428aca3f => generated 0 bytes in 430 msecs (HTTP/1.1 204) 2 headers in 112 bytes (1 switches on core 0) [pid: 7|app: 0|req: 924/1786] 10.0.0.207 () {32 vars in 776 bytes} [Tue Apr 14 06:50:58 2026] GET /v2.0/subnets?project_id=e0bb3e6d51834e66b01114501e033821&cidr=10.100.0.0%2F28 => generated 14 bytes in 102 msecs (HTTP/1.1 200) 4 headers in 156 bytes (1 switches on core 0) [pid: 8|app: 0|req: 863/1787] 10.0.0.138 () {28 vars in 579 bytes} [Tue Apr 14 06:50:58 2026] GET /v2.0/ports => generated 8109 bytes in 126 msecs (HTTP/1.1 200) 4 headers in 158 bytes (1 switches on core 0)
2026-04-14 06:50:58.906 8 INFO neutron.api.v2.resource [None req-d4a24904-4501-4cf6-a559-9da38687735c 64b3ca5503974b5c89be5b8a01b7f777 258479e0952242e99ca4a7009eda305e - - default default] delete failed (client error): The resource could not be found. [pid: 8|app: 0|req: 864/1788] 10.0.0.207 () {32 vars in 724 bytes} [Tue Apr 14 06:50:58 2026] DELETE /v2.0/routers/1c4773d3-6efb-4eeb-8850-5a34f75e8dfb => generated 135 bytes in 35 msecs (HTTP/1.1 404) 4 headers in 164 bytes (1 switches on core 0) [pid: 7|app: 0|req: 925/1789] 10.0.0.207 () {32 vars in 740 bytes} [Tue Apr 14 06:50:58 2026] DELETE /v2.0/security-groups/84365c37-dfaa-4331-b83b-013cbcde12d1 => generated 0 bytes in 274 msecs (HTTP/1.1 204) 2 headers in 112 bytes (1 switches on core 0) [pid: 7|app: 0|req: 926/1790] 10.0.0.207 () {32 vars in 694 bytes} [Tue Apr 14 06:50:59 2026] GET /v2.0/networks?router%3Aexternal=True => generated 753 bytes in 60 msecs (HTTP/1.1 200) 4 headers in 157 bytes (1 switches on core 0) [pid: 7|app: 0|req: 927/1791] 10.0.0.138 () {28 vars in 583 bytes} [Tue Apr 14 06:50:59 2026] GET /v2.0/subnets => generated 1308 bytes in 28 msecs (HTTP/1.1 200) 4 headers in 158 bytes (1 switches on core 0) [pid: 7|app: 0|req: 928/1792] 10.0.0.207 () {32 vars in 736 bytes} [Tue Apr 14 06:50:59 2026] GET /v2.0/ports?device_id=cb635b0d-33f3-4765-84ca-be93b42ad9b5 => generated 12 bytes in 14 msecs (HTTP/1.1 200) 4 headers in 156 bytes (1 switches on core 0) [pid: 8|app: 0|req: 865/1793] 10.0.0.207 () {32 vars in 724 bytes} [Tue Apr 14 06:50:58 2026] DELETE /v2.0/subnets/0df4fb63-692f-4396-8f23-1b34b92b35bf => generated 0 bytes in 266 msecs (HTTP/1.1 204) 3 headers in 131 bytes (1 switches on core 0) [pid: 7|app: 0|req: 929/1794] 10.0.0.207 () {32 vars in 784 bytes} [Tue Apr 14 06:50:59 2026] GET /v2.0/subnets?network_id=91bbddaa-1c42-4376-bea0-7ab96f0d684a&cidr=10.100.0.0%2F28 => generated 14 bytes in 18 msecs (HTTP/1.1 200) 4 headers in 156 bytes (1 switches on core 0) [pid: 8|app: 0|req: 866/1795] 10.0.0.138 () {28 vars in 591 bytes} [Tue Apr 14 06:50:59 2026] GET /v2.0/subnetpools => generated 19 bytes in 16 msecs (HTTP/1.1 200) 4 headers in 156 bytes (1 switches on core 0)
2026-04-14 06:50:59.195 7 INFO neutron.api.v2.resource [None req-e670072c-ea87-4bc2-bd5d-458108d7c142 64b3ca5503974b5c89be5b8a01b7f777 258479e0952242e99ca4a7009eda305e - - default default] delete failed (client error): The resource could not be found. [pid: 7|app: 0|req: 930/1796] 10.0.0.207 () {32 vars in 724 bytes} [Tue Apr 14 06:50:59 2026] DELETE /v2.0/routers/cb635b0d-33f3-4765-84ca-be93b42ad9b5 => generated 135 bytes in 15 msecs (HTTP/1.1 404) 4 headers in 164 bytes (1 switches on core 0)
2026-04-14 06:50:59.370 7 WARNING neutron.scheduler.dhcp_agent_scheduler [None req-c19a2ceb-c1a1-43f4-8c4c-f9c364bd542c f63ae3d617ce450d9895e57e9d150daa e0bb3e6d51834e66b01114501e033821 - - default default] No more DHCP agents
2026-04-14 06:50:59.371 7 WARNING neutron.api.rpc.agentnotifiers.dhcp_rpc_agent_api [None req-c19a2ceb-c1a1-43f4-8c4c-f9c364bd542c f63ae3d617ce450d9895e57e9d150daa e0bb3e6d51834e66b01114501e033821 - - default default] Unable to schedule network 797d3ca8-e7f7-4006-ae86-0680624bf8ed: no agents available; will retry on subsequent port and subnet creation events.
2026-04-14 06:50:59.384 8 INFO neutron_taas.services.taas.taas_plugin [None req-f609a25b-60b1-4c4d-b6d4-7d208bcc0662 6b3429424cd24520b2329438446078da 5f1c85880ac5444892d31814177fb166 - - default default] TaaS: Handle Delete Port: 654c357b-0c01-48b0-88d0-75055ec574db
2026-04-14 06:50:59.388 8 INFO neutron_taas.services.taas.tap_mirror_plugin [None req-f609a25b-60b1-4c4d-b6d4-7d208bcc0662 6b3429424cd24520b2329438446078da 5f1c85880ac5444892d31814177fb166 - - default default] Tap Mirror: Handle Delete Port: 654c357b-0c01-48b0-88d0-75055ec574db
2026-04-14 06:50:59.685 8 INFO neutron.db.ovn_revision_numbers_db [None req-d4202a2d-724a-4e4f-8412-69757fe94f6a - - - - - -] Successfully bumped revision number for resource 25cd491f-074c-4d3c-b71e-31e3f4e21333 (type: ports) to 4
2026-04-14 06:50:59.736 8 INFO neutron.services.segments.plugin [-] Segment 0c3eaac8-1645-477b-b832-af1d57bf1be0 resource provider aggregate not found
2026-04-14 06:50:59.739 8 INFO neutron.services.segments.plugin [-] Segment 0c3eaac8-1645-477b-b832-af1d57bf1be0 resource provider aggregate not found
2026-04-14 06:50:59.768 8 INFO neutron.services.segments.plugin [-] Segment 0c3eaac8-1645-477b-b832-af1d57bf1be0 resource provider not found; error: Placement Client Error (4xx): {"errors": [{"status": 404, "title": "Not Found", "detail": "The resource could not be found.\n\n No resource provider with uuid 0c3eaac8-1645-477b-b832-af1d57bf1be0 found for delete ", "request_id": "req-1a75b6f1-8238-43ec-996d-b88c839b06b0"}]}
2026-04-14 06:50:59.773 8 INFO neutron.services.segments.plugin [-] Segment 0c3eaac8-1645-477b-b832-af1d57bf1be0 resource provider not found; error: Placement Client Error (4xx): {"errors": [{"status": 404, "title": "Not Found", "detail": "The resource could not be found.\n\n No resource provider with uuid 0c3eaac8-1645-477b-b832-af1d57bf1be0 found for delete ", "request_id": "req-01ab79ac-da47-4865-94d7-9ae53b312c1e"}]}
2026-04-14 06:50:59.831 7 INFO neutron.db.ovn_revision_numbers_db [None req-598aa9a9-0a4c-43f4-8a40-776e9aa96fa1 - - - - - -] Successfully bumped revision number for resource 573a1f73-e717-498b-aeac-40ee1a0941fd (type: ports) to 2
2026-04-14 06:50:59.863 7 INFO neutron.db.ovn_revision_numbers_db [None req-598aa9a9-0a4c-43f4-8a40-776e9aa96fa1 - - - - - -] Successfully bumped revision number for resource bd0cca19-06f9-422a-9668-3c433fceb4cf (type: subnets) to 0 [pid: 7|app: 0|req: 931/1797] 10.0.0.207 () {34 vars in 669 bytes} [Tue Apr 14 06:50:59 2026] POST /v2.0/subnets => generated 657 bytes in 689 msecs (HTTP/1.1 201) 4 headers in 162 bytes (1 switches on core 0) [pid: 7|app: 0|req: 932/1798] 10.0.0.138 () {28 vars in 583 bytes} [Tue Apr 14 06:50:59 2026] GET /v2.0/subnets => generated 1973 bytes in 38 msecs (HTTP/1.1 200) 4 headers in 158 bytes (1 switches on core 0) [pid: 8|app: 0|req: 867/1799] 10.0.0.207 () {32 vars in 726 bytes} [Tue Apr 14 06:50:59 2026] DELETE /v2.0/networks/791ae6de-e6a5-4f6b-91ce-911e5e2d68a3 => generated 0 bytes in 740 msecs (HTTP/1.1 204) 3 headers in 131 bytes (1 switches on core 0)
2026-04-14 06:50:59.935 7 INFO neutron.pecan_wsgi.hooks.translation [None req-47c867d5-520d-4db7-92bf-2527e8e8b1ad 64b3ca5503974b5c89be5b8a01b7f777 258479e0952242e99ca4a7009eda305e - - default default] DELETE failed (client error): The resource could not be found. [pid: 7|app: 0|req: 933/1802] 10.0.0.207 () {32 vars in 724 bytes} [Tue Apr 14 06:50:59 2026] DELETE /v2.0/subnets/94434f7d-bc3f-41b8-aa3b-9e6d799c295c => generated 136 bytes in 14 msecs (HTTP/1.1 404) 4 headers in 164 bytes (1 switches on core 0) [pid: 7|app: 0|req: 934/1803] 10.0.0.138 () {28 vars in 583 bytes} [Tue Apr 14 06:50:59 2026] GET /v2.0/routers => generated 975 bytes in 62 msecs (HTTP/1.1 200) 4 headers in 157 bytes (1 switches on core 0)
2026-04-14 06:51:00.087 7 INFO neutron.db.segments_db [None req-93ed4072-0e21-4679-8c64-ca61a2f025a1 6b3429424cd24520b2329438446078da 5f1c85880ac5444892d31814177fb166 - - default default] Added segment 79f5ac66-c466-4607-aa0f-0c5ec0ecf97b of type geneve for network 36639432-d5e1-4c4b-acfd-78afbcfd5124
2026-04-14 06:51:00.221 7 INFO neutron.db.ovn_revision_numbers_db [None req-93ed4072-0e21-4679-8c64-ca61a2f025a1 6b3429424cd24520b2329438446078da 5f1c85880ac5444892d31814177fb166 - - default default] Successfully bumped revision number for resource 36639432-d5e1-4c4b-acfd-78afbcfd5124 (type: networks) to 1
2026-04-14 06:51:00.379 8 INFO neutron.db.ovn_revision_numbers_db [None req-d4202a2d-724a-4e4f-8412-69757fe94f6a - - - - - -] Successfully bumped revision number for resource 25cd491f-074c-4d3c-b71e-31e3f4e21333 (type: ports) to 5
2026-04-14 06:51:00.421 7 WARNING neutron.scheduler.dhcp_agent_scheduler [None req-93ed4072-0e21-4679-8c64-ca61a2f025a1 6b3429424cd24520b2329438446078da 5f1c85880ac5444892d31814177fb166 - - default default] No more DHCP agents
2026-04-14 06:51:00.422 7 WARNING neutron.api.rpc.agentnotifiers.dhcp_rpc_agent_api [None req-93ed4072-0e21-4679-8c64-ca61a2f025a1 6b3429424cd24520b2329438446078da 5f1c85880ac5444892d31814177fb166 - - default default] Unable to schedule network 36639432-d5e1-4c4b-acfd-78afbcfd5124: no agents available; will retry on subsequent port and subnet creation events.
2026-04-14 06:51:00.533 7 INFO neutron.db.ovn_revision_numbers_db [None req-93ed4072-0e21-4679-8c64-ca61a2f025a1 6b3429424cd24520b2329438446078da 5f1c85880ac5444892d31814177fb166 - - default default] Successfully bumped revision number for resource 684edf65-2b57-4760-90cf-32fe0e1d5028 (type: ports) to 1 [pid: 7|app: 0|req: 935/1804] 10.0.0.207 () {34 vars in 670 bytes} [Tue Apr 14 06:51:00 2026] POST /v2.0/networks => generated 630 bytes in 561 msecs (HTTP/1.1 201) 4 headers in 162 bytes (1 switches on core 0) [pid: 7|app: 0|req: 936/1805] 10.0.0.207 () {32 vars in 736 bytes} [Tue Apr 14 06:51:00 2026] GET /v2.0/ports?device_id=3cc18a04-c7ef-49b5-ab75-7d4267a93535 => generated 12 bytes in 22 msecs (HTTP/1.1 200) 4 headers in 156 bytes (1 switches on core 0) [pid: 7|app: 0|req: 937/1806] 10.0.0.138 () {28 vars in 624 bytes} [Tue Apr 14 06:51:00 2026] GET /v2.0/agents?binary=ovn-controller => generated 416 bytes in 11 msecs (HTTP/1.1 200) 4 headers in 157 bytes (1 switches on core 0)
2026-04-14 06:51:00.737 8 WARNING neutron.plugins.ml2.drivers.ovn.mech_driver.ovsdb.ovn_client [None req-0b8d267f-2c8c-4f9e-914a-bb6a67e66be2 - - - - - -] No port found with ID 422c3bdd-ea33-4694-9a45-ef1ea1bc5e6e: RuntimeError: No port found with ID 422c3bdd-ea33-4694-9a45-ef1ea1bc5e6e
2026-04-14 06:51:00.737 8 INFO neutron.plugins.ml2.drivers.ovn.mech_driver.mech_driver [None req-0b8d267f-2c8c-4f9e-914a-bb6a67e66be2 - - - - - -] OVN reports status down for port: b1ad8f35-ddbb-4ca3-940f-ccc9532c8c13
2026-04-14 06:51:00.763 8 INFO neutron.plugins.ml2.drivers.ovn.mech_driver.mech_driver [None req-0b8d267f-2c8c-4f9e-914a-bb6a67e66be2 - - - - - -] OVN reports status up for port: b1ad8f35-ddbb-4ca3-940f-ccc9532c8c13
2026-04-14 06:51:00.769 7 WARNING neutron.scheduler.dhcp_agent_scheduler [None req-41cbaad4-4194-42cc-bec2-5a93f1927430 6b3429424cd24520b2329438446078da 5f1c85880ac5444892d31814177fb166 - - default default] No more DHCP agents
2026-04-14 06:51:00.770 7 WARNING neutron.api.rpc.agentnotifiers.dhcp_rpc_agent_api [None req-41cbaad4-4194-42cc-bec2-5a93f1927430 6b3429424cd24520b2329438446078da 5f1c85880ac5444892d31814177fb166 - - default default] Unable to schedule network 36639432-d5e1-4c4b-acfd-78afbcfd5124: no agents available; will retry on subsequent port and subnet creation events.
2026-04-14 06:51:00.797 8 INFO neutron.plugins.ml2.drivers.ovn.mech_driver.mech_driver [None req-0b8d267f-2c8c-4f9e-914a-bb6a67e66be2 - - - - - -] OVN reports status down for port: 573a1f73-e717-498b-aeac-40ee1a0941fd
2026-04-14 06:51:00.886 8 WARNING neutron.scheduler.dhcp_agent_scheduler [None req-7cca0a05-68d0-4226-aae1-3f01898785a0 f63ae3d617ce450d9895e57e9d150daa e0bb3e6d51834e66b01114501e033821 - - default default] No more DHCP agents
2026-04-14 06:51:00.887 8 INFO neutron.plugins.ml2.drivers.ovn.mech_driver.mech_driver [None req-0b8d267f-2c8c-4f9e-914a-bb6a67e66be2 - - - - - -] OVN reports status down for port: 25cd491f-074c-4d3c-b71e-31e3f4e21333
2026-04-14 06:51:00.888 8 WARNING neutron.api.rpc.agentnotifiers.dhcp_rpc_agent_api [None req-7cca0a05-68d0-4226-aae1-3f01898785a0 f63ae3d617ce450d9895e57e9d150daa e0bb3e6d51834e66b01114501e033821 - - default default] Unable to schedule network 797d3ca8-e7f7-4006-ae86-0680624bf8ed: no agents available; will retry on subsequent port and subnet creation events.
2026-04-14 06:51:01.201 8 INFO neutron.db.ovn_revision_numbers_db [None req-7cca0a05-68d0-4226-aae1-3f01898785a0 f63ae3d617ce450d9895e57e9d150daa e0bb3e6d51834e66b01114501e033821 - - default default] Successfully bumped revision number for resource cd7a201e-673e-46b1-a389-346736625b37 (type: ports) to 1
2026-04-14 06:51:01.261 7 INFO neutron.db.ovn_revision_numbers_db [None req-df6603f6-ad82-4a31-9a44-a27adb412b79 - - - - - -] Successfully bumped revision number for resource 684edf65-2b57-4760-90cf-32fe0e1d5028 (type: ports) to 2
2026-04-14 06:51:01.294 7 INFO neutron.db.ovn_revision_numbers_db [None req-df6603f6-ad82-4a31-9a44-a27adb412b79 - - - - - -] Successfully bumped revision number for resource 6ff4d13b-2bb1-4a0e-8e8b-0a6fc08c1de4 (type: subnets) to 0 [pid: 7|app: 0|req: 938/1807] 10.0.0.207 () {34 vars in 669 bytes} [Tue Apr 14 06:51:00 2026] POST /v2.0/subnets => generated 626 bytes in 713 msecs (HTTP/1.1 201) 4 headers in 162 bytes (1 switches on core 0)
2026-04-14 06:51:01.324 7 INFO neutron.api.v2.resource [None req-f53a6f82-7fc5-4545-8716-9e89bd743321 64b3ca5503974b5c89be5b8a01b7f777 258479e0952242e99ca4a7009eda305e - - default default] delete failed (client error): The resource could not be found. [pid: 7|app: 0|req: 939/1808] 10.0.0.207 () {32 vars in 724 bytes} [Tue Apr 14 06:51:01 2026] DELETE /v2.0/routers/3cc18a04-c7ef-49b5-ab75-7d4267a93535 => generated 135 bytes in 13 msecs (HTTP/1.1 404) 4 headers in 164 bytes (1 switches on core 0) [pid: 7|app: 0|req: 940/1809] 10.0.0.138 () {28 vars in 585 bytes} [Tue Apr 14 06:51:01 2026] GET /v2.0/networks => generated 3661 bytes in 74 msecs (HTTP/1.1 200) 4 headers in 158 bytes (1 switches on core 0)
2026-04-14 06:51:01.533 7 INFO neutron.db.ovn_revision_numbers_db [None req-299b37d1-9f37-4b27-9dbd-f2cf64520d51 6b3429424cd24520b2329438446078da 5f1c85880ac5444892d31814177fb166 - - default default] Successfully bumped revision number for resource 76fc34cf-347e-44b6-a790-96076f222c6d (type: routers) to 1 [pid: 7|app: 0|req: 941/1810] 10.0.0.207 () {34 vars in 669 bytes} [Tue Apr 14 06:51:01 2026] POST /v2.0/routers => generated 603 bytes in 147 msecs (HTTP/1.1 201) 4 headers in 162 bytes (1 switches on core 0)
2026-04-14 06:51:01.560 7 INFO neutron.pecan_wsgi.hooks.translation [None req-11868e48-ff6c-464f-9122-c72e14903120 64b3ca5503974b5c89be5b8a01b7f777 258479e0952242e99ca4a7009eda305e - - default default] DELETE failed (client error): The resource could not be found. [pid: 7|app: 0|req: 942/1811] 10.0.0.207 () {32 vars in 724 bytes} [Tue Apr 14 06:51:01 2026] DELETE /v2.0/subnets/3313d80e-ce26-43b2-9f0b-547a440419d9 => generated 136 bytes in 14 msecs (HTTP/1.1 404) 4 headers in 164 bytes (1 switches on core 0) [pid: 7|app: 0|req: 943/1812] 10.0.0.138 () {28 vars in 619 bytes} [Tue Apr 14 06:51:01 2026] GET /v2.0/network-ip-availabilities => generated 1964 bytes in 11 msecs (HTTP/1.1 200) 4 headers in 158 bytes (1 switches on core 0)
2026-04-14 06:51:01.581 8 INFO neutron.db.ovn_revision_numbers_db [None req-0b8d267f-2c8c-4f9e-914a-bb6a67e66be2 - - - - - -] Successfully bumped revision number for resource 25cd491f-074c-4d3c-b71e-31e3f4e21333 (type: ports) to 6
2026-04-14 06:51:01.798 8 WARNING neutron.plugins.ml2.drivers.ovn.mech_driver.ovsdb.ovn_client [None req-75415c5d-5232-4dec-90c0-0321455a8fee - - - - - -] Logical_Switch_Port 25cd491f-074c-4d3c-b71e-31e3f4e21333 host information not removed, the port state is up
2026-04-14 06:51:01.798 8 INFO neutron.plugins.ml2.drivers.ovn.mech_driver.mech_driver [None req-75415c5d-5232-4dec-90c0-0321455a8fee - - - - - -] OVN reports status up for port: 25cd491f-074c-4d3c-b71e-31e3f4e21333
2026-04-14 06:51:01.822 8 INFO neutron.plugins.ml2.plugin [None req-75415c5d-5232-4dec-90c0-0321455a8fee - - - - - -] Attempt 1 to provision port 25cd491f-074c-4d3c-b71e-31e3f4e21333
2026-04-14 06:51:01.950 7 WARNING neutron.scheduler.dhcp_agent_scheduler [None req-fc3e40e2-f909-4f9f-9fb8-2a1880549b87 6b3429424cd24520b2329438446078da 5f1c85880ac5444892d31814177fb166 - - default default] No more DHCP agents
2026-04-14 06:51:01.952 7 WARNING neutron.api.rpc.agentnotifiers.dhcp_rpc_agent_api [None req-fc3e40e2-f909-4f9f-9fb8-2a1880549b87 6b3429424cd24520b2329438446078da 5f1c85880ac5444892d31814177fb166 - - default default] Unable to schedule network 36639432-d5e1-4c4b-acfd-78afbcfd5124: no agents available; will retry on subsequent port and subnet creation events.
2026-04-14 06:51:02.133 7 INFO neutron.db.ovn_revision_numbers_db [None req-fc3e40e2-f909-4f9f-9fb8-2a1880549b87 6b3429424cd24520b2329438446078da 5f1c85880ac5444892d31814177fb166 - - default default] Successfully bumped revision number for resource 8c1eac6d-75b3-45bd-8ee9-4ae1d49a5545 (type: ports) to 1
2026-04-14 06:51:02.557 8 INFO neutron.db.ovn_revision_numbers_db [None req-75415c5d-5232-4dec-90c0-0321455a8fee - - - - - -] Successfully bumped revision number for resource 25cd491f-074c-4d3c-b71e-31e3f4e21333 (type: ports) to 7
2026-04-14 06:51:02.666 8 WARNING neutron.scheduler.dhcp_agent_scheduler [None req-7cca0a05-68d0-4226-aae1-3f01898785a0 f63ae3d617ce450d9895e57e9d150daa e0bb3e6d51834e66b01114501e033821 - - default default] No more DHCP agents
2026-04-14 06:51:02.677 8 WARNING neutron.api.rpc.agentnotifiers.dhcp_rpc_agent_api [None req-7cca0a05-68d0-4226-aae1-3f01898785a0 f63ae3d617ce450d9895e57e9d150daa e0bb3e6d51834e66b01114501e033821 - - default default] Unable to schedule network 797d3ca8-e7f7-4006-ae86-0680624bf8ed: no agents available; will retry on subsequent port and subnet creation events.
2026-04-14 06:51:02.731 7 WARNING neutron.scheduler.dhcp_agent_scheduler [None req-fc3e40e2-f909-4f9f-9fb8-2a1880549b87 6b3429424cd24520b2329438446078da 5f1c85880ac5444892d31814177fb166 - - default default] No more DHCP agents
2026-04-14 06:51:02.732 7 WARNING neutron.api.rpc.agentnotifiers.dhcp_rpc_agent_api [None req-fc3e40e2-f909-4f9f-9fb8-2a1880549b87 6b3429424cd24520b2329438446078da 5f1c85880ac5444892d31814177fb166 - - default default] Unable to schedule network 36639432-d5e1-4c4b-acfd-78afbcfd5124: no agents available; will retry on subsequent port and subnet creation events.
2026-04-14 06:51:02.755 8 INFO neutron.plugins.ml2.drivers.ovn.mech_driver.mech_driver [None req-b49b02e8-534d-48f0-bcf5-c144102577b1 - - - - - -] OVN reports status down for port: 684edf65-2b57-4760-90cf-32fe0e1d5028
2026-04-14 06:51:02.855 8 INFO neutron.plugins.ml2.drivers.ovn.mech_driver.mech_driver [None req-b49b02e8-534d-48f0-bcf5-c144102577b1 - - - - - -] OVN reports status down for port: cd7a201e-673e-46b1-a389-346736625b37
2026-04-14 06:51:02.949 7 INFO neutron.db.ovn_revision_numbers_db [None req-fc3e40e2-f909-4f9f-9fb8-2a1880549b87 6b3429424cd24520b2329438446078da 5f1c85880ac5444892d31814177fb166 - - default default] Successfully bumped revision number for resource 8c1eac6d-75b3-45bd-8ee9-4ae1d49a5545 (type: router_ports) to 1 [pid: 7|app: 0|req: 944/1813] 10.0.0.207 () {34 vars in 783 bytes} [Tue Apr 14 06:51:01 2026] PUT /v2.0/routers/76fc34cf-347e-44b6-a790-96076f222c6d/add_router_interface => generated 309 bytes in 1380 msecs (HTTP/1.1 200) 4 headers in 157 bytes (1 switches on core 0) [pid: 7|app: 0|req: 945/1814] 10.0.0.207 () {32 vars in 736 bytes} [Tue Apr 14 06:51:02 2026] GET /v2.0/ports?device_id=d79489ff-01b1-4e9e-9908-1973a1e4c62b => generated 12 bytes in 15 msecs (HTTP/1.1 200) 4 headers in 156 bytes (1 switches on core 0)
2026-04-14 06:51:02.999 8 WARNING neutron.plugins.ml2.drivers.ovn.mech_driver.ovsdb.ovn_client [None req-b49b02e8-534d-48f0-bcf5-c144102577b1 - - - - - -] Logical_Switch_Port cd7a201e-673e-46b1-a389-346736625b37 host information not removed, the port state is up
2026-04-14 06:51:03.000 8 INFO neutron.plugins.ml2.drivers.ovn.mech_driver.mech_driver [None req-b49b02e8-534d-48f0-bcf5-c144102577b1 - - - - - -] OVN reports status down for port: 8c1eac6d-75b3-45bd-8ee9-4ae1d49a5545
2026-04-14 06:51:03.104 8 WARNING neutron.plugins.ml2.drivers.ovn.mech_driver.ovsdb.ovn_client [None req-b49b02e8-534d-48f0-bcf5-c144102577b1 - - - - - -] Logical_Switch_Port 8c1eac6d-75b3-45bd-8ee9-4ae1d49a5545 host information not removed, the port state is up
2026-04-14 06:51:03.104 8 INFO neutron.plugins.ml2.drivers.ovn.mech_driver.mech_driver [None req-b49b02e8-534d-48f0-bcf5-c144102577b1 - - - - - -] OVN reports status up for port: cd7a201e-673e-46b1-a389-346736625b37 [pid: 7|app: 0|req: 946/1815] 10.0.0.207 () {34 vars in 676 bytes} [Tue Apr 14 06:51:02 2026] POST /v2.0/subnetpools => generated 516 bytes in 149 msecs (HTTP/1.1 201) 4 headers in 162 bytes (1 switches on core 0)
2026-04-14 06:51:03.125 8 INFO neutron.plugins.ml2.plugin [None req-b49b02e8-534d-48f0-bcf5-c144102577b1 - - - - - -] Attempt 1 to provision port cd7a201e-673e-46b1-a389-346736625b37 [pid: 7|app: 0|req: 947/1816] 10.0.0.207 () {32 vars in 717 bytes} [Tue Apr 14 06:51:03 2026] GET /v2.0/ports/8c1eac6d-75b3-45bd-8ee9-4ae1d49a5545 => generated 941 bytes in 33 msecs (HTTP/1.1 200) 4 headers in 157 bytes (1 switches on core 0)
2026-04-14 06:51:03.169 7 INFO neutron.api.v2.resource [None req-d4359564-db26-4712-8b9e-b1f2651d22bc 64b3ca5503974b5c89be5b8a01b7f777 258479e0952242e99ca4a7009eda305e - - default default] delete failed (client error): The resource could not be found. [pid: 7|app: 0|req: 948/1817] 10.0.0.207 () {32 vars in 724 bytes} [Tue Apr 14 06:51:03 2026] DELETE /v2.0/routers/d79489ff-01b1-4e9e-9908-1973a1e4c62b => generated 135 bytes in 16 msecs (HTTP/1.1 404) 4 headers in 164 bytes (1 switches on core 0) [pid: 7|app: 0|req: 949/1818] 10.0.0.207 () {34 vars in 676 bytes} [Tue Apr 14 06:51:03 2026] POST /v2.0/subnetpools => generated 516 bytes in 56 msecs (HTTP/1.1 201) 4 headers in 162 bytes (1 switches on core 0) [pid: 7|app: 0|req: 950/1819] 10.0.0.207 () {32 vars in 717 bytes} [Tue Apr 14 06:51:03 2026] GET /v2.0/ports/8c1eac6d-75b3-45bd-8ee9-4ae1d49a5545 => generated 941 bytes in 73 msecs (HTTP/1.1 200) 4 headers in 157 bytes (1 switches on core 0)
2026-04-14 06:51:03.321 7 INFO neutron.pecan_wsgi.hooks.translation [None req-3495eb3c-fbb2-4d90-88ed-9716887b7c10 64b3ca5503974b5c89be5b8a01b7f777 258479e0952242e99ca4a7009eda305e - - default default] DELETE failed (client error): The resource could not be found. [pid: 7|app: 0|req: 951/1820] 10.0.0.207 () {32 vars in 724 bytes} [Tue Apr 14 06:51:03 2026] DELETE /v2.0/subnets/385bd358-a2ff-47ef-97f6-7c23e2275e61 => generated 136 bytes in 23 msecs (HTTP/1.1 404) 4 headers in 164 bytes (1 switches on core 0) [pid: 7|app: 0|req: 952/1821] 10.0.0.207 () {34 vars in 676 bytes} [Tue Apr 14 06:51:03 2026] POST /v2.0/subnetpools => generated 516 bytes in 68 msecs (HTTP/1.1 201) 4 headers in 162 bytes (1 switches on core 0)
