2026-04-14 06:49:57.436 7 INFO neutron.db.ovn_revision_numbers_db [None req-34176d5c-2ead-4380-a2c9-667ad189b1c7 c00c22d3b3f249548d399f141db37e93 722e974edfc94dfc95b5b401d66c3cc6 - - default default] Successfully bumped revision number for resource 3a90dd3c-0299-4515-89a9-85ecc4299aae (type: security_group_rules) to 0
2026-04-14 06:49:57.447 7 INFO neutron.db.ovn_revision_numbers_db [None req-34176d5c-2ead-4380-a2c9-667ad189b1c7 c00c22d3b3f249548d399f141db37e93 722e974edfc94dfc95b5b401d66c3cc6 - - default default] Successfully bumped revision number for resource 986e41fa-709f-45cb-9ca7-2b30cedfe40f (type: security_group_rules) to 0
2026-04-14 06:49:57.457 7 INFO neutron.db.ovn_revision_numbers_db [None req-34176d5c-2ead-4380-a2c9-667ad189b1c7 c00c22d3b3f249548d399f141db37e93 722e974edfc94dfc95b5b401d66c3cc6 - - default default] Successfully bumped revision number for resource a4f274e4-de72-4a58-92a5-403328d07415 (type: security_group_rules) to 0
2026-04-14 06:49:57.468 7 INFO neutron.db.ovn_revision_numbers_db [None req-34176d5c-2ead-4380-a2c9-667ad189b1c7 c00c22d3b3f249548d399f141db37e93 722e974edfc94dfc95b5b401d66c3cc6 - - default default] Successfully bumped revision number for resource f12d43bf-24b7-492a-8c52-76b37adda580 (type: security_group_rules) to 0
2026-04-14 06:49:57.537 8 INFO neutron_taas.services.taas.taas_plugin [None req-8012bf55-98ef-4272-bf72-a8f3f58638e1 2089d517de5a42099dee8c61a5e7bd54 6d6b1ba096754581a0576d3679cccc41 - - default default] TaaS: Handle Delete Port: 2e92753f-56a2-4ef3-906f-23c9a47f9cf0
2026-04-14 06:49:57.539 8 INFO neutron_taas.services.taas.tap_mirror_plugin [None req-8012bf55-98ef-4272-bf72-a8f3f58638e1 2089d517de5a42099dee8c61a5e7bd54 6d6b1ba096754581a0576d3679cccc41 - - default default] Tap Mirror: Handle Delete Port: 2e92753f-56a2-4ef3-906f-23c9a47f9cf0
2026-04-14 06:49:57.546 7 INFO neutron.db.segments_db [None req-34176d5c-2ead-4380-a2c9-667ad189b1c7 c00c22d3b3f249548d399f141db37e93 722e974edfc94dfc95b5b401d66c3cc6 - - default default] Added segment e642f3a0-459c-419c-aef6-109bb6aa2b97 of type geneve for network 3179ef54-ebe5-47cc-875f-a42f2eb1004b
2026-04-14 06:49:57.637 7 INFO neutron.db.segments_db [None req-34176d5c-2ead-4380-a2c9-667ad189b1c7 c00c22d3b3f249548d399f141db37e93 722e974edfc94dfc95b5b401d66c3cc6 - - default default] Added segment 718bfd4a-b59f-4576-828e-11c10f7f6eaa of type geneve for network bc88c609-8122-4b0a-aa84-ae82c8abb122
2026-04-14 06:49:57.739 8 INFO neutron.services.segments.plugin [-] Segment dd1387cb-5404-4d87-9537-236360a62e4e resource provider aggregate not found
2026-04-14 06:49:57.751 8 INFO neutron.services.segments.plugin [-] Segment dd1387cb-5404-4d87-9537-236360a62e4e resource provider aggregate not found
2026-04-14 06:49:57.769 8 INFO neutron.services.segments.plugin [-] Segment dd1387cb-5404-4d87-9537-236360a62e4e resource provider not found; error: Placement Client Error (4xx): {"errors": [{"status": 404, "title": "Not Found", "detail": "The resource could not be found.\n\n No resource provider with uuid dd1387cb-5404-4d87-9537-236360a62e4e found for delete ", "request_id": "req-f7ceadef-3842-4cab-98bc-9d039fe17909"}]}
2026-04-14 06:49:57.770 7 INFO neutron.db.ovn_revision_numbers_db [None req-34176d5c-2ead-4380-a2c9-667ad189b1c7 c00c22d3b3f249548d399f141db37e93 722e974edfc94dfc95b5b401d66c3cc6 - - default default] Successfully bumped revision number for resource 3179ef54-ebe5-47cc-875f-a42f2eb1004b (type: networks) to 1
2026-04-14 06:49:57.783 8 INFO neutron.services.segments.plugin [-] Segment dd1387cb-5404-4d87-9537-236360a62e4e resource provider not found; error: Placement Client Error (4xx): {"errors": [{"status": 404, "title": "Not Found", "detail": "The resource could not be found.\n\n No resource provider with uuid dd1387cb-5404-4d87-9537-236360a62e4e found for delete ", "request_id": "req-c7d5afd5-687b-4aea-b11b-9e6b5d014027"}]} [pid: 8|app: 0|req: 690/1461] 10.0.0.207 () {32 vars in 726 bytes} [Tue Apr 14 06:49:57 2026] DELETE /v2.0/networks/55c2c0f9-b934-4c0c-a71d-d3e2e32713f9 => generated 0 bytes in 427 msecs (HTTP/1.1 204) 3 headers in 131 bytes (1 switches on core 0) [pid: 8|app: 0|req: 691/1462] 10.0.0.138 () {28 vars in 585 bytes} [Tue Apr 14 06:49:57 2026] GET /v2.0/networks => generated 4988 bytes in 63 msecs (HTTP/1.1 200) 4 headers in 158 bytes (1 switches on core 0)
2026-04-14 06:49:57.931 7 WARNING neutron.scheduler.dhcp_agent_scheduler [None req-34176d5c-2ead-4380-a2c9-667ad189b1c7 c00c22d3b3f249548d399f141db37e93 722e974edfc94dfc95b5b401d66c3cc6 - - default default] No more DHCP agents
2026-04-14 06:49:57.932 7 WARNING neutron.api.rpc.agentnotifiers.dhcp_rpc_agent_api [None req-34176d5c-2ead-4380-a2c9-667ad189b1c7 c00c22d3b3f249548d399f141db37e93 722e974edfc94dfc95b5b401d66c3cc6 - - default default] Unable to schedule network 3179ef54-ebe5-47cc-875f-a42f2eb1004b: no agents available; will retry on subsequent port and subnet creation events.
2026-04-14 06:49:58.024 8 INFO neutron.plugins.ml2.drivers.ovn.mech_driver.mech_driver [None req-8dc1940d-177a-49c2-8cc8-a8a3cb533fe1 - - - - - -] OVN reports status down for port: afdb262b-cb3d-46b4-ab30-b4adf0a78fdc
2026-04-14 06:49:58.034 7 INFO neutron.db.ovn_revision_numbers_db [None req-34176d5c-2ead-4380-a2c9-667ad189b1c7 c00c22d3b3f249548d399f141db37e93 722e974edfc94dfc95b5b401d66c3cc6 - - default default] Successfully bumped revision number for resource afdb262b-cb3d-46b4-ab30-b4adf0a78fdc (type: ports) to 1
2026-04-14 06:49:58.114 7 INFO neutron.db.ovn_revision_numbers_db [None req-34176d5c-2ead-4380-a2c9-667ad189b1c7 c00c22d3b3f249548d399f141db37e93 722e974edfc94dfc95b5b401d66c3cc6 - - default default] Successfully bumped revision number for resource bc88c609-8122-4b0a-aa84-ae82c8abb122 (type: networks) to 1
2026-04-14 06:49:58.153 8 WARNING neutron.scheduler.dhcp_agent_scheduler [None req-3a43d282-cb09-4050-8365-4a30420e1b38 8beafa461b5248dc8f78c6602d2fca11 4b56eb9ba99644b9bb37193af4ab2b69 - - default default] No more DHCP agents
2026-04-14 06:49:58.155 8 WARNING neutron.api.rpc.agentnotifiers.dhcp_rpc_agent_api [None req-3a43d282-cb09-4050-8365-4a30420e1b38 8beafa461b5248dc8f78c6602d2fca11 4b56eb9ba99644b9bb37193af4ab2b69 - - default default] Unable to schedule network 2fdaaf3d-68f3-4130-85c4-1b640a46ef45: no agents available; will retry on subsequent port and subnet creation events.
2026-04-14 06:49:58.272 7 WARNING neutron.scheduler.dhcp_agent_scheduler [None req-34176d5c-2ead-4380-a2c9-667ad189b1c7 c00c22d3b3f249548d399f141db37e93 722e974edfc94dfc95b5b401d66c3cc6 - - default default] No more DHCP agents
2026-04-14 06:49:58.273 7 WARNING neutron.api.rpc.agentnotifiers.dhcp_rpc_agent_api [None req-34176d5c-2ead-4380-a2c9-667ad189b1c7 c00c22d3b3f249548d399f141db37e93 722e974edfc94dfc95b5b401d66c3cc6 - - default default] Unable to schedule network bc88c609-8122-4b0a-aa84-ae82c8abb122: no agents available; will retry on subsequent port and subnet creation events.
2026-04-14 06:49:58.380 8 INFO neutron.plugins.ml2.drivers.ovn.mech_driver.mech_driver [None req-8dc1940d-177a-49c2-8cc8-a8a3cb533fe1 - - - - - -] OVN reports status down for port: 05367469-4eb8-4baa-984b-c8f56f4a974b
2026-04-14 06:49:58.382 7 INFO neutron.db.ovn_revision_numbers_db [None req-34176d5c-2ead-4380-a2c9-667ad189b1c7 c00c22d3b3f249548d399f141db37e93 722e974edfc94dfc95b5b401d66c3cc6 - - default default] Successfully bumped revision number for resource 05367469-4eb8-4baa-984b-c8f56f4a974b (type: ports) to 1 [pid: 7|app: 0|req: 772/1463] 10.0.0.207 () {34 vars in 670 bytes} [Tue Apr 14 06:49:57 2026] POST /v2.0/networks => generated 1245 bytes in 1336 msecs (HTTP/1.1 201) 4 headers in 163 bytes (1 switches on core 0)
2026-04-14 06:49:58.515 7 INFO neutron_taas.services.taas.taas_plugin [None req-afd26080-7341-44b2-a595-2ce26171c880 2089d517de5a42099dee8c61a5e7bd54 6d6b1ba096754581a0576d3679cccc41 - - default default] TaaS: Handle Delete Port: 8dd1ff77-775b-4324-8a18-dbcca60e1c3e
2026-04-14 06:49:58.518 7 INFO neutron_taas.services.taas.tap_mirror_plugin [None req-afd26080-7341-44b2-a595-2ce26171c880 2089d517de5a42099dee8c61a5e7bd54 6d6b1ba096754581a0576d3679cccc41 - - default default] Tap Mirror: Handle Delete Port: 8dd1ff77-775b-4324-8a18-dbcca60e1c3e
2026-04-14 06:49:58.694 7 INFO neutron.services.segments.plugin [-] Segment 414b1875-82d2-421e-ba29-39761c81ed31 resource provider aggregate not found
2026-04-14 06:49:58.697 7 INFO neutron.services.segments.plugin [-] Segment 414b1875-82d2-421e-ba29-39761c81ed31 resource provider aggregate not found
2026-04-14 06:49:58.719 7 INFO neutron.services.segments.plugin [-] Segment 414b1875-82d2-421e-ba29-39761c81ed31 resource provider not found; error: Placement Client Error (4xx): {"errors": [{"status": 404, "title": "Not Found", "detail": "The resource could not be found.\n\n No resource provider with uuid 414b1875-82d2-421e-ba29-39761c81ed31 found for delete ", "request_id": "req-de52201c-f098-420d-b03b-c6a2d20f52a7"}]}
2026-04-14 06:49:58.720 7 INFO neutron.services.segments.plugin [-] Segment 414b1875-82d2-421e-ba29-39761c81ed31 resource provider not found; error: Placement Client Error (4xx): {"errors": [{"status": 404, "title": "Not Found", "detail": "The resource could not be found.\n\n No resource provider with uuid 414b1875-82d2-421e-ba29-39761c81ed31 found for delete ", "request_id": "req-fde0acb7-2c80-4535-827f-0b95a878654a"}]}
2026-04-14 06:49:58.815 8 INFO neutron.db.ovn_revision_numbers_db [None req-2f642edb-e95c-4956-b0fd-b4d26225aba7 - - - - - -] Successfully bumped revision number for resource e835edfe-2b00-4eaf-aa8e-7cee6ef2149b (type: ports) to 2 [pid: 7|app: 0|req: 773/1464] 10.0.0.207 () {32 vars in 726 bytes} [Tue Apr 14 06:49:58 2026] DELETE /v2.0/networks/e0c97cd8-7646-4a80-9775-91aefffee2f7 => generated 0 bytes in 417 msecs (HTTP/1.1 204) 3 headers in 131 bytes (1 switches on core 0) [pid: 7|app: 0|req: 774/1465] 10.0.0.138 () {28 vars in 619 bytes} [Tue Apr 14 06:49:58 2026] GET /v2.0/network-ip-availabilities => generated 2099 bytes in 13 msecs (HTTP/1.1 200) 4 headers in 158 bytes (1 switches on core 0)
2026-04-14 06:49:58.877 8 INFO neutron.db.ovn_revision_numbers_db [None req-2f642edb-e95c-4956-b0fd-b4d26225aba7 - - - - - -] Successfully bumped revision number for resource a1b44b54-edff-4536-897f-0609f92739d5 (type: subnets) to 0 [pid: 7|app: 0|req: 775/1466] 10.0.0.207 () {32 vars in 649 bytes} [Tue Apr 14 06:49:58 2026] GET /v2.0/networks => generated 1856 bytes in 51 msecs (HTTP/1.1 200) 4 headers in 158 bytes (1 switches on core 0) [pid: 8|app: 0|req: 692/1467] 10.0.0.207 () {34 vars in 669 bytes} [Tue Apr 14 06:49:57 2026] POST /v2.0/subnets => generated 687 bytes in 1017 msecs (HTTP/1.1 201) 4 headers in 162 bytes (1 switches on core 0) [pid: 7|app: 0|req: 776/1468] 10.0.0.207 () {32 vars in 649 bytes} [Tue Apr 14 06:49:58 2026] GET /v2.0/networks => generated 651 bytes in 41 msecs (HTTP/1.1 200) 4 headers in 157 bytes (1 switches on core 0) [pid: 8|app: 0|req: 693/1469] 10.0.0.138 () {28 vars in 579 bytes} [Tue Apr 14 06:49:58 2026] GET /v2.0/ports => generated 7978 bytes in 67 msecs (HTTP/1.1 200) 4 headers in 158 bytes (1 switches on core 0)
2026-04-14 06:49:59.367 8 WARNING neutron.scheduler.dhcp_agent_scheduler [None req-1414a05f-c3e8-4f5d-8974-7add799cd05d 8beafa461b5248dc8f78c6602d2fca11 4b56eb9ba99644b9bb37193af4ab2b69 - - default default] No more DHCP agents
2026-04-14 06:49:59.368 8 WARNING neutron.api.rpc.agentnotifiers.dhcp_rpc_agent_api [None req-1414a05f-c3e8-4f5d-8974-7add799cd05d 8beafa461b5248dc8f78c6602d2fca11 4b56eb9ba99644b9bb37193af4ab2b69 - - default default] Unable to schedule network 91bbddaa-1c42-4376-bea0-7ab96f0d684a: no agents available; will retry on subsequent port and subnet creation events.
2026-04-14 06:49:59.379 7 INFO neutron_taas.services.taas.taas_plugin [None req-d310597f-188b-4945-9b1a-7e7973f88dde c00c22d3b3f249548d399f141db37e93 722e974edfc94dfc95b5b401d66c3cc6 - - default default] TaaS: Handle Delete Port: afdb262b-cb3d-46b4-ab30-b4adf0a78fdc
2026-04-14 06:49:59.382 7 INFO neutron_taas.services.taas.tap_mirror_plugin [None req-d310597f-188b-4945-9b1a-7e7973f88dde c00c22d3b3f249548d399f141db37e93 722e974edfc94dfc95b5b401d66c3cc6 - - default default] Tap Mirror: Handle Delete Port: afdb262b-cb3d-46b4-ab30-b4adf0a78fdc
2026-04-14 06:49:59.496 8 INFO neutron.plugins.ml2.drivers.ovn.mech_driver.mech_driver [None req-8dc1940d-177a-49c2-8cc8-a8a3cb533fe1 - - - - - -] OVN reports status down for port: 0d686ff9-4a2f-453b-8bf3-4e3cd8bcb621
2026-04-14 06:49:59.588 8 INFO neutron.db.ovn_revision_numbers_db [None req-1414a05f-c3e8-4f5d-8974-7add799cd05d 8beafa461b5248dc8f78c6602d2fca11 4b56eb9ba99644b9bb37193af4ab2b69 - - default default] Successfully bumped revision number for resource 0d686ff9-4a2f-453b-8bf3-4e3cd8bcb621 (type: ports) to 1 [pid: 7|app: 0|req: 777/1470] 10.0.0.207 () {32 vars in 726 bytes} [Tue Apr 14 06:49:58 2026] DELETE /v2.0/networks/3179ef54-ebe5-47cc-875f-a42f2eb1004b => generated 0 bytes in 754 msecs (HTTP/1.1 204) 3 headers in 131 bytes (1 switches on core 0)
2026-04-14 06:49:59.764 7 INFO neutron.db.segments_db [None req-77da1a53-5df8-4acf-9e81-7cbfcd6aa315 2089d517de5a42099dee8c61a5e7bd54 6d6b1ba096754581a0576d3679cccc41 - - default default] Added segment da22c629-c51a-4641-87a5-2593991ae812 of type geneve for network 18cc5dc1-a14c-4c54-8063-ac3d9329f44e
2026-04-14 06:49:59.880 7 INFO neutron.db.ovn_revision_numbers_db [None req-77da1a53-5df8-4acf-9e81-7cbfcd6aa315 2089d517de5a42099dee8c61a5e7bd54 6d6b1ba096754581a0576d3679cccc41 - - default default] Successfully bumped revision number for resource 18cc5dc1-a14c-4c54-8063-ac3d9329f44e (type: networks) to 1
2026-04-14 06:50:00.038 7 WARNING neutron.scheduler.dhcp_agent_scheduler [None req-77da1a53-5df8-4acf-9e81-7cbfcd6aa315 2089d517de5a42099dee8c61a5e7bd54 6d6b1ba096754581a0576d3679cccc41 - - default default] No more DHCP agents
2026-04-14 06:50:00.040 7 WARNING neutron.api.rpc.agentnotifiers.dhcp_rpc_agent_api [None req-77da1a53-5df8-4acf-9e81-7cbfcd6aa315 2089d517de5a42099dee8c61a5e7bd54 6d6b1ba096754581a0576d3679cccc41 - - default default] Unable to schedule network 18cc5dc1-a14c-4c54-8063-ac3d9329f44e: no agents available; will retry on subsequent port and subnet creation events.
2026-04-14 06:50:00.141 8 INFO neutron.plugins.ml2.drivers.ovn.mech_driver.mech_driver [None req-8dc1940d-177a-49c2-8cc8-a8a3cb533fe1 - - - - - -] OVN reports status down for port: e89116e5-4694-4261-b5a9-419632d15912
2026-04-14 06:50:00.158 7 INFO neutron.db.ovn_revision_numbers_db [None req-77da1a53-5df8-4acf-9e81-7cbfcd6aa315 2089d517de5a42099dee8c61a5e7bd54 6d6b1ba096754581a0576d3679cccc41 - - default default] Successfully bumped revision number for resource e89116e5-4694-4261-b5a9-419632d15912 (type: ports) to 1 [pid: 7|app: 0|req: 778/1471] 10.0.0.207 () {34 vars in 670 bytes} [Tue Apr 14 06:49:59 2026] POST /v2.0/networks => generated 653 bytes in 501 msecs (HTTP/1.1 201) 4 headers in 162 bytes (1 switches on core 0) [pid: 7|app: 0|req: 779/1472] 10.0.0.138 () {28 vars in 581 bytes} [Tue Apr 14 06:50:00 2026] GET /v2.0/agents => generated 1214 bytes in 12 msecs (HTTP/1.1 200) 4 headers in 158 bytes (1 switches on core 0)
2026-04-14 06:50:00.308 7 INFO neutron_taas.services.taas.taas_plugin [None req-92a61cb5-99a8-4d7b-8ea1-f88e04da0335 c00c22d3b3f249548d399f141db37e93 722e974edfc94dfc95b5b401d66c3cc6 - - default default] TaaS: Handle Delete Port: 05367469-4eb8-4baa-984b-c8f56f4a974b
2026-04-14 06:50:00.310 7 INFO neutron_taas.services.taas.tap_mirror_plugin [None req-92a61cb5-99a8-4d7b-8ea1-f88e04da0335 c00c22d3b3f249548d399f141db37e93 722e974edfc94dfc95b5b401d66c3cc6 - - default default] Tap Mirror: Handle Delete Port: 05367469-4eb8-4baa-984b-c8f56f4a974b
2026-04-14 06:50:00.336 8 INFO neutron.plugins.ml2.drivers.ovn.mech_driver.ovsdb.commands [-] Schedule LRP lrp-0d686ff9-4a2f-453b-8bf3-4e3cd8bcb621 on gateway 3878b293-076a-444e-9a61-11f7073c1c8b with priority 1
2026-04-14 06:50:00.434 8 INFO neutron.plugins.ml2.drivers.ovn.mech_driver.ovsdb.ovsdb_monitor [None req-da97e781-06f2-47d4-85e0-a148ce7a8845 - - - - - -] Router 0f4b5d50-4c02-436f-ac4c-1908144cc111 is bound to host instance
2026-04-14 06:50:00.495 8 INFO neutron.plugins.ml2.drivers.ovn.mech_driver.mech_driver [None req-8dc1940d-177a-49c2-8cc8-a8a3cb533fe1 - - - - - -] OVN reports status up for port: 0d686ff9-4a2f-453b-8bf3-4e3cd8bcb621
2026-04-14 06:50:00.626 8 INFO neutron.plugins.ml2.plugin [None req-8dc1940d-177a-49c2-8cc8-a8a3cb533fe1 - - - - - -] Attempt 1 to provision port 0d686ff9-4a2f-453b-8bf3-4e3cd8bcb621 [pid: 7|app: 0|req: 780/1473] 10.0.0.207 () {32 vars in 726 bytes} [Tue Apr 14 06:50:00 2026] DELETE /v2.0/networks/bc88c609-8122-4b0a-aa84-ae82c8abb122 => generated 0 bytes in 449 msecs (HTTP/1.1 204) 3 headers in 131 bytes (1 switches on core 0)
2026-04-14 06:50:00.693 8 INFO neutron.db.ovn_revision_numbers_db [None req-1414a05f-c3e8-4f5d-8974-7add799cd05d 8beafa461b5248dc8f78c6602d2fca11 4b56eb9ba99644b9bb37193af4ab2b69 - - default default] Successfully bumped revision number for resource 0d686ff9-4a2f-453b-8bf3-4e3cd8bcb621 (type: router_ports) to 1
2026-04-14 06:50:00.742 7 INFO neutron.services.segments.plugin [-] Segment e642f3a0-459c-419c-aef6-109bb6aa2b97 resource provider aggregate not found
2026-04-14 06:50:00.747 7 INFO neutron.services.segments.plugin [-] Segment e642f3a0-459c-419c-aef6-109bb6aa2b97 resource provider aggregate not found
2026-04-14 06:50:00.763 7 INFO neutron.services.segments.plugin [-] Segment e642f3a0-459c-419c-aef6-109bb6aa2b97 resource provider not found; error: Placement Client Error (4xx): {"errors": [{"status": 404, "title": "Not Found", "detail": "The resource could not be found.\n\n No resource provider with uuid e642f3a0-459c-419c-aef6-109bb6aa2b97 found for delete ", "request_id": "req-c7763cff-5334-4c13-beff-a4e05e5143bb"}]}
2026-04-14 06:50:00.764 7 INFO neutron.services.segments.plugin [-] Segment e642f3a0-459c-419c-aef6-109bb6aa2b97 resource provider not found; error: Placement Client Error (4xx): {"errors": [{"status": 404, "title": "Not Found", "detail": "The resource could not be found.\n\n No resource provider with uuid e642f3a0-459c-419c-aef6-109bb6aa2b97 found for delete ", "request_id": "req-56483c4e-0daa-475b-8ccf-e725580c5214"}]}
2026-04-14 06:50:00.790 7 INFO neutron.services.segments.plugin [-] Segment 718bfd4a-b59f-4576-828e-11c10f7f6eaa resource provider aggregate not found
2026-04-14 06:50:00.794 7 INFO neutron.services.segments.plugin [-] Segment 718bfd4a-b59f-4576-828e-11c10f7f6eaa resource provider aggregate not found
2026-04-14 06:50:00.808 7 INFO neutron.services.segments.plugin [-] Segment 718bfd4a-b59f-4576-828e-11c10f7f6eaa resource provider not found; error: Placement Client Error (4xx): {"errors": [{"status": 404, "title": "Not Found", "detail": "The resource could not be found.\n\n No resource provider with uuid 718bfd4a-b59f-4576-828e-11c10f7f6eaa found for delete ", "request_id": "req-e8e10494-95bc-44c6-911e-a67d8ef37458"}]}
2026-04-14 06:50:00.809 7 INFO neutron.services.segments.plugin [-] Segment 718bfd4a-b59f-4576-828e-11c10f7f6eaa resource provider not found; error: Placement Client Error (4xx): {"errors": [{"status": 404, "title": "Not Found", "detail": "The resource could not be found.\n\n No resource provider with uuid 718bfd4a-b59f-4576-828e-11c10f7f6eaa found for delete ", "request_id": "req-9b5f82a2-dce4-4013-90e1-a1d139ef06a5"}]}
2026-04-14 06:50:00.859 8 INFO neutron.db.ovn_revision_numbers_db [None req-1414a05f-c3e8-4f5d-8974-7add799cd05d 8beafa461b5248dc8f78c6602d2fca11 4b56eb9ba99644b9bb37193af4ab2b69 - - default default] Successfully bumped revision number for resource 0f4b5d50-4c02-436f-ac4c-1908144cc111 (type: routers) to 2 [pid: 8|app: 0|req: 694/1476] 10.0.0.207 () {34 vars in 669 bytes} [Tue Apr 14 06:49:58 2026] POST /v2.0/routers => generated 965 bytes in 1915 msecs (HTTP/1.1 201) 4 headers in 162 bytes (1 switches on core 0)
2026-04-14 06:50:00.982 7 INFO neutron.db.ovn_revision_numbers_db [None req-ab19a490-b6e6-4905-9fed-b019ceb280ec 8beafa461b5248dc8f78c6602d2fca11 4b56eb9ba99644b9bb37193af4ab2b69 - - default default] Successfully bumped revision number for resource be26c691-862d-429a-9fe5-f1ed8cd70436 (type: security_groups) to 1
2026-04-14 06:50:00.992 7 INFO neutron.db.ovn_revision_numbers_db [None req-ab19a490-b6e6-4905-9fed-b019ceb280ec 8beafa461b5248dc8f78c6602d2fca11 4b56eb9ba99644b9bb37193af4ab2b69 - - default default] Successfully bumped revision number for resource 17f4cad9-e400-4f3c-a9e1-f01230293378 (type: security_group_rules) to 0
2026-04-14 06:50:01.005 7 INFO neutron.db.ovn_revision_numbers_db [None req-ab19a490-b6e6-4905-9fed-b019ceb280ec 8beafa461b5248dc8f78c6602d2fca11 4b56eb9ba99644b9bb37193af4ab2b69 - - default default] Successfully bumped revision number for resource 3f306fb5-001f-4a4a-bbeb-1e88646c5986 (type: security_group_rules) to 0
2026-04-14 06:50:01.022 7 INFO neutron.db.ovn_revision_numbers_db [None req-ab19a490-b6e6-4905-9fed-b019ceb280ec 8beafa461b5248dc8f78c6602d2fca11 4b56eb9ba99644b9bb37193af4ab2b69 - - default default] Successfully bumped revision number for resource 98d6fc00-3522-4821-ab09-e4dff0aec8e3 (type: security_group_rules) to 0
2026-04-14 06:50:01.042 7 INFO neutron.db.ovn_revision_numbers_db [None req-ab19a490-b6e6-4905-9fed-b019ceb280ec 8beafa461b5248dc8f78c6602d2fca11 4b56eb9ba99644b9bb37193af4ab2b69 - - default default] Successfully bumped revision number for resource b944fed3-b603-4951-b575-63ee30135ec4 (type: security_group_rules) to 0
2026-04-14 06:50:01.069 8 INFO neutron.db.segments_db [None req-88e8432a-159b-40a8-83cc-635613c0b5d1 2089d517de5a42099dee8c61a5e7bd54 6d6b1ba096754581a0576d3679cccc41 - - default default] Added segment f4a69eeb-c0ad-435f-99cf-560d77979fb5 of type geneve for network cb46eef6-b9fe-40f2-84a4-0518955d36c9 [pid: 7|app: 0|req: 783/1477] 10.0.0.207 () {32 vars in 774 bytes} [Tue Apr 14 06:50:00 2026] GET /v2.0/security-groups?tenant_id=bb2c178f8cd0434cba16e1c4eef87275&name=default => generated 2925 bytes in 441 msecs (HTTP/1.1 200) 4 headers in 158 bytes (1 switches on core 0) [pid: 7|app: 0|req: 784/1478] 10.0.0.138 () {28 vars in 591 bytes} [Tue Apr 14 06:50:01 2026] GET /v2.0/floatingips => generated 19 bytes in 15 msecs (HTTP/1.1 200) 4 headers in 156 bytes (1 switches on core 0) [pid: 7|app: 0|req: 785/1479] 10.0.0.207 () {32 vars in 649 bytes} [Tue Apr 14 06:50:01 2026] GET /v2.0/networks => generated 651 bytes in 45 msecs (HTTP/1.1 200) 4 headers in 157 bytes (1 switches on core 0)
2026-04-14 06:50:01.302 8 INFO neutron.db.ovn_revision_numbers_db [None req-88e8432a-159b-40a8-83cc-635613c0b5d1 2089d517de5a42099dee8c61a5e7bd54 6d6b1ba096754581a0576d3679cccc41 - - default default] Successfully bumped revision number for resource cb46eef6-b9fe-40f2-84a4-0518955d36c9 (type: networks) to 1
2026-04-14 06:50:01.596 7 WARNING neutron.scheduler.dhcp_agent_scheduler [None req-49e9626d-3ef4-469f-883e-0a96b9b7def3 8beafa461b5248dc8f78c6602d2fca11 4b56eb9ba99644b9bb37193af4ab2b69 - - default default] No more DHCP agents
2026-04-14 06:50:01.597 7 WARNING neutron.api.rpc.agentnotifiers.dhcp_rpc_agent_api [None req-49e9626d-3ef4-469f-883e-0a96b9b7def3 8beafa461b5248dc8f78c6602d2fca11 4b56eb9ba99644b9bb37193af4ab2b69 - - default default] Unable to schedule network 2fdaaf3d-68f3-4130-85c4-1b640a46ef45: no agents available; will retry on subsequent port and subnet creation events.
2026-04-14 06:50:01.617 8 WARNING neutron.scheduler.dhcp_agent_scheduler [None req-88e8432a-159b-40a8-83cc-635613c0b5d1 2089d517de5a42099dee8c61a5e7bd54 6d6b1ba096754581a0576d3679cccc41 - - default default] No more DHCP agents
2026-04-14 06:50:01.619 8 WARNING neutron.api.rpc.agentnotifiers.dhcp_rpc_agent_api [None req-88e8432a-159b-40a8-83cc-635613c0b5d1 2089d517de5a42099dee8c61a5e7bd54 6d6b1ba096754581a0576d3679cccc41 - - default default] Unable to schedule network cb46eef6-b9fe-40f2-84a4-0518955d36c9: no agents available; will retry on subsequent port and subnet creation events.
2026-04-14 06:50:01.880 7 INFO neutron.db.ovn_revision_numbers_db [None req-49e9626d-3ef4-469f-883e-0a96b9b7def3 8beafa461b5248dc8f78c6602d2fca11 4b56eb9ba99644b9bb37193af4ab2b69 - - default default] Successfully bumped revision number for resource 530f20a4-22f3-4e65-ae8d-47f649e28d09 (type: ports) to 1
2026-04-14 06:50:01.936 8 INFO neutron.db.ovn_revision_numbers_db [None req-88e8432a-159b-40a8-83cc-635613c0b5d1 2089d517de5a42099dee8c61a5e7bd54 6d6b1ba096754581a0576d3679cccc41 - - default default] Successfully bumped revision number for resource 786c4339-70d9-4e81-9883-3dfab15f6f80 (type: ports) to 1 [pid: 8|app: 0|req: 695/1480] 10.0.0.207 () {34 vars in 670 bytes} [Tue Apr 14 06:50:00 2026] POST /v2.0/networks => generated 653 bytes in 1086 msecs (HTTP/1.1 201) 4 headers in 162 bytes (1 switches on core 0)
2026-04-14 06:50:02.113 8 INFO neutron.db.ovn_revision_numbers_db [None req-7e0a0ca5-4a57-4942-bec2-f09f6676794d - - - - - -] Successfully bumped revision number for resource 0d686ff9-4a2f-453b-8bf3-4e3cd8bcb621 (type: ports) to 4 [pid: 8|app: 0|req: 696/1481] 10.0.0.207 () {32 vars in 740 bytes} [Tue Apr 14 06:50:01 2026] DELETE /v2.0/security-groups/be26c691-862d-429a-9fe5-f1ed8cd70436 => generated 0 bytes in 458 msecs (HTTP/1.1 204) 2 headers in 112 bytes (1 switches on core 0) [pid: 8|app: 0|req: 697/1482] 10.0.0.138 () {28 vars in 583 bytes} [Tue Apr 14 06:50:02 2026] GET /v2.0/subnets => generated 1985 bytes in 124 msecs (HTTP/1.1 200) 4 headers in 158 bytes (1 switches on core 0)
2026-04-14 06:50:02.582 7 WARNING neutron.scheduler.dhcp_agent_scheduler [None req-49e9626d-3ef4-469f-883e-0a96b9b7def3 8beafa461b5248dc8f78c6602d2fca11 4b56eb9ba99644b9bb37193af4ab2b69 - - default default] No more DHCP agents
2026-04-14 06:50:02.583 7 WARNING neutron.api.rpc.agentnotifiers.dhcp_rpc_agent_api [None req-49e9626d-3ef4-469f-883e-0a96b9b7def3 8beafa461b5248dc8f78c6602d2fca11 4b56eb9ba99644b9bb37193af4ab2b69 - - default default] Unable to schedule network 2fdaaf3d-68f3-4130-85c4-1b640a46ef45: no agents available; will retry on subsequent port and subnet creation events.
2026-04-14 06:50:02.668 8 INFO neutron.db.ovn_revision_numbers_db [None req-7e0a0ca5-4a57-4942-bec2-f09f6676794d - - - - - -] Successfully bumped revision number for resource 0d686ff9-4a2f-453b-8bf3-4e3cd8bcb621 (type: ports) to 5
2026-04-14 06:50:02.692 8 INFO neutron.db.segments_db [None req-55e2b75e-061e-4e29-b84d-399ae65148de c00c22d3b3f249548d399f141db37e93 722e974edfc94dfc95b5b401d66c3cc6 - - default default] Added segment 36da9d44-c602-43df-9115-51581258afbf of type geneve for network 50022f25-5c23-4caa-ae7e-3d3f27180336
2026-04-14 06:50:02.841 8 INFO neutron.db.ovn_revision_numbers_db [None req-55e2b75e-061e-4e29-b84d-399ae65148de c00c22d3b3f249548d399f141db37e93 722e974edfc94dfc95b5b401d66c3cc6 - - default default] Successfully bumped revision number for resource 50022f25-5c23-4caa-ae7e-3d3f27180336 (type: networks) to 1
2026-04-14 06:50:03.037 7 INFO neutron.db.ovn_revision_numbers_db [None req-49e9626d-3ef4-469f-883e-0a96b9b7def3 8beafa461b5248dc8f78c6602d2fca11 4b56eb9ba99644b9bb37193af4ab2b69 - - default default] Successfully bumped revision number for resource 530f20a4-22f3-4e65-ae8d-47f649e28d09 (type: router_ports) to 1 [pid: 7|app: 0|req: 786/1483] 10.0.0.207 () {34 vars in 783 bytes} [Tue Apr 14 06:50:01 2026] PUT /v2.0/routers/0f4b5d50-4c02-436f-ac4c-1908144cc111/add_router_interface => generated 309 bytes in 1891 msecs (HTTP/1.1 200) 4 headers in 157 bytes (1 switches on core 0)
2026-04-14 06:50:03.077 8 WARNING neutron.scheduler.dhcp_agent_scheduler [None req-55e2b75e-061e-4e29-b84d-399ae65148de c00c22d3b3f249548d399f141db37e93 722e974edfc94dfc95b5b401d66c3cc6 - - default default] No more DHCP agents
2026-04-14 06:50:03.080 8 WARNING neutron.api.rpc.agentnotifiers.dhcp_rpc_agent_api [None req-55e2b75e-061e-4e29-b84d-399ae65148de c00c22d3b3f249548d399f141db37e93 722e974edfc94dfc95b5b401d66c3cc6 - - default default] Unable to schedule network 50022f25-5c23-4caa-ae7e-3d3f27180336: no agents available; will retry on subsequent port and subnet creation events.
2026-04-14 06:50:03.242 8 INFO neutron.db.ovn_revision_numbers_db [None req-55e2b75e-061e-4e29-b84d-399ae65148de c00c22d3b3f249548d399f141db37e93 722e974edfc94dfc95b5b401d66c3cc6 - - default default] Successfully bumped revision number for resource 60c49153-63f9-4b3d-8c8b-d21908ba4232 (type: ports) to 1 [pid: 8|app: 0|req: 698/1484] 10.0.0.207 () {34 vars in 670 bytes} [Tue Apr 14 06:50:02 2026] POST /v2.0/networks => generated 649 bytes in 696 msecs (HTTP/1.1 201) 4 headers in 162 bytes (1 switches on core 0)
2026-04-14 06:50:03.440 8 INFO neutron.db.ovn_revision_numbers_db [None req-78724bd2-24c1-4cea-acaa-8fbd748911e1 8beafa461b5248dc8f78c6602d2fca11 4b56eb9ba99644b9bb37193af4ab2b69 - - default default] Successfully bumped revision number for resource 840e4a23-a5fd-494a-8b1a-272f093e79d0 (type: security_groups) to 1
2026-04-14 06:50:03.453 8 INFO neutron.db.ovn_revision_numbers_db [None req-78724bd2-24c1-4cea-acaa-8fbd748911e1 8beafa461b5248dc8f78c6602d2fca11 4b56eb9ba99644b9bb37193af4ab2b69 - - default default] Successfully bumped revision number for resource 4fe75a34-9595-4555-86bb-dd0e35883c0b (type: security_group_rules) to 0
2026-04-14 06:50:03.469 8 INFO neutron.db.ovn_revision_numbers_db [None req-78724bd2-24c1-4cea-acaa-8fbd748911e1 8beafa461b5248dc8f78c6602d2fca11 4b56eb9ba99644b9bb37193af4ab2b69 - - default default] Successfully bumped revision number for resource 5539c313-5d9f-46c2-aaff-e167d76681f0 (type: security_group_rules) to 0
2026-04-14 06:50:03.483 8 INFO neutron.db.ovn_revision_numbers_db [None req-78724bd2-24c1-4cea-acaa-8fbd748911e1 8beafa461b5248dc8f78c6602d2fca11 4b56eb9ba99644b9bb37193af4ab2b69 - - default default] Successfully bumped revision number for resource b6ba7592-9939-48e4-8e05-d584b8266d49 (type: security_group_rules) to 0
2026-04-14 06:50:03.496 8 INFO neutron.db.ovn_revision_numbers_db [None req-78724bd2-24c1-4cea-acaa-8fbd748911e1 8beafa461b5248dc8f78c6602d2fca11 4b56eb9ba99644b9bb37193af4ab2b69 - - default default] Successfully bumped revision number for resource c7baaa02-1919-4de0-80dd-9f2f1be0ca67 (type: security_group_rules) to 0
2026-04-14 06:50:03.529 7 WARNING neutron.scheduler.dhcp_agent_scheduler [None req-aac96b93-b599-4a2e-bef6-c38141de8e2b 2089d517de5a42099dee8c61a5e7bd54 6d6b1ba096754581a0576d3679cccc41 - - default default] No more DHCP agents
2026-04-14 06:50:03.530 7 WARNING neutron.api.rpc.agentnotifiers.dhcp_rpc_agent_api [None req-aac96b93-b599-4a2e-bef6-c38141de8e2b 2089d517de5a42099dee8c61a5e7bd54 6d6b1ba096754581a0576d3679cccc41 - - default default] Unable to schedule network 18cc5dc1-a14c-4c54-8063-ac3d9329f44e: no agents available; will retry on subsequent port and subnet creation events. [pid: 8|app: 0|req: 699/1485] 10.0.0.207 () {32 vars in 774 bytes} [Tue Apr 14 06:50:03 2026] GET /v2.0/security-groups?tenant_id=da481c9cacab4f7585158d119c8f5c4f&name=default => generated 2925 bytes in 271 msecs (HTTP/1.1 200) 4 headers in 158 bytes (1 switches on core 0) [pid: 8|app: 0|req: 700/1486] 10.0.0.138 () {28 vars in 599 bytes} [Tue Apr 14 06:50:03 2026] GET /v2.0/security-groups => generated 29017 bytes in 64 msecs (HTTP/1.1 200) 4 headers in 159 bytes (1 switches on core 0)
2026-04-14 06:50:03.680 7 INFO neutron.db.ovn_revision_numbers_db [None req-aac96b93-b599-4a2e-bef6-c38141de8e2b 2089d517de5a42099dee8c61a5e7bd54 6d6b1ba096754581a0576d3679cccc41 - - default default] Successfully bumped revision number for resource 673ba258-b378-4490-973a-b6ab702948e1 (type: ports) to 1
2026-04-14 06:50:03.702 8 INFO neutron.db.segments_db [None req-736cc010-8c6d-4049-90d0-8f3648eb8e68 c00c22d3b3f249548d399f141db37e93 722e974edfc94dfc95b5b401d66c3cc6 - - default default] Added segment e3756739-3575-4ae7-a9a5-5f09a4ef7f42 of type geneve for network 7136b38d-4324-4112-afca-a554b4da1c5a
2026-04-14 06:50:03.722 7 WARNING neutron.scheduler.dhcp_agent_scheduler [None req-aac96b93-b599-4a2e-bef6-c38141de8e2b 2089d517de5a42099dee8c61a5e7bd54 6d6b1ba096754581a0576d3679cccc41 - - default default] No more DHCP agents
2026-04-14 06:50:03.723 7 WARNING neutron.api.rpc.agentnotifiers.dhcp_rpc_agent_api [None req-aac96b93-b599-4a2e-bef6-c38141de8e2b 2089d517de5a42099dee8c61a5e7bd54 6d6b1ba096754581a0576d3679cccc41 - - default default] Unable to schedule network cb46eef6-b9fe-40f2-84a4-0518955d36c9: no agents available; will retry on subsequent port and subnet creation events.
2026-04-14 06:50:03.881 7 INFO neutron.db.ovn_revision_numbers_db [None req-aac96b93-b599-4a2e-bef6-c38141de8e2b 2089d517de5a42099dee8c61a5e7bd54 6d6b1ba096754581a0576d3679cccc41 - - default default] Successfully bumped revision number for resource d43d3bc9-1a7d-4e2d-bee5-55078be606ed (type: ports) to 1
2026-04-14 06:50:03.909 8 INFO neutron.plugins.ml2.drivers.ovn.mech_driver.mech_driver [None req-8dc1940d-177a-49c2-8cc8-a8a3cb533fe1 - - - - - -] OVN reports status down for port: 786c4339-70d9-4e81-9883-3dfab15f6f80 [pid: 7|app: 0|req: 787/1487] 10.0.0.207 () {34 vars in 665 bytes} [Tue Apr 14 06:50:03 2026] POST /v2.0/ports => generated 1506 bytes in 935 msecs (HTTP/1.1 201) 4 headers in 163 bytes (1 switches on core 0) /var/lib/openstack/lib/python3.12/site-packages/pycadf/identifier.py:70: UserWarning: Invalid uuid: neutron. To ensure interoperability, identifiers should be a valid uuid. warnings.warn(('Invalid uuid: %s. To ensure interoperability, '
2026-04-14 06:50:03.986 8 INFO neutron.db.ovn_revision_numbers_db [None req-736cc010-8c6d-4049-90d0-8f3648eb8e68 c00c22d3b3f249548d399f141db37e93 722e974edfc94dfc95b5b401d66c3cc6 - - default default] Successfully bumped revision number for resource 7136b38d-4324-4112-afca-a554b4da1c5a (type: networks) to 1
2026-04-14 06:50:04.155 8 INFO neutron.plugins.ml2.drivers.ovn.mech_driver.mech_driver [None req-8dc1940d-177a-49c2-8cc8-a8a3cb533fe1 - - - - - -] OVN reports status down for port: 530f20a4-22f3-4e65-ae8d-47f649e28d09 [pid: 7|app: 0|req: 788/1488] 10.0.0.207 () {32 vars in 740 bytes} [Tue Apr 14 06:50:03 2026] DELETE /v2.0/security-groups/840e4a23-a5fd-494a-8b1a-272f093e79d0 => generated 0 bytes in 263 msecs (HTTP/1.1 204) 2 headers in 112 bytes (1 switches on core 0) [pid: 7|app: 0|req: 789/1489] 10.0.0.138 () {28 vars in 583 bytes} [Tue Apr 14 06:50:04 2026] GET /v2.0/routers => generated 974 bytes in 73 msecs (HTTP/1.1 200) 4 headers in 157 bytes (1 switches on core 0)
2026-04-14 06:50:04.322 8 WARNING neutron.plugins.ml2.drivers.ovn.mech_driver.ovsdb.ovn_client [None req-8dc1940d-177a-49c2-8cc8-a8a3cb533fe1 - - - - - -] Logical_Switch_Port 530f20a4-22f3-4e65-ae8d-47f649e28d09 host information not removed, the port state is up
2026-04-14 06:50:04.323 8 INFO neutron.plugins.ml2.drivers.ovn.mech_driver.mech_driver [None req-8dc1940d-177a-49c2-8cc8-a8a3cb533fe1 - - - - - -] OVN reports status up for port: 530f20a4-22f3-4e65-ae8d-47f649e28d09
2026-04-14 06:50:04.326 8 WARNING neutron.scheduler.dhcp_agent_scheduler [None req-736cc010-8c6d-4049-90d0-8f3648eb8e68 c00c22d3b3f249548d399f141db37e93 722e974edfc94dfc95b5b401d66c3cc6 - - default default] No more DHCP agents
2026-04-14 06:50:04.329 8 WARNING neutron.api.rpc.agentnotifiers.dhcp_rpc_agent_api [None req-736cc010-8c6d-4049-90d0-8f3648eb8e68 c00c22d3b3f249548d399f141db37e93 722e974edfc94dfc95b5b401d66c3cc6 - - default default] Unable to schedule network 7136b38d-4324-4112-afca-a554b4da1c5a: no agents available; will retry on subsequent port and subnet creation events.
2026-04-14 06:50:04.334 8 INFO neutron.plugins.ml2.plugin [None req-8dc1940d-177a-49c2-8cc8-a8a3cb533fe1 - - - - - -] Attempt 1 to provision port 530f20a4-22f3-4e65-ae8d-47f649e28d09 [pid: 7|app: 0|req: 790/1490] 10.0.0.207 () {32 vars in 643 bytes} [Tue Apr 14 06:50:04 2026] GET /v2.0/ports => generated 3018 bytes in 52 msecs (HTTP/1.1 200) 4 headers in 158 bytes (1 switches on core 0) [pid: 7|app: 0|req: 791/1491] 10.0.0.138 () {28 vars in 624 bytes} [Tue Apr 14 06:50:04 2026] GET /v2.0/agents?binary=ovn-controller => generated 416 bytes in 62 msecs (HTTP/1.1 200) 4 headers in 157 bytes (1 switches on core 0)
2026-04-14 06:50:04.545 8 INFO neutron.db.ovn_revision_numbers_db [None req-736cc010-8c6d-4049-90d0-8f3648eb8e68 c00c22d3b3f249548d399f141db37e93 722e974edfc94dfc95b5b401d66c3cc6 - - default default] Successfully bumped revision number for resource 748d2f7e-cb80-4822-9ad7-f5b543a17e40 (type: ports) to 1
2026-04-14 06:50:04.548 7 INFO neutron_taas.services.taas.taas_plugin [None req-13fffb8c-2e81-4ccf-8273-e6b7a8b03021 2089d517de5a42099dee8c61a5e7bd54 6d6b1ba096754581a0576d3679cccc41 - - default default] TaaS: Handle Delete Port: 673ba258-b378-4490-973a-b6ab702948e1
2026-04-14 06:50:04.550 7 INFO neutron_taas.services.taas.tap_mirror_plugin [None req-13fffb8c-2e81-4ccf-8273-e6b7a8b03021 2089d517de5a42099dee8c61a5e7bd54 6d6b1ba096754581a0576d3679cccc41 - - default default] Tap Mirror: Handle Delete Port: 673ba258-b378-4490-973a-b6ab702948e1 [pid: 8|app: 0|req: 701/1492] 10.0.0.207 () {34 vars in 670 bytes} [Tue Apr 14 06:50:03 2026] POST /v2.0/networks => generated 650 bytes in 986 msecs (HTTP/1.1 201) 4 headers in 162 bytes (1 switches on core 0) [pid: 7|app: 0|req: 792/1493] 10.0.0.207 () {32 vars in 720 bytes} [Tue Apr 14 06:50:04 2026] DELETE /v2.0/ports/673ba258-b378-4490-973a-b6ab702948e1 => generated 0 bytes in 256 msecs (HTTP/1.1 204) 3 headers in 131 bytes (1 switches on core 0)
2026-04-14 06:50:04.807 7 INFO neutron_taas.services.taas.taas_plugin [None req-41d8bacb-ceb2-4978-8b4a-ffa971f8682f 2089d517de5a42099dee8c61a5e7bd54 6d6b1ba096754581a0576d3679cccc41 - - default default] TaaS: Handle Delete Port: d43d3bc9-1a7d-4e2d-bee5-55078be606ed
2026-04-14 06:50:04.809 7 INFO neutron_taas.services.taas.tap_mirror_plugin [None req-41d8bacb-ceb2-4978-8b4a-ffa971f8682f 2089d517de5a42099dee8c61a5e7bd54 6d6b1ba096754581a0576d3679cccc41 - - default default] Tap Mirror: Handle Delete Port: d43d3bc9-1a7d-4e2d-bee5-55078be606ed [pid: 7|app: 0|req: 793/1494] 10.0.0.207 () {32 vars in 720 bytes} [Tue Apr 14 06:50:04 2026] DELETE /v2.0/ports/d43d3bc9-1a7d-4e2d-bee5-55078be606ed => generated 0 bytes in 302 msecs (HTTP/1.1 204) 3 headers in 131 bytes (1 switches on core 0) [pid: 7|app: 0|req: 794/1495] 10.0.0.207 () {32 vars in 643 bytes} [Tue Apr 14 06:50:05 2026] GET /v2.0/ports => generated 1523 bytes in 55 msecs (HTTP/1.1 200) 4 headers in 158 bytes (1 switches on core 0)
2026-04-14 06:50:05.154 7 INFO neutron.db.segments_db [None req-8fd91a35-26d3-4deb-8d21-e5fa05432f33 2089d517de5a42099dee8c61a5e7bd54 6d6b1ba096754581a0576d3679cccc41 - - default default] Added segment a38bb035-132d-4fb4-bb6d-fd6379cefd66 of type geneve for network 41ce7d54-e33d-4294-8e1a-278cdc1f80c2
2026-04-14 06:50:05.217 8 INFO neutron.db.ovn_revision_numbers_db [None req-8dc1940d-177a-49c2-8cc8-a8a3cb533fe1 - - - - - -] Successfully bumped revision number for resource 530f20a4-22f3-4e65-ae8d-47f649e28d09 (type: ports) to 2
2026-04-14 06:50:05.305 7 INFO neutron.db.ovn_revision_numbers_db [None req-8fd91a35-26d3-4deb-8d21-e5fa05432f33 2089d517de5a42099dee8c61a5e7bd54 6d6b1ba096754581a0576d3679cccc41 - - default default] Successfully bumped revision number for resource 41ce7d54-e33d-4294-8e1a-278cdc1f80c2 (type: networks) to 1
2026-04-14 06:50:05.439 8 WARNING neutron.scheduler.dhcp_agent_scheduler [None req-e43844ff-5861-4442-85f1-9a9eea7ccc15 c00c22d3b3f249548d399f141db37e93 722e974edfc94dfc95b5b401d66c3cc6 - - default default] No more DHCP agents
2026-04-14 06:50:05.441 8 WARNING neutron.api.rpc.agentnotifiers.dhcp_rpc_agent_api [None req-e43844ff-5861-4442-85f1-9a9eea7ccc15 c00c22d3b3f249548d399f141db37e93 722e974edfc94dfc95b5b401d66c3cc6 - - default default] Unable to schedule network 50022f25-5c23-4caa-ae7e-3d3f27180336: no agents available; will retry on subsequent port and subnet creation events.
2026-04-14 06:50:05.477 7 WARNING neutron.scheduler.dhcp_agent_scheduler [None req-8fd91a35-26d3-4deb-8d21-e5fa05432f33 2089d517de5a42099dee8c61a5e7bd54 6d6b1ba096754581a0576d3679cccc41 - - default default] No more DHCP agents
2026-04-14 06:50:05.479 7 WARNING neutron.api.rpc.agentnotifiers.dhcp_rpc_agent_api [None req-8fd91a35-26d3-4deb-8d21-e5fa05432f33 2089d517de5a42099dee8c61a5e7bd54 6d6b1ba096754581a0576d3679cccc41 - - default default] Unable to schedule network 41ce7d54-e33d-4294-8e1a-278cdc1f80c2: no agents available; will retry on subsequent port and subnet creation events.
2026-04-14 06:50:05.576 8 INFO neutron.db.ovn_revision_numbers_db [None req-e43844ff-5861-4442-85f1-9a9eea7ccc15 c00c22d3b3f249548d399f141db37e93 722e974edfc94dfc95b5b401d66c3cc6 - - default default] Successfully bumped revision number for resource 5bb2c1fc-94a3-4b78-90aa-fd8efb51df4a (type: ports) to 1
2026-04-14 06:50:05.656 7 INFO neutron.db.ovn_revision_numbers_db [None req-8fd91a35-26d3-4deb-8d21-e5fa05432f33 2089d517de5a42099dee8c61a5e7bd54 6d6b1ba096754581a0576d3679cccc41 - - default default] Successfully bumped revision number for resource 3b2d0127-d961-4253-b870-bbe2925389ff (type: ports) to 1
2026-04-14 06:50:05.673 8 WARNING neutron.scheduler.dhcp_agent_scheduler [None req-e43844ff-5861-4442-85f1-9a9eea7ccc15 c00c22d3b3f249548d399f141db37e93 722e974edfc94dfc95b5b401d66c3cc6 - - default default] No more DHCP agents
2026-04-14 06:50:05.676 8 WARNING neutron.api.rpc.agentnotifiers.dhcp_rpc_agent_api [None req-e43844ff-5861-4442-85f1-9a9eea7ccc15 c00c22d3b3f249548d399f141db37e93 722e974edfc94dfc95b5b401d66c3cc6 - - default default] Unable to schedule network 7136b38d-4324-4112-afca-a554b4da1c5a: no agents available; will retry on subsequent port and subnet creation events. [pid: 7|app: 0|req: 795/1496] 10.0.0.207 () {34 vars in 670 bytes} [Tue Apr 14 06:50:05 2026] POST /v2.0/networks => generated 654 bytes in 620 msecs (HTTP/1.1 201) 4 headers in 162 bytes (1 switches on core 0) [pid: 7|app: 0|req: 796/1497] 10.0.0.102 () {34 vars in 982 bytes} [Tue Apr 14 06:50:05 2026] GET /v2.0/networks?id=2fdaaf3d-68f3-4130-85c4-1b640a46ef45 => generated 672 bytes in 70 msecs (HTTP/1.1 200) 4 headers in 157 bytes (1 switches on core 0)
2026-04-14 06:50:05.829 8 INFO neutron.db.ovn_revision_numbers_db [None req-e43844ff-5861-4442-85f1-9a9eea7ccc15 c00c22d3b3f249548d399f141db37e93 722e974edfc94dfc95b5b401d66c3cc6 - - default default] Successfully bumped revision number for resource 809b6549-cdcd-41cf-a31a-826b414361ad (type: ports) to 1
2026-04-14 06:50:05.882 7 INFO neutron.db.segments_db [None req-740f9126-016f-4598-bb06-1bddc428994d 2089d517de5a42099dee8c61a5e7bd54 6d6b1ba096754581a0576d3679cccc41 - - default default] Added segment c9747818-c44a-4f71-8966-5def20ccdf2a of type geneve for network 56f08584-dcaa-4016-8d74-a81194470da2 [pid: 8|app: 0|req: 702/1498] 10.0.0.207 () {34 vars in 665 bytes} [Tue Apr 14 06:50:04 2026] POST /v2.0/ports => generated 1505 bytes in 1323 msecs (HTTP/1.1 201) 4 headers in 163 bytes (1 switches on core 0) /var/lib/openstack/lib/python3.12/site-packages/pycadf/identifier.py:70: UserWarning: Invalid uuid: neutron. To ensure interoperability, identifiers should be a valid uuid. warnings.warn(('Invalid uuid: %s. To ensure interoperability, ' [pid: 8|app: 0|req: 703/1499] 10.0.0.102 () {34 vars in 965 bytes} [Tue Apr 14 06:50:05 2026] GET /v2.0/quotas/496d5849d77041f3a77481c79a28369d => generated 292 bytes in 10 msecs (HTTP/1.1 200) 4 headers in 157 bytes (1 switches on core 0) [pid: 8|app: 0|req: 704/1500] 10.0.0.207 () {32 vars in 643 bytes} [Tue Apr 14 06:50:05 2026] GET /v2.0/ports => generated 3017 bytes in 101 msecs (HTTP/1.1 200) 4 headers in 158 bytes (1 switches on core 0)
2026-04-14 06:50:06.050 7 INFO neutron.db.ovn_revision_numbers_db [None req-740f9126-016f-4598-bb06-1bddc428994d 2089d517de5a42099dee8c61a5e7bd54 6d6b1ba096754581a0576d3679cccc41 - - default default] Successfully bumped revision number for resource 56f08584-dcaa-4016-8d74-a81194470da2 (type: networks) to 1 [pid: 8|app: 0|req: 705/1501] 10.0.0.102 () {34 vars in 1002 bytes} [Tue Apr 14 06:50:06 2026] GET /v2.0/ports?tenant_id=496d5849d77041f3a77481c79a28369d&fields=id => generated 103 bytes in 84 msecs (HTTP/1.1 200) 4 headers in 157 bytes (1 switches on core 0)
2026-04-14 06:50:06.226 7 WARNING neutron.scheduler.dhcp_agent_scheduler [None req-740f9126-016f-4598-bb06-1bddc428994d 2089d517de5a42099dee8c61a5e7bd54 6d6b1ba096754581a0576d3679cccc41 - - default default] No more DHCP agents
2026-04-14 06:50:06.227 7 WARNING neutron.api.rpc.agentnotifiers.dhcp_rpc_agent_api [None req-740f9126-016f-4598-bb06-1bddc428994d 2089d517de5a42099dee8c61a5e7bd54 6d6b1ba096754581a0576d3679cccc41 - - default default] Unable to schedule network 56f08584-dcaa-4016-8d74-a81194470da2: no agents available; will retry on subsequent port and subnet creation events.
2026-04-14 06:50:06.244 8 INFO neutron_taas.services.taas.taas_plugin [None req-e1c5299b-021d-46a1-ad88-dff599555ae9 c00c22d3b3f249548d399f141db37e93 722e974edfc94dfc95b5b401d66c3cc6 - - default default] TaaS: Handle Delete Port: 5bb2c1fc-94a3-4b78-90aa-fd8efb51df4a
2026-04-14 06:50:06.248 8 INFO neutron_taas.services.taas.tap_mirror_plugin [None req-e1c5299b-021d-46a1-ad88-dff599555ae9 c00c22d3b3f249548d399f141db37e93 722e974edfc94dfc95b5b401d66c3cc6 - - default default] Tap Mirror: Handle Delete Port: 5bb2c1fc-94a3-4b78-90aa-fd8efb51df4a
2026-04-14 06:50:06.333 7 INFO neutron.db.ovn_revision_numbers_db [None req-740f9126-016f-4598-bb06-1bddc428994d 2089d517de5a42099dee8c61a5e7bd54 6d6b1ba096754581a0576d3679cccc41 - - default default] Successfully bumped revision number for resource f836f1bb-4d21-414c-a1e5-89aa4f0a0701 (type: ports) to 1 [pid: 7|app: 0|req: 797/1502] 10.0.0.207 () {34 vars in 670 bytes} [Tue Apr 14 06:50:05 2026] POST /v2.0/networks => generated 653 bytes in 599 msecs (HTTP/1.1 201) 4 headers in 162 bytes (1 switches on core 0) [pid: 7|app: 0|req: 798/1503] 10.0.0.102 () {34 vars in 1008 bytes} [Tue Apr 14 06:50:06 2026] GET /v2.0/networks/2fdaaf3d-68f3-4130-85c4-1b640a46ef45?fields=segments => generated 14 bytes in 89 msecs (HTTP/1.1 200) 4 headers in 156 bytes (1 switches on core 0) [pid: 8|app: 0|req: 706/1504] 10.0.0.207 () {32 vars in 720 bytes} [Tue Apr 14 06:50:06 2026] DELETE /v2.0/ports/5bb2c1fc-94a3-4b78-90aa-fd8efb51df4a => generated 0 bytes in 371 msecs (HTTP/1.1 204) 3 headers in 131 bytes (1 switches on core 0) [pid: 7|app: 0|req: 799/1505] 10.0.0.102 () {34 vars in 1108 bytes} [Tue Apr 14 06:50:06 2026] GET /v2.0/networks/2fdaaf3d-68f3-4130-85c4-1b640a46ef45?fields=provider%3Aphysical_network&fields=provider%3Anetwork_type => generated 79 bytes in 36 msecs (HTTP/1.1 200) 4 headers in 156 bytes (1 switches on core 0)
2026-04-14 06:50:06.621 8 INFO neutron_taas.services.taas.taas_plugin [None req-9eb1421c-ff11-4d87-9f73-fe37548884ee c00c22d3b3f249548d399f141db37e93 722e974edfc94dfc95b5b401d66c3cc6 - - default default] TaaS: Handle Delete Port: 809b6549-cdcd-41cf-a31a-826b414361ad
2026-04-14 06:50:06.628 8 INFO neutron_taas.services.taas.tap_mirror_plugin [None req-9eb1421c-ff11-4d87-9f73-fe37548884ee c00c22d3b3f249548d399f141db37e93 722e974edfc94dfc95b5b401d66c3cc6 - - default default] Tap Mirror: Handle Delete Port: 809b6549-cdcd-41cf-a31a-826b414361ad [pid: 7|app: 0|req: 800/1506] 10.0.0.102 () {34 vars in 990 bytes} [Tue Apr 14 06:50:06 2026] GET /v2.0/ports?device_id=70f99685-2b28-4c6c-ac84-0777159ccf2d => generated 12 bytes in 25 msecs (HTTP/1.1 200) 4 headers in 156 bytes (1 switches on core 0) [pid: 8|app: 0|req: 707/1507] 10.0.0.207 () {32 vars in 720 bytes} [Tue Apr 14 06:50:06 2026] DELETE /v2.0/ports/809b6549-cdcd-41cf-a31a-826b414361ad => generated 0 bytes in 354 msecs (HTTP/1.1 204) 3 headers in 131 bytes (1 switches on core 0) [pid: 7|app: 0|req: 801/1508] 10.0.0.207 () {32 vars in 643 bytes} [Tue Apr 14 06:50:06 2026] GET /v2.0/ports => generated 1523 bytes in 91 msecs (HTTP/1.1 200) 4 headers in 158 bytes (1 switches on core 0)
2026-04-14 06:50:07.011 7 INFO neutron.db.segments_db [None req-85fd4a10-c342-4635-9eeb-87d9a051d6b5 c00c22d3b3f249548d399f141db37e93 722e974edfc94dfc95b5b401d66c3cc6 - - default default] Added segment bec161cb-1ca1-465f-8374-8f570f3e8566 of type geneve for network e4560957-04d7-476b-9d06-1ec56291a723
2026-04-14 06:50:07.117 7 INFO neutron.db.ovn_revision_numbers_db [None req-85fd4a10-c342-4635-9eeb-87d9a051d6b5 c00c22d3b3f249548d399f141db37e93 722e974edfc94dfc95b5b401d66c3cc6 - - default default] Successfully bumped revision number for resource e4560957-04d7-476b-9d06-1ec56291a723 (type: networks) to 1
2026-04-14 06:50:07.275 7 WARNING neutron.scheduler.dhcp_agent_scheduler [None req-85fd4a10-c342-4635-9eeb-87d9a051d6b5 c00c22d3b3f249548d399f141db37e93 722e974edfc94dfc95b5b401d66c3cc6 - - default default] No more DHCP agents
2026-04-14 06:50:07.276 7 WARNING neutron.api.rpc.agentnotifiers.dhcp_rpc_agent_api [None req-85fd4a10-c342-4635-9eeb-87d9a051d6b5 c00c22d3b3f249548d399f141db37e93 722e974edfc94dfc95b5b401d66c3cc6 - - default default] Unable to schedule network e4560957-04d7-476b-9d06-1ec56291a723: no agents available; will retry on subsequent port and subnet creation events.
2026-04-14 06:50:07.278 8 WARNING neutron.scheduler.dhcp_agent_scheduler [None req-104853ae-c0c4-4da1-96d8-c8e68d29ff9c 2089d517de5a42099dee8c61a5e7bd54 6d6b1ba096754581a0576d3679cccc41 - - default default] No more DHCP agents
2026-04-14 06:50:07.279 8 WARNING neutron.api.rpc.agentnotifiers.dhcp_rpc_agent_api [None req-104853ae-c0c4-4da1-96d8-c8e68d29ff9c 2089d517de5a42099dee8c61a5e7bd54 6d6b1ba096754581a0576d3679cccc41 - - default default] Unable to schedule network 41ce7d54-e33d-4294-8e1a-278cdc1f80c2: no agents available; will retry on subsequent port and subnet creation events.
