2026-04-14 06:53:00.393 8 INFO neutron.services.segments.plugin [-] Segment 95df3161-2f41-4918-925d-e3fb8d584613 resource provider not found; error: Placement Client Error (4xx): {"errors": [{"status": 404, "title": "Not Found", "detail": "The resource could not be found.\n\n No resource provider with uuid 95df3161-2f41-4918-925d-e3fb8d584613 found for delete ", "request_id": "req-5ae20ee6-613a-4a90-b5e2-4bd0c458792a"}]}
2026-04-14 06:53:00.400 8 INFO neutron.services.segments.plugin [-] Segment 95df3161-2f41-4918-925d-e3fb8d584613 resource provider not found; error: Placement Client Error (4xx): {"errors": [{"status": 404, "title": "Not Found", "detail": "The resource could not be found.\n\n No resource provider with uuid 95df3161-2f41-4918-925d-e3fb8d584613 found for delete ", "request_id": "req-7ca72489-77dc-4a0e-af77-4163c1de4ffe"}]} [pid: 8|app: 0|req: 1300/2757] 10.0.0.207 () {32 vars in 726 bytes} [Tue Apr 14 06:52:59 2026] DELETE /v2.0/networks/80d66178-1aed-4028-adb9-98354ef1adf2 => generated 0 bytes in 548 msecs (HTTP/1.1 204) 3 headers in 131 bytes (1 switches on core 0)
2026-04-14 06:53:00.572 7 WARNING neutron.scheduler.dhcp_agent_scheduler [None req-f8b73e5e-372b-4074-aab5-11784b075383 f674b67842c94e828fece218919476e9 b96be2e4be10479887aab265ac114ffd - - default default] No more DHCP agents
2026-04-14 06:53:00.576 7 WARNING neutron.api.rpc.agentnotifiers.dhcp_rpc_agent_api [None req-f8b73e5e-372b-4074-aab5-11784b075383 f674b67842c94e828fece218919476e9 b96be2e4be10479887aab265ac114ffd - - default default] Unable to schedule network 459d435a-1eb7-468f-8114-27085626bb76: no agents available; will retry on subsequent port and subnet creation events.
2026-04-14 06:53:00.679 8 INFO neutron.plugins.ml2.drivers.ovn.mech_driver.mech_driver [None req-83913482-30da-424f-9fd9-7e54cfb77746 - - - - - -] OVN reports status down for port: e58a517d-2dc8-4faa-8266-1b65cf25d8a1
2026-04-14 06:53:00.724 7 INFO neutron.db.ovn_revision_numbers_db [None req-f8b73e5e-372b-4074-aab5-11784b075383 f674b67842c94e828fece218919476e9 b96be2e4be10479887aab265ac114ffd - - default default] Successfully bumped revision number for resource e58a517d-2dc8-4faa-8266-1b65cf25d8a1 (type: ports) to 1 [pid: 7|app: 0|req: 1458/2758] 10.0.0.207 () {34 vars in 670 bytes} [Tue Apr 14 06:53:00 2026] POST /v2.0/networks => generated 631 bytes in 658 msecs (HTTP/1.1 201) 4 headers in 162 bytes (1 switches on core 0)
2026-04-14 06:53:00.896 8 INFO neutron_taas.services.taas.taas_plugin [None req-edd0ad78-620a-4a65-9b4e-488700f0b6da 8beafa461b5248dc8f78c6602d2fca11 4b56eb9ba99644b9bb37193af4ab2b69 - - default default] TaaS: Handle Delete Port: 1f58f78d-421c-44a7-89d2-1f080b360adf
2026-04-14 06:53:00.899 8 INFO neutron_taas.services.taas.tap_mirror_plugin [None req-edd0ad78-620a-4a65-9b4e-488700f0b6da 8beafa461b5248dc8f78c6602d2fca11 4b56eb9ba99644b9bb37193af4ab2b69 - - default default] Tap Mirror: Handle Delete Port: 1f58f78d-421c-44a7-89d2-1f080b360adf
2026-04-14 06:53:00.987 7 WARNING neutron.scheduler.dhcp_agent_scheduler [None req-f72ab48b-948e-4d42-a40e-0f97a3a937b0 f674b67842c94e828fece218919476e9 b96be2e4be10479887aab265ac114ffd - - default default] No more DHCP agents
2026-04-14 06:53:00.988 7 WARNING neutron.api.rpc.agentnotifiers.dhcp_rpc_agent_api [None req-f72ab48b-948e-4d42-a40e-0f97a3a937b0 f674b67842c94e828fece218919476e9 b96be2e4be10479887aab265ac114ffd - - default default] Unable to schedule network 459d435a-1eb7-468f-8114-27085626bb76: no agents available; will retry on subsequent port and subnet creation events.
2026-04-14 06:53:01.108 8 INFO neutron.plugins.ml2.drivers.ovn.mech_driver.mech_driver [None req-83913482-30da-424f-9fd9-7e54cfb77746 - - - - - -] OVN reports status down for port: 9251388a-5d2a-4c4c-9474-b467435a2b79
2026-04-14 06:53:01.116 7 INFO neutron.db.ovn_revision_numbers_db [None req-f72ab48b-948e-4d42-a40e-0f97a3a937b0 f674b67842c94e828fece218919476e9 b96be2e4be10479887aab265ac114ffd - - default default] Successfully bumped revision number for resource 9251388a-5d2a-4c4c-9474-b467435a2b79 (type: ports) to 1 [pid: 7|app: 0|req: 1459/2759] 10.0.0.207 () {34 vars in 664 bytes} [Tue Apr 14 06:53:00 2026] POST /v2.0/ports => generated 743 bytes in 415 msecs (HTTP/1.1 201) 4 headers in 162 bytes (1 switches on core 0) /var/lib/openstack/lib/python3.12/site-packages/pycadf/identifier.py:70: UserWarning: Invalid uuid: neutron. To ensure interoperability, identifiers should be a valid uuid. warnings.warn(('Invalid uuid: %s. To ensure interoperability, '
2026-04-14 06:53:01.287 7 INFO neutron.db.segments_db [None req-32dfc621-ccd3-4be3-b951-85e2eb6bd35d f674b67842c94e828fece218919476e9 b96be2e4be10479887aab265ac114ffd - - default default] Added segment 86e21806-0a5e-4921-9ccc-fe661bec3665 of type geneve for network d54a868c-d606-4e88-ad51-bf8e55fab5a1
2026-04-14 06:53:01.410 7 INFO neutron.db.ovn_revision_numbers_db [None req-32dfc621-ccd3-4be3-b951-85e2eb6bd35d f674b67842c94e828fece218919476e9 b96be2e4be10479887aab265ac114ffd - - default default] Successfully bumped revision number for resource d54a868c-d606-4e88-ad51-bf8e55fab5a1 (type: networks) to 1
2026-04-14 06:53:01.578 7 WARNING neutron.scheduler.dhcp_agent_scheduler [None req-32dfc621-ccd3-4be3-b951-85e2eb6bd35d f674b67842c94e828fece218919476e9 b96be2e4be10479887aab265ac114ffd - - default default] No more DHCP agents
2026-04-14 06:53:01.580 7 WARNING neutron.api.rpc.agentnotifiers.dhcp_rpc_agent_api [None req-32dfc621-ccd3-4be3-b951-85e2eb6bd35d f674b67842c94e828fece218919476e9 b96be2e4be10479887aab265ac114ffd - - default default] Unable to schedule network d54a868c-d606-4e88-ad51-bf8e55fab5a1: no agents available; will retry on subsequent port and subnet creation events.
2026-04-14 06:53:01.688 7 INFO neutron.db.ovn_revision_numbers_db [None req-32dfc621-ccd3-4be3-b951-85e2eb6bd35d f674b67842c94e828fece218919476e9 b96be2e4be10479887aab265ac114ffd - - default default] Successfully bumped revision number for resource 6f3a93e6-3f92-4391-9645-37a63cc7c152 (type: ports) to 1
2026-04-14 06:53:01.709 8 INFO neutron.plugins.ml2.drivers.ovn.mech_driver.mech_driver [None req-83913482-30da-424f-9fd9-7e54cfb77746 - - - - - -] OVN reports status down for port: 6f3a93e6-3f92-4391-9645-37a63cc7c152 [pid: 7|app: 0|req: 1460/2760] 10.0.0.207 () {34 vars in 670 bytes} [Tue Apr 14 06:53:01 2026] POST /v2.0/networks => generated 631 bytes in 541 msecs (HTTP/1.1 201) 4 headers in 162 bytes (1 switches on core 0) [pid: 8|app: 0|req: 1301/2761] 10.0.0.207 () {34 vars in 789 bytes} [Tue Apr 14 06:53:00 2026] PUT /v2.0/routers/6bd9a202-cba1-4d16-827c-dfa438a51ebe/remove_router_interface => generated 309 bytes in 1395 msecs (HTTP/1.1 200) 4 headers in 157 bytes (1 switches on core 0) /var/lib/openstack/lib/python3.12/site-packages/pycadf/identifier.py:70: UserWarning: Invalid uuid: neutron. To ensure interoperability, identifiers should be a valid uuid. warnings.warn(('Invalid uuid: %s. To ensure interoperability, '
2026-04-14 06:53:02.004 7 WARNING neutron.scheduler.dhcp_agent_scheduler [None req-887918fe-e31b-49aa-aa48-43db19d58380 f674b67842c94e828fece218919476e9 b96be2e4be10479887aab265ac114ffd - - default default] No more DHCP agents
2026-04-14 06:53:02.006 7 WARNING neutron.api.rpc.agentnotifiers.dhcp_rpc_agent_api [None req-887918fe-e31b-49aa-aa48-43db19d58380 f674b67842c94e828fece218919476e9 b96be2e4be10479887aab265ac114ffd - - default default] Unable to schedule network d54a868c-d606-4e88-ad51-bf8e55fab5a1: no agents available; will retry on subsequent port and subnet creation events.
2026-04-14 06:53:02.125 8 INFO neutron.plugins.ml2.drivers.ovn.mech_driver.mech_driver [None req-83913482-30da-424f-9fd9-7e54cfb77746 - - - - - -] OVN reports status down for port: 764a2879-fbc8-4c19-b77f-c125fdf824d3
2026-04-14 06:53:02.135 7 INFO neutron.db.ovn_revision_numbers_db [None req-887918fe-e31b-49aa-aa48-43db19d58380 f674b67842c94e828fece218919476e9 b96be2e4be10479887aab265ac114ffd - - default default] Successfully bumped revision number for resource 764a2879-fbc8-4c19-b77f-c125fdf824d3 (type: ports) to 1 [pid: 7|app: 0|req: 1461/2762] 10.0.0.207 () {34 vars in 664 bytes} [Tue Apr 14 06:53:01 2026] POST /v2.0/ports => generated 743 bytes in 451 msecs (HTTP/1.1 201) 4 headers in 162 bytes (1 switches on core 0) /var/lib/openstack/lib/python3.12/site-packages/pycadf/identifier.py:70: UserWarning: Invalid uuid: neutron. To ensure interoperability, identifiers should be a valid uuid. warnings.warn(('Invalid uuid: %s. To ensure interoperability, '
2026-04-14 06:53:02.261 7 INFO neutron.db.segments_db [None req-d247583f-6936-4723-836a-02ad67c416f2 f674b67842c94e828fece218919476e9 b96be2e4be10479887aab265ac114ffd - - default default] Added segment 92b20314-c6ee-4301-b8a7-395601d7eb53 of type geneve for network 3d182b89-d998-44b6-adad-dc7841943209
2026-04-14 06:53:02.289 8 INFO neutron_taas.services.taas.taas_plugin [None req-5a5bc8e8-c3c8-49de-8c17-602ba9e2e4e2 8beafa461b5248dc8f78c6602d2fca11 4b56eb9ba99644b9bb37193af4ab2b69 - - default default] TaaS: Handle Delete Port: 279a1fe0-9cc0-4057-9454-7caedb84a465
2026-04-14 06:53:02.293 8 INFO neutron_taas.services.taas.tap_mirror_plugin [None req-5a5bc8e8-c3c8-49de-8c17-602ba9e2e4e2 8beafa461b5248dc8f78c6602d2fca11 4b56eb9ba99644b9bb37193af4ab2b69 - - default default] Tap Mirror: Handle Delete Port: 279a1fe0-9cc0-4057-9454-7caedb84a465
2026-04-14 06:53:02.365 7 INFO neutron.db.ovn_revision_numbers_db [None req-d247583f-6936-4723-836a-02ad67c416f2 f674b67842c94e828fece218919476e9 b96be2e4be10479887aab265ac114ffd - - default default] Successfully bumped revision number for resource 3d182b89-d998-44b6-adad-dc7841943209 (type: networks) to 1
2026-04-14 06:53:02.504 7 WARNING neutron.scheduler.dhcp_agent_scheduler [None req-d247583f-6936-4723-836a-02ad67c416f2 f674b67842c94e828fece218919476e9 b96be2e4be10479887aab265ac114ffd - - default default] No more DHCP agents
2026-04-14 06:53:02.508 7 WARNING neutron.api.rpc.agentnotifiers.dhcp_rpc_agent_api [None req-d247583f-6936-4723-836a-02ad67c416f2 f674b67842c94e828fece218919476e9 b96be2e4be10479887aab265ac114ffd - - default default] Unable to schedule network 3d182b89-d998-44b6-adad-dc7841943209: no agents available; will retry on subsequent port and subnet creation events.
2026-04-14 06:53:02.628 7 INFO neutron.db.ovn_revision_numbers_db [None req-d247583f-6936-4723-836a-02ad67c416f2 f674b67842c94e828fece218919476e9 b96be2e4be10479887aab265ac114ffd - - default default] Successfully bumped revision number for resource ba0a691a-b7ae-4790-83e0-7c9331c702ce (type: ports) to 1 [pid: 7|app: 0|req: 1462/2763] 10.0.0.207 () {34 vars in 670 bytes} [Tue Apr 14 06:53:02 2026] POST /v2.0/networks => generated 632 bytes in 469 msecs (HTTP/1.1 201) 4 headers in 162 bytes (1 switches on core 0)
2026-04-14 06:53:02.655 8 INFO neutron.plugins.ml2.drivers.ovn.mech_driver.mech_driver [None req-83913482-30da-424f-9fd9-7e54cfb77746 - - - - - -] OVN reports status down for port: ba0a691a-b7ae-4790-83e0-7c9331c702ce [pid: 8|app: 0|req: 1302/2764] 10.0.0.207 () {32 vars in 724 bytes} [Tue Apr 14 06:53:01 2026] DELETE /v2.0/routers/6bd9a202-cba1-4d16-827c-dfa438a51ebe => generated 0 bytes in 976 msecs (HTTP/1.1 204) 2 headers in 112 bytes (1 switches on core 0)
2026-04-14 06:53:02.910 7 WARNING neutron.scheduler.dhcp_agent_scheduler [None req-608c43d6-f377-4299-bdaa-49214699d8d1 f674b67842c94e828fece218919476e9 b96be2e4be10479887aab265ac114ffd - - default default] No more DHCP agents
2026-04-14 06:53:02.911 7 WARNING neutron.api.rpc.agentnotifiers.dhcp_rpc_agent_api [None req-608c43d6-f377-4299-bdaa-49214699d8d1 f674b67842c94e828fece218919476e9 b96be2e4be10479887aab265ac114ffd - - default default] Unable to schedule network 3d182b89-d998-44b6-adad-dc7841943209: no agents available; will retry on subsequent port and subnet creation events.
2026-04-14 06:53:03.012 8 INFO neutron.plugins.ml2.drivers.ovn.mech_driver.mech_driver [None req-83913482-30da-424f-9fd9-7e54cfb77746 - - - - - -] OVN reports status down for port: d8008726-b331-45ab-ad59-9fa631cba563
2026-04-14 06:53:03.067 7 INFO neutron.db.ovn_revision_numbers_db [None req-608c43d6-f377-4299-bdaa-49214699d8d1 f674b67842c94e828fece218919476e9 b96be2e4be10479887aab265ac114ffd - - default default] Successfully bumped revision number for resource d8008726-b331-45ab-ad59-9fa631cba563 (type: ports) to 1 [pid: 7|app: 0|req: 1463/2765] 10.0.0.207 () {34 vars in 664 bytes} [Tue Apr 14 06:53:02 2026] POST /v2.0/ports => generated 743 bytes in 459 msecs (HTTP/1.1 201) 4 headers in 162 bytes (1 switches on core 0) /var/lib/openstack/lib/python3.12/site-packages/pycadf/identifier.py:70: UserWarning: Invalid uuid: neutron. To ensure interoperability, identifiers should be a valid uuid. warnings.warn(('Invalid uuid: %s. To ensure interoperability, ' [pid: 8|app: 0|req: 1303/2766] 10.0.0.207 () {32 vars in 724 bytes} [Tue Apr 14 06:53:02 2026] DELETE /v2.0/subnets/4c5c54bb-5e63-4a93-9b5b-237f27a57b3e => generated 0 bytes in 264 msecs (HTTP/1.1 204) 3 headers in 131 bytes (1 switches on core 0)
2026-04-14 06:53:03.212 7 INFO neutron.db.segments_db [None req-50cc6031-9607-4453-8aaa-b42fc45c467c f674b67842c94e828fece218919476e9 b96be2e4be10479887aab265ac114ffd - - default default] Added segment 91e25364-d27c-4a5a-a855-efff1a811548 of type geneve for network 86f834b3-e425-442c-8cf7-09201d0d524b
2026-04-14 06:53:03.241 8 INFO neutron_taas.services.taas.taas_plugin [None req-79284a75-cdae-4e4d-aa94-a6d901ea68c8 8beafa461b5248dc8f78c6602d2fca11 4b56eb9ba99644b9bb37193af4ab2b69 - - default default] TaaS: Handle Delete Port: ee4bd78b-05b6-4f1e-8c1a-08db541af6e5
2026-04-14 06:53:03.243 8 INFO neutron_taas.services.taas.tap_mirror_plugin [None req-79284a75-cdae-4e4d-aa94-a6d901ea68c8 8beafa461b5248dc8f78c6602d2fca11 4b56eb9ba99644b9bb37193af4ab2b69 - - default default] Tap Mirror: Handle Delete Port: ee4bd78b-05b6-4f1e-8c1a-08db541af6e5
2026-04-14 06:53:03.331 7 INFO neutron.db.ovn_revision_numbers_db [None req-50cc6031-9607-4453-8aaa-b42fc45c467c f674b67842c94e828fece218919476e9 b96be2e4be10479887aab265ac114ffd - - default default] Successfully bumped revision number for resource 86f834b3-e425-442c-8cf7-09201d0d524b (type: networks) to 1
2026-04-14 06:53:03.453 8 INFO neutron.services.segments.plugin [-] Segment 20eb815b-a9b2-4710-b9f4-e71588f95294 resource provider aggregate not found
2026-04-14 06:53:03.463 8 INFO neutron.services.segments.plugin [-] Segment 20eb815b-a9b2-4710-b9f4-e71588f95294 resource provider aggregate not found
2026-04-14 06:53:03.479 8 INFO neutron.services.segments.plugin [-] Segment 20eb815b-a9b2-4710-b9f4-e71588f95294 resource provider not found; error: Placement Client Error (4xx): {"errors": [{"status": 404, "title": "Not Found", "detail": "The resource could not be found.\n\n No resource provider with uuid 20eb815b-a9b2-4710-b9f4-e71588f95294 found for delete ", "request_id": "req-e70c809a-e091-432d-894d-6cf922647c0a"}]}
2026-04-14 06:53:03.482 8 INFO neutron.services.segments.plugin [-] Segment 20eb815b-a9b2-4710-b9f4-e71588f95294 resource provider not found; error: Placement Client Error (4xx): {"errors": [{"status": 404, "title": "Not Found", "detail": "The resource could not be found.\n\n No resource provider with uuid 20eb815b-a9b2-4710-b9f4-e71588f95294 found for delete ", "request_id": "req-8b442d08-d4e1-4ae9-a8ed-bf83553af61d"}]} [pid: 8|app: 0|req: 1304/2767] 10.0.0.207 () {32 vars in 726 bytes} [Tue Apr 14 06:53:03 2026] DELETE /v2.0/networks/437fb1e5-b0fd-4a10-8b39-4080bbdb9771 => generated 0 bytes in 376 msecs (HTTP/1.1 204) 3 headers in 131 bytes (1 switches on core 0)
2026-04-14 06:53:03.533 7 WARNING neutron.scheduler.dhcp_agent_scheduler [None req-50cc6031-9607-4453-8aaa-b42fc45c467c f674b67842c94e828fece218919476e9 b96be2e4be10479887aab265ac114ffd - - default default] No more DHCP agents
2026-04-14 06:53:03.534 7 WARNING neutron.api.rpc.agentnotifiers.dhcp_rpc_agent_api [None req-50cc6031-9607-4453-8aaa-b42fc45c467c f674b67842c94e828fece218919476e9 b96be2e4be10479887aab265ac114ffd - - default default] Unable to schedule network 86f834b3-e425-442c-8cf7-09201d0d524b: no agents available; will retry on subsequent port and subnet creation events.
2026-04-14 06:53:03.599 8 INFO neutron.plugins.ml2.drivers.ovn.mech_driver.mech_driver [None req-83913482-30da-424f-9fd9-7e54cfb77746 - - - - - -] OVN reports status down for port: f7299bbb-4e2a-4c40-8ed9-ef1e3e1b6cfc
2026-04-14 06:53:03.645 7 INFO neutron.db.ovn_revision_numbers_db [None req-50cc6031-9607-4453-8aaa-b42fc45c467c f674b67842c94e828fece218919476e9 b96be2e4be10479887aab265ac114ffd - - default default] Successfully bumped revision number for resource f7299bbb-4e2a-4c40-8ed9-ef1e3e1b6cfc (type: ports) to 1 [pid: 7|app: 0|req: 1464/2768] 10.0.0.207 () {34 vars in 670 bytes} [Tue Apr 14 06:53:03 2026] POST /v2.0/networks => generated 631 bytes in 553 msecs (HTTP/1.1 201) 4 headers in 162 bytes (1 switches on core 0)
2026-04-14 06:53:03.854 8 INFO neutron.db.ovn_revision_numbers_db [None req-bd8ae678-9199-4e18-af90-7043c72dfc95 57ae30a80b2244dd8bcf12b030d88137 09a3931d22cb49a8b0038031bdabcff7 - - default default] Successfully bumped revision number for resource 348c6c5c-6092-4b08-baac-77f2eadfb36e (type: security_groups) to 1
2026-04-14 06:53:03.867 8 INFO neutron.db.ovn_revision_numbers_db [None req-bd8ae678-9199-4e18-af90-7043c72dfc95 57ae30a80b2244dd8bcf12b030d88137 09a3931d22cb49a8b0038031bdabcff7 - - default default] Successfully bumped revision number for resource 4481e96a-da0f-44d2-a9a5-b7f06ef1e775 (type: security_group_rules) to 0
2026-04-14 06:53:03.880 8 INFO neutron.db.ovn_revision_numbers_db [None req-bd8ae678-9199-4e18-af90-7043c72dfc95 57ae30a80b2244dd8bcf12b030d88137 09a3931d22cb49a8b0038031bdabcff7 - - default default] Successfully bumped revision number for resource 63b36830-fb6b-4fe4-9ff6-40b3595a011d (type: security_group_rules) to 0
2026-04-14 06:53:03.890 8 INFO neutron.db.ovn_revision_numbers_db [None req-bd8ae678-9199-4e18-af90-7043c72dfc95 57ae30a80b2244dd8bcf12b030d88137 09a3931d22cb49a8b0038031bdabcff7 - - default default] Successfully bumped revision number for resource b38670f8-19b2-43b1-a081-bd2aa70abed6 (type: security_group_rules) to 0
2026-04-14 06:53:03.902 8 INFO neutron.db.ovn_revision_numbers_db [None req-bd8ae678-9199-4e18-af90-7043c72dfc95 57ae30a80b2244dd8bcf12b030d88137 09a3931d22cb49a8b0038031bdabcff7 - - default default] Successfully bumped revision number for resource cb6cce35-ef53-49c0-b3a2-b0107c6bcc56 (type: security_group_rules) to 0
2026-04-14 06:53:03.945 7 WARNING neutron.scheduler.dhcp_agent_scheduler [None req-edd64098-0f0d-4026-98e4-8e3f3ced1be4 f674b67842c94e828fece218919476e9 b96be2e4be10479887aab265ac114ffd - - default default] No more DHCP agents
2026-04-14 06:53:03.947 7 WARNING neutron.api.rpc.agentnotifiers.dhcp_rpc_agent_api [None req-edd64098-0f0d-4026-98e4-8e3f3ced1be4 f674b67842c94e828fece218919476e9 b96be2e4be10479887aab265ac114ffd - - default default] Unable to schedule network 86f834b3-e425-442c-8cf7-09201d0d524b: no agents available; will retry on subsequent port and subnet creation events.
2026-04-14 06:53:04.007 8 INFO neutron.db.segments_db [None req-bd8ae678-9199-4e18-af90-7043c72dfc95 57ae30a80b2244dd8bcf12b030d88137 09a3931d22cb49a8b0038031bdabcff7 - - default default] Added segment 1a99d12c-ef72-485f-a534-f315d728b28c of type geneve for network 8f56015b-5ea8-4625-8d65-58d3c4be978f
2026-04-14 06:53:04.055 8 INFO neutron.plugins.ml2.drivers.ovn.mech_driver.mech_driver [None req-83913482-30da-424f-9fd9-7e54cfb77746 - - - - - -] OVN reports status down for port: 1dd2942a-ce3f-44b2-ad13-a59d6124bbe0
2026-04-14 06:53:04.068 7 INFO neutron.db.ovn_revision_numbers_db [None req-edd64098-0f0d-4026-98e4-8e3f3ced1be4 f674b67842c94e828fece218919476e9 b96be2e4be10479887aab265ac114ffd - - default default] Successfully bumped revision number for resource 1dd2942a-ce3f-44b2-ad13-a59d6124bbe0 (type: ports) to 1 [pid: 7|app: 0|req: 1465/2769] 10.0.0.207 () {34 vars in 664 bytes} [Tue Apr 14 06:53:03 2026] POST /v2.0/ports => generated 743 bytes in 434 msecs (HTTP/1.1 201) 4 headers in 162 bytes (1 switches on core 0) /var/lib/openstack/lib/python3.12/site-packages/pycadf/identifier.py:70: UserWarning: Invalid uuid: neutron. To ensure interoperability, identifiers should be a valid uuid. warnings.warn(('Invalid uuid: %s. To ensure interoperability, ' [pid: 7|app: 0|req: 1466/2770] 10.0.0.207 () {32 vars in 774 bytes} [Tue Apr 14 06:53:04 2026] GET /v2.0/security-groups?tenant_id=aaecb49e897c4f85971b40f89c7ebc64&name=default => generated 2925 bytes in 25 msecs (HTTP/1.1 200) 4 headers in 158 bytes (1 switches on core 0)
2026-04-14 06:53:04.218 8 INFO neutron.db.ovn_revision_numbers_db [None req-bd8ae678-9199-4e18-af90-7043c72dfc95 57ae30a80b2244dd8bcf12b030d88137 09a3931d22cb49a8b0038031bdabcff7 - - default default] Successfully bumped revision number for resource 8f56015b-5ea8-4625-8d65-58d3c4be978f (type: networks) to 1 [pid: 7|app: 0|req: 1467/2771] 10.0.0.207 () {34 vars in 747 bytes} [Tue Apr 14 06:53:04 2026] PUT /v2.0/ports/e5d8fcdb-b6b4-4fb6-bd53-1c9f42758dc3/tags => generated 17 bytes in 90 msecs (HTTP/1.1 200) 4 headers in 156 bytes (1 switches on core 0) /var/lib/openstack/lib/python3.12/site-packages/pycadf/identifier.py:70: UserWarning: Invalid uuid: neutron. To ensure interoperability, identifiers should be a valid uuid. warnings.warn(('Invalid uuid: %s. To ensure interoperability, '
2026-04-14 06:53:04.434 8 WARNING neutron.scheduler.dhcp_agent_scheduler [None req-bd8ae678-9199-4e18-af90-7043c72dfc95 57ae30a80b2244dd8bcf12b030d88137 09a3931d22cb49a8b0038031bdabcff7 - - default default] No more DHCP agents
2026-04-14 06:53:04.435 8 WARNING neutron.api.rpc.agentnotifiers.dhcp_rpc_agent_api [None req-bd8ae678-9199-4e18-af90-7043c72dfc95 57ae30a80b2244dd8bcf12b030d88137 09a3931d22cb49a8b0038031bdabcff7 - - default default] Unable to schedule network 8f56015b-5ea8-4625-8d65-58d3c4be978f: no agents available; will retry on subsequent port and subnet creation events.
2026-04-14 06:53:04.557 8 INFO neutron.plugins.ml2.drivers.ovn.mech_driver.mech_driver [None req-83913482-30da-424f-9fd9-7e54cfb77746 - - - - - -] OVN reports status down for port: bda94ca1-8e8a-4f08-9394-8a6bf6b62945 [pid: 7|app: 0|req: 1468/2772] 10.0.0.207 () {32 vars in 740 bytes} [Tue Apr 14 06:53:04 2026] DELETE /v2.0/security-groups/da4221f7-0806-4828-afa2-4c3d448071f4 => generated 0 bytes in 328 msecs (HTTP/1.1 204) 2 headers in 112 bytes (1 switches on core 0)
2026-04-14 06:53:04.619 8 INFO neutron.db.ovn_revision_numbers_db [None req-bd8ae678-9199-4e18-af90-7043c72dfc95 57ae30a80b2244dd8bcf12b030d88137 09a3931d22cb49a8b0038031bdabcff7 - - default default] Successfully bumped revision number for resource bda94ca1-8e8a-4f08-9394-8a6bf6b62945 (type: ports) to 1 [pid: 7|app: 0|req: 1469/2773] 10.0.0.207 () {34 vars in 747 bytes} [Tue Apr 14 06:53:04 2026] PUT /v2.0/ports/9251388a-5d2a-4c4c-9474-b467435a2b79/tags => generated 25 bytes in 74 msecs (HTTP/1.1 200) 4 headers in 156 bytes (1 switches on core 0) /var/lib/openstack/lib/python3.12/site-packages/pycadf/identifier.py:70: UserWarning: Invalid uuid: neutron. To ensure interoperability, identifiers should be a valid uuid. warnings.warn(('Invalid uuid: %s. To ensure interoperability, ' [pid: 8|app: 0|req: 1305/2774] 10.0.0.207 () {34 vars in 670 bytes} [Tue Apr 14 06:53:03 2026] POST /v2.0/networks => generated 640 bytes in 1149 msecs (HTTP/1.1 201) 4 headers in 162 bytes (1 switches on core 0) [pid: 7|app: 0|req: 1470/2775] 10.0.0.207 () {34 vars in 747 bytes} [Tue Apr 14 06:53:04 2026] PUT /v2.0/ports/764a2879-fbc8-4c19-b77f-c125fdf824d3/tags => generated 34 bytes in 60 msecs (HTTP/1.1 200) 4 headers in 156 bytes (1 switches on core 0) /var/lib/openstack/lib/python3.12/site-packages/pycadf/identifier.py:70: UserWarning: Invalid uuid: neutron. To ensure interoperability, identifiers should be a valid uuid. warnings.warn(('Invalid uuid: %s. To ensure interoperability, ' [pid: 7|app: 0|req: 1471/2776] 10.0.0.207 () {32 vars in 774 bytes} [Tue Apr 14 06:53:04 2026] GET /v2.0/security-groups?tenant_id=9db3e44a08744b82aee558d130042233&name=default => generated 2925 bytes in 28 msecs (HTTP/1.1 200) 4 headers in 158 bytes (1 switches on core 0) [pid: 7|app: 0|req: 1472/2777] 10.0.0.207 () {34 vars in 747 bytes} [Tue Apr 14 06:53:04 2026] PUT /v2.0/ports/d8008726-b331-45ab-ad59-9fa631cba563/tags => generated 19 bytes in 57 msecs (HTTP/1.1 200) 4 headers in 156 bytes (1 switches on core 0) /var/lib/openstack/lib/python3.12/site-packages/pycadf/identifier.py:70: UserWarning: Invalid uuid: neutron. To ensure interoperability, identifiers should be a valid uuid. warnings.warn(('Invalid uuid: %s. To ensure interoperability, '
2026-04-14 06:53:04.844 8 WARNING neutron.scheduler.dhcp_agent_scheduler [None req-6aef0876-db69-460a-8c37-4e552ee9bf44 57ae30a80b2244dd8bcf12b030d88137 09a3931d22cb49a8b0038031bdabcff7 - - default default] No more DHCP agents
2026-04-14 06:53:04.845 8 WARNING neutron.api.rpc.agentnotifiers.dhcp_rpc_agent_api [None req-6aef0876-db69-460a-8c37-4e552ee9bf44 57ae30a80b2244dd8bcf12b030d88137 09a3931d22cb49a8b0038031bdabcff7 - - default default] Unable to schedule network 8f56015b-5ea8-4625-8d65-58d3c4be978f: no agents available; will retry on subsequent port and subnet creation events. [pid: 7|app: 0|req: 1473/2778] 10.0.0.207 () {32 vars in 740 bytes} [Tue Apr 14 06:53:04 2026] DELETE /v2.0/security-groups/ea75aa2b-842b-487a-9a66-3ae989b6534d => generated 0 bytes in 273 msecs (HTTP/1.1 204) 2 headers in 112 bytes (1 switches on core 0) [pid: 7|app: 0|req: 1474/2779] 10.0.0.207 () {32 vars in 660 bytes} [Tue Apr 14 06:53:05 2026] GET /v2.0/ports?tags=red => generated 2253 bytes in 92 msecs (HTTP/1.1 200) 4 headers in 158 bytes (1 switches on core 0) [pid: 7|app: 0|req: 1475/2780] 10.0.0.207 () {32 vars in 674 bytes} [Tue Apr 14 06:53:05 2026] GET /v2.0/ports?tags=red%2Cblue => generated 1513 bytes in 55 msecs (HTTP/1.1 200) 4 headers in 158 bytes (1 switches on core 0) [pid: 7|app: 0|req: 1476/2781] 10.0.0.207 () {32 vars in 670 bytes} [Tue Apr 14 06:53:05 2026] GET /v2.0/ports?tags-any=blue => generated 1513 bytes in 52 msecs (HTTP/1.1 200) 4 headers in 158 bytes (1 switches on core 0) [pid: 7|app: 0|req: 1477/2782] 10.0.0.207 () {32 vars in 682 bytes} [Tue Apr 14 06:53:05 2026] GET /v2.0/ports?tags-any=red%2Cblue => generated 2253 bytes in 35 msecs (HTTP/1.1 200) 4 headers in 158 bytes (1 switches on core 0)
2026-04-14 06:53:05.406 8 INFO neutron.db.ovn_revision_numbers_db [None req-8a3c9ab4-040a-42ca-8e80-bc7bed3a244a - - - - - -] Successfully bumped revision number for resource bda94ca1-8e8a-4f08-9394-8a6bf6b62945 (type: ports) to 2 [pid: 7|app: 0|req: 1478/2783] 10.0.0.207 () {32 vars in 668 bytes} [Tue Apr 14 06:53:05 2026] GET /v2.0/ports?not-tags=red => generated 5268 bytes in 100 msecs (HTTP/1.1 200) 4 headers in 158 bytes (1 switches on core 0)
2026-04-14 06:53:05.437 8 INFO neutron.db.ovn_revision_numbers_db [None req-8a3c9ab4-040a-42ca-8e80-bc7bed3a244a - - - - - -] Successfully bumped revision number for resource 729e2417-e48c-41af-89a2-56b3a6c44726 (type: subnets) to 0 [pid: 8|app: 0|req: 1306/2784] 10.0.0.207 () {34 vars in 669 bytes} [Tue Apr 14 06:53:04 2026] POST /v2.0/subnets => generated 657 bytes in 793 msecs (HTTP/1.1 201) 4 headers in 162 bytes (1 switches on core 0) [pid: 7|app: 0|req: 1479/2785] 10.0.0.207 () {32 vars in 682 bytes} [Tue Apr 14 06:53:05 2026] GET /v2.0/ports?not-tags=red%2Cblue => generated 6008 bytes in 84 msecs (HTTP/1.1 200) 4 headers in 158 bytes (1 switches on core 0) [pid: 7|app: 0|req: 1480/2786] 10.0.0.207 () {32 vars in 678 bytes} [Tue Apr 14 06:53:05 2026] GET /v2.0/ports?not-tags-any=blue => generated 6008 bytes in 87 msecs (HTTP/1.1 200) 4 headers in 158 bytes (1 switches on core 0) [pid: 7|app: 0|req: 1481/2787] 10.0.0.207 () {32 vars in 690 bytes} [Tue Apr 14 06:53:05 2026] GET /v2.0/ports?not-tags-any=red%2Cblue => generated 5268 bytes in 52 msecs (HTTP/1.1 200) 4 headers in 158 bytes (1 switches on core 0) [pid: 8|app: 0|req: 1307/2788] 10.0.0.207 () {32 vars in 722 bytes} [Tue Apr 14 06:53:05 2026] GET /v2.0/subnetpools?name=shared-default-subnetpool-v6 => generated 19 bytes in 221 msecs (HTTP/1.1 200) 4 headers in 156 bytes (1 switches on core 0)
2026-04-14 06:53:05.875 8 WARNING neutron.scheduler.dhcp_agent_scheduler [None req-fd2543f7-81cd-435f-b37f-02df80e3118c 57ae30a80b2244dd8bcf12b030d88137 09a3931d22cb49a8b0038031bdabcff7 - - default default] No more DHCP agents
2026-04-14 06:53:05.876 8 WARNING neutron.api.rpc.agentnotifiers.dhcp_rpc_agent_api [None req-fd2543f7-81cd-435f-b37f-02df80e3118c 57ae30a80b2244dd8bcf12b030d88137 09a3931d22cb49a8b0038031bdabcff7 - - default default] Unable to schedule network 8f56015b-5ea8-4625-8d65-58d3c4be978f: no agents available; will retry on subsequent port and subnet creation events.
2026-04-14 06:53:05.938 8 INFO neutron.db.ovn_revision_numbers_db [None req-fd2543f7-81cd-435f-b37f-02df80e3118c 57ae30a80b2244dd8bcf12b030d88137 09a3931d22cb49a8b0038031bdabcff7 - - default default] Successfully bumped revision number for resource 7278b163-781d-4158-a75d-b84137e02281 (type: subnets) to 0 [pid: 8|app: 0|req: 1308/2789] 10.0.0.207 () {34 vars in 669 bytes} [Tue Apr 14 06:53:05 2026] POST /v2.0/subnets => generated 731 bytes in 270 msecs (HTTP/1.1 201) 4 headers in 162 bytes (1 switches on core 0)
2026-04-14 06:53:06.065 8 INFO neutron.db.segments_db [None req-d633f66a-67fc-4d68-bbca-f1deed23fb63 57ae30a80b2244dd8bcf12b030d88137 09a3931d22cb49a8b0038031bdabcff7 - - default default] Added segment e078ce34-a13d-48e3-82b0-cead2b2503dd of type geneve for network 91e73092-77cb-48ae-b9e3-384d24d0cff7
2026-04-14 06:53:06.227 7 INFO neutron_taas.services.taas.taas_plugin [None req-92af85f2-4e20-4d0a-bd31-001b200f58fe f674b67842c94e828fece218919476e9 b96be2e4be10479887aab265ac114ffd - - default default] TaaS: Handle Delete Port: e5d8fcdb-b6b4-4fb6-bd53-1c9f42758dc3
2026-04-14 06:53:06.227 8 INFO neutron.db.ovn_revision_numbers_db [None req-d633f66a-67fc-4d68-bbca-f1deed23fb63 57ae30a80b2244dd8bcf12b030d88137 09a3931d22cb49a8b0038031bdabcff7 - - default default] Successfully bumped revision number for resource 91e73092-77cb-48ae-b9e3-384d24d0cff7 (type: networks) to 1
2026-04-14 06:53:06.230 7 INFO neutron_taas.services.taas.tap_mirror_plugin [None req-92af85f2-4e20-4d0a-bd31-001b200f58fe f674b67842c94e828fece218919476e9 b96be2e4be10479887aab265ac114ffd - - default default] Tap Mirror: Handle Delete Port: e5d8fcdb-b6b4-4fb6-bd53-1c9f42758dc3 [pid: 7|app: 0|req: 1482/2790] 10.0.0.207 () {32 vars in 720 bytes} [Tue Apr 14 06:53:05 2026] DELETE /v2.0/ports/e5d8fcdb-b6b4-4fb6-bd53-1c9f42758dc3 => generated 0 bytes in 722 msecs (HTTP/1.1 204) 3 headers in 131 bytes (1 switches on core 0)
2026-04-14 06:53:06.431 8 WARNING neutron.scheduler.dhcp_agent_scheduler [None req-d633f66a-67fc-4d68-bbca-f1deed23fb63 57ae30a80b2244dd8bcf12b030d88137 09a3931d22cb49a8b0038031bdabcff7 - - default default] No more DHCP agents
2026-04-14 06:53:06.433 8 WARNING neutron.api.rpc.agentnotifiers.dhcp_rpc_agent_api [None req-d633f66a-67fc-4d68-bbca-f1deed23fb63 57ae30a80b2244dd8bcf12b030d88137 09a3931d22cb49a8b0038031bdabcff7 - - default default] Unable to schedule network 91e73092-77cb-48ae-b9e3-384d24d0cff7: no agents available; will retry on subsequent port and subnet creation events.
2026-04-14 06:53:06.501 8 INFO neutron.plugins.ml2.drivers.ovn.mech_driver.mech_driver [None req-83913482-30da-424f-9fd9-7e54cfb77746 - - - - - -] OVN reports status down for port: 294b2b28-8886-46e4-afed-40ab6fb01520
2026-04-14 06:53:06.561 7 INFO neutron_taas.services.taas.taas_plugin [None req-da9e3336-c42e-4100-9c53-601d5ee344c0 f674b67842c94e828fece218919476e9 b96be2e4be10479887aab265ac114ffd - - default default] TaaS: Handle Delete Port: 9251388a-5d2a-4c4c-9474-b467435a2b79
2026-04-14 06:53:06.564 7 INFO neutron_taas.services.taas.tap_mirror_plugin [None req-da9e3336-c42e-4100-9c53-601d5ee344c0 f674b67842c94e828fece218919476e9 b96be2e4be10479887aab265ac114ffd - - default default] Tap Mirror: Handle Delete Port: 9251388a-5d2a-4c4c-9474-b467435a2b79
2026-04-14 06:53:06.571 8 INFO neutron.db.ovn_revision_numbers_db [None req-d633f66a-67fc-4d68-bbca-f1deed23fb63 57ae30a80b2244dd8bcf12b030d88137 09a3931d22cb49a8b0038031bdabcff7 - - default default] Successfully bumped revision number for resource 294b2b28-8886-46e4-afed-40ab6fb01520 (type: ports) to 1 [pid: 8|app: 0|req: 1309/2791] 10.0.0.207 () {34 vars in 670 bytes} [Tue Apr 14 06:53:05 2026] POST /v2.0/networks => generated 638 bytes in 667 msecs (HTTP/1.1 201) 4 headers in 162 bytes (1 switches on core 0) [pid: 7|app: 0|req: 1483/2792] 10.0.0.207 () {32 vars in 720 bytes} [Tue Apr 14 06:53:06 2026] DELETE /v2.0/ports/9251388a-5d2a-4c4c-9474-b467435a2b79 => generated 0 bytes in 330 msecs (HTTP/1.1 204) 3 headers in 131 bytes (1 switches on core 0)
2026-04-14 06:53:06.841 7 INFO neutron_taas.services.taas.taas_plugin [None req-62be8237-1180-4608-9a93-30766787395f f674b67842c94e828fece218919476e9 b96be2e4be10479887aab265ac114ffd - - default default] TaaS: Handle Delete Port: 764a2879-fbc8-4c19-b77f-c125fdf824d3
2026-04-14 06:53:06.845 7 INFO neutron_taas.services.taas.tap_mirror_plugin [None req-62be8237-1180-4608-9a93-30766787395f f674b67842c94e828fece218919476e9 b96be2e4be10479887aab265ac114ffd - - default default] Tap Mirror: Handle Delete Port: 764a2879-fbc8-4c19-b77f-c125fdf824d3
2026-04-14 06:53:06.894 8 WARNING neutron.scheduler.dhcp_agent_scheduler [None req-ccd4f091-d180-4611-9f8c-6100e2ef0ed5 57ae30a80b2244dd8bcf12b030d88137 09a3931d22cb49a8b0038031bdabcff7 - - default default] No more DHCP agents
2026-04-14 06:53:06.895 8 WARNING neutron.api.rpc.agentnotifiers.dhcp_rpc_agent_api [None req-ccd4f091-d180-4611-9f8c-6100e2ef0ed5 57ae30a80b2244dd8bcf12b030d88137 09a3931d22cb49a8b0038031bdabcff7 - - default default] Unable to schedule network 91e73092-77cb-48ae-b9e3-384d24d0cff7: no agents available; will retry on subsequent port and subnet creation events. [pid: 7|app: 0|req: 1484/2793] 10.0.0.207 () {32 vars in 720 bytes} [Tue Apr 14 06:53:06 2026] DELETE /v2.0/ports/764a2879-fbc8-4c19-b77f-c125fdf824d3 => generated 0 bytes in 263 msecs (HTTP/1.1 204) 3 headers in 131 bytes (1 switches on core 0)
2026-04-14 06:53:07.089 7 INFO neutron_taas.services.taas.taas_plugin [None req-070cb206-a25f-4c2d-8b26-6fbeed6363b4 f674b67842c94e828fece218919476e9 b96be2e4be10479887aab265ac114ffd - - default default] TaaS: Handle Delete Port: d8008726-b331-45ab-ad59-9fa631cba563
2026-04-14 06:53:07.092 7 INFO neutron_taas.services.taas.tap_mirror_plugin [None req-070cb206-a25f-4c2d-8b26-6fbeed6363b4 f674b67842c94e828fece218919476e9 b96be2e4be10479887aab265ac114ffd - - default default] Tap Mirror: Handle Delete Port: d8008726-b331-45ab-ad59-9fa631cba563 [pid: 7|app: 0|req: 1485/2794] 10.0.0.207 () {32 vars in 720 bytes} [Tue Apr 14 06:53:06 2026] DELETE /v2.0/ports/d8008726-b331-45ab-ad59-9fa631cba563 => generated 0 bytes in 247 msecs (HTTP/1.1 204) 3 headers in 131 bytes (1 switches on core 0)
2026-04-14 06:53:07.385 7 INFO neutron_taas.services.taas.taas_plugin [None req-effe489c-d95d-45ec-b2c1-d28b99587c63 f674b67842c94e828fece218919476e9 b96be2e4be10479887aab265ac114ffd - - default default] TaaS: Handle Delete Port: 1dd2942a-ce3f-44b2-ad13-a59d6124bbe0
2026-04-14 06:53:07.387 7 INFO neutron_taas.services.taas.tap_mirror_plugin [None req-effe489c-d95d-45ec-b2c1-d28b99587c63 f674b67842c94e828fece218919476e9 b96be2e4be10479887aab265ac114ffd - - default default] Tap Mirror: Handle Delete Port: 1dd2942a-ce3f-44b2-ad13-a59d6124bbe0 [pid: 7|app: 0|req: 1486/2795] 10.0.0.207 () {32 vars in 720 bytes} [Tue Apr 14 06:53:07 2026] DELETE /v2.0/ports/1dd2942a-ce3f-44b2-ad13-a59d6124bbe0 => generated 0 bytes in 256 msecs (HTTP/1.1 204) 3 headers in 131 bytes (1 switches on core 0)
2026-04-14 06:53:07.626 7 INFO neutron_taas.services.taas.taas_plugin [None req-45628c3a-1392-4144-88b7-8a5a17da8e87 f674b67842c94e828fece218919476e9 b96be2e4be10479887aab265ac114ffd - - default default] TaaS: Handle Delete Port: efe8d8cb-a443-4de5-9903-e70ccb1960e0
2026-04-14 06:53:07.630 7 INFO neutron_taas.services.taas.tap_mirror_plugin [None req-45628c3a-1392-4144-88b7-8a5a17da8e87 f674b67842c94e828fece218919476e9 b96be2e4be10479887aab265ac114ffd - - default default] Tap Mirror: Handle Delete Port: efe8d8cb-a443-4de5-9903-e70ccb1960e0
2026-04-14 06:53:07.850 7 INFO neutron.services.segments.plugin [-] Segment 41925327-d363-4c9c-9568-6a8b1ff4d257 resource provider aggregate not found
2026-04-14 06:53:07.854 7 INFO neutron.services.segments.plugin [-] Segment 41925327-d363-4c9c-9568-6a8b1ff4d257 resource provider aggregate not found
2026-04-14 06:53:07.869 7 INFO neutron.services.segments.plugin [-] Segment 41925327-d363-4c9c-9568-6a8b1ff4d257 resource provider not found; error: Placement Client Error (4xx): {"errors": [{"status": 404, "title": "Not Found", "detail": "The resource could not be found.\n\n No resource provider with uuid 41925327-d363-4c9c-9568-6a8b1ff4d257 found for delete ", "request_id": "req-6bf6b762-07c9-4f56-9d0f-201ae0b2d497"}]}
2026-04-14 06:53:07.871 7 INFO neutron.services.segments.plugin [-] Segment 41925327-d363-4c9c-9568-6a8b1ff4d257 resource provider not found; error: Placement Client Error (4xx): {"errors": [{"status": 404, "title": "Not Found", "detail": "The resource could not be found.\n\n No resource provider with uuid 41925327-d363-4c9c-9568-6a8b1ff4d257 found for delete ", "request_id": "req-ba67c20d-251e-4842-b6fb-8daccf1d4e20"}]} [pid: 7|app: 0|req: 1487/2796] 10.0.0.207 () {32 vars in 726 bytes} [Tue Apr 14 06:53:07 2026] DELETE /v2.0/networks/04b3f7cf-41c9-4116-8ba8-e410eb01f3b0 => generated 0 bytes in 398 msecs (HTTP/1.1 204) 3 headers in 131 bytes (1 switches on core 0)
2026-04-14 06:53:08.011 7 INFO neutron_taas.services.taas.taas_plugin [None req-190eebf3-8c9a-417d-96bc-0f5b08ca001c f674b67842c94e828fece218919476e9 b96be2e4be10479887aab265ac114ffd - - default default] TaaS: Handle Delete Port: e58a517d-2dc8-4faa-8266-1b65cf25d8a1
2026-04-14 06:53:08.014 7 INFO neutron_taas.services.taas.tap_mirror_plugin [None req-190eebf3-8c9a-417d-96bc-0f5b08ca001c f674b67842c94e828fece218919476e9 b96be2e4be10479887aab265ac114ffd - - default default] Tap Mirror: Handle Delete Port: e58a517d-2dc8-4faa-8266-1b65cf25d8a1
2026-04-14 06:53:08.162 8 INFO neutron.db.ovn_revision_numbers_db [None req-925b08be-83e6-4095-9f95-45b47ddf3727 - - - - - -] Successfully bumped revision number for resource 294b2b28-8886-46e4-afed-40ab6fb01520 (type: ports) to 2
2026-04-14 06:53:08.201 8 INFO neutron.db.ovn_revision_numbers_db [None req-925b08be-83e6-4095-9f95-45b47ddf3727 - - - - - -] Successfully bumped revision number for resource 181cf63d-9586-4a4a-a7a5-eaba12ff7499 (type: subnets) to 0 [pid: 8|app: 0|req: 1310/2797] 10.0.0.207 () {34 vars in 669 bytes} [Tue Apr 14 06:53:06 2026] POST /v2.0/subnets => generated 654 bytes in 1578 msecs (HTTP/1.1 201) 4 headers in 162 bytes (1 switches on core 0) [pid: 7|app: 0|req: 1488/2798] 10.0.0.207 () {32 vars in 726 bytes} [Tue Apr 14 06:53:07 2026] DELETE /v2.0/networks/459d435a-1eb7-468f-8114-27085626bb76 => generated 0 bytes in 359 msecs (HTTP/1.1 204) 3 headers in 131 bytes (1 switches on core 0)
2026-04-14 06:53:08.389 7 INFO neutron_taas.services.taas.taas_plugin [None req-e37eff25-0f5a-4961-bb4d-501d67758083 f674b67842c94e828fece218919476e9 b96be2e4be10479887aab265ac114ffd - - default default] TaaS: Handle Delete Port: 6f3a93e6-3f92-4391-9645-37a63cc7c152
2026-04-14 06:53:08.392 7 INFO neutron_taas.services.taas.tap_mirror_plugin [None req-e37eff25-0f5a-4961-bb4d-501d67758083 f674b67842c94e828fece218919476e9 b96be2e4be10479887aab265ac114ffd - - default default] Tap Mirror: Handle Delete Port: 6f3a93e6-3f92-4391-9645-37a63cc7c152
2026-04-14 06:53:08.436 8 WARNING neutron.scheduler.dhcp_agent_scheduler [None req-5c8e2293-310a-4549-8536-b67243262418 57ae30a80b2244dd8bcf12b030d88137 09a3931d22cb49a8b0038031bdabcff7 - - default default] No more DHCP agents
2026-04-14 06:53:08.437 8 WARNING neutron.api.rpc.agentnotifiers.dhcp_rpc_agent_api [None req-5c8e2293-310a-4549-8536-b67243262418 57ae30a80b2244dd8bcf12b030d88137 09a3931d22cb49a8b0038031bdabcff7 - - default default] Unable to schedule network 91e73092-77cb-48ae-b9e3-384d24d0cff7: no agents available; will retry on subsequent port and subnet creation events.
2026-04-14 06:53:08.478 8 INFO neutron.db.ovn_revision_numbers_db [None req-5c8e2293-310a-4549-8536-b67243262418 57ae30a80b2244dd8bcf12b030d88137 09a3931d22cb49a8b0038031bdabcff7 - - default default] Successfully bumped revision number for resource 997c3722-fea7-4d3f-a4b2-5a7f756e9b6a (type: subnets) to 0 [pid: 8|app: 0|req: 1311/2799] 10.0.0.207 () {34 vars in 669 bytes} [Tue Apr 14 06:53:08 2026] POST /v2.0/subnets => generated 726 bytes in 291 msecs (HTTP/1.1 201) 4 headers in 162 bytes (1 switches on core 0)
2026-04-14 06:53:08.631 8 INFO neutron.db.segments_db [None req-0d0960ef-3ad2-4433-96dc-db10d67d4297 57ae30a80b2244dd8bcf12b030d88137 09a3931d22cb49a8b0038031bdabcff7 - - default default] Added segment 2b3ebe8a-abc3-4572-a73c-a79a0800f8a4 of type geneve for network 6e7268a7-6370-46d5-90ed-c98e946bf26d [pid: 7|app: 0|req: 1489/2800] 10.0.0.207 () {32 vars in 726 bytes} [Tue Apr 14 06:53:08 2026] DELETE /v2.0/networks/d54a868c-d606-4e88-ad51-bf8e55fab5a1 => generated 0 bytes in 369 msecs (HTTP/1.1 204) 3 headers in 131 bytes (1 switches on core 0)
2026-04-14 06:53:08.773 8 INFO neutron.db.ovn_revision_numbers_db [None req-0d0960ef-3ad2-4433-96dc-db10d67d4297 57ae30a80b2244dd8bcf12b030d88137 09a3931d22cb49a8b0038031bdabcff7 - - default default] Successfully bumped revision number for resource 6e7268a7-6370-46d5-90ed-c98e946bf26d (type: networks) to 1
2026-04-14 06:53:08.798 7 INFO neutron_taas.services.taas.taas_plugin [None req-1565ff57-5552-43d3-b1ac-c1bfcab6b82c f674b67842c94e828fece218919476e9 b96be2e4be10479887aab265ac114ffd - - default default] TaaS: Handle Delete Port: ba0a691a-b7ae-4790-83e0-7c9331c702ce
2026-04-14 06:53:08.801 7 INFO neutron_taas.services.taas.tap_mirror_plugin [None req-1565ff57-5552-43d3-b1ac-c1bfcab6b82c f674b67842c94e828fece218919476e9 b96be2e4be10479887aab265ac114ffd - - default default] Tap Mirror: Handle Delete Port: ba0a691a-b7ae-4790-83e0-7c9331c702ce
2026-04-14 06:53:08.973 8 WARNING neutron.scheduler.dhcp_agent_scheduler [None req-0d0960ef-3ad2-4433-96dc-db10d67d4297 57ae30a80b2244dd8bcf12b030d88137 09a3931d22cb49a8b0038031bdabcff7 - - default default] No more DHCP agents
2026-04-14 06:53:08.974 8 WARNING neutron.api.rpc.agentnotifiers.dhcp_rpc_agent_api [None req-0d0960ef-3ad2-4433-96dc-db10d67d4297 57ae30a80b2244dd8bcf12b030d88137 09a3931d22cb49a8b0038031bdabcff7 - - default default] Unable to schedule network 6e7268a7-6370-46d5-90ed-c98e946bf26d: no agents available; will retry on subsequent port and subnet creation events.
2026-04-14 06:53:09.042 8 INFO neutron.plugins.ml2.drivers.ovn.mech_driver.mech_driver [None req-83913482-30da-424f-9fd9-7e54cfb77746 - - - - - -] OVN reports status down for port: 7ae591d9-22b0-4eb6-96b0-4115032b7b5a [pid: 7|app: 0|req: 1490/2801] 10.0.0.207 () {32 vars in 726 bytes} [Tue Apr 14 06:53:08 2026] DELETE /v2.0/networks/3d182b89-d998-44b6-adad-dc7841943209 => generated 0 bytes in 444 msecs (HTTP/1.1 204) 3 headers in 131 bytes (1 switches on core 0)
2026-04-14 06:53:09.127 8 INFO neutron.db.ovn_revision_numbers_db [None req-0d0960ef-3ad2-4433-96dc-db10d67d4297 57ae30a80b2244dd8bcf12b030d88137 09a3931d22cb49a8b0038031bdabcff7 - - default default] Successfully bumped revision number for resource 7ae591d9-22b0-4eb6-96b0-4115032b7b5a (type: ports) to 1 [pid: 8|app: 0|req: 1312/2802] 10.0.0.207 () {34 vars in 670 bytes} [Tue Apr 14 06:53:08 2026] POST /v2.0/networks => generated 638 bytes in 663 msecs (HTTP/1.1 201) 4 headers in 162 bytes (1 switches on core 0)
2026-04-14 06:53:09.302 8 INFO neutron_taas.services.taas.taas_plugin [None req-5d21da4f-529e-4ab7-8846-df3218749288 f674b67842c94e828fece218919476e9 b96be2e4be10479887aab265ac114ffd - - default default] TaaS: Handle Delete Port: f7299bbb-4e2a-4c40-8ed9-ef1e3e1b6cfc
2026-04-14 06:53:09.305 8 INFO neutron_taas.services.taas.tap_mirror_plugin [None req-5d21da4f-529e-4ab7-8846-df3218749288 f674b67842c94e828fece218919476e9 b96be2e4be10479887aab265ac114ffd - - default default] Tap Mirror: Handle Delete Port: f7299bbb-4e2a-4c40-8ed9-ef1e3e1b6cfc
2026-04-14 06:53:09.423 7 INFO neutron.db.ovn_revision_numbers_db [None req-a634ee08-d5c0-4b8f-b7c4-c5c186c9e280 0c18ca1af3344d5f86c24af8757c7118 cb071be6da994d07976294ab4fb82958 - - default default] Successfully bumped revision number for resource a2604834-96f8-4e6b-adcf-858200a4b224 (type: security_groups) to 1
2026-04-14 06:53:09.439 7 INFO neutron.db.ovn_revision_numbers_db [None req-a634ee08-d5c0-4b8f-b7c4-c5c186c9e280 0c18ca1af3344d5f86c24af8757c7118 cb071be6da994d07976294ab4fb82958 - - default default] Successfully bumped revision number for resource 69e47c37-f052-436a-86f4-1f367a80cde8 (type: security_group_rules) to 0
2026-04-14 06:53:09.462 7 INFO neutron.db.ovn_revision_numbers_db [None req-a634ee08-d5c0-4b8f-b7c4-c5c186c9e280 0c18ca1af3344d5f86c24af8757c7118 cb071be6da994d07976294ab4fb82958 - - default default] Successfully bumped revision number for resource 6c85fa3b-42b9-41ca-9013-8810b2e5dfdb (type: security_group_rules) to 0
2026-04-14 06:53:09.484 7 INFO neutron.db.ovn_revision_numbers_db [None req-a634ee08-d5c0-4b8f-b7c4-c5c186c9e280 0c18ca1af3344d5f86c24af8757c7118 cb071be6da994d07976294ab4fb82958 - - default default] Successfully bumped revision number for resource 7e16aaa4-8fab-43f6-9de0-4c5f32c2d05e (type: security_group_rules) to 0
2026-04-14 06:53:09.500 7 INFO neutron.db.ovn_revision_numbers_db [None req-a634ee08-d5c0-4b8f-b7c4-c5c186c9e280 0c18ca1af3344d5f86c24af8757c7118 cb071be6da994d07976294ab4fb82958 - - default default] Successfully bumped revision number for resource ab01ee33-8742-4791-8570-a7b177568abb (type: security_group_rules) to 0
2026-04-14 06:53:09.568 8 INFO neutron.services.segments.plugin [-] Segment 91e25364-d27c-4a5a-a855-efff1a811548 resource provider aggregate not found
2026-04-14 06:53:09.574 8 INFO neutron.services.segments.plugin [-] Segment 91e25364-d27c-4a5a-a855-efff1a811548 resource provider aggregate not found
2026-04-14 06:53:09.576 7 INFO neutron.db.segments_db [None req-a634ee08-d5c0-4b8f-b7c4-c5c186c9e280 0c18ca1af3344d5f86c24af8757c7118 cb071be6da994d07976294ab4fb82958 - - default default] Added segment b9a64d8b-aaa1-47d9-b43c-9085eca124e0 of type geneve for network 63a5a307-91be-4b8c-9a52-b09742ae7c98
2026-04-14 06:53:09.591 8 INFO neutron.services.segments.plugin [-] Segment 91e25364-d27c-4a5a-a855-efff1a811548 resource provider not found; error: Placement Client Error (4xx): {"errors": [{"status": 404, "title": "Not Found", "detail": "The resource could not be found.\n\n No resource provider with uuid 91e25364-d27c-4a5a-a855-efff1a811548 found for delete ", "request_id": "req-b502f836-7a29-4608-938f-860ae3dca030"}]}
2026-04-14 06:53:09.593 8 INFO neutron.services.segments.plugin [-] Segment 91e25364-d27c-4a5a-a855-efff1a811548 resource provider not found; error: Placement Client Error (4xx): {"errors": [{"status": 404, "title": "Not Found", "detail": "The resource could not be found.\n\n No resource provider with uuid 91e25364-d27c-4a5a-a855-efff1a811548 found for delete ", "request_id": "req-083629c6-2ae2-419a-a3ac-5667837fe432"}]} [pid: 8|app: 0|req: 1313/2803] 10.0.0.207 () {32 vars in 726 bytes} [Tue Apr 14 06:53:09 2026] DELETE /v2.0/networks/86f834b3-e425-442c-8cf7-09201d0d524b => generated 0 bytes in 447 msecs (HTTP/1.1 204) 3 headers in 131 bytes (1 switches on core 0)
2026-04-14 06:53:09.743 7 INFO neutron.db.ovn_revision_numbers_db [None req-a634ee08-d5c0-4b8f-b7c4-c5c186c9e280 0c18ca1af3344d5f86c24af8757c7118 cb071be6da994d07976294ab4fb82958 - - default default] Successfully bumped revision number for resource 63a5a307-91be-4b8c-9a52-b09742ae7c98 (type: networks) to 1
2026-04-14 06:53:09.839 8 WARNING neutron.scheduler.dhcp_agent_scheduler [None req-7b719ad8-a177-49f8-b71e-4c42fa988102 57ae30a80b2244dd8bcf12b030d88137 09a3931d22cb49a8b0038031bdabcff7 - - default default] No more DHCP agents
2026-04-14 06:53:09.840 8 WARNING neutron.api.rpc.agentnotifiers.dhcp_rpc_agent_api [None req-7b719ad8-a177-49f8-b71e-4c42fa988102 57ae30a80b2244dd8bcf12b030d88137 09a3931d22cb49a8b0038031bdabcff7 - - default default] Unable to schedule network 6e7268a7-6370-46d5-90ed-c98e946bf26d: no agents available; will retry on subsequent port and subnet creation events.
2026-04-14 06:53:09.896 7 INFO neutron.services.segments.plugin [-] Segment 75fd0a8f-946b-435c-9c12-d773a22481df resource provider aggregate not found
2026-04-14 06:53:09.903 7 INFO neutron.services.segments.plugin [-] Segment 75fd0a8f-946b-435c-9c12-d773a22481df resource provider aggregate not found
2026-04-14 06:53:09.924 7 INFO neutron.services.segments.plugin [-] Segment 75fd0a8f-946b-435c-9c12-d773a22481df resource provider not found; error: Placement Client Error (4xx): {"errors": [{"status": 404, "title": "Not Found", "detail": "The resource could not be found.\n\n No resource provider with uuid 75fd0a8f-946b-435c-9c12-d773a22481df found for delete ", "request_id": "req-6d55daf5-a097-46ad-90f2-84d629f5a101"}]}
2026-04-14 06:53:09.929 7 INFO neutron.services.segments.plugin [-] Segment 75fd0a8f-946b-435c-9c12-d773a22481df resource provider not found; error: Placement Client Error (4xx): {"errors": [{"status": 404, "title": "Not Found", "detail": "The resource could not be found.\n\n No resource provider with uuid 75fd0a8f-946b-435c-9c12-d773a22481df found for delete ", "request_id": "req-99794762-f31b-4003-ad89-9141604c70af"}]}
