2026-04-21 18:26:07.396 8 INFO placement.requestlog [None req-468a1745-e28d-4759-96bb-647c91fb7c96 9533f1abee3d4204b230dcbb146e74d3 add0507eddba4b28b30396e8b24f66a3 - - cf6d446a21604b238ef095a71648b149 cf6d446a21604b238ef095a71648b149] 10.0.0.156 "DELETE /resource_providers/9bafea5b-ccc7-44ec-9318-76a911a72b2a" status: 404 len: 246 microversion: 1.1 [pid: 8|app: 0|req: 511/1026] 10.0.0.156 () {34 vars in 816 bytes} [Tue Apr 21 18:26:07 2026] DELETE /resource_providers/9bafea5b-ccc7-44ec-9318-76a911a72b2a => generated 246 bytes in 13 msecs (HTTP/1.1 404) 6 headers in 231 bytes (1 switches on core 0)
2026-04-21 18:26:07.397 7 INFO placement.requestlog [None req-fdddd8fc-f04d-4575-9a46-f09b813b5b8d 9533f1abee3d4204b230dcbb146e74d3 add0507eddba4b28b30396e8b24f66a3 - - cf6d446a21604b238ef095a71648b149 cf6d446a21604b238ef095a71648b149] 10.0.0.156 "DELETE /resource_providers/9bafea5b-ccc7-44ec-9318-76a911a72b2a" status: 404 len: 246 microversion: 1.1 [pid: 7|app: 0|req: 516/1027] 10.0.0.156 () {34 vars in 816 bytes} [Tue Apr 21 18:26:07 2026] DELETE /resource_providers/9bafea5b-ccc7-44ec-9318-76a911a72b2a => generated 246 bytes in 20 msecs (HTTP/1.1 404) 6 headers in 231 bytes (1 switches on core 0)
2026-04-21 18:26:10.281 8 INFO placement.requestlog [req-2d375d4b-ed83-40e1-a2df-848ba76f694c req-d6f18e53-52a1-44ac-aab6-1c3a11566165 1d46923a3a90455e8013533f921a9e03 add0507eddba4b28b30396e8b24f66a3 - - cf6d446a21604b238ef095a71648b149 cf6d446a21604b238ef095a71648b149] 199.204.45.153 "GET /resource_providers/bd03fd55-1e50-4039-a507-8d629286bac2/allocations" status: 200 len: 153 microversion: 1.0 [pid: 8|app: 0|req: 512/1028] 199.204.45.153 () {32 vars in 857 bytes} [Tue Apr 21 18:26:10 2026] GET /resource_providers/bd03fd55-1e50-4039-a507-8d629286bac2/allocations => generated 153 bytes in 18 msecs (HTTP/1.1 200) 6 headers in 224 bytes (1 switches on core 0)
2026-04-21 18:26:10.301 7 INFO placement.requestlog [req-2d375d4b-ed83-40e1-a2df-848ba76f694c req-277817e8-413b-437d-a348-66621b43d18e 1d46923a3a90455e8013533f921a9e03 add0507eddba4b28b30396e8b24f66a3 - - cf6d446a21604b238ef095a71648b149 cf6d446a21604b238ef095a71648b149] 199.204.45.153 "GET /allocations/af38b225-4cc6-4b5a-a24c-9624117a579a" status: 200 len: 258 microversion: 1.28 [pid: 7|app: 0|req: 517/1029] 199.204.45.153 () {34 vars in 863 bytes} [Tue Apr 21 18:26:10 2026] GET /allocations/af38b225-4cc6-4b5a-a24c-9624117a579a => generated 258 bytes in 11 msecs (HTTP/1.1 200) 8 headers in 296 bytes (1 switches on core 0)
2026-04-21 18:26:10.545 8 INFO placement.requestlog [None req-b48ec5c1-1e47-4f39-89c0-6428f5517793 9533f1abee3d4204b230dcbb146e74d3 add0507eddba4b28b30396e8b24f66a3 - - cf6d446a21604b238ef095a71648b149 cf6d446a21604b238ef095a71648b149] 10.0.0.156 "GET /resource_providers/a0ceba03-50b2-4022-9e38-4dbaeb230c66/aggregates" status: 404 len: 235 microversion: 1.1 [pid: 8|app: 0|req: 513/1030] 10.0.0.156 () {32 vars in 816 bytes} [Tue Apr 21 18:26:10 2026] GET /resource_providers/a0ceba03-50b2-4022-9e38-4dbaeb230c66/aggregates => generated 235 bytes in 11 msecs (HTTP/1.1 404) 5 headers in 202 bytes (1 switches on core 0)
2026-04-21 18:26:10.551 7 INFO placement.requestlog [None req-1840fb73-bcc5-43a2-8c8b-d59241a3d282 9533f1abee3d4204b230dcbb146e74d3 add0507eddba4b28b30396e8b24f66a3 - - cf6d446a21604b238ef095a71648b149 cf6d446a21604b238ef095a71648b149] 10.0.0.156 "GET /resource_providers/a0ceba03-50b2-4022-9e38-4dbaeb230c66/aggregates" status: 404 len: 235 microversion: 1.1 [pid: 7|app: 0|req: 518/1031] 10.0.0.156 () {32 vars in 816 bytes} [Tue Apr 21 18:26:10 2026] GET /resource_providers/a0ceba03-50b2-4022-9e38-4dbaeb230c66/aggregates => generated 235 bytes in 12 msecs (HTTP/1.1 404) 5 headers in 202 bytes (1 switches on core 0)
2026-04-21 18:26:10.572 7 INFO placement.requestlog [None req-6fe34b4f-2ea8-4347-919f-6d5d33afdb55 9533f1abee3d4204b230dcbb146e74d3 add0507eddba4b28b30396e8b24f66a3 - - cf6d446a21604b238ef095a71648b149 cf6d446a21604b238ef095a71648b149] 10.0.0.156 "DELETE /resource_providers/a0ceba03-50b2-4022-9e38-4dbaeb230c66" status: 404 len: 246 microversion: 1.1 [pid: 7|app: 0|req: 519/1032] 10.0.0.156 () {34 vars in 816 bytes} [Tue Apr 21 18:26:10 2026] DELETE /resource_providers/a0ceba03-50b2-4022-9e38-4dbaeb230c66 => generated 246 bytes in 11 msecs (HTTP/1.1 404) 6 headers in 231 bytes (1 switches on core 0)
2026-04-21 18:26:10.573 8 INFO placement.requestlog [None req-74acbbb4-6f3e-40f9-be85-ac8fadb2341c 9533f1abee3d4204b230dcbb146e74d3 add0507eddba4b28b30396e8b24f66a3 - - cf6d446a21604b238ef095a71648b149 cf6d446a21604b238ef095a71648b149] 10.0.0.156 "DELETE /resource_providers/a0ceba03-50b2-4022-9e38-4dbaeb230c66" status: 404 len: 246 microversion: 1.1 [pid: 8|app: 0|req: 514/1033] 10.0.0.156 () {34 vars in 816 bytes} [Tue Apr 21 18:26:10 2026] DELETE /resource_providers/a0ceba03-50b2-4022-9e38-4dbaeb230c66 => generated 246 bytes in 13 msecs (HTTP/1.1 404) 6 headers in 231 bytes (1 switches on core 0)
2026-04-21 18:26:11.353 7 INFO placement.requestlog [req-2d375d4b-ed83-40e1-a2df-848ba76f694c req-3ec9b59f-a78f-4457-8c1b-b9da72b1d17e 1d46923a3a90455e8013533f921a9e03 add0507eddba4b28b30396e8b24f66a3 - - cf6d446a21604b238ef095a71648b149 cf6d446a21604b238ef095a71648b149] 199.204.45.153 "DELETE /allocations/af38b225-4cc6-4b5a-a24c-9624117a579a" status: 204 len: 0 microversion: 1.0 [pid: 7|app: 0|req: 520/1034] 199.204.45.153 () {34 vars in 841 bytes} [Tue Apr 21 18:26:11 2026] DELETE /allocations/af38b225-4cc6-4b5a-a24c-9624117a579a => generated 0 bytes in 24 msecs (HTTP/1.1 204) 5 headers in 198 bytes (1 switches on core 0)
2026-04-21 18:26:13.340 8 INFO placement.requestlog [None req-abb31ea9-59a1-46ef-9dd6-6c494a92e069 9533f1abee3d4204b230dcbb146e74d3 add0507eddba4b28b30396e8b24f66a3 - - cf6d446a21604b238ef095a71648b149 cf6d446a21604b238ef095a71648b149] 10.0.0.156 "GET /resource_providers/66ccd57c-f7b1-48a2-8d29-93b8105acc17/aggregates" status: 404 len: 235 microversion: 1.1 [pid: 8|app: 0|req: 515/1035] 10.0.0.156 () {32 vars in 816 bytes} [Tue Apr 21 18:26:13 2026] GET /resource_providers/66ccd57c-f7b1-48a2-8d29-93b8105acc17/aggregates => generated 235 bytes in 9 msecs (HTTP/1.1 404) 5 headers in 202 bytes (1 switches on core 0)
2026-04-21 18:26:13.351 7 INFO placement.requestlog [None req-ef118723-4e46-45d7-bbf4-4a3976fc2be8 9533f1abee3d4204b230dcbb146e74d3 add0507eddba4b28b30396e8b24f66a3 - - cf6d446a21604b238ef095a71648b149 cf6d446a21604b238ef095a71648b149] 10.0.0.156 "GET /resource_providers/66ccd57c-f7b1-48a2-8d29-93b8105acc17/aggregates" status: 404 len: 235 microversion: 1.1 [pid: 7|app: 0|req: 521/1036] 10.0.0.156 () {32 vars in 816 bytes} [Tue Apr 21 18:26:13 2026] GET /resource_providers/66ccd57c-f7b1-48a2-8d29-93b8105acc17/aggregates => generated 235 bytes in 20 msecs (HTTP/1.1 404) 5 headers in 202 bytes (1 switches on core 0)
2026-04-21 18:26:13.355 8 INFO placement.requestlog [None req-ef03082f-6bd5-4f81-87a9-cc671263736d 9533f1abee3d4204b230dcbb146e74d3 add0507eddba4b28b30396e8b24f66a3 - - cf6d446a21604b238ef095a71648b149 cf6d446a21604b238ef095a71648b149] 10.0.0.156 "DELETE /resource_providers/66ccd57c-f7b1-48a2-8d29-93b8105acc17" status: 404 len: 246 microversion: 1.1 [pid: 8|app: 0|req: 516/1037] 10.0.0.156 () {34 vars in 816 bytes} [Tue Apr 21 18:26:13 2026] DELETE /resource_providers/66ccd57c-f7b1-48a2-8d29-93b8105acc17 => generated 246 bytes in 7 msecs (HTTP/1.1 404) 6 headers in 231 bytes (1 switches on core 0)
2026-04-21 18:26:13.386 7 INFO placement.requestlog [None req-f0702197-a068-44a7-8b8d-6403e0e2e2a5 9533f1abee3d4204b230dcbb146e74d3 add0507eddba4b28b30396e8b24f66a3 - - cf6d446a21604b238ef095a71648b149 cf6d446a21604b238ef095a71648b149] 10.0.0.156 "DELETE /resource_providers/66ccd57c-f7b1-48a2-8d29-93b8105acc17" status: 404 len: 246 microversion: 1.1 [pid: 7|app: 0|req: 522/1038] 10.0.0.156 () {34 vars in 816 bytes} [Tue Apr 21 18:26:13 2026] DELETE /resource_providers/66ccd57c-f7b1-48a2-8d29-93b8105acc17 => generated 246 bytes in 14 msecs (HTTP/1.1 404) 6 headers in 231 bytes (1 switches on core 0)
2026-04-21 18:26:14.051 7 INFO placement.requestlog [None req-c9bcbdce-c05e-478b-ad8b-f445d0e81848 - - - - - -] 10.0.0.95 "GET /" status: 200 len: 136 microversion: 1.0
2026-04-21 18:26:14.052 8 INFO placement.requestlog [None req-6d504028-b94a-4d2b-987d-e4af04744e85 - - - - - -] 10.0.0.95 "GET /" status: 200 len: 136 microversion: 1.0
2026-04-21 18:26:16.884 7 INFO placement.requestlog [None req-08aed8d4-8307-4b3a-9082-3c0ae8b61555 9533f1abee3d4204b230dcbb146e74d3 add0507eddba4b28b30396e8b24f66a3 - - cf6d446a21604b238ef095a71648b149 cf6d446a21604b238ef095a71648b149] 10.0.0.156 "GET /resource_providers/807cf14b-0555-4b96-a138-e5c819a7ea19/aggregates" status: 404 len: 235 microversion: 1.1 [pid: 7|app: 0|req: 524/1041] 10.0.0.156 () {32 vars in 816 bytes} [Tue Apr 21 18:26:16 2026] GET /resource_providers/807cf14b-0555-4b96-a138-e5c819a7ea19/aggregates => generated 235 bytes in 9 msecs (HTTP/1.1 404) 5 headers in 202 bytes (1 switches on core 0)
2026-04-21 18:26:16.887 8 INFO placement.requestlog [None req-9806b11f-4005-4338-8064-76ebbc3bafd8 9533f1abee3d4204b230dcbb146e74d3 add0507eddba4b28b30396e8b24f66a3 - - cf6d446a21604b238ef095a71648b149 cf6d446a21604b238ef095a71648b149] 10.0.0.156 "GET /resource_providers/807cf14b-0555-4b96-a138-e5c819a7ea19/aggregates" status: 404 len: 235 microversion: 1.1 [pid: 8|app: 0|req: 518/1042] 10.0.0.156 () {32 vars in 816 bytes} [Tue Apr 21 18:26:16 2026] GET /resource_providers/807cf14b-0555-4b96-a138-e5c819a7ea19/aggregates => generated 235 bytes in 11 msecs (HTTP/1.1 404) 5 headers in 202 bytes (1 switches on core 0)
2026-04-21 18:26:16.909 8 INFO placement.requestlog [None req-5bd58dfd-cfed-4926-987a-4d0eede61fd8 9533f1abee3d4204b230dcbb146e74d3 add0507eddba4b28b30396e8b24f66a3 - - cf6d446a21604b238ef095a71648b149 cf6d446a21604b238ef095a71648b149] 10.0.0.156 "DELETE /resource_providers/807cf14b-0555-4b96-a138-e5c819a7ea19" status: 404 len: 246 microversion: 1.1
2026-04-21 18:26:16.909 7 INFO placement.requestlog [None req-534ff4d5-1c17-4292-937f-fdfa80f048c3 9533f1abee3d4204b230dcbb146e74d3 add0507eddba4b28b30396e8b24f66a3 - - cf6d446a21604b238ef095a71648b149 cf6d446a21604b238ef095a71648b149] 10.0.0.156 "DELETE /resource_providers/807cf14b-0555-4b96-a138-e5c819a7ea19" status: 404 len: 246 microversion: 1.1 [pid: 8|app: 0|req: 519/1043] 10.0.0.156 () {34 vars in 816 bytes} [Tue Apr 21 18:26:16 2026] DELETE /resource_providers/807cf14b-0555-4b96-a138-e5c819a7ea19 => generated 246 bytes in 11 msecs (HTTP/1.1 404) 6 headers in 231 bytes (1 switches on core 0) [pid: 7|app: 0|req: 525/1044] 10.0.0.156 () {34 vars in 816 bytes} [Tue Apr 21 18:26:16 2026] DELETE /resource_providers/807cf14b-0555-4b96-a138-e5c819a7ea19 => generated 246 bytes in 11 msecs (HTTP/1.1 404) 6 headers in 231 bytes (1 switches on core 0)
2026-04-21 18:26:19.568 8 INFO placement.requestlog [None req-81826de7-880c-446a-b521-adbf4477ff1d 9533f1abee3d4204b230dcbb146e74d3 add0507eddba4b28b30396e8b24f66a3 - - cf6d446a21604b238ef095a71648b149 cf6d446a21604b238ef095a71648b149] 10.0.0.156 "GET /resource_providers/a6c6975d-34b8-4b7b-bc31-65ee6f3bafb4/aggregates" status: 404 len: 235 microversion: 1.1 [pid: 8|app: 0|req: 520/1045] 10.0.0.156 () {32 vars in 816 bytes} [Tue Apr 21 18:26:19 2026] GET /resource_providers/a6c6975d-34b8-4b7b-bc31-65ee6f3bafb4/aggregates => generated 235 bytes in 8 msecs (HTTP/1.1 404) 5 headers in 202 bytes (1 switches on core 0)
2026-04-21 18:26:19.574 7 INFO placement.requestlog [None req-d3c76f3d-b3f4-4572-8b76-5142ce01c6f7 9533f1abee3d4204b230dcbb146e74d3 add0507eddba4b28b30396e8b24f66a3 - - cf6d446a21604b238ef095a71648b149 cf6d446a21604b238ef095a71648b149] 10.0.0.156 "GET /resource_providers/a6c6975d-34b8-4b7b-bc31-65ee6f3bafb4/aggregates" status: 404 len: 235 microversion: 1.1 [pid: 7|app: 0|req: 526/1046] 10.0.0.156 () {32 vars in 816 bytes} [Tue Apr 21 18:26:19 2026] GET /resource_providers/a6c6975d-34b8-4b7b-bc31-65ee6f3bafb4/aggregates => generated 235 bytes in 15 msecs (HTTP/1.1 404) 5 headers in 202 bytes (1 switches on core 0)
2026-04-21 18:26:19.592 8 INFO placement.requestlog [None req-97bee283-53c3-481b-b586-5ac736579e74 9533f1abee3d4204b230dcbb146e74d3 add0507eddba4b28b30396e8b24f66a3 - - cf6d446a21604b238ef095a71648b149 cf6d446a21604b238ef095a71648b149] 10.0.0.156 "DELETE /resource_providers/a6c6975d-34b8-4b7b-bc31-65ee6f3bafb4" status: 404 len: 246 microversion: 1.1 [pid: 8|app: 0|req: 521/1047] 10.0.0.156 () {34 vars in 816 bytes} [Tue Apr 21 18:26:19 2026] DELETE /resource_providers/a6c6975d-34b8-4b7b-bc31-65ee6f3bafb4 => generated 246 bytes in 10 msecs (HTTP/1.1 404) 6 headers in 231 bytes (1 switches on core 0)
2026-04-21 18:26:19.599 7 INFO placement.requestlog [None req-52614fb1-659f-4c9e-a1ee-8968b9700eec 9533f1abee3d4204b230dcbb146e74d3 add0507eddba4b28b30396e8b24f66a3 - - cf6d446a21604b238ef095a71648b149 cf6d446a21604b238ef095a71648b149] 10.0.0.156 "DELETE /resource_providers/a6c6975d-34b8-4b7b-bc31-65ee6f3bafb4" status: 404 len: 246 microversion: 1.1 [pid: 7|app: 0|req: 527/1048] 10.0.0.156 () {34 vars in 816 bytes} [Tue Apr 21 18:26:19 2026] DELETE /resource_providers/a6c6975d-34b8-4b7b-bc31-65ee6f3bafb4 => generated 246 bytes in 11 msecs (HTTP/1.1 404) 6 headers in 231 bytes (1 switches on core 0)
2026-04-21 18:26:24.050 8 INFO placement.requestlog [None req-de50229a-1da0-4d8e-bebb-d25473421228 - - - - - -] 10.0.0.95 "GET /" status: 200 len: 136 microversion: 1.0
2026-04-21 18:26:24.050 7 INFO placement.requestlog [None req-97db8f34-3817-4bb9-8815-35c7bf917c70 - - - - - -] 10.0.0.95 "GET /" status: 200 len: 136 microversion: 1.0
2026-04-21 18:26:24.415 8 INFO placement.requestlog [None req-3b017130-3b13-4e4d-8c48-bc68118bb375 9533f1abee3d4204b230dcbb146e74d3 add0507eddba4b28b30396e8b24f66a3 - - cf6d446a21604b238ef095a71648b149 cf6d446a21604b238ef095a71648b149] 10.0.0.156 "GET /resource_providers/d6cfef58-6260-4246-9309-10afc13d25b3/aggregates" status: 404 len: 235 microversion: 1.1 [pid: 8|app: 0|req: 523/1051] 10.0.0.156 () {32 vars in 816 bytes} [Tue Apr 21 18:26:24 2026] GET /resource_providers/d6cfef58-6260-4246-9309-10afc13d25b3/aggregates => generated 235 bytes in 11 msecs (HTTP/1.1 404) 5 headers in 202 bytes (1 switches on core 0)
2026-04-21 18:26:24.422 7 INFO placement.requestlog [None req-5bfc7d5a-bc23-451d-a3bc-04392789cc92 9533f1abee3d4204b230dcbb146e74d3 add0507eddba4b28b30396e8b24f66a3 - - cf6d446a21604b238ef095a71648b149 cf6d446a21604b238ef095a71648b149] 10.0.0.156 "GET /resource_providers/d6cfef58-6260-4246-9309-10afc13d25b3/aggregates" status: 404 len: 235 microversion: 1.1 [pid: 7|app: 0|req: 529/1052] 10.0.0.156 () {32 vars in 816 bytes} [Tue Apr 21 18:26:24 2026] GET /resource_providers/d6cfef58-6260-4246-9309-10afc13d25b3/aggregates => generated 235 bytes in 8 msecs (HTTP/1.1 404) 5 headers in 202 bytes (1 switches on core 0)
2026-04-21 18:26:24.444 8 INFO placement.requestlog [None req-62df9e36-90c6-41ba-bd4a-7d0163581098 9533f1abee3d4204b230dcbb146e74d3 add0507eddba4b28b30396e8b24f66a3 - - cf6d446a21604b238ef095a71648b149 cf6d446a21604b238ef095a71648b149] 10.0.0.156 "DELETE /resource_providers/d6cfef58-6260-4246-9309-10afc13d25b3" status: 404 len: 246 microversion: 1.1 [pid: 8|app: 0|req: 524/1053] 10.0.0.156 () {34 vars in 816 bytes} [Tue Apr 21 18:26:24 2026] DELETE /resource_providers/d6cfef58-6260-4246-9309-10afc13d25b3 => generated 246 bytes in 13 msecs (HTTP/1.1 404) 6 headers in 231 bytes (1 switches on core 0)
2026-04-21 18:26:24.450 7 INFO placement.requestlog [None req-0c290b0e-c26d-4c5d-aa9e-c13c9309a93b 9533f1abee3d4204b230dcbb146e74d3 add0507eddba4b28b30396e8b24f66a3 - - cf6d446a21604b238ef095a71648b149 cf6d446a21604b238ef095a71648b149] 10.0.0.156 "DELETE /resource_providers/d6cfef58-6260-4246-9309-10afc13d25b3" status: 404 len: 246 microversion: 1.1 [pid: 7|app: 0|req: 530/1054] 10.0.0.156 () {34 vars in 816 bytes} [Tue Apr 21 18:26:24 2026] DELETE /resource_providers/d6cfef58-6260-4246-9309-10afc13d25b3 => generated 246 bytes in 9 msecs (HTTP/1.1 404) 6 headers in 231 bytes (1 switches on core 0)
2026-04-21 18:26:24.878 7 INFO placement.requestlog [None req-42f2c6c3-7440-411b-9d28-7534aaacccf8 9533f1abee3d4204b230dcbb146e74d3 add0507eddba4b28b30396e8b24f66a3 - - cf6d446a21604b238ef095a71648b149 cf6d446a21604b238ef095a71648b149] 10.0.0.156 "GET /resource_providers/03b58dec-0d6b-459d-b170-331c6777160d/aggregates" status: 404 len: 235 microversion: 1.1 [pid: 7|app: 0|req: 531/1055] 10.0.0.156 () {32 vars in 816 bytes} [Tue Apr 21 18:26:24 2026] GET /resource_providers/03b58dec-0d6b-459d-b170-331c6777160d/aggregates => generated 235 bytes in 11 msecs (HTTP/1.1 404) 5 headers in 202 bytes (1 switches on core 0)
2026-04-21 18:26:24.882 8 INFO placement.requestlog [None req-5719099a-a6d3-4efa-8959-c63a4a122593 9533f1abee3d4204b230dcbb146e74d3 add0507eddba4b28b30396e8b24f66a3 - - cf6d446a21604b238ef095a71648b149 cf6d446a21604b238ef095a71648b149] 10.0.0.156 "GET /resource_providers/03b58dec-0d6b-459d-b170-331c6777160d/aggregates" status: 404 len: 235 microversion: 1.1 [pid: 8|app: 0|req: 525/1056] 10.0.0.156 () {32 vars in 816 bytes} [Tue Apr 21 18:26:24 2026] GET /resource_providers/03b58dec-0d6b-459d-b170-331c6777160d/aggregates => generated 235 bytes in 16 msecs (HTTP/1.1 404) 5 headers in 202 bytes (1 switches on core 0)
2026-04-21 18:26:24.903 7 INFO placement.requestlog [None req-b1829aa0-5a82-457d-abbe-265190e6cc97 9533f1abee3d4204b230dcbb146e74d3 add0507eddba4b28b30396e8b24f66a3 - - cf6d446a21604b238ef095a71648b149 cf6d446a21604b238ef095a71648b149] 10.0.0.156 "DELETE /resource_providers/03b58dec-0d6b-459d-b170-331c6777160d" status: 404 len: 246 microversion: 1.1 [pid: 7|app: 0|req: 532/1057] 10.0.0.156 () {34 vars in 816 bytes} [Tue Apr 21 18:26:24 2026] DELETE /resource_providers/03b58dec-0d6b-459d-b170-331c6777160d => generated 246 bytes in 9 msecs (HTTP/1.1 404) 6 headers in 231 bytes (1 switches on core 0)
2026-04-21 18:26:24.912 8 INFO placement.requestlog [None req-b45f5ce0-ef10-45ec-92b2-9ed0306dd4b4 9533f1abee3d4204b230dcbb146e74d3 add0507eddba4b28b30396e8b24f66a3 - - cf6d446a21604b238ef095a71648b149 cf6d446a21604b238ef095a71648b149] 10.0.0.156 "DELETE /resource_providers/03b58dec-0d6b-459d-b170-331c6777160d" status: 404 len: 246 microversion: 1.1 [pid: 8|app: 0|req: 526/1058] 10.0.0.156 () {34 vars in 816 bytes} [Tue Apr 21 18:26:24 2026] DELETE /resource_providers/03b58dec-0d6b-459d-b170-331c6777160d => generated 246 bytes in 15 msecs (HTTP/1.1 404) 6 headers in 231 bytes (1 switches on core 0)
2026-04-21 18:26:26.474 8 INFO placement.requestlog [None req-06b2bdcd-477a-47cf-bf26-28463d0cbba2 9533f1abee3d4204b230dcbb146e74d3 add0507eddba4b28b30396e8b24f66a3 - - cf6d446a21604b238ef095a71648b149 cf6d446a21604b238ef095a71648b149] 10.0.0.156 "GET /resource_providers/01cbb35e-f798-427c-b520-2eb2aef68cfe/aggregates" status: 404 len: 235 microversion: 1.1 [pid: 8|app: 0|req: 527/1059] 10.0.0.156 () {32 vars in 816 bytes} [Tue Apr 21 18:26:26 2026] GET /resource_providers/01cbb35e-f798-427c-b520-2eb2aef68cfe/aggregates => generated 235 bytes in 15 msecs (HTTP/1.1 404) 5 headers in 202 bytes (1 switches on core 0)
2026-04-21 18:26:26.475 7 INFO placement.requestlog [None req-ad838650-7680-48d6-93d5-85cff940fd4a 9533f1abee3d4204b230dcbb146e74d3 add0507eddba4b28b30396e8b24f66a3 - - cf6d446a21604b238ef095a71648b149 cf6d446a21604b238ef095a71648b149] 10.0.0.156 "GET /resource_providers/01cbb35e-f798-427c-b520-2eb2aef68cfe/aggregates" status: 404 len: 235 microversion: 1.1 [pid: 7|app: 0|req: 533/1060] 10.0.0.156 () {32 vars in 816 bytes} [Tue Apr 21 18:26:26 2026] GET /resource_providers/01cbb35e-f798-427c-b520-2eb2aef68cfe/aggregates => generated 235 bytes in 23 msecs (HTTP/1.1 404) 5 headers in 202 bytes (1 switches on core 0)
2026-04-21 18:26:26.499 8 INFO placement.requestlog [None req-ce754d16-78e5-4460-92be-e5280f8ff5f1 9533f1abee3d4204b230dcbb146e74d3 add0507eddba4b28b30396e8b24f66a3 - - cf6d446a21604b238ef095a71648b149 cf6d446a21604b238ef095a71648b149] 10.0.0.156 "DELETE /resource_providers/01cbb35e-f798-427c-b520-2eb2aef68cfe" status: 404 len: 246 microversion: 1.1
2026-04-21 18:26:26.500 7 INFO placement.requestlog [None req-f7331c6d-b0c6-4e6d-abf7-7e7282dea7f3 9533f1abee3d4204b230dcbb146e74d3 add0507eddba4b28b30396e8b24f66a3 - - cf6d446a21604b238ef095a71648b149 cf6d446a21604b238ef095a71648b149] 10.0.0.156 "DELETE /resource_providers/01cbb35e-f798-427c-b520-2eb2aef68cfe" status: 404 len: 246 microversion: 1.1 [pid: 8|app: 0|req: 528/1061] 10.0.0.156 () {34 vars in 816 bytes} [Tue Apr 21 18:26:26 2026] DELETE /resource_providers/01cbb35e-f798-427c-b520-2eb2aef68cfe => generated 246 bytes in 12 msecs (HTTP/1.1 404) 6 headers in 231 bytes (1 switches on core 0) [pid: 7|app: 0|req: 534/1062] 10.0.0.156 () {34 vars in 816 bytes} [Tue Apr 21 18:26:26 2026] DELETE /resource_providers/01cbb35e-f798-427c-b520-2eb2aef68cfe => generated 246 bytes in 8 msecs (HTTP/1.1 404) 6 headers in 231 bytes (1 switches on core 0)
2026-04-21 18:26:29.134 7 INFO placement.requestlog [None req-0e195610-8deb-4537-abca-6c811f359484 9533f1abee3d4204b230dcbb146e74d3 add0507eddba4b28b30396e8b24f66a3 - - cf6d446a21604b238ef095a71648b149 cf6d446a21604b238ef095a71648b149] 10.0.0.156 "GET /resource_providers/b6cf204c-6e43-4901-9f4a-731d542c8d5b/aggregates" status: 404 len: 235 microversion: 1.1
2026-04-21 18:26:29.134 8 INFO placement.requestlog [None req-6dfbc207-0fdd-43d6-a5dd-629d45961d02 9533f1abee3d4204b230dcbb146e74d3 add0507eddba4b28b30396e8b24f66a3 - - cf6d446a21604b238ef095a71648b149 cf6d446a21604b238ef095a71648b149] 10.0.0.156 "GET /resource_providers/b6cf204c-6e43-4901-9f4a-731d542c8d5b/aggregates" status: 404 len: 235 microversion: 1.1 [pid: 7|app: 0|req: 535/1063] 10.0.0.156 () {32 vars in 816 bytes} [Tue Apr 21 18:26:29 2026] GET /resource_providers/b6cf204c-6e43-4901-9f4a-731d542c8d5b/aggregates => generated 235 bytes in 9 msecs (HTTP/1.1 404) 5 headers in 202 bytes (1 switches on core 0) [pid: 8|app: 0|req: 529/1064] 10.0.0.156 () {32 vars in 816 bytes} [Tue Apr 21 18:26:29 2026] GET /resource_providers/b6cf204c-6e43-4901-9f4a-731d542c8d5b/aggregates => generated 235 bytes in 10 msecs (HTTP/1.1 404) 5 headers in 202 bytes (1 switches on core 0)
2026-04-21 18:26:29.158 7 INFO placement.requestlog [None req-9129ff58-9db6-45d5-a4d9-1f1f68885574 9533f1abee3d4204b230dcbb146e74d3 add0507eddba4b28b30396e8b24f66a3 - - cf6d446a21604b238ef095a71648b149 cf6d446a21604b238ef095a71648b149] 10.0.0.156 "DELETE /resource_providers/b6cf204c-6e43-4901-9f4a-731d542c8d5b" status: 404 len: 246 microversion: 1.1 [pid: 7|app: 0|req: 536/1065] 10.0.0.156 () {34 vars in 816 bytes} [Tue Apr 21 18:26:29 2026] DELETE /resource_providers/b6cf204c-6e43-4901-9f4a-731d542c8d5b => generated 246 bytes in 10 msecs (HTTP/1.1 404) 6 headers in 231 bytes (1 switches on core 0)
2026-04-21 18:26:29.160 8 INFO placement.requestlog [None req-46bd6d16-caa4-4fe6-a58b-28eea2c290de 9533f1abee3d4204b230dcbb146e74d3 add0507eddba4b28b30396e8b24f66a3 - - cf6d446a21604b238ef095a71648b149 cf6d446a21604b238ef095a71648b149] 10.0.0.156 "DELETE /resource_providers/b6cf204c-6e43-4901-9f4a-731d542c8d5b" status: 404 len: 246 microversion: 1.1 [pid: 8|app: 0|req: 530/1066] 10.0.0.156 () {34 vars in 816 bytes} [Tue Apr 21 18:26:29 2026] DELETE /resource_providers/b6cf204c-6e43-4901-9f4a-731d542c8d5b => generated 246 bytes in 12 msecs (HTTP/1.1 404) 6 headers in 231 bytes (1 switches on core 0)
2026-04-21 18:26:34.051 7 INFO placement.requestlog [None req-a2f0883a-e127-4bfc-bd27-023a7489dd43 - - - - - -] 10.0.0.95 "GET /" status: 200 len: 136 microversion: 1.0
2026-04-21 18:26:34.053 8 INFO placement.requestlog [None req-fe777554-50c2-4822-93de-534453ac24b6 - - - - - -] 10.0.0.95 "GET /" status: 200 len: 136 microversion: 1.0
2026-04-21 18:26:34.965 7 INFO placement.requestlog [None req-587de71b-aa26-4c2a-822b-1fc5a3f718b0 9533f1abee3d4204b230dcbb146e74d3 add0507eddba4b28b30396e8b24f66a3 - - cf6d446a21604b238ef095a71648b149 cf6d446a21604b238ef095a71648b149] 10.0.0.156 "GET /resource_providers/52c138d1-3330-44bc-a939-558005aff8c9/aggregates" status: 404 len: 235 microversion: 1.1 [pid: 7|app: 0|req: 538/1069] 10.0.0.156 () {32 vars in 816 bytes} [Tue Apr 21 18:26:34 2026] GET /resource_providers/52c138d1-3330-44bc-a939-558005aff8c9/aggregates => generated 235 bytes in 9 msecs (HTTP/1.1 404) 5 headers in 202 bytes (1 switches on core 0)
2026-04-21 18:26:34.974 8 INFO placement.requestlog [None req-21427728-6a5c-4644-ba37-b48d1b3eac5b 9533f1abee3d4204b230dcbb146e74d3 add0507eddba4b28b30396e8b24f66a3 - - cf6d446a21604b238ef095a71648b149 cf6d446a21604b238ef095a71648b149] 10.0.0.156 "GET /resource_providers/52c138d1-3330-44bc-a939-558005aff8c9/aggregates" status: 404 len: 235 microversion: 1.1 [pid: 8|app: 0|req: 532/1070] 10.0.0.156 () {32 vars in 816 bytes} [Tue Apr 21 18:26:34 2026] GET /resource_providers/52c138d1-3330-44bc-a939-558005aff8c9/aggregates => generated 235 bytes in 16 msecs (HTTP/1.1 404) 5 headers in 202 bytes (1 switches on core 0)
2026-04-21 18:26:34.993 7 INFO placement.requestlog [None req-3f3dfb81-aadc-46db-bad9-3402d0fc09ac 9533f1abee3d4204b230dcbb146e74d3 add0507eddba4b28b30396e8b24f66a3 - - cf6d446a21604b238ef095a71648b149 cf6d446a21604b238ef095a71648b149] 10.0.0.156 "DELETE /resource_providers/52c138d1-3330-44bc-a939-558005aff8c9" status: 404 len: 246 microversion: 1.1 [pid: 7|app: 0|req: 539/1071] 10.0.0.156 () {34 vars in 816 bytes} [Tue Apr 21 18:26:34 2026] DELETE /resource_providers/52c138d1-3330-44bc-a939-558005aff8c9 => generated 246 bytes in 17 msecs (HTTP/1.1 404) 6 headers in 231 bytes (1 switches on core 0)
2026-04-21 18:26:34.998 8 INFO placement.requestlog [None req-6c03c38b-b528-4ef4-a5d4-860d34946aa2 9533f1abee3d4204b230dcbb146e74d3 add0507eddba4b28b30396e8b24f66a3 - - cf6d446a21604b238ef095a71648b149 cf6d446a21604b238ef095a71648b149] 10.0.0.156 "DELETE /resource_providers/52c138d1-3330-44bc-a939-558005aff8c9" status: 404 len: 246 microversion: 1.1 [pid: 8|app: 0|req: 533/1072] 10.0.0.156 () {34 vars in 816 bytes} [Tue Apr 21 18:26:34 2026] DELETE /resource_providers/52c138d1-3330-44bc-a939-558005aff8c9 => generated 246 bytes in 13 msecs (HTTP/1.1 404) 6 headers in 231 bytes (1 switches on core 0)
2026-04-21 18:26:35.294 8 INFO placement.requestlog [None req-4657ba01-6f8b-4118-9abc-fd43a99d42e4 9533f1abee3d4204b230dcbb146e74d3 add0507eddba4b28b30396e8b24f66a3 - - cf6d446a21604b238ef095a71648b149 cf6d446a21604b238ef095a71648b149] 10.0.0.156 "GET /resource_providers/e2764ca4-defa-4f77-8a54-21f90333928e/aggregates" status: 404 len: 235 microversion: 1.1 [pid: 8|app: 0|req: 534/1073] 10.0.0.156 () {32 vars in 816 bytes} [Tue Apr 21 18:26:35 2026] GET /resource_providers/e2764ca4-defa-4f77-8a54-21f90333928e/aggregates => generated 235 bytes in 8 msecs (HTTP/1.1 404) 5 headers in 202 bytes (1 switches on core 0)
2026-04-21 18:26:35.296 7 INFO placement.requestlog [None req-9aba9220-1c00-47a8-901a-a13068f822f3 9533f1abee3d4204b230dcbb146e74d3 add0507eddba4b28b30396e8b24f66a3 - - cf6d446a21604b238ef095a71648b149 cf6d446a21604b238ef095a71648b149] 10.0.0.156 "GET /resource_providers/e2764ca4-defa-4f77-8a54-21f90333928e/aggregates" status: 404 len: 235 microversion: 1.1 [pid: 7|app: 0|req: 540/1074] 10.0.0.156 () {32 vars in 816 bytes} [Tue Apr 21 18:26:35 2026] GET /resource_providers/e2764ca4-defa-4f77-8a54-21f90333928e/aggregates => generated 235 bytes in 11 msecs (HTTP/1.1 404) 5 headers in 202 bytes (1 switches on core 0)
2026-04-21 18:26:35.318 8 INFO placement.requestlog [None req-4308c509-5ac8-4c37-bb12-423fa98d3ec6 9533f1abee3d4204b230dcbb146e74d3 add0507eddba4b28b30396e8b24f66a3 - - cf6d446a21604b238ef095a71648b149 cf6d446a21604b238ef095a71648b149] 10.0.0.156 "DELETE /resource_providers/e2764ca4-defa-4f77-8a54-21f90333928e" status: 404 len: 246 microversion: 1.1 [pid: 8|app: 0|req: 535/1075] 10.0.0.156 () {34 vars in 816 bytes} [Tue Apr 21 18:26:35 2026] DELETE /resource_providers/e2764ca4-defa-4f77-8a54-21f90333928e => generated 246 bytes in 8 msecs (HTTP/1.1 404) 6 headers in 231 bytes (1 switches on core 0)
2026-04-21 18:26:35.327 7 INFO placement.requestlog [None req-cd4f433d-ef7f-4cac-ad50-2756a864cff8 9533f1abee3d4204b230dcbb146e74d3 add0507eddba4b28b30396e8b24f66a3 - - cf6d446a21604b238ef095a71648b149 cf6d446a21604b238ef095a71648b149] 10.0.0.156 "DELETE /resource_providers/e2764ca4-defa-4f77-8a54-21f90333928e" status: 404 len: 246 microversion: 1.1 [pid: 7|app: 0|req: 541/1076] 10.0.0.156 () {34 vars in 816 bytes} [Tue Apr 21 18:26:35 2026] DELETE /resource_providers/e2764ca4-defa-4f77-8a54-21f90333928e => generated 246 bytes in 9 msecs (HTTP/1.1 404) 6 headers in 231 bytes (1 switches on core 0)
2026-04-21 18:26:37.011 8 INFO placement.requestlog [None req-2967ffbd-c49f-44d9-87c7-4267400e5cd9 9533f1abee3d4204b230dcbb146e74d3 add0507eddba4b28b30396e8b24f66a3 - - cf6d446a21604b238ef095a71648b149 cf6d446a21604b238ef095a71648b149] 10.0.0.156 "GET /resource_providers/29943cbf-75e5-4fea-bd1f-df4d09383a24/aggregates" status: 404 len: 235 microversion: 1.1 [pid: 8|app: 0|req: 536/1077] 10.0.0.156 () {32 vars in 816 bytes} [Tue Apr 21 18:26:37 2026] GET /resource_providers/29943cbf-75e5-4fea-bd1f-df4d09383a24/aggregates => generated 235 bytes in 9 msecs (HTTP/1.1 404) 5 headers in 202 bytes (1 switches on core 0)
2026-04-21 18:26:37.025 8 INFO placement.requestlog [None req-a2255b53-17db-463f-9093-9741ee7bc7c9 9533f1abee3d4204b230dcbb146e74d3 add0507eddba4b28b30396e8b24f66a3 - - cf6d446a21604b238ef095a71648b149 cf6d446a21604b238ef095a71648b149] 10.0.0.156 "DELETE /resource_providers/29943cbf-75e5-4fea-bd1f-df4d09383a24" status: 404 len: 246 microversion: 1.1 [pid: 8|app: 0|req: 537/1078] 10.0.0.156 () {34 vars in 816 bytes} [Tue Apr 21 18:26:37 2026] DELETE /resource_providers/29943cbf-75e5-4fea-bd1f-df4d09383a24 => generated 246 bytes in 7 msecs (HTTP/1.1 404) 6 headers in 231 bytes (1 switches on core 0)
2026-04-21 18:26:37.026 7 INFO placement.requestlog [None req-ca5d4756-61f0-471a-bd9f-9c57eca3663d 9533f1abee3d4204b230dcbb146e74d3 add0507eddba4b28b30396e8b24f66a3 - - cf6d446a21604b238ef095a71648b149 cf6d446a21604b238ef095a71648b149] 10.0.0.156 "GET /resource_providers/29943cbf-75e5-4fea-bd1f-df4d09383a24/aggregates" status: 404 len: 235 microversion: 1.1 [pid: 7|app: 0|req: 542/1079] 10.0.0.156 () {32 vars in 816 bytes} [Tue Apr 21 18:26:37 2026] GET /resource_providers/29943cbf-75e5-4fea-bd1f-df4d09383a24/aggregates => generated 235 bytes in 15 msecs (HTTP/1.1 404) 5 headers in 202 bytes (1 switches on core 0)
2026-04-21 18:26:37.042 8 INFO placement.requestlog [None req-48e9870c-dab8-41ca-8c0b-da532704574e 9533f1abee3d4204b230dcbb146e74d3 add0507eddba4b28b30396e8b24f66a3 - - cf6d446a21604b238ef095a71648b149 cf6d446a21604b238ef095a71648b149] 10.0.0.156 "GET /resource_providers/f0d48cd1-097d-49f4-81dd-c02085fded17/aggregates" status: 404 len: 235 microversion: 1.1 [pid: 8|app: 0|req: 538/1080] 10.0.0.156 () {32 vars in 816 bytes} [Tue Apr 21 18:26:37 2026] GET /resource_providers/f0d48cd1-097d-49f4-81dd-c02085fded17/aggregates => generated 235 bytes in 8 msecs (HTTP/1.1 404) 5 headers in 202 bytes (1 switches on core 0)
2026-04-21 18:26:37.046 7 INFO placement.requestlog [None req-81b99646-22c6-4f1c-a3af-dd14787d8872 9533f1abee3d4204b230dcbb146e74d3 add0507eddba4b28b30396e8b24f66a3 - - cf6d446a21604b238ef095a71648b149 cf6d446a21604b238ef095a71648b149] 10.0.0.156 "DELETE /resource_providers/29943cbf-75e5-4fea-bd1f-df4d09383a24" status: 404 len: 246 microversion: 1.1 [pid: 7|app: 0|req: 543/1081] 10.0.0.156 () {34 vars in 816 bytes} [Tue Apr 21 18:26:37 2026] DELETE /resource_providers/29943cbf-75e5-4fea-bd1f-df4d09383a24 => generated 246 bytes in 10 msecs (HTTP/1.1 404) 6 headers in 231 bytes (1 switches on core 0)
2026-04-21 18:26:37.058 8 INFO placement.requestlog [None req-db824bd0-08ee-4b23-b18d-14d0748872a3 9533f1abee3d4204b230dcbb146e74d3 add0507eddba4b28b30396e8b24f66a3 - - cf6d446a21604b238ef095a71648b149 cf6d446a21604b238ef095a71648b149] 10.0.0.156 "DELETE /resource_providers/f0d48cd1-097d-49f4-81dd-c02085fded17" status: 404 len: 246 microversion: 1.1 [pid: 8|app: 0|req: 539/1082] 10.0.0.156 () {34 vars in 816 bytes} [Tue Apr 21 18:26:37 2026] DELETE /resource_providers/f0d48cd1-097d-49f4-81dd-c02085fded17 => generated 246 bytes in 8 msecs (HTTP/1.1 404) 6 headers in 231 bytes (1 switches on core 0)
2026-04-21 18:26:37.061 7 INFO placement.requestlog [None req-3e138259-9d90-426d-bb92-43c8499ef3cc 9533f1abee3d4204b230dcbb146e74d3 add0507eddba4b28b30396e8b24f66a3 - - cf6d446a21604b238ef095a71648b149 cf6d446a21604b238ef095a71648b149] 10.0.0.156 "GET /resource_providers/f0d48cd1-097d-49f4-81dd-c02085fded17/aggregates" status: 404 len: 235 microversion: 1.1 [pid: 7|app: 0|req: 544/1083] 10.0.0.156 () {32 vars in 816 bytes} [Tue Apr 21 18:26:37 2026] GET /resource_providers/f0d48cd1-097d-49f4-81dd-c02085fded17/aggregates => generated 235 bytes in 10 msecs (HTTP/1.1 404) 5 headers in 202 bytes (1 switches on core 0)
2026-04-21 18:26:37.080 8 INFO placement.requestlog [None req-83befb5c-6d07-4ddf-b9d6-c4bc10ad296a 9533f1abee3d4204b230dcbb146e74d3 add0507eddba4b28b30396e8b24f66a3 - - cf6d446a21604b238ef095a71648b149 cf6d446a21604b238ef095a71648b149] 10.0.0.156 "DELETE /resource_providers/f0d48cd1-097d-49f4-81dd-c02085fded17" status: 404 len: 246 microversion: 1.1 [pid: 8|app: 0|req: 540/1084] 10.0.0.156 () {34 vars in 816 bytes} [Tue Apr 21 18:26:37 2026] DELETE /resource_providers/f0d48cd1-097d-49f4-81dd-c02085fded17 => generated 246 bytes in 10 msecs (HTTP/1.1 404) 6 headers in 231 bytes (1 switches on core 0)
2026-04-21 18:26:37.339 7 INFO placement.requestlog [None req-94268edb-15b1-4b72-9f8e-c867fd52846e 9533f1abee3d4204b230dcbb146e74d3 add0507eddba4b28b30396e8b24f66a3 - - cf6d446a21604b238ef095a71648b149 cf6d446a21604b238ef095a71648b149] 10.0.0.156 "GET /resource_providers/185e1388-21c3-4f98-a50c-cd61df7b977b/aggregates" status: 404 len: 235 microversion: 1.1 [pid: 7|app: 0|req: 545/1085] 10.0.0.156 () {32 vars in 816 bytes} [Tue Apr 21 18:26:37 2026] GET /resource_providers/185e1388-21c3-4f98-a50c-cd61df7b977b/aggregates => generated 235 bytes in 13 msecs (HTTP/1.1 404) 5 headers in 202 bytes (1 switches on core 0)
2026-04-21 18:26:37.346 8 INFO placement.requestlog [None req-d43a9ccf-28a5-4dff-a5da-ae82ce97a80c 9533f1abee3d4204b230dcbb146e74d3 add0507eddba4b28b30396e8b24f66a3 - - cf6d446a21604b238ef095a71648b149 cf6d446a21604b238ef095a71648b149] 10.0.0.156 "GET /resource_providers/185e1388-21c3-4f98-a50c-cd61df7b977b/aggregates" status: 404 len: 235 microversion: 1.1 [pid: 8|app: 0|req: 541/1086] 10.0.0.156 () {32 vars in 816 bytes} [Tue Apr 21 18:26:37 2026] GET /resource_providers/185e1388-21c3-4f98-a50c-cd61df7b977b/aggregates => generated 235 bytes in 11 msecs (HTTP/1.1 404) 5 headers in 202 bytes (1 switches on core 0)
2026-04-21 18:26:37.363 7 INFO placement.requestlog [None req-3e56cc0f-ee6c-409c-b68c-e7a08b4c4a78 9533f1abee3d4204b230dcbb146e74d3 add0507eddba4b28b30396e8b24f66a3 - - cf6d446a21604b238ef095a71648b149 cf6d446a21604b238ef095a71648b149] 10.0.0.156 "DELETE /resource_providers/185e1388-21c3-4f98-a50c-cd61df7b977b" status: 404 len: 246 microversion: 1.1 [pid: 7|app: 0|req: 546/1087] 10.0.0.156 () {34 vars in 816 bytes} [Tue Apr 21 18:26:37 2026] DELETE /resource_providers/185e1388-21c3-4f98-a50c-cd61df7b977b => generated 246 bytes in 12 msecs (HTTP/1.1 404) 6 headers in 231 bytes (1 switches on core 0)
2026-04-21 18:26:37.364 8 INFO placement.requestlog [None req-01eb47b4-2316-49e8-ae61-67d306410f17 9533f1abee3d4204b230dcbb146e74d3 add0507eddba4b28b30396e8b24f66a3 - - cf6d446a21604b238ef095a71648b149 cf6d446a21604b238ef095a71648b149] 10.0.0.156 "DELETE /resource_providers/185e1388-21c3-4f98-a50c-cd61df7b977b" status: 404 len: 246 microversion: 1.1 [pid: 8|app: 0|req: 542/1088] 10.0.0.156 () {34 vars in 816 bytes} [Tue Apr 21 18:26:37 2026] DELETE /resource_providers/185e1388-21c3-4f98-a50c-cd61df7b977b => generated 246 bytes in 11 msecs (HTTP/1.1 404) 6 headers in 231 bytes (1 switches on core 0)
2026-04-21 18:26:44.052 8 INFO placement.requestlog [None req-99332737-0579-41b8-8587-9375a0cba113 - - - - - -] 10.0.0.95 "GET /" status: 200 len: 136 microversion: 1.0
2026-04-21 18:26:44.052 7 INFO placement.requestlog [None req-e33d12a0-9970-4558-bc7c-5bdbb56ff1f1 - - - - - -] 10.0.0.95 "GET /" status: 200 len: 136 microversion: 1.0
2026-04-21 18:26:49.852 8 INFO placement.requestlog [req-d8473e1e-51d6-4b58-8422-63d139fbf244 req-671f285a-f74d-48cd-912d-1d747cf581b2 1d46923a3a90455e8013533f921a9e03 add0507eddba4b28b30396e8b24f66a3 - - cf6d446a21604b238ef095a71648b149 cf6d446a21604b238ef095a71648b149] 199.204.45.153 "GET /resource_providers/bd03fd55-1e50-4039-a507-8d629286bac2/allocations" status: 200 len: 55 microversion: 1.0 [pid: 8|app: 0|req: 544/1091] 199.204.45.153 () {32 vars in 857 bytes} [Tue Apr 21 18:26:49 2026] GET /resource_providers/bd03fd55-1e50-4039-a507-8d629286bac2/allocations => generated 55 bytes in 13 msecs (HTTP/1.1 200) 6 headers in 223 bytes (1 switches on core 0)
2026-04-21 18:26:49.887 7 INFO placement.requestlog [req-d8473e1e-51d6-4b58-8422-63d139fbf244 req-27a45a9a-c150-43ca-bebc-69d06018bf56 1d46923a3a90455e8013533f921a9e03 add0507eddba4b28b30396e8b24f66a3 - - cf6d446a21604b238ef095a71648b149 cf6d446a21604b238ef095a71648b149] 199.204.45.153 "GET /resource_providers/bd03fd55-1e50-4039-a507-8d629286bac2/allocations" status: 200 len: 55 microversion: 1.0 [pid: 7|app: 0|req: 548/1092] 199.204.45.153 () {32 vars in 857 bytes} [Tue Apr 21 18:26:49 2026] GET /resource_providers/bd03fd55-1e50-4039-a507-8d629286bac2/allocations => generated 55 bytes in 17 msecs (HTTP/1.1 200) 6 headers in 223 bytes (1 switches on core 0)
2026-04-21 18:26:54.050 7 INFO placement.requestlog [None req-11b989e2-34ad-491d-9f96-197c974244f8 - - - - - -] 10.0.0.95 "GET /" status: 200 len: 136 microversion: 1.0
2026-04-21 18:26:54.051 8 INFO placement.requestlog [None req-f02b0e3e-6564-4e65-98c6-31b1e036f3a5 - - - - - -] 10.0.0.95 "GET /" status: 200 len: 136 microversion: 1.0
2026-04-21 18:26:59.713 7 INFO placement.requestlog [req-6b573f02-3fa8-4761-81a3-8017abe873e9 req-fcf63d42-ab9c-4ee6-99e5-61fadd77413d 1d46923a3a90455e8013533f921a9e03 add0507eddba4b28b30396e8b24f66a3 - - cf6d446a21604b238ef095a71648b149 cf6d446a21604b238ef095a71648b149] 10.0.0.134 "GET /allocation_candidates?limit=1000&resources=DISK_GB%3A1%2CMEMORY_MB%3A512%2CVCPU%3A1&root_required=%21COMPUTE_STATUS_DISABLED" status: 200 len: 2781 microversion: 1.36 [pid: 7|app: 0|req: 550/1095] 10.0.0.134 () {34 vars in 1012 bytes} [Tue Apr 21 18:26:59 2026] GET /allocation_candidates?limit=1000&resources=DISK_GB%3A1%2CMEMORY_MB%3A512%2CVCPU%3A1&root_required=%21COMPUTE_STATUS_DISABLED => generated 2781 bytes in 135 msecs (HTTP/1.1 200) 8 headers in 297 bytes (1 switches on core 0)
2026-04-21 18:26:59.742 8 INFO placement.requestlog [req-6b573f02-3fa8-4761-81a3-8017abe873e9 req-be0d8f8c-74fe-4956-9015-a26684a80d64 1d46923a3a90455e8013533f921a9e03 add0507eddba4b28b30396e8b24f66a3 - - cf6d446a21604b238ef095a71648b149 cf6d446a21604b238ef095a71648b149] 10.0.0.134 "GET /allocations/1eef906a-114c-4fad-aaac-b687fcca4506" status: 200 len: 19 microversion: 1.28 [pid: 8|app: 0|req: 546/1096] 10.0.0.134 () {34 vars in 861 bytes} [Tue Apr 21 18:26:59 2026] GET /allocations/1eef906a-114c-4fad-aaac-b687fcca4506 => generated 19 bytes in 8 msecs (HTTP/1.1 200) 8 headers in 295 bytes (1 switches on core 0)
2026-04-21 18:26:59.804 7 INFO placement.requestlog [req-6b573f02-3fa8-4761-81a3-8017abe873e9 req-2c19fb5b-e315-48b5-b4c2-5806762009d9 1d46923a3a90455e8013533f921a9e03 add0507eddba4b28b30396e8b24f66a3 - - cf6d446a21604b238ef095a71648b149 cf6d446a21604b238ef095a71648b149] 10.0.0.134 "PUT /allocations/1eef906a-114c-4fad-aaac-b687fcca4506" status: 204 len: 0 microversion: 1.36 [pid: 7|app: 0|req: 551/1097] 10.0.0.134 () {38 vars in 914 bytes} [Tue Apr 21 18:26:59 2026] PUT /allocations/1eef906a-114c-4fad-aaac-b687fcca4506 => generated 0 bytes in 57 msecs (HTTP/1.1 204) 5 headers in 199 bytes (1 switches on core 0)
2026-04-21 18:27:01.245 8 INFO placement.requestlog [req-6b573f02-3fa8-4761-81a3-8017abe873e9 req-2918cb38-8d06-4e12-bc8d-9f783aa73bbd 1d46923a3a90455e8013533f921a9e03 add0507eddba4b28b30396e8b24f66a3 - - cf6d446a21604b238ef095a71648b149 cf6d446a21604b238ef095a71648b149] 199.204.45.153 "GET /allocations/1eef906a-114c-4fad-aaac-b687fcca4506" status: 200 len: 258 microversion: 1.28 [pid: 8|app: 0|req: 547/1098] 199.204.45.153 () {34 vars in 863 bytes} [Tue Apr 21 18:27:01 2026] GET /allocations/1eef906a-114c-4fad-aaac-b687fcca4506 => generated 258 bytes in 16 msecs (HTTP/1.1 200) 8 headers in 296 bytes (1 switches on core 0)
2026-04-21 18:27:02.301 7 INFO placement.requestlog [req-6b573f02-3fa8-4761-81a3-8017abe873e9 req-4d25d367-3c04-4712-811e-e5414557696b 1d46923a3a90455e8013533f921a9e03 add0507eddba4b28b30396e8b24f66a3 - - cf6d446a21604b238ef095a71648b149 cf6d446a21604b238ef095a71648b149] 199.204.45.153 "GET /resource_providers/bd03fd55-1e50-4039-a507-8d629286bac2/allocations" status: 200 len: 153 microversion: 1.0 [pid: 7|app: 0|req: 552/1099] 199.204.45.153 () {32 vars in 857 bytes} [Tue Apr 21 18:27:02 2026] GET /resource_providers/bd03fd55-1e50-4039-a507-8d629286bac2/allocations => generated 153 bytes in 26 msecs (HTTP/1.1 200) 6 headers in 224 bytes (1 switches on core 0)
2026-04-21 18:27:02.322 8 INFO placement.requestlog [req-6b573f02-3fa8-4761-81a3-8017abe873e9 req-f0d2def0-7528-4ad7-a28e-46371e6cd161 1d46923a3a90455e8013533f921a9e03 add0507eddba4b28b30396e8b24f66a3 - - cf6d446a21604b238ef095a71648b149 cf6d446a21604b238ef095a71648b149] 199.204.45.153 "GET /allocations/1eef906a-114c-4fad-aaac-b687fcca4506" status: 200 len: 258 microversion: 1.28 [pid: 8|app: 0|req: 548/1100] 199.204.45.153 () {34 vars in 863 bytes} [Tue Apr 21 18:27:02 2026] GET /allocations/1eef906a-114c-4fad-aaac-b687fcca4506 => generated 258 bytes in 13 msecs (HTTP/1.1 200) 8 headers in 296 bytes (1 switches on core 0)
2026-04-21 18:27:04.051 7 INFO placement.requestlog [None req-90fddc4d-49c3-4899-9b9d-028833952543 - - - - - -] 10.0.0.95 "GET /" status: 200 len: 136 microversion: 1.0
2026-04-21 18:27:04.051 8 INFO placement.requestlog [None req-3ab94b7a-5f09-4230-b37e-a3d423974860 - - - - - -] 10.0.0.95 "GET /" status: 200 len: 136 microversion: 1.0
2026-04-21 18:27:05.511 8 INFO placement.requestlog [None req-0c52b1ed-78ec-4c0b-89c9-ac222460a621 9533f1abee3d4204b230dcbb146e74d3 add0507eddba4b28b30396e8b24f66a3 - - cf6d446a21604b238ef095a71648b149 cf6d446a21604b238ef095a71648b149] 10.0.0.156 "GET /resource_providers/05ea9348-eed3-41ba-82c3-a160c366de04/aggregates" status: 404 len: 235 microversion: 1.1 [pid: 8|app: 0|req: 550/1103] 10.0.0.156 () {32 vars in 816 bytes} [Tue Apr 21 18:27:05 2026] GET /resource_providers/05ea9348-eed3-41ba-82c3-a160c366de04/aggregates => generated 235 bytes in 9 msecs (HTTP/1.1 404) 5 headers in 202 bytes (1 switches on core 0)
2026-04-21 18:27:05.522 7 INFO placement.requestlog [None req-1e54b2f8-e064-40d3-99b7-d0cae803a393 9533f1abee3d4204b230dcbb146e74d3 add0507eddba4b28b30396e8b24f66a3 - - cf6d446a21604b238ef095a71648b149 cf6d446a21604b238ef095a71648b149] 10.0.0.156 "GET /resource_providers/05ea9348-eed3-41ba-82c3-a160c366de04/aggregates" status: 404 len: 235 microversion: 1.1 [pid: 7|app: 0|req: 554/1104] 10.0.0.156 () {32 vars in 816 bytes} [Tue Apr 21 18:27:05 2026] GET /resource_providers/05ea9348-eed3-41ba-82c3-a160c366de04/aggregates => generated 235 bytes in 7 msecs (HTTP/1.1 404) 5 headers in 202 bytes (1 switches on core 0)
2026-04-21 18:27:05.543 8 INFO placement.requestlog [None req-3e388077-ddcb-44b8-b755-57a4d7d1d98e 9533f1abee3d4204b230dcbb146e74d3 add0507eddba4b28b30396e8b24f66a3 - - cf6d446a21604b238ef095a71648b149 cf6d446a21604b238ef095a71648b149] 10.0.0.156 "DELETE /resource_providers/05ea9348-eed3-41ba-82c3-a160c366de04" status: 404 len: 246 microversion: 1.1 [pid: 8|app: 0|req: 551/1105] 10.0.0.156 () {34 vars in 816 bytes} [Tue Apr 21 18:27:05 2026] DELETE /resource_providers/05ea9348-eed3-41ba-82c3-a160c366de04 => generated 246 bytes in 10 msecs (HTTP/1.1 404) 6 headers in 231 bytes (1 switches on core 0)
2026-04-21 18:27:05.544 7 INFO placement.requestlog [None req-6513f113-aed1-4cf6-a03f-5816e7ed60f2 9533f1abee3d4204b230dcbb146e74d3 add0507eddba4b28b30396e8b24f66a3 - - cf6d446a21604b238ef095a71648b149 cf6d446a21604b238ef095a71648b149] 10.0.0.156 "DELETE /resource_providers/05ea9348-eed3-41ba-82c3-a160c366de04" status: 404 len: 246 microversion: 1.1 [pid: 7|app: 0|req: 555/1106] 10.0.0.156 () {34 vars in 816 bytes} [Tue Apr 21 18:27:05 2026] DELETE /resource_providers/05ea9348-eed3-41ba-82c3-a160c366de04 => generated 246 bytes in 11 msecs (HTTP/1.1 404) 6 headers in 231 bytes (1 switches on core 0)
2026-04-21 18:27:06.847 7 INFO placement.requestlog [None req-ab5ed744-3abe-4efe-9f04-16a89ba94118 9533f1abee3d4204b230dcbb146e74d3 add0507eddba4b28b30396e8b24f66a3 - - cf6d446a21604b238ef095a71648b149 cf6d446a21604b238ef095a71648b149] 10.0.0.156 "GET /resource_providers/4a244d79-00d2-4cbc-bbc0-30df8c342c45/aggregates" status: 404 len: 235 microversion: 1.1 [pid: 7|app: 0|req: 556/1107] 10.0.0.156 () {32 vars in 816 bytes} [Tue Apr 21 18:27:06 2026] GET /resource_providers/4a244d79-00d2-4cbc-bbc0-30df8c342c45/aggregates => generated 235 bytes in 54 msecs (HTTP/1.1 404) 5 headers in 202 bytes (1 switches on core 0)
2026-04-21 18:27:06.857 8 INFO placement.requestlog [None req-1a965a6a-a375-491d-833b-2db61e3c912f 9533f1abee3d4204b230dcbb146e74d3 add0507eddba4b28b30396e8b24f66a3 - - cf6d446a21604b238ef095a71648b149 cf6d446a21604b238ef095a71648b149] 10.0.0.156 "GET /resource_providers/4a244d79-00d2-4cbc-bbc0-30df8c342c45/aggregates" status: 404 len: 235 microversion: 1.1 [pid: 8|app: 0|req: 552/1108] 10.0.0.156 () {32 vars in 816 bytes} [Tue Apr 21 18:27:06 2026] GET /resource_providers/4a244d79-00d2-4cbc-bbc0-30df8c342c45/aggregates => generated 235 bytes in 69 msecs (HTTP/1.1 404) 5 headers in 202 bytes (1 switches on core 0)
2026-04-21 18:27:06.866 7 INFO placement.requestlog [None req-032013b8-5a88-41fa-8c86-bc60d38e33a8 9533f1abee3d4204b230dcbb146e74d3 add0507eddba4b28b30396e8b24f66a3 - - cf6d446a21604b238ef095a71648b149 cf6d446a21604b238ef095a71648b149] 10.0.0.156 "DELETE /resource_providers/4a244d79-00d2-4cbc-bbc0-30df8c342c45" status: 404 len: 246 microversion: 1.1 [pid: 7|app: 0|req: 557/1109] 10.0.0.156 () {34 vars in 816 bytes} [Tue Apr 21 18:27:06 2026] DELETE /resource_providers/4a244d79-00d2-4cbc-bbc0-30df8c342c45 => generated 246 bytes in 9 msecs (HTTP/1.1 404) 6 headers in 231 bytes (1 switches on core 0)
2026-04-21 18:27:06.874 8 INFO placement.requestlog [None req-0e460904-6229-4e75-ba75-062e2fb46457 9533f1abee3d4204b230dcbb146e74d3 add0507eddba4b28b30396e8b24f66a3 - - cf6d446a21604b238ef095a71648b149 cf6d446a21604b238ef095a71648b149] 10.0.0.156 "DELETE /resource_providers/4a244d79-00d2-4cbc-bbc0-30df8c342c45" status: 404 len: 246 microversion: 1.1 [pid: 8|app: 0|req: 553/1110] 10.0.0.156 () {34 vars in 816 bytes} [Tue Apr 21 18:27:06 2026] DELETE /resource_providers/4a244d79-00d2-4cbc-bbc0-30df8c342c45 => generated 246 bytes in 9 msecs (HTTP/1.1 404) 6 headers in 231 bytes (1 switches on core 0)
2026-04-21 18:27:07.568 7 INFO placement.requestlog [None req-7f534999-e92c-48b2-9232-0d92c6279712 9533f1abee3d4204b230dcbb146e74d3 add0507eddba4b28b30396e8b24f66a3 - - cf6d446a21604b238ef095a71648b149 cf6d446a21604b238ef095a71648b149] 10.0.0.156 "GET /resource_providers/9c15c512-e100-476e-b4d9-74598c98838c/aggregates" status: 404 len: 235 microversion: 1.1 [pid: 7|app: 0|req: 558/1111] 10.0.0.156 () {32 vars in 816 bytes} [Tue Apr 21 18:27:07 2026] GET /resource_providers/9c15c512-e100-476e-b4d9-74598c98838c/aggregates => generated 235 bytes in 11 msecs (HTTP/1.1 404) 5 headers in 202 bytes (1 switches on core 0)
2026-04-21 18:27:07.569 8 INFO placement.requestlog [None req-4efecde3-eff1-4229-ad8a-021e959a3c00 9533f1abee3d4204b230dcbb146e74d3 add0507eddba4b28b30396e8b24f66a3 - - cf6d446a21604b238ef095a71648b149 cf6d446a21604b238ef095a71648b149] 10.0.0.156 "GET /resource_providers/9c15c512-e100-476e-b4d9-74598c98838c/aggregates" status: 404 len: 235 microversion: 1.1 [pid: 8|app: 0|req: 554/1112] 10.0.0.156 () {32 vars in 816 bytes} [Tue Apr 21 18:27:07 2026] GET /resource_providers/9c15c512-e100-476e-b4d9-74598c98838c/aggregates => generated 235 bytes in 10 msecs (HTTP/1.1 404) 5 headers in 202 bytes (1 switches on core 0)
2026-04-21 18:27:07.585 7 INFO placement.requestlog [None req-c34bde7a-d50c-40aa-8b58-e15650fe49f1 9533f1abee3d4204b230dcbb146e74d3 add0507eddba4b28b30396e8b24f66a3 - - cf6d446a21604b238ef095a71648b149 cf6d446a21604b238ef095a71648b149] 10.0.0.156 "DELETE /resource_providers/9c15c512-e100-476e-b4d9-74598c98838c" status: 404 len: 246 microversion: 1.1 [pid: 7|app: 0|req: 559/1113] 10.0.0.156 () {34 vars in 816 bytes} [Tue Apr 21 18:27:07 2026] DELETE /resource_providers/9c15c512-e100-476e-b4d9-74598c98838c => generated 246 bytes in 8 msecs (HTTP/1.1 404) 6 headers in 231 bytes (1 switches on core 0)
2026-04-21 18:27:07.589 8 INFO placement.requestlog [None req-e01ee8c4-0deb-488a-a6dd-be577f987915 9533f1abee3d4204b230dcbb146e74d3 add0507eddba4b28b30396e8b24f66a3 - - cf6d446a21604b238ef095a71648b149 cf6d446a21604b238ef095a71648b149] 10.0.0.156 "DELETE /resource_providers/9c15c512-e100-476e-b4d9-74598c98838c" status: 404 len: 246 microversion: 1.1 [pid: 8|app: 0|req: 555/1114] 10.0.0.156 () {34 vars in 816 bytes} [Tue Apr 21 18:27:07 2026] DELETE /resource_providers/9c15c512-e100-476e-b4d9-74598c98838c => generated 246 bytes in 10 msecs (HTTP/1.1 404) 6 headers in 231 bytes (1 switches on core 0)
