Apr 28 20:11:05.050867 np0000171163 devstack@neutron-api.service[104449]: DEBUG neutron.api.v2.resource_helper [None req-5f58175b-0948-4c58-95b3-7850d10b3e72 None None] Service L3_ROUTER_NAT assigned prefix: {{(pid=104449) build_resource_info /opt/stack/neutron/neutron/api/v2/resource_helper.py:77}}
Apr 28 20:11:05.051300 np0000171163 devstack@neutron-api.service[104449]: DEBUG neutron.api.v2.resource_helper [None req-5f58175b-0948-4c58-95b3-7850d10b3e72 None None] Service L3_ROUTER_NAT assigned prefix: {{(pid=104449) build_resource_info /opt/stack/neutron/neutron/api/v2/resource_helper.py:77}}
Apr 28 20:11:05.051423 np0000171163 devstack@neutron-api.service[104449]: INFO neutron.quota.resource_registry [None req-5f58175b-0948-4c58-95b3-7850d10b3e72 None None] Creating instance of TrackedResource for resource:router
Apr 28 20:11:05.051850 np0000171163 devstack@neutron-api.service[104449]: INFO neutron.quota.resource_registry [None req-5f58175b-0948-4c58-95b3-7850d10b3e72 None None] Creating instance of TrackedResource for resource:floatingip
Apr 28 20:11:05.054445 np0000171163 devstack@neutron-api.service[104448]: DEBUG ovsdbapp.backend.ovs_idl [None req-bceac03e-2fa8-438d-853e-0e1eb5727ea7 None None] Created lookup_table index Logical_Switch.name {{(pid=104448) autocreate_indices /opt/stack/data/venv/lib/python3.12/site-packages/ovsdbapp/backend/ovs_idl/__init__.py:87}}
Apr 28 20:11:05.054445 np0000171163 devstack@neutron-api.service[104448]: DEBUG ovsdbapp.backend.ovs_idl [None req-bceac03e-2fa8-438d-853e-0e1eb5727ea7 None None] Created lookup_table index Logical_Router.name {{(pid=104448) autocreate_indices /opt/stack/data/venv/lib/python3.12/site-packages/ovsdbapp/backend/ovs_idl/__init__.py:87}}
Apr 28 20:11:05.054445 np0000171163 devstack@neutron-api.service[104448]: DEBUG ovsdbapp.backend.ovs_idl [None req-bceac03e-2fa8-438d-853e-0e1eb5727ea7 None None] Created lookup_table index Load_Balancer.name {{(pid=104448) autocreate_indices /opt/stack/data/venv/lib/python3.12/site-packages/ovsdbapp/backend/ovs_idl/__init__.py:87}}
Apr 28 20:11:05.054678 np0000171163 devstack@neutron-api.service[104449]: INFO neutron.quota.resource_registry [None req-5f58175b-0948-4c58-95b3-7850d10b3e72 None None] Creating instance of CountableResource for resource:rbac_policy
Apr 28 20:11:05.054815 np0000171163 devstack@neutron-api.service[104448]: DEBUG ovsdbapp.backend.ovs_idl [None req-bceac03e-2fa8-438d-853e-0e1eb5727ea7 None None] Created schema index Copp.name {{(pid=104448) autocreate_indices /opt/stack/data/venv/lib/python3.12/site-packages/ovsdbapp/backend/ovs_idl/__init__.py:106}}
Apr 28 20:11:05.054815 np0000171163 devstack@neutron-api.service[104448]: DEBUG ovsdbapp.backend.ovs_idl [None req-bceac03e-2fa8-438d-853e-0e1eb5727ea7 None None] Created schema index Meter.name {{(pid=104448) autocreate_indices /opt/stack/data/venv/lib/python3.12/site-packages/ovsdbapp/backend/ovs_idl/__init__.py:106}}
Apr 28 20:11:05.054815 np0000171163 devstack@neutron-api.service[104448]: DEBUG ovsdbapp.backend.ovs_idl [None req-bceac03e-2fa8-438d-853e-0e1eb5727ea7 None None] Created schema index Load_Balancer_Group.name {{(pid=104448) autocreate_indices /opt/stack/data/venv/lib/python3.12/site-packages/ovsdbapp/backend/ovs_idl/__init__.py:106}}
Apr 28 20:11:05.054815 np0000171163 devstack@neutron-api.service[104448]: DEBUG ovsdbapp.backend.ovs_idl [None req-bceac03e-2fa8-438d-853e-0e1eb5727ea7 None None] Created schema index HA_Chassis_Group.name {{(pid=104448) autocreate_indices /opt/stack/data/venv/lib/python3.12/site-packages/ovsdbapp/backend/ovs_idl/__init__.py:106}}
Apr 28 20:11:05.054815 np0000171163 devstack@neutron-api.service[104448]: DEBUG ovsdbapp.backend.ovs_idl [None req-bceac03e-2fa8-438d-853e-0e1eb5727ea7 None None] Created schema index Address_Set.name {{(pid=104448) autocreate_indices /opt/stack/data/venv/lib/python3.12/site-packages/ovsdbapp/backend/ovs_idl/__init__.py:106}}
Apr 28 20:11:05.055079 np0000171163 devstack@neutron-api.service[104449]: INFO neutron.quota.resource_registry [None req-5f58175b-0948-4c58-95b3-7850d10b3e72 None None] Creating instance of TrackedResource for resource:security_group
Apr 28 20:11:05.055221 np0000171163 devstack@neutron-api.service[104448]: DEBUG ovsdbapp.backend.ovs_idl [None req-bceac03e-2fa8-438d-853e-0e1eb5727ea7 None None] Created schema index Connection.target {{(pid=104448) autocreate_indices /opt/stack/data/venv/lib/python3.12/site-packages/ovsdbapp/backend/ovs_idl/__init__.py:106}}
Apr 28 20:11:05.055221 np0000171163 devstack@neutron-api.service[104448]: DEBUG ovsdbapp.backend.ovs_idl [None req-bceac03e-2fa8-438d-853e-0e1eb5727ea7 None None] Created schema index Gateway_Chassis.name {{(pid=104448) autocreate_indices /opt/stack/data/venv/lib/python3.12/site-packages/ovsdbapp/backend/ovs_idl/__init__.py:106}}
Apr 28 20:11:05.055221 np0000171163 devstack@neutron-api.service[104448]: DEBUG ovsdbapp.backend.ovs_idl [None req-bceac03e-2fa8-438d-853e-0e1eb5727ea7 None None] Created schema index Mirror.name {{(pid=104448) autocreate_indices /opt/stack/data/venv/lib/python3.12/site-packages/ovsdbapp/backend/ovs_idl/__init__.py:106}}
Apr 28 20:11:05.055221 np0000171163 devstack@neutron-api.service[104448]: DEBUG ovsdbapp.backend.ovs_idl [None req-bceac03e-2fa8-438d-853e-0e1eb5727ea7 None None] Created schema index Chassis_Template_Var.chassis {{(pid=104448) autocreate_indices /opt/stack/data/venv/lib/python3.12/site-packages/ovsdbapp/backend/ovs_idl/__init__.py:106}}
Apr 28 20:11:05.055457 np0000171163 devstack@neutron-api.service[104449]: INFO neutron.quota.resource_registry [None req-5f58175b-0948-4c58-95b3-7850d10b3e72 None None] Creating instance of TrackedResource for resource:security_group_rule
Apr 28 20:11:05.055632 np0000171163 devstack@neutron-api.service[104448]: DEBUG ovsdbapp.backend.ovs_idl [None req-bceac03e-2fa8-438d-853e-0e1eb5727ea7 None None] Created schema index Logical_Router_Port.name {{(pid=104448) autocreate_indices /opt/stack/data/venv/lib/python3.12/site-packages/ovsdbapp/backend/ovs_idl/__init__.py:106}}
Apr 28 20:11:05.055632 np0000171163 devstack@neutron-api.service[104448]: DEBUG ovsdbapp.backend.ovs_idl [None req-bceac03e-2fa8-438d-853e-0e1eb5727ea7 None None] Created schema index Port_Group.name {{(pid=104448) autocreate_indices /opt/stack/data/venv/lib/python3.12/site-packages/ovsdbapp/backend/ovs_idl/__init__.py:106}}
Apr 28 20:11:05.055844 np0000171163 devstack@neutron-api.service[104450]: DEBUG oslo_concurrency.processutils [None req-fff4de5e-b87f-461c-9aa3-a4426624782f None None] CMD "ovsdb-client transact ssl:199.19.213.102:6641 --timeout 180 -p /opt/stack/data/CA/int-ca/private/devstack-cert.key -c /opt/stack/data/CA/int-ca/devstack-cert.crt -C /opt/stack/data/CA/int-ca/ca-chain.pem ["OVN_Northbound", {"op": "wait", "timeout": 0, "table": "Port_Group", "where": [["name", "==", "neutron_pg_drop"]], "until": "==", "rows": []}, {"op": "insert", "table": "ACL", "row": {"action": "drop", "direction": "to-lport", "match": "outport == @neutron_pg_drop && ip", "priority": 1001}, "uuid-name": "droptoport"}, {"op": "insert", "table": "ACL", "row": {"action": "drop", "direction": "from-lport", "match": "inport == @neutron_pg_drop && ip", "priority": 1001}, "uuid-name": "dropfromport"}, {"op": "insert", "table": "Port_Group", "row": {"name": "neutron_pg_drop", "acls": ["set", [["named-uuid", "droptoport"], ["named-uuid", "dropfromport"]]]}}]" returned: 0 in 0.044s {{(pid=104450) execute /opt/stack/data/venv/lib/python3.12/site-packages/oslo_concurrency/processutils.py:468}}
Apr 28 20:11:05.056052 np0000171163 devstack@neutron-api.service[104448]: DEBUG ovsdbapp.backend.ovs_idl [None req-bceac03e-2fa8-438d-853e-0e1eb5727ea7 None None] Created schema index Logical_Switch_Port.name {{(pid=104448) autocreate_indices /opt/stack/data/venv/lib/python3.12/site-packages/ovsdbapp/backend/ovs_idl/__init__.py:106}}
Apr 28 20:11:05.056175 np0000171163 devstack@neutron-api.service[104449]: DEBUG neutron.api.v2.resource_helper [None req-5f58175b-0948-4c58-95b3-7850d10b3e72 None None] Service CORE assigned prefix: {{(pid=104449) build_resource_info /opt/stack/neutron/neutron/api/v2/resource_helper.py:77}}
Apr 28 20:11:05.056175 np0000171163 devstack@neutron-api.service[104449]: INFO neutron.quota.resource_registry [None req-5f58175b-0948-4c58-95b3-7850d10b3e72 None None] Creating instance of TrackedResource for resource:subnetpool
Apr 28 20:11:05.056362 np0000171163 devstack@neutron-api.service[104450]: DEBUG neutron_lib.callbacks.manager [None req-fff4de5e-b87f-461c-9aa3-a4426624782f None None] Publish callbacks ['neutron.plugins.ml2.drivers.ovn.mech_driver.mech_driver.OVNMechanismDriver.post_fork_initialize-500631', 'neutron.services.ovn_l3.plugin.OVNL3RouterPlugin._post_fork_initialize-293549'] for process (None), after_init {{(pid=104450) _notify_loop /opt/stack/data/venv/lib/python3.12/site-packages/neutron_lib/callbacks/manager.py:184}}
Apr 28 20:11:05.056486 np0000171163 devstack@neutron-api.service[104449]: WARNING neutron.quota.resource_registry [None req-5f58175b-0948-4c58-95b3-7850d10b3e72 None None] subnetpool is already registered
Apr 28 20:11:05.056617 np0000171163 devstack@neutron-api.service[104450]: DEBUG oslo_concurrency.lockutils [None req-fff4de5e-b87f-461c-9aa3-a4426624782f None None] Acquiring lock "singleton_lock" {{(pid=104450) lock /opt/stack/data/venv/lib/python3.12/site-packages/oslo_concurrency/lockutils.py:390}}
Apr 28 20:11:05.056617 np0000171163 devstack@neutron-api.service[104450]: DEBUG oslo_concurrency.lockutils [None req-fff4de5e-b87f-461c-9aa3-a4426624782f None None] Acquired lock "singleton_lock" {{(pid=104450) lock /opt/stack/data/venv/lib/python3.12/site-packages/oslo_concurrency/lockutils.py:393}}
Apr 28 20:11:05.056617 np0000171163 devstack@neutron-api.service[104450]: DEBUG oslo_concurrency.lockutils [None req-fff4de5e-b87f-461c-9aa3-a4426624782f None None] Releasing lock "singleton_lock" {{(pid=104450) lock /opt/stack/data/venv/lib/python3.12/site-packages/oslo_concurrency/lockutils.py:413}}
Apr 28 20:11:05.057928 np0000171163 devstack@neutron-api.service[104449]: DEBUG neutron.api.v2.resource_helper [None req-5f58175b-0948-4c58-95b3-7850d10b3e72 None None] Service L3_ROUTER_NAT assigned prefix: {{(pid=104449) build_resource_info /opt/stack/neutron/neutron/api/v2/resource_helper.py:77}}
Apr 28 20:11:05.058324 np0000171163 devstack@neutron-api.service[104449]: DEBUG neutron.api.v2.resource_helper [None req-5f58175b-0948-4c58-95b3-7850d10b3e72 None None] Service FLAVORS assigned prefix: {{(pid=104449) build_resource_info /opt/stack/neutron/neutron/api/v2/resource_helper.py:77}}
Apr 28 20:11:05.058806 np0000171163 devstack@neutron-api.service[104450]: DEBUG neutron.plugins.ml2.drivers.ovn.mech_driver.mech_driver [None req-fff4de5e-b87f-461c-9aa3-a4426624782f None None] Hash Ring setup using WSGI start time 2026-04-28 20:10:57+00:00 {{(pid=104450) _init_hash_ring /opt/stack/neutron/neutron/plugins/ml2/drivers/ovn/mech_driver/mech_driver.py:402}}
Apr 28 20:11:05.059202 np0000171163 devstack@neutron-api.service[104449]: DEBUG neutron.api.v2.resource_helper [None req-5f58175b-0948-4c58-95b3-7850d10b3e72 None None] Service L3_ROUTER_NAT assigned prefix: {{(pid=104449) build_resource_info /opt/stack/neutron/neutron/api/v2/resource_helper.py:77}}
Apr 28 20:11:05.059633 np0000171163 devstack@neutron-api.service[104449]: DEBUG neutron.api.v2.resource_helper [None req-5f58175b-0948-4c58-95b3-7850d10b3e72 None None] Service L3_ROUTER_NAT assigned prefix: {{(pid=104449) build_resource_info /opt/stack/neutron/neutron/api/v2/resource_helper.py:77}}
Apr 28 20:11:05.059819 np0000171163 devstack@neutron-api.service[104449]: INFO neutron.quota.resource_registry [None req-5f58175b-0948-4c58-95b3-7850d10b3e72 None None] Creating instance of TrackedResource for resource:router
Apr 28 20:11:05.059971 np0000171163 devstack@neutron-api.service[104448]: INFO ovsdbapp.backend.ovs_idl.vlog [None req-bceac03e-2fa8-438d-853e-0e1eb5727ea7 None None] ssl:199.19.213.102:6641: connecting...
Apr 28 20:11:05.060031 np0000171163 devstack@neutron-api.service[104449]: WARNING neutron.quota.resource_registry [None req-5f58175b-0948-4c58-95b3-7850d10b3e72 None None] router is already registered
Apr 28 20:11:05.060252 np0000171163 devstack@neutron-api.service[104449]: INFO neutron.quota.resource_registry [None req-5f58175b-0948-4c58-95b3-7850d10b3e72 None None] Creating instance of TrackedResource for resource:floatingip
Apr 28 20:11:05.060535 np0000171163 devstack@neutron-api.service[104449]: WARNING neutron.quota.resource_registry [None req-5f58175b-0948-4c58-95b3-7850d10b3e72 None None] floatingip is already registered
Apr 28 20:11:05.061431 np0000171163 devstack@neutron-api.service[104449]: INFO neutron.quota.resource_registry [None req-5f58175b-0948-4c58-95b3-7850d10b3e72 None None] Creating instance of CountableResource for resource:rbac_policy
Apr 28 20:11:05.061431 np0000171163 devstack@neutron-api.service[104449]: WARNING neutron.quota.resource_registry [None req-5f58175b-0948-4c58-95b3-7850d10b3e72 None None] rbac_policy is already registered
Apr 28 20:11:05.063437 np0000171163 devstack@neutron-api.service[104449]: INFO neutron.quota.resource_registry [None req-5f58175b-0948-4c58-95b3-7850d10b3e72 None None] Creating instance of TrackedResource for resource:security_group
Apr 28 20:11:05.063437 np0000171163 devstack@neutron-api.service[104449]: WARNING neutron.quota.resource_registry [None req-5f58175b-0948-4c58-95b3-7850d10b3e72 None None] security_group is already registered
Apr 28 20:11:05.063437 np0000171163 devstack@neutron-api.service[104449]: INFO neutron.quota.resource_registry [None req-5f58175b-0948-4c58-95b3-7850d10b3e72 None None] Creating instance of TrackedResource for resource:security_group_rule
Apr 28 20:11:05.063437 np0000171163 devstack@neutron-api.service[104449]: WARNING neutron.quota.resource_registry [None req-5f58175b-0948-4c58-95b3-7850d10b3e72 None None] security_group_rule is already registered
Apr 28 20:11:05.063437 np0000171163 devstack@neutron-api.service[104449]: DEBUG neutron.api.v2.resource_helper [None req-5f58175b-0948-4c58-95b3-7850d10b3e72 None None] Service CORE assigned prefix: {{(pid=104449) build_resource_info /opt/stack/neutron/neutron/api/v2/resource_helper.py:77}}
Apr 28 20:11:05.064164 np0000171163 devstack@neutron-api.service[104449]: INFO neutron.quota.resource_registry [None req-5f58175b-0948-4c58-95b3-7850d10b3e72 None None] Creating instance of TrackedResource for resource:subnetpool
Apr 28 20:11:05.064164 np0000171163 devstack@neutron-api.service[104449]: WARNING neutron.quota.resource_registry [None req-5f58175b-0948-4c58-95b3-7850d10b3e72 None None] subnetpool is already registered
Apr 28 20:11:05.064164 np0000171163 devstack@neutron-api.service[104449]: DEBUG neutron.api.extensions [None req-5f58175b-0948-4c58-95b3-7850d10b3e72 None None] Extended resource: extensions {{(pid=104449) __init__ /opt/stack/neutron/neutron/api/extensions.py:156}}
Apr 28 20:11:05.064649 np0000171163 devstack@neutron-api.service[104450]: INFO neutron.db.ovn_hash_ring_db [None req-fff4de5e-b87f-461c-9aa3-a4426624782f None None] Nodes from host "np0000171163" and group "mechanism_driver" removed from the Hash Ring created at 2026-04-28 20:10:57+00:00
Apr 28 20:11:05.065651 np0000171163 devstack@neutron-api.service[104449]: DEBUG neutron.api.extensions [None req-5f58175b-0948-4c58-95b3-7850d10b3e72 None None] Extended resource: address-groups {{(pid=104449) __init__ /opt/stack/neutron/neutron/api/extensions.py:156}}
Apr 28 20:11:05.065651 np0000171163 devstack@neutron-api.service[104449]: DEBUG neutron.api.extensions [None req-5f58175b-0948-4c58-95b3-7850d10b3e72 None None] Extended resource: address-scopes {{(pid=104449) __init__ /opt/stack/neutron/neutron/api/extensions.py:156}}
Apr 28 20:11:05.066391 np0000171163 devstack@neutron-api.service[104449]: DEBUG neutron.api.extensions [None req-5f58175b-0948-4c58-95b3-7850d10b3e72 None None] Extended resource: agents {{(pid=104449) __init__ /opt/stack/neutron/neutron/api/extensions.py:156}}
Apr 28 20:11:05.066808 np0000171163 devstack@neutron-api.service[104449]: DEBUG neutron.api.extensions [None req-5f58175b-0948-4c58-95b3-7850d10b3e72 None None] Extended resource: auto-allocated-topology {{(pid=104449) __init__ /opt/stack/neutron/neutron/api/extensions.py:156}}
Apr 28 20:11:05.066964 np0000171163 devstack@neutron-api.service[104450]: INFO neutron.db.ovn_hash_ring_db [None req-fff4de5e-b87f-461c-9aa3-a4426624782f None None] Node 68512dbe1ac8522381c90a0054788315 from host "np0000171163" and group "mechanism_driver" added to the Hash Ring
Apr 28 20:11:05.067350 np0000171163 devstack@neutron-api.service[104449]: DEBUG neutron.api.extensions [None req-5f58175b-0948-4c58-95b3-7850d10b3e72 None None] Extended resource: availability_zones {{(pid=104449) __init__ /opt/stack/neutron/neutron/api/extensions.py:156}}
Apr 28 20:11:05.067955 np0000171163 devstack@neutron-api.service[104449]: DEBUG neutron.api.extensions [None req-5f58175b-0948-4c58-95b3-7850d10b3e72 None None] Extended resource: dhcp-networks {{(pid=104449) __init__ /opt/stack/neutron/neutron/api/extensions.py:156}}
Apr 28 20:11:05.068588 np0000171163 devstack@neutron-api.service[104449]: DEBUG neutron.api.extensions [None req-5f58175b-0948-4c58-95b3-7850d10b3e72 None None] Extended resource: dhcp-agents {{(pid=104449) __init__ /opt/stack/neutron/neutron/api/extensions.py:156}}
Apr 28 20:11:05.068907 np0000171163 devstack@neutron-api.service[104448]: INFO ovsdbapp.backend.ovs_idl.vlog [None req-bceac03e-2fa8-438d-853e-0e1eb5727ea7 None None] ssl:199.19.213.102:6641: connected
Apr 28 20:11:05.069300 np0000171163 devstack@neutron-api.service[104449]: DEBUG neutron.api.extensions [None req-5f58175b-0948-4c58-95b3-7850d10b3e72 None None] Extended resource: routers {{(pid=104449) __init__ /opt/stack/neutron/neutron/api/extensions.py:156}}
Apr 28 20:11:05.069604 np0000171163 devstack@neutron-api.service[104450]: DEBUG neutron.plugins.ml2.drivers.ovn.mech_driver.mech_driver [None req-fff4de5e-b87f-461c-9aa3-a4426624782f None None] Hash Ring setup, this worker has detected 3 OVN hash ring registers in the database {{(pid=104450) _init_hash_ring /opt/stack/neutron/neutron/plugins/ml2/drivers/ovn/mech_driver/mech_driver.py:412}}
Apr 28 20:11:05.071925 np0000171163 devstack@neutron-api.service[104449]: DEBUG neutron.api.extensions [None req-5f58175b-0948-4c58-95b3-7850d10b3e72 None None] Extended resource: flavors {{(pid=104449) __init__ /opt/stack/neutron/neutron/api/extensions.py:156}}
Apr 28 20:11:05.072508 np0000171163 devstack@neutron-api.service[104449]: DEBUG neutron.api.extensions [None req-5f58175b-0948-4c58-95b3-7850d10b3e72 None None] Extended resource: service_profiles {{(pid=104449) __init__ /opt/stack/neutron/neutron/api/extensions.py:156}}
Apr 28 20:11:05.073340 np0000171163 devstack@neutron-api.service[104449]: DEBUG neutron.api.extensions [None req-5f58175b-0948-4c58-95b3-7850d10b3e72 None None] Extended resource: next_providers {{(pid=104449) __init__ /opt/stack/neutron/neutron/api/extensions.py:156}}
Apr 28 20:11:05.073658 np0000171163 devstack@neutron-api.service[104449]: DEBUG neutron.api.extensions [None req-5f58175b-0948-4c58-95b3-7850d10b3e72 None None] Extended resource: service_profiles {{(pid=104449) __init__ /opt/stack/neutron/neutron/api/extensions.py:156}}
Apr 28 20:11:05.074431 np0000171163 devstack@neutron-api.service[104449]: DEBUG neutron.api.extensions [None req-5f58175b-0948-4c58-95b3-7850d10b3e72 None None] Extended resource: floatingip-pools {{(pid=104449) __init__ /opt/stack/neutron/neutron/api/extensions.py:156}}
Apr 28 20:11:05.075072 np0000171163 devstack@neutron-api.service[104449]: DEBUG neutron.api.extensions [None req-5f58175b-0948-4c58-95b3-7850d10b3e72 None None] Extended resource: routers {{(pid=104449) __init__ /opt/stack/neutron/neutron/api/extensions.py:156}}
Apr 28 20:11:05.075673 np0000171163 devstack@neutron-api.service[104450]: DEBUG neutron.plugins.ml2.drivers.ovn.mech_driver.ovsdb.maintenance [None req-fff4de5e-b87f-461c-9aa3-a4426624782f None None] Periodic task found: HashRingHealthCheckPeriodics.touch_hash_ring_node {{(pid=104450) add_periodics /opt/stack/neutron/neutron/plugins/ml2/drivers/ovn/mech_driver/ovsdb/maintenance.py:148}}
Apr 28 20:11:05.075950 np0000171163 devstack@neutron-api.service[104449]: DEBUG neutron.api.extensions [None req-5f58175b-0948-4c58-95b3-7850d10b3e72 None None] Extended resource: floatingips {{(pid=104449) __init__ /opt/stack/neutron/neutron/api/extensions.py:156}}
Apr 28 20:11:05.076453 np0000171163 devstack@neutron-api.service[104449]: DEBUG neutron.api.extensions [None req-5f58175b-0948-4c58-95b3-7850d10b3e72 None None] Extended resource: network-ip-availabilities {{(pid=104449) __init__ /opt/stack/neutron/neutron/api/extensions.py:156}}
Apr 28 20:11:05.076971 np0000171163 devstack@neutron-api.service[104450]: INFO neutron.plugins.ml2.drivers.ovn.mech_driver.mech_driver [None req-fff4de5e-b87f-461c-9aa3-a4426624782f None None] Hash Ring probing thread for node 68512dbe1ac8522381c90a0054788315 has started
Apr 28 20:11:05.077031 np0000171163 devstack@neutron-api.service[104449]: DEBUG neutron.api.extensions [None req-5f58175b-0948-4c58-95b3-7850d10b3e72 None None] Extended resource: network-ip-availabilities {{(pid=104449) __init__ /opt/stack/neutron/neutron/api/extensions.py:156}}
Apr 28 20:11:05.077513 np0000171163 devstack@neutron-api.service[104450]: INFO neutron.plugins.ml2.drivers.ovn.mech_driver.ovsdb.impl_idl_ovn [None req-fff4de5e-b87f-461c-9aa3-a4426624782f None None] Getting OvsdbNbOvnIdl for WorkerService with retry
Apr 28 20:11:05.077561 np0000171163 devstack@neutron-api.service[104449]: DEBUG neutron.api.extensions [None req-5f58175b-0948-4c58-95b3-7850d10b3e72 None None] Extended resource: bindings {{(pid=104449) __init__ /opt/stack/neutron/neutron/api/extensions.py:156}}
Apr 28 20:11:05.078320 np0000171163 devstack@neutron-api.service[104449]: DEBUG neutron.api.extensions [None req-5f58175b-0948-4c58-95b3-7850d10b3e72 None None] Extended resource: quotas {{(pid=104449) __init__ /opt/stack/neutron/neutron/api/extensions.py:156}}
Apr 28 20:11:05.079059 np0000171163 devstack@neutron-api.service[104449]: DEBUG neutron.api.extensions [None req-5f58175b-0948-4c58-95b3-7850d10b3e72 None None] Extended resource: quotas {{(pid=104449) __init__ /opt/stack/neutron/neutron/api/extensions.py:156}}
Apr 28 20:11:05.079788 np0000171163 devstack@neutron-api.service[104449]: DEBUG neutron.api.extensions [None req-5f58175b-0948-4c58-95b3-7850d10b3e72 None None] Extended resource: rbac-policies {{(pid=104449) __init__ /opt/stack/neutron/neutron/api/extensions.py:156}}
Apr 28 20:11:05.080342 np0000171163 devstack@neutron-api.service[104449]: DEBUG neutron.api.extensions [None req-5f58175b-0948-4c58-95b3-7850d10b3e72 None None] Extended resource: default-security-group-rules {{(pid=104449) __init__ /opt/stack/neutron/neutron/api/extensions.py:156}}
Apr 28 20:11:05.080951 np0000171163 devstack@neutron-api.service[104449]: DEBUG neutron.api.extensions [None req-5f58175b-0948-4c58-95b3-7850d10b3e72 None None] Extended resource: security-groups {{(pid=104449) __init__ /opt/stack/neutron/neutron/api/extensions.py:156}}
Apr 28 20:11:05.081456 np0000171163 devstack@neutron-api.service[104449]: DEBUG neutron.api.extensions [None req-5f58175b-0948-4c58-95b3-7850d10b3e72 None None] Extended resource: security-group-rules {{(pid=104449) __init__ /opt/stack/neutron/neutron/api/extensions.py:156}}
Apr 28 20:11:05.082095 np0000171163 devstack@neutron-api.service[104449]: DEBUG neutron.api.extensions [None req-5f58175b-0948-4c58-95b3-7850d10b3e72 None None] Extended resource: service-providers {{(pid=104449) __init__ /opt/stack/neutron/neutron/api/extensions.py:156}}
Apr 28 20:11:05.082621 np0000171163 devstack@neutron-api.service[104449]: DEBUG neutron.api.extensions [None req-5f58175b-0948-4c58-95b3-7850d10b3e72 None None] Extended resource: subnetpools {{(pid=104449) __init__ /opt/stack/neutron/neutron/api/extensions.py:156}}
Apr 28 20:11:05.083277 np0000171163 devstack@neutron-api.service[104449]: DEBUG neutron.api.extensions [None req-5f58175b-0948-4c58-95b3-7850d10b3e72 None None] Extended resource: tags {{(pid=104449) __init__ /opt/stack/neutron/neutron/api/extensions.py:156}}
Apr 28 20:11:05.084084 np0000171163 devstack@neutron-api.service[104449]: DEBUG neutron.api.extensions [None req-5f58175b-0948-4c58-95b3-7850d10b3e72 None None] Extended resource: tags {{(pid=104449) __init__ /opt/stack/neutron/neutron/api/extensions.py:156}}
Apr 28 20:11:05.084832 np0000171163 devstack@neutron-api.service[104449]: DEBUG neutron.api.extensions [None req-5f58175b-0948-4c58-95b3-7850d10b3e72 None None] Extended resource: tags {{(pid=104449) __init__ /opt/stack/neutron/neutron/api/extensions.py:156}}
Apr 28 20:11:05.085789 np0000171163 devstack@neutron-api.service[104449]: DEBUG neutron.api.extensions [None req-5f58175b-0948-4c58-95b3-7850d10b3e72 None None] Extended resource: tags {{(pid=104449) __init__ /opt/stack/neutron/neutron/api/extensions.py:156}}
Apr 28 20:11:05.086561 np0000171163 devstack@neutron-api.service[104449]: DEBUG neutron.api.extensions [None req-5f58175b-0948-4c58-95b3-7850d10b3e72 None None] Extended resource: tags {{(pid=104449) __init__ /opt/stack/neutron/neutron/api/extensions.py:156}}
Apr 28 20:11:05.087358 np0000171163 devstack@neutron-api.service[104449]: DEBUG neutron.api.extensions [None req-5f58175b-0948-4c58-95b3-7850d10b3e72 None None] Extended resource: tags {{(pid=104449) __init__ /opt/stack/neutron/neutron/api/extensions.py:156}}
Apr 28 20:11:05.088227 np0000171163 devstack@neutron-api.service[104449]: DEBUG neutron.api.extensions [None req-5f58175b-0948-4c58-95b3-7850d10b3e72 None None] Extended resource: tags {{(pid=104449) __init__ /opt/stack/neutron/neutron/api/extensions.py:156}}
Apr 28 20:11:05.089190 np0000171163 devstack@neutron-api.service[104449]: DEBUG neutron.api.extensions [None req-5f58175b-0948-4c58-95b3-7850d10b3e72 None None] Extended resource: tags {{(pid=104449) __init__ /opt/stack/neutron/neutron/api/extensions.py:156}}
Apr 28 20:11:05.090102 np0000171163 devstack@neutron-api.service[104449]: DEBUG neutron.api.extensions [None req-5f58175b-0948-4c58-95b3-7850d10b3e72 None None] Extended resource: tags {{(pid=104449) __init__ /opt/stack/neutron/neutron/api/extensions.py:156}}
Apr 28 20:11:05.090977 np0000171163 devstack@neutron-api.service[104449]: DEBUG neutron.api.extensions [None req-5f58175b-0948-4c58-95b3-7850d10b3e72 None None] Extended resource: tags {{(pid=104449) __init__ /opt/stack/neutron/neutron/api/extensions.py:156}}
Apr 28 20:11:05.094889 np0000171163 devstack@neutron-api.service[104449]: WARNING keystonemiddleware.auth_token [None req-5f58175b-0948-4c58-95b3-7850d10b3e72 None None] AuthToken middleware is set with keystone_authtoken.service_token_roles_required set to False. This is backwards compatible but deprecated behaviour. Please set this to True.
Apr 28 20:11:05.102745 np0000171163 devstack@neutron-api.service[104449]: DEBUG neutron_lib.callbacks.manager [None req-5f58175b-0948-4c58-95b3-7850d10b3e72 None None] Publish callbacks ['neutron.plugins.ml2.drivers.ovn.mech_driver.mech_driver.OVNMechanismDriver.pre_fork_initialize-346994'] for process (None), before_spawn {{(pid=104449) _notify_loop /opt/stack/data/venv/lib/python3.12/site-packages/neutron_lib/callbacks/manager.py:184}}
Apr 28 20:11:05.103208 np0000171163 devstack@neutron-api.service[104449]: DEBUG oslo_concurrency.processutils [None req-5f58175b-0948-4c58-95b3-7850d10b3e72 None None] Running cmd (subprocess): ovsdb-client transact ssl:199.19.213.102:6641 --timeout 180 -p /opt/stack/data/CA/int-ca/private/devstack-cert.key -c /opt/stack/data/CA/int-ca/devstack-cert.crt -C /opt/stack/data/CA/int-ca/ca-chain.pem ["OVN_Northbound", {"op": "wait", "timeout": 0, "table": "Port_Group", "where": [["name", "==", "neutron_pg_drop"]], "until": "==", "rows": []}, {"op": "insert", "table": "ACL", "row": {"action": "drop", "direction": "to-lport", "match": "outport == @neutron_pg_drop && ip", "priority": 1001}, "uuid-name": "droptoport"}, {"op": "insert", "table": "ACL", "row": {"action": "drop", "direction": "from-lport", "match": "inport == @neutron_pg_drop && ip", "priority": 1001}, "uuid-name": "dropfromport"}, {"op": "insert", "table": "Port_Group", "row": {"name": "neutron_pg_drop", "acls": ["set", [["named-uuid", "droptoport"], ["named-uuid", "dropfromport"]]]}}] {{(pid=104449) execute /opt/stack/data/venv/lib/python3.12/site-packages/oslo_concurrency/processutils.py:440}}
Apr 28 20:11:05.114683 np0000171163 devstack@neutron-api.service[104448]: DEBUG neutron.common.ovn.hash_ring_manager [None req-bceac03e-2fa8-438d-853e-0e1eb5727ea7 None None] Disallow caching, nodes 3<4 {{(pid=104448) _wait_startup_before_caching /opt/stack/neutron/neutron/common/ovn/hash_ring_manager.py:72}}
Apr 28 20:11:05.121250 np0000171163 devstack@neutron-api.service[104448]: DEBUG neutron.common.ovn.hash_ring_manager [None req-bceac03e-2fa8-438d-853e-0e1eb5727ea7 None None] Hash Ring loaded. 3 active nodes. 0 offline nodes {{(pid=104448) _load_hash_ring /opt/stack/neutron/neutron/common/ovn/hash_ring_manager.py:102}}
Apr 28 20:11:05.127597 np0000171163 devstack@neutron-api.service[104450]: DEBUG ovsdbapp.backend.ovs_idl [None req-fff4de5e-b87f-461c-9aa3-a4426624782f None None] Created lookup_table index Logical_Switch.name {{(pid=104450) autocreate_indices /opt/stack/data/venv/lib/python3.12/site-packages/ovsdbapp/backend/ovs_idl/__init__.py:87}}
Apr 28 20:11:05.127786 np0000171163 devstack@neutron-api.service[104450]: DEBUG ovsdbapp.backend.ovs_idl [None req-fff4de5e-b87f-461c-9aa3-a4426624782f None None] Created lookup_table index Logical_Router.name {{(pid=104450) autocreate_indices /opt/stack/data/venv/lib/python3.12/site-packages/ovsdbapp/backend/ovs_idl/__init__.py:87}}
Apr 28 20:11:05.127860 np0000171163 devstack@neutron-api.service[104448]: DEBUG neutron.common.ovn.hash_ring_manager [None req-bceac03e-2fa8-438d-853e-0e1eb5727ea7 None None] Hash Ring loaded. 3 active nodes. 0 offline nodes {{(pid=104448) _load_hash_ring /opt/stack/neutron/neutron/common/ovn/hash_ring_manager.py:102}}
Apr 28 20:11:05.127927 np0000171163 devstack@neutron-api.service[104450]: DEBUG ovsdbapp.backend.ovs_idl [None req-fff4de5e-b87f-461c-9aa3-a4426624782f None None] Created lookup_table index Load_Balancer.name {{(pid=104450) autocreate_indices /opt/stack/data/venv/lib/python3.12/site-packages/ovsdbapp/backend/ovs_idl/__init__.py:87}}
Apr 28 20:11:05.127927 np0000171163 devstack@neutron-api.service[104450]: DEBUG ovsdbapp.backend.ovs_idl [None req-fff4de5e-b87f-461c-9aa3-a4426624782f None None] Created schema index Copp.name {{(pid=104450) autocreate_indices /opt/stack/data/venv/lib/python3.12/site-packages/ovsdbapp/backend/ovs_idl/__init__.py:106}}
Apr 28 20:11:05.128048 np0000171163 devstack@neutron-api.service[104450]: DEBUG ovsdbapp.backend.ovs_idl [None req-fff4de5e-b87f-461c-9aa3-a4426624782f None None] Created schema index Meter.name {{(pid=104450) autocreate_indices /opt/stack/data/venv/lib/python3.12/site-packages/ovsdbapp/backend/ovs_idl/__init__.py:106}}
Apr 28 20:11:05.128105 np0000171163 devstack@neutron-api.service[104450]: DEBUG ovsdbapp.backend.ovs_idl [None req-fff4de5e-b87f-461c-9aa3-a4426624782f None None] Created schema index Load_Balancer_Group.name {{(pid=104450) autocreate_indices /opt/stack/data/venv/lib/python3.12/site-packages/ovsdbapp/backend/ovs_idl/__init__.py:106}}
Apr 28 20:11:05.128200 np0000171163 devstack@neutron-api.service[104450]: DEBUG ovsdbapp.backend.ovs_idl [None req-fff4de5e-b87f-461c-9aa3-a4426624782f None None] Created schema index HA_Chassis_Group.name {{(pid=104450) autocreate_indices /opt/stack/data/venv/lib/python3.12/site-packages/ovsdbapp/backend/ovs_idl/__init__.py:106}}
Apr 28 20:11:05.128268 np0000171163 devstack@neutron-api.service[104450]: DEBUG ovsdbapp.backend.ovs_idl [None req-fff4de5e-b87f-461c-9aa3-a4426624782f None None] Created schema index Address_Set.name {{(pid=104450) autocreate_indices /opt/stack/data/venv/lib/python3.12/site-packages/ovsdbapp/backend/ovs_idl/__init__.py:106}}
Apr 28 20:11:05.128363 np0000171163 devstack@neutron-api.service[104450]: DEBUG ovsdbapp.backend.ovs_idl [None req-fff4de5e-b87f-461c-9aa3-a4426624782f None None] Created schema index Connection.target {{(pid=104450) autocreate_indices /opt/stack/data/venv/lib/python3.12/site-packages/ovsdbapp/backend/ovs_idl/__init__.py:106}}
Apr 28 20:11:05.128449 np0000171163 devstack@neutron-api.service[104450]: DEBUG ovsdbapp.backend.ovs_idl [None req-fff4de5e-b87f-461c-9aa3-a4426624782f None None] Created schema index Gateway_Chassis.name {{(pid=104450) autocreate_indices /opt/stack/data/venv/lib/python3.12/site-packages/ovsdbapp/backend/ovs_idl/__init__.py:106}}
Apr 28 20:11:05.128536 np0000171163 devstack@neutron-api.service[104450]: DEBUG ovsdbapp.backend.ovs_idl [None req-fff4de5e-b87f-461c-9aa3-a4426624782f None None] Created schema index Mirror.name {{(pid=104450) autocreate_indices /opt/stack/data/venv/lib/python3.12/site-packages/ovsdbapp/backend/ovs_idl/__init__.py:106}}
Apr 28 20:11:05.128636 np0000171163 devstack@neutron-api.service[104450]: DEBUG ovsdbapp.backend.ovs_idl [None req-fff4de5e-b87f-461c-9aa3-a4426624782f None None] Created schema index Chassis_Template_Var.chassis {{(pid=104450) autocreate_indices /opt/stack/data/venv/lib/python3.12/site-packages/ovsdbapp/backend/ovs_idl/__init__.py:106}}
Apr 28 20:11:05.128718 np0000171163 devstack@neutron-api.service[104450]: DEBUG ovsdbapp.backend.ovs_idl [None req-fff4de5e-b87f-461c-9aa3-a4426624782f None None] Created schema index Logical_Router_Port.name {{(pid=104450) autocreate_indices /opt/stack/data/venv/lib/python3.12/site-packages/ovsdbapp/backend/ovs_idl/__init__.py:106}}
Apr 28 20:11:05.128832 np0000171163 devstack@neutron-api.service[104450]: DEBUG ovsdbapp.backend.ovs_idl [None req-fff4de5e-b87f-461c-9aa3-a4426624782f None None] Created schema index Port_Group.name {{(pid=104450) autocreate_indices /opt/stack/data/venv/lib/python3.12/site-packages/ovsdbapp/backend/ovs_idl/__init__.py:106}}
Apr 28 20:11:05.128919 np0000171163 devstack@neutron-api.service[104450]: DEBUG ovsdbapp.backend.ovs_idl [None req-fff4de5e-b87f-461c-9aa3-a4426624782f None None] Created schema index Logical_Switch_Port.name {{(pid=104450) autocreate_indices /opt/stack/data/venv/lib/python3.12/site-packages/ovsdbapp/backend/ovs_idl/__init__.py:106}}
Apr 28 20:11:05.131263 np0000171163 devstack@neutron-api.service[104450]: INFO ovsdbapp.backend.ovs_idl.vlog [None req-fff4de5e-b87f-461c-9aa3-a4426624782f None None] ssl:199.19.213.102:6641: connecting...
Apr 28 20:11:05.135665 np0000171163 devstack@neutron-api.service[104448]: DEBUG neutron.common.ovn.hash_ring_manager [None req-bceac03e-2fa8-438d-853e-0e1eb5727ea7 None None] Hash Ring loaded. 3 active nodes. 0 offline nodes {{(pid=104448) _load_hash_ring /opt/stack/neutron/neutron/common/ovn/hash_ring_manager.py:102}}
Apr 28 20:11:05.137630 np0000171163 devstack@neutron-api.service[104450]: INFO ovsdbapp.backend.ovs_idl.vlog [None req-fff4de5e-b87f-461c-9aa3-a4426624782f None None] ssl:199.19.213.102:6641: connected
Apr 28 20:11:05.145681 np0000171163 devstack@neutron-api.service[104448]: DEBUG neutron.common.ovn.hash_ring_manager [None req-bceac03e-2fa8-438d-853e-0e1eb5727ea7 None None] Hash Ring loaded. 3 active nodes. 0 offline nodes {{(pid=104448) _load_hash_ring /opt/stack/neutron/neutron/common/ovn/hash_ring_manager.py:102}}
Apr 28 20:11:05.146053 np0000171163 devstack@neutron-api.service[104448]: DEBUG neutron.plugins.ml2.drivers.ovn.mech_driver.ovsdb.ovsdb_monitor [None req-bceac03e-2fa8-438d-853e-0e1eb5727ea7 None None] Hash Ring: Node 1ba8c5361549537f8e88e11f7d6a50bb (host: np0000171163) handling event "create" for row 23b6ab8d-ca58-4a62-84ce-66ffd0d6f333 (table: NB_Global) {{(pid=104448) notify /opt/stack/neutron/neutron/plugins/ml2/drivers/ovn/mech_driver/ovsdb/ovsdb_monitor.py:914}}
Apr 28 20:11:05.146951 np0000171163 devstack@neutron-api.service[104449]: DEBUG oslo_concurrency.processutils [None req-5f58175b-0948-4c58-95b3-7850d10b3e72 None None] CMD "ovsdb-client transact ssl:199.19.213.102:6641 --timeout 180 -p /opt/stack/data/CA/int-ca/private/devstack-cert.key -c /opt/stack/data/CA/int-ca/devstack-cert.crt -C /opt/stack/data/CA/int-ca/ca-chain.pem ["OVN_Northbound", {"op": "wait", "timeout": 0, "table": "Port_Group", "where": [["name", "==", "neutron_pg_drop"]], "until": "==", "rows": []}, {"op": "insert", "table": "ACL", "row": {"action": "drop", "direction": "to-lport", "match": "outport == @neutron_pg_drop && ip", "priority": 1001}, "uuid-name": "droptoport"}, {"op": "insert", "table": "ACL", "row": {"action": "drop", "direction": "from-lport", "match": "inport == @neutron_pg_drop && ip", "priority": 1001}, "uuid-name": "dropfromport"}, {"op": "insert", "table": "Port_Group", "row": {"name": "neutron_pg_drop", "acls": ["set", [["named-uuid", "droptoport"], ["named-uuid", "dropfromport"]]]}}]" returned: 0 in 0.043s {{(pid=104449) execute /opt/stack/data/venv/lib/python3.12/site-packages/oslo_concurrency/processutils.py:468}}
Apr 28 20:11:05.147836 np0000171163 devstack@neutron-api.service[104449]: DEBUG neutron_lib.callbacks.manager [None req-5f58175b-0948-4c58-95b3-7850d10b3e72 None None] Publish callbacks ['neutron.plugins.ml2.drivers.ovn.mech_driver.mech_driver.OVNMechanismDriver.post_fork_initialize-346794', 'neutron.services.ovn_l3.plugin.OVNL3RouterPlugin._post_fork_initialize-4880'] for process (None), after_init {{(pid=104449) _notify_loop /opt/stack/data/venv/lib/python3.12/site-packages/neutron_lib/callbacks/manager.py:184}}
Apr 28 20:11:05.148585 np0000171163 devstack@neutron-api.service[104449]: DEBUG oslo_concurrency.lockutils [None req-5f58175b-0948-4c58-95b3-7850d10b3e72 None None] Acquiring lock "singleton_lock" {{(pid=104449) lock /opt/stack/data/venv/lib/python3.12/site-packages/oslo_concurrency/lockutils.py:390}}
Apr 28 20:11:05.148850 np0000171163 devstack@neutron-api.service[104449]: DEBUG oslo_concurrency.lockutils [None req-5f58175b-0948-4c58-95b3-7850d10b3e72 None None] Acquired lock "singleton_lock" {{(pid=104449) lock /opt/stack/data/venv/lib/python3.12/site-packages/oslo_concurrency/lockutils.py:393}}
Apr 28 20:11:05.149360 np0000171163 devstack@neutron-api.service[104449]: DEBUG oslo_concurrency.lockutils [None req-5f58175b-0948-4c58-95b3-7850d10b3e72 None None] Releasing lock "singleton_lock" {{(pid=104449) lock /opt/stack/data/venv/lib/python3.12/site-packages/oslo_concurrency/lockutils.py:413}}
Apr 28 20:11:05.152254 np0000171163 devstack@neutron-api.service[104449]: DEBUG neutron.plugins.ml2.drivers.ovn.mech_driver.mech_driver [None req-5f58175b-0948-4c58-95b3-7850d10b3e72 None None] Hash Ring setup using WSGI start time 2026-04-28 20:10:57+00:00 {{(pid=104449) _init_hash_ring /opt/stack/neutron/neutron/plugins/ml2/drivers/ovn/mech_driver/mech_driver.py:402}}
Apr 28 20:11:05.153598 np0000171163 devstack@neutron-api.service[104448]: DEBUG neutron.common.ovn.hash_ring_manager [None req-bceac03e-2fa8-438d-853e-0e1eb5727ea7 None None] Hash Ring loaded. 3 active nodes. 0 offline nodes {{(pid=104448) _load_hash_ring /opt/stack/neutron/neutron/common/ovn/hash_ring_manager.py:102}}
Apr 28 20:11:05.153931 np0000171163 devstack@neutron-api.service[104448]: DEBUG neutron.plugins.ml2.drivers.ovn.mech_driver.ovsdb.ovsdb_monitor [None req-bceac03e-2fa8-438d-853e-0e1eb5727ea7 None None] Hash Ring: Node 1ba8c5361549537f8e88e11f7d6a50bb (host: np0000171163) handling event "create" for row 0f71bf18-5f4b-447a-b747-cccbba39e543 (table: Port_Group) {{(pid=104448) notify /opt/stack/neutron/neutron/plugins/ml2/drivers/ovn/mech_driver/ovsdb/ovsdb_monitor.py:914}}
Apr 28 20:11:05.160545 np0000171163 devstack@neutron-api.service[104448]: DEBUG neutron.common.ovn.hash_ring_manager [None req-bceac03e-2fa8-438d-853e-0e1eb5727ea7 None None] Hash Ring loaded. 3 active nodes. 0 offline nodes {{(pid=104448) _load_hash_ring /opt/stack/neutron/neutron/common/ovn/hash_ring_manager.py:102}}
Apr 28 20:11:05.160759 np0000171163 devstack@neutron-api.service[104448]: DEBUG neutron.plugins.ml2.drivers.ovn.mech_driver.ovsdb.ovsdb_monitor [None req-bceac03e-2fa8-438d-853e-0e1eb5727ea7 None None] Hash Ring: Node 1ba8c5361549537f8e88e11f7d6a50bb (host: np0000171163) handling event "create" for row 2940f5bf-c65e-4de3-8a29-35ca4f2edfb9 (table: SSL) {{(pid=104448) notify /opt/stack/neutron/neutron/plugins/ml2/drivers/ovn/mech_driver/ovsdb/ovsdb_monitor.py:914}}
Apr 28 20:11:05.160895 np0000171163 devstack@neutron-api.service[104449]: INFO neutron.db.ovn_hash_ring_db [None req-5f58175b-0948-4c58-95b3-7850d10b3e72 None None] Nodes from host "np0000171163" and group "mechanism_driver" removed from the Hash Ring created at 2026-04-28 20:10:57+00:00
Apr 28 20:11:05.161946 np0000171163 devstack@neutron-api.service[104448]: INFO neutron.plugins.ml2.drivers.ovn.mech_driver.ovsdb.impl_idl_ovn [None req-bceac03e-2fa8-438d-853e-0e1eb5727ea7 None None] Getting OvsdbSbOvnIdl for WorkerService with retry
Apr 28 20:11:05.163980 np0000171163 devstack@neutron-api.service[104449]: INFO neutron.db.ovn_hash_ring_db [None req-5f58175b-0948-4c58-95b3-7850d10b3e72 None None] Node 4cdf8f7cea2d5d4cb40bfbbe34a451f9 from host "np0000171163" and group "mechanism_driver" added to the Hash Ring
Apr 28 20:11:05.167693 np0000171163 devstack@neutron-api.service[104449]: DEBUG neutron.plugins.ml2.drivers.ovn.mech_driver.mech_driver [None req-5f58175b-0948-4c58-95b3-7850d10b3e72 None None] Hash Ring setup, this worker has detected 4 OVN hash ring registers in the database {{(pid=104449) _init_hash_ring /opt/stack/neutron/neutron/plugins/ml2/drivers/ovn/mech_driver/mech_driver.py:412}}
Apr 28 20:11:05.174980 np0000171163 devstack@neutron-api.service[104449]: DEBUG neutron.plugins.ml2.drivers.ovn.mech_driver.ovsdb.maintenance [None req-5f58175b-0948-4c58-95b3-7850d10b3e72 None None] Periodic task found: HashRingHealthCheckPeriodics.touch_hash_ring_node {{(pid=104449) add_periodics /opt/stack/neutron/neutron/plugins/ml2/drivers/ovn/mech_driver/ovsdb/maintenance.py:148}}
Apr 28 20:11:05.176459 np0000171163 devstack@neutron-api.service[104449]: INFO neutron.plugins.ml2.drivers.ovn.mech_driver.mech_driver [None req-5f58175b-0948-4c58-95b3-7850d10b3e72 None None] Hash Ring probing thread for node 4cdf8f7cea2d5d4cb40bfbbe34a451f9 has started
Apr 28 20:11:05.176958 np0000171163 devstack@neutron-api.service[104450]: DEBUG neutron.common.ovn.hash_ring_manager [None req-fff4de5e-b87f-461c-9aa3-a4426624782f None None] Allow caching, nodes 4>=4 {{(pid=104450) _wait_startup_before_caching /opt/stack/neutron/neutron/common/ovn/hash_ring_manager.py:65}}
Apr 28 20:11:05.177319 np0000171163 devstack@neutron-api.service[104449]: INFO neutron.plugins.ml2.drivers.ovn.mech_driver.ovsdb.impl_idl_ovn [None req-5f58175b-0948-4c58-95b3-7850d10b3e72 None None] Getting OvsdbNbOvnIdl for WorkerService with retry
Apr 28 20:11:05.181454 np0000171163 devstack@neutron-api.service[104450]: DEBUG neutron.common.ovn.hash_ring_manager [None req-fff4de5e-b87f-461c-9aa3-a4426624782f None None] Hash Ring loaded. 4 active nodes. 0 offline nodes {{(pid=104450) _load_hash_ring /opt/stack/neutron/neutron/common/ovn/hash_ring_manager.py:102}}
Apr 28 20:11:05.181619 np0000171163 devstack@neutron-api.service[104450]: DEBUG neutron.plugins.ml2.drivers.ovn.mech_driver.ovsdb.ovsdb_monitor [None req-fff4de5e-b87f-461c-9aa3-a4426624782f None None] Hash Ring: Node 68512dbe1ac8522381c90a0054788315 (host: np0000171163) handling event "create" for row 3568c185-5e7a-45d5-97c4-f0c546988afe (table: ACL) {{(pid=104450) notify /opt/stack/neutron/neutron/plugins/ml2/drivers/ovn/mech_driver/ovsdb/ovsdb_monitor.py:914}}
Apr 28 20:11:05.181843 np0000171163 devstack@neutron-api.service[104450]: DEBUG neutron.plugins.ml2.drivers.ovn.mech_driver.ovsdb.ovsdb_monitor [None req-fff4de5e-b87f-461c-9aa3-a4426624782f None None] Hash Ring: Node 68512dbe1ac8522381c90a0054788315 (host: np0000171163) handling event "create" for row b47175bf-47f2-462e-94c1-bfd931e1acb3 (table: ACL) {{(pid=104450) notify /opt/stack/neutron/neutron/plugins/ml2/drivers/ovn/mech_driver/ovsdb/ovsdb_monitor.py:914}}
Apr 28 20:11:05.181995 np0000171163 devstack@neutron-api.service[104450]: DEBUG neutron.plugins.ml2.drivers.ovn.mech_driver.ovsdb.ovsdb_monitor [None req-fff4de5e-b87f-461c-9aa3-a4426624782f None None] Hash Ring: Node 68512dbe1ac8522381c90a0054788315 (host: np0000171163) handling event "create" for row dc72b8a5-75fb-4149-b6a1-7155c6338284 (table: Connection) {{(pid=104450) notify /opt/stack/neutron/neutron/plugins/ml2/drivers/ovn/mech_driver/ovsdb/ovsdb_monitor.py:914}}
Apr 28 20:11:05.182894 np0000171163 devstack@neutron-api.service[104450]: INFO neutron.plugins.ml2.drivers.ovn.mech_driver.ovsdb.impl_idl_ovn [None req-fff4de5e-b87f-461c-9aa3-a4426624782f None None] Getting OvsdbSbOvnIdl for WorkerService with retry
Apr 28 20:11:05.194828 np0000171163 devstack@neutron-api.service[104448]: DEBUG ovsdbapp.backend.ovs_idl [None req-bceac03e-2fa8-438d-853e-0e1eb5727ea7 None None] Created lookup_table index Chassis.name {{(pid=104448) autocreate_indices /opt/stack/data/venv/lib/python3.12/site-packages/ovsdbapp/backend/ovs_idl/__init__.py:87}}
Apr 28 20:11:05.194978 np0000171163 devstack@neutron-api.service[104448]: DEBUG ovsdbapp.backend.ovs_idl [None req-bceac03e-2fa8-438d-853e-0e1eb5727ea7 None None] Created lookup_table index Port_Binding.logical_port {{(pid=104448) autocreate_indices /opt/stack/data/venv/lib/python3.12/site-packages/ovsdbapp/backend/ovs_idl/__init__.py:87}}
Apr 28 20:11:05.195085 np0000171163 devstack@neutron-api.service[104448]: DEBUG ovsdbapp.backend.ovs_idl [None req-bceac03e-2fa8-438d-853e-0e1eb5727ea7 None None] Created schema index Chassis_Private.name {{(pid=104448) autocreate_indices /opt/stack/data/venv/lib/python3.12/site-packages/ovsdbapp/backend/ovs_idl/__init__.py:106}}
Apr 28 20:11:05.195170 np0000171163 devstack@neutron-api.service[104448]: DEBUG ovsdbapp.backend.ovs_idl [None req-bceac03e-2fa8-438d-853e-0e1eb5727ea7 None None] Created schema index Datapath_Binding.tunnel_key {{(pid=104448) autocreate_indices /opt/stack/data/venv/lib/python3.12/site-packages/ovsdbapp/backend/ovs_idl/__init__.py:106}}
Apr 28 20:11:05.197752 np0000171163 devstack@neutron-api.service[104448]: INFO ovsdbapp.backend.ovs_idl.vlog [None req-bceac03e-2fa8-438d-853e-0e1eb5727ea7 None None] ssl:199.19.213.102:6642: connecting...
Apr 28 20:11:05.204563 np0000171163 devstack@neutron-api.service[104448]: INFO ovsdbapp.backend.ovs_idl.vlog [None req-bceac03e-2fa8-438d-853e-0e1eb5727ea7 None None] ssl:199.19.213.102:6642: connected
Apr 28 20:11:05.216945 np0000171163 devstack@neutron-api.service[104450]: DEBUG ovsdbapp.backend.ovs_idl [None req-fff4de5e-b87f-461c-9aa3-a4426624782f None None] Created lookup_table index Chassis.name {{(pid=104450) autocreate_indices /opt/stack/data/venv/lib/python3.12/site-packages/ovsdbapp/backend/ovs_idl/__init__.py:87}}
Apr 28 20:11:05.217013 np0000171163 devstack@neutron-api.service[104450]: DEBUG ovsdbapp.backend.ovs_idl [None req-fff4de5e-b87f-461c-9aa3-a4426624782f None None] Created lookup_table index Port_Binding.logical_port {{(pid=104450) autocreate_indices /opt/stack/data/venv/lib/python3.12/site-packages/ovsdbapp/backend/ovs_idl/__init__.py:87}}
Apr 28 20:11:05.217124 np0000171163 devstack@neutron-api.service[104450]: DEBUG ovsdbapp.backend.ovs_idl [None req-fff4de5e-b87f-461c-9aa3-a4426624782f None None] Created schema index Chassis_Private.name {{(pid=104450) autocreate_indices /opt/stack/data/venv/lib/python3.12/site-packages/ovsdbapp/backend/ovs_idl/__init__.py:106}}
Apr 28 20:11:05.217206 np0000171163 devstack@neutron-api.service[104450]: DEBUG ovsdbapp.backend.ovs_idl [None req-fff4de5e-b87f-461c-9aa3-a4426624782f None None] Created schema index Datapath_Binding.tunnel_key {{(pid=104450) autocreate_indices /opt/stack/data/venv/lib/python3.12/site-packages/ovsdbapp/backend/ovs_idl/__init__.py:106}}
Apr 28 20:11:05.219589 np0000171163 devstack@neutron-api.service[104450]: INFO ovsdbapp.backend.ovs_idl.vlog [None req-fff4de5e-b87f-461c-9aa3-a4426624782f None None] ssl:199.19.213.102:6642: connecting...
Apr 28 20:11:05.224169 np0000171163 devstack@neutron-api.service[104450]: INFO ovsdbapp.backend.ovs_idl.vlog [None req-fff4de5e-b87f-461c-9aa3-a4426624782f None None] ssl:199.19.213.102:6642: connected
Apr 28 20:11:05.233008 np0000171163 devstack@neutron-api.service[104449]: DEBUG ovsdbapp.backend.ovs_idl [None req-5f58175b-0948-4c58-95b3-7850d10b3e72 None None] Created lookup_table index Logical_Switch.name {{(pid=104449) autocreate_indices /opt/stack/data/venv/lib/python3.12/site-packages/ovsdbapp/backend/ovs_idl/__init__.py:87}}
Apr 28 20:11:05.233008 np0000171163 devstack@neutron-api.service[104449]: DEBUG ovsdbapp.backend.ovs_idl [None req-5f58175b-0948-4c58-95b3-7850d10b3e72 None None] Created lookup_table index Logical_Router.name {{(pid=104449) autocreate_indices /opt/stack/data/venv/lib/python3.12/site-packages/ovsdbapp/backend/ovs_idl/__init__.py:87}}
Apr 28 20:11:05.233008 np0000171163 devstack@neutron-api.service[104449]: DEBUG ovsdbapp.backend.ovs_idl [None req-5f58175b-0948-4c58-95b3-7850d10b3e72 None None] Created lookup_table index Load_Balancer.name {{(pid=104449) autocreate_indices /opt/stack/data/venv/lib/python3.12/site-packages/ovsdbapp/backend/ovs_idl/__init__.py:87}}
Apr 28 20:11:05.233008 np0000171163 devstack@neutron-api.service[104449]: DEBUG ovsdbapp.backend.ovs_idl [None req-5f58175b-0948-4c58-95b3-7850d10b3e72 None None] Created schema index Copp.name {{(pid=104449) autocreate_indices /opt/stack/data/venv/lib/python3.12/site-packages/ovsdbapp/backend/ovs_idl/__init__.py:106}}
