May 29 01:27:55.883044 np0000177363 devstack@neutron-api.service[103407]: DEBUG ovsdbapp.backend.ovs_idl [None req-aba855eb-00e5-4768-a683-57339f93dc74 None None] Created schema index Meter.name {{(pid=103407) autocreate_indices /opt/stack/data/venv/lib/python3.12/site-packages/ovsdbapp/backend/ovs_idl/__init__.py:106}}
May 29 01:27:55.883175 np0000177363 devstack@neutron-api.service[103407]: DEBUG ovsdbapp.backend.ovs_idl [None req-aba855eb-00e5-4768-a683-57339f93dc74 None None] Created schema index Load_Balancer_Group.name {{(pid=103407) autocreate_indices /opt/stack/data/venv/lib/python3.12/site-packages/ovsdbapp/backend/ovs_idl/__init__.py:106}}
May 29 01:27:55.883231 np0000177363 devstack@neutron-api.service[103410]: INFO ovsdbapp.backend.ovs_idl.vlog [None req-729e6f80-e377-4010-9a67-b529164ffa12 None None] ssl:199.204.45.78:6642: connecting...
May 29 01:27:55.883292 np0000177363 devstack@neutron-api.service[103407]: DEBUG ovsdbapp.backend.ovs_idl [None req-aba855eb-00e5-4768-a683-57339f93dc74 None None] Created schema index HA_Chassis_Group.name {{(pid=103407) autocreate_indices /opt/stack/data/venv/lib/python3.12/site-packages/ovsdbapp/backend/ovs_idl/__init__.py:106}}
May 29 01:27:55.883375 np0000177363 devstack@neutron-api.service[103407]: DEBUG ovsdbapp.backend.ovs_idl [None req-aba855eb-00e5-4768-a683-57339f93dc74 None None] Created schema index Address_Set.name {{(pid=103407) autocreate_indices /opt/stack/data/venv/lib/python3.12/site-packages/ovsdbapp/backend/ovs_idl/__init__.py:106}}
May 29 01:27:55.883479 np0000177363 devstack@neutron-api.service[103407]: DEBUG ovsdbapp.backend.ovs_idl [None req-aba855eb-00e5-4768-a683-57339f93dc74 None None] Created schema index Connection.target {{(pid=103407) autocreate_indices /opt/stack/data/venv/lib/python3.12/site-packages/ovsdbapp/backend/ovs_idl/__init__.py:106}}
May 29 01:27:55.883583 np0000177363 devstack@neutron-api.service[103407]: DEBUG ovsdbapp.backend.ovs_idl [None req-aba855eb-00e5-4768-a683-57339f93dc74 None None] Created schema index Gateway_Chassis.name {{(pid=103407) autocreate_indices /opt/stack/data/venv/lib/python3.12/site-packages/ovsdbapp/backend/ovs_idl/__init__.py:106}}
May 29 01:27:55.883775 np0000177363 devstack@neutron-api.service[103407]: DEBUG ovsdbapp.backend.ovs_idl [None req-aba855eb-00e5-4768-a683-57339f93dc74 None None] Created schema index Mirror.name {{(pid=103407) autocreate_indices /opt/stack/data/venv/lib/python3.12/site-packages/ovsdbapp/backend/ovs_idl/__init__.py:106}}
May 29 01:27:55.883863 np0000177363 devstack@neutron-api.service[103407]: DEBUG ovsdbapp.backend.ovs_idl [None req-aba855eb-00e5-4768-a683-57339f93dc74 None None] Created schema index Chassis_Template_Var.chassis {{(pid=103407) autocreate_indices /opt/stack/data/venv/lib/python3.12/site-packages/ovsdbapp/backend/ovs_idl/__init__.py:106}}
May 29 01:27:55.884075 np0000177363 devstack@neutron-api.service[103407]: DEBUG ovsdbapp.backend.ovs_idl [None req-aba855eb-00e5-4768-a683-57339f93dc74 None None] Created schema index Logical_Router_Port.name {{(pid=103407) autocreate_indices /opt/stack/data/venv/lib/python3.12/site-packages/ovsdbapp/backend/ovs_idl/__init__.py:106}}
May 29 01:27:55.884075 np0000177363 devstack@neutron-api.service[103407]: DEBUG ovsdbapp.backend.ovs_idl [None req-aba855eb-00e5-4768-a683-57339f93dc74 None None] Created schema index Port_Group.name {{(pid=103407) autocreate_indices /opt/stack/data/venv/lib/python3.12/site-packages/ovsdbapp/backend/ovs_idl/__init__.py:106}}
May 29 01:27:55.884208 np0000177363 devstack@neutron-api.service[103407]: DEBUG ovsdbapp.backend.ovs_idl [None req-aba855eb-00e5-4768-a683-57339f93dc74 None None] Created schema index Logical_Switch_Port.name {{(pid=103407) autocreate_indices /opt/stack/data/venv/lib/python3.12/site-packages/ovsdbapp/backend/ovs_idl/__init__.py:106}}
May 29 01:27:55.887154 np0000177363 devstack@neutron-api.service[103407]: INFO ovsdbapp.backend.ovs_idl.vlog [None req-aba855eb-00e5-4768-a683-57339f93dc74 None None] ssl:199.204.45.78:6641: connecting...
May 29 01:27:55.891080 np0000177363 devstack@neutron-api.service[103410]: INFO ovsdbapp.backend.ovs_idl.vlog [None req-729e6f80-e377-4010-9a67-b529164ffa12 None None] ssl:199.204.45.78:6642: connected
May 29 01:27:55.892665 np0000177363 devstack@neutron-api.service[103407]: INFO ovsdbapp.backend.ovs_idl.vlog [None req-aba855eb-00e5-4768-a683-57339f93dc74 None None] ssl:199.204.45.78:6641: connected
May 29 01:27:55.907542 np0000177363 devstack@neutron-api.service[103409]: DEBUG ovsdbapp.backend.ovs_idl [None req-8a8298cd-45b2-4b59-bbd7-15f0487e87bd None None] Created lookup_table index Chassis.name {{(pid=103409) autocreate_indices /opt/stack/data/venv/lib/python3.12/site-packages/ovsdbapp/backend/ovs_idl/__init__.py:87}}
May 29 01:27:55.907542 np0000177363 devstack@neutron-api.service[103409]: DEBUG ovsdbapp.backend.ovs_idl [None req-8a8298cd-45b2-4b59-bbd7-15f0487e87bd None None] Created lookup_table index Port_Binding.logical_port {{(pid=103409) autocreate_indices /opt/stack/data/venv/lib/python3.12/site-packages/ovsdbapp/backend/ovs_idl/__init__.py:87}}
May 29 01:27:55.907542 np0000177363 devstack@neutron-api.service[103409]: DEBUG ovsdbapp.backend.ovs_idl [None req-8a8298cd-45b2-4b59-bbd7-15f0487e87bd None None] Created schema index Chassis_Private.name {{(pid=103409) autocreate_indices /opt/stack/data/venv/lib/python3.12/site-packages/ovsdbapp/backend/ovs_idl/__init__.py:106}}
May 29 01:27:55.907542 np0000177363 devstack@neutron-api.service[103409]: DEBUG ovsdbapp.backend.ovs_idl [None req-8a8298cd-45b2-4b59-bbd7-15f0487e87bd None None] Created schema index Datapath_Binding.tunnel_key {{(pid=103409) autocreate_indices /opt/stack/data/venv/lib/python3.12/site-packages/ovsdbapp/backend/ovs_idl/__init__.py:106}}
May 29 01:27:55.909083 np0000177363 devstack@neutron-api.service[103409]: INFO ovsdbapp.backend.ovs_idl.vlog [None req-8a8298cd-45b2-4b59-bbd7-15f0487e87bd None None] ssl:199.204.45.78:6642: connecting...
May 29 01:27:55.914791 np0000177363 devstack@neutron-api.service[103409]: INFO ovsdbapp.backend.ovs_idl.vlog [None req-8a8298cd-45b2-4b59-bbd7-15f0487e87bd None None] ssl:199.204.45.78:6642: connected
May 29 01:27:55.919550 np0000177363 devstack@neutron-api.service[103410]: DEBUG neutron.common.ovn.hash_ring_manager [None req-729e6f80-e377-4010-9a67-b529164ffa12 None None] Allow caching, nodes 4>=4 {{(pid=103410) _wait_startup_before_caching /opt/stack/neutron/neutron/common/ovn/hash_ring_manager.py:65}}
May 29 01:27:55.924058 np0000177363 devstack@neutron-api.service[103410]: DEBUG neutron.common.ovn.hash_ring_manager [None req-729e6f80-e377-4010-9a67-b529164ffa12 None None] Hash Ring loaded. 4 active nodes. 0 offline nodes {{(pid=103410) _load_hash_ring /opt/stack/neutron/neutron/common/ovn/hash_ring_manager.py:102}}
May 29 01:27:55.924058 np0000177363 devstack@neutron-api.service[103410]: DEBUG neutron.plugins.ml2.drivers.ovn.mech_driver.ovsdb.ovsdb_monitor [None req-729e6f80-e377-4010-9a67-b529164ffa12 None None] ChassisAgentWriteEvent : Matched Chassis_Private, create, None None {{(pid=103410) matches /opt/stack/neutron/neutron/plugins/ml2/drivers/ovn/mech_driver/ovsdb/ovsdb_monitor.py:64}}
May 29 01:27:55.924058 np0000177363 devstack@neutron-api.service[103410]: DEBUG neutron.plugins.ml2.drivers.ovn.mech_driver.ovsdb.ovsdb_monitor [None req-729e6f80-e377-4010-9a67-b529164ffa12 None None] ChassisOVNAgentWriteEvent : Matched Chassis_Private, create, None None {{(pid=103410) matches /opt/stack/neutron/neutron/plugins/ml2/drivers/ovn/mech_driver/ovsdb/ovsdb_monitor.py:64}}
May 29 01:27:55.926690 np0000177363 devstack@neutron-api.service[103410]: INFO neutron.plugins.ml2.drivers.ovn.mech_driver.mech_driver [None req-729e6f80-e377-4010-9a67-b529164ffa12 None None] WorkerService process has finished the post initialization
May 29 01:27:55.928466 np0000177363 devstack@neutron-api.service[103410]: WSGI app 0 (mountpoint='') ready in 7 seconds on interpreter 0x7413842a3668 pid: 103410 (default app)
May 29 01:27:55.930642 np0000177363 devstack@neutron-api.service[103407]: DEBUG neutron.common.ovn.hash_ring_manager [None req-aba855eb-00e5-4768-a683-57339f93dc74 None None] Allow caching, nodes 4>=4 {{(pid=103407) _wait_startup_before_caching /opt/stack/neutron/neutron/common/ovn/hash_ring_manager.py:65}}
May 29 01:27:55.941988 np0000177363 devstack@neutron-api.service[103407]: DEBUG neutron.common.ovn.hash_ring_manager [None req-aba855eb-00e5-4768-a683-57339f93dc74 None None] Hash Ring loaded. 4 active nodes. 0 offline nodes {{(pid=103407) _load_hash_ring /opt/stack/neutron/neutron/common/ovn/hash_ring_manager.py:102}}
May 29 01:27:55.942595 np0000177363 devstack@neutron-api.service[103407]: DEBUG neutron.plugins.ml2.drivers.ovn.mech_driver.ovsdb.ovsdb_monitor [None req-aba855eb-00e5-4768-a683-57339f93dc74 None None] Hash Ring: Node 280280eed9f95d06898351fc64c12574 (host: np0000177363) handling event "create" for row b30a68cc-0818-4b5f-baf7-3cea3f02cd42 (table: SSL) {{(pid=103407) notify /opt/stack/neutron/neutron/plugins/ml2/drivers/ovn/mech_driver/ovsdb/ovsdb_monitor.py:986}}
May 29 01:27:55.944161 np0000177363 devstack@neutron-api.service[103407]: INFO neutron.plugins.ml2.drivers.ovn.mech_driver.ovsdb.impl_idl_ovn [None req-aba855eb-00e5-4768-a683-57339f93dc74 None None] Getting OvsdbSbOvnIdl for WorkerService with retry
May 29 01:27:55.945088 np0000177363 devstack@neutron-api.service[103409]: DEBUG neutron.common.ovn.hash_ring_manager [None req-8a8298cd-45b2-4b59-bbd7-15f0487e87bd None None] Allow caching, nodes 4>=4 {{(pid=103409) _wait_startup_before_caching /opt/stack/neutron/neutron/common/ovn/hash_ring_manager.py:65}}
May 29 01:27:55.953443 np0000177363 devstack@neutron-api.service[103409]: DEBUG neutron.common.ovn.hash_ring_manager [None req-8a8298cd-45b2-4b59-bbd7-15f0487e87bd None None] Hash Ring loaded. 4 active nodes. 0 offline nodes {{(pid=103409) _load_hash_ring /opt/stack/neutron/neutron/common/ovn/hash_ring_manager.py:102}}
May 29 01:27:55.953443 np0000177363 devstack@neutron-api.service[103409]: DEBUG neutron.plugins.ml2.drivers.ovn.mech_driver.ovsdb.ovsdb_monitor [None req-8a8298cd-45b2-4b59-bbd7-15f0487e87bd None None] ChassisAgentWriteEvent : Matched Chassis_Private, create, None None {{(pid=103409) matches /opt/stack/neutron/neutron/plugins/ml2/drivers/ovn/mech_driver/ovsdb/ovsdb_monitor.py:64}}
May 29 01:27:55.953443 np0000177363 devstack@neutron-api.service[103409]: DEBUG neutron.plugins.ml2.drivers.ovn.mech_driver.ovsdb.ovsdb_monitor [None req-8a8298cd-45b2-4b59-bbd7-15f0487e87bd None None] ChassisOVNAgentWriteEvent : Matched Chassis_Private, create, None None {{(pid=103409) matches /opt/stack/neutron/neutron/plugins/ml2/drivers/ovn/mech_driver/ovsdb/ovsdb_monitor.py:64}}
May 29 01:27:55.953443 np0000177363 devstack@neutron-api.service[103409]: DEBUG neutron.plugins.ml2.drivers.ovn.mech_driver.ovsdb.ovsdb_monitor [None req-8a8298cd-45b2-4b59-bbd7-15f0487e87bd None None] Hash Ring: Node 328db02614b853f3adf822a3e9244f91 (host: np0000177363) handling event "create" for row 4ed913bc-5b36-43a0-8fb1-1800d0b8e385 (table: Chassis_Private) {{(pid=103409) notify /opt/stack/neutron/neutron/plugins/ml2/drivers/ovn/mech_driver/ovsdb/ovsdb_monitor.py:986}}
May 29 01:27:55.953443 np0000177363 devstack@neutron-api.service[103409]: INFO neutron.plugins.ml2.drivers.ovn.mech_driver.mech_driver [None req-8a8298cd-45b2-4b59-bbd7-15f0487e87bd None None] WorkerService process has finished the post initialization
May 29 01:27:55.953443 np0000177363 devstack@neutron-api.service[103409]: WSGI app 0 (mountpoint='') ready in 7 seconds on interpreter 0x7413842a3668 pid: 103409 (default app)
May 29 01:27:55.974582 np0000177363 devstack@neutron-api.service[103407]: DEBUG ovsdbapp.backend.ovs_idl [None req-aba855eb-00e5-4768-a683-57339f93dc74 None None] Created lookup_table index Chassis.name {{(pid=103407) autocreate_indices /opt/stack/data/venv/lib/python3.12/site-packages/ovsdbapp/backend/ovs_idl/__init__.py:87}}
May 29 01:27:55.974777 np0000177363 devstack@neutron-api.service[103407]: DEBUG ovsdbapp.backend.ovs_idl [None req-aba855eb-00e5-4768-a683-57339f93dc74 None None] Created lookup_table index Port_Binding.logical_port {{(pid=103407) autocreate_indices /opt/stack/data/venv/lib/python3.12/site-packages/ovsdbapp/backend/ovs_idl/__init__.py:87}}
May 29 01:27:55.974777 np0000177363 devstack@neutron-api.service[103407]: DEBUG ovsdbapp.backend.ovs_idl [None req-aba855eb-00e5-4768-a683-57339f93dc74 None None] Created schema index Chassis_Private.name {{(pid=103407) autocreate_indices /opt/stack/data/venv/lib/python3.12/site-packages/ovsdbapp/backend/ovs_idl/__init__.py:106}}
May 29 01:27:55.974875 np0000177363 devstack@neutron-api.service[103407]: DEBUG ovsdbapp.backend.ovs_idl [None req-aba855eb-00e5-4768-a683-57339f93dc74 None None] Created schema index Datapath_Binding.tunnel_key {{(pid=103407) autocreate_indices /opt/stack/data/venv/lib/python3.12/site-packages/ovsdbapp/backend/ovs_idl/__init__.py:106}}
May 29 01:27:55.977400 np0000177363 devstack@neutron-api.service[103407]: INFO ovsdbapp.backend.ovs_idl.vlog [None req-aba855eb-00e5-4768-a683-57339f93dc74 None None] ssl:199.204.45.78:6642: connecting...
May 29 01:27:55.982853 np0000177363 devstack@neutron-api.service[103407]: INFO ovsdbapp.backend.ovs_idl.vlog [None req-aba855eb-00e5-4768-a683-57339f93dc74 None None] ssl:199.204.45.78:6642: connected
May 29 01:27:56.009737 np0000177363 devstack@neutron-api.service[103407]: DEBUG neutron.common.ovn.hash_ring_manager [None req-aba855eb-00e5-4768-a683-57339f93dc74 None None] Allow caching, nodes 4>=4 {{(pid=103407) _wait_startup_before_caching /opt/stack/neutron/neutron/common/ovn/hash_ring_manager.py:65}}
May 29 01:27:56.016265 np0000177363 devstack@neutron-api.service[103407]: DEBUG neutron.common.ovn.hash_ring_manager [None req-aba855eb-00e5-4768-a683-57339f93dc74 None None] Hash Ring loaded. 4 active nodes. 0 offline nodes {{(pid=103407) _load_hash_ring /opt/stack/neutron/neutron/common/ovn/hash_ring_manager.py:102}}
May 29 01:27:56.016408 np0000177363 devstack@neutron-api.service[103407]: DEBUG neutron.plugins.ml2.drivers.ovn.mech_driver.ovsdb.ovsdb_monitor [None req-aba855eb-00e5-4768-a683-57339f93dc74 None None] Hash Ring: Node 280280eed9f95d06898351fc64c12574 (host: np0000177363) handling event "create" for row 54897806-a340-487c-ac9b-0f525c0c25d4 (table: Chassis) {{(pid=103407) notify /opt/stack/neutron/neutron/plugins/ml2/drivers/ovn/mech_driver/ovsdb/ovsdb_monitor.py:986}}
May 29 01:27:56.017202 np0000177363 devstack@neutron-api.service[103407]: DEBUG ovsdbapp.backend.ovs_idl.event [None req-aba855eb-00e5-4768-a683-57339f93dc74 None None] Matched CREATE: ChassisBandwidthConfigEvent(events=('create', 'update'), table='Chassis', conditions=None, old_conditions=None), priority=20 to row=Chassis(uuid=54897806-a340-487c-ac9b-0f525c0c25d4, encaps=[411400af-699d-49c1-b137-05138a4f4d13], external_ids={}, hostname='np0000177363', name='e58371af-4119-4c95-aeac-cf67ebfa4604', nb_cfg=0, other_config={'ct-commit-nat-v2': 'true', 'ct-commit-to-zone': 'true', 'ct-next-zone': 'true', 'ct-no-masked-label': 'true', 'ct-state-save': 'true', 'datapath-type': 'system', 'fdb-timestamp': 'true', 'iface-types': 'afxdp,afxdp-nonpmd,bareudp,erspan,geneve,gre,gtpu,internal,ip6erspan,ip6gre,lisp,patch,srv6,stt,system,tap,vxlan', 'is-interconn': 'false', 'ls-dpg-column': 'true', 'mac-binding-timestamp': 'true', 'ovn-bridge-mappings': 'public:br-ex', 'ovn-chassis-mac-mappings': '', 'ovn-cms-options': 'enable-chassis-as-gw', 'ovn-ct-lb-related': 'true', 'ovn-enable-lflow-cache': 'true', 'ovn-limit-lflow-cache': '', 'ovn-memlimit-lflow-cache-kb': '', 'ovn-monitor-all': 'false', 'ovn-trim-limit-lflow-cache': '', 'ovn-trim-timeout-ms': '', 'ovn-trim-wmark-perc-lflow-cache': '', 'port-up-notif': 'true'}, transport_zones=[], vtep_logical_switches=[]) old= {{(pid=103407) matches /opt/stack/data/venv/lib/python3.12/site-packages/ovsdbapp/backend/ovs_idl/event.py:55}}
May 29 01:27:56.017686 np0000177363 devstack@neutron-api.service[103407]: DEBUG neutron.plugins.ml2.drivers.ovn.mech_driver.ovsdb.ovsdb_monitor [None req-aba855eb-00e5-4768-a683-57339f93dc74 None None] ChassisAgentWriteEvent : Matched Chassis_Private, create, None None {{(pid=103407) matches /opt/stack/neutron/neutron/plugins/ml2/drivers/ovn/mech_driver/ovsdb/ovsdb_monitor.py:64}}
May 29 01:27:56.017828 np0000177363 devstack@neutron-api.service[103407]: DEBUG neutron.plugins.ml2.drivers.ovn.mech_driver.ovsdb.ovsdb_monitor [None req-aba855eb-00e5-4768-a683-57339f93dc74 None None] ChassisOVNAgentWriteEvent : Matched Chassis_Private, create, None None {{(pid=103407) matches /opt/stack/neutron/neutron/plugins/ml2/drivers/ovn/mech_driver/ovsdb/ovsdb_monitor.py:64}}
May 29 01:27:56.018123 np0000177363 devstack@neutron-api.service[103407]: DEBUG neutron.plugins.ml2.drivers.ovn.mech_driver.ovsdb.ovsdb_monitor [None req-aba855eb-00e5-4768-a683-57339f93dc74 None None] Hash Ring: Node 280280eed9f95d06898351fc64c12574 (host: np0000177363) handling event "create" for row 411400af-699d-49c1-b137-05138a4f4d13 (table: Encap) {{(pid=103407) notify /opt/stack/neutron/neutron/plugins/ml2/drivers/ovn/mech_driver/ovsdb/ovsdb_monitor.py:986}}
May 29 01:27:56.019315 np0000177363 devstack@neutron-api.service[103407]: INFO neutron.plugins.ml2.drivers.ovn.mech_driver.mech_driver [None req-aba855eb-00e5-4768-a683-57339f93dc74 None None] WorkerService process has finished the post initialization
May 29 01:27:56.020134 np0000177363 devstack@neutron-api.service[103407]: INFO neutron.plugins.ml2.drivers.ovn.mech_driver.ovsdb.extensions.qos [-] Starting OVNClientQosExtension
May 29 01:27:56.020442 np0000177363 devstack@neutron-api.service[103407]: INFO neutron.plugins.ml2.drivers.ovn.mech_driver.ovsdb.extensions.placement [-] Starting OVNClientPlacementExtension
May 29 01:27:56.023112 np0000177363 devstack@neutron-api.service[103407]: WSGI app 0 (mountpoint='') ready in 8 seconds on interpreter 0x7413842a3668 pid: 103407 (default app)
May 29 01:27:56.865323 np0000177363 devstack@neutron-api.service[103408]: DEBUG neutron.common.ovn.hash_ring_manager [-] Allow caching, nodes 4>=4 {{(pid=103408) _wait_startup_before_caching /opt/stack/neutron/neutron/common/ovn/hash_ring_manager.py:65}}
May 29 01:27:56.865673 np0000177363 devstack@neutron-api.service[103408]: DEBUG neutron.plugins.ml2.drivers.ovn.mech_driver.ovsdb.ovsdb_monitor [-] Hash Ring: Node 28ec90a29b1753a580e53ab1991f516c (host: np0000177363) handling event "update" for row a45ebfc1-8a41-4743-b428-38ba71914965 (table: Connection) {{(pid=103408) notify /opt/stack/neutron/neutron/plugins/ml2/drivers/ovn/mech_driver/ovsdb/ovsdb_monitor.py:986}}
May 29 01:27:59.359964 np0000177363 devstack@neutron-api.service[103408]: DEBUG neutron.plugins.ml2.drivers.ovn.mech_driver.ovsdb.ovsdb_monitor [-] Hash Ring: Node 28ec90a29b1753a580e53ab1991f516c (host: np0000177363) handling event "update" for row a45ebfc1-8a41-4743-b428-38ba71914965 (table: Connection) {{(pid=103408) notify /opt/stack/neutron/neutron/plugins/ml2/drivers/ovn/mech_driver/ovsdb/ovsdb_monitor.py:986}}
May 29 01:28:02.183577 np0000177363 devstack@neutron-api.service[103408]: DEBUG neutron.api.wsgi [None req-e6db0ea4-dc2d-40ef-ab19-8114d8383eb3 admin admin] Missing Content-Type {{(pid=103408) get_content_type /opt/stack/neutron/neutron/api/wsgi.py:80}}
May 29 01:28:02.184102 np0000177363 devstack@neutron-api.service[103408]: DEBUG neutron.api.wsgi [None req-e6db0ea4-dc2d-40ef-ab19-8114d8383eb3 admin admin] https://199.204.45.78/networking/v2.0/extensions returned with HTTP 200 {{(pid=103408) __call__ /opt/stack/neutron/neutron/api/wsgi.py:540}}
May 29 01:28:02.184421 np0000177363 devstack@neutron-api.service[103408]: [pid: 103408|app: 0|req: 2/2] 199.204.45.78 () {64 vars in 1316 bytes} [Fri May 29 01:28:01 2026] GET /networking/v2.0/extensions => generated 15209 bytes in 600 msecs (HTTP/1.1 200) 4 headers in 159 bytes (1 switches on core 0)
May 29 01:28:02.605764 np0000177363 devstack@neutron-api.service[103410]: DEBUG neutron.api.v2.base [None req-e462f73a-acd0-488c-b27d-054bab9a45a1 admin admin] Request body: {'subnetpool': {'prefixes': ['10.1.0.0/20'], 'is_default': True, 'default_prefixlen': 26, 'shared': True, 'name': 'shared-default-subnetpool-v4'}} {{(pid=103410) prepare_request_body /opt/stack/neutron/neutron/api/v2/base.py:727}}
May 29 01:28:02.817458 np0000177363 devstack@neutron-api.service[103410]: DEBUG neutron.policy [None req-e462f73a-acd0-488c-b27d-054bab9a45a1 admin admin] Loaded default policies from ['neutron'] under neutron.policies entry points {{(pid=103410) register_rules /opt/stack/neutron/neutron/policy.py:65}}
May 29 01:28:02.974537 np0000177363 devstack@neutron-api.service[103410]: DEBUG neutron_lib.callbacks.manager [None req-e462f73a-acd0-488c-b27d-054bab9a45a1 admin admin] Publish callbacks ['neutron.objects.securitygroup.RbacNeutronDbObjectMixin.validate_rbac_policy_change-2749447542699', 'neutron.objects.address_group.RbacNeutronDbObjectMixin.validate_rbac_policy_change-2749447663628', 'neutron.objects.network.RbacNeutronDbObjectMixin.validate_rbac_policy_change-2749447650131', 'neutron.objects.qos.policy.RbacNeutronDbObjectMixin.validate_rbac_policy_change-2749447633694', 'neutron.objects.subnetpool.RbacNeutronDbObjectMixin.validate_rbac_policy_change-2749447607528', 'neutron.objects.address_scope.RbacNeutronDbObjectMixin.validate_rbac_policy_change-2749447732741', 'neutron.plugins.ml2.plugin.External_net_db_mixin._process_ext_policy_create-167945', 'neutron.plugins.ml2.plugin.NeutronDbPluginV2.validate_network_rbac_policy_change-262097'] for rbac-policy (None), before_create {{(pid=103410) _notify_loop /opt/stack/data/venv/lib/python3.12/site-packages/neutron_lib/callbacks/manager.py:184}}
May 29 01:28:03.034160 np0000177363 devstack@neutron-api.service[103410]: DEBUG neutron_lib.callbacks.manager [None req-e462f73a-acd0-488c-b27d-054bab9a45a1 admin admin] Publish callbacks [] for subnetpool (None), before_response {{(pid=103410) _notify_loop /opt/stack/data/venv/lib/python3.12/site-packages/neutron_lib/callbacks/manager.py:184}}
May 29 01:28:03.034947 np0000177363 devstack@neutron-api.service[103410]: [pid: 103410|app: 0|req: 1/3] 199.204.45.78 () {68 vars in 1360 bytes} [Fri May 29 01:28:02 2026] POST /networking/v2.0/subnetpools => generated 533 bytes in 547 msecs (HTTP/1.1 201) 4 headers in 162 bytes (1 switches on core 0)
May 29 01:28:03.376468 np0000177363 devstack@neutron-api.service[103409]: DEBUG neutron.api.v2.base [None req-0061c82c-c3cf-458b-a30c-75dacffe8069 admin admin] Request body: {'subnetpool': {'prefixes': ['fd4b:a7ed:2f8f::/56'], 'is_default': True, 'default_prefixlen': 64, 'shared': True, 'name': 'shared-default-subnetpool-v6'}} {{(pid=103409) prepare_request_body /opt/stack/neutron/neutron/api/v2/base.py:727}}
May 29 01:28:03.568524 np0000177363 devstack@neutron-api.service[103409]: DEBUG neutron.policy [None req-0061c82c-c3cf-458b-a30c-75dacffe8069 admin admin] Loaded default policies from ['neutron'] under neutron.policies entry points {{(pid=103409) register_rules /opt/stack/neutron/neutron/policy.py:65}}
May 29 01:28:03.748064 np0000177363 devstack@neutron-api.service[103409]: DEBUG neutron_lib.callbacks.manager [None req-0061c82c-c3cf-458b-a30c-75dacffe8069 admin admin] Publish callbacks ['neutron.objects.securitygroup.RbacNeutronDbObjectMixin.validate_rbac_policy_change-2749448060141', 'neutron.objects.address_group.RbacNeutronDbObjectMixin.validate_rbac_policy_change-2749448034151', 'neutron.objects.network.RbacNeutronDbObjectMixin.validate_rbac_policy_change-2749447957381', 'neutron.objects.qos.policy.RbacNeutronDbObjectMixin.validate_rbac_policy_change-2749447960957', 'neutron.objects.subnetpool.RbacNeutronDbObjectMixin.validate_rbac_policy_change-2749447940206', 'neutron.objects.address_scope.RbacNeutronDbObjectMixin.validate_rbac_policy_change-2749447908041', 'neutron.plugins.ml2.plugin.External_net_db_mixin._process_ext_policy_create-839661', 'neutron.plugins.ml2.plugin.NeutronDbPluginV2.validate_network_rbac_policy_change-831257'] for rbac-policy (None), before_create {{(pid=103409) _notify_loop /opt/stack/data/venv/lib/python3.12/site-packages/neutron_lib/callbacks/manager.py:184}}
May 29 01:28:03.795260 np0000177363 devstack@neutron-api.service[103409]: DEBUG neutron_lib.callbacks.manager [None req-0061c82c-c3cf-458b-a30c-75dacffe8069 admin admin] Publish callbacks [] for subnetpool (None), before_response {{(pid=103409) _notify_loop /opt/stack/data/venv/lib/python3.12/site-packages/neutron_lib/callbacks/manager.py:184}}
May 29 01:28:03.795976 np0000177363 devstack@neutron-api.service[103409]: [pid: 103409|app: 0|req: 1/4] 199.204.45.78 () {68 vars in 1360 bytes} [Fri May 29 01:28:03 2026] POST /networking/v2.0/subnetpools => generated 543 bytes in 530 msecs (HTTP/1.1 201) 4 headers in 162 bytes (1 switches on core 0)
May 29 01:28:04.212639 np0000177363 devstack@neutron-api.service[103407]: DEBUG neutron.api.v2.base [None req-918580d4-d3f6-449b-8777-8a1c56ceb0c8 admin admin] Request body: {'network': {'name': 'private', 'admin_state_up': True}} {{(pid=103407) prepare_request_body /opt/stack/neutron/neutron/api/v2/base.py:727}}
May 29 01:28:04.250082 np0000177363 devstack@neutron-api.service[103407]: DEBUG neutron.pecan_wsgi.hooks.quota_enforcement [None req-918580d4-d3f6-449b-8777-8a1c56ceb0c8 admin admin] Made reservation on behalf of 704ed43941224f46b35f05c1dcde8554 for: {'network': 1} {{(pid=103407) before /opt/stack/neutron/neutron/pecan_wsgi/hooks/quota_enforcement.py:66}}
May 29 01:28:04.437803 np0000177363 devstack@neutron-api.service[103407]: DEBUG neutron.policy [None req-918580d4-d3f6-449b-8777-8a1c56ceb0c8 admin admin] Loaded default policies from ['neutron'] under neutron.policies entry points {{(pid=103407) register_rules /opt/stack/neutron/neutron/policy.py:65}}
May 29 01:28:04.558122 np0000177363 devstack@neutron-api.service[103407]: DEBUG neutron_lib.callbacks.manager [None req-918580d4-d3f6-449b-8777-8a1c56ceb0c8 admin admin] Publish callbacks ['neutron.plugins.ml2.plugin.SecurityGroupDbMixin._ensure_default_security_group_handler-2190272'] for network (None), before_create {{(pid=103407) _notify_loop /opt/stack/data/venv/lib/python3.12/site-packages/neutron_lib/callbacks/manager.py:184}}
May 29 01:28:04.581805 np0000177363 devstack@neutron-api.service[103407]: DEBUG neutron_lib.callbacks.manager [None req-918580d4-d3f6-449b-8777-8a1c56ceb0c8 admin admin] Publish callbacks [] for security_group (None), before_create {{(pid=103407) _notify_loop /opt/stack/data/venv/lib/python3.12/site-packages/neutron_lib/callbacks/manager.py:184}}
May 29 01:28:04.676656 np0000177363 devstack@neutron-api.service[103407]: DEBUG neutron_lib.callbacks.manager [None req-918580d4-d3f6-449b-8777-8a1c56ceb0c8 admin admin] Publish callbacks ['neutron.plugins.ml2.drivers.ovn.mech_driver.mech_driver.OVNMechanismDriver._create_security_group_precommit-219730'] for security_group (eef3932a-3916-4365-9820-47e73f3e0d8d), precommit_create {{(pid=103407) _notify_loop /opt/stack/data/venv/lib/python3.12/site-packages/neutron_lib/callbacks/manager.py:184}}
May 29 01:28:04.677024 np0000177363 devstack@neutron-api.service[103407]: DEBUG neutron.db.ovn_revision_numbers_db [None req-918580d4-d3f6-449b-8777-8a1c56ceb0c8 admin admin] create_initial_revision uuid=eef3932a-3916-4365-9820-47e73f3e0d8d, type=security_groups, rev=-1 {{(pid=103407) create_initial_revision /opt/stack/neutron/neutron/db/ovn_revision_numbers_db.py:98}}
May 29 01:28:04.679180 np0000177363 devstack@neutron-api.service[103407]: DEBUG neutron.db.ovn_revision_numbers_db [None req-918580d4-d3f6-449b-8777-8a1c56ceb0c8 admin admin] create_initial_revision uuid=3ed47e03-dad0-4252-9475-558289692811, type=security_group_rules, rev=-1 {{(pid=103407) create_initial_revision /opt/stack/neutron/neutron/db/ovn_revision_numbers_db.py:98}}
May 29 01:28:04.680219 np0000177363 devstack@neutron-api.service[103407]: DEBUG neutron.db.ovn_revision_numbers_db [None req-918580d4-d3f6-449b-8777-8a1c56ceb0c8 admin admin] create_initial_revision uuid=8ed91e5f-4bae-4df8-8600-47ea88023276, type=security_group_rules, rev=-1 {{(pid=103407) create_initial_revision /opt/stack/neutron/neutron/db/ovn_revision_numbers_db.py:98}}
May 29 01:28:04.681259 np0000177363 devstack@neutron-api.service[103407]: DEBUG neutron.db.ovn_revision_numbers_db [None req-918580d4-d3f6-449b-8777-8a1c56ceb0c8 admin admin] create_initial_revision uuid=97f38e38-e844-4d6f-828c-01ec55269cf9, type=security_group_rules, rev=-1 {{(pid=103407) create_initial_revision /opt/stack/neutron/neutron/db/ovn_revision_numbers_db.py:98}}
May 29 01:28:04.682234 np0000177363 devstack@neutron-api.service[103407]: DEBUG neutron.db.ovn_revision_numbers_db [None req-918580d4-d3f6-449b-8777-8a1c56ceb0c8 admin admin] create_initial_revision uuid=fc152dbe-bd84-48c3-8573-e9e445befee8, type=security_group_rules, rev=-1 {{(pid=103407) create_initial_revision /opt/stack/neutron/neutron/db/ovn_revision_numbers_db.py:98}}
May 29 01:28:04.689173 np0000177363 devstack@neutron-api.service[103407]: DEBUG neutron_lib.callbacks.manager [None req-918580d4-d3f6-449b-8777-8a1c56ceb0c8 admin admin] Publish callbacks ['neutron.plugins.ml2.drivers.ovn.mech_driver.mech_driver.OVNMechanismDriver._create_security_group-219748', 'neutron.plugins.ml2.ovo_rpc._ObjectChangeHandler.handle_event-7178024'] for security_group (eef3932a-3916-4365-9820-47e73f3e0d8d), after_create {{(pid=103407) _notify_loop /opt/stack/data/venv/lib/python3.12/site-packages/neutron_lib/callbacks/manager.py:184}}
May 29 01:28:04.690413 np0000177363 devstack@neutron-api.service[103407]: DEBUG ovsdbapp.backend.ovs_idl.transaction [-] Running txn n=1 command(idx=0): PgAddCommand(_result=None, name=pg_eef3932a_3916_4365_9820_47e73f3e0d8d, may_exist=False, columns={'acls': [], 'external_ids': {'neutron:security_group_id': 'eef3932a-3916-4365-9820-47e73f3e0d8d'}}) {{(pid=103407) do_commit /opt/stack/data/venv/lib/python3.12/site-packages/ovsdbapp/backend/ovs_idl/transaction.py:89}}
May 29 01:28:04.692313 np0000177363 devstack@neutron-api.service[103407]: DEBUG ovsdbapp.backend.ovs_idl.transaction [-] Running txn n=1 command(idx=1): PgAclAddCommand(_result=None, entity=pg_eef3932a_3916_4365_9820_47e73f3e0d8d, direction=from-lport, priority=1002, match=inport == @pg_eef3932a_3916_4365_9820_47e73f3e0d8d && ip6, action=allow-related, log=False, may_exist=True, severity=[], name=[], meter=[], external_ids={'neutron:security_group_rule_id': '3ed47e03-dad0-4252-9475-558289692811'}) {{(pid=103407) do_commit /opt/stack/data/venv/lib/python3.12/site-packages/ovsdbapp/backend/ovs_idl/transaction.py:89}}
May 29 01:28:04.692738 np0000177363 devstack@neutron-api.service[103407]: DEBUG ovsdbapp.backend.ovs_idl.transaction [-] Running txn n=1 command(idx=2): PgAclAddCommand(_result=None, entity=pg_eef3932a_3916_4365_9820_47e73f3e0d8d, direction=from-lport, priority=1002, match=inport == @pg_eef3932a_3916_4365_9820_47e73f3e0d8d && ip4, action=allow-related, log=False, may_exist=True, severity=[], name=[], meter=[], external_ids={'neutron:security_group_rule_id': '8ed91e5f-4bae-4df8-8600-47ea88023276'}) {{(pid=103407) do_commit /opt/stack/data/venv/lib/python3.12/site-packages/ovsdbapp/backend/ovs_idl/transaction.py:89}}
May 29 01:28:04.693056 np0000177363 devstack@neutron-api.service[103407]: DEBUG ovsdbapp.backend.ovs_idl.transaction [-] Running txn n=1 command(idx=3): PgAclAddCommand(_result=None, entity=pg_eef3932a_3916_4365_9820_47e73f3e0d8d, direction=to-lport, priority=1002, match=outport == @pg_eef3932a_3916_4365_9820_47e73f3e0d8d && ip4 && ip4.src == $pg_eef3932a_3916_4365_9820_47e73f3e0d8d_ip4, action=allow-related, log=False, may_exist=True, severity=[], name=[], meter=[], external_ids={'neutron:security_group_rule_id': '97f38e38-e844-4d6f-828c-01ec55269cf9'}) {{(pid=103407) do_commit /opt/stack/data/venv/lib/python3.12/site-packages/ovsdbapp/backend/ovs_idl/transaction.py:89}}
May 29 01:28:04.693263 np0000177363 devstack@neutron-api.service[103407]: DEBUG ovsdbapp.backend.ovs_idl.transaction [-] Running txn n=1 command(idx=4): PgAclAddCommand(_result=None, entity=pg_eef3932a_3916_4365_9820_47e73f3e0d8d, direction=to-lport, priority=1002, match=outport == @pg_eef3932a_3916_4365_9820_47e73f3e0d8d && ip6 && ip6.src == $pg_eef3932a_3916_4365_9820_47e73f3e0d8d_ip6, action=allow-related, log=False, may_exist=True, severity=[], name=[], meter=[], external_ids={'neutron:security_group_rule_id': 'fc152dbe-bd84-48c3-8573-e9e445befee8'}) {{(pid=103407) do_commit /opt/stack/data/venv/lib/python3.12/site-packages/ovsdbapp/backend/ovs_idl/transaction.py:89}}
May 29 01:28:04.699059 np0000177363 devstack@neutron-api.service[103407]: DEBUG neutron.plugins.ml2.drivers.ovn.mech_driver.ovsdb.ovsdb_monitor [-] Hash Ring: Node 280280eed9f95d06898351fc64c12574 (host: np0000177363) handling event "create" for row e52ae4bd-cd68-4f1b-8743-fb884094f586 (table: ACL) {{(pid=103407) notify /opt/stack/neutron/neutron/plugins/ml2/drivers/ovn/mech_driver/ovsdb/ovsdb_monitor.py:986}}
May 29 01:28:04.703458 np0000177363 devstack@neutron-api.service[103409]: DEBUG neutron.plugins.ml2.drivers.ovn.mech_driver.ovsdb.ovsdb_monitor [-] Hash Ring: Node 328db02614b853f3adf822a3e9244f91 (host: np0000177363) handling event "create" for row f0b09348-a3f6-4804-9b27-166735e6492a (table: ACL) {{(pid=103409) notify /opt/stack/neutron/neutron/plugins/ml2/drivers/ovn/mech_driver/ovsdb/ovsdb_monitor.py:986}}
May 29 01:28:04.703841 np0000177363 devstack@neutron-api.service[103409]: DEBUG neutron.plugins.ml2.drivers.ovn.mech_driver.ovsdb.ovsdb_monitor [-] Hash Ring: Node 328db02614b853f3adf822a3e9244f91 (host: np0000177363) handling event "create" for row 1783866a-e027-48c1-acf3-3c3d9e40dd44 (table: Port_Group) {{(pid=103409) notify /opt/stack/neutron/neutron/plugins/ml2/drivers/ovn/mech_driver/ovsdb/ovsdb_monitor.py:986}}
May 29 01:28:04.707192 np0000177363 devstack@neutron-api.service[103408]: DEBUG neutron.plugins.ml2.drivers.ovn.mech_driver.ovsdb.ovsdb_monitor [-] Hash Ring: Node 28ec90a29b1753a580e53ab1991f516c (host: np0000177363) handling event "create" for row 2621970f-3fd4-43bd-bc79-db10310baa29 (table: ACL) {{(pid=103408) notify /opt/stack/neutron/neutron/plugins/ml2/drivers/ovn/mech_driver/ovsdb/ovsdb_monitor.py:986}}
May 29 01:28:04.708012 np0000177363 devstack@neutron-api.service[103410]: DEBUG neutron.plugins.ml2.drivers.ovn.mech_driver.ovsdb.ovsdb_monitor [-] Hash Ring: Node 06ed31d37fe15132af1632f46cefb713 (host: np0000177363) handling event "create" for row a99405c1-0305-4c38-87ff-00ca7b6704a1 (table: ACL) {{(pid=103410) notify /opt/stack/neutron/neutron/plugins/ml2/drivers/ovn/mech_driver/ovsdb/ovsdb_monitor.py:986}}
May 29 01:28:04.708655 np0000177363 devstack@neutron-api.service[103408]: DEBUG neutron.plugins.ml2.drivers.ovn.mech_driver.ovsdb.ovsdb_monitor [-] Hash Ring: Node 28ec90a29b1753a580e53ab1991f516c (host: np0000177363) handling event "create" for row a99405c1-0305-4c38-87ff-00ca7b6704a1 (table: ACL) {{(pid=103408) notify /opt/stack/neutron/neutron/plugins/ml2/drivers/ovn/mech_driver/ovsdb/ovsdb_monitor.py:986}}
May 29 01:28:04.709573 np0000177363 devstack@neutron-api.service[103408]: DEBUG neutron.plugins.ml2.drivers.ovn.mech_driver.ovsdb.ovsdb_monitor [-] Hash Ring: Node 28ec90a29b1753a580e53ab1991f516c (host: np0000177363) handling event "create" for row e52ae4bd-cd68-4f1b-8743-fb884094f586 (table: ACL) {{(pid=103408) notify /opt/stack/neutron/neutron/plugins/ml2/drivers/ovn/mech_driver/ovsdb/ovsdb_monitor.py:986}}
May 29 01:28:04.709573 np0000177363 devstack@neutron-api.service[103408]: DEBUG neutron.plugins.ml2.drivers.ovn.mech_driver.ovsdb.ovsdb_monitor [-] Hash Ring: Node 28ec90a29b1753a580e53ab1991f516c (host: np0000177363) handling event "create" for row f0b09348-a3f6-4804-9b27-166735e6492a (table: ACL) {{(pid=103408) notify /opt/stack/neutron/neutron/plugins/ml2/drivers/ovn/mech_driver/ovsdb/ovsdb_monitor.py:986}}
May 29 01:28:04.709573 np0000177363 devstack@neutron-api.service[103408]: DEBUG neutron.plugins.ml2.drivers.ovn.mech_driver.ovsdb.ovsdb_monitor [-] Hash Ring: Node 28ec90a29b1753a580e53ab1991f516c (host: np0000177363) handling event "create" for row 1783866a-e027-48c1-acf3-3c3d9e40dd44 (table: Port_Group) {{(pid=103408) notify /opt/stack/neutron/neutron/plugins/ml2/drivers/ovn/mech_driver/ovsdb/ovsdb_monitor.py:986}}
May 29 01:28:04.729399 np0000177363 devstack@neutron-api.service[103407]: INFO neutron.db.ovn_revision_numbers_db [None req-918580d4-d3f6-449b-8777-8a1c56ceb0c8 admin admin] Successfully bumped revision number for resource eef3932a-3916-4365-9820-47e73f3e0d8d (type: security_groups) to 1
May 29 01:28:04.746592 np0000177363 devstack@neutron-api.service[103407]: INFO neutron.db.ovn_revision_numbers_db [None req-918580d4-d3f6-449b-8777-8a1c56ceb0c8 admin admin] Successfully bumped revision number for resource 3ed47e03-dad0-4252-9475-558289692811 (type: security_group_rules) to 0
May 29 01:28:04.760723 np0000177363 devstack@neutron-api.service[103407]: INFO neutron.db.ovn_revision_numbers_db [None req-918580d4-d3f6-449b-8777-8a1c56ceb0c8 admin admin] Successfully bumped revision number for resource 8ed91e5f-4bae-4df8-8600-47ea88023276 (type: security_group_rules) to 0
May 29 01:28:04.774528 np0000177363 devstack@neutron-api.service[103407]: INFO neutron.db.ovn_revision_numbers_db [None req-918580d4-d3f6-449b-8777-8a1c56ceb0c8 admin admin] Successfully bumped revision number for resource 97f38e38-e844-4d6f-828c-01ec55269cf9 (type: security_group_rules) to 0
May 29 01:28:04.790165 np0000177363 devstack@neutron-api.service[103407]: INFO neutron.db.ovn_revision_numbers_db [None req-918580d4-d3f6-449b-8777-8a1c56ceb0c8 admin admin] Successfully bumped revision number for resource fc152dbe-bd84-48c3-8573-e9e445befee8 (type: security_group_rules) to 0
May 29 01:28:04.816794 np0000177363 devstack@neutron-api.service[103407]: DEBUG neutron.api.rpc.handlers.resources_rpc [None req-918580d4-d3f6-449b-8777-8a1c56ceb0c8 admin admin] Pushing event updated for resources: {'SecurityGroup': ['ID=eef3932a-3916-4365-9820-47e73f3e0d8d,revision_number=1']} {{(pid=103407) push /opt/stack/neutron/neutron/api/rpc/handlers/resources_rpc.py:237}}
May 29 01:28:04.826271 np0000177363 devstack@neutron-api.service[103407]: DEBUG ovsdbapp.backend.ovs_idl.transaction [-] Running txn n=1 command(idx=0): CheckLivenessCommand(_result=None) {{(pid=103407) do_commit /opt/stack/data/venv/lib/python3.12/site-packages/ovsdbapp/backend/ovs_idl/transaction.py:89}}
May 29 01:28:04.831518 np0000177363 devstack@neutron-api.service[103408]: DEBUG neutron.plugins.ml2.drivers.ovn.mech_driver.ovsdb.ovsdb_monitor [-] Hash Ring: Node 28ec90a29b1753a580e53ab1991f516c (host: np0000177363) handling event "update" for row 2756a8b9-319d-489d-8311-ed67f5db0b60 (table: NB_Global) {{(pid=103408) notify /opt/stack/neutron/neutron/plugins/ml2/drivers/ovn/mech_driver/ovsdb/ovsdb_monitor.py:986}}
May 29 01:28:04.832728 np0000177363 devstack@neutron-api.service[103408]: DEBUG neutron.plugins.ml2.drivers.ovn.mech_driver.ovsdb.ovsdb_monitor [-] Hash Ring: Node 28ec90a29b1753a580e53ab1991f516c (host: np0000177363) handling event "update" for row 2756a8b9-319d-489d-8311-ed67f5db0b60 (table: NB_Global) {{(pid=103408) notify /opt/stack/neutron/neutron/plugins/ml2/drivers/ovn/mech_driver/ovsdb/ovsdb_monitor.py:986}}
May 29 01:28:04.833665 np0000177363 devstack@neutron-api.service[103408]: DEBUG neutron.plugins.ml2.drivers.ovn.mech_driver.ovsdb.ovsdb_monitor [-] Hash Ring: Node 28ec90a29b1753a580e53ab1991f516c (host: np0000177363) handling event "update" for row 2756a8b9-319d-489d-8311-ed67f5db0b60 (table: NB_Global) {{(pid=103408) notify /opt/stack/neutron/neutron/plugins/ml2/drivers/ovn/mech_driver/ovsdb/ovsdb_monitor.py:986}}
May 29 01:28:04.833876 np0000177363 devstack@neutron-api.service[103407]: DEBUG neutron.api.rpc.callbacks.version_manager [None req-918580d4-d3f6-449b-8777-8a1c56ceb0c8 admin admin] Tracked resource versions report:
May 29 01:28:04.833876 np0000177363 devstack@neutron-api.service[103407]: pushed versions:
May 29 01:28:04.833876 np0000177363 devstack@neutron-api.service[103407]: { 'AddressGroup': {'1.2'},
May 29 01:28:04.833876 np0000177363 devstack@neutron-api.service[103407]: 'Agent': {'1.1'},
May 29 01:28:04.833876 np0000177363 devstack@neutron-api.service[103407]: 'ConntrackHelper': {'1.0'},
May 29 01:28:04.833876 np0000177363 devstack@neutron-api.service[103407]: 'LocalIPAssociation': {'1.0'},
May 29 01:28:04.833876 np0000177363 devstack@neutron-api.service[103407]: 'Log': {'1.0'},
May 29 01:28:04.833876 np0000177363 devstack@neutron-api.service[103407]: 'NDPProxy': {'1.0'},
May 29 01:28:04.833876 np0000177363 devstack@neutron-api.service[103407]: 'Network': {'1.3'},
May 29 01:28:04.833876 np0000177363 devstack@neutron-api.service[103407]: 'Port': {'1.11'},
May 29 01:28:04.833876 np0000177363 devstack@neutron-api.service[103407]: 'PortForwarding': {'1.3'},
May 29 01:28:04.833876 np0000177363 devstack@neutron-api.service[103407]: 'QosPolicy': {'1.10'},
May 29 01:28:04.833876 np0000177363 devstack@neutron-api.service[103407]: 'SecurityGroup': {'1.6'},
May 29 01:28:04.833876 np0000177363 devstack@neutron-api.service[103407]: 'SecurityGroupRule': {'1.3'},
May 29 01:28:04.833876 np0000177363 devstack@neutron-api.service[103407]: 'SubPort': {'1.0'},
May 29 01:28:04.833876 np0000177363 devstack@neutron-api.service[103407]: 'Subnet': {'1.2'},
May 29 01:28:04.833876 np0000177363 devstack@neutron-api.service[103407]: 'Trunk': {'1.1'}}
May 29 01:28:04.833876 np0000177363 devstack@neutron-api.service[103407]: consumer versions:
May 29 01:28:04.833876 np0000177363 devstack@neutron-api.service[103407]: {}
May 29 01:28:04.833876 np0000177363 devstack@neutron-api.service[103407]: {{(pid=103407) report /opt/stack/neutron/neutron/api/rpc/callbacks/version_manager.py:183}}
May 29 01:28:04.835080 np0000177363 devstack@neutron-api.service[103408]: DEBUG neutron.plugins.ml2.drivers.ovn.mech_driver.ovsdb.ovsdb_monitor [-] Hash Ring: Node 28ec90a29b1753a580e53ab1991f516c (host: np0000177363) handling event "update" for row 2756a8b9-319d-489d-8311-ed67f5db0b60 (table: NB_Global) {{(pid=103408) notify /opt/stack/neutron/neutron/plugins/ml2/drivers/ovn/mech_driver/ovsdb/ovsdb_monitor.py:986}}
May 29 01:28:04.835221 np0000177363 devstack@neutron-api.service[103410]: DEBUG neutron.plugins.ml2.drivers.ovn.mech_driver.ovsdb.ovsdb_monitor [-] ChassisAgentWriteEvent : Matched Chassis_Private, update, None None {{(pid=103410) matches /opt/stack/neutron/neutron/plugins/ml2/drivers/ovn/mech_driver/ovsdb/ovsdb_monitor.py:64}}
May 29 01:28:04.835480 np0000177363 devstack@neutron-api.service[103409]: DEBUG neutron.plugins.ml2.drivers.ovn.mech_driver.ovsdb.ovsdb_monitor [-] ChassisAgentWriteEvent : Matched Chassis_Private, update, None None {{(pid=103409) matches /opt/stack/neutron/neutron/plugins/ml2/drivers/ovn/mech_driver/ovsdb/ovsdb_monitor.py:64}}
May 29 01:28:04.836387 np0000177363 devstack@neutron-api.service[103409]: DEBUG neutron.plugins.ml2.drivers.ovn.mech_driver.ovsdb.ovsdb_monitor [-] Hash Ring: Node 328db02614b853f3adf822a3e9244f91 (host: np0000177363) handling event "update" for row 4ed913bc-5b36-43a0-8fb1-1800d0b8e385 (table: Chassis_Private) {{(pid=103409) notify /opt/stack/neutron/neutron/plugins/ml2/drivers/ovn/mech_driver/ovsdb/ovsdb_monitor.py:986}}
May 29 01:28:04.837899 np0000177363 devstack@neutron-api.service[103408]: DEBUG neutron.plugins.ml2.drivers.ovn.mech_driver.ovsdb.ovsdb_monitor [-] ChassisAgentWriteEvent : Matched Chassis_Private, update, None None {{(pid=103408) matches /opt/stack/neutron/neutron/plugins/ml2/drivers/ovn/mech_driver/ovsdb/ovsdb_monitor.py:64}}
May 29 01:28:04.839526 np0000177363 devstack@neutron-api.service[103407]: DEBUG neutron.plugins.ml2.drivers.ovn.mech_driver.ovsdb.ovsdb_monitor [-] ChassisAgentWriteEvent : Matched Chassis_Private, update, None None {{(pid=103407) matches /opt/stack/neutron/neutron/plugins/ml2/drivers/ovn/mech_driver/ovsdb/ovsdb_monitor.py:64}}
May 29 01:28:04.846521 np0000177363 devstack@neutron-api.service[103408]: DEBUG neutron.common.ovn.hash_ring_manager [-] Allow caching, nodes 4>=4 {{(pid=103408) _wait_startup_before_caching /opt/stack/neutron/neutron/common/ovn/hash_ring_manager.py:65}}
May 29 01:28:04.847067 np0000177363 devstack@neutron-api.service[103408]: DEBUG neutron.plugins.ml2.drivers.ovn.mech_driver.ovsdb.ovsdb_monitor [-] Hash Ring: Node 28ec90a29b1753a580e53ab1991f516c (host: np0000177363) handling event "update" for row 4ed913bc-5b36-43a0-8fb1-1800d0b8e385 (table: Chassis_Private) {{(pid=103408) notify /opt/stack/neutron/neutron/plugins/ml2/drivers/ovn/mech_driver/ovsdb/ovsdb_monitor.py:986}}
May 29 01:28:04.847376 np0000177363 devstack@neutron-api.service[103410]: DEBUG neutron.plugins.ml2.drivers.ovn.mech_driver.ovsdb.ovsdb_monitor [-] ChassisOVNAgentWriteEvent : Matched Chassis_Private, update, None None {{(pid=103410) matches /opt/stack/neutron/neutron/plugins/ml2/drivers/ovn/mech_driver/ovsdb/ovsdb_monitor.py:64}}
May 29 01:28:04.848260 np0000177363 devstack@neutron-api.service[103409]: DEBUG neutron.plugins.ml2.drivers.ovn.mech_driver.ovsdb.ovsdb_monitor [-] ChassisOVNAgentWriteEvent : Matched Chassis_Private, update, None None {{(pid=103409) matches /opt/stack/neutron/neutron/plugins/ml2/drivers/ovn/mech_driver/ovsdb/ovsdb_monitor.py:64}}
May 29 01:28:04.849072 np0000177363 devstack@neutron-api.service[103408]: DEBUG neutron.plugins.ml2.drivers.ovn.mech_driver.ovsdb.ovsdb_monitor [-] ChassisOVNAgentWriteEvent : Matched Chassis_Private, update, None None {{(pid=103408) matches /opt/stack/neutron/neutron/plugins/ml2/drivers/ovn/mech_driver/ovsdb/ovsdb_monitor.py:64}}
May 29 01:28:04.849297 np0000177363 devstack@neutron-api.service[103408]: DEBUG neutron.plugins.ml2.drivers.ovn.mech_driver.ovsdb.ovsdb_monitor [-] Hash Ring: Node 28ec90a29b1753a580e53ab1991f516c (host: np0000177363) handling event "update" for row 4ed913bc-5b36-43a0-8fb1-1800d0b8e385 (table: Chassis_Private) {{(pid=103408) notify /opt/stack/neutron/neutron/plugins/ml2/drivers/ovn/mech_driver/ovsdb/ovsdb_monitor.py:986}}
May 29 01:28:04.850294 np0000177363 devstack@neutron-api.service[103409]: DEBUG neutron.plugins.ml2.drivers.ovn.mech_driver.ovsdb.ovsdb_monitor [-] Hash Ring: Node 328db02614b853f3adf822a3e9244f91 (host: np0000177363) handling event "update" for row 4ed913bc-5b36-43a0-8fb1-1800d0b8e385 (table: Chassis_Private) {{(pid=103409) notify /opt/stack/neutron/neutron/plugins/ml2/drivers/ovn/mech_driver/ovsdb/ovsdb_monitor.py:986}}
May 29 01:28:04.850644 np0000177363 devstack@neutron-api.service[103407]: DEBUG neutron.plugins.ml2.drivers.ovn.mech_driver.ovsdb.ovsdb_monitor [-] ChassisOVNAgentWriteEvent : Matched Chassis_Private, update, None None {{(pid=103407) matches /opt/stack/neutron/neutron/plugins/ml2/drivers/ovn/mech_driver/ovsdb/ovsdb_monitor.py:64}}
May 29 01:28:04.904576 np0000177363 devstack@neutron-api.service[103407]: DEBUG neutron.plugins.ml2.drivers.helpers [None req-918580d4-d3f6-449b-8777-8a1c56ceb0c8 admin admin] geneve segment allocate from pool success with {'geneve_vni': 16792} {{(pid=103407) allocate_partially_specified_segment /opt/stack/neutron/neutron/plugins/ml2/drivers/helpers.py:142}}
May 29 01:28:04.922305 np0000177363 devstack@neutron-api.service[103407]: DEBUG neutron_lib.callbacks.manager [None req-918580d4-d3f6-449b-8777-8a1c56ceb0c8 admin admin] Publish callbacks ['neutron.services.segments.db._add_segment_host_mapping_for_segment-7976691046704', 'neutron.plugins.ml2.plugin.Ml2Plugin._handle_segment_change-2456108'] for segment (2c3c9a9e-d829-48c3-8ac4-fe96cda9df01), precommit_create {{(pid=103407) _notify_loop /opt/stack/data/venv/lib/python3.12/site-packages/neutron_lib/callbacks/manager.py:184}}
May 29 01:28:04.922520 np0000177363 devstack@neutron-api.service[103407]: INFO neutron.db.segments_db [None req-918580d4-d3f6-449b-8777-8a1c56ceb0c8 admin admin] Added segment 2c3c9a9e-d829-48c3-8ac4-fe96cda9df01 of type geneve for network 8995cc68-85fd-44f2-839c-06dc79d512f6
May 29 01:28:04.975681 np0000177363 devstack@neutron-api.service[103407]: DEBUG neutron_lib.callbacks.manager [None req-918580d4-d3f6-449b-8777-8a1c56ceb0c8 admin admin] Publish callbacks ['neutron.services.auto_allocate.db._ensure_external_network_default_value_callback-7976689871262'] for network (8995cc68-85fd-44f2-839c-06dc79d512f6), precommit_create {{(pid=103407) _notify_loop /opt/stack/data/venv/lib/python3.12/site-packages/neutron_lib/callbacks/manager.py:184}}
May 29 01:28:04.991750 np0000177363 devstack@neutron-api.service[103407]: DEBUG neutron.plugins.ml2.drivers.ovn.mech_driver.mech_driver [None req-918580d4-d3f6-449b-8777-8a1c56ceb0c8 admin admin] Validating network segment with type geneve, segmentation ID 16792, physical network None {{(pid=103407) _validate_network_segments /opt/stack/neutron/neutron/plugins/ml2/drivers/ovn/mech_driver/mech_driver.py:643}}
May 29 01:28:04.991905 np0000177363 devstack@neutron-api.service[103407]: DEBUG neutron.db.ovn_revision_numbers_db [None req-918580d4-d3f6-449b-8777-8a1c56ceb0c8 admin admin] create_initial_revision uuid=8995cc68-85fd-44f2-839c-06dc79d512f6, type=networks, rev=-1 {{(pid=103407) create_initial_revision /opt/stack/neutron/neutron/db/ovn_revision_numbers_db.py:98}}
May 29 01:28:05.012767 np0000177363 devstack@neutron-api.service[103407]: DEBUG neutron_lib.callbacks.manager [None req-918580d4-d3f6-449b-8777-8a1c56ceb0c8 admin admin] Publish callbacks ['neutron.plugins.ml2.ovo_rpc._ObjectChangeHandler.handle_event-7178029'] for network (8995cc68-85fd-44f2-839c-06dc79d512f6), after_create {{(pid=103407) _notify_loop /opt/stack/data/venv/lib/python3.12/site-packages/neutron_lib/callbacks/manager.py:184}}
