2026-05-19 21:26:16.195 8 INFO neutron.db.segments_db [None req-cc900c9c-93a2-4e4e-bb4f-27e13c8e17d8 fef1d03ef0d3461db314ab2b1722da32 a29a7ac4e35d4854a2a4e9412e1dc831 - - default default] Added segment c5db17bb-f20b-4450-a248-50c9406ff860 of type geneve for network 13be6c2f-e98c-45f3-ba19-cd898fccf9ce [pid: 7|app: 0|req: 1356/2682] 10.0.0.82 () {34 vars in 989 bytes} [Tue May 19 21:26:16 2026] GET /v2.0/ports?device_id=2c68070f-a794-4336-8346-cad66da6478d => generated 969 bytes in 45 msecs (HTTP/1.1 200) 4 headers in 157 bytes (1 switches on core 0) [pid: 7|app: 0|req: 1357/2683] 10.0.0.82 () {34 vars in 1039 bytes} [Tue May 19 21:26:16 2026] GET /v2.0/security-groups?id=a771d9ae-40dc-4a8d-9a78-a1a5413c3b1c&fields=id&fields=name => generated 113 bytes in 37 msecs (HTTP/1.1 200) 4 headers in 157 bytes (1 switches on core 0)
2026-05-19 21:26:16.345 8 INFO neutron.db.ovn_revision_numbers_db [None req-cc900c9c-93a2-4e4e-bb4f-27e13c8e17d8 fef1d03ef0d3461db314ab2b1722da32 a29a7ac4e35d4854a2a4e9412e1dc831 - - default default] Successfully bumped revision number for resource 13be6c2f-e98c-45f3-ba19-cd898fccf9ce (type: networks) to 1
2026-05-19 21:26:16.499 8 WARNING neutron.scheduler.dhcp_agent_scheduler [None req-cc900c9c-93a2-4e4e-bb4f-27e13c8e17d8 fef1d03ef0d3461db314ab2b1722da32 a29a7ac4e35d4854a2a4e9412e1dc831 - - default default] No more DHCP agents
2026-05-19 21:26:16.500 8 WARNING neutron.api.rpc.agentnotifiers.dhcp_rpc_agent_api [None req-cc900c9c-93a2-4e4e-bb4f-27e13c8e17d8 fef1d03ef0d3461db314ab2b1722da32 a29a7ac4e35d4854a2a4e9412e1dc831 - - default default] Unable to schedule network 13be6c2f-e98c-45f3-ba19-cd898fccf9ce: no agents available; will retry on subsequent port and subnet creation events.
2026-05-19 21:26:16.543 7 INFO neutron.plugins.ml2.drivers.ovn.mech_driver.mech_driver [None req-345e0892-f3a8-46f0-8378-7e9b5b2f70e7 - - - - - -] OVN reports status down for port: 730c7dec-ee78-4251-8c15-66576e25622f
2026-05-19 21:26:16.579 8 INFO neutron.db.ovn_revision_numbers_db [None req-cc900c9c-93a2-4e4e-bb4f-27e13c8e17d8 fef1d03ef0d3461db314ab2b1722da32 a29a7ac4e35d4854a2a4e9412e1dc831 - - default default] Successfully bumped revision number for resource 730c7dec-ee78-4251-8c15-66576e25622f (type: ports) to 1 [pid: 8|app: 0|req: 1327/2684] 10.0.0.192 () {34 vars in 670 bytes} [Tue May 19 21:26:15 2026] POST /v2.0/networks => generated 644 bytes in 854 msecs (HTTP/1.1 201) 4 headers in 162 bytes (1 switches on core 0)
2026-05-19 21:26:16.765 7 WARNING neutron.scheduler.dhcp_agent_scheduler [None req-dd0ca2dd-2a7f-4141-a506-b4ddde10b1ec fef1d03ef0d3461db314ab2b1722da32 a29a7ac4e35d4854a2a4e9412e1dc831 - - default default] No more DHCP agents
2026-05-19 21:26:16.766 7 WARNING neutron.api.rpc.agentnotifiers.dhcp_rpc_agent_api [None req-dd0ca2dd-2a7f-4141-a506-b4ddde10b1ec fef1d03ef0d3461db314ab2b1722da32 a29a7ac4e35d4854a2a4e9412e1dc831 - - default default] Unable to schedule network 13be6c2f-e98c-45f3-ba19-cd898fccf9ce: no agents available; will retry on subsequent port and subnet creation events.
2026-05-19 21:26:17.143 7 INFO neutron.db.ovn_revision_numbers_db [None req-701e2c13-0c7c-4b4a-836a-63c887ce3c00 - - - - - -] Successfully bumped revision number for resource 730c7dec-ee78-4251-8c15-66576e25622f (type: ports) to 2
2026-05-19 21:26:17.171 7 INFO neutron.db.ovn_revision_numbers_db [None req-701e2c13-0c7c-4b4a-836a-63c887ce3c00 - - - - - -] Successfully bumped revision number for resource 980d19f4-4f3d-4681-a8ad-fa53b5e33bad (type: subnets) to 0 [pid: 7|app: 0|req: 1358/2685] 10.0.0.192 () {34 vars in 669 bytes} [Tue May 19 21:26:16 2026] POST /v2.0/subnets => generated 626 bytes in 577 msecs (HTTP/1.1 201) 4 headers in 162 bytes (1 switches on core 0) [pid: 7|app: 0|req: 1359/2686] 10.0.0.82 () {34 vars in 989 bytes} [Tue May 19 21:26:17 2026] GET /v2.0/ports?device_id=2c68070f-a794-4336-8346-cad66da6478d => generated 969 bytes in 43 msecs (HTTP/1.1 200) 4 headers in 157 bytes (1 switches on core 0) [pid: 7|app: 0|req: 1360/2687] 10.0.0.82 () {34 vars in 1039 bytes} [Tue May 19 21:26:17 2026] GET /v2.0/security-groups?id=a771d9ae-40dc-4a8d-9a78-a1a5413c3b1c&fields=id&fields=name => generated 113 bytes in 34 msecs (HTTP/1.1 200) 4 headers in 157 bytes (1 switches on core 0)
2026-05-19 21:26:17.617 8 WARNING neutron.scheduler.dhcp_agent_scheduler [None req-429ed2c9-a3d0-4b64-bf58-bce28a4fa7e3 fef1d03ef0d3461db314ab2b1722da32 a29a7ac4e35d4854a2a4e9412e1dc831 - - default default] No more DHCP agents
2026-05-19 21:26:17.618 8 WARNING neutron.api.rpc.agentnotifiers.dhcp_rpc_agent_api [None req-429ed2c9-a3d0-4b64-bf58-bce28a4fa7e3 fef1d03ef0d3461db314ab2b1722da32 a29a7ac4e35d4854a2a4e9412e1dc831 - - default default] Unable to schedule network 984918e6-c9af-479b-ab1c-b03c8bc7d532: no agents available; will retry on subsequent port and subnet creation events.
2026-05-19 21:26:17.722 8 INFO neutron.plugins.ml2.drivers.ovn.mech_driver.mech_driver [None req-46339409-65af-4bf4-b2d7-68c5c57fcd3b - - - - - -] OVN reports status down for port: a1364b8a-1f8e-4754-a067-8ee6c1995045
2026-05-19 21:26:17.821 8 INFO neutron.db.ovn_revision_numbers_db [None req-429ed2c9-a3d0-4b64-bf58-bce28a4fa7e3 fef1d03ef0d3461db314ab2b1722da32 a29a7ac4e35d4854a2a4e9412e1dc831 - - default default] Successfully bumped revision number for resource a1364b8a-1f8e-4754-a067-8ee6c1995045 (type: ports) to 1
2026-05-19 21:26:18.401 8 INFO neutron.plugins.ml2.drivers.ovn.mech_driver.mech_driver [None req-46339409-65af-4bf4-b2d7-68c5c57fcd3b - - - - - -] OVN reports status up for port: 98a4fdca-ecf7-45ab-b2d4-313af2e4507b
2026-05-19 21:26:18.423 8 INFO neutron.plugins.ml2.plugin [None req-46339409-65af-4bf4-b2d7-68c5c57fcd3b - - - - - -] Attempt 1 to provision port 98a4fdca-ecf7-45ab-b2d4-313af2e4507b
2026-05-19 21:26:18.477 8 INFO neutron.plugins.ml2.drivers.ovn.mech_driver.ovsdb.commands [None req-ad79617f-60fa-4653-88c6-e992f0f96e39 - - - - - -] Schedule LRP lrp-a1364b8a-1f8e-4754-a067-8ee6c1995045 on gateway 5cf1591a-8a80-4176-9b8c-b2f09e4a4580 with priority 1
2026-05-19 21:26:18.566 8 INFO neutron.db.ovn_revision_numbers_db [None req-429ed2c9-a3d0-4b64-bf58-bce28a4fa7e3 fef1d03ef0d3461db314ab2b1722da32 a29a7ac4e35d4854a2a4e9412e1dc831 - - default default] Successfully bumped revision number for resource a1364b8a-1f8e-4754-a067-8ee6c1995045 (type: router_ports) to 1 [pid: 7|app: 0|req: 1361/2688] 10.0.0.82 () {34 vars in 989 bytes} [Tue May 19 21:26:18 2026] GET /v2.0/ports?device_id=2c68070f-a794-4336-8346-cad66da6478d => generated 969 bytes in 103 msecs (HTTP/1.1 200) 4 headers in 157 bytes (1 switches on core 0) [pid: 7|app: 0|req: 1362/2689] 10.0.0.82 () {34 vars in 1039 bytes} [Tue May 19 21:26:18 2026] GET /v2.0/security-groups?id=a771d9ae-40dc-4a8d-9a78-a1a5413c3b1c&fields=id&fields=name => generated 113 bytes in 38 msecs (HTTP/1.1 200) 4 headers in 157 bytes (1 switches on core 0)
2026-05-19 21:26:18.648 8 INFO neutron.notifiers.nova [-] Nova event matching ['req-4c02413b-80c4-486c-bbb6-523f29bba60f'] response: {'server_uuid': '2c68070f-a794-4336-8346-cad66da6478d', 'name': 'network-vif-plugged', 'status': 'completed', 'tag': '98a4fdca-ecf7-45ab-b2d4-313af2e4507b', 'code': 200}
2026-05-19 21:26:18.697 8 INFO neutron.db.ovn_revision_numbers_db [None req-429ed2c9-a3d0-4b64-bf58-bce28a4fa7e3 fef1d03ef0d3461db314ab2b1722da32 a29a7ac4e35d4854a2a4e9412e1dc831 - - default default] Successfully bumped revision number for resource 120f2b20-e180-4e45-8213-990ed904e16e (type: routers) to 2 [pid: 8|app: 0|req: 1328/2690] 10.0.0.192 () {34 vars in 669 bytes} [Tue May 19 21:26:17 2026] POST /v2.0/routers => generated 935 bytes in 1550 msecs (HTTP/1.1 201) 4 headers in 162 bytes (1 switches on core 0)
2026-05-19 21:26:18.799 8 INFO neutron.db.ovn_revision_numbers_db [None req-46339409-65af-4bf4-b2d7-68c5c57fcd3b - - - - - -] Successfully bumped revision number for resource 98a4fdca-ecf7-45ab-b2d4-313af2e4507b (type: ports) to 5
2026-05-19 21:26:18.863 8 INFO neutron.plugins.ml2.drivers.ovn.mech_driver.mech_driver [None req-17f8e12a-91b6-4bc8-b80e-031fc26eeaf5 - - - - - -] OVN reports status up for port: a1364b8a-1f8e-4754-a067-8ee6c1995045
2026-05-19 21:26:18.879 8 INFO neutron.plugins.ml2.plugin [None req-17f8e12a-91b6-4bc8-b80e-031fc26eeaf5 - - - - - -] Attempt 1 to provision port a1364b8a-1f8e-4754-a067-8ee6c1995045 /var/lib/openstack/lib/python3.12/site-packages/pycadf/identifier.py:70: UserWarning: Invalid uuid: neutron. To ensure interoperability, identifiers should be a valid uuid. warnings.warn(('Invalid uuid: %s. To ensure interoperability, ' [pid: 8|app: 0|req: 1329/2691] 10.0.0.82 () {34 vars in 989 bytes} [Tue May 19 21:26:19 2026] GET /v2.0/ports?device_id=2c68070f-a794-4336-8346-cad66da6478d => generated 971 bytes in 50 msecs (HTTP/1.1 200) 4 headers in 157 bytes (1 switches on core 0) [pid: 8|app: 0|req: 1330/2692] 10.0.0.82 () {34 vars in 1039 bytes} [Tue May 19 21:26:19 2026] GET /v2.0/security-groups?id=a771d9ae-40dc-4a8d-9a78-a1a5413c3b1c&fields=id&fields=name => generated 113 bytes in 30 msecs (HTTP/1.1 200) 4 headers in 157 bytes (1 switches on core 0)
2026-05-19 21:26:19.832 7 WARNING neutron.scheduler.dhcp_agent_scheduler [None req-189cef1f-be88-4f58-8640-8473999ec855 fef1d03ef0d3461db314ab2b1722da32 a29a7ac4e35d4854a2a4e9412e1dc831 - - default default] No more DHCP agents
2026-05-19 21:26:19.833 7 WARNING neutron.api.rpc.agentnotifiers.dhcp_rpc_agent_api [None req-189cef1f-be88-4f58-8640-8473999ec855 fef1d03ef0d3461db314ab2b1722da32 a29a7ac4e35d4854a2a4e9412e1dc831 - - default default] Unable to schedule network 13be6c2f-e98c-45f3-ba19-cd898fccf9ce: no agents available; will retry on subsequent port and subnet creation events.
2026-05-19 21:26:19.966 7 INFO neutron.db.ovn_revision_numbers_db [None req-189cef1f-be88-4f58-8640-8473999ec855 fef1d03ef0d3461db314ab2b1722da32 a29a7ac4e35d4854a2a4e9412e1dc831 - - default default] Successfully bumped revision number for resource ecb67732-6d97-467a-b744-4bbd4f4991a3 (type: ports) to 1
2026-05-19 21:26:20.695 8 INFO neutron.notifiers.nova [-] Nova event matching ['req-fb748dea-b399-4d28-a960-5efc361ee1e9'] response: {'server_uuid': '2c68070f-a794-4336-8346-cad66da6478d', 'name': 'network-vif-plugged', 'status': 'completed', 'tag': '98a4fdca-ecf7-45ab-b2d4-313af2e4507b', 'code': 200}
2026-05-19 21:26:20.737 7 WARNING neutron.scheduler.dhcp_agent_scheduler [None req-189cef1f-be88-4f58-8640-8473999ec855 fef1d03ef0d3461db314ab2b1722da32 a29a7ac4e35d4854a2a4e9412e1dc831 - - default default] No more DHCP agents
2026-05-19 21:26:20.739 7 WARNING neutron.api.rpc.agentnotifiers.dhcp_rpc_agent_api [None req-189cef1f-be88-4f58-8640-8473999ec855 fef1d03ef0d3461db314ab2b1722da32 a29a7ac4e35d4854a2a4e9412e1dc831 - - default default] Unable to schedule network 13be6c2f-e98c-45f3-ba19-cd898fccf9ce: no agents available; will retry on subsequent port and subnet creation events. [pid: 8|app: 0|req: 1331/2693] 10.0.0.82 () {34 vars in 989 bytes} [Tue May 19 21:26:20 2026] GET /v2.0/ports?device_id=2c68070f-a794-4336-8346-cad66da6478d => generated 971 bytes in 102 msecs (HTTP/1.1 200) 4 headers in 157 bytes (1 switches on core 0) [pid: 8|app: 0|req: 1332/2694] 10.0.0.82 () {34 vars in 1039 bytes} [Tue May 19 21:26:20 2026] GET /v2.0/security-groups?id=a771d9ae-40dc-4a8d-9a78-a1a5413c3b1c&fields=id&fields=name => generated 113 bytes in 32 msecs (HTTP/1.1 200) 4 headers in 157 bytes (1 switches on core 0)
2026-05-19 21:26:21.079 7 INFO neutron.db.ovn_revision_numbers_db [None req-189cef1f-be88-4f58-8640-8473999ec855 fef1d03ef0d3461db314ab2b1722da32 a29a7ac4e35d4854a2a4e9412e1dc831 - - default default] Successfully bumped revision number for resource ecb67732-6d97-467a-b744-4bbd4f4991a3 (type: router_ports) to 1 [pid: 7|app: 0|req: 1363/2695] 10.0.0.192 () {34 vars in 783 bytes} [Tue May 19 21:26:18 2026] PUT /v2.0/routers/120f2b20-e180-4e45-8213-990ed904e16e/add_router_interface => generated 309 bytes in 2346 msecs (HTTP/1.1 200) 4 headers in 157 bytes (1 switches on core 0) [pid: 8|app: 0|req: 1333/2696] 10.0.0.82 () {34 vars in 989 bytes} [Tue May 19 21:26:21 2026] GET /v2.0/ports?device_id=2c68070f-a794-4336-8346-cad66da6478d => generated 971 bytes in 65 msecs (HTTP/1.1 200) 4 headers in 157 bytes (1 switches on core 0) [pid: 8|app: 0|req: 1334/2697] 10.0.0.82 () {34 vars in 1039 bytes} [Tue May 19 21:26:21 2026] GET /v2.0/security-groups?id=a771d9ae-40dc-4a8d-9a78-a1a5413c3b1c&fields=id&fields=name => generated 113 bytes in 23 msecs (HTTP/1.1 200) 4 headers in 157 bytes (1 switches on core 0) [pid: 8|app: 0|req: 1335/2698] 10.0.0.192 () {32 vars in 736 bytes} [Tue May 19 21:26:21 2026] GET /v2.0/ports?device_id=2c68070f-a794-4336-8346-cad66da6478d => generated 1209 bytes in 32 msecs (HTTP/1.1 200) 4 headers in 158 bytes (1 switches on core 0)
2026-05-19 21:26:21.701 8 INFO neutron.db.ovn_revision_numbers_db [None req-7f5da246-9513-47dd-8cbb-719de43dbe31 90fee755b25b4cd38875ef057da53d13 94c1ac01ff084d77b9c66429ccaace03 - - default default] Successfully bumped revision number for resource 71b9a6ee-e166-487b-b5bf-226effcc7e96 (type: floatingips) to 4
2026-05-19 21:26:21.754 7 WARNING neutron.scheduler.dhcp_agent_scheduler [None req-88610321-da02-4a2a-b506-944e60ff8320 - - - - - -] No more DHCP agents
2026-05-19 21:26:21.755 7 WARNING neutron.api.rpc.agentnotifiers.dhcp_rpc_agent_api [None req-88610321-da02-4a2a-b506-944e60ff8320 - - - - - -] Unable to schedule network 984918e6-c9af-479b-ab1c-b03c8bc7d532: no agents available; will retry on subsequent port and subnet creation events.
2026-05-19 21:26:21.817 8 INFO neutron.db.ovn_revision_numbers_db [None req-7f5da246-9513-47dd-8cbb-719de43dbe31 90fee755b25b4cd38875ef057da53d13 94c1ac01ff084d77b9c66429ccaace03 - - default default] Successfully bumped revision number for resource 71b9a6ee-e166-487b-b5bf-226effcc7e96 (type: floatingips) to 5
2026-05-19 21:26:21.818 8 INFO neutron.db.l3_db [None req-7f5da246-9513-47dd-8cbb-719de43dbe31 90fee755b25b4cd38875ef057da53d13 94c1ac01ff084d77b9c66429ccaace03 - - default default] Floating IP 71b9a6ee-e166-487b-b5bf-226effcc7e96 associated. External IP: 10.96.250.220, port: 98a4fdca-ecf7-45ab-b2d4-313af2e4507b. [pid: 8|app: 0|req: 1336/2699] 10.0.0.192 () {34 vars in 749 bytes} [Tue May 19 21:26:21 2026] PUT /v2.0/floatingips/71b9a6ee-e166-487b-b5bf-226effcc7e96 => generated 855 bytes in 647 msecs (HTTP/1.1 200) 4 headers in 157 bytes (1 switches on core 0)
2026-05-19 21:26:21.894 7 INFO neutron.db.ovn_revision_numbers_db [None req-88610321-da02-4a2a-b506-944e60ff8320 - - - - - -] Successfully bumped revision number for resource 92f3c4f3-6e44-45fa-9181-370decb28918 (type: ports) to 1 [pid: 8|app: 0|req: 1339/2702] 10.0.0.192 () {32 vars in 729 bytes} [Tue May 19 21:26:21 2026] GET /v2.0/floatingips/71b9a6ee-e166-487b-b5bf-226effcc7e96 => generated 857 bytes in 41 msecs (HTTP/1.1 200) 4 headers in 157 bytes (1 switches on core 0)
2026-05-19 21:26:22.169 7 INFO neutron.db.ovn_revision_numbers_db [None req-88610321-da02-4a2a-b506-944e60ff8320 - - - - - -] Successfully bumped revision number for resource 92f3c4f3-6e44-45fa-9181-370decb28918 (type: ports) to 3
2026-05-19 21:26:22.231 7 INFO neutron.db.segments_db [None req-88610321-da02-4a2a-b506-944e60ff8320 - - - - - -] Added segment 7e671617-8fce-4d2e-bf8a-74c535cd0c56 of type geneve for network 09335d34-436c-449b-a142-a28dfe714732
2026-05-19 21:26:22.355 7 INFO neutron.db.ovn_revision_numbers_db [None req-6b4f90da-806b-46f1-85ca-0c5853569793 - - - - - -] Successfully bumped revision number for resource 09335d34-436c-449b-a142-a28dfe714732 (type: networks) to 1
2026-05-19 21:26:22.534 7 WARNING neutron.scheduler.dhcp_agent_scheduler [None req-6b4f90da-806b-46f1-85ca-0c5853569793 - - - - - -] No more DHCP agents
2026-05-19 21:26:22.536 7 WARNING neutron.api.rpc.agentnotifiers.dhcp_rpc_agent_api [None req-6b4f90da-806b-46f1-85ca-0c5853569793 - - - - - -] Unable to schedule network 09335d34-436c-449b-a142-a28dfe714732: no agents available; will retry on subsequent port and subnet creation events.
2026-05-19 21:26:22.635 7 INFO neutron.db.ovn_revision_numbers_db [None req-6b4f90da-806b-46f1-85ca-0c5853569793 - - - - - -] Successfully bumped revision number for resource 12c20885-d4ac-4db9-a7dd-dbb1b7028a7c (type: ports) to 1
2026-05-19 21:26:22.742 8 INFO neutron.notifiers.nova [-] Nova event matching ['req-39c47c15-372e-4b7b-b642-617894e9cb5e'] response: {'name': 'network-changed', 'server_uuid': '2c68070f-a794-4336-8346-cad66da6478d', 'tag': '98a4fdca-ecf7-45ab-b2d4-313af2e4507b', 'status': 'completed', 'code': 200}
2026-05-19 21:26:22.767 7 WARNING neutron.scheduler.dhcp_agent_scheduler [None req-6b4f90da-806b-46f1-85ca-0c5853569793 - - - - - -] No more DHCP agents
2026-05-19 21:26:22.768 7 WARNING neutron.api.rpc.agentnotifiers.dhcp_rpc_agent_api [None req-6b4f90da-806b-46f1-85ca-0c5853569793 - - - - - -] Unable to schedule network 09335d34-436c-449b-a142-a28dfe714732: no agents available; will retry on subsequent port and subnet creation events.
2026-05-19 21:26:22.788 7 INFO neutron.db.ovn_revision_numbers_db [None req-6b4f90da-806b-46f1-85ca-0c5853569793 - - - - - -] Successfully bumped revision number for resource 50297328-9804-4f7c-acbb-94625fab0eb9 (type: subnets) to 0
2026-05-19 21:26:23.137 7 WARNING neutron.scheduler.dhcp_agent_scheduler [None req-6b4f90da-806b-46f1-85ca-0c5853569793 - - - - - -] No more DHCP agents
2026-05-19 21:26:23.139 7 WARNING neutron.api.rpc.agentnotifiers.dhcp_rpc_agent_api [None req-6b4f90da-806b-46f1-85ca-0c5853569793 - - - - - -] Unable to schedule network 09335d34-436c-449b-a142-a28dfe714732: no agents available; will retry on subsequent port and subnet creation events.
2026-05-19 21:26:23.233 7 INFO neutron.plugins.ml2.drivers.ovn.mech_driver.mech_driver [None req-345e0892-f3a8-46f0-8378-7e9b5b2f70e7 - - - - - -] OVN reports status down for port: bd762b40-0c53-4027-9f45-878dbe7e4613 [pid: 8|app: 0|req: 1340/2703] 199.204.45.216 () {34 vars in 1080 bytes} [Tue May 19 21:26:23 2026] GET /v2.0/ports?tenant_id=94c1ac01ff084d77b9c66429ccaace03&device_id=2c68070f-a794-4336-8346-cad66da6478d => generated 1209 bytes in 39 msecs (HTTP/1.1 200) 4 headers in 158 bytes (1 switches on core 0)
2026-05-19 21:26:23.296 7 INFO neutron.db.ovn_revision_numbers_db [None req-6b4f90da-806b-46f1-85ca-0c5853569793 - - - - - -] Successfully bumped revision number for resource bd762b40-0c53-4027-9f45-878dbe7e4613 (type: ports) to 1 [pid: 8|app: 0|req: 1341/2704] 199.204.45.216 () {34 vars in 986 bytes} [Tue May 19 21:26:23 2026] GET /v2.0/networks?id=3f06d92c-6537-4ff5-91a0-3e3e7cb6993b => generated 797 bytes in 42 msecs (HTTP/1.1 200) 4 headers in 157 bytes (1 switches on core 0) [pid: 8|app: 0|req: 1342/2705] 199.204.45.216 () {34 vars in 1058 bytes} [Tue May 19 21:26:23 2026] GET /v2.0/floatingips?fixed_ip_address=10.100.0.9&port_id=98a4fdca-ecf7-45ab-b2d4-313af2e4507b => generated 860 bytes in 30 msecs (HTTP/1.1 200) 4 headers in 157 bytes (1 switches on core 0) [pid: 8|app: 0|req: 1343/2706] 199.204.45.216 () {34 vars in 984 bytes} [Tue May 19 21:26:23 2026] GET /v2.0/subnets?id=eaf22e8f-415b-4078-8f42-044899d41e39 => generated 677 bytes in 26 msecs (HTTP/1.1 200) 4 headers in 157 bytes (1 switches on core 0) [pid: 8|app: 0|req: 1344/2707] 199.204.45.216 () {34 vars in 1052 bytes} [Tue May 19 21:26:23 2026] GET /v2.0/ports?network_id=3f06d92c-6537-4ff5-91a0-3e3e7cb6993b&device_owner=network%3Adhcp => generated 12 bytes in 16 msecs (HTTP/1.1 200) 4 headers in 156 bytes (1 switches on core 0) [pid: 8|app: 0|req: 1345/2708] 199.204.45.216 () {34 vars in 1012 bytes} [Tue May 19 21:26:23 2026] GET /v2.0/networks/3f06d92c-6537-4ff5-91a0-3e3e7cb6993b?fields=segments => generated 14 bytes in 43 msecs (HTTP/1.1 200) 4 headers in 156 bytes (1 switches on core 0) [pid: 8|app: 0|req: 1346/2709] 199.204.45.216 () {34 vars in 1112 bytes} [Tue May 19 21:26:23 2026] GET /v2.0/networks/3f06d92c-6537-4ff5-91a0-3e3e7cb6993b?fields=provider%3Aphysical_network&fields=provider%3Anetwork_type => generated 79 bytes in 40 msecs (HTTP/1.1 200) 4 headers in 156 bytes (1 switches on core 0)
2026-05-19 21:26:23.579 8 WARNING neutron.plugins.ml2.drivers.ovn.mech_driver.ovsdb.ovn_client [None req-17f8e12a-91b6-4bc8-b80e-031fc26eeaf5 - - - - - -] No hosting information found for port a1364b8a-1f8e-4754-a067-8ee6c1995045: RuntimeError: No hosting information found for port a1364b8a-1f8e-4754-a067-8ee6c1995045
2026-05-19 21:26:23.579 8 INFO neutron.plugins.ml2.drivers.ovn.mech_driver.mech_driver [None req-17f8e12a-91b6-4bc8-b80e-031fc26eeaf5 - - - - - -] OVN reports status down for port: ecb67732-6d97-467a-b744-4bbd4f4991a3
2026-05-19 21:26:23.627 8 WARNING neutron.plugins.ml2.drivers.ovn.mech_driver.ovsdb.ovn_client [None req-17f8e12a-91b6-4bc8-b80e-031fc26eeaf5 - - - - - -] Logical_Switch_Port %s host information not removed, the port state is up
2026-05-19 21:26:23.628 8 INFO neutron.plugins.ml2.drivers.ovn.mech_driver.mech_driver [None req-17f8e12a-91b6-4bc8-b80e-031fc26eeaf5 - - - - - -] OVN reports status up for port: ecb67732-6d97-467a-b744-4bbd4f4991a3
2026-05-19 21:26:23.636 8 INFO neutron.plugins.ml2.plugin [None req-17f8e12a-91b6-4bc8-b80e-031fc26eeaf5 - - - - - -] Attempt 1 to provision port ecb67732-6d97-467a-b744-4bbd4f4991a3
2026-05-19 21:26:23.924 7 INFO neutron.plugins.ml2.drivers.ovn.mech_driver.mech_driver [None req-345e0892-f3a8-46f0-8378-7e9b5b2f70e7 - - - - - -] OVN reports status up for port: bd762b40-0c53-4027-9f45-878dbe7e4613
2026-05-19 21:26:23.963 7 INFO neutron.plugins.ml2.plugin [None req-345e0892-f3a8-46f0-8378-7e9b5b2f70e7 - - - - - -] Attempt 1 to provision port bd762b40-0c53-4027-9f45-878dbe7e4613
2026-05-19 21:26:24.020 8 INFO neutron.db.ovn_revision_numbers_db [None req-17f8e12a-91b6-4bc8-b80e-031fc26eeaf5 - - - - - -] Successfully bumped revision number for resource ecb67732-6d97-467a-b744-4bbd4f4991a3 (type: ports) to 2
2026-05-19 21:26:24.051 7 WARNING neutron.scheduler.dhcp_agent_scheduler [None req-6b4f90da-806b-46f1-85ca-0c5853569793 - - - - - -] No more DHCP agents
2026-05-19 21:26:24.053 7 WARNING neutron.api.rpc.agentnotifiers.dhcp_rpc_agent_api [None req-6b4f90da-806b-46f1-85ca-0c5853569793 - - - - - -] Unable to schedule network 09335d34-436c-449b-a142-a28dfe714732: no agents available; will retry on subsequent port and subnet creation events.
2026-05-19 21:26:24.566 7 INFO neutron.db.ovn_revision_numbers_db [None req-345e0892-f3a8-46f0-8378-7e9b5b2f70e7 - - - - - -] Successfully bumped revision number for resource bd762b40-0c53-4027-9f45-878dbe7e4613 (type: ports) to 2
2026-05-19 21:26:24.895 7 INFO neutron.db.ovn_revision_numbers_db [None req-6b4f90da-806b-46f1-85ca-0c5853569793 - - - - - -] Successfully bumped revision number for resource bd762b40-0c53-4027-9f45-878dbe7e4613 (type: router_ports) to 1
2026-05-19 21:26:25.101 7 WARNING neutron.scheduler.dhcp_agent_scheduler [None req-6b4f90da-806b-46f1-85ca-0c5853569793 - - - - - -] No more DHCP agents
2026-05-19 21:26:25.103 7 WARNING neutron.api.rpc.agentnotifiers.dhcp_rpc_agent_api [None req-6b4f90da-806b-46f1-85ca-0c5853569793 - - - - - -] Unable to schedule network 09335d34-436c-449b-a142-a28dfe714732: no agents available; will retry on subsequent port and subnet creation events.
2026-05-19 21:26:25.243 7 INFO neutron.db.ovn_revision_numbers_db [None req-6b4f90da-806b-46f1-85ca-0c5853569793 - - - - - -] Successfully bumped revision number for resource 159a05aa-e328-41a7-8f32-e70e8f8c16f7 (type: ports) to 1
2026-05-19 21:26:25.464 7 INFO neutron.db.ovn_revision_numbers_db [None req-6b4f90da-806b-46f1-85ca-0c5853569793 - - - - - -] Successfully bumped revision number for resource 159a05aa-e328-41a7-8f32-e70e8f8c16f7 (type: ports) to 3 [pid: 7|app: 0|req: 1364/2710] 10.0.0.192 () {34 vars in 685 bytes} [Tue May 19 21:26:21 2026] POST /v2.0/vpn/vpnservices => generated 457 bytes in 4635 msecs (HTTP/1.1 201) 4 headers in 162 bytes (1 switches on core 0) [pid: 8|app: 0|req: 1347/2711] 10.0.0.192 () {34 vars in 685 bytes} [Tue May 19 21:26:25 2026] POST /v2.0/vpn/vpnservices => generated 424 bytes in 1031 msecs (HTTP/1.1 201) 4 headers in 162 bytes (1 switches on core 0) [pid: 7|app: 0|req: 1365/2712] 10.0.0.192 () {34 vars in 684 bytes} [Tue May 19 21:26:26 2026] POST /v2.0/vpn/ikepolicies => generated 404 bytes in 43 msecs (HTTP/1.1 201) 4 headers in 162 bytes (1 switches on core 0) [pid: 8|app: 0|req: 1348/2713] 10.0.0.192 () {34 vars in 688 bytes} [Tue May 19 21:26:26 2026] POST /v2.0/vpn/ipsecpolicies => generated 413 bytes in 59 msecs (HTTP/1.1 201) 4 headers in 162 bytes (1 switches on core 0) [pid: 7|app: 0|req: 1366/2714] 10.0.0.192 () {34 vars in 693 bytes} [Tue May 19 21:26:26 2026] POST /v2.0/vpn/endpoint-groups => generated 329 bytes in 68 msecs (HTTP/1.1 201) 4 headers in 162 bytes (1 switches on core 0) [pid: 8|app: 0|req: 1349/2715] 10.0.0.192 () {34 vars in 693 bytes} [Tue May 19 21:26:26 2026] POST /v2.0/vpn/endpoint-groups => generated 320 bytes in 57 msecs (HTTP/1.1 201) 4 headers in 162 bytes (1 switches on core 0)
2026-05-19 21:26:27.681 7 INFO neutron.db.ovn_revision_numbers_db [None req-9be7d791-e675-4e90-a388-6d4bac595bb3 fef1d03ef0d3461db314ab2b1722da32 a29a7ac4e35d4854a2a4e9412e1dc831 - - default default] Successfully bumped revision number for resource 120f2b20-e180-4e45-8213-990ed904e16e (type: routers) to 5 [pid: 7|app: 0|req: 1367/2716] 10.0.0.192 () {34 vars in 707 bytes} [Tue May 19 21:26:27 2026] POST /v2.0/vpn/ipsec-site-connections => generated 802 bytes in 705 msecs (HTTP/1.1 201) 4 headers in 162 bytes (1 switches on core 0) [pid: 8|app: 0|req: 1350/2717] 10.0.0.192 () {34 vars in 693 bytes} [Tue May 19 21:26:27 2026] POST /v2.0/vpn/endpoint-groups => generated 290 bytes in 49 msecs (HTTP/1.1 201) 4 headers in 162 bytes (1 switches on core 0) [pid: 7|app: 0|req: 1368/2718] 10.0.0.192 () {32 vars in 748 bytes} [Tue May 19 21:26:27 2026] DELETE /v2.0/vpn/endpoint-groups/82e4b5d9-bb59-4ea8-8db5-9e98c90b8002 => generated 0 bytes in 35 msecs (HTTP/1.1 204) 2 headers in 112 bytes (1 switches on core 0) [pid: 8|app: 0|req: 1351/2719] 10.0.0.192 () {32 vars in 671 bytes} [Tue May 19 21:26:27 2026] GET /v2.0/vpn/endpoint-groups => generated 634 bytes in 15 msecs (HTTP/1.1 200) 4 headers in 157 bytes (1 switches on core 0) [pid: 7|app: 0|req: 1369/2720] 10.0.0.192 () {32 vars in 671 bytes} [Tue May 19 21:26:27 2026] GET /v2.0/vpn/endpoint-groups => generated 634 bytes in 20 msecs (HTTP/1.1 200) 4 headers in 157 bytes (1 switches on core 0) [pid: 8|app: 0|req: 1352/2721] 10.0.0.192 () {34 vars in 685 bytes} [Tue May 19 21:26:28 2026] POST /v2.0/vpn/ikepolicies => generated 403 bytes in 90 msecs (HTTP/1.1 201) 4 headers in 162 bytes (1 switches on core 0) [pid: 7|app: 0|req: 1370/2722] 10.0.0.192 () {32 vars in 663 bytes} [Tue May 19 21:26:28 2026] GET /v2.0/vpn/ikepolicies => generated 798 bytes in 14 msecs (HTTP/1.1 200) 4 headers in 157 bytes (1 switches on core 0) [pid: 8|app: 0|req: 1353/2723] 10.0.0.192 () {32 vars in 740 bytes} [Tue May 19 21:26:28 2026] DELETE /v2.0/vpn/ikepolicies/2867802f-c7a0-4ff6-8625-039353b003ad => generated 0 bytes in 32 msecs (HTTP/1.1 204) 2 headers in 112 bytes (1 switches on core 0) [pid: 7|app: 0|req: 1371/2724] 10.0.0.192 () {34 vars in 689 bytes} [Tue May 19 21:26:28 2026] POST /v2.0/vpn/ipsecpolicies => generated 412 bytes in 48 msecs (HTTP/1.1 201) 4 headers in 162 bytes (1 switches on core 0) [pid: 8|app: 0|req: 1354/2725] 10.0.0.192 () {32 vars in 667 bytes} [Tue May 19 21:26:28 2026] GET /v2.0/vpn/ipsecpolicies => generated 814 bytes in 36 msecs (HTTP/1.1 200) 4 headers in 157 bytes (1 switches on core 0) [pid: 7|app: 0|req: 1372/2726] 10.0.0.192 () {32 vars in 744 bytes} [Tue May 19 21:26:28 2026] DELETE /v2.0/vpn/ipsecpolicies/b5c6ec8f-78c7-417a-83bb-0624f11b42a6 => generated 0 bytes in 52 msecs (HTTP/1.1 204) 2 headers in 112 bytes (1 switches on core 0)
2026-05-19 21:26:28.609 8 INFO neutron.db.segments_db [None req-4e4a687c-657f-4441-b9fd-d18c97bd2633 fef1d03ef0d3461db314ab2b1722da32 a29a7ac4e35d4854a2a4e9412e1dc831 - - default default] Added segment bb83193a-aeba-4619-beea-b3f01d4bfc88 of type geneve for network 07e6079b-fa77-457e-884f-4368ea5df687
2026-05-19 21:26:28.724 8 INFO neutron.db.ovn_revision_numbers_db [None req-4e4a687c-657f-4441-b9fd-d18c97bd2633 fef1d03ef0d3461db314ab2b1722da32 a29a7ac4e35d4854a2a4e9412e1dc831 - - default default] Successfully bumped revision number for resource 07e6079b-fa77-457e-884f-4368ea5df687 (type: networks) to 1
2026-05-19 21:26:28.877 8 WARNING neutron.scheduler.dhcp_agent_scheduler [None req-4e4a687c-657f-4441-b9fd-d18c97bd2633 fef1d03ef0d3461db314ab2b1722da32 a29a7ac4e35d4854a2a4e9412e1dc831 - - default default] No more DHCP agents
2026-05-19 21:26:28.878 8 WARNING neutron.api.rpc.agentnotifiers.dhcp_rpc_agent_api [None req-4e4a687c-657f-4441-b9fd-d18c97bd2633 fef1d03ef0d3461db314ab2b1722da32 a29a7ac4e35d4854a2a4e9412e1dc831 - - default default] Unable to schedule network 07e6079b-fa77-457e-884f-4368ea5df687: no agents available; will retry on subsequent port and subnet creation events.
2026-05-19 21:26:28.970 8 INFO neutron.db.ovn_revision_numbers_db [None req-4e4a687c-657f-4441-b9fd-d18c97bd2633 fef1d03ef0d3461db314ab2b1722da32 a29a7ac4e35d4854a2a4e9412e1dc831 - - default default] Successfully bumped revision number for resource d7b86137-9889-4d51-bcfe-19a0795520fb (type: ports) to 1 [pid: 8|app: 0|req: 1355/2727] 10.0.0.192 () {34 vars in 670 bytes} [Tue May 19 21:26:28 2026] POST /v2.0/networks => generated 651 bytes in 474 msecs (HTTP/1.1 201) 4 headers in 162 bytes (1 switches on core 0)
2026-05-19 21:26:29.153 8 WARNING neutron.plugins.ml2.drivers.ovn.mech_driver.ovsdb.ovn_client [None req-166293b8-b7a0-47a7-9716-e4bb688ca30f - - - - - -] No hosting information found for port ecb67732-6d97-467a-b744-4bbd4f4991a3: RuntimeError: No hosting information found for port ecb67732-6d97-467a-b744-4bbd4f4991a3
2026-05-19 21:26:29.196 7 WARNING neutron.scheduler.dhcp_agent_scheduler [None req-d8cb93d9-c9ac-4321-bcbd-2b578242f7eb fef1d03ef0d3461db314ab2b1722da32 a29a7ac4e35d4854a2a4e9412e1dc831 - - default default] No more DHCP agents
2026-05-19 21:26:29.197 7 WARNING neutron.api.rpc.agentnotifiers.dhcp_rpc_agent_api [None req-d8cb93d9-c9ac-4321-bcbd-2b578242f7eb fef1d03ef0d3461db314ab2b1722da32 a29a7ac4e35d4854a2a4e9412e1dc831 - - default default] Unable to schedule network 07e6079b-fa77-457e-884f-4368ea5df687: no agents available; will retry on subsequent port and subnet creation events.
2026-05-19 21:26:29.279 8 INFO neutron.db.ovn_revision_numbers_db [None req-166293b8-b7a0-47a7-9716-e4bb688ca30f - - - - - -] Successfully bumped revision number for resource ecb67732-6d97-467a-b744-4bbd4f4991a3 (type: router_ports) to 2
2026-05-19 21:26:29.322 8 INFO neutron.plugins.ml2.drivers.ovn.mech_driver.mech_driver [None req-166293b8-b7a0-47a7-9716-e4bb688ca30f - - - - - -] OVN reports status down for port: 92f3c4f3-6e44-45fa-9181-370decb28918
2026-05-19 21:26:29.392 8 INFO neutron.plugins.ml2.drivers.ovn.mech_driver.mech_driver [None req-166293b8-b7a0-47a7-9716-e4bb688ca30f - - - - - -] OVN reports status down for port: 12c20885-d4ac-4db9-a7dd-dbb1b7028a7c
2026-05-19 21:26:29.505 8 INFO neutron.plugins.ml2.drivers.ovn.mech_driver.mech_driver [None req-166293b8-b7a0-47a7-9716-e4bb688ca30f - - - - - -] OVN reports status down for port: 159a05aa-e328-41a7-8f32-e70e8f8c16f7
2026-05-19 21:26:29.730 7 WARNING neutron.plugins.ml2.drivers.ovn.mech_driver.ovsdb.ovn_client [None req-f117d0b5-19e1-4ed9-88ee-83377d23d67d - - - - - -] No hosting information found for port bd762b40-0c53-4027-9f45-878dbe7e4613: RuntimeError: No hosting information found for port bd762b40-0c53-4027-9f45-878dbe7e4613
2026-05-19 21:26:29.754 7 INFO neutron.db.ovn_revision_numbers_db [None req-afaf64a9-684d-4550-9f68-34b3a77bace9 - - - - - -] Successfully bumped revision number for resource d7b86137-9889-4d51-bcfe-19a0795520fb (type: ports) to 2
2026-05-19 21:26:29.811 7 INFO neutron.db.ovn_revision_numbers_db [None req-afaf64a9-684d-4550-9f68-34b3a77bace9 - - - - - -] Successfully bumped revision number for resource 245d990a-f825-4254-ab81-3ed17f3d57b8 (type: subnets) to 0 [pid: 7|app: 0|req: 1373/2728] 10.0.0.192 () {34 vars in 669 bytes} [Tue May 19 21:26:28 2026] POST /v2.0/subnets => generated 629 bytes in 852 msecs (HTTP/1.1 201) 4 headers in 162 bytes (1 switches on core 0) /var/lib/openstack/lib/python3.12/site-packages/pycadf/identifier.py:70: UserWarning: Invalid uuid: neutron. To ensure interoperability, identifiers should be a valid uuid. warnings.warn(('Invalid uuid: %s. To ensure interoperability, '
2026-05-19 21:26:29.875 7 INFO neutron.db.ovn_revision_numbers_db [None req-f117d0b5-19e1-4ed9-88ee-83377d23d67d - - - - - -] Successfully bumped revision number for resource bd762b40-0c53-4027-9f45-878dbe7e4613 (type: router_ports) to 2
2026-05-19 21:26:29.876 7 INFO neutron.plugins.ml2.drivers.ovn.mech_driver.mech_driver [None req-f117d0b5-19e1-4ed9-88ee-83377d23d67d - - - - - -] OVN reports status down for port: d7b86137-9889-4d51-bcfe-19a0795520fb
2026-05-19 21:26:30.403 8 WARNING neutron.scheduler.dhcp_agent_scheduler [None req-2b9a8f65-6d8d-42ab-ac54-9d4c5f9cc812 fef1d03ef0d3461db314ab2b1722da32 a29a7ac4e35d4854a2a4e9412e1dc831 - - default default] No more DHCP agents
2026-05-19 21:26:30.405 8 WARNING neutron.api.rpc.agentnotifiers.dhcp_rpc_agent_api [None req-2b9a8f65-6d8d-42ab-ac54-9d4c5f9cc812 fef1d03ef0d3461db314ab2b1722da32 a29a7ac4e35d4854a2a4e9412e1dc831 - - default default] Unable to schedule network 984918e6-c9af-479b-ab1c-b03c8bc7d532: no agents available; will retry on subsequent port and subnet creation events.
2026-05-19 21:26:30.533 7 INFO neutron.plugins.ml2.drivers.ovn.mech_driver.mech_driver [None req-f117d0b5-19e1-4ed9-88ee-83377d23d67d - - - - - -] OVN reports status down for port: d1f157ab-794d-48bd-bfaf-586201e9aa3f
2026-05-19 21:26:30.571 8 INFO neutron.db.ovn_revision_numbers_db [None req-2b9a8f65-6d8d-42ab-ac54-9d4c5f9cc812 fef1d03ef0d3461db314ab2b1722da32 a29a7ac4e35d4854a2a4e9412e1dc831 - - default default] Successfully bumped revision number for resource d1f157ab-794d-48bd-bfaf-586201e9aa3f (type: ports) to 1 [pid: 7|app: 0|req: 1374/2729] 10.0.0.125 () {34 vars in 990 bytes} [Tue May 19 21:26:31 2026] GET /v2.0/ports?device_id=2c68070f-a794-4336-8346-cad66da6478d => generated 1209 bytes in 49 msecs (HTTP/1.1 200) 4 headers in 158 bytes (1 switches on core 0) [pid: 7|app: 0|req: 1375/2730] 10.0.0.125 () {34 vars in 1040 bytes} [Tue May 19 21:26:31 2026] GET /v2.0/security-groups?id=a771d9ae-40dc-4a8d-9a78-a1a5413c3b1c&fields=id&fields=name => generated 113 bytes in 44 msecs (HTTP/1.1 200) 4 headers in 157 bytes (1 switches on core 0)
2026-05-19 21:26:31.319 8 INFO neutron.plugins.ml2.drivers.ovn.mech_driver.ovsdb.commands [None req-ad79617f-60fa-4653-88c6-e992f0f96e39 - - - - - -] Schedule LRP lrp-d1f157ab-794d-48bd-bfaf-586201e9aa3f on gateway 5cf1591a-8a80-4176-9b8c-b2f09e4a4580 with priority 1
2026-05-19 21:26:31.381 8 INFO neutron.db.ovn_revision_numbers_db [None req-2b9a8f65-6d8d-42ab-ac54-9d4c5f9cc812 fef1d03ef0d3461db314ab2b1722da32 a29a7ac4e35d4854a2a4e9412e1dc831 - - default default] Successfully bumped revision number for resource d1f157ab-794d-48bd-bfaf-586201e9aa3f (type: router_ports) to 1
2026-05-19 21:26:31.384 7 INFO neutron.plugins.ml2.drivers.ovn.mech_driver.mech_driver [None req-f117d0b5-19e1-4ed9-88ee-83377d23d67d - - - - - -] OVN reports status up for port: d1f157ab-794d-48bd-bfaf-586201e9aa3f
2026-05-19 21:26:31.402 7 INFO neutron.plugins.ml2.plugin [None req-f117d0b5-19e1-4ed9-88ee-83377d23d67d - - - - - -] Attempt 1 to provision port d1f157ab-794d-48bd-bfaf-586201e9aa3f
2026-05-19 21:26:31.468 8 INFO neutron.db.ovn_revision_numbers_db [None req-2b9a8f65-6d8d-42ab-ac54-9d4c5f9cc812 fef1d03ef0d3461db314ab2b1722da32 a29a7ac4e35d4854a2a4e9412e1dc831 - - default default] Successfully bumped revision number for resource 82aabb71-f552-4c35-a7c2-af0172044499 (type: routers) to 2 [pid: 8|app: 0|req: 1356/2731] 10.0.0.192 () {34 vars in 669 bytes} [Tue May 19 21:26:29 2026] POST /v2.0/routers => generated 937 bytes in 1639 msecs (HTTP/1.1 201) 4 headers in 162 bytes (1 switches on core 0)
2026-05-19 21:26:32.113 7 WARNING neutron.scheduler.dhcp_agent_scheduler [None req-1421b392-9b16-4160-a839-a45fb5d245b3 fef1d03ef0d3461db314ab2b1722da32 a29a7ac4e35d4854a2a4e9412e1dc831 - - default default] No more DHCP agents
2026-05-19 21:26:32.114 7 WARNING neutron.api.rpc.agentnotifiers.dhcp_rpc_agent_api [None req-1421b392-9b16-4160-a839-a45fb5d245b3 fef1d03ef0d3461db314ab2b1722da32 a29a7ac4e35d4854a2a4e9412e1dc831 - - default default] Unable to schedule network 07e6079b-fa77-457e-884f-4368ea5df687: no agents available; will retry on subsequent port and subnet creation events.
2026-05-19 21:26:32.294 7 INFO neutron.db.ovn_revision_numbers_db [None req-1421b392-9b16-4160-a839-a45fb5d245b3 fef1d03ef0d3461db314ab2b1722da32 a29a7ac4e35d4854a2a4e9412e1dc831 - - default default] Successfully bumped revision number for resource 0ab73205-e8c2-4820-bc5e-c87def4e2d18 (type: ports) to 1 [pid: 8|app: 0|req: 1357/2732] 10.0.0.82 () {34 vars in 989 bytes} [Tue May 19 21:26:32 2026] GET /v2.0/ports?device_id=2c68070f-a794-4336-8346-cad66da6478d => generated 971 bytes in 71 msecs (HTTP/1.1 200) 4 headers in 157 bytes (1 switches on core 0) [pid: 8|app: 0|req: 1358/2733] 10.0.0.82 () {34 vars in 1039 bytes} [Tue May 19 21:26:32 2026] GET /v2.0/security-groups?id=a771d9ae-40dc-4a8d-9a78-a1a5413c3b1c&fields=id&fields=name => generated 113 bytes in 37 msecs (HTTP/1.1 200) 4 headers in 157 bytes (1 switches on core 0)
2026-05-19 21:26:33.032 7 WARNING neutron.scheduler.dhcp_agent_scheduler [None req-1421b392-9b16-4160-a839-a45fb5d245b3 fef1d03ef0d3461db314ab2b1722da32 a29a7ac4e35d4854a2a4e9412e1dc831 - - default default] No more DHCP agents
2026-05-19 21:26:33.038 7 WARNING neutron.api.rpc.agentnotifiers.dhcp_rpc_agent_api [None req-1421b392-9b16-4160-a839-a45fb5d245b3 fef1d03ef0d3461db314ab2b1722da32 a29a7ac4e35d4854a2a4e9412e1dc831 - - default default] Unable to schedule network 07e6079b-fa77-457e-884f-4368ea5df687: no agents available; will retry on subsequent port and subnet creation events.
2026-05-19 21:26:33.038 8 INFO neutron.plugins.ml2.drivers.ovn.mech_driver.mech_driver [None req-166293b8-b7a0-47a7-9716-e4bb688ca30f - - - - - -] OVN reports status up for port: 92f3c4f3-6e44-45fa-9181-370decb28918
2026-05-19 21:26:33.054 8 INFO neutron.plugins.ml2.plugin [None req-166293b8-b7a0-47a7-9716-e4bb688ca30f - - - - - -] Attempt 1 to provision port 92f3c4f3-6e44-45fa-9181-370decb28918
2026-05-19 21:26:33.266 8 INFO neutron.db.ovn_revision_numbers_db [None req-166293b8-b7a0-47a7-9716-e4bb688ca30f - - - - - -] Successfully bumped revision number for resource 92f3c4f3-6e44-45fa-9181-370decb28918 (type: ports) to 4
2026-05-19 21:26:33.498 7 INFO neutron.db.ovn_revision_numbers_db [None req-1421b392-9b16-4160-a839-a45fb5d245b3 fef1d03ef0d3461db314ab2b1722da32 a29a7ac4e35d4854a2a4e9412e1dc831 - - default default] Successfully bumped revision number for resource 0ab73205-e8c2-4820-bc5e-c87def4e2d18 (type: router_ports) to 1 [pid: 7|app: 0|req: 1376/2734] 10.0.0.192 () {34 vars in 783 bytes} [Tue May 19 21:26:31 2026] PUT /v2.0/routers/82aabb71-f552-4c35-a7c2-af0172044499/add_router_interface => generated 309 bytes in 2011 msecs (HTTP/1.1 200) 4 headers in 157 bytes (1 switches on core 0)
2026-05-19 21:26:33.845 8 INFO neutron.plugins.ml2.drivers.ovn.mech_driver.mech_driver [None req-68568abd-52e6-4912-a980-ca7ed5411804 - - - - - -] OVN reports status down for port: 98a4fdca-ecf7-45ab-b2d4-313af2e4507b [pid: 7|app: 0|req: 1377/2735] 10.0.0.82 () {34 vars in 989 bytes} [Tue May 19 21:26:33 2026] GET /v2.0/ports?device_id=2c68070f-a794-4336-8346-cad66da6478d => generated 971 bytes in 100 msecs (HTTP/1.1 200) 4 headers in 157 bytes (1 switches on core 0) [pid: 7|app: 0|req: 1378/2736] 10.0.0.82 () {34 vars in 1039 bytes} [Tue May 19 21:26:34 2026] GET /v2.0/security-groups?id=a771d9ae-40dc-4a8d-9a78-a1a5413c3b1c&fields=id&fields=name => generated 113 bytes in 36 msecs (HTTP/1.1 200) 4 headers in 157 bytes (1 switches on core 0)
2026-05-19 21:26:34.137 8 INFO neutron.notifiers.nova [-] Nova event matching ['req-5a764835-67a7-4e22-b428-bb869d688694'] response: {'server_uuid': '2c68070f-a794-4336-8346-cad66da6478d', 'name': 'network-vif-unplugged', 'status': 'completed', 'tag': '98a4fdca-ecf7-45ab-b2d4-313af2e4507b', 'code': 200}
2026-05-19 21:26:34.288 8 WARNING neutron.scheduler.dhcp_agent_scheduler [None req-399de644-27ef-43b5-8cbe-8f6a0695fd12 - - - - - -] No more DHCP agents
2026-05-19 21:26:34.294 8 WARNING neutron.api.rpc.agentnotifiers.dhcp_rpc_agent_api [None req-399de644-27ef-43b5-8cbe-8f6a0695fd12 - - - - - -] Unable to schedule network 984918e6-c9af-479b-ab1c-b03c8bc7d532: no agents available; will retry on subsequent port and subnet creation events.
2026-05-19 21:26:34.349 8 INFO neutron.db.ovn_revision_numbers_db [None req-68568abd-52e6-4912-a980-ca7ed5411804 - - - - - -] Successfully bumped revision number for resource 98a4fdca-ecf7-45ab-b2d4-313af2e4507b (type: ports) to 6
2026-05-19 21:26:34.455 8 INFO neutron.plugins.ml2.drivers.ovn.mech_driver.mech_driver [None req-263a05fc-2803-4e52-a776-9314b560e422 - - - - - -] OVN reports status up for port: 159a05aa-e328-41a7-8f32-e70e8f8c16f7
2026-05-19 21:26:34.527 8 INFO neutron.plugins.ml2.plugin [None req-263a05fc-2803-4e52-a776-9314b560e422 - - - - - -] Attempt 1 to provision port 159a05aa-e328-41a7-8f32-e70e8f8c16f7
2026-05-19 21:26:34.554 8 INFO neutron.db.ovn_revision_numbers_db [None req-399de644-27ef-43b5-8cbe-8f6a0695fd12 - - - - - -] Successfully bumped revision number for resource 6d87d9f7-0052-4319-ae60-3652b8733946 (type: ports) to 1
2026-05-19 21:26:34.965 8 INFO neutron.db.ovn_revision_numbers_db [None req-263a05fc-2803-4e52-a776-9314b560e422 - - - - - -] Successfully bumped revision number for resource 159a05aa-e328-41a7-8f32-e70e8f8c16f7 (type: ports) to 4
2026-05-19 21:26:35.024 8 INFO neutron.db.ovn_revision_numbers_db [None req-399de644-27ef-43b5-8cbe-8f6a0695fd12 - - - - - -] Successfully bumped revision number for resource 6d87d9f7-0052-4319-ae60-3652b8733946 (type: ports) to 3 [pid: 7|app: 0|req: 1379/2737] 199.204.45.216 () {34 vars in 994 bytes} [Tue May 19 21:26:35 2026] GET /v2.0/ports?device_id=2c68070f-a794-4336-8346-cad66da6478d => generated 969 bytes in 45 msecs (HTTP/1.1 200) 4 headers in 157 bytes (1 switches on core 0)
2026-05-19 21:26:35.107 8 INFO neutron.db.segments_db [None req-399de644-27ef-43b5-8cbe-8f6a0695fd12 - - - - - -] Added segment bcd5de6c-cd3f-4de2-83cd-6aba083cc66f of type geneve for network 778eeee0-3bf4-4ab9-9131-19860b46304c
2026-05-19 21:26:35.240 7 INFO neutron_taas.services.taas.taas_plugin [req-d29b3e57-6651-49f1-99fb-8239000e9118 req-d2e04f81-3fa1-4b38-98fe-6f14a80397c8 90fee755b25b4cd38875ef057da53d13 94c1ac01ff084d77b9c66429ccaace03 - - default default] TaaS: Handle Delete Port: 98a4fdca-ecf7-45ab-b2d4-313af2e4507b
2026-05-19 21:26:35.243 7 INFO neutron_taas.services.taas.tap_mirror_plugin [req-d29b3e57-6651-49f1-99fb-8239000e9118 req-d2e04f81-3fa1-4b38-98fe-6f14a80397c8 90fee755b25b4cd38875ef057da53d13 94c1ac01ff084d77b9c66429ccaace03 - - default default] Tap Mirror: Handle Delete Port: 98a4fdca-ecf7-45ab-b2d4-313af2e4507b
2026-05-19 21:26:35.292 8 INFO neutron.db.ovn_revision_numbers_db [None req-7625b6e5-d86a-44a4-8047-801b8d97a809 - - - - - -] Successfully bumped revision number for resource 778eeee0-3bf4-4ab9-9131-19860b46304c (type: networks) to 1
2026-05-19 21:26:35.491 8 WARNING neutron.scheduler.dhcp_agent_scheduler [None req-7625b6e5-d86a-44a4-8047-801b8d97a809 - - - - - -] No more DHCP agents
2026-05-19 21:26:35.494 8 WARNING neutron.api.rpc.agentnotifiers.dhcp_rpc_agent_api [None req-7625b6e5-d86a-44a4-8047-801b8d97a809 - - - - - -] Unable to schedule network 778eeee0-3bf4-4ab9-9131-19860b46304c: no agents available; will retry on subsequent port and subnet creation events.
2026-05-19 21:26:35.495 7 INFO neutron.db.l3_db [req-d29b3e57-6651-49f1-99fb-8239000e9118 req-d2e04f81-3fa1-4b38-98fe-6f14a80397c8 90fee755b25b4cd38875ef057da53d13 94c1ac01ff084d77b9c66429ccaace03 - - default default] Floating IP 71b9a6ee-e166-487b-b5bf-226effcc7e96 disassociated. External IP: 10.96.250.220, port: 98a4fdca-ecf7-45ab-b2d4-313af2e4507b.
2026-05-19 21:26:35.592 8 INFO neutron.db.ovn_revision_numbers_db [None req-7625b6e5-d86a-44a4-8047-801b8d97a809 - - - - - -] Successfully bumped revision number for resource 4fc19401-396c-44af-94bf-86ac3f6cbe62 (type: ports) to 1 [pid: 7|app: 0|req: 1380/2738] 199.204.45.216 () {36 vars in 997 bytes} [Tue May 19 21:26:35 2026] DELETE /v2.0/ports/98a4fdca-ecf7-45ab-b2d4-313af2e4507b => generated 0 bytes in 578 msecs (HTTP/1.1 204) 3 headers in 131 bytes (1 switches on core 0) [pid: 7|app: 0|req: 1381/2739] 10.0.0.82 () {34 vars in 989 bytes} [Tue May 19 21:26:35 2026] GET /v2.0/ports?device_id=2c68070f-a794-4336-8346-cad66da6478d => generated 12 bytes in 26 msecs (HTTP/1.1 200) 4 headers in 156 bytes (1 switches on core 0)
2026-05-19 21:26:35.684 7 INFO neutron.notifiers.nova [-] Nova event matching ['req-b2556d67-8e5a-4495-a25d-54826557b090'] response: {'server_uuid': '2c68070f-a794-4336-8346-cad66da6478d', 'name': 'network-vif-deleted', 'tag': '98a4fdca-ecf7-45ab-b2d4-313af2e4507b', 'status': 'completed', 'code': 200}
2026-05-19 21:26:35.751 8 WARNING neutron.scheduler.dhcp_agent_scheduler [None req-7625b6e5-d86a-44a4-8047-801b8d97a809 - - - - - -] No more DHCP agents
2026-05-19 21:26:35.752 8 WARNING neutron.api.rpc.agentnotifiers.dhcp_rpc_agent_api [None req-7625b6e5-d86a-44a4-8047-801b8d97a809 - - - - - -] Unable to schedule network 778eeee0-3bf4-4ab9-9131-19860b46304c: no agents available; will retry on subsequent port and subnet creation events.
2026-05-19 21:26:35.775 8 INFO neutron.db.ovn_revision_numbers_db [None req-7625b6e5-d86a-44a4-8047-801b8d97a809 - - - - - -] Successfully bumped revision number for resource c0c14903-89c5-4844-ba57-f479b70d3602 (type: subnets) to 0
2026-05-19 21:26:36.170 8 WARNING neutron.scheduler.dhcp_agent_scheduler [None req-7625b6e5-d86a-44a4-8047-801b8d97a809 - - - - - -] No more DHCP agents
2026-05-19 21:26:36.171 8 WARNING neutron.api.rpc.agentnotifiers.dhcp_rpc_agent_api [None req-7625b6e5-d86a-44a4-8047-801b8d97a809 - - - - - -] Unable to schedule network 778eeee0-3bf4-4ab9-9131-19860b46304c: no agents available; will retry on subsequent port and subnet creation events.
2026-05-19 21:26:36.190 8 INFO neutron.notifiers.nova [-] Nova event matching ['req-d122b69d-15d4-4b2a-83c1-d23d39a72aa2'] response: {'server_uuid': '2c68070f-a794-4336-8346-cad66da6478d', 'name': 'network-vif-unplugged', 'status': 'completed', 'tag': '98a4fdca-ecf7-45ab-b2d4-313af2e4507b', 'code': 200}
2026-05-19 21:26:36.290 8 INFO neutron.plugins.ml2.drivers.ovn.mech_driver.mech_driver [None req-216a18d8-3089-486f-a2f2-19263a688750 - - - - - -] OVN reports status down for port: 5a8138c9-6049-49a6-b7eb-053fb23f248f
2026-05-19 21:26:36.349 8 INFO neutron.db.ovn_revision_numbers_db [None req-7625b6e5-d86a-44a4-8047-801b8d97a809 - - - - - -] Successfully bumped revision number for resource 5a8138c9-6049-49a6-b7eb-053fb23f248f (type: ports) to 1
2026-05-19 21:26:36.529 7 WARNING neutron.plugins.ml2.drivers.ovn.mech_driver.ovsdb.ovn_client [None req-f117d0b5-19e1-4ed9-88ee-83377d23d67d - - - - - -] No hosting information found for port d1f157ab-794d-48bd-bfaf-586201e9aa3f: RuntimeError: No hosting information found for port d1f157ab-794d-48bd-bfaf-586201e9aa3f
2026-05-19 21:26:36.529 7 INFO neutron.plugins.ml2.drivers.ovn.mech_driver.mech_driver [None req-f117d0b5-19e1-4ed9-88ee-83377d23d67d - - - - - -] OVN reports status down for port: 0ab73205-e8c2-4820-bc5e-c87def4e2d18
2026-05-19 21:26:36.580 7 WARNING neutron.plugins.ml2.drivers.ovn.mech_driver.ovsdb.ovn_client [None req-f117d0b5-19e1-4ed9-88ee-83377d23d67d - - - - - -] Logical_Switch_Port %s host information not removed, the port state is up
2026-05-19 21:26:36.580 7 INFO neutron.plugins.ml2.drivers.ovn.mech_driver.mech_driver [None req-f117d0b5-19e1-4ed9-88ee-83377d23d67d - - - - - -] OVN reports status up for port: 0ab73205-e8c2-4820-bc5e-c87def4e2d18
2026-05-19 21:26:36.591 7 INFO neutron.plugins.ml2.plugin [None req-f117d0b5-19e1-4ed9-88ee-83377d23d67d - - - - - -] Attempt 1 to provision port 0ab73205-e8c2-4820-bc5e-c87def4e2d18 [pid: 7|app: 0|req: 1384/2742] 10.0.0.82 () {34 vars in 989 bytes} [Tue May 19 21:26:36 2026] GET /v2.0/ports?device_id=2c68070f-a794-4336-8346-cad66da6478d => generated 12 bytes in 47 msecs (HTTP/1.1 200) 4 headers in 156 bytes (1 switches on core 0)
2026-05-19 21:26:37.085 7 INFO neutron.db.ovn_revision_numbers_db [None req-f117d0b5-19e1-4ed9-88ee-83377d23d67d - - - - - -] Successfully bumped revision number for resource 0ab73205-e8c2-4820-bc5e-c87def4e2d18 (type: ports) to 2
2026-05-19 21:26:37.175 8 INFO neutron.plugins.ml2.drivers.ovn.mech_driver.mech_driver [None req-216a18d8-3089-486f-a2f2-19263a688750 - - - - - -] OVN reports status up for port: 5a8138c9-6049-49a6-b7eb-053fb23f248f
2026-05-19 21:26:37.197 8 INFO neutron.plugins.ml2.plugin [None req-216a18d8-3089-486f-a2f2-19263a688750 - - - - - -] Attempt 1 to provision port 5a8138c9-6049-49a6-b7eb-053fb23f248f
2026-05-19 21:26:37.332 8 WARNING neutron.scheduler.dhcp_agent_scheduler [None req-7625b6e5-d86a-44a4-8047-801b8d97a809 - - - - - -] No more DHCP agents
