2026-05-19 21:31:23.771 8 INFO neutron_taas.services.taas.tap_mirror_plugin [None req-a376adfc-54bc-4c43-b3c3-de2c4b8f1f08 4be1d74074a1475bace7cdb38c2851da 250948706cff446c8e5248511c607ae0 - - default default] Tap Mirror: Handle Delete Port: c2d197e2-45fe-46cc-987e-6af5dfd6b779
2026-05-19 21:31:23.991 8 INFO neutron.db.l3_db [None req-a376adfc-54bc-4c43-b3c3-de2c4b8f1f08 4be1d74074a1475bace7cdb38c2851da 250948706cff446c8e5248511c607ae0 - - default default] Floating IP 85e30298-4d63-4c9f-a3ee-b75e4c6ac26c disassociated (deleted). External IP: 10.96.250.216, port: c1daedf5-a7c7-47a9-bfb2-dee4761b8d3b. [pid: 8|app: 0|req: 1809/3641] 10.0.0.192 () {32 vars in 732 bytes} [Tue May 19 21:31:23 2026] DELETE /v2.0/floatingips/85e30298-4d63-4c9f-a3ee-b75e4c6ac26c => generated 0 bytes in 391 msecs (HTTP/1.1 204) 2 headers in 112 bytes (1 switches on core 0)
2026-05-19 21:31:24.057 7 INFO neutron.api.v2.resource [None req-fa21e9c4-cba7-4a6b-b477-e8199ddd7167 4be1d74074a1475bace7cdb38c2851da 250948706cff446c8e5248511c607ae0 - - default default] show failed (client error): The resource could not be found. [pid: 7|app: 0|req: 1833/3642] 10.0.0.192 () {32 vars in 729 bytes} [Tue May 19 21:31:24 2026] GET /v2.0/floatingips/85e30298-4d63-4c9f-a3ee-b75e4c6ac26c => generated 144 bytes in 24 msecs (HTTP/1.1 404) 4 headers in 164 bytes (1 switches on core 0) /var/lib/openstack/lib/python3.12/site-packages/pycadf/identifier.py:70: UserWarning: Invalid uuid: neutron. To ensure interoperability, identifiers should be a valid uuid. warnings.warn(('Invalid uuid: %s. To ensure interoperability, ' [pid: 8|app: 0|req: 1810/3643] 10.0.0.82 () {34 vars in 989 bytes} [Tue May 19 21:31:24 2026] GET /v2.0/ports?device_id=92e40f2b-9fbc-4945-b094-014055168c5c => generated 1196 bytes in 97 msecs (HTTP/1.1 200) 4 headers in 158 bytes (1 switches on core 0) [pid: 7|app: 0|req: 1834/3644] 10.0.0.82 () {34 vars in 1039 bytes} [Tue May 19 21:31:24 2026] GET /v2.0/security-groups?id=9be4c782-95b0-401c-a6ea-474bb247126e&fields=id&fields=name => generated 111 bytes in 54 msecs (HTTP/1.1 200) 4 headers in 157 bytes (1 switches on core 0)
2026-05-19 21:31:25.275 8 INFO neutron.plugins.ml2.drivers.ovn.mech_driver.mech_driver [None req-d3792a5c-a299-4124-872d-aad73609270e - - - - - -] OVN reports status down for port: c1daedf5-a7c7-47a9-bfb2-dee4761b8d3b
2026-05-19 21:31:25.545 8 INFO neutron.notifiers.nova [-] Nova event matching ['req-3d3d2b0b-b2d4-4891-9149-601ff8aed43b'] response: {'name': 'network-changed', 'server_uuid': '92e40f2b-9fbc-4945-b094-014055168c5c', 'tag': 'c1daedf5-a7c7-47a9-bfb2-dee4761b8d3b', 'status': 'completed', 'code': 200}
2026-05-19 21:31:25.546 8 INFO neutron.notifiers.nova [-] Nova event matching ['req-3d3d2b0b-b2d4-4891-9149-601ff8aed43b'] response: {'server_uuid': '92e40f2b-9fbc-4945-b094-014055168c5c', 'name': 'network-vif-unplugged', 'status': 'completed', 'tag': 'c1daedf5-a7c7-47a9-bfb2-dee4761b8d3b', 'code': 200}
2026-05-19 21:31:25.562 8 INFO neutron.db.ovn_revision_numbers_db [None req-d3792a5c-a299-4124-872d-aad73609270e - - - - - -] Successfully bumped revision number for resource c1daedf5-a7c7-47a9-bfb2-dee4761b8d3b (type: ports) to 6 /var/lib/openstack/lib/python3.12/site-packages/pycadf/identifier.py:70: UserWarning: Invalid uuid: neutron. To ensure interoperability, identifiers should be a valid uuid. warnings.warn(('Invalid uuid: %s. To ensure interoperability, ' [pid: 8|app: 0|req: 1811/3645] 199.204.45.216 () {34 vars in 1080 bytes} [Tue May 19 21:31:26 2026] GET /v2.0/ports?tenant_id=250948706cff446c8e5248511c607ae0&device_id=92e40f2b-9fbc-4945-b094-014055168c5c => generated 1432 bytes in 41 msecs (HTTP/1.1 200) 4 headers in 158 bytes (1 switches on core 0) [pid: 7|app: 0|req: 1835/3646] 199.204.45.216 () {34 vars in 986 bytes} [Tue May 19 21:31:26 2026] GET /v2.0/networks?id=36fbf828-d4e3-484c-a26d-17057102bdad => generated 842 bytes in 56 msecs (HTTP/1.1 200) 4 headers in 157 bytes (1 switches on core 0) [pid: 8|app: 0|req: 1812/3647] 199.204.45.216 () {34 vars in 1056 bytes} [Tue May 19 21:31:26 2026] GET /v2.0/floatingips?fixed_ip_address=10.2.2.69&port_id=c1daedf5-a7c7-47a9-bfb2-dee4761b8d3b => generated 19 bytes in 33 msecs (HTTP/1.1 200) 4 headers in 156 bytes (1 switches on core 0) [pid: 7|app: 0|req: 1836/3648] 199.204.45.216 () {34 vars in 1104 bytes} [Tue May 19 21:31:26 2026] GET /v2.0/floatingips?fixed_ip_address=fd77%3A1457%3A4cf0%3A26a8%3A%3Adc&port_id=c1daedf5-a7c7-47a9-bfb2-dee4761b8d3b => generated 19 bytes in 26 msecs (HTTP/1.1 200) 4 headers in 156 bytes (1 switches on core 0) [pid: 8|app: 0|req: 1813/3649] 199.204.45.216 () {34 vars in 1064 bytes} [Tue May 19 21:31:26 2026] GET /v2.0/subnets?id=c5f6157f-d635-40ea-957c-a17c621ca027&id=2abf0a01-1e92-4b66-8f19-87b111581439 => generated 1414 bytes in 33 msecs (HTTP/1.1 200) 4 headers in 158 bytes (1 switches on core 0) [pid: 7|app: 0|req: 1837/3650] 199.204.45.216 () {34 vars in 1052 bytes} [Tue May 19 21:31:26 2026] GET /v2.0/ports?network_id=36fbf828-d4e3-484c-a26d-17057102bdad&device_owner=network%3Adhcp => generated 12 bytes in 26 msecs (HTTP/1.1 200) 4 headers in 156 bytes (1 switches on core 0) [pid: 8|app: 0|req: 1814/3651] 199.204.45.216 () {34 vars in 1052 bytes} [Tue May 19 21:31:26 2026] GET /v2.0/ports?network_id=36fbf828-d4e3-484c-a26d-17057102bdad&device_owner=network%3Adhcp => generated 12 bytes in 21 msecs (HTTP/1.1 200) 4 headers in 156 bytes (1 switches on core 0) [pid: 7|app: 0|req: 1838/3652] 199.204.45.216 () {34 vars in 1012 bytes} [Tue May 19 21:31:26 2026] GET /v2.0/networks/36fbf828-d4e3-484c-a26d-17057102bdad?fields=segments => generated 14 bytes in 36 msecs (HTTP/1.1 200) 4 headers in 156 bytes (1 switches on core 0) [pid: 8|app: 0|req: 1815/3653] 199.204.45.216 () {34 vars in 1112 bytes} [Tue May 19 21:31:26 2026] GET /v2.0/networks/36fbf828-d4e3-484c-a26d-17057102bdad?fields=provider%3Aphysical_network&fields=provider%3Anetwork_type => generated 79 bytes in 42 msecs (HTTP/1.1 200) 4 headers in 156 bytes (1 switches on core 0) [pid: 7|app: 0|req: 1839/3654] 199.204.45.216 () {34 vars in 994 bytes} [Tue May 19 21:31:26 2026] GET /v2.0/ports?device_id=92e40f2b-9fbc-4945-b094-014055168c5c => generated 1194 bytes in 74 msecs (HTTP/1.1 200) 4 headers in 158 bytes (1 switches on core 0)
2026-05-19 21:31:26.723 8 INFO neutron_taas.services.taas.taas_plugin [req-349909d3-252e-4260-b4e2-7464ecb8fe6d req-6097824a-a8e4-4bee-885c-e97ac3e2363b 4be1d74074a1475bace7cdb38c2851da 250948706cff446c8e5248511c607ae0 - - default default] TaaS: Handle Delete Port: c1daedf5-a7c7-47a9-bfb2-dee4761b8d3b
2026-05-19 21:31:26.726 8 INFO neutron_taas.services.taas.tap_mirror_plugin [req-349909d3-252e-4260-b4e2-7464ecb8fe6d req-6097824a-a8e4-4bee-885c-e97ac3e2363b 4be1d74074a1475bace7cdb38c2851da 250948706cff446c8e5248511c607ae0 - - default default] Tap Mirror: Handle Delete Port: c1daedf5-a7c7-47a9-bfb2-dee4761b8d3b [pid: 8|app: 0|req: 1816/3655] 199.204.45.216 () {36 vars in 997 bytes} [Tue May 19 21:31:26 2026] DELETE /v2.0/ports/c1daedf5-a7c7-47a9-bfb2-dee4761b8d3b => generated 0 bytes in 293 msecs (HTTP/1.1 204) 3 headers in 131 bytes (1 switches on core 0)
2026-05-19 21:31:27.589 8 INFO neutron.notifiers.nova [-] Nova event matching ['req-23590d0e-7343-4be6-9384-33fa94830e49'] response: {'server_uuid': '92e40f2b-9fbc-4945-b094-014055168c5c', 'name': 'network-vif-unplugged', 'status': 'completed', 'tag': 'c1daedf5-a7c7-47a9-bfb2-dee4761b8d3b', 'code': 200}
2026-05-19 21:31:27.590 8 INFO neutron.notifiers.nova [-] Nova event matching ['req-23590d0e-7343-4be6-9384-33fa94830e49'] response: {'server_uuid': '92e40f2b-9fbc-4945-b094-014055168c5c', 'name': 'network-vif-deleted', 'tag': 'c1daedf5-a7c7-47a9-bfb2-dee4761b8d3b', 'status': 'completed', 'code': 200} [pid: 7|app: 0|req: 1840/3656] 10.0.0.82 () {34 vars in 989 bytes} [Tue May 19 21:31:29 2026] GET /v2.0/ports?device_id=92e40f2b-9fbc-4945-b094-014055168c5c => generated 12 bytes in 25 msecs (HTTP/1.1 200) 4 headers in 156 bytes (1 switches on core 0)
2026-05-19 21:31:34.686 8 INFO neutron_taas.services.taas.taas_plugin [None req-1e32deb6-3b37-4405-b4e1-5fa3ebc97448 4be1d74074a1475bace7cdb38c2851da 250948706cff446c8e5248511c607ae0 - - default default] TaaS: Handle Delete Port: b814afe1-05c9-4434-90ce-56442667497c
2026-05-19 21:31:34.689 8 INFO neutron_taas.services.taas.tap_mirror_plugin [None req-1e32deb6-3b37-4405-b4e1-5fa3ebc97448 4be1d74074a1475bace7cdb38c2851da 250948706cff446c8e5248511c607ae0 - - default default] Tap Mirror: Handle Delete Port: b814afe1-05c9-4434-90ce-56442667497c
2026-05-19 21:31:34.910 8 INFO neutron.db.l3_db [None req-1e32deb6-3b37-4405-b4e1-5fa3ebc97448 4be1d74074a1475bace7cdb38c2851da 250948706cff446c8e5248511c607ae0 - - default default] Floating IP 35b1c08e-7d48-4d51-b125-c395a8bbeee5 disassociated (deleted). External IP: 10.96.250.206, port: e42598b1-1ca9-48f9-a2a2-4a6994dd0eb3. [pid: 8|app: 0|req: 1817/3657] 10.0.0.192 () {32 vars in 732 bytes} [Tue May 19 21:31:34 2026] DELETE /v2.0/floatingips/35b1c08e-7d48-4d51-b125-c395a8bbeee5 => generated 0 bytes in 407 msecs (HTTP/1.1 204) 2 headers in 112 bytes (1 switches on core 0) /var/lib/openstack/lib/python3.12/site-packages/pycadf/identifier.py:70: UserWarning: Invalid uuid: neutron. To ensure interoperability, identifiers should be a valid uuid. warnings.warn(('Invalid uuid: %s. To ensure interoperability, '
2026-05-19 21:31:34.982 7 INFO neutron.api.v2.resource [None req-347a7625-c116-4e33-8e09-11f15cc1b77b 4be1d74074a1475bace7cdb38c2851da 250948706cff446c8e5248511c607ae0 - - default default] show failed (client error): The resource could not be found.
2026-05-19 21:31:34.983 8 INFO neutron.notifiers.nova [-] Nova event matching ['req-57ef0df0-fc2c-4bcd-acb6-323579f7d828'] response: {'name': 'network-changed', 'server_uuid': 'b9e4e9a8-1d5a-4a2c-bf63-a456120ded00', 'tag': 'e42598b1-1ca9-48f9-a2a2-4a6994dd0eb3', 'status': 'completed', 'code': 200} [pid: 7|app: 0|req: 1841/3658] 10.0.0.192 () {32 vars in 729 bytes} [Tue May 19 21:31:34 2026] GET /v2.0/floatingips/35b1c08e-7d48-4d51-b125-c395a8bbeee5 => generated 144 bytes in 27 msecs (HTTP/1.1 404) 4 headers in 164 bytes (1 switches on core 0) [pid: 8|app: 0|req: 1818/3659] 10.0.0.82 () {34 vars in 989 bytes} [Tue May 19 21:31:35 2026] GET /v2.0/ports?device_id=b9e4e9a8-1d5a-4a2c-bf63-a456120ded00 => generated 1196 bytes in 81 msecs (HTTP/1.1 200) 4 headers in 158 bytes (1 switches on core 0) [pid: 7|app: 0|req: 1842/3660] 10.0.0.82 () {34 vars in 1039 bytes} [Tue May 19 21:31:35 2026] GET /v2.0/security-groups?id=9be4c782-95b0-401c-a6ea-474bb247126e&fields=id&fields=name => generated 111 bytes in 38 msecs (HTTP/1.1 200) 4 headers in 157 bytes (1 switches on core 0) [pid: 8|app: 0|req: 1819/3661] 199.204.45.216 () {34 vars in 1080 bytes} [Tue May 19 21:31:35 2026] GET /v2.0/ports?tenant_id=250948706cff446c8e5248511c607ae0&device_id=b9e4e9a8-1d5a-4a2c-bf63-a456120ded00 => generated 1434 bytes in 37 msecs (HTTP/1.1 200) 4 headers in 158 bytes (1 switches on core 0) [pid: 7|app: 0|req: 1843/3662] 199.204.45.216 () {34 vars in 986 bytes} [Tue May 19 21:31:35 2026] GET /v2.0/networks?id=b584fee1-23e2-4ec4-a7f9-916ba2ab4453 => generated 841 bytes in 44 msecs (HTTP/1.1 200) 4 headers in 157 bytes (1 switches on core 0) [pid: 8|app: 0|req: 1820/3663] 199.204.45.216 () {34 vars in 1058 bytes} [Tue May 19 21:31:35 2026] GET /v2.0/floatingips?fixed_ip_address=10.2.1.168&port_id=e42598b1-1ca9-48f9-a2a2-4a6994dd0eb3 => generated 19 bytes in 21 msecs (HTTP/1.1 200) 4 headers in 156 bytes (1 switches on core 0) [pid: 7|app: 0|req: 1844/3664] 199.204.45.216 () {34 vars in 1102 bytes} [Tue May 19 21:31:35 2026] GET /v2.0/floatingips?fixed_ip_address=fd7b%3Af9f7%3Afff%3A4eca%3A%3A10&port_id=e42598b1-1ca9-48f9-a2a2-4a6994dd0eb3 => generated 19 bytes in 29 msecs (HTTP/1.1 200) 4 headers in 156 bytes (1 switches on core 0) [pid: 8|app: 0|req: 1821/3665] 199.204.45.216 () {34 vars in 1064 bytes} [Tue May 19 21:31:35 2026] GET /v2.0/subnets?id=434ce06e-2c9b-48a8-b48d-66547272b808&id=e9e55ca7-a28f-4300-875a-eca7824a5eee => generated 1411 bytes in 28 msecs (HTTP/1.1 200) 4 headers in 158 bytes (1 switches on core 0) [pid: 7|app: 0|req: 1845/3666] 199.204.45.216 () {34 vars in 1052 bytes} [Tue May 19 21:31:35 2026] GET /v2.0/ports?network_id=b584fee1-23e2-4ec4-a7f9-916ba2ab4453&device_owner=network%3Adhcp => generated 12 bytes in 21 msecs (HTTP/1.1 200) 4 headers in 156 bytes (1 switches on core 0) [pid: 8|app: 0|req: 1822/3667] 199.204.45.216 () {34 vars in 1052 bytes} [Tue May 19 21:31:35 2026] GET /v2.0/ports?network_id=b584fee1-23e2-4ec4-a7f9-916ba2ab4453&device_owner=network%3Adhcp => generated 12 bytes in 21 msecs (HTTP/1.1 200) 4 headers in 156 bytes (1 switches on core 0) [pid: 7|app: 0|req: 1846/3668] 199.204.45.216 () {34 vars in 1012 bytes} [Tue May 19 21:31:35 2026] GET /v2.0/networks/b584fee1-23e2-4ec4-a7f9-916ba2ab4453?fields=segments => generated 14 bytes in 55 msecs (HTTP/1.1 200) 4 headers in 156 bytes (1 switches on core 0) [pid: 8|app: 0|req: 1823/3669] 199.204.45.216 () {34 vars in 1112 bytes} [Tue May 19 21:31:35 2026] GET /v2.0/networks/b584fee1-23e2-4ec4-a7f9-916ba2ab4453?fields=provider%3Aphysical_network&fields=provider%3Anetwork_type => generated 79 bytes in 43 msecs (HTTP/1.1 200) 4 headers in 156 bytes (1 switches on core 0)
2026-05-19 21:31:36.226 7 INFO neutron.plugins.ml2.drivers.ovn.mech_driver.mech_driver [None req-98dd8603-49d0-4fbd-b6f6-02c2ebf35dbd - - - - - -] OVN reports status down for port: e42598b1-1ca9-48f9-a2a2-4a6994dd0eb3
2026-05-19 21:31:36.395 7 INFO neutron.notifiers.nova [-] Nova event matching ['req-d81ee7e6-dec7-43c3-9dc5-142d11853180'] response: {'server_uuid': 'b9e4e9a8-1d5a-4a2c-bf63-a456120ded00', 'name': 'network-vif-unplugged', 'status': 'completed', 'tag': 'e42598b1-1ca9-48f9-a2a2-4a6994dd0eb3', 'code': 200}
2026-05-19 21:31:36.531 7 INFO neutron.db.ovn_revision_numbers_db [None req-98dd8603-49d0-4fbd-b6f6-02c2ebf35dbd - - - - - -] Successfully bumped revision number for resource e42598b1-1ca9-48f9-a2a2-4a6994dd0eb3 (type: ports) to 6 [pid: 8|app: 0|req: 1825/3672] 199.204.45.216 () {34 vars in 994 bytes} [Tue May 19 21:31:37 2026] GET /v2.0/ports?device_id=b9e4e9a8-1d5a-4a2c-bf63-a456120ded00 => generated 1194 bytes in 33 msecs (HTTP/1.1 200) 4 headers in 158 bytes (1 switches on core 0) /var/lib/openstack/lib/python3.12/site-packages/pycadf/identifier.py:70: UserWarning: Invalid uuid: neutron. To ensure interoperability, identifiers should be a valid uuid. warnings.warn(('Invalid uuid: %s. To ensure interoperability, '
2026-05-19 21:31:37.632 7 INFO neutron_taas.services.taas.taas_plugin [req-9279265b-c88a-4771-981e-18d5187dc053 req-17f01a5c-faf9-4984-aba6-02942373e16f 4be1d74074a1475bace7cdb38c2851da 250948706cff446c8e5248511c607ae0 - - default default] TaaS: Handle Delete Port: e42598b1-1ca9-48f9-a2a2-4a6994dd0eb3
2026-05-19 21:31:37.636 7 INFO neutron_taas.services.taas.tap_mirror_plugin [req-9279265b-c88a-4771-981e-18d5187dc053 req-17f01a5c-faf9-4984-aba6-02942373e16f 4be1d74074a1475bace7cdb38c2851da 250948706cff446c8e5248511c607ae0 - - default default] Tap Mirror: Handle Delete Port: e42598b1-1ca9-48f9-a2a2-4a6994dd0eb3 [pid: 7|app: 0|req: 1848/3673] 199.204.45.216 () {36 vars in 997 bytes} [Tue May 19 21:31:37 2026] DELETE /v2.0/ports/e42598b1-1ca9-48f9-a2a2-4a6994dd0eb3 => generated 0 bytes in 378 msecs (HTTP/1.1 204) 3 headers in 131 bytes (1 switches on core 0)
2026-05-19 21:31:38.428 7 INFO neutron.notifiers.nova [-] Nova event matching ['req-4601dee1-9a30-4c64-841d-95216275cf8a'] response: {'server_uuid': 'b9e4e9a8-1d5a-4a2c-bf63-a456120ded00', 'name': 'network-vif-unplugged', 'status': 'completed', 'tag': 'e42598b1-1ca9-48f9-a2a2-4a6994dd0eb3', 'code': 200}
2026-05-19 21:31:38.428 7 INFO neutron.notifiers.nova [-] Nova event matching ['req-4601dee1-9a30-4c64-841d-95216275cf8a'] response: {'server_uuid': 'b9e4e9a8-1d5a-4a2c-bf63-a456120ded00', 'name': 'network-vif-deleted', 'tag': 'e42598b1-1ca9-48f9-a2a2-4a6994dd0eb3', 'status': 'completed', 'code': 200} [pid: 8|app: 0|req: 1826/3674] 10.0.0.82 () {34 vars in 989 bytes} [Tue May 19 21:31:40 2026] GET /v2.0/ports?device_id=b9e4e9a8-1d5a-4a2c-bf63-a456120ded00 => generated 12 bytes in 25 msecs (HTTP/1.1 200) 4 headers in 156 bytes (1 switches on core 0) [pid: 7|app: 0|req: 1849/3675] 10.0.0.192 () {32 vars in 750 bytes} [Tue May 19 21:31:45 2026] DELETE /v2.0/security-group-rules/8fce7286-621d-4877-9a4f-297e648abe48 => generated 0 bytes in 203 msecs (HTTP/1.1 204) 2 headers in 112 bytes (1 switches on core 0)
2026-05-19 21:31:45.663 8 INFO neutron.api.v2.resource [None req-e3edad4d-49b6-49d3-8c3a-b8d263a7b987 4be1d74074a1475bace7cdb38c2851da 250948706cff446c8e5248511c607ae0 - - default default] show failed (client error): The resource could not be found. [pid: 8|app: 0|req: 1827/3676] 10.0.0.192 () {32 vars in 747 bytes} [Tue May 19 21:31:45 2026] GET /v2.0/security-group-rules/8fce7286-621d-4877-9a4f-297e648abe48 => generated 155 bytes in 19 msecs (HTTP/1.1 404) 4 headers in 164 bytes (1 switches on core 0) [pid: 7|app: 0|req: 1850/3677] 10.0.0.192 () {32 vars in 750 bytes} [Tue May 19 21:31:45 2026] DELETE /v2.0/security-group-rules/e25d63ff-8482-4343-9426-4745e61bf806 => generated 0 bytes in 168 msecs (HTTP/1.1 204) 2 headers in 112 bytes (1 switches on core 0)
2026-05-19 21:31:45.854 8 INFO neutron.api.v2.resource [None req-27cd8f3c-adfd-4ed9-a239-4d5748d29942 4be1d74074a1475bace7cdb38c2851da 250948706cff446c8e5248511c607ae0 - - default default] show failed (client error): The resource could not be found. [pid: 8|app: 0|req: 1828/3678] 10.0.0.192 () {32 vars in 747 bytes} [Tue May 19 21:31:45 2026] GET /v2.0/security-group-rules/e25d63ff-8482-4343-9426-4745e61bf806 => generated 155 bytes in 9 msecs (HTTP/1.1 404) 4 headers in 164 bytes (1 switches on core 0) [pid: 7|app: 0|req: 1851/3679] 10.0.0.192 () {32 vars in 750 bytes} [Tue May 19 21:31:45 2026] DELETE /v2.0/security-group-rules/68d1ef1d-ca48-49f3-9f4b-a9e94168f2b1 => generated 0 bytes in 153 msecs (HTTP/1.1 204) 2 headers in 112 bytes (1 switches on core 0)
2026-05-19 21:31:46.031 8 INFO neutron.api.v2.resource [None req-039c8f4f-747f-4eb4-859b-23ea63af40cc 4be1d74074a1475bace7cdb38c2851da 250948706cff446c8e5248511c607ae0 - - default default] show failed (client error): The resource could not be found. [pid: 8|app: 0|req: 1829/3680] 10.0.0.192 () {32 vars in 747 bytes} [Tue May 19 21:31:46 2026] GET /v2.0/security-group-rules/68d1ef1d-ca48-49f3-9f4b-a9e94168f2b1 => generated 155 bytes in 12 msecs (HTTP/1.1 404) 4 headers in 164 bytes (1 switches on core 0) [pid: 7|app: 0|req: 1852/3681] 10.0.0.192 () {32 vars in 750 bytes} [Tue May 19 21:31:46 2026] DELETE /v2.0/security-group-rules/20c2c955-9fe7-4d3b-b194-15e6281f24f5 => generated 0 bytes in 146 msecs (HTTP/1.1 204) 2 headers in 112 bytes (1 switches on core 0)
2026-05-19 21:31:46.202 8 INFO neutron.api.v2.resource [None req-095e5948-47d9-4ce3-b5fd-dc4a13e70755 4be1d74074a1475bace7cdb38c2851da 250948706cff446c8e5248511c607ae0 - - default default] show failed (client error): The resource could not be found. [pid: 8|app: 0|req: 1830/3682] 10.0.0.192 () {32 vars in 747 bytes} [Tue May 19 21:31:46 2026] GET /v2.0/security-group-rules/20c2c955-9fe7-4d3b-b194-15e6281f24f5 => generated 155 bytes in 13 msecs (HTTP/1.1 404) 4 headers in 164 bytes (1 switches on core 0) [pid: 7|app: 0|req: 1853/3683] 10.0.0.192 () {32 vars in 750 bytes} [Tue May 19 21:31:46 2026] DELETE /v2.0/security-group-rules/5d958f0c-49d7-4ec1-9586-87573d7cb8b3 => generated 0 bytes in 137 msecs (HTTP/1.1 204) 2 headers in 112 bytes (1 switches on core 0)
2026-05-19 21:31:46.360 8 INFO neutron.api.v2.resource [None req-a503ea07-dd89-443a-bba5-132526c20c0d 4be1d74074a1475bace7cdb38c2851da 250948706cff446c8e5248511c607ae0 - - default default] show failed (client error): The resource could not be found. [pid: 8|app: 0|req: 1831/3684] 10.0.0.192 () {32 vars in 747 bytes} [Tue May 19 21:31:46 2026] GET /v2.0/security-group-rules/5d958f0c-49d7-4ec1-9586-87573d7cb8b3 => generated 155 bytes in 10 msecs (HTTP/1.1 404) 4 headers in 164 bytes (1 switches on core 0) [pid: 7|app: 0|req: 1854/3685] 10.0.0.192 () {32 vars in 750 bytes} [Tue May 19 21:31:46 2026] DELETE /v2.0/security-group-rules/ab4611d9-5842-4c66-8380-584c7c5736c1 => generated 0 bytes in 153 msecs (HTTP/1.1 204) 2 headers in 112 bytes (1 switches on core 0)
2026-05-19 21:31:46.538 8 INFO neutron.api.v2.resource [None req-96d80707-9ab8-4b8a-8480-962b2aab7dc3 4be1d74074a1475bace7cdb38c2851da 250948706cff446c8e5248511c607ae0 - - default default] show failed (client error): The resource could not be found. [pid: 8|app: 0|req: 1832/3686] 10.0.0.192 () {32 vars in 747 bytes} [Tue May 19 21:31:46 2026] GET /v2.0/security-group-rules/ab4611d9-5842-4c66-8380-584c7c5736c1 => generated 155 bytes in 14 msecs (HTTP/1.1 404) 4 headers in 164 bytes (1 switches on core 0) [pid: 7|app: 0|req: 1855/3687] 10.0.0.192 () {32 vars in 750 bytes} [Tue May 19 21:31:46 2026] DELETE /v2.0/security-group-rules/f1d18879-56fa-409c-b830-ada593ea20d2 => generated 0 bytes in 126 msecs (HTTP/1.1 204) 2 headers in 112 bytes (1 switches on core 0)
2026-05-19 21:31:46.687 8 INFO neutron.api.v2.resource [None req-7d703d10-7d4b-43e3-8fe0-2c1cbed57cb2 4be1d74074a1475bace7cdb38c2851da 250948706cff446c8e5248511c607ae0 - - default default] show failed (client error): The resource could not be found. [pid: 8|app: 0|req: 1833/3688] 10.0.0.192 () {32 vars in 747 bytes} [Tue May 19 21:31:46 2026] GET /v2.0/security-group-rules/f1d18879-56fa-409c-b830-ada593ea20d2 => generated 155 bytes in 12 msecs (HTTP/1.1 404) 4 headers in 164 bytes (1 switches on core 0) [pid: 7|app: 0|req: 1856/3689] 10.0.0.192 () {32 vars in 750 bytes} [Tue May 19 21:31:46 2026] DELETE /v2.0/security-group-rules/6a82953e-12a5-4138-9d8a-58ca31256448 => generated 0 bytes in 130 msecs (HTTP/1.1 204) 2 headers in 112 bytes (1 switches on core 0)
2026-05-19 21:31:46.840 8 INFO neutron.api.v2.resource [None req-ad83b90e-da1d-4d28-9a2a-75befcdec462 4be1d74074a1475bace7cdb38c2851da 250948706cff446c8e5248511c607ae0 - - default default] show failed (client error): The resource could not be found. [pid: 8|app: 0|req: 1834/3690] 10.0.0.192 () {32 vars in 747 bytes} [Tue May 19 21:31:46 2026] GET /v2.0/security-group-rules/6a82953e-12a5-4138-9d8a-58ca31256448 => generated 155 bytes in 15 msecs (HTTP/1.1 404) 4 headers in 164 bytes (1 switches on core 0) [pid: 7|app: 0|req: 1857/3691] 10.0.0.192 () {32 vars in 750 bytes} [Tue May 19 21:31:46 2026] DELETE /v2.0/security-group-rules/16f9107a-e2db-4533-8495-3d3b93ffb5e1 => generated 0 bytes in 126 msecs (HTTP/1.1 204) 2 headers in 112 bytes (1 switches on core 0)
2026-05-19 21:31:46.990 8 INFO neutron.api.v2.resource [None req-3057356e-84fb-4088-9646-c83fc6815850 4be1d74074a1475bace7cdb38c2851da 250948706cff446c8e5248511c607ae0 - - default default] show failed (client error): The resource could not be found. [pid: 8|app: 0|req: 1835/3692] 10.0.0.192 () {32 vars in 747 bytes} [Tue May 19 21:31:46 2026] GET /v2.0/security-group-rules/16f9107a-e2db-4533-8495-3d3b93ffb5e1 => generated 155 bytes in 14 msecs (HTTP/1.1 404) 4 headers in 164 bytes (1 switches on core 0) [pid: 7|app: 0|req: 1858/3693] 10.0.0.192 () {32 vars in 750 bytes} [Tue May 19 21:31:46 2026] DELETE /v2.0/security-group-rules/5954e964-fddc-4868-8b06-8af81de1e52e => generated 0 bytes in 112 msecs (HTTP/1.1 204) 2 headers in 112 bytes (1 switches on core 0)
2026-05-19 21:31:47.123 8 INFO neutron.api.v2.resource [None req-be52ec30-48e6-4244-ab7f-29879ef535a3 4be1d74074a1475bace7cdb38c2851da 250948706cff446c8e5248511c607ae0 - - default default] show failed (client error): The resource could not be found. [pid: 8|app: 0|req: 1836/3694] 10.0.0.192 () {32 vars in 747 bytes} [Tue May 19 21:31:47 2026] GET /v2.0/security-group-rules/5954e964-fddc-4868-8b06-8af81de1e52e => generated 155 bytes in 11 msecs (HTTP/1.1 404) 4 headers in 164 bytes (1 switches on core 0) [pid: 7|app: 0|req: 1859/3695] 10.0.0.192 () {32 vars in 750 bytes} [Tue May 19 21:31:47 2026] DELETE /v2.0/security-group-rules/dc454b9d-b9de-41d9-9744-b734e25f0c67 => generated 0 bytes in 110 msecs (HTTP/1.1 204) 2 headers in 112 bytes (1 switches on core 0)
2026-05-19 21:31:47.254 8 INFO neutron.api.v2.resource [None req-8451fb14-25c3-47ab-a9b7-03a404145ce2 4be1d74074a1475bace7cdb38c2851da 250948706cff446c8e5248511c607ae0 - - default default] show failed (client error): The resource could not be found. [pid: 8|app: 0|req: 1837/3696] 10.0.0.192 () {32 vars in 747 bytes} [Tue May 19 21:31:47 2026] GET /v2.0/security-group-rules/dc454b9d-b9de-41d9-9744-b734e25f0c67 => generated 155 bytes in 11 msecs (HTTP/1.1 404) 4 headers in 164 bytes (1 switches on core 0) [pid: 7|app: 0|req: 1860/3697] 10.0.0.192 () {32 vars in 740 bytes} [Tue May 19 21:31:47 2026] DELETE /v2.0/security-groups/9be4c782-95b0-401c-a6ea-474bb247126e => generated 0 bytes in 122 msecs (HTTP/1.1 204) 2 headers in 112 bytes (1 switches on core 0)
2026-05-19 21:31:47.402 8 INFO neutron.api.v2.resource [None req-b3c6562a-e88b-413a-8091-f5773ccc9238 4be1d74074a1475bace7cdb38c2851da 250948706cff446c8e5248511c607ae0 - - default default] show failed (client error): The resource could not be found. [pid: 8|app: 0|req: 1838/3698] 10.0.0.192 () {32 vars in 737 bytes} [Tue May 19 21:31:47 2026] GET /v2.0/security-groups/9be4c782-95b0-401c-a6ea-474bb247126e => generated 146 bytes in 16 msecs (HTTP/1.1 404) 4 headers in 164 bytes (1 switches on core 0)
2026-05-19 21:31:47.746 7 INFO neutron_taas.services.taas.taas_plugin [None req-7044a995-da2a-4c59-b0a1-ebbce1156bd9 4be1d74074a1475bace7cdb38c2851da 250948706cff446c8e5248511c607ae0 - - default default] TaaS: Handle Delete Port: 494c2ff9-6fc2-4cdf-adc7-2f263a5ce51a
2026-05-19 21:31:47.749 7 INFO neutron_taas.services.taas.tap_mirror_plugin [None req-7044a995-da2a-4c59-b0a1-ebbce1156bd9 4be1d74074a1475bace7cdb38c2851da 250948706cff446c8e5248511c607ae0 - - default default] Tap Mirror: Handle Delete Port: 494c2ff9-6fc2-4cdf-adc7-2f263a5ce51a [pid: 7|app: 0|req: 1861/3699] 10.0.0.192 () {34 vars in 789 bytes} [Tue May 19 21:31:47 2026] PUT /v2.0/routers/254043f7-b842-4cfd-bb3e-8a8a4a398b6f/remove_router_interface => generated 309 bytes in 821 msecs (HTTP/1.1 200) 4 headers in 157 bytes (1 switches on core 0)
2026-05-19 21:31:48.386 8 INFO neutron.api.v2.resource [None req-39e08227-38e2-4d38-a131-0d3be64327b6 4be1d74074a1475bace7cdb38c2851da 250948706cff446c8e5248511c607ae0 - - default default] remove_router_interface failed (client error): The resource could not be found. [pid: 8|app: 0|req: 1839/3700] 10.0.0.192 () {34 vars in 789 bytes} [Tue May 19 21:31:48 2026] PUT /v2.0/routers/254043f7-b842-4cfd-bb3e-8a8a4a398b6f/remove_router_interface => generated 198 bytes in 107 msecs (HTTP/1.1 404) 4 headers in 164 bytes (1 switches on core 0) /var/lib/openstack/lib/python3.12/site-packages/pycadf/identifier.py:70: UserWarning: Invalid uuid: neutron. To ensure interoperability, identifiers should be a valid uuid. warnings.warn(('Invalid uuid: %s. To ensure interoperability, '
2026-05-19 21:31:48.666 7 INFO neutron_taas.services.taas.taas_plugin [None req-7deb41db-f855-4f72-9b12-aadd5eeb5c8c 4be1d74074a1475bace7cdb38c2851da 250948706cff446c8e5248511c607ae0 - - default default] TaaS: Handle Delete Port: 0b5ec140-11d5-4275-ac51-a962f0c1fd35
2026-05-19 21:31:48.670 7 INFO neutron_taas.services.taas.tap_mirror_plugin [None req-7deb41db-f855-4f72-9b12-aadd5eeb5c8c 4be1d74074a1475bace7cdb38c2851da 250948706cff446c8e5248511c607ae0 - - default default] Tap Mirror: Handle Delete Port: 0b5ec140-11d5-4275-ac51-a962f0c1fd35 [pid: 7|app: 0|req: 1862/3701] 10.0.0.192 () {34 vars in 789 bytes} [Tue May 19 21:31:48 2026] PUT /v2.0/routers/254043f7-b842-4cfd-bb3e-8a8a4a398b6f/remove_router_interface => generated 309 bytes in 814 msecs (HTTP/1.1 200) 4 headers in 157 bytes (1 switches on core 0)
2026-05-19 21:31:49.315 8 INFO neutron.api.v2.resource [None req-d514390f-69d5-4de2-b4bf-5c3e01d8fccc 4be1d74074a1475bace7cdb38c2851da 250948706cff446c8e5248511c607ae0 - - default default] remove_router_interface failed (client error): The resource could not be found. [pid: 8|app: 0|req: 1840/3702] 10.0.0.192 () {34 vars in 789 bytes} [Tue May 19 21:31:49 2026] PUT /v2.0/routers/254043f7-b842-4cfd-bb3e-8a8a4a398b6f/remove_router_interface => generated 198 bytes in 104 msecs (HTTP/1.1 404) 4 headers in 164 bytes (1 switches on core 0) /var/lib/openstack/lib/python3.12/site-packages/pycadf/identifier.py:70: UserWarning: Invalid uuid: neutron. To ensure interoperability, identifiers should be a valid uuid. warnings.warn(('Invalid uuid: %s. To ensure interoperability, '
2026-05-19 21:31:49.635 7 INFO neutron_taas.services.taas.taas_plugin [None req-a0d00f6b-a9df-4811-9584-073f6847f090 4be1d74074a1475bace7cdb38c2851da 250948706cff446c8e5248511c607ae0 - - default default] TaaS: Handle Delete Port: e456234f-2f3e-4c54-a0aa-4eedbbb1b9d3
2026-05-19 21:31:49.639 7 INFO neutron_taas.services.taas.tap_mirror_plugin [None req-a0d00f6b-a9df-4811-9584-073f6847f090 4be1d74074a1475bace7cdb38c2851da 250948706cff446c8e5248511c607ae0 - - default default] Tap Mirror: Handle Delete Port: e456234f-2f3e-4c54-a0aa-4eedbbb1b9d3 [pid: 7|app: 0|req: 1863/3703] 10.0.0.192 () {34 vars in 789 bytes} [Tue May 19 21:31:49 2026] PUT /v2.0/routers/254043f7-b842-4cfd-bb3e-8a8a4a398b6f/remove_router_interface => generated 309 bytes in 851 msecs (HTTP/1.1 200) 4 headers in 157 bytes (1 switches on core 0)
2026-05-19 21:31:50.854 8 INFO neutron.api.v2.resource [None req-39a628ab-ead0-4612-add6-8c159614ee72 4be1d74074a1475bace7cdb38c2851da 250948706cff446c8e5248511c607ae0 - - default default] remove_router_interface failed (client error): The resource could not be found. [pid: 8|app: 0|req: 1841/3704] 10.0.0.192 () {34 vars in 789 bytes} [Tue May 19 21:31:50 2026] PUT /v2.0/routers/254043f7-b842-4cfd-bb3e-8a8a4a398b6f/remove_router_interface => generated 198 bytes in 676 msecs (HTTP/1.1 404) 4 headers in 164 bytes (1 switches on core 0) /var/lib/openstack/lib/python3.12/site-packages/pycadf/identifier.py:70: UserWarning: Invalid uuid: neutron. To ensure interoperability, identifiers should be a valid uuid. warnings.warn(('Invalid uuid: %s. To ensure interoperability, '
2026-05-19 21:31:51.184 7 INFO neutron_taas.services.taas.taas_plugin [None req-a63f3196-f34d-4e42-9d90-0375ceb6bf82 4be1d74074a1475bace7cdb38c2851da 250948706cff446c8e5248511c607ae0 - - default default] TaaS: Handle Delete Port: 6c16c1f9-8f81-4031-a0e2-f325b07a22e1
2026-05-19 21:31:51.187 7 INFO neutron_taas.services.taas.tap_mirror_plugin [None req-a63f3196-f34d-4e42-9d90-0375ceb6bf82 4be1d74074a1475bace7cdb38c2851da 250948706cff446c8e5248511c607ae0 - - default default] Tap Mirror: Handle Delete Port: 6c16c1f9-8f81-4031-a0e2-f325b07a22e1 [pid: 7|app: 0|req: 1864/3707] 10.0.0.192 () {32 vars in 724 bytes} [Tue May 19 21:31:50 2026] DELETE /v2.0/routers/254043f7-b842-4cfd-bb3e-8a8a4a398b6f => generated 0 bytes in 722 msecs (HTTP/1.1 204) 2 headers in 112 bytes (1 switches on core 0)
2026-05-19 21:31:51.605 8 INFO neutron.api.v2.resource [None req-520e4d43-ea7a-43a1-88c5-cd9449305797 4be1d74074a1475bace7cdb38c2851da 250948706cff446c8e5248511c607ae0 - - default default] show failed (client error): The resource could not be found. [pid: 8|app: 0|req: 1844/3708] 10.0.0.192 () {32 vars in 721 bytes} [Tue May 19 21:31:51 2026] GET /v2.0/routers/254043f7-b842-4cfd-bb3e-8a8a4a398b6f => generated 135 bytes in 21 msecs (HTTP/1.1 404) 4 headers in 164 bytes (1 switches on core 0) [pid: 7|app: 0|req: 1865/3709] 10.0.0.192 () {32 vars in 724 bytes} [Tue May 19 21:31:51 2026] DELETE /v2.0/subnets/2abf0a01-1e92-4b66-8f19-87b111581439 => generated 0 bytes in 136 msecs (HTTP/1.1 204) 3 headers in 131 bytes (1 switches on core 0)
2026-05-19 21:31:51.765 8 INFO neutron.pecan_wsgi.hooks.translation [None req-a675e63b-2264-4d6f-98a8-2f7950df073c 4be1d74074a1475bace7cdb38c2851da 250948706cff446c8e5248511c607ae0 - - default default] GET failed (client error): The resource could not be found. [pid: 8|app: 0|req: 1845/3710] 10.0.0.192 () {32 vars in 721 bytes} [Tue May 19 21:31:51 2026] GET /v2.0/subnets/2abf0a01-1e92-4b66-8f19-87b111581439 => generated 136 bytes in 15 msecs (HTTP/1.1 404) 4 headers in 164 bytes (1 switches on core 0) [pid: 7|app: 0|req: 1866/3711] 10.0.0.192 () {32 vars in 724 bytes} [Tue May 19 21:31:51 2026] DELETE /v2.0/subnets/c5f6157f-d635-40ea-957c-a17c621ca027 => generated 0 bytes in 196 msecs (HTTP/1.1 204) 3 headers in 131 bytes (1 switches on core 0)
2026-05-19 21:31:51.991 8 INFO neutron.pecan_wsgi.hooks.translation [None req-c8386498-7647-43ca-9462-9638ca96aa98 4be1d74074a1475bace7cdb38c2851da 250948706cff446c8e5248511c607ae0 - - default default] GET failed (client error): The resource could not be found. [pid: 8|app: 0|req: 1846/3712] 10.0.0.192 () {32 vars in 721 bytes} [Tue May 19 21:31:51 2026] GET /v2.0/subnets/c5f6157f-d635-40ea-957c-a17c621ca027 => generated 136 bytes in 17 msecs (HTTP/1.1 404) 4 headers in 164 bytes (1 switches on core 0)
2026-05-19 21:31:52.107 7 INFO neutron_taas.services.taas.taas_plugin [None req-c6ab5980-620b-4b5e-bf3d-a7c6ab91f1ad 4be1d74074a1475bace7cdb38c2851da 250948706cff446c8e5248511c607ae0 - - default default] TaaS: Handle Delete Port: 536793ca-640a-4d9b-b6c7-1d697957a1ba
2026-05-19 21:31:52.110 7 INFO neutron_taas.services.taas.tap_mirror_plugin [None req-c6ab5980-620b-4b5e-bf3d-a7c6ab91f1ad 4be1d74074a1475bace7cdb38c2851da 250948706cff446c8e5248511c607ae0 - - default default] Tap Mirror: Handle Delete Port: 536793ca-640a-4d9b-b6c7-1d697957a1ba [pid: 7|app: 0|req: 1867/3713] 10.0.0.192 () {32 vars in 726 bytes} [Tue May 19 21:31:51 2026] DELETE /v2.0/networks/36fbf828-d4e3-484c-a26d-17057102bdad => generated 0 bytes in 326 msecs (HTTP/1.1 204) 3 headers in 131 bytes (1 switches on core 0)
2026-05-19 21:31:52.327 7 INFO neutron.services.segments.plugin [-] Segment 9fba51e4-f283-4ce6-b8d2-b242fff95501 resource provider aggregate not found
2026-05-19 21:31:52.342 7 INFO neutron.services.segments.plugin [-] Segment 9fba51e4-f283-4ce6-b8d2-b242fff95501 resource provider not found; error: Placement Client Error (4xx): {"errors": [{"status": 404, "title": "Not Found", "detail": "The resource could not be found.\n\n No resource provider with uuid 9fba51e4-f283-4ce6-b8d2-b242fff95501 found for delete ", "request_id": "req-d10ad5ab-7574-45b9-8aa9-d397f2bbe959"}]}
2026-05-19 21:31:52.343 8 INFO neutron.pecan_wsgi.hooks.translation [None req-40e0b31c-6e30-4ee0-803c-48d4e27adf6a 4be1d74074a1475bace7cdb38c2851da 250948706cff446c8e5248511c607ae0 - - default default] GET failed (client error): The resource could not be found.
2026-05-19 21:31:52.345 7 INFO neutron.services.segments.plugin [-] Segment 9fba51e4-f283-4ce6-b8d2-b242fff95501 resource provider aggregate not found [pid: 8|app: 0|req: 1847/3714] 10.0.0.192 () {32 vars in 723 bytes} [Tue May 19 21:31:52 2026] GET /v2.0/networks/36fbf828-d4e3-484c-a26d-17057102bdad => generated 138 bytes in 18 msecs (HTTP/1.1 404) 4 headers in 164 bytes (1 switches on core 0)
2026-05-19 21:31:52.366 7 INFO neutron.services.segments.plugin [-] Segment 9fba51e4-f283-4ce6-b8d2-b242fff95501 resource provider not found; error: Placement Client Error (4xx): {"errors": [{"status": 404, "title": "Not Found", "detail": "The resource could not be found.\n\n No resource provider with uuid 9fba51e4-f283-4ce6-b8d2-b242fff95501 found for delete ", "request_id": "req-9bb6d6f8-1e32-445c-898f-58a6ec49f2f8"}]} [pid: 7|app: 0|req: 1868/3715] 10.0.0.192 () {32 vars in 724 bytes} [Tue May 19 21:31:52 2026] DELETE /v2.0/subnets/e9e55ca7-a28f-4300-875a-eca7824a5eee => generated 0 bytes in 137 msecs (HTTP/1.1 204) 3 headers in 131 bytes (1 switches on core 0)
2026-05-19 21:31:52.509 8 INFO neutron.pecan_wsgi.hooks.translation [None req-c434f327-f534-4094-83ba-275d89e5aa40 4be1d74074a1475bace7cdb38c2851da 250948706cff446c8e5248511c607ae0 - - default default] GET failed (client error): The resource could not be found. [pid: 8|app: 0|req: 1848/3716] 10.0.0.192 () {32 vars in 721 bytes} [Tue May 19 21:31:52 2026] GET /v2.0/subnets/e9e55ca7-a28f-4300-875a-eca7824a5eee => generated 136 bytes in 19 msecs (HTTP/1.1 404) 4 headers in 164 bytes (1 switches on core 0) [pid: 7|app: 0|req: 1869/3717] 10.0.0.192 () {32 vars in 724 bytes} [Tue May 19 21:31:52 2026] DELETE /v2.0/subnets/434ce06e-2c9b-48a8-b48d-66547272b808 => generated 0 bytes in 172 msecs (HTTP/1.1 204) 3 headers in 131 bytes (1 switches on core 0)
2026-05-19 21:31:52.705 8 INFO neutron.pecan_wsgi.hooks.translation [None req-09c7f0a0-e8c8-4078-9b63-b041a844d8b2 4be1d74074a1475bace7cdb38c2851da 250948706cff446c8e5248511c607ae0 - - default default] GET failed (client error): The resource could not be found. [pid: 8|app: 0|req: 1849/3718] 10.0.0.192 () {32 vars in 721 bytes} [Tue May 19 21:31:52 2026] GET /v2.0/subnets/434ce06e-2c9b-48a8-b48d-66547272b808 => generated 136 bytes in 15 msecs (HTTP/1.1 404) 4 headers in 164 bytes (1 switches on core 0)
2026-05-19 21:31:52.835 7 INFO neutron_taas.services.taas.taas_plugin [None req-5793107d-6691-4d74-91f0-867aab9b0e21 4be1d74074a1475bace7cdb38c2851da 250948706cff446c8e5248511c607ae0 - - default default] TaaS: Handle Delete Port: 95428974-d42f-4e4a-9b09-18dc5d16bca3
2026-05-19 21:31:52.838 7 INFO neutron_taas.services.taas.tap_mirror_plugin [None req-5793107d-6691-4d74-91f0-867aab9b0e21 4be1d74074a1475bace7cdb38c2851da 250948706cff446c8e5248511c607ae0 - - default default] Tap Mirror: Handle Delete Port: 95428974-d42f-4e4a-9b09-18dc5d16bca3 [pid: 7|app: 0|req: 1870/3719] 10.0.0.192 () {32 vars in 726 bytes} [Tue May 19 21:31:52 2026] DELETE /v2.0/networks/b584fee1-23e2-4ec4-a7f9-916ba2ab4453 => generated 0 bytes in 321 msecs (HTTP/1.1 204) 3 headers in 131 bytes (1 switches on core 0)
2026-05-19 21:31:53.055 8 INFO neutron.pecan_wsgi.hooks.translation [None req-1d0cfb6b-d8c4-49a8-b370-56b7e0f8b5bd 4be1d74074a1475bace7cdb38c2851da 250948706cff446c8e5248511c607ae0 - - default default] GET failed (client error): The resource could not be found. [pid: 8|app: 0|req: 1850/3720] 10.0.0.192 () {32 vars in 723 bytes} [Tue May 19 21:31:53 2026] GET /v2.0/networks/b584fee1-23e2-4ec4-a7f9-916ba2ab4453 => generated 138 bytes in 17 msecs (HTTP/1.1 404) 4 headers in 164 bytes (1 switches on core 0) [pid: 7|app: 0|req: 1871/3721] 10.0.0.192 () {32 vars in 724 bytes} [Tue May 19 21:31:53 2026] DELETE /v2.0/subnets/0bcd52ca-c6a0-4e2e-9b1a-bd89fd51b010 => generated 0 bytes in 137 msecs (HTTP/1.1 204) 3 headers in 131 bytes (1 switches on core 0)
2026-05-19 21:31:53.218 8 INFO neutron.pecan_wsgi.hooks.translation [None req-24bac7c5-7e47-4c10-9e24-59596b74d217 4be1d74074a1475bace7cdb38c2851da 250948706cff446c8e5248511c607ae0 - - default default] GET failed (client error): The resource could not be found. [pid: 8|app: 0|req: 1851/3722] 10.0.0.192 () {32 vars in 721 bytes} [Tue May 19 21:31:53 2026] GET /v2.0/subnets/0bcd52ca-c6a0-4e2e-9b1a-bd89fd51b010 => generated 136 bytes in 17 msecs (HTTP/1.1 404) 4 headers in 164 bytes (1 switches on core 0) [pid: 7|app: 0|req: 1872/3723] 10.0.0.192 () {32 vars in 724 bytes} [Tue May 19 21:31:53 2026] DELETE /v2.0/subnets/f4b20f56-5ad6-4b91-9ce7-fb5137f7b7a4 => generated 0 bytes in 164 msecs (HTTP/1.1 204) 3 headers in 131 bytes (1 switches on core 0)
2026-05-19 21:31:53.406 8 INFO neutron.pecan_wsgi.hooks.translation [None req-d21c86da-52bb-4c5f-b738-4215161947e3 4be1d74074a1475bace7cdb38c2851da 250948706cff446c8e5248511c607ae0 - - default default] GET failed (client error): The resource could not be found. [pid: 8|app: 0|req: 1852/3724] 10.0.0.192 () {32 vars in 721 bytes} [Tue May 19 21:31:53 2026] GET /v2.0/subnets/f4b20f56-5ad6-4b91-9ce7-fb5137f7b7a4 => generated 136 bytes in 14 msecs (HTTP/1.1 404) 4 headers in 164 bytes (1 switches on core 0)
2026-05-19 21:31:53.539 7 INFO neutron_taas.services.taas.taas_plugin [None req-f51a4a71-d437-4dfe-a607-6a14a9190e5c 4be1d74074a1475bace7cdb38c2851da 250948706cff446c8e5248511c607ae0 - - default default] TaaS: Handle Delete Port: b5ad7ea8-43a5-4d86-ae14-15bba8aec1cd
2026-05-19 21:31:53.543 7 INFO neutron_taas.services.taas.tap_mirror_plugin [None req-f51a4a71-d437-4dfe-a607-6a14a9190e5c 4be1d74074a1475bace7cdb38c2851da 250948706cff446c8e5248511c607ae0 - - default default] Tap Mirror: Handle Delete Port: b5ad7ea8-43a5-4d86-ae14-15bba8aec1cd [pid: 7|app: 0|req: 1873/3725] 10.0.0.192 () {32 vars in 726 bytes} [Tue May 19 21:31:53 2026] DELETE /v2.0/networks/4666ceac-ef84-4ac6-899a-d2644dc3ca8e => generated 0 bytes in 350 msecs (HTTP/1.1 204) 3 headers in 131 bytes (1 switches on core 0)
2026-05-19 21:31:53.780 8 INFO neutron.pecan_wsgi.hooks.translation [None req-5db65397-ff7f-410a-9d14-da7c948522a0 4be1d74074a1475bace7cdb38c2851da 250948706cff446c8e5248511c607ae0 - - default default] GET failed (client error): The resource could not be found. [pid: 8|app: 0|req: 1853/3726] 10.0.0.192 () {32 vars in 723 bytes} [Tue May 19 21:31:53 2026] GET /v2.0/networks/4666ceac-ef84-4ac6-899a-d2644dc3ca8e => generated 138 bytes in 15 msecs (HTTP/1.1 404) 4 headers in 164 bytes (1 switches on core 0)
2026-05-19 21:31:54.361 7 INFO neutron.services.segments.plugin [-] Segment 552b1229-e693-43c6-9696-e0cda86d3f4e resource provider aggregate not found
2026-05-19 21:31:54.383 7 INFO neutron.services.segments.plugin [-] Segment 552b1229-e693-43c6-9696-e0cda86d3f4e resource provider not found; error: Placement Client Error (4xx): {"errors": [{"status": 404, "title": "Not Found", "detail": "The resource could not be found.\n\n No resource provider with uuid 552b1229-e693-43c6-9696-e0cda86d3f4e found for delete ", "request_id": "req-da2237f1-f399-44fd-b2ac-c5ed4490c44d"}]}
2026-05-19 21:31:54.386 7 INFO neutron.services.segments.plugin [-] Segment 552b1229-e693-43c6-9696-e0cda86d3f4e resource provider aggregate not found
2026-05-19 21:31:54.397 7 INFO neutron.services.segments.plugin [-] Segment 7546ea07-56c1-42c6-a1b0-bd572383482b resource provider aggregate not found
2026-05-19 21:31:54.403 7 INFO neutron.services.segments.plugin [-] Segment 552b1229-e693-43c6-9696-e0cda86d3f4e resource provider not found; error: Placement Client Error (4xx): {"errors": [{"status": 404, "title": "Not Found", "detail": "The resource could not be found.\n\n No resource provider with uuid 552b1229-e693-43c6-9696-e0cda86d3f4e found for delete ", "request_id": "req-7aa88dfb-f6e9-4ef2-8642-472051ab8387"}]}
2026-05-19 21:31:54.413 7 INFO neutron.services.segments.plugin [-] Segment 7546ea07-56c1-42c6-a1b0-bd572383482b resource provider not found; error: Placement Client Error (4xx): {"errors": [{"status": 404, "title": "Not Found", "detail": "The resource could not be found.\n\n No resource provider with uuid 7546ea07-56c1-42c6-a1b0-bd572383482b found for delete ", "request_id": "req-53827489-9784-4a36-8b58-1c71b7686146"}]}
2026-05-19 21:31:54.420 7 INFO neutron.services.segments.plugin [-] Segment 7546ea07-56c1-42c6-a1b0-bd572383482b resource provider aggregate not found
2026-05-19 21:31:54.435 7 INFO neutron.services.segments.plugin [-] Segment 7546ea07-56c1-42c6-a1b0-bd572383482b resource provider not found; error: Placement Client Error (4xx): {"errors": [{"status": 404, "title": "Not Found", "detail": "The resource could not be found.\n\n No resource provider with uuid 7546ea07-56c1-42c6-a1b0-bd572383482b found for delete ", "request_id": "req-02e3ef6a-e1b5-4da7-b908-618db921c8f6"}]}
2026-05-19 21:31:55.813 7 INFO neutron.db.ovn_revision_numbers_db [None req-4c145ccc-5f32-488b-963b-6b4e82ff28d2 cfd0e9c2a01745c6a8961266ab09ab8e 8f5e0b99fd9246aa8bfbfeffb4ec0d24 - - default default] Successfully bumped revision number for resource c32376a3-68a3-4f9f-9f4c-f8fb903d57c4 (type: security_groups) to 1
2026-05-19 21:31:55.828 7 INFO neutron.db.ovn_revision_numbers_db [None req-4c145ccc-5f32-488b-963b-6b4e82ff28d2 cfd0e9c2a01745c6a8961266ab09ab8e 8f5e0b99fd9246aa8bfbfeffb4ec0d24 - - default default] Successfully bumped revision number for resource 5e540b2c-06f4-424c-bd1d-089e6c99ce0e (type: security_group_rules) to 0
2026-05-19 21:31:55.841 7 INFO neutron.db.ovn_revision_numbers_db [None req-4c145ccc-5f32-488b-963b-6b4e82ff28d2 cfd0e9c2a01745c6a8961266ab09ab8e 8f5e0b99fd9246aa8bfbfeffb4ec0d24 - - default default] Successfully bumped revision number for resource 745996b4-3a8d-4435-bd3e-d9161e8f181b (type: security_group_rules) to 0
2026-05-19 21:31:55.852 7 INFO neutron.db.ovn_revision_numbers_db [None req-4c145ccc-5f32-488b-963b-6b4e82ff28d2 cfd0e9c2a01745c6a8961266ab09ab8e 8f5e0b99fd9246aa8bfbfeffb4ec0d24 - - default default] Successfully bumped revision number for resource ca88c26a-cde3-481c-98c1-3dd941aa0188 (type: security_group_rules) to 0
2026-05-19 21:31:55.864 7 INFO neutron.db.ovn_revision_numbers_db [None req-4c145ccc-5f32-488b-963b-6b4e82ff28d2 cfd0e9c2a01745c6a8961266ab09ab8e 8f5e0b99fd9246aa8bfbfeffb4ec0d24 - - default default] Successfully bumped revision number for resource f9852c4d-a8f6-41b5-aa92-dc91223a7d7f (type: security_group_rules) to 0 [pid: 7|app: 0|req: 1874/3727] 10.0.0.192 () {32 vars in 774 bytes} [Tue May 19 21:31:55 2026] GET /v2.0/security-groups?tenant_id=4f35bbca4941400ba0e648e675f7fbaf&name=default => generated 2929 bytes in 352 msecs (HTTP/1.1 200) 4 headers in 158 bytes (1 switches on core 0) [pid: 8|app: 0|req: 1854/3728] 10.0.0.192 () {32 vars in 740 bytes} [Tue May 19 21:31:55 2026] DELETE /v2.0/security-groups/c32376a3-68a3-4f9f-9f4c-f8fb903d57c4 => generated 0 bytes in 253 msecs (HTTP/1.1 204) 2 headers in 112 bytes (1 switches on core 0) [pid: 7|app: 0|req: 1875/3729] 10.0.0.192 () {32 vars in 774 bytes} [Tue May 19 21:31:56 2026] GET /v2.0/security-groups?tenant_id=250948706cff446c8e5248511c607ae0&name=default => generated 2929 bytes in 31 msecs (HTTP/1.1 200) 4 headers in 158 bytes (1 switches on core 0) [pid: 8|app: 0|req: 1855/3730] 10.0.0.192 () {32 vars in 740 bytes} [Tue May 19 21:31:56 2026] DELETE /v2.0/security-groups/aec5c1b9-f45a-40b0-8a85-75192ab408b9 => generated 0 bytes in 221 msecs (HTTP/1.1 204) 2 headers in 112 bytes (1 switches on core 0)
2026-05-19 21:31:56.752 7 INFO neutron.db.ovn_revision_numbers_db [None req-f16c0e5f-8d03-493d-83bf-e37a1e1a189e cfd0e9c2a01745c6a8961266ab09ab8e 8f5e0b99fd9246aa8bfbfeffb4ec0d24 - - default default] Successfully bumped revision number for resource ad7983d1-f1e1-4f06-bc14-542d0cea79c6 (type: security_groups) to 1
2026-05-19 21:31:56.763 7 INFO neutron.db.ovn_revision_numbers_db [None req-f16c0e5f-8d03-493d-83bf-e37a1e1a189e cfd0e9c2a01745c6a8961266ab09ab8e 8f5e0b99fd9246aa8bfbfeffb4ec0d24 - - default default] Successfully bumped revision number for resource 4b293c85-1977-47bc-959d-4a96a99494cc (type: security_group_rules) to 0
2026-05-19 21:31:56.773 7 INFO neutron.db.ovn_revision_numbers_db [None req-f16c0e5f-8d03-493d-83bf-e37a1e1a189e cfd0e9c2a01745c6a8961266ab09ab8e 8f5e0b99fd9246aa8bfbfeffb4ec0d24 - - default default] Successfully bumped revision number for resource 5e9963d6-6e88-4bb8-83b8-93b4a2fac7a2 (type: security_group_rules) to 0
2026-05-19 21:31:56.784 7 INFO neutron.db.ovn_revision_numbers_db [None req-f16c0e5f-8d03-493d-83bf-e37a1e1a189e cfd0e9c2a01745c6a8961266ab09ab8e 8f5e0b99fd9246aa8bfbfeffb4ec0d24 - - default default] Successfully bumped revision number for resource 7e1b655a-8699-4d7b-8e52-208205dacf48 (type: security_group_rules) to 0
2026-05-19 21:31:56.795 7 INFO neutron.db.ovn_revision_numbers_db [None req-f16c0e5f-8d03-493d-83bf-e37a1e1a189e cfd0e9c2a01745c6a8961266ab09ab8e 8f5e0b99fd9246aa8bfbfeffb4ec0d24 - - default default] Successfully bumped revision number for resource c1a9bfaf-217e-4e28-813e-7bf93179aaf2 (type: security_group_rules) to 0 [pid: 7|app: 0|req: 1876/3731] 10.0.0.192 () {32 vars in 774 bytes} [Tue May 19 21:31:56 2026] GET /v2.0/security-groups?tenant_id=48cd07608fdb46539329261c56e97181&name=default => generated 2929 bytes in 199 msecs (HTTP/1.1 200) 4 headers in 158 bytes (1 switches on core 0) [pid: 8|app: 0|req: 1856/3732] 10.0.0.192 () {32 vars in 740 bytes} [Tue May 19 21:31:56 2026] DELETE /v2.0/security-groups/ad7983d1-f1e1-4f06-bc14-542d0cea79c6 => generated 0 bytes in 242 msecs (HTTP/1.1 204) 2 headers in 112 bytes (1 switches on core 0)
2026-05-19 21:31:57.360 7 INFO neutron.db.ovn_revision_numbers_db [None req-0709e69c-db79-4fa4-bf09-d7804cea5eb8 cfd0e9c2a01745c6a8961266ab09ab8e 8f5e0b99fd9246aa8bfbfeffb4ec0d24 - - default default] Successfully bumped revision number for resource 9e52cc77-1b64-4982-94e5-4bdda3317e26 (type: security_groups) to 1
2026-05-19 21:31:57.373 7 INFO neutron.db.ovn_revision_numbers_db [None req-0709e69c-db79-4fa4-bf09-d7804cea5eb8 cfd0e9c2a01745c6a8961266ab09ab8e 8f5e0b99fd9246aa8bfbfeffb4ec0d24 - - default default] Successfully bumped revision number for resource 1b7095c9-b01c-4ad9-9e86-9596bfc664de (type: security_group_rules) to 0
2026-05-19 21:31:57.388 7 INFO neutron.db.ovn_revision_numbers_db [None req-0709e69c-db79-4fa4-bf09-d7804cea5eb8 cfd0e9c2a01745c6a8961266ab09ab8e 8f5e0b99fd9246aa8bfbfeffb4ec0d24 - - default default] Successfully bumped revision number for resource 2f6d2794-3be6-47ed-9a18-b06494cf4cf9 (type: security_group_rules) to 0
2026-05-19 21:31:57.398 7 INFO neutron.db.ovn_revision_numbers_db [None req-0709e69c-db79-4fa4-bf09-d7804cea5eb8 cfd0e9c2a01745c6a8961266ab09ab8e 8f5e0b99fd9246aa8bfbfeffb4ec0d24 - - default default] Successfully bumped revision number for resource 4f884e8e-ea8e-4a61-92b0-571ba0e13d2d (type: security_group_rules) to 0
