2026-05-19 21:23:25.619 8 INFO neutron.api.v2.resource [None req-70b246cc-4213-409f-9eb5-ccaa67e24336 c968e6ec228b49d39e9af29450be469a 6b4a973e82ce4f67a3a8632b8109e089 - - default default] delete failed (client error): The resource could not be found. [pid: 8|app: 0|req: 772/1554] 10.0.0.192 () {32 vars in 724 bytes} [Tue May 19 21:23:25 2026] DELETE /v2.0/routers/e0bbb93b-b242-4ad2-80a5-3c1064bfb15d => generated 135 bytes in 25 msecs (HTTP/1.1 404) 4 headers in 164 bytes (1 switches on core 0)
2026-05-19 21:23:25.638 7 INFO neutron.pecan_wsgi.hooks.translation [None req-72302587-aa00-4058-8bf5-ba23918df109 c968e6ec228b49d39e9af29450be469a 6b4a973e82ce4f67a3a8632b8109e089 - - default default] DELETE failed (client error): The resource could not be found. [pid: 7|app: 0|req: 783/1555] 10.0.0.192 () {32 vars in 724 bytes} [Tue May 19 21:23:25 2026] DELETE /v2.0/subnets/e46168de-f9d5-4da7-8167-3843e3d487a9 => generated 136 bytes in 17 msecs (HTTP/1.1 404) 4 headers in 164 bytes (1 switches on core 0)
2026-05-19 21:23:25.658 8 INFO neutron.pecan_wsgi.hooks.translation [None req-d50466dc-88f7-4b63-8e94-9872f4ba972c c968e6ec228b49d39e9af29450be469a 6b4a973e82ce4f67a3a8632b8109e089 - - default default] DELETE failed (client error): The resource could not be found. [pid: 8|app: 0|req: 773/1556] 10.0.0.192 () {32 vars in 724 bytes} [Tue May 19 21:23:25 2026] DELETE /v2.0/subnets/0495665b-0f3f-44c4-a602-900a6ad4c74c => generated 136 bytes in 17 msecs (HTTP/1.1 404) 4 headers in 164 bytes (1 switches on core 0) [pid: 7|app: 0|req: 784/1557] 10.0.0.192 () {32 vars in 774 bytes} [Tue May 19 21:23:26 2026] GET /v2.0/security-groups?tenant_id=6b4a973e82ce4f67a3a8632b8109e089&name=default => generated 2925 bytes in 131 msecs (HTTP/1.1 200) 4 headers in 158 bytes (1 switches on core 0) [pid: 8|app: 0|req: 774/1558] 10.0.0.192 () {32 vars in 740 bytes} [Tue May 19 21:23:26 2026] DELETE /v2.0/security-groups/142f9944-16f3-4fd5-9e62-74176d6a6122 => generated 0 bytes in 270 msecs (HTTP/1.1 204) 2 headers in 112 bytes (1 switches on core 0)
2026-05-19 21:23:26.595 7 INFO neutron.db.ovn_revision_numbers_db [None req-8aaefd7f-c39f-452a-bee1-19b3f2be1200 cfd0e9c2a01745c6a8961266ab09ab8e 8f5e0b99fd9246aa8bfbfeffb4ec0d24 - - default default] Successfully bumped revision number for resource 1b235f6b-8a9b-4561-81d6-28b4ce694c12 (type: security_groups) to 1
2026-05-19 21:23:26.608 7 INFO neutron.db.ovn_revision_numbers_db [None req-8aaefd7f-c39f-452a-bee1-19b3f2be1200 cfd0e9c2a01745c6a8961266ab09ab8e 8f5e0b99fd9246aa8bfbfeffb4ec0d24 - - default default] Successfully bumped revision number for resource 62acec32-d311-4cd6-93fa-02bb709abe79 (type: security_group_rules) to 0
2026-05-19 21:23:26.620 7 INFO neutron.db.ovn_revision_numbers_db [None req-8aaefd7f-c39f-452a-bee1-19b3f2be1200 cfd0e9c2a01745c6a8961266ab09ab8e 8f5e0b99fd9246aa8bfbfeffb4ec0d24 - - default default] Successfully bumped revision number for resource 8d1c8cb8-ffb9-4b6b-87e8-722ec56a47c0 (type: security_group_rules) to 0
2026-05-19 21:23:26.635 7 INFO neutron.db.ovn_revision_numbers_db [None req-8aaefd7f-c39f-452a-bee1-19b3f2be1200 cfd0e9c2a01745c6a8961266ab09ab8e 8f5e0b99fd9246aa8bfbfeffb4ec0d24 - - default default] Successfully bumped revision number for resource c1093f25-b783-42e3-afdc-3c935745e656 (type: security_group_rules) to 0
2026-05-19 21:23:26.648 7 INFO neutron.db.ovn_revision_numbers_db [None req-8aaefd7f-c39f-452a-bee1-19b3f2be1200 cfd0e9c2a01745c6a8961266ab09ab8e 8f5e0b99fd9246aa8bfbfeffb4ec0d24 - - default default] Successfully bumped revision number for resource dc1286e4-4894-4ff0-a83b-ba63ac73856b (type: security_group_rules) to 0 [pid: 7|app: 0|req: 785/1559] 10.0.0.192 () {32 vars in 774 bytes} [Tue May 19 21:23:26 2026] GET /v2.0/security-groups?tenant_id=a66d0df00db14162885eb62e529dc3cf&name=default => generated 2925 bytes in 342 msecs (HTTP/1.1 200) 4 headers in 158 bytes (1 switches on core 0) [pid: 7|app: 0|req: 786/1560] 10.0.0.125 () {34 vars in 990 bytes} [Tue May 19 21:23:26 2026] GET /v2.0/ports?device_id=0610ee5d-cb28-46fa-99cd-199a66d05351 => generated 1213 bytes in 66 msecs (HTTP/1.1 200) 4 headers in 158 bytes (1 switches on core 0) [pid: 7|app: 0|req: 787/1561] 10.0.0.125 () {34 vars in 1040 bytes} [Tue May 19 21:23:26 2026] GET /v2.0/security-groups?id=5e9497f4-d183-4a9b-b285-dfe82df3fee5&fields=id&fields=name => generated 114 bytes in 32 msecs (HTTP/1.1 200) 4 headers in 157 bytes (1 switches on core 0) [pid: 8|app: 0|req: 775/1562] 10.0.0.192 () {32 vars in 740 bytes} [Tue May 19 21:23:26 2026] DELETE /v2.0/security-groups/1b235f6b-8a9b-4561-81d6-28b4ce694c12 => generated 0 bytes in 256 msecs (HTTP/1.1 204) 2 headers in 112 bytes (1 switches on core 0)
2026-05-19 21:23:27.196 7 INFO neutron.db.ovn_revision_numbers_db [None req-d4f9e916-6f8e-4390-91a8-7c41a9530a19 cfd0e9c2a01745c6a8961266ab09ab8e 8f5e0b99fd9246aa8bfbfeffb4ec0d24 - - default default] Successfully bumped revision number for resource 101c60a8-d941-4c9f-9c39-eb8ad82fb8b7 (type: security_groups) to 1
2026-05-19 21:23:27.210 7 INFO neutron.db.ovn_revision_numbers_db [None req-d4f9e916-6f8e-4390-91a8-7c41a9530a19 cfd0e9c2a01745c6a8961266ab09ab8e 8f5e0b99fd9246aa8bfbfeffb4ec0d24 - - default default] Successfully bumped revision number for resource 45c0d992-b562-4837-b467-7292e449bb9c (type: security_group_rules) to 0
2026-05-19 21:23:27.225 7 INFO neutron.db.ovn_revision_numbers_db [None req-d4f9e916-6f8e-4390-91a8-7c41a9530a19 cfd0e9c2a01745c6a8961266ab09ab8e 8f5e0b99fd9246aa8bfbfeffb4ec0d24 - - default default] Successfully bumped revision number for resource 94af3a6b-4d15-4667-aad9-75340ec8da4f (type: security_group_rules) to 0
2026-05-19 21:23:27.237 7 INFO neutron.db.ovn_revision_numbers_db [None req-d4f9e916-6f8e-4390-91a8-7c41a9530a19 cfd0e9c2a01745c6a8961266ab09ab8e 8f5e0b99fd9246aa8bfbfeffb4ec0d24 - - default default] Successfully bumped revision number for resource f7211305-4976-471d-be50-4f0c4a672409 (type: security_group_rules) to 0
2026-05-19 21:23:27.253 7 INFO neutron.db.ovn_revision_numbers_db [None req-d4f9e916-6f8e-4390-91a8-7c41a9530a19 cfd0e9c2a01745c6a8961266ab09ab8e 8f5e0b99fd9246aa8bfbfeffb4ec0d24 - - default default] Successfully bumped revision number for resource f871462d-dd1d-4c1f-874e-fc62a8b69d77 (type: security_group_rules) to 0 [pid: 7|app: 0|req: 788/1563] 10.0.0.192 () {32 vars in 774 bytes} [Tue May 19 21:23:27 2026] GET /v2.0/security-groups?tenant_id=6da0b1c0a19c4bbeb443add8e0e68a0a&name=default => generated 2925 bytes in 220 msecs (HTTP/1.1 200) 4 headers in 158 bytes (1 switches on core 0) [pid: 8|app: 0|req: 776/1564] 10.0.0.192 () {32 vars in 740 bytes} [Tue May 19 21:23:27 2026] DELETE /v2.0/security-groups/101c60a8-d941-4c9f-9c39-eb8ad82fb8b7 => generated 0 bytes in 229 msecs (HTTP/1.1 204) 2 headers in 112 bytes (1 switches on core 0)
2026-05-19 21:23:28.708 7 INFO neutron.db.ovn_revision_numbers_db [None req-86fe09b0-3b45-480c-985a-97514479cd40 7075514eca4744b7820b12b56da35b99 be6bb1e2e7cc4040ba979726afc29b08 - - default default] Successfully bumped revision number for resource 933e647c-a5a6-4204-bdda-7ca2e6a18fc6 (type: security_groups) to 1
2026-05-19 21:23:28.721 7 INFO neutron.db.ovn_revision_numbers_db [None req-86fe09b0-3b45-480c-985a-97514479cd40 7075514eca4744b7820b12b56da35b99 be6bb1e2e7cc4040ba979726afc29b08 - - default default] Successfully bumped revision number for resource 27815397-e511-4421-b5e4-076fc016f211 (type: security_group_rules) to 0
2026-05-19 21:23:28.732 7 INFO neutron.db.ovn_revision_numbers_db [None req-86fe09b0-3b45-480c-985a-97514479cd40 7075514eca4744b7820b12b56da35b99 be6bb1e2e7cc4040ba979726afc29b08 - - default default] Successfully bumped revision number for resource 36e369b5-2910-4b6c-b0a1-414056603037 (type: security_group_rules) to 0
2026-05-19 21:23:28.744 7 INFO neutron.db.ovn_revision_numbers_db [None req-86fe09b0-3b45-480c-985a-97514479cd40 7075514eca4744b7820b12b56da35b99 be6bb1e2e7cc4040ba979726afc29b08 - - default default] Successfully bumped revision number for resource 4f82fd3c-8e52-447f-856d-36ad6e59a023 (type: security_group_rules) to 0
2026-05-19 21:23:28.755 7 INFO neutron.db.ovn_revision_numbers_db [None req-86fe09b0-3b45-480c-985a-97514479cd40 7075514eca4744b7820b12b56da35b99 be6bb1e2e7cc4040ba979726afc29b08 - - default default] Successfully bumped revision number for resource efd11ce4-a56c-4e00-bb86-d5f6bd4340be (type: security_group_rules) to 0
2026-05-19 21:23:28.845 7 INFO neutron.db.segments_db [None req-86fe09b0-3b45-480c-985a-97514479cd40 7075514eca4744b7820b12b56da35b99 be6bb1e2e7cc4040ba979726afc29b08 - - default default] Added segment 04c9d2c4-afc1-4518-baa6-970386dfb053 of type geneve for network 69f577ce-f436-4f9f-a8b1-8002b6989d19
2026-05-19 21:23:28.970 7 INFO neutron.db.ovn_revision_numbers_db [None req-86fe09b0-3b45-480c-985a-97514479cd40 7075514eca4744b7820b12b56da35b99 be6bb1e2e7cc4040ba979726afc29b08 - - default default] Successfully bumped revision number for resource 69f577ce-f436-4f9f-a8b1-8002b6989d19 (type: networks) to 1
2026-05-19 21:23:29.172 7 WARNING neutron.scheduler.dhcp_agent_scheduler [None req-86fe09b0-3b45-480c-985a-97514479cd40 7075514eca4744b7820b12b56da35b99 be6bb1e2e7cc4040ba979726afc29b08 - - default default] No more DHCP agents
2026-05-19 21:23:29.174 7 WARNING neutron.api.rpc.agentnotifiers.dhcp_rpc_agent_api [None req-86fe09b0-3b45-480c-985a-97514479cd40 7075514eca4744b7820b12b56da35b99 be6bb1e2e7cc4040ba979726afc29b08 - - default default] Unable to schedule network 69f577ce-f436-4f9f-a8b1-8002b6989d19: no agents available; will retry on subsequent port and subnet creation events.
2026-05-19 21:23:29.237 7 INFO neutron.plugins.ml2.drivers.ovn.mech_driver.mech_driver [None req-48ea2d42-dbd4-49d9-9d8d-b88d6e32f3dd - - - - - -] OVN reports status down for port: 803d2541-5e57-4fb6-a73d-2ce328eadb8f
2026-05-19 21:23:29.312 7 INFO neutron.db.ovn_revision_numbers_db [None req-86fe09b0-3b45-480c-985a-97514479cd40 7075514eca4744b7820b12b56da35b99 be6bb1e2e7cc4040ba979726afc29b08 - - default default] Successfully bumped revision number for resource 803d2541-5e57-4fb6-a73d-2ce328eadb8f (type: ports) to 1 [pid: 7|app: 0|req: 789/1565] 10.0.0.192 () {34 vars in 670 bytes} [Tue May 19 21:23:28 2026] POST /v2.0/networks => generated 648 bytes in 1029 msecs (HTTP/1.1 201) 4 headers in 162 bytes (1 switches on core 0)
2026-05-19 21:23:29.472 8 INFO neutron.db.segments_db [None req-e62d054e-498c-4af6-99d8-2c46b71c2cf9 7075514eca4744b7820b12b56da35b99 be6bb1e2e7cc4040ba979726afc29b08 - - default default] Added segment 5753ae3b-a481-48a0-820e-aa326c31f785 of type geneve for network d3f8e3c1-2fff-4e63-9a54-2f3020be306b
2026-05-19 21:23:29.619 8 WARNING neutron.plugins.ml2.drivers.ovn.mech_driver.ovsdb.ovn_client [None req-889ad397-4868-4dfd-bd24-3378fff1a54c - - - - - -] No port found with ID e2addcb5-0943-4f0d-b45b-9dd2c8026ea9: RuntimeError: No port found with ID e2addcb5-0943-4f0d-b45b-9dd2c8026ea9
2026-05-19 21:23:29.640 8 INFO neutron.db.ovn_revision_numbers_db [None req-e62d054e-498c-4af6-99d8-2c46b71c2cf9 7075514eca4744b7820b12b56da35b99 be6bb1e2e7cc4040ba979726afc29b08 - - default default] Successfully bumped revision number for resource d3f8e3c1-2fff-4e63-9a54-2f3020be306b (type: networks) to 1
2026-05-19 21:23:29.846 8 WARNING neutron.scheduler.dhcp_agent_scheduler [None req-e62d054e-498c-4af6-99d8-2c46b71c2cf9 7075514eca4744b7820b12b56da35b99 be6bb1e2e7cc4040ba979726afc29b08 - - default default] No more DHCP agents
2026-05-19 21:23:29.848 8 WARNING neutron.api.rpc.agentnotifiers.dhcp_rpc_agent_api [None req-e62d054e-498c-4af6-99d8-2c46b71c2cf9 7075514eca4744b7820b12b56da35b99 be6bb1e2e7cc4040ba979726afc29b08 - - default default] Unable to schedule network d3f8e3c1-2fff-4e63-9a54-2f3020be306b: no agents available; will retry on subsequent port and subnet creation events.
2026-05-19 21:23:29.905 7 INFO neutron.plugins.ml2.drivers.ovn.mech_driver.mech_driver [None req-48ea2d42-dbd4-49d9-9d8d-b88d6e32f3dd - - - - - -] OVN reports status down for port: a849292b-2145-4ecb-8282-8b0575caefd1
2026-05-19 21:23:29.938 8 INFO neutron.db.ovn_revision_numbers_db [None req-e62d054e-498c-4af6-99d8-2c46b71c2cf9 7075514eca4744b7820b12b56da35b99 be6bb1e2e7cc4040ba979726afc29b08 - - default default] Successfully bumped revision number for resource a849292b-2145-4ecb-8282-8b0575caefd1 (type: ports) to 1 [pid: 8|app: 0|req: 777/1566] 10.0.0.192 () {34 vars in 670 bytes} [Tue May 19 21:23:29 2026] POST /v2.0/networks => generated 649 bytes in 609 msecs (HTTP/1.1 201) 4 headers in 162 bytes (1 switches on core 0)
2026-05-19 21:23:30.291 7 WARNING neutron.scheduler.dhcp_agent_scheduler [None req-9686de8f-f213-4e91-817f-846419b30a0a 7075514eca4744b7820b12b56da35b99 be6bb1e2e7cc4040ba979726afc29b08 - - default default] No more DHCP agents
2026-05-19 21:23:30.293 7 WARNING neutron.api.rpc.agentnotifiers.dhcp_rpc_agent_api [None req-9686de8f-f213-4e91-817f-846419b30a0a 7075514eca4744b7820b12b56da35b99 be6bb1e2e7cc4040ba979726afc29b08 - - default default] Unable to schedule network 69f577ce-f436-4f9f-a8b1-8002b6989d19: no agents available; will retry on subsequent port and subnet creation events.
2026-05-19 21:23:30.810 7 INFO neutron.db.ovn_revision_numbers_db [None req-8007f3fe-99fc-4024-bd02-c53e8df23e3e - - - - - -] Successfully bumped revision number for resource 803d2541-5e57-4fb6-a73d-2ce328eadb8f (type: ports) to 2
2026-05-19 21:23:30.845 7 INFO neutron.db.ovn_revision_numbers_db [None req-8007f3fe-99fc-4024-bd02-c53e8df23e3e - - - - - -] Successfully bumped revision number for resource 8b56ffd6-8de8-45f6-b0ef-7786dbce529e (type: subnets) to 0 [pid: 7|app: 0|req: 790/1567] 10.0.0.192 () {34 vars in 669 bytes} [Tue May 19 21:23:29 2026] POST /v2.0/subnets => generated 626 bytes in 880 msecs (HTTP/1.1 201) 4 headers in 162 bytes (1 switches on core 0)
2026-05-19 21:23:30.955 8 INFO neutron.db.ovn_revision_numbers_db [None req-248c73d6-f575-46ff-af66-93018856355f cfd0e9c2a01745c6a8961266ab09ab8e 8f5e0b99fd9246aa8bfbfeffb4ec0d24 - - default default] Successfully bumped revision number for resource 9b9d42b5-9ece-4086-9222-e472a022c51a (type: security_groups) to 1
2026-05-19 21:23:30.971 8 INFO neutron.db.ovn_revision_numbers_db [None req-248c73d6-f575-46ff-af66-93018856355f cfd0e9c2a01745c6a8961266ab09ab8e 8f5e0b99fd9246aa8bfbfeffb4ec0d24 - - default default] Successfully bumped revision number for resource 72a7b9e2-1945-4195-9a5e-a2ecbbbae192 (type: security_group_rules) to 0
2026-05-19 21:23:30.984 8 INFO neutron.db.ovn_revision_numbers_db [None req-248c73d6-f575-46ff-af66-93018856355f cfd0e9c2a01745c6a8961266ab09ab8e 8f5e0b99fd9246aa8bfbfeffb4ec0d24 - - default default] Successfully bumped revision number for resource b6dc651c-e5d0-479a-a377-8e92e8b32370 (type: security_group_rules) to 0
2026-05-19 21:23:30.995 8 INFO neutron.db.ovn_revision_numbers_db [None req-248c73d6-f575-46ff-af66-93018856355f cfd0e9c2a01745c6a8961266ab09ab8e 8f5e0b99fd9246aa8bfbfeffb4ec0d24 - - default default] Successfully bumped revision number for resource bdf35aeb-76df-4c02-8791-e1cc7e35e5eb (type: security_group_rules) to 0
2026-05-19 21:23:31.008 8 INFO neutron.db.ovn_revision_numbers_db [None req-248c73d6-f575-46ff-af66-93018856355f cfd0e9c2a01745c6a8961266ab09ab8e 8f5e0b99fd9246aa8bfbfeffb4ec0d24 - - default default] Successfully bumped revision number for resource eedf52ad-feb0-46a8-8f68-f87013b23fb7 (type: security_group_rules) to 0 [pid: 8|app: 0|req: 778/1568] 10.0.0.192 () {32 vars in 774 bytes} [Tue May 19 21:23:30 2026] GET /v2.0/security-groups?tenant_id=4dad6a1673a74dffa34ff98526e63938&name=default => generated 2925 bytes in 415 msecs (HTTP/1.1 200) 4 headers in 158 bytes (1 switches on core 0)
2026-05-19 21:23:31.069 7 INFO neutron.db.ovn_revision_numbers_db [None req-856754ab-d8a7-4474-b131-739782b741a1 cfd0e9c2a01745c6a8961266ab09ab8e 8f5e0b99fd9246aa8bfbfeffb4ec0d24 - - default default] Successfully bumped revision number for resource aa978bbc-6957-45ef-abec-c6daaefde81c (type: security_groups) to 1
2026-05-19 21:23:31.082 7 INFO neutron.db.ovn_revision_numbers_db [None req-856754ab-d8a7-4474-b131-739782b741a1 cfd0e9c2a01745c6a8961266ab09ab8e 8f5e0b99fd9246aa8bfbfeffb4ec0d24 - - default default] Successfully bumped revision number for resource 009fcd1a-bc66-48fb-a772-4b46b0c53d61 (type: security_group_rules) to 0
2026-05-19 21:23:31.095 7 INFO neutron.db.ovn_revision_numbers_db [None req-856754ab-d8a7-4474-b131-739782b741a1 cfd0e9c2a01745c6a8961266ab09ab8e 8f5e0b99fd9246aa8bfbfeffb4ec0d24 - - default default] Successfully bumped revision number for resource 3f30d143-64e7-4566-a77f-7a2ec86069cf (type: security_group_rules) to 0
2026-05-19 21:23:31.109 7 INFO neutron.db.ovn_revision_numbers_db [None req-856754ab-d8a7-4474-b131-739782b741a1 cfd0e9c2a01745c6a8961266ab09ab8e 8f5e0b99fd9246aa8bfbfeffb4ec0d24 - - default default] Successfully bumped revision number for resource 87eea070-f594-4cf8-a5d2-9bbcd6065ccb (type: security_group_rules) to 0
2026-05-19 21:23:31.121 7 INFO neutron.db.ovn_revision_numbers_db [None req-856754ab-d8a7-4474-b131-739782b741a1 cfd0e9c2a01745c6a8961266ab09ab8e 8f5e0b99fd9246aa8bfbfeffb4ec0d24 - - default default] Successfully bumped revision number for resource fe0e3c43-0e6c-43c7-9c6b-e4ca763a02c3 (type: security_group_rules) to 0 [pid: 7|app: 0|req: 791/1569] 10.0.0.192 () {32 vars in 774 bytes} [Tue May 19 21:23:30 2026] GET /v2.0/security-groups?tenant_id=8ba523a603384a6ab3550276093c42a8&name=default => generated 2925 bytes in 304 msecs (HTTP/1.1 200) 4 headers in 158 bytes (1 switches on core 0)
2026-05-19 21:23:31.248 8 WARNING neutron.scheduler.dhcp_agent_scheduler [None req-dc97e321-47c8-4eb4-aad7-12ca8b3a2bd6 7075514eca4744b7820b12b56da35b99 be6bb1e2e7cc4040ba979726afc29b08 - - default default] No more DHCP agents
2026-05-19 21:23:31.249 8 WARNING neutron.api.rpc.agentnotifiers.dhcp_rpc_agent_api [None req-dc97e321-47c8-4eb4-aad7-12ca8b3a2bd6 7075514eca4744b7820b12b56da35b99 be6bb1e2e7cc4040ba979726afc29b08 - - default default] Unable to schedule network d3f8e3c1-2fff-4e63-9a54-2f3020be306b: no agents available; will retry on subsequent port and subnet creation events. [pid: 7|app: 0|req: 792/1570] 10.0.0.192 () {32 vars in 740 bytes} [Tue May 19 21:23:31 2026] DELETE /v2.0/security-groups/9b9d42b5-9ece-4086-9222-e472a022c51a => generated 0 bytes in 243 msecs (HTTP/1.1 204) 2 headers in 112 bytes (1 switches on core 0) [pid: 7|app: 0|req: 793/1571] 10.0.0.192 () {32 vars in 740 bytes} [Tue May 19 21:23:31 2026] DELETE /v2.0/security-groups/aa978bbc-6957-45ef-abec-c6daaefde81c => generated 0 bytes in 248 msecs (HTTP/1.1 204) 2 headers in 112 bytes (1 switches on core 0)
2026-05-19 21:23:31.675 8 INFO neutron.db.ovn_revision_numbers_db [None req-2d1fabd7-abe3-4bfd-9311-6ff4e40e5b0c - - - - - -] Successfully bumped revision number for resource a849292b-2145-4ecb-8282-8b0575caefd1 (type: ports) to 2
2026-05-19 21:23:31.711 8 INFO neutron.db.ovn_revision_numbers_db [None req-2d1fabd7-abe3-4bfd-9311-6ff4e40e5b0c - - - - - -] Successfully bumped revision number for resource 6db398e3-5a5d-49c8-9bb6-729d39128d86 (type: subnets) to 0 [pid: 8|app: 0|req: 779/1572] 10.0.0.192 () {34 vars in 669 bytes} [Tue May 19 21:23:31 2026] POST /v2.0/subnets => generated 626 bytes in 663 msecs (HTTP/1.1 201) 4 headers in 162 bytes (1 switches on core 0)
2026-05-19 21:23:31.790 7 INFO neutron.db.ovn_revision_numbers_db [None req-e56e6ec9-851f-4f13-b6c1-c40ae0e359b2 cfd0e9c2a01745c6a8961266ab09ab8e 8f5e0b99fd9246aa8bfbfeffb4ec0d24 - - default default] Successfully bumped revision number for resource a362ce5c-2410-407a-a181-364c607a6363 (type: security_groups) to 1
2026-05-19 21:23:31.803 7 INFO neutron.db.ovn_revision_numbers_db [None req-e56e6ec9-851f-4f13-b6c1-c40ae0e359b2 cfd0e9c2a01745c6a8961266ab09ab8e 8f5e0b99fd9246aa8bfbfeffb4ec0d24 - - default default] Successfully bumped revision number for resource 04599abf-d058-4126-9f98-3d85f19fd3ac (type: security_group_rules) to 0
2026-05-19 21:23:31.821 7 INFO neutron.db.ovn_revision_numbers_db [None req-e56e6ec9-851f-4f13-b6c1-c40ae0e359b2 cfd0e9c2a01745c6a8961266ab09ab8e 8f5e0b99fd9246aa8bfbfeffb4ec0d24 - - default default] Successfully bumped revision number for resource 5148e862-cc75-40f7-bbfa-4da2cbe6cce9 (type: security_group_rules) to 0
2026-05-19 21:23:31.915 7 INFO neutron.db.ovn_revision_numbers_db [None req-e56e6ec9-851f-4f13-b6c1-c40ae0e359b2 cfd0e9c2a01745c6a8961266ab09ab8e 8f5e0b99fd9246aa8bfbfeffb4ec0d24 - - default default] Successfully bumped revision number for resource 93fd27b1-d44d-4620-919e-3eb55c8c1e18 (type: security_group_rules) to 0
2026-05-19 21:23:31.941 7 INFO neutron.db.ovn_revision_numbers_db [None req-e56e6ec9-851f-4f13-b6c1-c40ae0e359b2 cfd0e9c2a01745c6a8961266ab09ab8e 8f5e0b99fd9246aa8bfbfeffb4ec0d24 - - default default] Successfully bumped revision number for resource a7a1d04a-ee51-48be-8d58-95b1af40296a (type: security_group_rules) to 0
2026-05-19 21:23:31.958 8 INFO neutron.db.ovn_revision_numbers_db [None req-b8b5e9e0-fa57-41eb-a10d-f36d26d62031 7075514eca4744b7820b12b56da35b99 be6bb1e2e7cc4040ba979726afc29b08 - - default default] Successfully bumped revision number for resource 03ee3b70-5471-47e1-a415-169d1fd4991d (type: routers) to 1 [pid: 8|app: 0|req: 780/1573] 10.0.0.192 () {34 vars in 669 bytes} [Tue May 19 21:23:31 2026] POST /v2.0/routers => generated 603 bytes in 244 msecs (HTTP/1.1 201) 4 headers in 162 bytes (1 switches on core 0) [pid: 7|app: 0|req: 794/1574] 10.0.0.192 () {32 vars in 774 bytes} [Tue May 19 21:23:31 2026] GET /v2.0/security-groups?tenant_id=3a7882c56ea74597b63d8468493aa7da&name=default => generated 2925 bytes in 320 msecs (HTTP/1.1 200) 4 headers in 158 bytes (1 switches on core 0) [pid: 8|app: 0|req: 781/1575] 10.0.0.192 () {32 vars in 740 bytes} [Tue May 19 21:23:31 2026] DELETE /v2.0/security-groups/a362ce5c-2410-407a-a181-364c607a6363 => generated 0 bytes in 320 msecs (HTTP/1.1 204) 2 headers in 112 bytes (1 switches on core 0)
2026-05-19 21:23:32.384 7 WARNING neutron.scheduler.dhcp_agent_scheduler [None req-b4edb27a-569d-48bc-abaf-22ba7d4c46b0 7075514eca4744b7820b12b56da35b99 be6bb1e2e7cc4040ba979726afc29b08 - - default default] No more DHCP agents
2026-05-19 21:23:32.385 7 WARNING neutron.api.rpc.agentnotifiers.dhcp_rpc_agent_api [None req-b4edb27a-569d-48bc-abaf-22ba7d4c46b0 7075514eca4744b7820b12b56da35b99 be6bb1e2e7cc4040ba979726afc29b08 - - default default] Unable to schedule network 69f577ce-f436-4f9f-a8b1-8002b6989d19: no agents available; will retry on subsequent port and subnet creation events.
2026-05-19 21:23:32.535 7 INFO neutron.plugins.ml2.drivers.ovn.mech_driver.mech_driver [None req-48ea2d42-dbd4-49d9-9d8d-b88d6e32f3dd - - - - - -] OVN reports status down for port: 18f1c60f-4fe2-4b58-9a7d-205e06fc62c7
2026-05-19 21:23:32.617 7 INFO neutron.db.ovn_revision_numbers_db [None req-b4edb27a-569d-48bc-abaf-22ba7d4c46b0 7075514eca4744b7820b12b56da35b99 be6bb1e2e7cc4040ba979726afc29b08 - - default default] Successfully bumped revision number for resource 18f1c60f-4fe2-4b58-9a7d-205e06fc62c7 (type: ports) to 1 [pid: 8|app: 0|req: 782/1576] 10.0.0.82 () {34 vars in 989 bytes} [Tue May 19 21:23:32 2026] GET /v2.0/ports?device_id=0610ee5d-cb28-46fa-99cd-199a66d05351 => generated 975 bytes in 88 msecs (HTTP/1.1 200) 4 headers in 157 bytes (1 switches on core 0) [pid: 8|app: 0|req: 783/1577] 10.0.0.82 () {34 vars in 1039 bytes} [Tue May 19 21:23:32 2026] GET /v2.0/security-groups?id=5e9497f4-d183-4a9b-b285-dfe82df3fee5&fields=id&fields=name => generated 114 bytes in 27 msecs (HTTP/1.1 200) 4 headers in 157 bytes (1 switches on core 0) [pid: 8|app: 0|req: 784/1578] 10.0.0.82 () {34 vars in 989 bytes} [Tue May 19 21:23:33 2026] GET /v2.0/ports?device_id=0610ee5d-cb28-46fa-99cd-199a66d05351 => generated 975 bytes in 37 msecs (HTTP/1.1 200) 4 headers in 157 bytes (1 switches on core 0) [pid: 8|app: 0|req: 785/1579] 10.0.0.82 () {34 vars in 1039 bytes} [Tue May 19 21:23:33 2026] GET /v2.0/security-groups?id=5e9497f4-d183-4a9b-b285-dfe82df3fee5&fields=id&fields=name => generated 114 bytes in 30 msecs (HTTP/1.1 200) 4 headers in 157 bytes (1 switches on core 0)
2026-05-19 21:23:33.174 7 INFO neutron.plugins.ml2.drivers.ovn.mech_driver.mech_driver [None req-48ea2d42-dbd4-49d9-9d8d-b88d6e32f3dd - - - - - -] OVN reports status up for port: 18f1c60f-4fe2-4b58-9a7d-205e06fc62c7
2026-05-19 21:23:33.197 7 INFO neutron.plugins.ml2.plugin [None req-48ea2d42-dbd4-49d9-9d8d-b88d6e32f3dd - - - - - -] Attempt 1 to provision port 18f1c60f-4fe2-4b58-9a7d-205e06fc62c7
2026-05-19 21:23:33.293 7 WARNING neutron.scheduler.dhcp_agent_scheduler [None req-b4edb27a-569d-48bc-abaf-22ba7d4c46b0 7075514eca4744b7820b12b56da35b99 be6bb1e2e7cc4040ba979726afc29b08 - - default default] No more DHCP agents
2026-05-19 21:23:33.296 7 WARNING neutron.api.rpc.agentnotifiers.dhcp_rpc_agent_api [None req-b4edb27a-569d-48bc-abaf-22ba7d4c46b0 7075514eca4744b7820b12b56da35b99 be6bb1e2e7cc4040ba979726afc29b08 - - default default] Unable to schedule network 69f577ce-f436-4f9f-a8b1-8002b6989d19: no agents available; will retry on subsequent port and subnet creation events.
2026-05-19 21:23:33.641 7 INFO neutron.db.ovn_revision_numbers_db [None req-b4edb27a-569d-48bc-abaf-22ba7d4c46b0 7075514eca4744b7820b12b56da35b99 be6bb1e2e7cc4040ba979726afc29b08 - - default default] Successfully bumped revision number for resource 18f1c60f-4fe2-4b58-9a7d-205e06fc62c7 (type: router_ports) to 1 [pid: 7|app: 0|req: 795/1580] 10.0.0.192 () {34 vars in 783 bytes} [Tue May 19 21:23:31 2026] PUT /v2.0/routers/03ee3b70-5471-47e1-a415-169d1fd4991d/add_router_interface => generated 309 bytes in 1668 msecs (HTTP/1.1 200) 4 headers in 157 bytes (1 switches on core 0) [pid: 7|app: 0|req: 796/1581] 10.0.0.192 () {32 vars in 717 bytes} [Tue May 19 21:23:33 2026] GET /v2.0/ports/18f1c60f-4fe2-4b58-9a7d-205e06fc62c7 => generated 943 bytes in 91 msecs (HTTP/1.1 200) 4 headers in 157 bytes (1 switches on core 0)
2026-05-19 21:23:33.927 8 INFO neutron.db.ovn_revision_numbers_db [None req-0d6dc834-f969-4916-9200-27b76fb9929f cfd0e9c2a01745c6a8961266ab09ab8e 8f5e0b99fd9246aa8bfbfeffb4ec0d24 - - default default] Successfully bumped revision number for resource c9ca5ff3-3814-4e3c-a94e-7d1760d85de5 (type: security_groups) to 1
2026-05-19 21:23:33.939 8 INFO neutron.db.ovn_revision_numbers_db [None req-0d6dc834-f969-4916-9200-27b76fb9929f cfd0e9c2a01745c6a8961266ab09ab8e 8f5e0b99fd9246aa8bfbfeffb4ec0d24 - - default default] Successfully bumped revision number for resource 299a419e-73f5-4db1-b04c-4bf1a269d194 (type: security_group_rules) to 0
2026-05-19 21:23:33.955 8 INFO neutron.db.ovn_revision_numbers_db [None req-0d6dc834-f969-4916-9200-27b76fb9929f cfd0e9c2a01745c6a8961266ab09ab8e 8f5e0b99fd9246aa8bfbfeffb4ec0d24 - - default default] Successfully bumped revision number for resource 4a5f88c2-bf48-4f60-a2a4-c85482964375 (type: security_group_rules) to 0
2026-05-19 21:23:33.956 7 INFO neutron.db.ovn_revision_numbers_db [None req-48ea2d42-dbd4-49d9-9d8d-b88d6e32f3dd - - - - - -] Successfully bumped revision number for resource 18f1c60f-4fe2-4b58-9a7d-205e06fc62c7 (type: ports) to 2
2026-05-19 21:23:33.967 8 INFO neutron.db.ovn_revision_numbers_db [None req-0d6dc834-f969-4916-9200-27b76fb9929f cfd0e9c2a01745c6a8961266ab09ab8e 8f5e0b99fd9246aa8bfbfeffb4ec0d24 - - default default] Successfully bumped revision number for resource 53f5ab10-8f64-4b27-92e7-45df9cb8e7f6 (type: security_group_rules) to 0
2026-05-19 21:23:33.977 8 INFO neutron.db.ovn_revision_numbers_db [None req-0d6dc834-f969-4916-9200-27b76fb9929f cfd0e9c2a01745c6a8961266ab09ab8e 8f5e0b99fd9246aa8bfbfeffb4ec0d24 - - default default] Successfully bumped revision number for resource 5552ab1a-147a-48c7-b021-5f506cd4e848 (type: security_group_rules) to 0
2026-05-19 21:23:34.052 8 INFO neutron.db.segments_db [None req-0d6dc834-f969-4916-9200-27b76fb9929f cfd0e9c2a01745c6a8961266ab09ab8e 8f5e0b99fd9246aa8bfbfeffb4ec0d24 - - default default] Added segment ae234cb6-2617-40b7-98fd-72af02c9a351 of type geneve for network 531af53f-aca0-4e59-b2ae-3b245c8dfb11
2026-05-19 21:23:34.194 8 INFO neutron.db.ovn_revision_numbers_db [None req-0d6dc834-f969-4916-9200-27b76fb9929f cfd0e9c2a01745c6a8961266ab09ab8e 8f5e0b99fd9246aa8bfbfeffb4ec0d24 - - default default] Successfully bumped revision number for resource 531af53f-aca0-4e59-b2ae-3b245c8dfb11 (type: networks) to 1
2026-05-19 21:23:34.340 8 WARNING neutron.scheduler.dhcp_agent_scheduler [None req-0d6dc834-f969-4916-9200-27b76fb9929f cfd0e9c2a01745c6a8961266ab09ab8e 8f5e0b99fd9246aa8bfbfeffb4ec0d24 - - default default] No more DHCP agents
2026-05-19 21:23:34.341 8 WARNING neutron.api.rpc.agentnotifiers.dhcp_rpc_agent_api [None req-0d6dc834-f969-4916-9200-27b76fb9929f cfd0e9c2a01745c6a8961266ab09ab8e 8f5e0b99fd9246aa8bfbfeffb4ec0d24 - - default default] Unable to schedule network 531af53f-aca0-4e59-b2ae-3b245c8dfb11: no agents available; will retry on subsequent port and subnet creation events.
2026-05-19 21:23:34.384 8 INFO neutron.plugins.ml2.drivers.ovn.mech_driver.mech_driver [None req-889ad397-4868-4dfd-bd24-3378fff1a54c - - - - - -] OVN reports status down for port: 8ed7c096-e151-4399-8d58-df7b7b43e811
2026-05-19 21:23:34.420 7 WARNING neutron.scheduler.dhcp_agent_scheduler [None req-be2d29a7-46cd-4c74-aa0a-4c6487481a72 7075514eca4744b7820b12b56da35b99 be6bb1e2e7cc4040ba979726afc29b08 - - default default] No more DHCP agents
2026-05-19 21:23:34.421 7 WARNING neutron.api.rpc.agentnotifiers.dhcp_rpc_agent_api [None req-be2d29a7-46cd-4c74-aa0a-4c6487481a72 7075514eca4744b7820b12b56da35b99 be6bb1e2e7cc4040ba979726afc29b08 - - default default] Unable to schedule network d3f8e3c1-2fff-4e63-9a54-2f3020be306b: no agents available; will retry on subsequent port and subnet creation events.
2026-05-19 21:23:34.449 8 INFO neutron.db.ovn_revision_numbers_db [None req-0d6dc834-f969-4916-9200-27b76fb9929f cfd0e9c2a01745c6a8961266ab09ab8e 8f5e0b99fd9246aa8bfbfeffb4ec0d24 - - default default] Successfully bumped revision number for resource 8ed7c096-e151-4399-8d58-df7b7b43e811 (type: ports) to 1 [pid: 8|app: 0|req: 786/1582] 10.0.0.192 () {34 vars in 671 bytes} [Tue May 19 21:23:33 2026] POST /v2.0/networks => generated 761 bytes in 923 msecs (HTTP/1.1 201) 4 headers in 162 bytes (1 switches on core 0) [pid: 8|app: 0|req: 787/1583] 10.0.0.82 () {34 vars in 989 bytes} [Tue May 19 21:23:34 2026] GET /v2.0/ports?device_id=0610ee5d-cb28-46fa-99cd-199a66d05351 => generated 975 bytes in 47 msecs (HTTP/1.1 200) 4 headers in 157 bytes (1 switches on core 0)
2026-05-19 21:23:34.576 7 INFO neutron.db.ovn_revision_numbers_db [None req-be2d29a7-46cd-4c74-aa0a-4c6487481a72 7075514eca4744b7820b12b56da35b99 be6bb1e2e7cc4040ba979726afc29b08 - - default default] Successfully bumped revision number for resource 57cff6dc-eb53-4a97-9054-482fec278801 (type: ports) to 1
2026-05-19 21:23:34.713 8 WARNING neutron.scheduler.dhcp_agent_scheduler [None req-cd4012f1-8bbb-420d-8a90-312ec96b03e4 cfd0e9c2a01745c6a8961266ab09ab8e 8f5e0b99fd9246aa8bfbfeffb4ec0d24 - - default default] No more DHCP agents
2026-05-19 21:23:34.714 8 WARNING neutron.api.rpc.agentnotifiers.dhcp_rpc_agent_api [None req-cd4012f1-8bbb-420d-8a90-312ec96b03e4 cfd0e9c2a01745c6a8961266ab09ab8e 8f5e0b99fd9246aa8bfbfeffb4ec0d24 - - default default] Unable to schedule network 531af53f-aca0-4e59-b2ae-3b245c8dfb11: no agents available; will retry on subsequent port and subnet creation events.
2026-05-19 21:23:35.163 8 INFO neutron.db.ovn_revision_numbers_db [None req-294cbb8e-49aa-4563-a84e-302c7289ad7e - - - - - -] Successfully bumped revision number for resource 8ed7c096-e151-4399-8d58-df7b7b43e811 (type: ports) to 2
2026-05-19 21:23:35.203 8 INFO neutron.db.ovn_revision_numbers_db [None req-294cbb8e-49aa-4563-a84e-302c7289ad7e - - - - - -] Successfully bumped revision number for resource 5c92d4a0-7f39-4e22-b405-587147a9c513 (type: subnets) to 0
2026-05-19 21:23:35.216 7 WARNING neutron.scheduler.dhcp_agent_scheduler [None req-be2d29a7-46cd-4c74-aa0a-4c6487481a72 7075514eca4744b7820b12b56da35b99 be6bb1e2e7cc4040ba979726afc29b08 - - default default] No more DHCP agents
2026-05-19 21:23:35.217 7 WARNING neutron.api.rpc.agentnotifiers.dhcp_rpc_agent_api [None req-be2d29a7-46cd-4c74-aa0a-4c6487481a72 7075514eca4744b7820b12b56da35b99 be6bb1e2e7cc4040ba979726afc29b08 - - default default] Unable to schedule network d3f8e3c1-2fff-4e63-9a54-2f3020be306b: no agents available; will retry on subsequent port and subnet creation events. [pid: 8|app: 0|req: 788/1584] 10.0.0.192 () {34 vars in 669 bytes} [Tue May 19 21:23:34 2026] POST /v2.0/subnets => generated 686 bytes in 644 msecs (HTTP/1.1 201) 4 headers in 162 bytes (1 switches on core 0) [pid: 8|app: 0|req: 789/1585] 10.0.0.82 () {34 vars in 1039 bytes} [Tue May 19 21:23:35 2026] GET /v2.0/security-groups?id=5e9497f4-d183-4a9b-b285-dfe82df3fee5&fields=id&fields=name => generated 114 bytes in 34 msecs (HTTP/1.1 200) 4 headers in 157 bytes (1 switches on core 0)
2026-05-19 21:23:35.450 7 INFO neutron.db.ovn_revision_numbers_db [None req-be2d29a7-46cd-4c74-aa0a-4c6487481a72 7075514eca4744b7820b12b56da35b99 be6bb1e2e7cc4040ba979726afc29b08 - - default default] Successfully bumped revision number for resource 57cff6dc-eb53-4a97-9054-482fec278801 (type: router_ports) to 1 [pid: 7|app: 0|req: 797/1586] 10.0.0.192 () {34 vars in 783 bytes} [Tue May 19 21:23:33 2026] PUT /v2.0/routers/03ee3b70-5471-47e1-a415-169d1fd4991d/add_router_interface => generated 309 bytes in 1704 msecs (HTTP/1.1 200) 4 headers in 157 bytes (1 switches on core 0) [pid: 7|app: 0|req: 798/1587] 199.204.45.216 () {34 vars in 994 bytes} [Tue May 19 21:23:35 2026] GET /v2.0/ports?device_id=0610ee5d-cb28-46fa-99cd-199a66d05351 => generated 975 bytes in 81 msecs (HTTP/1.1 200) 4 headers in 157 bytes (1 switches on core 0) [pid: 7|app: 0|req: 799/1588] 10.0.0.192 () {32 vars in 717 bytes} [Tue May 19 21:23:35 2026] GET /v2.0/ports/57cff6dc-eb53-4a97-9054-482fec278801 => generated 941 bytes in 66 msecs (HTTP/1.1 200) 4 headers in 157 bytes (1 switches on core 0)
2026-05-19 21:23:35.671 8 WARNING neutron.scheduler.dhcp_agent_scheduler [None req-f5112569-14bc-4f7f-b4c3-21da571567e7 cfd0e9c2a01745c6a8961266ab09ab8e 8f5e0b99fd9246aa8bfbfeffb4ec0d24 - - default default] No more DHCP agents
2026-05-19 21:23:35.673 8 WARNING neutron.api.rpc.agentnotifiers.dhcp_rpc_agent_api [None req-f5112569-14bc-4f7f-b4c3-21da571567e7 cfd0e9c2a01745c6a8961266ab09ab8e 8f5e0b99fd9246aa8bfbfeffb4ec0d24 - - default default] Unable to schedule network 984918e6-c9af-479b-ab1c-b03c8bc7d532: no agents available; will retry on subsequent port and subnet creation events.
2026-05-19 21:23:35.724 7 INFO neutron_taas.services.taas.taas_plugin [req-d880d003-f976-4feb-9c63-4be7e69cd3cd req-38149d5b-6613-42d4-b25f-d1133c56d4cd 2c11fcb5ada94748926cc172e5d44909 f0a36af9a3d245d98eb96595f908766e - - default default] TaaS: Handle Delete Port: c429cbc7-c955-4375-aec5-0f2f4232e34a
2026-05-19 21:23:35.727 7 INFO neutron_taas.services.taas.tap_mirror_plugin [req-d880d003-f976-4feb-9c63-4be7e69cd3cd req-38149d5b-6613-42d4-b25f-d1133c56d4cd 2c11fcb5ada94748926cc172e5d44909 f0a36af9a3d245d98eb96595f908766e - - default default] Tap Mirror: Handle Delete Port: c429cbc7-c955-4375-aec5-0f2f4232e34a
2026-05-19 21:23:35.814 8 INFO neutron.db.ovn_revision_numbers_db [None req-f5112569-14bc-4f7f-b4c3-21da571567e7 cfd0e9c2a01745c6a8961266ab09ab8e 8f5e0b99fd9246aa8bfbfeffb4ec0d24 - - default default] Successfully bumped revision number for resource 4b7ac02f-be99-4072-a9fe-5ed07dd0c32c (type: ports) to 1
2026-05-19 21:23:35.925 7 INFO neutron.db.l3_db [req-d880d003-f976-4feb-9c63-4be7e69cd3cd req-38149d5b-6613-42d4-b25f-d1133c56d4cd 2c11fcb5ada94748926cc172e5d44909 f0a36af9a3d245d98eb96595f908766e - - default default] Floating IP b0b94134-be1e-4f59-bba8-df9975e3f894 disassociated. External IP: 10.96.250.215, port: c429cbc7-c955-4375-aec5-0f2f4232e34a. [pid: 7|app: 0|req: 800/1589] 199.204.45.216 () {36 vars in 997 bytes} [Tue May 19 21:23:35 2026] DELETE /v2.0/ports/c429cbc7-c955-4375-aec5-0f2f4232e34a => generated 0 bytes in 454 msecs (HTTP/1.1 204) 3 headers in 131 bytes (1 switches on core 0)
2026-05-19 21:23:36.096 7 INFO neutron.notifiers.nova [-] Nova event matching ['req-8b8478ab-8202-47b0-98de-c004034db7fd'] response: {'server_uuid': '0610ee5d-cb28-46fa-99cd-199a66d05351', 'name': 'network-vif-deleted', 'tag': 'c429cbc7-c955-4375-aec5-0f2f4232e34a', 'status': 'completed', 'code': 200} [pid: 7|app: 0|req: 801/1590] 10.0.0.192 () {32 vars in 717 bytes} [Tue May 19 21:23:36 2026] GET /v2.0/ports/57cff6dc-eb53-4a97-9054-482fec278801 => generated 941 bytes in 46 msecs (HTTP/1.1 200) 4 headers in 157 bytes (1 switches on core 0) [pid: 7|app: 0|req: 802/1591] 10.0.0.82 () {34 vars in 989 bytes} [Tue May 19 21:23:36 2026] GET /v2.0/ports?device_id=0610ee5d-cb28-46fa-99cd-199a66d05351 => generated 12 bytes in 16 msecs (HTTP/1.1 200) 4 headers in 156 bytes (1 switches on core 0)
2026-05-19 21:23:36.411 8 INFO neutron.plugins.ml2.drivers.ovn.mech_driver.ovsdb.commands [None req-ad79617f-60fa-4653-88c6-e992f0f96e39 - - - - - -] Schedule LRP lrp-4b7ac02f-be99-4072-a9fe-5ed07dd0c32c on gateway 5cf1591a-8a80-4176-9b8c-b2f09e4a4580 with priority 1
2026-05-19 21:23:36.439 8 INFO neutron.plugins.ml2.drivers.ovn.mech_driver.ovsdb.ovsdb_monitor [None req-e7e5356c-1486-404b-91a0-ce9b641054cf - - - - - -] Router 62888da9-7566-42d4-a04b-ca8a734a8ca6 is bound to host instance
2026-05-19 21:23:36.522 8 INFO neutron.db.ovn_revision_numbers_db [None req-f5112569-14bc-4f7f-b4c3-21da571567e7 cfd0e9c2a01745c6a8961266ab09ab8e 8f5e0b99fd9246aa8bfbfeffb4ec0d24 - - default default] Successfully bumped revision number for resource 4b7ac02f-be99-4072-a9fe-5ed07dd0c32c (type: router_ports) to 1
2026-05-19 21:23:36.648 8 INFO neutron.db.ovn_revision_numbers_db [None req-f5112569-14bc-4f7f-b4c3-21da571567e7 cfd0e9c2a01745c6a8961266ab09ab8e 8f5e0b99fd9246aa8bfbfeffb4ec0d24 - - default default] Successfully bumped revision number for resource 62888da9-7566-42d4-a04b-ca8a734a8ca6 (type: routers) to 2 [pid: 8|app: 0|req: 790/1594] 10.0.0.192 () {34 vars in 669 bytes} [Tue May 19 21:23:35 2026] POST /v2.0/routers => generated 964 bytes in 1422 msecs (HTTP/1.1 201) 4 headers in 162 bytes (1 switches on core 0)
2026-05-19 21:23:37.101 7 WARNING neutron.scheduler.dhcp_agent_scheduler [None req-8f9ea331-82bc-48da-a088-cd3fa6137bfe cfd0e9c2a01745c6a8961266ab09ab8e 8f5e0b99fd9246aa8bfbfeffb4ec0d24 - - default default] No more DHCP agents
2026-05-19 21:23:37.102 7 WARNING neutron.api.rpc.agentnotifiers.dhcp_rpc_agent_api [None req-8f9ea331-82bc-48da-a088-cd3fa6137bfe cfd0e9c2a01745c6a8961266ab09ab8e 8f5e0b99fd9246aa8bfbfeffb4ec0d24 - - default default] Unable to schedule network 531af53f-aca0-4e59-b2ae-3b245c8dfb11: no agents available; will retry on subsequent port and subnet creation events. [pid: 8|app: 0|req: 791/1595] 10.0.0.192 () {32 vars in 717 bytes} [Tue May 19 21:23:37 2026] GET /v2.0/ports/57cff6dc-eb53-4a97-9054-482fec278801 => generated 941 bytes in 136 msecs (HTTP/1.1 200) 4 headers in 157 bytes (1 switches on core 0)
2026-05-19 21:23:37.267 7 INFO neutron.db.ovn_revision_numbers_db [None req-8f9ea331-82bc-48da-a088-cd3fa6137bfe cfd0e9c2a01745c6a8961266ab09ab8e 8f5e0b99fd9246aa8bfbfeffb4ec0d24 - - default default] Successfully bumped revision number for resource 9fd76554-d320-4d74-83b4-7864360f2cdd (type: ports) to 1
2026-05-19 21:23:37.372 8 INFO neutron.db.ovn_revision_numbers_db [None req-c4276dc6-f4dc-44a2-9ea3-dd1f5dba05df - - - - - -] Successfully bumped revision number for resource 4b7ac02f-be99-4072-a9fe-5ed07dd0c32c (type: ports) to 4 [pid: 8|app: 0|req: 792/1596] 10.0.0.82 () {34 vars in 989 bytes} [Tue May 19 21:23:37 2026] GET /v2.0/ports?device_id=0610ee5d-cb28-46fa-99cd-199a66d05351 => generated 12 bytes in 36 msecs (HTTP/1.1 200) 4 headers in 156 bytes (1 switches on core 0)
2026-05-19 21:23:37.680 8 INFO neutron.db.ovn_revision_numbers_db [None req-c4276dc6-f4dc-44a2-9ea3-dd1f5dba05df - - - - - -] Successfully bumped revision number for resource 4b7ac02f-be99-4072-a9fe-5ed07dd0c32c (type: ports) to 5
2026-05-19 21:23:37.926 7 WARNING neutron.scheduler.dhcp_agent_scheduler [None req-8f9ea331-82bc-48da-a088-cd3fa6137bfe cfd0e9c2a01745c6a8961266ab09ab8e 8f5e0b99fd9246aa8bfbfeffb4ec0d24 - - default default] No more DHCP agents
2026-05-19 21:23:37.928 7 WARNING neutron.api.rpc.agentnotifiers.dhcp_rpc_agent_api [None req-8f9ea331-82bc-48da-a088-cd3fa6137bfe cfd0e9c2a01745c6a8961266ab09ab8e 8f5e0b99fd9246aa8bfbfeffb4ec0d24 - - default default] Unable to schedule network 531af53f-aca0-4e59-b2ae-3b245c8dfb11: no agents available; will retry on subsequent port and subnet creation events. [pid: 8|app: 0|req: 793/1597] 10.0.0.192 () {32 vars in 717 bytes} [Tue May 19 21:23:38 2026] GET /v2.0/ports/57cff6dc-eb53-4a97-9054-482fec278801 => generated 941 bytes in 33 msecs (HTTP/1.1 200) 4 headers in 157 bytes (1 switches on core 0)
2026-05-19 21:23:38.402 7 INFO neutron.db.ovn_revision_numbers_db [None req-8f9ea331-82bc-48da-a088-cd3fa6137bfe cfd0e9c2a01745c6a8961266ab09ab8e 8f5e0b99fd9246aa8bfbfeffb4ec0d24 - - default default] Successfully bumped revision number for resource 9fd76554-d320-4d74-83b4-7864360f2cdd (type: router_ports) to 1 [pid: 7|app: 0|req: 805/1598] 10.0.0.192 () {34 vars in 783 bytes} [Tue May 19 21:23:36 2026] PUT /v2.0/routers/62888da9-7566-42d4-a04b-ca8a734a8ca6/add_router_interface => generated 309 bytes in 1729 msecs (HTTP/1.1 200) 4 headers in 157 bytes (1 switches on core 0) [pid: 8|app: 0|req: 794/1599] 10.0.0.82 () {34 vars in 989 bytes} [Tue May 19 21:23:38 2026] GET /v2.0/ports?device_id=0610ee5d-cb28-46fa-99cd-199a66d05351 => generated 12 bytes in 25 msecs (HTTP/1.1 200) 4 headers in 156 bytes (1 switches on core 0)
2026-05-19 21:23:39.294 7 WARNING neutron.plugins.ml2.drivers.ovn.mech_driver.ovsdb.ovn_client [None req-2f0520ea-01a6-4804-94ea-6bf966f661a9 - - - - - -] No hosting information found for port 18f1c60f-4fe2-4b58-9a7d-205e06fc62c7: RuntimeError: No hosting information found for port 18f1c60f-4fe2-4b58-9a7d-205e06fc62c7 [pid: 7|app: 0|req: 806/1600] 10.0.0.192 () {32 vars in 717 bytes} [Tue May 19 21:23:39 2026] GET /v2.0/ports/57cff6dc-eb53-4a97-9054-482fec278801 => generated 941 bytes in 70 msecs (HTTP/1.1 200) 4 headers in 157 bytes (1 switches on core 0)
2026-05-19 21:23:39.403 7 INFO neutron.db.ovn_revision_numbers_db [None req-2f0520ea-01a6-4804-94ea-6bf966f661a9 - - - - - -] Successfully bumped revision number for resource 18f1c60f-4fe2-4b58-9a7d-205e06fc62c7 (type: router_ports) to 2
2026-05-19 21:23:39.446 7 INFO neutron.plugins.ml2.drivers.ovn.mech_driver.mech_driver [None req-2f0520ea-01a6-4804-94ea-6bf966f661a9 - - - - - -] OVN reports status down for port: c429cbc7-c955-4375-aec5-0f2f4232e34a
2026-05-19 21:23:39.455 7 INFO neutron.plugins.ml2.drivers.ovn.mech_driver.mech_driver [None req-2f0520ea-01a6-4804-94ea-6bf966f661a9 - - - - - -] OVN reports status down for port: 57cff6dc-eb53-4a97-9054-482fec278801
2026-05-19 21:23:39.506 7 WARNING neutron.plugins.ml2.drivers.ovn.mech_driver.ovsdb.ovn_client [None req-2f0520ea-01a6-4804-94ea-6bf966f661a9 - - - - - -] Logical_Switch_Port %s host information not removed, the port state is up
2026-05-19 21:23:39.507 7 INFO neutron.plugins.ml2.drivers.ovn.mech_driver.mech_driver [None req-2f0520ea-01a6-4804-94ea-6bf966f661a9 - - - - - -] OVN reports status up for port: 57cff6dc-eb53-4a97-9054-482fec278801
2026-05-19 21:23:39.516 7 INFO neutron.plugins.ml2.plugin [None req-2f0520ea-01a6-4804-94ea-6bf966f661a9 - - - - - -] Attempt 1 to provision port 57cff6dc-eb53-4a97-9054-482fec278801 [pid: 8|app: 0|req: 795/1601] 10.0.0.192 () {32 vars in 740 bytes} [Tue May 19 21:23:39 2026] DELETE /v2.0/security-groups/5e9497f4-d183-4a9b-b285-dfe82df3fee5 => generated 0 bytes in 140 msecs (HTTP/1.1 204) 2 headers in 112 bytes (1 switches on core 0)
2026-05-19 21:23:39.800 7 INFO neutron.api.v2.resource [None req-767ce41e-5d53-4e20-8e34-16e7659e3d95 2c11fcb5ada94748926cc172e5d44909 f0a36af9a3d245d98eb96595f908766e - - default default] show failed (client error): The resource could not be found. [pid: 7|app: 0|req: 807/1602] 10.0.0.192 () {32 vars in 737 bytes} [Tue May 19 21:23:39 2026] GET /v2.0/security-groups/5e9497f4-d183-4a9b-b285-dfe82df3fee5 => generated 146 bytes in 38 msecs (HTTP/1.1 404) 4 headers in 164 bytes (1 switches on core 0)
2026-05-19 21:23:39.926 7 INFO neutron.db.ovn_revision_numbers_db [None req-2f0520ea-01a6-4804-94ea-6bf966f661a9 - - - - - -] Successfully bumped revision number for resource 57cff6dc-eb53-4a97-9054-482fec278801 (type: ports) to 2
2026-05-19 21:23:39.949 8 INFO neutron_taas.services.taas.taas_plugin [None req-1599facb-a9bc-4b58-8044-9763d9a2bcd6 2c11fcb5ada94748926cc172e5d44909 f0a36af9a3d245d98eb96595f908766e - - default default] TaaS: Handle Delete Port: 8ec0e076-edcf-48e9-9448-0cdaa1096f0e
2026-05-19 21:23:39.951 8 INFO neutron_taas.services.taas.tap_mirror_plugin [None req-1599facb-a9bc-4b58-8044-9763d9a2bcd6 2c11fcb5ada94748926cc172e5d44909 f0a36af9a3d245d98eb96595f908766e - - default default] Tap Mirror: Handle Delete Port: 8ec0e076-edcf-48e9-9448-0cdaa1096f0e [pid: 8|app: 0|req: 796/1603] 10.0.0.192 () {32 vars in 732 bytes} [Tue May 19 21:23:39 2026] DELETE /v2.0/floatingips/b0b94134-be1e-4f59-bba8-df9975e3f894 => generated 0 bytes in 283 msecs (HTTP/1.1 204) 2 headers in 112 bytes (1 switches on core 0)
2026-05-19 21:23:40.367 7 INFO neutron_taas.services.taas.taas_plugin [None req-0eb8b3c6-c0ee-4626-bd97-e5ae623abdbe cfd0e9c2a01745c6a8961266ab09ab8e 8f5e0b99fd9246aa8bfbfeffb4ec0d24 - - default default] TaaS: Handle Delete Port: d8b46f8e-afe2-408a-bb22-cbaaa94a327f
2026-05-19 21:23:40.369 7 INFO neutron_taas.services.taas.tap_mirror_plugin [None req-0eb8b3c6-c0ee-4626-bd97-e5ae623abdbe cfd0e9c2a01745c6a8961266ab09ab8e 8f5e0b99fd9246aa8bfbfeffb4ec0d24 - - default default] Tap Mirror: Handle Delete Port: d8b46f8e-afe2-408a-bb22-cbaaa94a327f [pid: 8|app: 0|req: 797/1604] 10.0.0.192 () {32 vars in 717 bytes} [Tue May 19 21:23:40 2026] GET /v2.0/ports/57cff6dc-eb53-4a97-9054-482fec278801 => generated 943 bytes in 47 msecs (HTTP/1.1 200) 4 headers in 157 bytes (1 switches on core 0)
2026-05-19 21:23:40.692 8 INFO neutron_taas.services.taas.taas_plugin [None req-e88b5507-1f70-4c94-9f10-28f7b6c4c673 7075514eca4744b7820b12b56da35b99 be6bb1e2e7cc4040ba979726afc29b08 - - default default] TaaS: Handle Delete Port: 57cff6dc-eb53-4a97-9054-482fec278801
2026-05-19 21:23:40.695 8 INFO neutron_taas.services.taas.tap_mirror_plugin [None req-e88b5507-1f70-4c94-9f10-28f7b6c4c673 7075514eca4744b7820b12b56da35b99 be6bb1e2e7cc4040ba979726afc29b08 - - default default] Tap Mirror: Handle Delete Port: 57cff6dc-eb53-4a97-9054-482fec278801 [pid: 7|app: 0|req: 808/1605] 10.0.0.192 () {34 vars in 789 bytes} [Tue May 19 21:23:40 2026] PUT /v2.0/routers/d60e5179-d21a-4d07-8c2c-8d8381846816/remove_router_interface => generated 309 bytes in 894 msecs (HTTP/1.1 200) 4 headers in 157 bytes (1 switches on core 0) /var/lib/openstack/lib/python3.12/site-packages/pycadf/identifier.py:70: UserWarning: Invalid uuid: neutron. To ensure interoperability, identifiers should be a valid uuid. warnings.warn(('Invalid uuid: %s. To ensure interoperability, ' [pid: 7|app: 0|req: 809/1606] 10.0.0.82 () {34 vars in 981 bytes} [Tue May 19 21:23:40 2026] GET /v2.0/networks?id=531af53f-aca0-4e59-b2ae-3b245c8dfb11 => generated 709 bytes in 49 msecs (HTTP/1.1 200) 4 headers in 157 bytes (1 switches on core 0) [pid: 8|app: 0|req: 798/1607] 10.0.0.192 () {34 vars in 789 bytes} [Tue May 19 21:23:40 2026] PUT /v2.0/routers/03ee3b70-5471-47e1-a415-169d1fd4991d/remove_router_interface => generated 309 bytes in 627 msecs (HTTP/1.1 200) 4 headers in 157 bytes (1 switches on core 0) /var/lib/openstack/lib/python3.12/site-packages/pycadf/identifier.py:70: UserWarning: Invalid uuid: neutron. To ensure interoperability, identifiers should be a valid uuid. warnings.warn(('Invalid uuid: %s. To ensure interoperability, ' [pid: 8|app: 0|req: 799/1608] 10.0.0.82 () {34 vars in 964 bytes} [Tue May 19 21:23:41 2026] GET /v2.0/quotas/41f969d599fc4cbd99aadfed52208c2f => generated 292 bytes in 10 msecs (HTTP/1.1 200) 4 headers in 157 bytes (1 switches on core 0) [pid: 8|app: 0|req: 800/1609] 10.0.0.192 () {32 vars in 717 bytes} [Tue May 19 21:23:41 2026] GET /v2.0/ports/18f1c60f-4fe2-4b58-9a7d-205e06fc62c7 => generated 943 bytes in 71 msecs (HTTP/1.1 200) 4 headers in 157 bytes (1 switches on core 0) [pid: 8|app: 0|req: 801/1610] 10.0.0.82 () {34 vars in 1001 bytes} [Tue May 19 21:23:41 2026] GET /v2.0/ports?tenant_id=41f969d599fc4cbd99aadfed52208c2f&fields=id => generated 103 bytes in 66 msecs (HTTP/1.1 200) 4 headers in 157 bytes (1 switches on core 0)
2026-05-19 21:23:41.279 7 INFO neutron_taas.services.taas.taas_plugin [None req-c68d70a8-dcdf-4f07-a922-6774b85f4a97 cfd0e9c2a01745c6a8961266ab09ab8e 8f5e0b99fd9246aa8bfbfeffb4ec0d24 - - default default] TaaS: Handle Delete Port: c2f0a0be-a127-4543-8c53-6a73305c8f81
2026-05-19 21:23:41.283 7 INFO neutron_taas.services.taas.tap_mirror_plugin [None req-c68d70a8-dcdf-4f07-a922-6774b85f4a97 cfd0e9c2a01745c6a8961266ab09ab8e 8f5e0b99fd9246aa8bfbfeffb4ec0d24 - - default default] Tap Mirror: Handle Delete Port: c2f0a0be-a127-4543-8c53-6a73305c8f81
2026-05-19 21:23:41.429 8 INFO neutron_taas.services.taas.taas_plugin [None req-a54ad5e1-d496-470d-a7f5-2946443352c0 7075514eca4744b7820b12b56da35b99 be6bb1e2e7cc4040ba979726afc29b08 - - default default] TaaS: Handle Delete Port: 18f1c60f-4fe2-4b58-9a7d-205e06fc62c7
