2026-05-19 21:22:52.539 7 INFO neutron_taas.services.taas.tap_mirror_plugin [None req-e067738e-bb0a-4f4e-a03d-fc924e63fa4e cfad192bfb594ca7bf0979315cdb761a bc242e454fa5473fb3b7c072567051c3 - - default default] Tap Mirror: Handle Delete Port: 310138b4-dfcf-4f26-9d97-e84454f52216 [pid: 7|app: 0|req: 640/1235] 10.0.0.192 () {32 vars in 720 bytes} [Tue May 19 21:22:52 2026] DELETE /v2.0/ports/310138b4-dfcf-4f26-9d97-e84454f52216 => generated 0 bytes in 666 msecs (HTTP/1.1 204) 3 headers in 131 bytes (1 switches on core 0) [pid: 8|app: 0|req: 596/1236] 10.0.0.192 () {34 vars in 789 bytes} [Tue May 19 21:22:52 2026] PUT /v2.0/routers/aa7dfb86-1aff-49cc-9a4d-32393fe7025f/remove_router_interface => generated 309 bytes in 904 msecs (HTTP/1.1 200) 4 headers in 157 bytes (1 switches on core 0) /var/lib/openstack/lib/python3.12/site-packages/pycadf/identifier.py:70: UserWarning: Invalid uuid: neutron. To ensure interoperability, identifiers should be a valid uuid. warnings.warn(('Invalid uuid: %s. To ensure interoperability, ' [pid: 7|app: 0|req: 641/1237] 199.204.45.216 () {34 vars in 1112 bytes} [Tue May 19 21:22:53 2026] GET /v2.0/networks/5852a4df-9642-44b1-a1b6-1ae19e71f533?fields=provider%3Aphysical_network&fields=provider%3Anetwork_type => generated 79 bytes in 38 msecs (HTTP/1.1 200) 4 headers in 156 bytes (1 switches on core 0) [pid: 8|app: 0|req: 597/1238] 10.0.0.192 () {32 vars in 643 bytes} [Tue May 19 21:22:53 2026] GET /v2.0/ports => generated 1536 bytes in 42 msecs (HTTP/1.1 200) 4 headers in 158 bytes (1 switches on core 0)
2026-05-19 21:22:53.150 8 INFO neutron.pecan_wsgi.hooks.translation [None req-2b57ff2d-a6db-47a5-934d-177fe8446c3a cfad192bfb594ca7bf0979315cdb761a bc242e454fa5473fb3b7c072567051c3 - - default default] GET failed (client error): The resource could not be found. [pid: 8|app: 0|req: 598/1239] 10.0.0.192 () {32 vars in 717 bytes} [Tue May 19 21:22:53 2026] GET /v2.0/ports/310138b4-dfcf-4f26-9d97-e84454f52216 => generated 132 bytes in 18 msecs (HTTP/1.1 404) 4 headers in 164 bytes (1 switches on core 0) [pid: 8|app: 0|req: 599/1240] 10.0.0.192 () {32 vars in 643 bytes} [Tue May 19 21:22:53 2026] GET /v2.0/ports => generated 1536 bytes in 64 msecs (HTTP/1.1 200) 4 headers in 158 bytes (1 switches on core 0) [pid: 8|app: 0|req: 600/1241] 10.0.0.192 () {32 vars in 717 bytes} [Tue May 19 21:22:53 2026] GET /v2.0/ports/89bfb39a-8a36-49b6-b7da-6b4db9711d54 => generated 777 bytes in 37 msecs (HTTP/1.1 200) 4 headers in 157 bytes (1 switches on core 0)
2026-05-19 21:22:53.293 8 INFO neutron.pecan_wsgi.hooks.translation [None req-2037f767-bb85-42b8-b2f3-7ccb98766d46 cfad192bfb594ca7bf0979315cdb761a bc242e454fa5473fb3b7c072567051c3 - - default default] DELETE failed (client error): The resource could not be found. [pid: 8|app: 0|req: 601/1242] 10.0.0.192 () {32 vars in 720 bytes} [Tue May 19 21:22:53 2026] DELETE /v2.0/ports/6304deec-d7fc-4cb1-aeff-026668209475 => generated 132 bytes in 21 msecs (HTTP/1.1 404) 4 headers in 164 bytes (1 switches on core 0)
2026-05-19 21:22:53.323 8 INFO neutron.pecan_wsgi.hooks.translation [None req-08dad400-8a24-4bf0-a73c-150c8df565a8 cfad192bfb594ca7bf0979315cdb761a bc242e454fa5473fb3b7c072567051c3 - - default default] DELETE failed (client error): The resource could not be found. [pid: 8|app: 0|req: 602/1243] 10.0.0.192 () {32 vars in 724 bytes} [Tue May 19 21:22:53 2026] DELETE /v2.0/subnets/aeb8184b-9e9b-4f97-9f94-be600f52870f => generated 136 bytes in 25 msecs (HTTP/1.1 404) 4 headers in 164 bytes (1 switches on core 0)
2026-05-19 21:22:53.346 8 INFO neutron.pecan_wsgi.hooks.translation [None req-b5b818de-de0e-4617-ad39-acb1b8756779 cfad192bfb594ca7bf0979315cdb761a bc242e454fa5473fb3b7c072567051c3 - - default default] DELETE failed (client error): The resource could not be found. [pid: 8|app: 0|req: 603/1244] 10.0.0.192 () {32 vars in 724 bytes} [Tue May 19 21:22:53 2026] DELETE /v2.0/subnets/8bccca9c-38dd-4577-aa07-72de71ed8ac6 => generated 136 bytes in 17 msecs (HTTP/1.1 404) 4 headers in 164 bytes (1 switches on core 0)
2026-05-19 21:22:53.454 7 INFO neutron_taas.services.taas.taas_plugin [None req-95498223-d161-4c40-bf63-92d0eaec2450 cfd0e9c2a01745c6a8961266ab09ab8e 8f5e0b99fd9246aa8bfbfeffb4ec0d24 - - default default] TaaS: Handle Delete Port: ab16bd6c-4ada-4c9f-994e-7f49997ca24c
2026-05-19 21:22:53.457 7 INFO neutron_taas.services.taas.tap_mirror_plugin [None req-95498223-d161-4c40-bf63-92d0eaec2450 cfd0e9c2a01745c6a8961266ab09ab8e 8f5e0b99fd9246aa8bfbfeffb4ec0d24 - - default default] Tap Mirror: Handle Delete Port: ab16bd6c-4ada-4c9f-994e-7f49997ca24c
2026-05-19 21:22:53.464 8 INFO neutron_taas.services.taas.taas_plugin [None req-ed3fce58-b542-471e-b109-02ac96fc2162 cfad192bfb594ca7bf0979315cdb761a bc242e454fa5473fb3b7c072567051c3 - - default default] TaaS: Handle Delete Port: 89bfb39a-8a36-49b6-b7da-6b4db9711d54
2026-05-19 21:22:53.468 8 INFO neutron_taas.services.taas.tap_mirror_plugin [None req-ed3fce58-b542-471e-b109-02ac96fc2162 cfad192bfb594ca7bf0979315cdb761a bc242e454fa5473fb3b7c072567051c3 - - default default] Tap Mirror: Handle Delete Port: 89bfb39a-8a36-49b6-b7da-6b4db9711d54 [pid: 8|app: 0|req: 604/1245] 10.0.0.192 () {32 vars in 720 bytes} [Tue May 19 21:22:53 2026] DELETE /v2.0/ports/89bfb39a-8a36-49b6-b7da-6b4db9711d54 => generated 0 bytes in 234 msecs (HTTP/1.1 204) 3 headers in 131 bytes (1 switches on core 0)
2026-05-19 21:22:53.722 8 INFO neutron_taas.services.taas.taas_plugin [None req-038f60b7-7902-44d7-8cec-a8efb33b5d97 cfad192bfb594ca7bf0979315cdb761a bc242e454fa5473fb3b7c072567051c3 - - default default] TaaS: Handle Delete Port: f699f1c0-177c-48d7-9e3f-10cbc2b85035
2026-05-19 21:22:53.724 8 INFO neutron_taas.services.taas.tap_mirror_plugin [None req-038f60b7-7902-44d7-8cec-a8efb33b5d97 cfad192bfb594ca7bf0979315cdb761a bc242e454fa5473fb3b7c072567051c3 - - default default] Tap Mirror: Handle Delete Port: f699f1c0-177c-48d7-9e3f-10cbc2b85035
2026-05-19 21:22:53.902 8 INFO neutron.services.segments.plugin [-] Segment 079bd921-04ac-46bd-aa58-4a4873079342 resource provider aggregate not found
2026-05-19 21:22:53.907 8 INFO neutron.services.segments.plugin [-] Segment 079bd921-04ac-46bd-aa58-4a4873079342 resource provider aggregate not found [pid: 7|app: 0|req: 642/1246] 10.0.0.192 () {32 vars in 724 bytes} [Tue May 19 21:22:53 2026] DELETE /v2.0/routers/aa7dfb86-1aff-49cc-9a4d-32393fe7025f => generated 0 bytes in 790 msecs (HTTP/1.1 204) 2 headers in 112 bytes (1 switches on core 0)
2026-05-19 21:22:53.922 8 INFO neutron.services.segments.plugin [-] Segment 079bd921-04ac-46bd-aa58-4a4873079342 resource provider not found; error: Placement Client Error (4xx): {"errors": [{"status": 404, "title": "Not Found", "detail": "The resource could not be found.\n\n No resource provider with uuid 079bd921-04ac-46bd-aa58-4a4873079342 found for delete ", "request_id": "req-f80c3677-91e6-42cf-9d15-bd16d197798e"}]}
2026-05-19 21:22:53.934 8 INFO neutron.services.segments.plugin [-] Segment 079bd921-04ac-46bd-aa58-4a4873079342 resource provider not found; error: Placement Client Error (4xx): {"errors": [{"status": 404, "title": "Not Found", "detail": "The resource could not be found.\n\n No resource provider with uuid 079bd921-04ac-46bd-aa58-4a4873079342 found for delete ", "request_id": "req-61db5acf-4976-433c-9901-0311627a7f51"}]} [pid: 8|app: 0|req: 605/1247] 10.0.0.192 () {32 vars in 726 bytes} [Tue May 19 21:22:53 2026] DELETE /v2.0/networks/58f2df06-82d0-46b3-8b08-f8f35b3fc465 => generated 0 bytes in 378 msecs (HTTP/1.1 204) 3 headers in 131 bytes (1 switches on core 0) [pid: 7|app: 0|req: 643/1248] 10.0.0.192 () {32 vars in 724 bytes} [Tue May 19 21:22:53 2026] DELETE /v2.0/subnets/3c43ea5e-3f6b-4ade-8e59-766c81f0583a => generated 0 bytes in 179 msecs (HTTP/1.1 204) 3 headers in 131 bytes (1 switches on core 0)
2026-05-19 21:22:54.212 8 INFO neutron_taas.services.taas.taas_plugin [None req-41c70749-f106-48c5-8fe8-e79cdb9910ee cfd0e9c2a01745c6a8961266ab09ab8e 8f5e0b99fd9246aa8bfbfeffb4ec0d24 - - default default] TaaS: Handle Delete Port: bc32d00f-7569-4cf9-9f3b-9eef708faaf0
2026-05-19 21:22:54.215 8 INFO neutron_taas.services.taas.tap_mirror_plugin [None req-41c70749-f106-48c5-8fe8-e79cdb9910ee cfd0e9c2a01745c6a8961266ab09ab8e 8f5e0b99fd9246aa8bfbfeffb4ec0d24 - - default default] Tap Mirror: Handle Delete Port: bc32d00f-7569-4cf9-9f3b-9eef708faaf0 [pid: 8|app: 0|req: 606/1249] 10.0.0.192 () {32 vars in 726 bytes} [Tue May 19 21:22:54 2026] DELETE /v2.0/networks/eaaa2ac1-a8e1-485a-a322-beed28b8731f => generated 0 bytes in 317 msecs (HTTP/1.1 204) 3 headers in 131 bytes (1 switches on core 0) [pid: 8|app: 0|req: 607/1250] 10.0.0.192 () {32 vars in 774 bytes} [Tue May 19 21:22:54 2026] GET /v2.0/security-groups?tenant_id=778a60fdcd8b498bae4e90d9bd9d18cc&name=default => generated 2925 bytes in 33 msecs (HTTP/1.1 200) 4 headers in 158 bytes (1 switches on core 0) [pid: 7|app: 0|req: 644/1251] 10.0.0.192 () {32 vars in 774 bytes} [Tue May 19 21:22:54 2026] GET /v2.0/security-groups?tenant_id=bc242e454fa5473fb3b7c072567051c3&name=default => generated 2925 bytes in 171 msecs (HTTP/1.1 200) 4 headers in 158 bytes (1 switches on core 0) [pid: 8|app: 0|req: 608/1252] 10.0.0.192 () {32 vars in 740 bytes} [Tue May 19 21:22:54 2026] DELETE /v2.0/security-groups/a75c56fe-2b89-4ae3-a0b3-4e648cef8c50 => generated 0 bytes in 268 msecs (HTTP/1.1 204) 2 headers in 112 bytes (1 switches on core 0) [pid: 7|app: 0|req: 645/1253] 10.0.0.192 () {32 vars in 740 bytes} [Tue May 19 21:22:54 2026] DELETE /v2.0/security-groups/bd26b92a-520a-4bce-bdd6-dda52713621b => generated 0 bytes in 257 msecs (HTTP/1.1 204) 2 headers in 112 bytes (1 switches on core 0)
2026-05-19 21:22:55.943 8 INFO neutron.services.segments.plugin [-] Segment d751bbe3-7f21-4675-9b58-730428e30f9a resource provider aggregate not found
2026-05-19 21:22:55.952 8 INFO neutron.services.segments.plugin [-] Segment d751bbe3-7f21-4675-9b58-730428e30f9a resource provider aggregate not found
2026-05-19 21:22:55.957 8 INFO neutron.services.segments.plugin [-] Segment d751bbe3-7f21-4675-9b58-730428e30f9a resource provider not found; error: Placement Client Error (4xx): {"errors": [{"status": 404, "title": "Not Found", "detail": "The resource could not be found.\n\n No resource provider with uuid d751bbe3-7f21-4675-9b58-730428e30f9a found for delete ", "request_id": "req-55f61f04-ef6c-4b8c-9431-da96ff77d099"}]}
2026-05-19 21:22:55.966 8 INFO neutron.services.segments.plugin [-] Segment d751bbe3-7f21-4675-9b58-730428e30f9a resource provider not found; error: Placement Client Error (4xx): {"errors": [{"status": 404, "title": "Not Found", "detail": "The resource could not be found.\n\n No resource provider with uuid d751bbe3-7f21-4675-9b58-730428e30f9a found for delete ", "request_id": "req-db44bd0e-d706-479c-a20e-9f387f0f1418"}]}
2026-05-19 21:22:57.248 8 INFO neutron.db.ovn_revision_numbers_db [None req-5f7c121c-63ac-4ba8-b987-12efe40f90c7 c968e6ec228b49d39e9af29450be469a 6b4a973e82ce4f67a3a8632b8109e089 - - default default] Successfully bumped revision number for resource 142f9944-16f3-4fd5-9e62-74176d6a6122 (type: security_groups) to 1
2026-05-19 21:22:57.261 8 INFO neutron.db.ovn_revision_numbers_db [None req-5f7c121c-63ac-4ba8-b987-12efe40f90c7 c968e6ec228b49d39e9af29450be469a 6b4a973e82ce4f67a3a8632b8109e089 - - default default] Successfully bumped revision number for resource 52a5c919-0a23-4a73-863d-911daea9efd2 (type: security_group_rules) to 0
2026-05-19 21:22:57.273 8 INFO neutron.db.ovn_revision_numbers_db [None req-5f7c121c-63ac-4ba8-b987-12efe40f90c7 c968e6ec228b49d39e9af29450be469a 6b4a973e82ce4f67a3a8632b8109e089 - - default default] Successfully bumped revision number for resource 685e9a63-44a8-4bdb-9d0c-7110ff53ee42 (type: security_group_rules) to 0
2026-05-19 21:22:57.285 8 INFO neutron.db.ovn_revision_numbers_db [None req-5f7c121c-63ac-4ba8-b987-12efe40f90c7 c968e6ec228b49d39e9af29450be469a 6b4a973e82ce4f67a3a8632b8109e089 - - default default] Successfully bumped revision number for resource c4daa2e2-fff8-4c47-b728-4e2561b0e4f5 (type: security_group_rules) to 0
2026-05-19 21:22:57.300 8 INFO neutron.db.ovn_revision_numbers_db [None req-5f7c121c-63ac-4ba8-b987-12efe40f90c7 c968e6ec228b49d39e9af29450be469a 6b4a973e82ce4f67a3a8632b8109e089 - - default default] Successfully bumped revision number for resource cf9fa4ac-fbbe-425d-b3a4-c36d08719d8a (type: security_group_rules) to 0
2026-05-19 21:22:57.384 8 INFO neutron.db.segments_db [None req-5f7c121c-63ac-4ba8-b987-12efe40f90c7 c968e6ec228b49d39e9af29450be469a 6b4a973e82ce4f67a3a8632b8109e089 - - default default] Added segment 0f47bc13-5081-47b3-b459-2625d3472a5b of type geneve for network e6284f32-427a-4e2b-b207-6e09af6b01fd
2026-05-19 21:22:57.490 8 INFO neutron.db.ovn_revision_numbers_db [None req-5f7c121c-63ac-4ba8-b987-12efe40f90c7 c968e6ec228b49d39e9af29450be469a 6b4a973e82ce4f67a3a8632b8109e089 - - default default] Successfully bumped revision number for resource e6284f32-427a-4e2b-b207-6e09af6b01fd (type: networks) to 1
2026-05-19 21:22:57.639 8 WARNING neutron.scheduler.dhcp_agent_scheduler [None req-5f7c121c-63ac-4ba8-b987-12efe40f90c7 c968e6ec228b49d39e9af29450be469a 6b4a973e82ce4f67a3a8632b8109e089 - - default default] No more DHCP agents
2026-05-19 21:22:57.641 8 WARNING neutron.api.rpc.agentnotifiers.dhcp_rpc_agent_api [None req-5f7c121c-63ac-4ba8-b987-12efe40f90c7 c968e6ec228b49d39e9af29450be469a 6b4a973e82ce4f67a3a8632b8109e089 - - default default] Unable to schedule network e6284f32-427a-4e2b-b207-6e09af6b01fd: no agents available; will retry on subsequent port and subnet creation events.
2026-05-19 21:22:57.692 7 INFO neutron.plugins.ml2.drivers.ovn.mech_driver.mech_driver [None req-4caff749-7ec9-4d13-8c29-989cbe6b4ab9 - - - - - -] OVN reports status down for port: 29431133-bcb2-4f94-a5ed-cdf1fc8fd217
2026-05-19 21:22:57.710 8 INFO neutron.db.ovn_revision_numbers_db [None req-5f7c121c-63ac-4ba8-b987-12efe40f90c7 c968e6ec228b49d39e9af29450be469a 6b4a973e82ce4f67a3a8632b8109e089 - - default default] Successfully bumped revision number for resource 29431133-bcb2-4f94-a5ed-cdf1fc8fd217 (type: ports) to 1 [pid: 8|app: 0|req: 609/1254] 10.0.0.192 () {34 vars in 670 bytes} [Tue May 19 21:22:56 2026] POST /v2.0/networks => generated 652 bytes in 1075 msecs (HTTP/1.1 201) 4 headers in 162 bytes (1 switches on core 0)
2026-05-19 21:22:57.827 7 INFO neutron.db.segments_db [None req-f196abd2-1636-4676-9a2e-fa6bc5310be4 c968e6ec228b49d39e9af29450be469a 6b4a973e82ce4f67a3a8632b8109e089 - - default default] Added segment 2e8394be-9610-4d3f-ba2a-bb22a462e4a0 of type geneve for network b375bd21-95f3-4f5b-b659-90bf11864bf6
2026-05-19 21:22:57.931 7 INFO neutron.db.ovn_revision_numbers_db [None req-f196abd2-1636-4676-9a2e-fa6bc5310be4 c968e6ec228b49d39e9af29450be469a 6b4a973e82ce4f67a3a8632b8109e089 - - default default] Successfully bumped revision number for resource b375bd21-95f3-4f5b-b659-90bf11864bf6 (type: networks) to 1
2026-05-19 21:22:58.108 7 WARNING neutron.scheduler.dhcp_agent_scheduler [None req-f196abd2-1636-4676-9a2e-fa6bc5310be4 c968e6ec228b49d39e9af29450be469a 6b4a973e82ce4f67a3a8632b8109e089 - - default default] No more DHCP agents
2026-05-19 21:22:58.109 7 WARNING neutron.api.rpc.agentnotifiers.dhcp_rpc_agent_api [None req-f196abd2-1636-4676-9a2e-fa6bc5310be4 c968e6ec228b49d39e9af29450be469a 6b4a973e82ce4f67a3a8632b8109e089 - - default default] Unable to schedule network b375bd21-95f3-4f5b-b659-90bf11864bf6: no agents available; will retry on subsequent port and subnet creation events.
2026-05-19 21:22:58.155 7 INFO neutron.plugins.ml2.drivers.ovn.mech_driver.mech_driver [None req-4caff749-7ec9-4d13-8c29-989cbe6b4ab9 - - - - - -] OVN reports status down for port: 83c587bb-3f5d-43c0-b7e2-fcf256a96a57
2026-05-19 21:22:58.210 7 INFO neutron.db.ovn_revision_numbers_db [None req-f196abd2-1636-4676-9a2e-fa6bc5310be4 c968e6ec228b49d39e9af29450be469a 6b4a973e82ce4f67a3a8632b8109e089 - - default default] Successfully bumped revision number for resource 83c587bb-3f5d-43c0-b7e2-fcf256a96a57 (type: ports) to 1 [pid: 7|app: 0|req: 646/1255] 10.0.0.192 () {34 vars in 670 bytes} [Tue May 19 21:22:57 2026] POST /v2.0/networks => generated 653 bytes in 521 msecs (HTTP/1.1 201) 4 headers in 162 bytes (1 switches on core 0)
2026-05-19 21:22:58.470 8 WARNING neutron.scheduler.dhcp_agent_scheduler [None req-49a08122-d40b-4e1b-bcfa-31c5a6a35df9 c968e6ec228b49d39e9af29450be469a 6b4a973e82ce4f67a3a8632b8109e089 - - default default] No more DHCP agents
2026-05-19 21:22:58.472 8 WARNING neutron.api.rpc.agentnotifiers.dhcp_rpc_agent_api [None req-49a08122-d40b-4e1b-bcfa-31c5a6a35df9 c968e6ec228b49d39e9af29450be469a 6b4a973e82ce4f67a3a8632b8109e089 - - default default] Unable to schedule network e6284f32-427a-4e2b-b207-6e09af6b01fd: no agents available; will retry on subsequent port and subnet creation events.
2026-05-19 21:22:58.513 8 INFO neutron.db.ovn_revision_numbers_db [None req-49a08122-d40b-4e1b-bcfa-31c5a6a35df9 c968e6ec228b49d39e9af29450be469a 6b4a973e82ce4f67a3a8632b8109e089 - - default default] Successfully bumped revision number for resource 0495665b-0f3f-44c4-a602-900a6ad4c74c (type: subnets) to 0 [pid: 8|app: 0|req: 610/1256] 10.0.0.192 () {34 vars in 669 bytes} [Tue May 19 21:22:58 2026] POST /v2.0/subnets => generated 646 bytes in 279 msecs (HTTP/1.1 201) 4 headers in 162 bytes (1 switches on core 0)
2026-05-19 21:22:58.702 7 WARNING neutron.scheduler.dhcp_agent_scheduler [None req-9bc58c1a-8e79-41f2-8d8e-3c182a4148bb c968e6ec228b49d39e9af29450be469a 6b4a973e82ce4f67a3a8632b8109e089 - - default default] No more DHCP agents
2026-05-19 21:22:58.703 7 WARNING neutron.api.rpc.agentnotifiers.dhcp_rpc_agent_api [None req-9bc58c1a-8e79-41f2-8d8e-3c182a4148bb c968e6ec228b49d39e9af29450be469a 6b4a973e82ce4f67a3a8632b8109e089 - - default default] Unable to schedule network b375bd21-95f3-4f5b-b659-90bf11864bf6: no agents available; will retry on subsequent port and subnet creation events.
2026-05-19 21:22:58.722 7 INFO neutron.db.ovn_revision_numbers_db [None req-9bc58c1a-8e79-41f2-8d8e-3c182a4148bb c968e6ec228b49d39e9af29450be469a 6b4a973e82ce4f67a3a8632b8109e089 - - default default] Successfully bumped revision number for resource e46168de-f9d5-4da7-8167-3843e3d487a9 (type: subnets) to 0 [pid: 7|app: 0|req: 647/1257] 10.0.0.192 () {34 vars in 669 bytes} [Tue May 19 21:22:58 2026] POST /v2.0/subnets => generated 655 bytes in 191 msecs (HTTP/1.1 201) 4 headers in 162 bytes (1 switches on core 0)
2026-05-19 21:22:58.832 7 INFO neutron.db.ovn_revision_numbers_db [None req-b7ffc4f5-f298-494c-9ec1-42d21177b2b8 c968e6ec228b49d39e9af29450be469a 6b4a973e82ce4f67a3a8632b8109e089 - - default default] Successfully bumped revision number for resource e0bbb93b-b242-4ad2-80a5-3c1064bfb15d (type: routers) to 1 [pid: 7|app: 0|req: 648/1258] 10.0.0.192 () {34 vars in 669 bytes} [Tue May 19 21:22:58 2026] POST /v2.0/routers => generated 606 bytes in 101 msecs (HTTP/1.1 201) 4 headers in 162 bytes (1 switches on core 0)
2026-05-19 21:22:59.015 8 INFO neutron.db.ovn_revision_numbers_db [None req-345eda45-ebab-4446-bde8-e3c2940487fc cfd0e9c2a01745c6a8961266ab09ab8e 8f5e0b99fd9246aa8bfbfeffb4ec0d24 - - default default] Successfully bumped revision number for resource 9991fb41-a493-4ee2-a03d-b6579917026b (type: security_groups) to 1
2026-05-19 21:22:59.030 8 INFO neutron.db.ovn_revision_numbers_db [None req-345eda45-ebab-4446-bde8-e3c2940487fc cfd0e9c2a01745c6a8961266ab09ab8e 8f5e0b99fd9246aa8bfbfeffb4ec0d24 - - default default] Successfully bumped revision number for resource 52c58736-24c8-401c-aa77-63d01115e84a (type: security_group_rules) to 0
2026-05-19 21:22:59.043 8 INFO neutron.db.ovn_revision_numbers_db [None req-345eda45-ebab-4446-bde8-e3c2940487fc cfd0e9c2a01745c6a8961266ab09ab8e 8f5e0b99fd9246aa8bfbfeffb4ec0d24 - - default default] Successfully bumped revision number for resource 7bc1ee68-869e-4b14-9bc8-b90fe1986157 (type: security_group_rules) to 0
2026-05-19 21:22:59.061 8 INFO neutron.db.ovn_revision_numbers_db [None req-345eda45-ebab-4446-bde8-e3c2940487fc cfd0e9c2a01745c6a8961266ab09ab8e 8f5e0b99fd9246aa8bfbfeffb4ec0d24 - - default default] Successfully bumped revision number for resource a64629eb-c873-4c19-b393-f81955ad1fca (type: security_group_rules) to 0
2026-05-19 21:22:59.076 8 INFO neutron.db.ovn_revision_numbers_db [None req-345eda45-ebab-4446-bde8-e3c2940487fc cfd0e9c2a01745c6a8961266ab09ab8e 8f5e0b99fd9246aa8bfbfeffb4ec0d24 - - default default] Successfully bumped revision number for resource b3c1e97f-4e8b-493f-bd82-b3ab1d0ff265 (type: security_group_rules) to 0 [pid: 8|app: 0|req: 611/1259] 10.0.0.192 () {32 vars in 774 bytes} [Tue May 19 21:22:58 2026] GET /v2.0/security-groups?tenant_id=ac22acf464d44d50bfbac000c5b756e4&name=default => generated 2925 bytes in 453 msecs (HTTP/1.1 200) 4 headers in 158 bytes (1 switches on core 0)
2026-05-19 21:22:59.148 7 WARNING neutron.scheduler.dhcp_agent_scheduler [None req-6671388c-4d80-43ec-b352-1edaffd4f2cd c968e6ec228b49d39e9af29450be469a 6b4a973e82ce4f67a3a8632b8109e089 - - default default] No more DHCP agents
2026-05-19 21:22:59.148 7 WARNING neutron.api.rpc.agentnotifiers.dhcp_rpc_agent_api [None req-6671388c-4d80-43ec-b352-1edaffd4f2cd c968e6ec228b49d39e9af29450be469a 6b4a973e82ce4f67a3a8632b8109e089 - - default default] Unable to schedule network e6284f32-427a-4e2b-b207-6e09af6b01fd: no agents available; will retry on subsequent port and subnet creation events.
2026-05-19 21:22:59.218 7 INFO neutron.plugins.ml2.drivers.ovn.mech_driver.mech_driver [None req-4caff749-7ec9-4d13-8c29-989cbe6b4ab9 - - - - - -] OVN reports status down for port: 9e23db83-7fec-47db-9767-af61b352a28c
2026-05-19 21:22:59.284 7 INFO neutron.db.ovn_revision_numbers_db [None req-6671388c-4d80-43ec-b352-1edaffd4f2cd c968e6ec228b49d39e9af29450be469a 6b4a973e82ce4f67a3a8632b8109e089 - - default default] Successfully bumped revision number for resource 9e23db83-7fec-47db-9767-af61b352a28c (type: ports) to 1
2026-05-19 21:22:59.347 8 INFO neutron.db.ovn_revision_numbers_db [None req-c41fb67e-dbc7-469c-ba91-c046aa0655b6 cfd0e9c2a01745c6a8961266ab09ab8e 8f5e0b99fd9246aa8bfbfeffb4ec0d24 - - default default] Successfully bumped revision number for resource a4b29b8b-bbfa-44f1-a2a2-e77f3297ac2e (type: security_groups) to 1
2026-05-19 21:22:59.359 8 INFO neutron.db.ovn_revision_numbers_db [None req-c41fb67e-dbc7-469c-ba91-c046aa0655b6 cfd0e9c2a01745c6a8961266ab09ab8e 8f5e0b99fd9246aa8bfbfeffb4ec0d24 - - default default] Successfully bumped revision number for resource 4f59ae62-d8e2-495b-bf14-52e9948c7593 (type: security_group_rules) to 0
2026-05-19 21:22:59.370 8 INFO neutron.db.ovn_revision_numbers_db [None req-c41fb67e-dbc7-469c-ba91-c046aa0655b6 cfd0e9c2a01745c6a8961266ab09ab8e 8f5e0b99fd9246aa8bfbfeffb4ec0d24 - - default default] Successfully bumped revision number for resource 7c2d16c4-77fd-4987-9c57-5b3e9482c6a8 (type: security_group_rules) to 0
2026-05-19 21:22:59.382 8 INFO neutron.db.ovn_revision_numbers_db [None req-c41fb67e-dbc7-469c-ba91-c046aa0655b6 cfd0e9c2a01745c6a8961266ab09ab8e 8f5e0b99fd9246aa8bfbfeffb4ec0d24 - - default default] Successfully bumped revision number for resource cca6a2c5-288f-48d5-a16e-3e3e16a43d2a (type: security_group_rules) to 0
2026-05-19 21:22:59.394 8 INFO neutron.db.ovn_revision_numbers_db [None req-c41fb67e-dbc7-469c-ba91-c046aa0655b6 cfd0e9c2a01745c6a8961266ab09ab8e 8f5e0b99fd9246aa8bfbfeffb4ec0d24 - - default default] Successfully bumped revision number for resource fcff2e72-e567-4d8d-9f62-636bd727b4d0 (type: security_group_rules) to 0 [pid: 8|app: 0|req: 612/1260] 10.0.0.192 () {32 vars in 774 bytes} [Tue May 19 21:22:59 2026] GET /v2.0/security-groups?tenant_id=b3ca5e2c25c74042bd72ce52523acf85&name=default => generated 2925 bytes in 310 msecs (HTTP/1.1 200) 4 headers in 158 bytes (1 switches on core 0) [pid: 8|app: 0|req: 613/1261] 10.0.0.192 () {32 vars in 740 bytes} [Tue May 19 21:22:59 2026] DELETE /v2.0/security-groups/9991fb41-a493-4ee2-a03d-b6579917026b => generated 0 bytes in 257 msecs (HTTP/1.1 204) 2 headers in 112 bytes (1 switches on core 0)
2026-05-19 21:22:59.891 7 INFO neutron.plugins.ml2.drivers.ovn.mech_driver.mech_driver [None req-4caff749-7ec9-4d13-8c29-989cbe6b4ab9 - - - - - -] OVN reports status up for port: 9e23db83-7fec-47db-9767-af61b352a28c
2026-05-19 21:22:59.920 7 INFO neutron.plugins.ml2.plugin [None req-4caff749-7ec9-4d13-8c29-989cbe6b4ab9 - - - - - -] Attempt 1 to provision port 9e23db83-7fec-47db-9767-af61b352a28c [pid: 8|app: 0|req: 614/1262] 10.0.0.192 () {32 vars in 740 bytes} [Tue May 19 21:22:59 2026] DELETE /v2.0/security-groups/a4b29b8b-bbfa-44f1-a2a2-e77f3297ac2e => generated 0 bytes in 243 msecs (HTTP/1.1 204) 2 headers in 112 bytes (1 switches on core 0)
2026-05-19 21:23:00.060 8 INFO neutron.db.ovn_revision_numbers_db [None req-d0d225b0-c938-4495-beda-b2c508016bd2 cfd0e9c2a01745c6a8961266ab09ab8e 8f5e0b99fd9246aa8bfbfeffb4ec0d24 - - default default] Successfully bumped revision number for resource 55899d6c-c456-428d-ba68-ca55fcc5fd18 (type: security_groups) to 1
2026-05-19 21:23:00.066 7 WARNING neutron.scheduler.dhcp_agent_scheduler [None req-6671388c-4d80-43ec-b352-1edaffd4f2cd c968e6ec228b49d39e9af29450be469a 6b4a973e82ce4f67a3a8632b8109e089 - - default default] No more DHCP agents
2026-05-19 21:23:00.070 7 WARNING neutron.api.rpc.agentnotifiers.dhcp_rpc_agent_api [None req-6671388c-4d80-43ec-b352-1edaffd4f2cd c968e6ec228b49d39e9af29450be469a 6b4a973e82ce4f67a3a8632b8109e089 - - default default] Unable to schedule network e6284f32-427a-4e2b-b207-6e09af6b01fd: no agents available; will retry on subsequent port and subnet creation events.
2026-05-19 21:23:00.073 8 INFO neutron.db.ovn_revision_numbers_db [None req-d0d225b0-c938-4495-beda-b2c508016bd2 cfd0e9c2a01745c6a8961266ab09ab8e 8f5e0b99fd9246aa8bfbfeffb4ec0d24 - - default default] Successfully bumped revision number for resource 1e0b4a24-5a58-43a5-82f5-0fbcf26e4774 (type: security_group_rules) to 0
2026-05-19 21:23:00.091 8 INFO neutron.db.ovn_revision_numbers_db [None req-d0d225b0-c938-4495-beda-b2c508016bd2 cfd0e9c2a01745c6a8961266ab09ab8e 8f5e0b99fd9246aa8bfbfeffb4ec0d24 - - default default] Successfully bumped revision number for resource 2e46da49-e0bf-4006-bfab-79f1a4b1363e (type: security_group_rules) to 0
2026-05-19 21:23:00.103 8 INFO neutron.db.ovn_revision_numbers_db [None req-d0d225b0-c938-4495-beda-b2c508016bd2 cfd0e9c2a01745c6a8961266ab09ab8e 8f5e0b99fd9246aa8bfbfeffb4ec0d24 - - default default] Successfully bumped revision number for resource 9b28c314-1925-47de-8d76-a0ab7aece8e8 (type: security_group_rules) to 0
2026-05-19 21:23:00.122 8 INFO neutron.db.ovn_revision_numbers_db [None req-d0d225b0-c938-4495-beda-b2c508016bd2 cfd0e9c2a01745c6a8961266ab09ab8e 8f5e0b99fd9246aa8bfbfeffb4ec0d24 - - default default] Successfully bumped revision number for resource d8714bfe-b18d-4b0a-b7d7-01d4666268b3 (type: security_group_rules) to 0 [pid: 8|app: 0|req: 615/1263] 10.0.0.192 () {32 vars in 774 bytes} [Tue May 19 21:22:59 2026] GET /v2.0/security-groups?tenant_id=d212e3f849f8463880574ba11ed53ef3&name=default => generated 2925 bytes in 230 msecs (HTTP/1.1 200) 4 headers in 158 bytes (1 switches on core 0) [pid: 8|app: 0|req: 616/1264] 10.0.0.125 () {34 vars in 990 bytes} [Tue May 19 21:23:00 2026] GET /v2.0/ports?device_id=0610ee5d-cb28-46fa-99cd-199a66d05351 => generated 1213 bytes in 309 msecs (HTTP/1.1 200) 4 headers in 158 bytes (1 switches on core 0)
2026-05-19 21:23:00.515 7 INFO neutron.db.ovn_revision_numbers_db [None req-6671388c-4d80-43ec-b352-1edaffd4f2cd c968e6ec228b49d39e9af29450be469a 6b4a973e82ce4f67a3a8632b8109e089 - - default default] Successfully bumped revision number for resource 9e23db83-7fec-47db-9767-af61b352a28c (type: router_ports) to 1 [pid: 7|app: 0|req: 649/1265] 10.0.0.192 () {34 vars in 783 bytes} [Tue May 19 21:22:58 2026] PUT /v2.0/routers/e0bbb93b-b242-4ad2-80a5-3c1064bfb15d/add_router_interface => generated 309 bytes in 1679 msecs (HTTP/1.1 200) 4 headers in 157 bytes (1 switches on core 0)
2026-05-19 21:23:00.606 8 INFO neutron.db.ovn_revision_numbers_db [None req-2779d48a-899a-4dee-915c-7c3933227a26 cfd0e9c2a01745c6a8961266ab09ab8e 8f5e0b99fd9246aa8bfbfeffb4ec0d24 - - default default] Successfully bumped revision number for resource 26034e1f-565b-431d-bdaf-abcf5575c89a (type: security_groups) to 1
2026-05-19 21:23:00.617 8 INFO neutron.db.ovn_revision_numbers_db [None req-2779d48a-899a-4dee-915c-7c3933227a26 cfd0e9c2a01745c6a8961266ab09ab8e 8f5e0b99fd9246aa8bfbfeffb4ec0d24 - - default default] Successfully bumped revision number for resource 84e78ba4-03da-4450-b8e1-35d6660fe906 (type: security_group_rules) to 0
2026-05-19 21:23:00.627 8 INFO neutron.db.ovn_revision_numbers_db [None req-2779d48a-899a-4dee-915c-7c3933227a26 cfd0e9c2a01745c6a8961266ab09ab8e 8f5e0b99fd9246aa8bfbfeffb4ec0d24 - - default default] Successfully bumped revision number for resource d21593be-bb2c-40c9-b8ad-57f031e88504 (type: security_group_rules) to 0
2026-05-19 21:23:00.639 8 INFO neutron.db.ovn_revision_numbers_db [None req-2779d48a-899a-4dee-915c-7c3933227a26 cfd0e9c2a01745c6a8961266ab09ab8e 8f5e0b99fd9246aa8bfbfeffb4ec0d24 - - default default] Successfully bumped revision number for resource d58592a0-e81d-4c76-bf7e-cf6e716643ae (type: security_group_rules) to 0
2026-05-19 21:23:00.651 8 INFO neutron.db.ovn_revision_numbers_db [None req-2779d48a-899a-4dee-915c-7c3933227a26 cfd0e9c2a01745c6a8961266ab09ab8e 8f5e0b99fd9246aa8bfbfeffb4ec0d24 - - default default] Successfully bumped revision number for resource de9d4da1-1661-42c7-b1f9-3e1430e02540 (type: security_group_rules) to 0 [pid: 8|app: 0|req: 617/1266] 10.0.0.192 () {32 vars in 774 bytes} [Tue May 19 21:23:00 2026] GET /v2.0/security-groups?tenant_id=1c8fbed7feec4080b119ee064cb5b624&name=default => generated 2925 bytes in 215 msecs (HTTP/1.1 200) 4 headers in 158 bytes (1 switches on core 0) [pid: 8|app: 0|req: 618/1267] 10.0.0.125 () {34 vars in 1040 bytes} [Tue May 19 21:23:00 2026] GET /v2.0/security-groups?id=5e9497f4-d183-4a9b-b285-dfe82df3fee5&fields=id&fields=name => generated 114 bytes in 23 msecs (HTTP/1.1 200) 4 headers in 157 bytes (1 switches on core 0)
2026-05-19 21:23:00.730 7 INFO neutron.db.ovn_revision_numbers_db [None req-4caff749-7ec9-4d13-8c29-989cbe6b4ab9 - - - - - -] Successfully bumped revision number for resource 9e23db83-7fec-47db-9767-af61b352a28c (type: ports) to 2 [pid: 8|app: 0|req: 619/1268] 10.0.0.192 () {32 vars in 717 bytes} [Tue May 19 21:23:00 2026] GET /v2.0/ports/9e23db83-7fec-47db-9767-af61b352a28c => generated 947 bytes in 32 msecs (HTTP/1.1 200) 4 headers in 157 bytes (1 switches on core 0) [pid: 7|app: 0|req: 650/1269] 10.0.0.192 () {32 vars in 740 bytes} [Tue May 19 21:23:00 2026] DELETE /v2.0/security-groups/55899d6c-c456-428d-ba68-ca55fcc5fd18 => generated 0 bytes in 392 msecs (HTTP/1.1 204) 2 headers in 112 bytes (1 switches on core 0) [pid: 8|app: 0|req: 620/1270] 10.0.0.192 () {32 vars in 740 bytes} [Tue May 19 21:23:00 2026] DELETE /v2.0/security-groups/26034e1f-565b-431d-bdaf-abcf5575c89a => generated 0 bytes in 230 msecs (HTTP/1.1 204) 2 headers in 112 bytes (1 switches on core 0)
2026-05-19 21:23:01.346 7 WARNING neutron.scheduler.dhcp_agent_scheduler [None req-ba752cd1-b7bf-4da1-88c9-01bea03a7b81 c968e6ec228b49d39e9af29450be469a 6b4a973e82ce4f67a3a8632b8109e089 - - default default] No more DHCP agents
2026-05-19 21:23:01.347 7 WARNING neutron.api.rpc.agentnotifiers.dhcp_rpc_agent_api [None req-ba752cd1-b7bf-4da1-88c9-01bea03a7b81 c968e6ec228b49d39e9af29450be469a 6b4a973e82ce4f67a3a8632b8109e089 - - default default] Unable to schedule network b375bd21-95f3-4f5b-b659-90bf11864bf6: no agents available; will retry on subsequent port and subnet creation events.
2026-05-19 21:23:01.444 7 INFO neutron.db.ovn_revision_numbers_db [None req-ba752cd1-b7bf-4da1-88c9-01bea03a7b81 c968e6ec228b49d39e9af29450be469a 6b4a973e82ce4f67a3a8632b8109e089 - - default default] Successfully bumped revision number for resource a6edf815-5099-43bd-bcc0-346e824a4019 (type: ports) to 1
2026-05-19 21:23:02.142 7 WARNING neutron.scheduler.dhcp_agent_scheduler [None req-ba752cd1-b7bf-4da1-88c9-01bea03a7b81 c968e6ec228b49d39e9af29450be469a 6b4a973e82ce4f67a3a8632b8109e089 - - default default] No more DHCP agents
2026-05-19 21:23:02.143 7 WARNING neutron.api.rpc.agentnotifiers.dhcp_rpc_agent_api [None req-ba752cd1-b7bf-4da1-88c9-01bea03a7b81 c968e6ec228b49d39e9af29450be469a 6b4a973e82ce4f67a3a8632b8109e089 - - default default] Unable to schedule network b375bd21-95f3-4f5b-b659-90bf11864bf6: no agents available; will retry on subsequent port and subnet creation events.
