2026-05-19 21:23:09.555 7 INFO neutron.db.ovn_revision_numbers_db [None req-cd050572-3565-4487-a0ca-b75dd543fded 391e8dbd6ef54f3ab8f7c1cea0e32b53 ca07a0c12dc642318b86e765e928b7b4 - - default default] Successfully bumped revision number for resource 2539dab7-c39e-4c47-af52-6006c6d8737f (type: networks) to 1 [pid: 8|app: 0|req: 693/1417] 10.0.0.192 () {32 vars in 724 bytes} [Tue May 19 21:23:09 2026] DELETE /v2.0/subnets/e46168de-f9d5-4da7-8167-3843e3d487a9 => generated 0 bytes in 176 msecs (HTTP/1.1 204) 3 headers in 131 bytes (1 switches on core 0)
2026-05-19 21:23:09.733 7 WARNING neutron.scheduler.dhcp_agent_scheduler [None req-cd050572-3565-4487-a0ca-b75dd543fded 391e8dbd6ef54f3ab8f7c1cea0e32b53 ca07a0c12dc642318b86e765e928b7b4 - - default default] No more DHCP agents
2026-05-19 21:23:09.734 7 WARNING neutron.api.rpc.agentnotifiers.dhcp_rpc_agent_api [None req-cd050572-3565-4487-a0ca-b75dd543fded 391e8dbd6ef54f3ab8f7c1cea0e32b53 ca07a0c12dc642318b86e765e928b7b4 - - default default] Unable to schedule network 2539dab7-c39e-4c47-af52-6006c6d8737f: no agents available; will retry on subsequent port and subnet creation events.
2026-05-19 21:23:09.794 8 INFO neutron.plugins.ml2.drivers.ovn.mech_driver.mech_driver [None req-da448ebd-66bc-48e6-86b1-8e70325da4df - - - - - -] OVN reports status down for port: 2fc98be6-2842-4d63-ac04-3090c8123168
2026-05-19 21:23:09.864 7 INFO neutron.db.ovn_revision_numbers_db [None req-cd050572-3565-4487-a0ca-b75dd543fded 391e8dbd6ef54f3ab8f7c1cea0e32b53 ca07a0c12dc642318b86e765e928b7b4 - - default default] Successfully bumped revision number for resource 2fc98be6-2842-4d63-ac04-3090c8123168 (type: ports) to 1 [pid: 7|app: 0|req: 725/1418] 10.0.0.192 () {34 vars in 670 bytes} [Tue May 19 21:23:09 2026] POST /v2.0/networks => generated 673 bytes in 540 msecs (HTTP/1.1 201) 4 headers in 162 bytes (1 switches on core 0) [pid: 8|app: 0|req: 694/1419] 10.0.0.192 () {32 vars in 724 bytes} [Tue May 19 21:23:09 2026] DELETE /v2.0/subnets/0495665b-0f3f-44c4-a602-900a6ad4c74c => generated 0 bytes in 246 msecs (HTTP/1.1 204) 3 headers in 131 bytes (1 switches on core 0) [pid: 7|app: 0|req: 726/1420] 10.0.0.82 () {34 vars in 989 bytes} [Tue May 19 21:23:09 2026] GET /v2.0/ports?device_id=0610ee5d-cb28-46fa-99cd-199a66d05351 => generated 975 bytes in 84 msecs (HTTP/1.1 200) 4 headers in 157 bytes (1 switches on core 0)
2026-05-19 21:23:10.066 7 INFO neutron.db.segments_db [None req-11fbc84e-42a4-4355-83e5-8d47378c564e 391e8dbd6ef54f3ab8f7c1cea0e32b53 ca07a0c12dc642318b86e765e928b7b4 - - default default] Added segment 4537e85f-756d-469c-bb8f-3cb15248a756 of type geneve for network ec294573-4d56-4840-b3b0-935c0dca7eff
2026-05-19 21:23:10.190 7 INFO neutron.db.ovn_revision_numbers_db [None req-11fbc84e-42a4-4355-83e5-8d47378c564e 391e8dbd6ef54f3ab8f7c1cea0e32b53 ca07a0c12dc642318b86e765e928b7b4 - - default default] Successfully bumped revision number for resource ec294573-4d56-4840-b3b0-935c0dca7eff (type: networks) to 1
2026-05-19 21:23:10.267 8 INFO neutron.db.ovn_revision_numbers_db [None req-cd4a03ba-417a-4d1d-802f-5322ccd96791 29a8c9ce3e3e4619a3f9a4caec32a534 089cb274a0f04208a70f48b2f31704dd - - default default] Successfully bumped revision number for resource 9a9722d9-f1e0-49fb-bc22-238415f0dd0e (type: security_groups) to 1
2026-05-19 21:23:10.279 8 INFO neutron.db.ovn_revision_numbers_db [None req-cd4a03ba-417a-4d1d-802f-5322ccd96791 29a8c9ce3e3e4619a3f9a4caec32a534 089cb274a0f04208a70f48b2f31704dd - - default default] Successfully bumped revision number for resource 098d8d9c-d371-4279-bcba-63ec2f24a86b (type: security_group_rules) to 0
2026-05-19 21:23:10.293 8 INFO neutron.db.ovn_revision_numbers_db [None req-cd4a03ba-417a-4d1d-802f-5322ccd96791 29a8c9ce3e3e4619a3f9a4caec32a534 089cb274a0f04208a70f48b2f31704dd - - default default] Successfully bumped revision number for resource df592e5b-54db-4711-87f9-fc294e421263 (type: security_group_rules) to 0
2026-05-19 21:23:10.306 8 INFO neutron.db.ovn_revision_numbers_db [None req-cd4a03ba-417a-4d1d-802f-5322ccd96791 29a8c9ce3e3e4619a3f9a4caec32a534 089cb274a0f04208a70f48b2f31704dd - - default default] Successfully bumped revision number for resource dfc1c9df-9874-4e40-be46-dcdcd56305f7 (type: security_group_rules) to 0
2026-05-19 21:23:10.321 8 INFO neutron.db.ovn_revision_numbers_db [None req-cd4a03ba-417a-4d1d-802f-5322ccd96791 29a8c9ce3e3e4619a3f9a4caec32a534 089cb274a0f04208a70f48b2f31704dd - - default default] Successfully bumped revision number for resource e8cd17b9-f5ea-42a3-8b9b-9310c95196ee (type: security_group_rules) to 0
2026-05-19 21:23:10.362 7 WARNING neutron.scheduler.dhcp_agent_scheduler [None req-11fbc84e-42a4-4355-83e5-8d47378c564e 391e8dbd6ef54f3ab8f7c1cea0e32b53 ca07a0c12dc642318b86e765e928b7b4 - - default default] No more DHCP agents
2026-05-19 21:23:10.364 7 WARNING neutron.api.rpc.agentnotifiers.dhcp_rpc_agent_api [None req-11fbc84e-42a4-4355-83e5-8d47378c564e 391e8dbd6ef54f3ab8f7c1cea0e32b53 ca07a0c12dc642318b86e765e928b7b4 - - default default] Unable to schedule network ec294573-4d56-4840-b3b0-935c0dca7eff: no agents available; will retry on subsequent port and subnet creation events.
2026-05-19 21:23:10.406 8 INFO neutron.db.segments_db [None req-cd4a03ba-417a-4d1d-802f-5322ccd96791 29a8c9ce3e3e4619a3f9a4caec32a534 089cb274a0f04208a70f48b2f31704dd - - default default] Added segment 93d5fb97-68ef-41e0-8667-9788178adf1f of type geneve for network 0ce3c43e-5be1-4bde-942e-dd7af672fcdf
2026-05-19 21:23:10.447 7 INFO neutron.db.ovn_revision_numbers_db [None req-11fbc84e-42a4-4355-83e5-8d47378c564e 391e8dbd6ef54f3ab8f7c1cea0e32b53 ca07a0c12dc642318b86e765e928b7b4 - - default default] Successfully bumped revision number for resource b287a2d6-0ff0-492b-bb78-2fb49400f3a5 (type: ports) to 1
2026-05-19 21:23:10.462 8 INFO neutron.plugins.ml2.drivers.ovn.mech_driver.mech_driver [None req-da448ebd-66bc-48e6-86b1-8e70325da4df - - - - - -] OVN reports status down for port: b287a2d6-0ff0-492b-bb78-2fb49400f3a5 [pid: 7|app: 0|req: 727/1421] 10.0.0.192 () {34 vars in 670 bytes} [Tue May 19 21:23:09 2026] POST /v2.0/networks => generated 671 bytes in 510 msecs (HTTP/1.1 201) 4 headers in 162 bytes (1 switches on core 0)
2026-05-19 21:23:10.600 7 INFO neutron_taas.services.taas.taas_plugin [None req-c466e9da-d731-4813-948d-66e296fccfb2 c968e6ec228b49d39e9af29450be469a 6b4a973e82ce4f67a3a8632b8109e089 - - default default] TaaS: Handle Delete Port: 83c587bb-3f5d-43c0-b7e2-fcf256a96a57
2026-05-19 21:23:10.603 7 INFO neutron_taas.services.taas.tap_mirror_plugin [None req-c466e9da-d731-4813-948d-66e296fccfb2 c968e6ec228b49d39e9af29450be469a 6b4a973e82ce4f67a3a8632b8109e089 - - default default] Tap Mirror: Handle Delete Port: 83c587bb-3f5d-43c0-b7e2-fcf256a96a57
2026-05-19 21:23:10.610 8 INFO neutron.db.ovn_revision_numbers_db [None req-cd4a03ba-417a-4d1d-802f-5322ccd96791 29a8c9ce3e3e4619a3f9a4caec32a534 089cb274a0f04208a70f48b2f31704dd - - default default] Successfully bumped revision number for resource 0ce3c43e-5be1-4bde-942e-dd7af672fcdf (type: networks) to 1 [pid: 7|app: 0|req: 728/1422] 10.0.0.192 () {32 vars in 726 bytes} [Tue May 19 21:23:10 2026] DELETE /v2.0/networks/b375bd21-95f3-4f5b-b659-90bf11864bf6 => generated 0 bytes in 326 msecs (HTTP/1.1 204) 3 headers in 131 bytes (1 switches on core 0)
2026-05-19 21:23:10.810 8 WARNING neutron.scheduler.dhcp_agent_scheduler [None req-cd4a03ba-417a-4d1d-802f-5322ccd96791 29a8c9ce3e3e4619a3f9a4caec32a534 089cb274a0f04208a70f48b2f31704dd - - default default] No more DHCP agents
2026-05-19 21:23:10.812 8 WARNING neutron.api.rpc.agentnotifiers.dhcp_rpc_agent_api [None req-cd4a03ba-417a-4d1d-802f-5322ccd96791 29a8c9ce3e3e4619a3f9a4caec32a534 089cb274a0f04208a70f48b2f31704dd - - default default] Unable to schedule network 0ce3c43e-5be1-4bde-942e-dd7af672fcdf: no agents available; will retry on subsequent port and subnet creation events. [pid: 7|app: 0|req: 729/1423] 10.0.0.82 () {34 vars in 1039 bytes} [Tue May 19 21:23:10 2026] GET /v2.0/security-groups?id=5e9497f4-d183-4a9b-b285-dfe82df3fee5&fields=id&fields=name => generated 114 bytes in 28 msecs (HTTP/1.1 200) 4 headers in 157 bytes (1 switches on core 0)
2026-05-19 21:23:10.861 8 INFO neutron.plugins.ml2.drivers.ovn.mech_driver.mech_driver [None req-da448ebd-66bc-48e6-86b1-8e70325da4df - - - - - -] OVN reports status down for port: d75346ab-bcc0-42e6-935f-e7297eabe083
2026-05-19 21:23:10.937 8 INFO neutron.db.ovn_revision_numbers_db [None req-cd4a03ba-417a-4d1d-802f-5322ccd96791 29a8c9ce3e3e4619a3f9a4caec32a534 089cb274a0f04208a70f48b2f31704dd - - default default] Successfully bumped revision number for resource d75346ab-bcc0-42e6-935f-e7297eabe083 (type: ports) to 1
2026-05-19 21:23:10.953 7 INFO neutron.services.segments.plugin [-] Segment ed3f35eb-3dce-4153-bae8-ed093cf4c871 resource provider aggregate not found
2026-05-19 21:23:10.969 7 INFO neutron.services.segments.plugin [-] Segment ed3f35eb-3dce-4153-bae8-ed093cf4c871 resource provider aggregate not found
2026-05-19 21:23:10.986 7 INFO neutron.services.segments.plugin [-] Segment ed3f35eb-3dce-4153-bae8-ed093cf4c871 resource provider not found; error: Placement Client Error (4xx): {"errors": [{"status": 404, "title": "Not Found", "detail": "The resource could not be found.\n\n No resource provider with uuid ed3f35eb-3dce-4153-bae8-ed093cf4c871 found for delete ", "request_id": "req-8da1c503-02c2-4137-9313-5d92193595a4"}]} [pid: 8|app: 0|req: 695/1424] 10.0.0.192 () {34 vars in 670 bytes} [Tue May 19 21:23:09 2026] POST /v2.0/networks => generated 663 bytes in 1095 msecs (HTTP/1.1 201) 4 headers in 162 bytes (1 switches on core 0)
2026-05-19 21:23:10.993 7 INFO neutron.services.segments.plugin [-] Segment ed3f35eb-3dce-4153-bae8-ed093cf4c871 resource provider not found; error: Placement Client Error (4xx): {"errors": [{"status": 404, "title": "Not Found", "detail": "The resource could not be found.\n\n No resource provider with uuid ed3f35eb-3dce-4153-bae8-ed093cf4c871 found for delete ", "request_id": "req-a0233c52-f22f-49b3-9846-97a71ede62dc"}]}
2026-05-19 21:23:11.003 7 INFO neutron.services.segments.plugin [-] Segment 2e8394be-9610-4d3f-ba2a-bb22a462e4a0 resource provider aggregate not found
2026-05-19 21:23:11.012 7 INFO neutron.services.segments.plugin [-] Segment 2e8394be-9610-4d3f-ba2a-bb22a462e4a0 resource provider aggregate not found
2026-05-19 21:23:11.036 7 INFO neutron.services.segments.plugin [-] Segment 2e8394be-9610-4d3f-ba2a-bb22a462e4a0 resource provider not found; error: Placement Client Error (4xx): {"errors": [{"status": 404, "title": "Not Found", "detail": "The resource could not be found.\n\n No resource provider with uuid 2e8394be-9610-4d3f-ba2a-bb22a462e4a0 found for delete ", "request_id": "req-2309f3e6-c96d-48d2-aeef-b08d260bd074"}]}
2026-05-19 21:23:11.037 7 INFO neutron.services.segments.plugin [-] Segment 2e8394be-9610-4d3f-ba2a-bb22a462e4a0 resource provider not found; error: Placement Client Error (4xx): {"errors": [{"status": 404, "title": "Not Found", "detail": "The resource could not be found.\n\n No resource provider with uuid 2e8394be-9610-4d3f-ba2a-bb22a462e4a0 found for delete ", "request_id": "req-8f74d0e2-581c-4cb8-8057-98de3a3f290b"}]}
2026-05-19 21:23:11.121 8 INFO neutron_taas.services.taas.taas_plugin [None req-1939d7ca-612d-49e4-b8e5-a14eccd9d2f3 c968e6ec228b49d39e9af29450be469a 6b4a973e82ce4f67a3a8632b8109e089 - - default default] TaaS: Handle Delete Port: 29431133-bcb2-4f94-a5ed-cdf1fc8fd217
2026-05-19 21:23:11.123 8 INFO neutron_taas.services.taas.tap_mirror_plugin [None req-1939d7ca-612d-49e4-b8e5-a14eccd9d2f3 c968e6ec228b49d39e9af29450be469a 6b4a973e82ce4f67a3a8632b8109e089 - - default default] Tap Mirror: Handle Delete Port: 29431133-bcb2-4f94-a5ed-cdf1fc8fd217
2026-05-19 21:23:11.305 8 INFO neutron.services.segments.plugin [-] Segment 0f47bc13-5081-47b3-b459-2625d3472a5b resource provider aggregate not found
2026-05-19 21:23:11.309 8 INFO neutron.services.segments.plugin [-] Segment 0f47bc13-5081-47b3-b459-2625d3472a5b resource provider aggregate not found
2026-05-19 21:23:11.331 8 INFO neutron.services.segments.plugin [-] Segment 0f47bc13-5081-47b3-b459-2625d3472a5b resource provider not found; error: Placement Client Error (4xx): {"errors": [{"status": 404, "title": "Not Found", "detail": "The resource could not be found.\n\n No resource provider with uuid 0f47bc13-5081-47b3-b459-2625d3472a5b found for delete ", "request_id": "req-9d96bd00-8d3b-437e-80f2-964f6d9f0351"}]}
2026-05-19 21:23:11.331 8 INFO neutron.services.segments.plugin [-] Segment 0f47bc13-5081-47b3-b459-2625d3472a5b resource provider not found; error: Placement Client Error (4xx): {"errors": [{"status": 404, "title": "Not Found", "detail": "The resource could not be found.\n\n No resource provider with uuid 0f47bc13-5081-47b3-b459-2625d3472a5b found for delete ", "request_id": "req-0a6133cd-b8ca-4492-82e1-d1ecd76ecb09"}]}
2026-05-19 21:23:11.352 7 WARNING neutron.scheduler.dhcp_agent_scheduler [None req-070cd599-8bb5-47a2-8a8a-b9a33db8a494 391e8dbd6ef54f3ab8f7c1cea0e32b53 ca07a0c12dc642318b86e765e928b7b4 - - default default] No more DHCP agents
2026-05-19 21:23:11.353 7 WARNING neutron.api.rpc.agentnotifiers.dhcp_rpc_agent_api [None req-070cd599-8bb5-47a2-8a8a-b9a33db8a494 391e8dbd6ef54f3ab8f7c1cea0e32b53 ca07a0c12dc642318b86e765e928b7b4 - - default default] Unable to schedule network 2539dab7-c39e-4c47-af52-6006c6d8737f: no agents available; will retry on subsequent port and subnet creation events. [pid: 8|app: 0|req: 696/1425] 10.0.0.192 () {32 vars in 726 bytes} [Tue May 19 21:23:10 2026] DELETE /v2.0/networks/e6284f32-427a-4e2b-b207-6e09af6b01fd => generated 0 bytes in 365 msecs (HTTP/1.1 204) 3 headers in 131 bytes (1 switches on core 0)
2026-05-19 21:23:11.421 8 INFO neutron.plugins.ml2.drivers.ovn.mech_driver.mech_driver [None req-da448ebd-66bc-48e6-86b1-8e70325da4df - - - - - -] OVN reports status down for port: 0103a3ba-b6fa-4896-b6a1-ff69bac1c9e7
2026-05-19 21:23:11.449 7 INFO neutron.db.ovn_revision_numbers_db [None req-070cd599-8bb5-47a2-8a8a-b9a33db8a494 391e8dbd6ef54f3ab8f7c1cea0e32b53 ca07a0c12dc642318b86e765e928b7b4 - - default default] Successfully bumped revision number for resource 0103a3ba-b6fa-4896-b6a1-ff69bac1c9e7 (type: ports) to 1
2026-05-19 21:23:11.494 7 WARNING neutron.scheduler.dhcp_agent_scheduler [None req-070cd599-8bb5-47a2-8a8a-b9a33db8a494 391e8dbd6ef54f3ab8f7c1cea0e32b53 ca07a0c12dc642318b86e765e928b7b4 - - default default] No more DHCP agents
2026-05-19 21:23:11.496 7 WARNING neutron.api.rpc.agentnotifiers.dhcp_rpc_agent_api [None req-070cd599-8bb5-47a2-8a8a-b9a33db8a494 391e8dbd6ef54f3ab8f7c1cea0e32b53 ca07a0c12dc642318b86e765e928b7b4 - - default default] Unable to schedule network ec294573-4d56-4840-b3b0-935c0dca7eff: no agents available; will retry on subsequent port and subnet creation events.
2026-05-19 21:23:11.582 7 INFO neutron.db.ovn_revision_numbers_db [None req-070cd599-8bb5-47a2-8a8a-b9a33db8a494 391e8dbd6ef54f3ab8f7c1cea0e32b53 ca07a0c12dc642318b86e765e928b7b4 - - default default] Successfully bumped revision number for resource 56ee4b67-5113-4ea3-b954-41d5c7ed6ea8 (type: ports) to 1
2026-05-19 21:23:11.635 8 INFO neutron.plugins.ml2.drivers.ovn.mech_driver.mech_driver [None req-da448ebd-66bc-48e6-86b1-8e70325da4df - - - - - -] OVN reports status down for port: 56ee4b67-5113-4ea3-b954-41d5c7ed6ea8 [pid: 7|app: 0|req: 730/1426] 10.0.0.192 () {34 vars in 665 bytes} [Tue May 19 21:23:10 2026] POST /v2.0/ports => generated 1506 bytes in 852 msecs (HTTP/1.1 201) 4 headers in 163 bytes (1 switches on core 0) /var/lib/openstack/lib/python3.12/site-packages/pycadf/identifier.py:70: UserWarning: Invalid uuid: neutron. To ensure interoperability, identifiers should be a valid uuid. warnings.warn(('Invalid uuid: %s. To ensure interoperability, '
2026-05-19 21:23:11.706 8 WARNING neutron.scheduler.dhcp_agent_scheduler [None req-e36d6e41-d13f-4823-a9af-4adfa13343f6 29a8c9ce3e3e4619a3f9a4caec32a534 089cb274a0f04208a70f48b2f31704dd - - default default] No more DHCP agents
2026-05-19 21:23:11.709 8 WARNING neutron.api.rpc.agentnotifiers.dhcp_rpc_agent_api [None req-e36d6e41-d13f-4823-a9af-4adfa13343f6 29a8c9ce3e3e4619a3f9a4caec32a534 089cb274a0f04208a70f48b2f31704dd - - default default] Unable to schedule network 0ce3c43e-5be1-4bde-942e-dd7af672fcdf: no agents available; will retry on subsequent port and subnet creation events.
2026-05-19 21:23:11.780 7 INFO neutron.db.segments_db [None req-8982cfb5-8977-4953-9d6e-ae6aa73e6b32 c968e6ec228b49d39e9af29450be469a 6b4a973e82ce4f67a3a8632b8109e089 - - default default] Added segment a5e6dfaa-a3c2-4e06-9ccd-5f45c3862c77 of type geneve for network 06e295f4-e84a-4369-a41f-a112bf92c55a
2026-05-19 21:23:11.896 7 INFO neutron.db.ovn_revision_numbers_db [None req-8982cfb5-8977-4953-9d6e-ae6aa73e6b32 c968e6ec228b49d39e9af29450be469a 6b4a973e82ce4f67a3a8632b8109e089 - - default default] Successfully bumped revision number for resource 06e295f4-e84a-4369-a41f-a112bf92c55a (type: networks) to 1
2026-05-19 21:23:11.984 7 WARNING neutron.plugins.ml2.drivers.ovn.mech_driver.ovsdb.ovn_client [None req-a39cda68-edd9-486a-9a28-788b545b5a7a - - - - - -] No port found with ID a6edf815-5099-43bd-bcc0-346e824a4019: RuntimeError: No port found with ID a6edf815-5099-43bd-bcc0-346e824a4019
2026-05-19 21:23:12.020 7 INFO neutron.plugins.ml2.drivers.ovn.mech_driver.mech_driver [None req-a39cda68-edd9-486a-9a28-788b545b5a7a - - - - - -] OVN reports status down for port: 92c8db50-1a64-4941-9bca-cfa01bcb043f
2026-05-19 21:23:12.038 7 INFO neutron.plugins.ml2.drivers.ovn.mech_driver.mech_driver [None req-a39cda68-edd9-486a-9a28-788b545b5a7a - - - - - -] OVN reports status down for port: 01a50315-98f2-46fa-8f2d-1ff159076f34
2026-05-19 21:23:12.050 7 INFO neutron.plugins.ml2.drivers.ovn.mech_driver.mech_driver [None req-a39cda68-edd9-486a-9a28-788b545b5a7a - - - - - -] OVN reports status down for port: c429cbc7-c955-4375-aec5-0f2f4232e34a
2026-05-19 21:23:12.176 7 WARNING neutron.scheduler.dhcp_agent_scheduler [None req-8982cfb5-8977-4953-9d6e-ae6aa73e6b32 c968e6ec228b49d39e9af29450be469a 6b4a973e82ce4f67a3a8632b8109e089 - - default default] No more DHCP agents
2026-05-19 21:23:12.179 7 WARNING neutron.api.rpc.agentnotifiers.dhcp_rpc_agent_api [None req-8982cfb5-8977-4953-9d6e-ae6aa73e6b32 c968e6ec228b49d39e9af29450be469a 6b4a973e82ce4f67a3a8632b8109e089 - - default default] Unable to schedule network 06e295f4-e84a-4369-a41f-a112bf92c55a: no agents available; will retry on subsequent port and subnet creation events.
2026-05-19 21:23:12.202 8 INFO neutron.db.ovn_revision_numbers_db [None req-89794bf3-b06a-4235-b58b-842c497173d8 - - - - - -] Successfully bumped revision number for resource d75346ab-bcc0-42e6-935f-e7297eabe083 (type: ports) to 2
2026-05-19 21:23:12.254 8 INFO neutron.db.ovn_revision_numbers_db [None req-89794bf3-b06a-4235-b58b-842c497173d8 - - - - - -] Successfully bumped revision number for resource 800a758a-f71e-40bf-b247-cbe090d3f44f (type: subnets) to 0
2026-05-19 21:23:12.291 7 INFO neutron.notifiers.nova [-] Nova event matching ['req-77992d01-90be-4513-b7b8-1009fcb00110'] response: {'server_uuid': '0610ee5d-cb28-46fa-99cd-199a66d05351', 'name': 'network-vif-unplugged', 'status': 'completed', 'tag': 'c429cbc7-c955-4375-aec5-0f2f4232e34a', 'code': 200}
2026-05-19 21:23:12.293 8 INFO neutron.plugins.ml2.drivers.ovn.mech_driver.mech_driver [None req-da448ebd-66bc-48e6-86b1-8e70325da4df - - - - - -] OVN reports status down for port: 46a62cc8-6591-4195-acea-2d39474ca97b [pid: 8|app: 0|req: 697/1427] 10.0.0.192 () {34 vars in 669 bytes} [Tue May 19 21:23:11 2026] POST /v2.0/subnets => generated 641 bytes in 944 msecs (HTTP/1.1 201) 4 headers in 162 bytes (1 switches on core 0)
2026-05-19 21:23:12.316 7 INFO neutron.db.ovn_revision_numbers_db [None req-8982cfb5-8977-4953-9d6e-ae6aa73e6b32 c968e6ec228b49d39e9af29450be469a 6b4a973e82ce4f67a3a8632b8109e089 - - default default] Successfully bumped revision number for resource 46a62cc8-6591-4195-acea-2d39474ca97b (type: ports) to 1 [pid: 7|app: 0|req: 731/1428] 10.0.0.192 () {34 vars in 670 bytes} [Tue May 19 21:23:11 2026] POST /v2.0/networks => generated 652 bytes in 681 msecs (HTTP/1.1 201) 4 headers in 162 bytes (1 switches on core 0) [pid: 7|app: 0|req: 732/1429] 10.0.0.82 () {34 vars in 989 bytes} [Tue May 19 21:23:12 2026] GET /v2.0/ports?device_id=0610ee5d-cb28-46fa-99cd-199a66d05351 => generated 973 bytes in 65 msecs (HTTP/1.1 200) 4 headers in 157 bytes (1 switches on core 0) [pid: 8|app: 0|req: 698/1430] 10.0.0.192 () {32 vars in 643 bytes} [Tue May 19 21:23:12 2026] GET /v2.0/ports => generated 3018 bytes in 199 msecs (HTTP/1.1 200) 4 headers in 158 bytes (1 switches on core 0)
2026-05-19 21:23:12.509 7 INFO neutron.db.ovn_revision_numbers_db [None req-a39cda68-edd9-486a-9a28-788b545b5a7a - - - - - -] Successfully bumped revision number for resource c429cbc7-c955-4375-aec5-0f2f4232e34a (type: ports) to 6
2026-05-19 21:23:12.596 8 INFO neutron.db.segments_db [None req-9025ce96-f1e0-4277-9dde-2d75de6e2256 29a8c9ce3e3e4619a3f9a4caec32a534 089cb274a0f04208a70f48b2f31704dd - - default default] Added segment 16f0c919-ffc3-4e96-84ba-cb6874e51da2 of type geneve for network f1fb29e5-4f7f-4676-8e65-144a7daaa8f7 [pid: 7|app: 0|req: 733/1431] 10.0.0.243 () {28 vars in 583 bytes} [Tue May 19 21:23:12 2026] GET /v2.0/routers => generated 978 bytes in 169 msecs (HTTP/1.1 200) 4 headers in 157 bytes (1 switches on core 0) /var/lib/openstack/lib/python3.12/site-packages/pycadf/identifier.py:70: UserWarning: Invalid uuid: neutron. To ensure interoperability, identifiers should be a valid uuid. warnings.warn(('Invalid uuid: %s. To ensure interoperability, '
2026-05-19 21:23:12.718 8 INFO neutron.db.ovn_revision_numbers_db [None req-9025ce96-f1e0-4277-9dde-2d75de6e2256 29a8c9ce3e3e4619a3f9a4caec32a534 089cb274a0f04208a70f48b2f31704dd - - default default] Successfully bumped revision number for resource f1fb29e5-4f7f-4676-8e65-144a7daaa8f7 (type: networks) to 1
2026-05-19 21:23:12.832 7 WARNING neutron.scheduler.dhcp_agent_scheduler [None req-dcabb991-c6b7-45cb-939a-0ca270cb53a4 c968e6ec228b49d39e9af29450be469a 6b4a973e82ce4f67a3a8632b8109e089 - - default default] No more DHCP agents
2026-05-19 21:23:12.833 7 WARNING neutron.api.rpc.agentnotifiers.dhcp_rpc_agent_api [None req-dcabb991-c6b7-45cb-939a-0ca270cb53a4 c968e6ec228b49d39e9af29450be469a 6b4a973e82ce4f67a3a8632b8109e089 - - default default] Unable to schedule network 06e295f4-e84a-4369-a41f-a112bf92c55a: no agents available; will retry on subsequent port and subnet creation events.
2026-05-19 21:23:12.882 8 WARNING neutron.scheduler.dhcp_agent_scheduler [None req-9025ce96-f1e0-4277-9dde-2d75de6e2256 29a8c9ce3e3e4619a3f9a4caec32a534 089cb274a0f04208a70f48b2f31704dd - - default default] No more DHCP agents
2026-05-19 21:23:12.884 8 WARNING neutron.api.rpc.agentnotifiers.dhcp_rpc_agent_api [None req-9025ce96-f1e0-4277-9dde-2d75de6e2256 29a8c9ce3e3e4619a3f9a4caec32a534 089cb274a0f04208a70f48b2f31704dd - - default default] Unable to schedule network f1fb29e5-4f7f-4676-8e65-144a7daaa8f7: no agents available; will retry on subsequent port and subnet creation events.
2026-05-19 21:23:12.884 7 INFO neutron.db.ovn_revision_numbers_db [None req-dcabb991-c6b7-45cb-939a-0ca270cb53a4 c968e6ec228b49d39e9af29450be469a 6b4a973e82ce4f67a3a8632b8109e089 - - default default] Successfully bumped revision number for resource 8705f470-1deb-462c-8cd2-357751385bbf (type: subnets) to 0 [pid: 7|app: 0|req: 734/1432] 10.0.0.192 () {34 vars in 669 bytes} [Tue May 19 21:23:12 2026] POST /v2.0/subnets => generated 646 bytes in 300 msecs (HTTP/1.1 201) 4 headers in 162 bytes (1 switches on core 0)
2026-05-19 21:23:12.937 7 INFO neutron.plugins.ml2.drivers.ovn.mech_driver.mech_driver [None req-99006960-abc3-4cd6-90bd-a7195c1ec0fa - - - - - -] OVN reports status down for port: 9f23b1cf-30f5-49d8-a261-06dc0fb72199
2026-05-19 21:23:12.964 8 INFO neutron.db.ovn_revision_numbers_db [None req-9025ce96-f1e0-4277-9dde-2d75de6e2256 29a8c9ce3e3e4619a3f9a4caec32a534 089cb274a0f04208a70f48b2f31704dd - - default default] Successfully bumped revision number for resource 9f23b1cf-30f5-49d8-a261-06dc0fb72199 (type: ports) to 1 [pid: 8|app: 0|req: 699/1433] 10.0.0.192 () {34 vars in 670 bytes} [Tue May 19 21:23:12 2026] POST /v2.0/networks => generated 662 bytes in 483 msecs (HTTP/1.1 201) 4 headers in 162 bytes (1 switches on core 0) [pid: 7|app: 0|req: 735/1434] 10.0.0.82 () {34 vars in 1039 bytes} [Tue May 19 21:23:12 2026] GET /v2.0/security-groups?id=5e9497f4-d183-4a9b-b285-dfe82df3fee5&fields=id&fields=name => generated 114 bytes in 89 msecs (HTTP/1.1 200) 4 headers in 157 bytes (1 switches on core 0) [pid: 7|app: 0|req: 736/1435] 10.0.0.243 () {28 vars in 624 bytes} [Tue May 19 21:23:12 2026] GET /v2.0/agents?binary=ovn-controller => generated 416 bytes in 50 msecs (HTTP/1.1 200) 4 headers in 157 bytes (1 switches on core 0)
2026-05-19 21:23:13.115 8 INFO neutron_taas.services.taas.taas_plugin [None req-3e609723-3943-4d29-86fa-a8b14f898c7a 391e8dbd6ef54f3ab8f7c1cea0e32b53 ca07a0c12dc642318b86e765e928b7b4 - - default default] TaaS: Handle Delete Port: 0103a3ba-b6fa-4896-b6a1-ff69bac1c9e7
2026-05-19 21:23:13.118 8 INFO neutron_taas.services.taas.tap_mirror_plugin [None req-3e609723-3943-4d29-86fa-a8b14f898c7a 391e8dbd6ef54f3ab8f7c1cea0e32b53 ca07a0c12dc642318b86e765e928b7b4 - - default default] Tap Mirror: Handle Delete Port: 0103a3ba-b6fa-4896-b6a1-ff69bac1c9e7
2026-05-19 21:23:13.179 7 INFO neutron.db.ovn_revision_numbers_db [None req-30b2be17-59d8-427d-8f0c-284003866df7 c968e6ec228b49d39e9af29450be469a 6b4a973e82ce4f67a3a8632b8109e089 - - default default] Successfully bumped revision number for resource b21b0482-1811-41e9-b0c3-6f3c4e19cb50 (type: routers) to 1 [pid: 7|app: 0|req: 737/1436] 10.0.0.192 () {34 vars in 669 bytes} [Tue May 19 21:23:13 2026] POST /v2.0/routers => generated 607 bytes in 155 msecs (HTTP/1.1 201) 4 headers in 162 bytes (1 switches on core 0) [pid: 8|app: 0|req: 700/1437] 10.0.0.192 () {32 vars in 720 bytes} [Tue May 19 21:23:12 2026] DELETE /v2.0/ports/0103a3ba-b6fa-4896-b6a1-ff69bac1c9e7 => generated 0 bytes in 225 msecs (HTTP/1.1 204) 3 headers in 131 bytes (1 switches on core 0) [pid: 8|app: 0|req: 701/1438] 10.0.0.243 () {28 vars in 581 bytes} [Tue May 19 21:23:13 2026] GET /v2.0/agents => generated 1214 bytes in 13 msecs (HTTP/1.1 200) 4 headers in 158 bytes (1 switches on core 0)
2026-05-19 21:23:13.344 7 INFO neutron.db.ovn_revision_numbers_db [None req-fbd31312-55f8-4665-974c-d5dfc9b50675 29a8c9ce3e3e4619a3f9a4caec32a534 089cb274a0f04208a70f48b2f31704dd - - default default] Successfully bumped revision number for resource f1fb29e5-4f7f-4676-8e65-144a7daaa8f7 (type: networks) to 2 [pid: 7|app: 0|req: 738/1439] 10.0.0.192 () {34 vars in 743 bytes} [Tue May 19 21:23:13 2026] PUT /v2.0/networks/f1fb29e5-4f7f-4676-8e65-144a7daaa8f7 => generated 636 bytes in 148 msecs (HTTP/1.1 200) 4 headers in 157 bytes (1 switches on core 0)
2026-05-19 21:23:13.450 7 INFO neutron_taas.services.taas.taas_plugin [None req-6b4a4710-9f57-4648-8932-27188b4d98ef 391e8dbd6ef54f3ab8f7c1cea0e32b53 ca07a0c12dc642318b86e765e928b7b4 - - default default] TaaS: Handle Delete Port: 56ee4b67-5113-4ea3-b954-41d5c7ed6ea8
2026-05-19 21:23:13.453 7 INFO neutron_taas.services.taas.tap_mirror_plugin [None req-6b4a4710-9f57-4648-8932-27188b4d98ef 391e8dbd6ef54f3ab8f7c1cea0e32b53 ca07a0c12dc642318b86e765e928b7b4 - - default default] Tap Mirror: Handle Delete Port: 56ee4b67-5113-4ea3-b954-41d5c7ed6ea8
2026-05-19 21:23:13.488 8 WARNING neutron.scheduler.dhcp_agent_scheduler [None req-c558988c-0caa-4b7c-b1e1-231367577e75 c968e6ec228b49d39e9af29450be469a 6b4a973e82ce4f67a3a8632b8109e089 - - default default] No more DHCP agents
2026-05-19 21:23:13.490 8 WARNING neutron.api.rpc.agentnotifiers.dhcp_rpc_agent_api [None req-c558988c-0caa-4b7c-b1e1-231367577e75 c968e6ec228b49d39e9af29450be469a 6b4a973e82ce4f67a3a8632b8109e089 - - default default] Unable to schedule network 06e295f4-e84a-4369-a41f-a112bf92c55a: no agents available; will retry on subsequent port and subnet creation events. [pid: 7|app: 0|req: 739/1440] 10.0.0.192 () {32 vars in 720 bytes} [Tue May 19 21:23:13 2026] DELETE /v2.0/ports/56ee4b67-5113-4ea3-b954-41d5c7ed6ea8 => generated 0 bytes in 208 msecs (HTTP/1.1 204) 3 headers in 131 bytes (1 switches on core 0)
2026-05-19 21:23:13.560 8 INFO neutron.plugins.ml2.drivers.ovn.mech_driver.mech_driver [None req-da448ebd-66bc-48e6-86b1-8e70325da4df - - - - - -] OVN reports status down for port: f89069f6-6d9c-4eca-a365-b083408f975e [pid: 7|app: 0|req: 740/1441] 10.0.0.243 () {28 vars in 583 bytes} [Tue May 19 21:23:13 2026] GET /v2.0/subnets => generated 3292 bytes in 53 msecs (HTTP/1.1 200) 4 headers in 158 bytes (1 switches on core 0)
2026-05-19 21:23:13.618 8 INFO neutron.db.ovn_revision_numbers_db [None req-c558988c-0caa-4b7c-b1e1-231367577e75 c968e6ec228b49d39e9af29450be469a 6b4a973e82ce4f67a3a8632b8109e089 - - default default] Successfully bumped revision number for resource f89069f6-6d9c-4eca-a365-b083408f975e (type: ports) to 1 [pid: 8|app: 0|req: 702/1442] 10.0.0.192 () {34 vars in 665 bytes} [Tue May 19 21:23:13 2026] POST /v2.0/ports => generated 963 bytes in 489 msecs (HTTP/1.1 201) 4 headers in 162 bytes (1 switches on core 0) /var/lib/openstack/lib/python3.12/site-packages/pycadf/identifier.py:70: UserWarning: Invalid uuid: neutron. To ensure interoperability, identifiers should be a valid uuid. warnings.warn(('Invalid uuid: %s. To ensure interoperability, ' [pid: 8|app: 0|req: 703/1443] 10.0.0.192 () {32 vars in 643 bytes} [Tue May 19 21:23:13 2026] GET /v2.0/ports => generated 1523 bytes in 38 msecs (HTTP/1.1 200) 4 headers in 158 bytes (1 switches on core 0) [pid: 8|app: 0|req: 704/1444] 10.0.0.243 () {28 vars in 583 bytes} [Tue May 19 21:23:13 2026] GET /v2.0/subnets => generated 3292 bytes in 29 msecs (HTTP/1.1 200) 4 headers in 158 bytes (1 switches on core 0)
2026-05-19 21:23:13.795 7 WARNING neutron.scheduler.dhcp_agent_scheduler [None req-1a4c8c47-f6f8-4371-9898-42f7f3a57d1e 29a8c9ce3e3e4619a3f9a4caec32a534 089cb274a0f04208a70f48b2f31704dd - - default default] No more DHCP agents
2026-05-19 21:23:13.797 7 WARNING neutron.api.rpc.agentnotifiers.dhcp_rpc_agent_api [None req-1a4c8c47-f6f8-4371-9898-42f7f3a57d1e 29a8c9ce3e3e4619a3f9a4caec32a534 089cb274a0f04208a70f48b2f31704dd - - default default] Unable to schedule network f1fb29e5-4f7f-4676-8e65-144a7daaa8f7: no agents available; will retry on subsequent port and subnet creation events.
2026-05-19 21:23:14.001 7 INFO neutron.plugins.ml2.drivers.ovn.mech_driver.mech_driver [None req-99006960-abc3-4cd6-90bd-a7195c1ec0fa - - - - - -] OVN reports status up for port: c429cbc7-c955-4375-aec5-0f2f4232e34a
2026-05-19 21:23:14.027 7 INFO neutron.plugins.ml2.plugin [None req-99006960-abc3-4cd6-90bd-a7195c1ec0fa - - - - - -] Attempt 1 to provision port c429cbc7-c955-4375-aec5-0f2f4232e34a
2026-05-19 21:23:14.235 8 INFO neutron.plugins.ml2.drivers.ovn.mech_driver.mech_driver [None req-da448ebd-66bc-48e6-86b1-8e70325da4df - - - - - -] OVN reports status up for port: f89069f6-6d9c-4eca-a365-b083408f975e
2026-05-19 21:23:14.284 8 INFO neutron.plugins.ml2.plugin [None req-da448ebd-66bc-48e6-86b1-8e70325da4df - - - - - -] Attempt 1 to provision port f89069f6-6d9c-4eca-a365-b083408f975e
2026-05-19 21:23:14.305 8 INFO neutron.db.ovn_revision_numbers_db [None req-6e467bc0-7c51-4964-bc8b-8062d802a5a8 c968e6ec228b49d39e9af29450be469a 6b4a973e82ce4f67a3a8632b8109e089 - - default default] Successfully bumped revision number for resource f89069f6-6d9c-4eca-a365-b083408f975e (type: ports) to 2
2026-05-19 21:23:14.340 7 INFO neutron.notifiers.nova [-] Nova event matching ['req-e0f13925-8963-4fa3-8a9b-1b5aabbb76a2'] response: {'server_uuid': '0610ee5d-cb28-46fa-99cd-199a66d05351', 'name': 'network-vif-unplugged', 'status': 'completed', 'tag': 'c429cbc7-c955-4375-aec5-0f2f4232e34a', 'code': 200}
2026-05-19 21:23:14.340 7 INFO neutron.notifiers.nova [-] Nova event matching ['req-e0f13925-8963-4fa3-8a9b-1b5aabbb76a2'] response: {'server_uuid': '0610ee5d-cb28-46fa-99cd-199a66d05351', 'name': 'network-vif-plugged', 'status': 'completed', 'tag': 'c429cbc7-c955-4375-aec5-0f2f4232e34a', 'code': 200}
2026-05-19 21:23:14.532 7 INFO neutron.db.ovn_revision_numbers_db [None req-99006960-abc3-4cd6-90bd-a7195c1ec0fa - - - - - -] Successfully bumped revision number for resource c429cbc7-c955-4375-aec5-0f2f4232e34a (type: ports) to 7
2026-05-19 21:23:14.579 7 INFO neutron.db.ovn_revision_numbers_db [None req-c120a8e4-47a3-466f-9393-47d28a3895d7 - - - - - -] Successfully bumped revision number for resource 9f23b1cf-30f5-49d8-a261-06dc0fb72199 (type: ports) to 2
2026-05-19 21:23:14.649 7 INFO neutron.db.ovn_revision_numbers_db [None req-c120a8e4-47a3-466f-9393-47d28a3895d7 - - - - - -] Successfully bumped revision number for resource e849ace4-2843-4690-80e2-701091cd48b4 (type: subnets) to 0 [pid: 7|app: 0|req: 741/1445] 10.0.0.192 () {34 vars in 669 bytes} [Tue May 19 21:23:13 2026] POST /v2.0/subnets => generated 626 bytes in 1056 msecs (HTTP/1.1 201) 4 headers in 162 bytes (1 switches on core 0) /var/lib/openstack/lib/python3.12/site-packages/pycadf/identifier.py:70: UserWarning: Invalid uuid: neutron. To ensure interoperability, identifiers should be a valid uuid. warnings.warn(('Invalid uuid: %s. To ensure interoperability, '
2026-05-19 21:23:14.764 7 INFO neutron.db.segments_db [None req-9bd567b0-36a5-44bf-8b4b-832bf8a3e2d4 391e8dbd6ef54f3ab8f7c1cea0e32b53 ca07a0c12dc642318b86e765e928b7b4 - - default default] Added segment 02eeed30-5feb-466c-bce7-de4942d866dc of type geneve for network 3841ba00-8f97-41f0-8a06-d396c301691a
2026-05-19 21:23:14.918 7 INFO neutron.db.ovn_revision_numbers_db [None req-9bd567b0-36a5-44bf-8b4b-832bf8a3e2d4 391e8dbd6ef54f3ab8f7c1cea0e32b53 ca07a0c12dc642318b86e765e928b7b4 - - default default] Successfully bumped revision number for resource 3841ba00-8f97-41f0-8a06-d396c301691a (type: networks) to 1
2026-05-19 21:23:15.088 8 INFO neutron.db.ovn_revision_numbers_db [None req-da448ebd-66bc-48e6-86b1-8e70325da4df - - - - - -] Successfully bumped revision number for resource f89069f6-6d9c-4eca-a365-b083408f975e (type: ports) to 3
2026-05-19 21:23:15.099 7 WARNING neutron.scheduler.dhcp_agent_scheduler [None req-9bd567b0-36a5-44bf-8b4b-832bf8a3e2d4 391e8dbd6ef54f3ab8f7c1cea0e32b53 ca07a0c12dc642318b86e765e928b7b4 - - default default] No more DHCP agents
2026-05-19 21:23:15.100 7 WARNING neutron.api.rpc.agentnotifiers.dhcp_rpc_agent_api [None req-9bd567b0-36a5-44bf-8b4b-832bf8a3e2d4 391e8dbd6ef54f3ab8f7c1cea0e32b53 ca07a0c12dc642318b86e765e928b7b4 - - default default] Unable to schedule network 3841ba00-8f97-41f0-8a06-d396c301691a: no agents available; will retry on subsequent port and subnet creation events.
2026-05-19 21:23:15.144 7 INFO neutron.plugins.ml2.drivers.ovn.mech_driver.mech_driver [None req-9b1d8cd4-1785-4de4-a8a0-350cbaf1f411 - - - - - -] OVN reports status down for port: cacbabc4-3f22-4cdc-b781-05976d9fda6d
2026-05-19 21:23:15.198 7 INFO neutron.db.ovn_revision_numbers_db [None req-9bd567b0-36a5-44bf-8b4b-832bf8a3e2d4 391e8dbd6ef54f3ab8f7c1cea0e32b53 ca07a0c12dc642318b86e765e928b7b4 - - default default] Successfully bumped revision number for resource cacbabc4-3f22-4cdc-b781-05976d9fda6d (type: ports) to 1 [pid: 7|app: 0|req: 742/1446] 10.0.0.192 () {34 vars in 670 bytes} [Tue May 19 21:23:14 2026] POST /v2.0/networks => generated 673 bytes in 564 msecs (HTTP/1.1 201) 4 headers in 162 bytes (1 switches on core 0) [pid: 7|app: 0|req: 743/1447] 10.0.0.243 () {28 vars in 591 bytes} [Tue May 19 21:23:15 2026] GET /v2.0/subnetpools => generated 19 bytes in 24 msecs (HTTP/1.1 200) 4 headers in 156 bytes (1 switches on core 0) [pid: 7|app: 0|req: 744/1448] 10.0.0.82 () {34 vars in 989 bytes} [Tue May 19 21:23:15 2026] GET /v2.0/ports?device_id=0610ee5d-cb28-46fa-99cd-199a66d05351 => generated 975 bytes in 84 msecs (HTTP/1.1 200) 4 headers in 157 bytes (1 switches on core 0)
2026-05-19 21:23:15.398 8 WARNING neutron.scheduler.dhcp_agent_scheduler [None req-6e467bc0-7c51-4964-bc8b-8062d802a5a8 c968e6ec228b49d39e9af29450be469a 6b4a973e82ce4f67a3a8632b8109e089 - - default default] No more DHCP agents
2026-05-19 21:23:15.399 8 WARNING neutron.api.rpc.agentnotifiers.dhcp_rpc_agent_api [None req-6e467bc0-7c51-4964-bc8b-8062d802a5a8 c968e6ec228b49d39e9af29450be469a 6b4a973e82ce4f67a3a8632b8109e089 - - default default] Unable to schedule network 06e295f4-e84a-4369-a41f-a112bf92c55a: no agents available; will retry on subsequent port and subnet creation events.
2026-05-19 21:23:15.569 7 INFO neutron.db.ovn_revision_numbers_db [None req-ccb06a87-d381-4feb-abd5-84550ad89fa0 29a8c9ce3e3e4619a3f9a4caec32a534 089cb274a0f04208a70f48b2f31704dd - - default default] Successfully bumped revision number for resource e849ace4-2843-4690-80e2-701091cd48b4 (type: subnets) to 1 [pid: 7|app: 0|req: 745/1449] 10.0.0.192 () {34 vars in 741 bytes} [Tue May 19 21:23:15 2026] PUT /v2.0/subnets/e849ace4-2843-4690-80e2-701091cd48b4 => generated 636 bytes in 232 msecs (HTTP/1.1 200) 4 headers in 157 bytes (1 switches on core 0)
2026-05-19 21:23:15.622 8 INFO neutron.db.ovn_revision_numbers_db [None req-6e467bc0-7c51-4964-bc8b-8062d802a5a8 c968e6ec228b49d39e9af29450be469a 6b4a973e82ce4f67a3a8632b8109e089 - - default default] Successfully bumped revision number for resource f89069f6-6d9c-4eca-a365-b083408f975e (type: router_ports) to 3 [pid: 8|app: 0|req: 705/1450] 10.0.0.192 () {34 vars in 783 bytes} [Tue May 19 21:23:13 2026] PUT /v2.0/routers/b21b0482-1811-41e9-b0c3-6f3c4e19cb50/add_router_interface => generated 309 bytes in 1847 msecs (HTTP/1.1 200) 4 headers in 157 bytes (1 switches on core 0) /var/lib/openstack/lib/python3.12/site-packages/pycadf/identifier.py:70: UserWarning: Invalid uuid: neutron. To ensure interoperability, identifiers should be a valid uuid. warnings.warn(('Invalid uuid: %s. To ensure interoperability, '
2026-05-19 21:23:15.661 7 INFO neutron.db.segments_db [None req-fb94a524-b925-4730-a173-1c2f3e297224 391e8dbd6ef54f3ab8f7c1cea0e32b53 ca07a0c12dc642318b86e765e928b7b4 - - default default] Added segment aa38fca8-c6b0-45ce-92a1-36092c8df844 of type geneve for network c740892c-5985-455a-bf89-18ed68549561 [pid: 8|app: 0|req: 706/1451] 10.0.0.243 () {28 vars in 585 bytes} [Tue May 19 21:23:15 2026] GET /v2.0/networks => generated 7726 bytes in 69 msecs (HTTP/1.1 200) 4 headers in 158 bytes (1 switches on core 0) [pid: 8|app: 0|req: 707/1452] 10.0.0.82 () {34 vars in 1039 bytes} [Tue May 19 21:23:15 2026] GET /v2.0/security-groups?id=5e9497f4-d183-4a9b-b285-dfe82df3fee5&fields=id&fields=name => generated 114 bytes in 33 msecs (HTTP/1.1 200) 4 headers in 157 bytes (1 switches on core 0)
2026-05-19 21:23:15.772 7 INFO neutron.db.ovn_revision_numbers_db [None req-fb94a524-b925-4730-a173-1c2f3e297224 391e8dbd6ef54f3ab8f7c1cea0e32b53 ca07a0c12dc642318b86e765e928b7b4 - - default default] Successfully bumped revision number for resource c740892c-5985-455a-bf89-18ed68549561 (type: networks) to 1
2026-05-19 21:23:15.875 8 INFO neutron_taas.services.taas.taas_plugin [None req-2852444e-6de6-4b31-8dd9-9da3d32dfa8b 29a8c9ce3e3e4619a3f9a4caec32a534 089cb274a0f04208a70f48b2f31704dd - - default default] TaaS: Handle Delete Port: 9f23b1cf-30f5-49d8-a261-06dc0fb72199
2026-05-19 21:23:15.878 8 INFO neutron_taas.services.taas.tap_mirror_plugin [None req-2852444e-6de6-4b31-8dd9-9da3d32dfa8b 29a8c9ce3e3e4619a3f9a4caec32a534 089cb274a0f04208a70f48b2f31704dd - - default default] Tap Mirror: Handle Delete Port: 9f23b1cf-30f5-49d8-a261-06dc0fb72199
2026-05-19 21:23:15.934 7 WARNING neutron.scheduler.dhcp_agent_scheduler [None req-fb94a524-b925-4730-a173-1c2f3e297224 391e8dbd6ef54f3ab8f7c1cea0e32b53 ca07a0c12dc642318b86e765e928b7b4 - - default default] No more DHCP agents
2026-05-19 21:23:15.937 7 WARNING neutron.api.rpc.agentnotifiers.dhcp_rpc_agent_api [None req-fb94a524-b925-4730-a173-1c2f3e297224 391e8dbd6ef54f3ab8f7c1cea0e32b53 ca07a0c12dc642318b86e765e928b7b4 - - default default] Unable to schedule network c740892c-5985-455a-bf89-18ed68549561: no agents available; will retry on subsequent port and subnet creation events.
2026-05-19 21:23:16.036 7 INFO neutron.db.ovn_revision_numbers_db [None req-fb94a524-b925-4730-a173-1c2f3e297224 391e8dbd6ef54f3ab8f7c1cea0e32b53 ca07a0c12dc642318b86e765e928b7b4 - - default default] Successfully bumped revision number for resource be0afc93-5bae-4a0d-9bd5-8c80906ff032 (type: ports) to 1 [pid: 7|app: 0|req: 746/1453] 10.0.0.192 () {34 vars in 670 bytes} [Tue May 19 21:23:15 2026] POST /v2.0/networks => generated 673 bytes in 490 msecs (HTTP/1.1 201) 4 headers in 162 bytes (1 switches on core 0) [pid: 7|app: 0|req: 747/1454] 10.0.0.192 () {32 vars in 717 bytes} [Tue May 19 21:23:16 2026] GET /v2.0/ports/f89069f6-6d9c-4eca-a365-b083408f975e => generated 1025 bytes in 42 msecs (HTTP/1.1 200) 4 headers in 158 bytes (1 switches on core 0) [pid: 7|app: 0|req: 748/1455] 10.0.0.243 () {28 vars in 619 bytes} [Tue May 19 21:23:16 2026] GET /v2.0/network-ip-availabilities => generated 3870 bytes in 15 msecs (HTTP/1.1 200) 4 headers in 158 bytes (1 switches on core 0)
2026-05-19 21:23:16.209 8 INFO neutron.services.segments.plugin [-] Segment 16f0c919-ffc3-4e96-84ba-cb6874e51da2 resource provider aggregate not found
2026-05-19 21:23:16.218 8 INFO neutron.services.segments.plugin [-] Segment 16f0c919-ffc3-4e96-84ba-cb6874e51da2 resource provider aggregate not found
2026-05-19 21:23:16.233 8 INFO neutron.services.segments.plugin [-] Segment 16f0c919-ffc3-4e96-84ba-cb6874e51da2 resource provider not found; error: Placement Client Error (4xx): {"errors": [{"status": 404, "title": "Not Found", "detail": "The resource could not be found.\n\n No resource provider with uuid 16f0c919-ffc3-4e96-84ba-cb6874e51da2 found for delete ", "request_id": "req-5db787cf-d7b6-4dca-a001-bb42cc2a5d82"}]}
2026-05-19 21:23:16.245 8 INFO neutron.services.segments.plugin [-] Segment 16f0c919-ffc3-4e96-84ba-cb6874e51da2 resource provider not found; error: Placement Client Error (4xx): {"errors": [{"status": 404, "title": "Not Found", "detail": "The resource could not be found.\n\n No resource provider with uuid 16f0c919-ffc3-4e96-84ba-cb6874e51da2 found for delete ", "request_id": "req-47142780-5997-4f2a-b430-8d714929ddde"}]} [pid: 8|app: 0|req: 708/1456] 10.0.0.192 () {32 vars in 726 bytes} [Tue May 19 21:23:15 2026] DELETE /v2.0/networks/f1fb29e5-4f7f-4676-8e65-144a7daaa8f7 => generated 0 bytes in 530 msecs (HTTP/1.1 204) 3 headers in 131 bytes (1 switches on core 0) [pid: 8|app: 0|req: 709/1457] 10.0.0.243 () {28 vars in 591 bytes} [Tue May 19 21:23:16 2026] GET /v2.0/floatingips => generated 861 bytes in 33 msecs (HTTP/1.1 200) 4 headers in 157 bytes (1 switches on core 0)
2026-05-19 21:23:16.307 8 INFO neutron.pecan_wsgi.hooks.translation [None req-cec78a4e-f191-4f64-a6aa-cb96591b72e1 29a8c9ce3e3e4619a3f9a4caec32a534 089cb274a0f04208a70f48b2f31704dd - - default default] DELETE failed (client error): The resource could not be found. [pid: 8|app: 0|req: 710/1458] 10.0.0.192 () {32 vars in 726 bytes} [Tue May 19 21:23:16 2026] DELETE /v2.0/networks/f1fb29e5-4f7f-4676-8e65-144a7daaa8f7 => generated 138 bytes in 14 msecs (HTTP/1.1 404) 4 headers in 164 bytes (1 switches on core 0) [pid: 8|app: 0|req: 711/1459] 10.0.0.243 () {28 vars in 599 bytes} [Tue May 19 21:23:16 2026] GET /v2.0/security-groups => generated 31878 bytes in 40 msecs (HTTP/1.1 200) 4 headers in 159 bytes (1 switches on core 0)
2026-05-19 21:23:16.384 7 INFO neutron.notifiers.nova [-] Nova event matching ['req-b691e38b-bf0d-45cf-b9c4-baf86cbca15c'] response: {'server_uuid': '0610ee5d-cb28-46fa-99cd-199a66d05351', 'name': 'network-vif-plugged', 'status': 'completed', 'tag': 'c429cbc7-c955-4375-aec5-0f2f4232e34a', 'code': 200} [pid: 8|app: 0|req: 712/1460] 10.0.0.192 () {32 vars in 694 bytes} [Tue May 19 21:23:16 2026] GET /v2.0/networks?router%3Aexternal=True => generated 689 bytes in 46 msecs (HTTP/1.1 200) 4 headers in 157 bytes (1 switches on core 0)
2026-05-19 21:23:16.457 7 INFO neutron_taas.services.taas.taas_plugin [None req-160c8020-cce3-4b57-8aff-53fad73dc7b0 c968e6ec228b49d39e9af29450be469a 6b4a973e82ce4f67a3a8632b8109e089 - - default default] TaaS: Handle Delete Port: f89069f6-6d9c-4eca-a365-b083408f975e
2026-05-19 21:23:16.461 7 INFO neutron_taas.services.taas.tap_mirror_plugin [None req-160c8020-cce3-4b57-8aff-53fad73dc7b0 c968e6ec228b49d39e9af29450be469a 6b4a973e82ce4f67a3a8632b8109e089 - - default default] Tap Mirror: Handle Delete Port: f89069f6-6d9c-4eca-a365-b083408f975e [pid: 8|app: 0|req: 713/1461] 10.0.0.243 () {28 vars in 579 bytes} [Tue May 19 21:23:16 2026] GET /v2.0/ports => generated 17176 bytes in 83 msecs (HTTP/1.1 200) 4 headers in 159 bytes (1 switches on core 0) [pid: 8|app: 0|req: 714/1462] 10.0.0.192 () {32 vars in 742 bytes} [Tue May 19 21:23:16 2026] GET /v2.0/subnets?network_id=984918e6-c9af-479b-ab1c-b03c8bc7d532 => generated 649 bytes in 35 msecs (HTTP/1.1 200) 4 headers in 157 bytes (1 switches on core 0) [pid: 8|app: 0|req: 715/1463] 10.0.0.192 () {32 vars in 653 bytes} [Tue May 19 21:23:16 2026] GET /v2.0/extensions => generated 20541 bytes in 8 msecs (HTTP/1.1 200) 4 headers in 159 bytes (1 switches on core 0) [pid: 8|app: 0|req: 716/1464] 10.0.0.192 () {32 vars in 649 bytes} [Tue May 19 21:23:16 2026] GET /v2.0/networks => generated 1385 bytes in 53 msecs (HTTP/1.1 200) 4 headers in 158 bytes (1 switches on core 0) [pid: 8|app: 0|req: 717/1465] 10.0.0.192 () {32 vars in 647 bytes} [Tue May 19 21:23:16 2026] GET /v2.0/subnets => generated 1280 bytes in 43 msecs (HTTP/1.1 200) 4 headers in 158 bytes (1 switches on core 0) [pid: 8|app: 0|req: 718/1466] 10.0.0.192 () {32 vars in 723 bytes} [Tue May 19 21:23:16 2026] GET /v2.0/networks/0ce3c43e-5be1-4bde-942e-dd7af672fcdf => generated 707 bytes in 47 msecs (HTTP/1.1 200) 4 headers in 157 bytes (1 switches on core 0) [pid: 8|app: 0|req: 719/1467] 10.0.0.192 () {32 vars in 721 bytes} [Tue May 19 21:23:16 2026] GET /v2.0/subnets/800a758a-f71e-40bf-b247-cbe090d3f44f => generated 641 bytes in 24 msecs (HTTP/1.1 200) 4 headers in 157 bytes (1 switches on core 0) [pid: 7|app: 0|req: 749/1468] 10.0.0.192 () {34 vars in 789 bytes} [Tue May 19 21:23:16 2026] PUT /v2.0/routers/b21b0482-1811-41e9-b0c3-6f3c4e19cb50/remove_router_interface => generated 309 bytes in 647 msecs (HTTP/1.1 200) 4 headers in 157 bytes (1 switches on core 0) /var/lib/openstack/lib/python3.12/site-packages/pycadf/identifier.py:70: UserWarning: Invalid uuid: neutron. To ensure interoperability, identifiers should be a valid uuid. warnings.warn(('Invalid uuid: %s. To ensure interoperability, '
2026-05-19 21:23:16.798 7 INFO neutron.pecan_wsgi.hooks.translation [None req-2a4b4303-81db-4f12-8b0e-4608c42f4f44 29a8c9ce3e3e4619a3f9a4caec32a534 089cb274a0f04208a70f48b2f31704dd - - default default] DELETE failed (client error): The resource could not be found. [pid: 7|app: 0|req: 750/1469] 10.0.0.192 () {32 vars in 724 bytes} [Tue May 19 21:23:16 2026] DELETE /v2.0/subnets/e849ace4-2843-4690-80e2-701091cd48b4 => generated 136 bytes in 33 msecs (HTTP/1.1 404) 4 headers in 164 bytes (1 switches on core 0)
2026-05-19 21:23:16.867 7 INFO neutron.api.v2.resource [None req-dddf28a9-fda5-450b-88ac-3cb55b2dda8e c968e6ec228b49d39e9af29450be469a 6b4a973e82ce4f67a3a8632b8109e089 - - default default] remove_router_interface failed (client error): The resource could not be found. [pid: 7|app: 0|req: 751/1470] 10.0.0.192 () {34 vars in 789 bytes} [Tue May 19 21:23:16 2026] PUT /v2.0/routers/b21b0482-1811-41e9-b0c3-6f3c4e19cb50/remove_router_interface => generated 197 bytes in 63 msecs (HTTP/1.1 404) 4 headers in 164 bytes (1 switches on core 0)
2026-05-19 21:23:16.880 7 INFO neutron.pecan_wsgi.hooks.translation [None req-44366ecf-4eb2-4d15-86e8-275a357ecbb2 29a8c9ce3e3e4619a3f9a4caec32a534 089cb274a0f04208a70f48b2f31704dd - - default default] DELETE failed (client error): The resource could not be found. [pid: 7|app: 0|req: 752/1471] 10.0.0.192 () {32 vars in 726 bytes} [Tue May 19 21:23:16 2026] DELETE /v2.0/networks/f1fb29e5-4f7f-4676-8e65-144a7daaa8f7 => generated 138 bytes in 12 msecs (HTTP/1.1 404) 4 headers in 164 bytes (1 switches on core 0) [pid: 7|app: 0|req: 753/1472] 10.0.0.82 () {34 vars in 989 bytes} [Tue May 19 21:23:16 2026] GET /v2.0/ports?device_id=0610ee5d-cb28-46fa-99cd-199a66d05351 => generated 975 bytes in 35 msecs (HTTP/1.1 200) 4 headers in 157 bytes (1 switches on core 0) [pid: 7|app: 0|req: 754/1473] 10.0.0.192 () {32 vars in 736 bytes} [Tue May 19 21:23:16 2026] GET /v2.0/ports?device_id=b21b0482-1811-41e9-b0c3-6f3c4e19cb50 => generated 12 bytes in 16 msecs (HTTP/1.1 200) 4 headers in 156 bytes (1 switches on core 0)
2026-05-19 21:23:17.040 8 WARNING neutron.scheduler.dhcp_agent_scheduler [None req-e7e30dbe-76c0-4365-be42-e0ab72bb401d 391e8dbd6ef54f3ab8f7c1cea0e32b53 ca07a0c12dc642318b86e765e928b7b4 - - default default] No more DHCP agents
2026-05-19 21:23:17.041 8 WARNING neutron.api.rpc.agentnotifiers.dhcp_rpc_agent_api [None req-e7e30dbe-76c0-4365-be42-e0ab72bb401d 391e8dbd6ef54f3ab8f7c1cea0e32b53 ca07a0c12dc642318b86e765e928b7b4 - - default default] Unable to schedule network 3841ba00-8f97-41f0-8a06-d396c301691a: no agents available; will retry on subsequent port and subnet creation events.
2026-05-19 21:23:17.068 8 INFO neutron.db.ovn_revision_numbers_db [None req-e7e30dbe-76c0-4365-be42-e0ab72bb401d 391e8dbd6ef54f3ab8f7c1cea0e32b53 ca07a0c12dc642318b86e765e928b7b4 - - default default] Successfully bumped revision number for resource 7f0823fe-53a0-4c8c-97f5-a3ffaf5e532b (type: subnets) to 0
2026-05-19 21:23:17.096 8 WARNING neutron.scheduler.dhcp_agent_scheduler [None req-e7e30dbe-76c0-4365-be42-e0ab72bb401d 391e8dbd6ef54f3ab8f7c1cea0e32b53 ca07a0c12dc642318b86e765e928b7b4 - - default default] No more DHCP agents
