+ COMMAND=start + start + for KEYSTONE_WSGI_SCRIPT in keystone-wsgi-public ++ type -p keystone-wsgi-public + cp -a /var/lib/openstack/bin/keystone-wsgi-public /var/www/cgi-bin/keystone/ + '[' -f /etc/apache2/envvars ']' + source /etc/apache2/envvars ++ unset HOME ++ '[' '' '!=' '' ']' ++ SUFFIX= ++ export APACHE_RUN_USER=www-data ++ APACHE_RUN_USER=www-data ++ export APACHE_RUN_GROUP=www-data ++ APACHE_RUN_GROUP=www-data ++ export APACHE_PID_FILE=/var/run/apache2/apache2.pid ++ APACHE_PID_FILE=/var/run/apache2/apache2.pid ++ export APACHE_RUN_DIR=/var/run/apache2 ++ APACHE_RUN_DIR=/var/run/apache2 ++ export APACHE_LOCK_DIR=/var/lock/apache2 ++ APACHE_LOCK_DIR=/var/lock/apache2 ++ export APACHE_LOG_DIR=/var/log/apache2 ++ APACHE_LOG_DIR=/var/log/apache2 ++ export LANG=C ++ LANG=C ++ export LANG + '[' -f /var/run/apache2/apache2.pid ']' + exec apache2 -DFOREGROUND AH00558: apache2: Could not reliably determine the server's fully qualified domain name, using 10.0.0.118. Set the 'ServerName' directive globally to suppress this message AH00558: apache2: Could not reliably determine the server's fully qualified domain name, using 10.0.0.118. Set the 'ServerName' directive globally to suppress this message
[Tue May 19 04:15:56.644685 2026] [mpm_event:notice] [pid 1:tid 139844633589632] AH00489: Apache/2.4.58 (Ubuntu) mod_wsgi/5.0.0 Python/3.12 configured -- resuming normal operations
[Tue May 19 04:15:56.644839 2026] [core:notice] [pid 1:tid 139844633589632] AH00094: Command line: 'apache2 -D FOREGROUND'
[Tue May 19 04:16:57.093272 2026] [wsgi:error] [pid 11:tid 139843996817088] /var/lib/openstack/lib/python3.12/site-packages/oslo_utils/importutils.py:77: EventletDeprecationWarning:
[Tue May 19 04:16:57.093313 2026] [wsgi:error] [pid 11:tid 139843996817088] Eventlet is deprecated. It is currently being maintained in bugfix mode, and
[Tue May 19 04:16:57.093314 2026] [wsgi:error] [pid 11:tid 139843996817088] we strongly recommend against using it for new projects.
[Tue May 19 04:16:57.093316 2026] [wsgi:error] [pid 11:tid 139843996817088]
[Tue May 19 04:16:57.093317 2026] [wsgi:error] [pid 11:tid 139843996817088] If you are already using Eventlet, we recommend migrating to a different
[Tue May 19 04:16:57.093318 2026] [wsgi:error] [pid 11:tid 139843996817088] framework. For more detail see
[Tue May 19 04:16:57.093319 2026] [wsgi:error] [pid 11:tid 139843996817088] https://eventlet.readthedocs.io/en/latest/asyncio/migration.html
[Tue May 19 04:16:57.093320 2026] [wsgi:error] [pid 11:tid 139843996817088]
[Tue May 19 04:16:57.093321 2026] [wsgi:error] [pid 11:tid 139843996817088] __import__(import_str)
[Tue May 19 04:16:57.112914 2026] [wsgi:error] [pid 9:tid 139843996817088] /var/lib/openstack/lib/python3.12/site-packages/oslo_utils/importutils.py:77: EventletDeprecationWarning:
[Tue May 19 04:16:57.112952 2026] [wsgi:error] [pid 9:tid 139843996817088] Eventlet is deprecated. It is currently being maintained in bugfix mode, and
[Tue May 19 04:16:57.112954 2026] [wsgi:error] [pid 9:tid 139843996817088] we strongly recommend against using it for new projects.
[Tue May 19 04:16:57.112955 2026] [wsgi:error] [pid 9:tid 139843996817088]
[Tue May 19 04:16:57.112957 2026] [wsgi:error] [pid 9:tid 139843996817088] If you are already using Eventlet, we recommend migrating to a different
[Tue May 19 04:16:57.112958 2026] [wsgi:error] [pid 9:tid 139843996817088] framework. For more detail see
[Tue May 19 04:16:57.112959 2026] [wsgi:error] [pid 9:tid 139843996817088] https://eventlet.readthedocs.io/en/latest/asyncio/migration.html
[Tue May 19 04:16:57.112960 2026] [wsgi:error] [pid 9:tid 139843996817088]
[Tue May 19 04:16:57.112961 2026] [wsgi:error] [pid 9:tid 139843996817088] __import__(import_str) 10.0.0.205 - - [19/May/2026:04:16:56 +0000] "GET /v3/ HTTP/1.1" 200 250 10.0.0.205 - - [19/May/2026:04:16:56 +0000] "GET /v3/ HTTP/1.1" 200 250
[Tue May 19 04:17:09.239823 2026] [wsgi:error] [pid 10:tid 139843996817088] /var/lib/openstack/lib/python3.12/site-packages/oslo_utils/importutils.py:77: EventletDeprecationWarning:
[Tue May 19 04:17:09.239859 2026] [wsgi:error] [pid 10:tid 139843996817088] Eventlet is deprecated. It is currently being maintained in bugfix mode, and
[Tue May 19 04:17:09.239860 2026] [wsgi:error] [pid 10:tid 139843996817088] we strongly recommend against using it for new projects.
[Tue May 19 04:17:09.239862 2026] [wsgi:error] [pid 10:tid 139843996817088]
[Tue May 19 04:17:09.239863 2026] [wsgi:error] [pid 10:tid 139843996817088] If you are already using Eventlet, we recommend migrating to a different
[Tue May 19 04:17:09.239864 2026] [wsgi:error] [pid 10:tid 139843996817088] framework. For more detail see
[Tue May 19 04:17:09.239865 2026] [wsgi:error] [pid 10:tid 139843996817088] https://eventlet.readthedocs.io/en/latest/asyncio/migration.html
[Tue May 19 04:17:09.239866 2026] [wsgi:error] [pid 10:tid 139843996817088]
[Tue May 19 04:17:09.239867 2026] [wsgi:error] [pid 10:tid 139843996817088] __import__(import_str) 10.0.0.21 - - [19/May/2026:04:17:08 +0000] "GET / HTTP/1.1" 300 295
[Tue May 19 04:17:14.651280 2026] [wsgi:error] [pid 12:tid 139843996817088] /var/lib/openstack/lib/python3.12/site-packages/oslo_utils/importutils.py:77: EventletDeprecationWarning:
[Tue May 19 04:17:14.651318 2026] [wsgi:error] [pid 12:tid 139843996817088] Eventlet is deprecated. It is currently being maintained in bugfix mode, and
[Tue May 19 04:17:14.651320 2026] [wsgi:error] [pid 12:tid 139843996817088] we strongly recommend against using it for new projects.
[Tue May 19 04:17:14.651321 2026] [wsgi:error] [pid 12:tid 139843996817088]
[Tue May 19 04:17:14.651322 2026] [wsgi:error] [pid 12:tid 139843996817088] If you are already using Eventlet, we recommend migrating to a different
[Tue May 19 04:17:14.651324 2026] [wsgi:error] [pid 12:tid 139843996817088] framework. For more detail see
[Tue May 19 04:17:14.651325 2026] [wsgi:error] [pid 12:tid 139843996817088] https://eventlet.readthedocs.io/en/latest/asyncio/migration.html
[Tue May 19 04:17:14.651326 2026] [wsgi:error] [pid 12:tid 139843996817088]
[Tue May 19 04:17:14.651327 2026] [wsgi:error] [pid 12:tid 139843996817088] __import__(import_str)
[Tue May 19 04:17:19.223395 2026] [wsgi:error] [pid 12:tid 139843996817088] [remote 10.0.0.21:36276] 2026-05-19 04:17:19.220 12 WARNING keystone.identity.core [None req-6dea38bd-aa78-452e-82c3-7ffdcd7b5d0b - - - - - -] Invalid domain name (atmosphere) found in config file name: keystone.exception.DomainNotFound: Could not find domain: atmosphere.
[Tue May 19 04:17:19.272298 2026] [wsgi:error] [pid 12:tid 139843996817088] [remote 10.0.0.21:36276] 2026-05-19 04:17:19.271 12 WARNING keystone.common.password_hashing [None req-6dea38bd-aa78-452e-82c3-7ffdcd7b5d0b - - - - - -] Truncating password to algorithm specific maximum length 72 characters.
[Tue May 19 04:17:19.559049 2026] [wsgi:error] [pid 12:tid 139843996817088] [remote 10.0.0.21:36276] 2026-05-19 04:17:19.558 12 WARNING keystone.common.fernet_utils [None req-6dea38bd-aa78-452e-82c3-7ffdcd7b5d0b - - - - - -] key_repository is world readable: /etc/keystone/fernet-keys/ 10.0.0.21 - - [19/May/2026:04:17:13 +0000] "POST /v3/auth/tokens HTTP/1.1" 201 1360
[Tue May 19 04:17:19.896425 2026] [wsgi:error] [pid 11:tid 139843996817088] [remote 10.0.0.21:36276] 2026-05-19 04:17:19.892 11 WARNING keystone.identity.core [None req-2bc68b51-ca32-4141-a80e-25e0d26a48e5 - - - - - -] Invalid domain name (atmosphere) found in config file name: keystone.exception.DomainNotFound: Could not find domain: atmosphere. 10.0.0.21 - - [19/May/2026:04:17:19 +0000] "POST /v3/domains HTTP/1.1" 201 261 10.0.0.155 - - [19/May/2026:04:17:31 +0000] "GET / HTTP/1.1" 300 295
[Tue May 19 04:17:32.008786 2026] [wsgi:error] [pid 10:tid 139843996817088] [remote 10.0.0.155:40544] 2026-05-19 04:17:32.008 10 WARNING keystone.common.password_hashing [None req-69fad20c-cd3b-4481-a9fa-340f35774cdf - - - - - -] Truncating password to algorithm specific maximum length 72 characters.
[Tue May 19 04:17:32.277870 2026] [wsgi:error] [pid 10:tid 139843996817088] [remote 10.0.0.155:40544] 2026-05-19 04:17:32.277 10 WARNING keystone.common.fernet_utils [None req-69fad20c-cd3b-4481-a9fa-340f35774cdf - - - - - -] key_repository is world readable: /etc/keystone/fernet-keys/ 10.0.0.155 - - [19/May/2026:04:17:31 +0000] "POST /v3/auth/tokens HTTP/1.1" 201 1360 10.0.0.155 - - [19/May/2026:04:17:32 +0000] "GET /v3/roles/admin HTTP/1.1" 404 83
[Tue May 19 04:17:32.499460 2026] [wsgi:error] [pid 11:tid 139843996817088] [remote 10.0.0.155:40544] 2026-05-19 04:17:32.499 11 WARNING keystone.common.rbac_enforcer.enforcer [None req-89af2c9b-d708-48c0-9920-330bd5ae2134 c6b3b610d28a4b8c875edf307628acb9 234ddfbd7eac4af885738b0f192da72b - - default default] Deprecated policy rules found. Use oslopolicy-policy-generator and oslopolicy-policy-upgrade to detect and resolve deprecated policies in your configuration. 10.0.0.155 - - [19/May/2026:04:17:32 +0000] "GET /v3/roles?name=admin HTTP/1.1" 200 389
[Tue May 19 04:17:32.873654 2026] [wsgi:error] [pid 9:tid 139843996817088] [remote 10.0.0.155:40544] 2026-05-19 04:17:32.873 9 WARNING keystone.common.rbac_enforcer.enforcer [None req-68802ce2-f274-4154-85bd-a6d1ec22f111 c6b3b610d28a4b8c875edf307628acb9 234ddfbd7eac4af885738b0f192da72b - - default default] Deprecated policy rules found. Use oslopolicy-policy-generator and oslopolicy-policy-upgrade to detect and resolve deprecated policies in your configuration. 10.0.0.155 - - [19/May/2026:04:17:32 +0000] "GET /v3/users/admin-RegionOne HTTP/1.1" 404 93
[Tue May 19 04:17:33.009627 2026] [wsgi:error] [pid 10:tid 139843996817088] [remote 10.0.0.155:40544] 2026-05-19 04:17:33.009 10 WARNING keystone.common.rbac_enforcer.enforcer [None req-806d240c-b75e-4f38-8d16-a6ce8ea887a4 c6b3b610d28a4b8c875edf307628acb9 234ddfbd7eac4af885738b0f192da72b - - default default] Deprecated policy rules found. Use oslopolicy-policy-generator and oslopolicy-policy-upgrade to detect and resolve deprecated policies in your configuration. 10.0.0.155 - - [19/May/2026:04:17:32 +0000] "GET /v3/users?name=admin-RegionOne HTTP/1.1" 200 422
[Tue May 19 04:17:33.175260 2026] [wsgi:error] [pid 12:tid 139843996817088] [remote 10.0.0.155:40544] 2026-05-19 04:17:33.175 12 WARNING keystone.common.rbac_enforcer.enforcer [None req-05b69ed2-2898-4c75-b59e-6fc3fe2045ae c6b3b610d28a4b8c875edf307628acb9 234ddfbd7eac4af885738b0f192da72b - - default default] Deprecated policy rules found. Use oslopolicy-policy-generator and oslopolicy-policy-upgrade to detect and resolve deprecated policies in your configuration. 10.0.0.155 - - [19/May/2026:04:17:33 +0000] "GET /v3/domains/default HTTP/1.1" 200 224 10.0.0.155 - - [19/May/2026:04:17:33 +0000] "PUT /v3/domains/default/users/c6b3b610d28a4b8c875edf307628acb9/roles/32d78e0d0f894b84b3dbad4ed6985b8b HTTP/1.1" 204 - 10.0.0.205 - - [19/May/2026:04:17:43 +0000] "GET / HTTP/1.1" 300 281 10.0.0.205 - - [19/May/2026:04:17:44 +0000] "GET /v3 HTTP/1.1" 200 266
[Tue May 19 04:17:44.603198 2026] [wsgi:error] [pid 12:tid 139843996817088] [remote 10.0.0.205:33546] 2026-05-19 04:17:44.602 12 WARNING keystone.common.password_hashing [None req-f106b331-8893-4240-89bf-c07ca245794c - - - - - -] Truncating password to algorithm specific maximum length 72 characters.
[Tue May 19 04:17:44.884287 2026] [wsgi:error] [pid 12:tid 139843996817088] [remote 10.0.0.205:33546] 2026-05-19 04:17:44.884 12 WARNING keystone.common.fernet_utils [None req-f106b331-8893-4240-89bf-c07ca245794c - - - - - -] key_repository is world readable: /etc/keystone/fernet-keys/ 10.0.0.205 - - [19/May/2026:04:17:44 +0000] "POST /v3/auth/tokens HTTP/1.1" 201 1360 10.0.0.205 - - [19/May/2026:04:17:44 +0000] "GET / HTTP/1.1" 300 281 10.0.0.205 - - [19/May/2026:04:17:44 +0000] "GET /v3/domains/atmosphere HTTP/1.1" 404 90 10.0.0.205 - - [19/May/2026:04:17:44 +0000] "GET /v3/domains?name=atmosphere HTTP/1.1" 200 370 10.0.0.205 - - [19/May/2026:04:17:45 +0000] "GET /v3/domains/513fa34673324af8844dfbc91c0885e4 HTTP/1.1" 200 247 10.0.0.205 - - [19/May/2026:04:17:45 +0000] "GET /v3 HTTP/1.1" 200 266
[Tue May 19 04:17:45.964379 2026] [wsgi:error] [pid 9:tid 139843996817088] [remote 10.0.0.205:33546] 2026-05-19 04:17:45.964 9 WARNING keystone.common.password_hashing [None req-d1356a2a-8a11-4240-ac1a-435c2de4eab9 - - - - - -] Truncating password to algorithm specific maximum length 72 characters.
[Tue May 19 04:17:46.241604 2026] [wsgi:error] [pid 9:tid 139843996817088] [remote 10.0.0.205:33546] 2026-05-19 04:17:46.241 9 WARNING keystone.common.fernet_utils [None req-d1356a2a-8a11-4240-ac1a-435c2de4eab9 - - - - - -] key_repository is world readable: /etc/keystone/fernet-keys/ 10.0.0.205 - - [19/May/2026:04:17:45 +0000] "POST /v3/auth/tokens HTTP/1.1" 201 1360 10.0.0.205 - - [19/May/2026:04:17:46 +0000] "GET / HTTP/1.1" 300 281 10.0.0.205 - - [19/May/2026:04:17:46 +0000] "GET /v3/OS-FEDERATION/identity_providers/atmosphere HTTP/1.1" 404 101 10.0.0.205 - - [19/May/2026:04:17:46 +0000] "GET /v3/OS-FEDERATION/identity_providers HTTP/1.1" 200 156 10.0.0.205 - - [19/May/2026:04:17:46 +0000] "PUT /v3/OS-FEDERATION/identity_providers/atmosphere HTTP/1.1" 201 342 10.0.0.205 - - [19/May/2026:04:17:47 +0000] "GET /v3 HTTP/1.1" 200 266
[Tue May 19 04:17:47.057388 2026] [wsgi:error] [pid 12:tid 139843996817088] [remote 10.0.0.205:33548] 2026-05-19 04:17:47.057 12 WARNING keystone.common.password_hashing [None req-1f46c18c-4255-4f05-9499-bfede4711d8d - - - - - -] Truncating password to algorithm specific maximum length 72 characters.
[Tue May 19 04:17:47.338014 2026] [wsgi:error] [pid 12:tid 139843996817088] [remote 10.0.0.205:33548] 2026-05-19 04:17:47.337 12 WARNING keystone.common.fernet_utils [None req-1f46c18c-4255-4f05-9499-bfede4711d8d - - - - - -] key_repository is world readable: /etc/keystone/fernet-keys/ 10.0.0.205 - - [19/May/2026:04:17:47 +0000] "POST /v3/auth/tokens HTTP/1.1" 201 1360 10.0.0.205 - - [19/May/2026:04:17:47 +0000] "GET / HTTP/1.1" 300 281 10.0.0.205 - - [19/May/2026:04:17:47 +0000] "GET /v3/OS-FEDERATION/mappings/atmosphere-openid HTTP/1.1" 404 98 10.0.0.205 - - [19/May/2026:04:17:47 +0000] "GET /v3/OS-FEDERATION/mappings HTTP/1.1" 200 136 10.0.0.205 - - [19/May/2026:04:17:47 +0000] "PUT /v3/OS-FEDERATION/mappings/atmosphere-openid HTTP/1.1" 201 357 10.0.0.205 - - [19/May/2026:04:17:48 +0000] "GET /v3 HTTP/1.1" 200 266
[Tue May 19 04:17:48.179561 2026] [wsgi:error] [pid 9:tid 139843996817088] [remote 10.0.0.205:33548] 2026-05-19 04:17:48.179 9 WARNING keystone.common.password_hashing [None req-10e24d23-4fa1-4ebe-a820-8ffbbc495b37 - - - - - -] Truncating password to algorithm specific maximum length 72 characters.
[Tue May 19 04:17:48.460096 2026] [wsgi:error] [pid 9:tid 139843996817088] [remote 10.0.0.205:33548] 2026-05-19 04:17:48.459 9 WARNING keystone.common.fernet_utils [None req-10e24d23-4fa1-4ebe-a820-8ffbbc495b37 - - - - - -] key_repository is world readable: /etc/keystone/fernet-keys/ 10.0.0.205 - - [19/May/2026:04:17:48 +0000] "POST /v3/auth/tokens HTTP/1.1" 201 1360 10.0.0.205 - - [19/May/2026:04:17:48 +0000] "GET / HTTP/1.1" 300 281 10.0.0.205 - - [19/May/2026:04:17:48 +0000] "GET /v3/OS-FEDERATION/identity_providers/atmosphere/protocols/openid?idp_id=atmosphere HTTP/1.1" 404 131 10.0.0.205 - - [19/May/2026:04:17:48 +0000] "GET /v3/OS-FEDERATION/identity_providers/atmosphere/protocols HTTP/1.1" 200 168 10.0.0.205 - - [19/May/2026:04:17:48 +0000] "PUT /v3/OS-FEDERATION/identity_providers/atmosphere/protocols/openid HTTP/1.1" 201 224 10.0.0.205 - - [19/May/2026:04:17:56 +0000] "GET /v3/ HTTP/1.1" 200 250 10.0.0.205 - - [19/May/2026:04:17:56 +0000] "GET /v3/ HTTP/1.1" 200 250 10.0.0.205 - - [19/May/2026:04:18:56 +0000] "GET /v3/ HTTP/1.1" 200 250 10.0.0.205 - - [19/May/2026:04:18:56 +0000] "GET /v3/ HTTP/1.1" 200 250 10.0.0.201 - - [19/May/2026:04:19:09 +0000] "GET / HTTP/1.1" 300 295
[Tue May 19 04:19:09.496378 2026] [wsgi:error] [pid 12:tid 139843996817088] [remote 10.0.0.201:50048] 2026-05-19 04:19:09.496 12 WARNING keystone.common.password_hashing [None req-6183a5d2-4290-4d69-a4f9-4a1a7794ac00 - - - - - -] Truncating password to algorithm specific maximum length 72 characters.
[Tue May 19 04:19:09.777956 2026] [wsgi:error] [pid 12:tid 139843996817088] [remote 10.0.0.201:50048] 2026-05-19 04:19:09.777 12 WARNING keystone.common.fernet_utils [None req-6183a5d2-4290-4d69-a4f9-4a1a7794ac00 - - - - - -] key_repository is world readable: /etc/keystone/fernet-keys/ 10.0.0.201 - - [19/May/2026:04:19:09 +0000] "POST /v3/auth/tokens HTTP/1.1" 201 1360 10.0.0.201 - - [19/May/2026:04:19:09 +0000] "GET /v3/services HTTP/1.1" 200 355 10.0.0.201 - - [19/May/2026:04:19:13 +0000] "GET / HTTP/1.1" 300 295
[Tue May 19 04:19:13.255966 2026] [wsgi:error] [pid 10:tid 139843996817088] [remote 10.0.0.201:50064] 2026-05-19 04:19:13.255 10 WARNING keystone.common.password_hashing [None req-f1336097-6af9-4006-aff4-591d98374524 - - - - - -] Truncating password to algorithm specific maximum length 72 characters.
[Tue May 19 04:19:13.527020 2026] [wsgi:error] [pid 10:tid 139843996817088] [remote 10.0.0.201:50064] 2026-05-19 04:19:13.526 10 WARNING keystone.common.fernet_utils [None req-f1336097-6af9-4006-aff4-591d98374524 - - - - - -] key_repository is world readable: /etc/keystone/fernet-keys/ 10.0.0.201 - - [19/May/2026:04:19:13 +0000] "POST /v3/auth/tokens HTTP/1.1" 201 1360 10.0.0.201 - - [19/May/2026:04:19:13 +0000] "GET /v3/services HTTP/1.1" 200 355 10.0.0.201 - - [19/May/2026:04:19:16 +0000] "GET / HTTP/1.1" 300 295
[Tue May 19 04:19:16.955175 2026] [wsgi:error] [pid 9:tid 139843996817088] [remote 10.0.0.201:50076] 2026-05-19 04:19:16.954 9 WARNING keystone.common.password_hashing [None req-285e928d-4e43-4e65-9f27-df4c5eb0b4ec - - - - - -] Truncating password to algorithm specific maximum length 72 characters.
[Tue May 19 04:19:17.230792 2026] [wsgi:error] [pid 9:tid 139843996817088] [remote 10.0.0.201:50076] 2026-05-19 04:19:17.230 9 WARNING keystone.common.fernet_utils [None req-285e928d-4e43-4e65-9f27-df4c5eb0b4ec - - - - - -] key_repository is world readable: /etc/keystone/fernet-keys/ 10.0.0.201 - - [19/May/2026:04:19:16 +0000] "POST /v3/auth/tokens HTTP/1.1" 201 1360 10.0.0.201 - - [19/May/2026:04:19:17 +0000] "GET /v3/services HTTP/1.1" 200 355 10.0.0.201 - - [19/May/2026:04:19:20 +0000] "GET / HTTP/1.1" 300 295
[Tue May 19 04:19:20.666931 2026] [wsgi:error] [pid 11:tid 139843996817088] [remote 10.0.0.201:35036] 2026-05-19 04:19:20.666 11 WARNING keystone.common.password_hashing [None req-31f43453-11c3-4d29-b803-a3831fa79b0e - - - - - -] Truncating password to algorithm specific maximum length 72 characters.
[Tue May 19 04:19:20.952518 2026] [wsgi:error] [pid 11:tid 139843996817088] [remote 10.0.0.201:35036] 2026-05-19 04:19:20.952 11 WARNING keystone.common.fernet_utils [None req-31f43453-11c3-4d29-b803-a3831fa79b0e - - - - - -] key_repository is world readable: /etc/keystone/fernet-keys/ 10.0.0.201 - - [19/May/2026:04:19:20 +0000] "POST /v3/auth/tokens HTTP/1.1" 201 1360 10.0.0.201 - - [19/May/2026:04:19:21 +0000] "POST /v3/services HTTP/1.1" 201 296 10.0.0.32 - - [19/May/2026:04:19:31 +0000] "GET / HTTP/1.1" 300 295 10.0.0.32 - - [19/May/2026:04:19:31 +0000] "GET / HTTP/1.1" 300 295
[Tue May 19 04:19:31.784119 2026] [wsgi:error] [pid 12:tid 139843996817088] [remote 10.0.0.32:47728] 2026-05-19 04:19:31.783 12 WARNING keystone.common.password_hashing [None req-637059cc-b48e-4c2f-95db-cc8f8414aefc - - - - - -] Truncating password to algorithm specific maximum length 72 characters.
[Tue May 19 04:19:31.793684 2026] [wsgi:error] [pid 9:tid 139843996817088] [remote 10.0.0.32:47740] 2026-05-19 04:19:31.793 9 WARNING keystone.common.password_hashing [None req-3aeaf7ad-7304-4073-96ab-5ea17bf89b22 - - - - - -] Truncating password to algorithm specific maximum length 72 characters. 10.0.0.32 - - [19/May/2026:04:19:31 +0000] "GET / HTTP/1.1" 300 295
[Tue May 19 04:19:31.994072 2026] [wsgi:error] [pid 11:tid 139843996817088] [remote 10.0.0.32:47746] 2026-05-19 04:19:31.993 11 WARNING keystone.common.password_hashing [None req-89e17088-11ce-4d6b-9370-ce774abe6578 - - - - - -] Truncating password to algorithm specific maximum length 72 characters.
[Tue May 19 04:19:32.056061 2026] [wsgi:error] [pid 12:tid 139843996817088] [remote 10.0.0.32:47728] 2026-05-19 04:19:32.055 12 WARNING keystone.common.fernet_utils [None req-637059cc-b48e-4c2f-95db-cc8f8414aefc - - - - - -] key_repository is world readable: /etc/keystone/fernet-keys/ 10.0.0.32 - - [19/May/2026:04:19:31 +0000] "POST /v3/auth/tokens HTTP/1.1" 201 1464
[Tue May 19 04:19:32.068701 2026] [wsgi:error] [pid 9:tid 139843996817088] [remote 10.0.0.32:47740] 2026-05-19 04:19:32.068 9 WARNING keystone.common.fernet_utils [None req-3aeaf7ad-7304-4073-96ab-5ea17bf89b22 - - - - - -] key_repository is world readable: /etc/keystone/fernet-keys/ 10.0.0.32 - - [19/May/2026:04:19:31 +0000] "POST /v3/auth/tokens HTTP/1.1" 201 1464 10.0.0.32 - - [19/May/2026:04:19:32 +0000] "GET /v3/services HTTP/1.1" 200 639 10.0.0.32 - - [19/May/2026:04:19:32 +0000] "GET /v3/services HTTP/1.1" 200 639
[Tue May 19 04:19:32.265011 2026] [wsgi:error] [pid 11:tid 139843996817088] [remote 10.0.0.32:47746] 2026-05-19 04:19:32.264 11 WARNING keystone.common.fernet_utils [None req-89e17088-11ce-4d6b-9370-ce774abe6578 - - - - - -] key_repository is world readable: /etc/keystone/fernet-keys/ 10.0.0.32 - - [19/May/2026:04:19:31 +0000] "POST /v3/auth/tokens HTTP/1.1" 201 1464 10.0.0.32 - - [19/May/2026:04:19:32 +0000] "GET /v3/services HTTP/1.1" 200 639 10.0.0.32 - - [19/May/2026:04:19:33 +0000] "GET / HTTP/1.1" 300 295
[Tue May 19 04:19:33.538436 2026] [wsgi:error] [pid 12:tid 139843996817088] [remote 10.0.0.32:47756] 2026-05-19 04:19:33.538 12 WARNING keystone.common.password_hashing [None req-bd0246aa-0022-497e-87ee-ac232a0cd129 - - - - - -] Truncating password to algorithm specific maximum length 72 characters. 10.0.0.32 - - [19/May/2026:04:19:33 +0000] "GET / HTTP/1.1" 300 295
[Tue May 19 04:19:33.617491 2026] [wsgi:error] [pid 9:tid 139843996817088] [remote 10.0.0.32:47762] 2026-05-19 04:19:33.617 9 WARNING keystone.common.password_hashing [None req-da1e74ad-b2f3-4600-95d4-124741c60d0d - - - - - -] Truncating password to algorithm specific maximum length 72 characters. 10.0.0.32 - - [19/May/2026:04:19:33 +0000] "GET / HTTP/1.1" 300 295
[Tue May 19 04:19:33.752733 2026] [wsgi:error] [pid 11:tid 139843996817088] [remote 10.0.0.32:47764] 2026-05-19 04:19:33.752 11 WARNING keystone.common.password_hashing [None req-cc2982d6-ec68-42bc-a5b8-36f0cd503581 - - - - - -] Truncating password to algorithm specific maximum length 72 characters.
[Tue May 19 04:19:33.815862 2026] [wsgi:error] [pid 12:tid 139843996817088] [remote 10.0.0.32:47756] 2026-05-19 04:19:33.815 12 WARNING keystone.common.fernet_utils [None req-bd0246aa-0022-497e-87ee-ac232a0cd129 - - - - - -] key_repository is world readable: /etc/keystone/fernet-keys/ 10.0.0.32 - - [19/May/2026:04:19:33 +0000] "POST /v3/auth/tokens HTTP/1.1" 201 1464
[Tue May 19 04:19:33.904875 2026] [wsgi:error] [pid 9:tid 139843996817088] [remote 10.0.0.32:47762] 2026-05-19 04:19:33.904 9 WARNING keystone.common.fernet_utils [None req-da1e74ad-b2f3-4600-95d4-124741c60d0d - - - - - -] key_repository is world readable: /etc/keystone/fernet-keys/ 10.0.0.32 - - [19/May/2026:04:19:33 +0000] "POST /v3/auth/tokens HTTP/1.1" 201 1464 10.0.0.32 - - [19/May/2026:04:19:33 +0000] "GET /v3/endpoints HTTP/1.1" 200 1227 10.0.0.32 - - [19/May/2026:04:19:33 +0000] "GET /v3/services/098b767e9da74f539fac81a7cf2a4e6a HTTP/1.1" 200 233 10.0.0.32 - - [19/May/2026:04:19:33 +0000] "GET /v3/services/098b767e9da74f539fac81a7cf2a4e6a HTTP/1.1" 200 233 10.0.0.32 - - [19/May/2026:04:19:34 +0000] "GET /v3/services/098b767e9da74f539fac81a7cf2a4e6a HTTP/1.1" 200 233
[Tue May 19 04:19:34.034575 2026] [wsgi:error] [pid 11:tid 139843996817088] [remote 10.0.0.32:47764] 2026-05-19 04:19:34.034 11 WARNING keystone.common.fernet_utils [None req-cc2982d6-ec68-42bc-a5b8-36f0cd503581 - - - - - -] key_repository is world readable: /etc/keystone/fernet-keys/ 10.0.0.32 - - [19/May/2026:04:19:34 +0000] "GET /v3/endpoints HTTP/1.1" 200 1227 10.0.0.32 - - [19/May/2026:04:19:33 +0000] "POST /v3/auth/tokens HTTP/1.1" 201 1464 10.0.0.32 - - [19/May/2026:04:19:34 +0000] "GET /v3/services/098b767e9da74f539fac81a7cf2a4e6a HTTP/1.1" 200 233 10.0.0.32 - - [19/May/2026:04:19:34 +0000] "GET /v3/services/098b767e9da74f539fac81a7cf2a4e6a HTTP/1.1" 200 233 10.0.0.32 - - [19/May/2026:04:19:34 +0000] "GET /v3/services/098b767e9da74f539fac81a7cf2a4e6a HTTP/1.1" 200 233 10.0.0.32 - - [19/May/2026:04:19:34 +0000] "GET /v3/endpoints HTTP/1.1" 200 1227 10.0.0.32 - - [19/May/2026:04:19:34 +0000] "GET /v3/services/098b767e9da74f539fac81a7cf2a4e6a HTTP/1.1" 200 233 10.0.0.32 - - [19/May/2026:04:19:34 +0000] "GET /v3/services/098b767e9da74f539fac81a7cf2a4e6a HTTP/1.1" 200 233 10.0.0.32 - - [19/May/2026:04:19:34 +0000] "GET /v3/services/098b767e9da74f539fac81a7cf2a4e6a HTTP/1.1" 200 233 10.0.0.32 - - [19/May/2026:04:19:35 +0000] "GET / HTTP/1.1" 300 295
[Tue May 19 04:19:35.381178 2026] [wsgi:error] [pid 9:tid 139843996817088] [remote 10.0.0.32:47780] 2026-05-19 04:19:35.380 9 WARNING keystone.common.password_hashing [None req-c8915170-a096-4cdb-8d83-1da1d33c3b20 - - - - - -] Truncating password to algorithm specific maximum length 72 characters. 10.0.0.32 - - [19/May/2026:04:19:35 +0000] "GET / HTTP/1.1" 300 295
[Tue May 19 04:19:35.471462 2026] [wsgi:error] [pid 10:tid 139843996817088] [remote 10.0.0.32:47792] 2026-05-19 04:19:35.471 10 WARNING keystone.common.password_hashing [None req-1c581680-e182-43d8-a53a-b3e0d544c00d - - - - - -] Truncating password to algorithm specific maximum length 72 characters. 10.0.0.32 - - [19/May/2026:04:19:35 +0000] "GET / HTTP/1.1" 300 295
[Tue May 19 04:19:35.647624 2026] [wsgi:error] [pid 12:tid 139843996817088] [remote 10.0.0.32:47804] 2026-05-19 04:19:35.647 12 WARNING keystone.common.password_hashing [None req-686149c6-83b2-4678-bab8-9af5393e9c58 - - - - - -] Truncating password to algorithm specific maximum length 72 characters.
[Tue May 19 04:19:35.655359 2026] [wsgi:error] [pid 9:tid 139843996817088] [remote 10.0.0.32:47780] 2026-05-19 04:19:35.655 9 WARNING keystone.common.fernet_utils [None req-c8915170-a096-4cdb-8d83-1da1d33c3b20 - - - - - -] key_repository is world readable: /etc/keystone/fernet-keys/ 10.0.0.32 - - [19/May/2026:04:19:35 +0000] "POST /v3/auth/tokens HTTP/1.1" 201 1464
[Tue May 19 04:19:35.742936 2026] [wsgi:error] [pid 10:tid 139843996817088] [remote 10.0.0.32:47792] 2026-05-19 04:19:35.742 10 WARNING keystone.common.fernet_utils [None req-1c581680-e182-43d8-a53a-b3e0d544c00d - - - - - -] key_repository is world readable: /etc/keystone/fernet-keys/ 10.0.0.32 - - [19/May/2026:04:19:35 +0000] "POST /v3/auth/tokens HTTP/1.1" 201 1464 10.0.0.32 - - [19/May/2026:04:19:35 +0000] "GET /v3/services/6e2693bde31c4ae19fb8ce98b6472251 HTTP/1.1" 200 296 10.0.0.32 - - [19/May/2026:04:19:35 +0000] "GET /v3/regions/RegionOne HTTP/1.1" 200 173 10.0.0.32 - - [19/May/2026:04:19:35 +0000] "GET /v3/services/6e2693bde31c4ae19fb8ce98b6472251 HTTP/1.1" 200 296 10.0.0.32 - - [19/May/2026:04:19:35 +0000] "GET /v3/regions/RegionOne HTTP/1.1" 200 173 10.0.0.32 - - [19/May/2026:04:19:35 +0000] "POST /v3/endpoints HTTP/1.1" 201 383
[Tue May 19 04:19:35.933428 2026] [wsgi:error] [pid 12:tid 139843996817088] [remote 10.0.0.32:47804] 2026-05-19 04:19:35.933 12 WARNING keystone.common.fernet_utils [None req-686149c6-83b2-4678-bab8-9af5393e9c58 - - - - - -] key_repository is world readable: /etc/keystone/fernet-keys/ 10.0.0.32 - - [19/May/2026:04:19:35 +0000] "POST /v3/auth/tokens HTTP/1.1" 201 1823 10.0.0.32 - - [19/May/2026:04:19:35 +0000] "POST /v3/endpoints HTTP/1.1" 201 380 10.0.0.32 - - [19/May/2026:04:19:36 +0000] "GET /v3/services/6e2693bde31c4ae19fb8ce98b6472251 HTTP/1.1" 200 296 10.0.0.32 - - [19/May/2026:04:19:36 +0000] "GET /v3/regions/RegionOne HTTP/1.1" 200 173 10.0.0.32 - - [19/May/2026:04:19:36 +0000] "POST /v3/endpoints HTTP/1.1" 201 370 10.0.0.32 - - [19/May/2026:04:19:37 +0000] "GET / HTTP/1.1" 300 295
[Tue May 19 04:19:37.180671 2026] [wsgi:error] [pid 10:tid 139843996817088] [remote 10.0.0.32:42158] 2026-05-19 04:19:37.180 10 WARNING keystone.common.password_hashing [None req-16522e4d-cbb1-4ed5-b237-52e45562c262 - - - - - -] Truncating password to algorithm specific maximum length 72 characters. 10.0.0.32 - - [19/May/2026:04:19:37 +0000] "GET / HTTP/1.1" 300 295
[Tue May 19 04:19:37.383853 2026] [wsgi:error] [pid 11:tid 139843996817088] [remote 10.0.0.32:42174] 2026-05-19 04:19:37.383 11 WARNING keystone.common.password_hashing [None req-5c3e901a-9147-4d9d-bb25-c385f3aa8eae - - - - - -] Truncating password to algorithm specific maximum length 72 characters.
[Tue May 19 04:19:37.457271 2026] [wsgi:error] [pid 10:tid 139843996817088] [remote 10.0.0.32:42158] 2026-05-19 04:19:37.457 10 WARNING keystone.common.fernet_utils [None req-16522e4d-cbb1-4ed5-b237-52e45562c262 - - - - - -] key_repository is world readable: /etc/keystone/fernet-keys/ 10.0.0.32 - - [19/May/2026:04:19:37 +0000] "POST /v3/auth/tokens HTTP/1.1" 201 1992 10.0.0.32 - - [19/May/2026:04:19:37 +0000] "GET / HTTP/1.1" 300 295
[Tue May 19 04:19:37.532930 2026] [wsgi:error] [pid 9:tid 139843996817088] [remote 10.0.0.32:42184] 2026-05-19 04:19:37.532 9 WARNING keystone.common.password_hashing [None req-26b71134-5de7-4fab-9e51-894664df81aa - - - - - -] Truncating password to algorithm specific maximum length 72 characters. 10.0.0.32 - - [19/May/2026:04:19:37 +0000] "GET /v3/endpoints/981553ad50ea407ab1c46d961a97cc0d HTTP/1.1" 200 383 10.0.0.32 - - [19/May/2026:04:19:37 +0000] "GET /v3/services/6e2693bde31c4ae19fb8ce98b6472251 HTTP/1.1" 200 296
[Tue May 19 04:19:37.660513 2026] [wsgi:error] [pid 11:tid 139843996817088] [remote 10.0.0.32:42174] 2026-05-19 04:19:37.660 11 WARNING keystone.common.fernet_utils [None req-5c3e901a-9147-4d9d-bb25-c385f3aa8eae - - - - - -] key_repository is world readable: /etc/keystone/fernet-keys/ 10.0.0.32 - - [19/May/2026:04:19:37 +0000] "POST /v3/auth/tokens HTTP/1.1" 201 1992 10.0.0.32 - - [19/May/2026:04:19:37 +0000] "GET /v3/endpoints/069c7940359d46f4b4cd1b6209faf5e9 HTTP/1.1" 200 380 10.0.0.32 - - [19/May/2026:04:19:37 +0000] "GET /v3/services/6e2693bde31c4ae19fb8ce98b6472251 HTTP/1.1" 200 296
[Tue May 19 04:19:37.823322 2026] [wsgi:error] [pid 9:tid 139843996817088] [remote 10.0.0.32:42184] 2026-05-19 04:19:37.823 9 WARNING keystone.common.fernet_utils [None req-26b71134-5de7-4fab-9e51-894664df81aa - - - - - -] key_repository is world readable: /etc/keystone/fernet-keys/ 10.0.0.32 - - [19/May/2026:04:19:37 +0000] "POST /v3/auth/tokens HTTP/1.1" 201 1992 10.0.0.32 - - [19/May/2026:04:19:37 +0000] "GET /v3/endpoints/41e85e65f07b481f8b6f227806a3307e HTTP/1.1" 200 370 10.0.0.32 - - [19/May/2026:04:19:37 +0000] "GET /v3/services/6e2693bde31c4ae19fb8ce98b6472251 HTTP/1.1" 200 296 10.0.0.228 - - [19/May/2026:04:19:49 +0000] "GET / HTTP/1.1" 300 295
[Tue May 19 04:19:49.878737 2026] [wsgi:error] [pid 9:tid 139843996817088] [remote 10.0.0.228:33358] 2026-05-19 04:19:49.878 9 WARNING keystone.common.password_hashing [None req-022b256d-e667-45ec-bfa2-2b7467536676 - - - - - -] Truncating password to algorithm specific maximum length 72 characters.
[Tue May 19 04:19:50.151522 2026] [wsgi:error] [pid 9:tid 139843996817088] [remote 10.0.0.228:33358] 2026-05-19 04:19:50.151 9 WARNING keystone.common.fernet_utils [None req-022b256d-e667-45ec-bfa2-2b7467536676 - - - - - -] key_repository is world readable: /etc/keystone/fernet-keys/ 10.0.0.228 - - [19/May/2026:04:19:49 +0000] "POST /v3/auth/tokens HTTP/1.1" 201 1992 10.0.0.228 - - [19/May/2026:04:19:50 +0000] "POST /v3/domains HTTP/1.1" 201 284 10.0.0.228 - - [19/May/2026:04:19:51 +0000] "GET / HTTP/1.1" 300 295
[Tue May 19 04:19:51.651665 2026] [wsgi:error] [pid 12:tid 139843996817088] [remote 10.0.0.228:33362] 2026-05-19 04:19:51.651 12 WARNING keystone.common.password_hashing [None req-da42eada-9765-4813-87de-49933bacaff7 - - - - - -] Truncating password to algorithm specific maximum length 72 characters.
[Tue May 19 04:19:51.922648 2026] [wsgi:error] [pid 12:tid 139843996817088] [remote 10.0.0.228:33362] 2026-05-19 04:19:51.922 12 WARNING keystone.common.fernet_utils [None req-da42eada-9765-4813-87de-49933bacaff7 - - - - - -] key_repository is world readable: /etc/keystone/fernet-keys/ 10.0.0.228 - - [19/May/2026:04:19:51 +0000] "POST /v3/auth/tokens HTTP/1.1" 201 1992
[Tue May 19 04:19:52.104652 2026] [wsgi:error] [pid 9:tid 139843996817088] [remote 10.0.0.228:33362] 2026-05-19 04:19:52.089 9 ERROR keystone.server.flask.application [None req-e4a828ea-e0db-467e-950d-3ca6487c46cd c6b3b610d28a4b8c875edf307628acb9 234ddfbd7eac4af885738b0f192da72b - - default default] Conflict occurred attempting to store project - it is not permitted to have two projects acting as domains with the same name: service.: keystone.exception.Conflict: Conflict occurred attempting to store project - it is not permitted to have two projects acting as domains with the same name: service.
[Tue May 19 04:19:52.104685 2026] [wsgi:error] [pid 9:tid 139843996817088] [remote 10.0.0.228:33362] 2026-05-19 04:19:52.089 9 ERROR keystone.server.flask.application
Traceback (most recent call last):
[Tue May 19 04:19:52.104687 2026] [wsgi:error] [pid 9:tid 139843996817088] [remote 10.0.0.228:33362] 2026-05-19 04:19:52.089 9 ERROR keystone.server.flask.application
File "/var/lib/openstack/lib/python3.12/site-packages/sqlalchemy/engine/base.py", line 1967, in _exec_single_context
[Tue May 19 04:19:52.104689 2026] [wsgi:error] [pid 9:tid 139843996817088] [remote 10.0.0.228:33362] 2026-05-19 04:19:52.089 9 ERROR keystone.server.flask.application self.dialect.do_execute(
[Tue May 19 04:19:52.104691 2026] [wsgi:error] [pid 9:tid 139843996817088] [remote 10.0.0.228:33362] 2026-05-19 04:19:52.089 9 ERROR keystone.server.flask.application
File "/var/lib/openstack/lib/python3.12/site-packages/sqlalchemy/engine/default.py", line 952, in do_execute
[Tue May 19 04:19:52.104692 2026] [wsgi:error] [pid 9:tid 139843996817088] [remote 10.0.0.228:33362] 2026-05-19 04:19:52.089 9 ERROR keystone.server.flask.application cursor.execute(statement, parameters)
[Tue May 19 04:19:52.104694 2026] [wsgi:error] [pid 9:tid 139843996817088] [remote 10.0.0.228:33362] 2026-05-19 04:19:52.089 9 ERROR keystone.server.flask.application
File "/var/lib/openstack/lib/python3.12/site-packages/pymysql/cursors.py", line 157, in execute
[Tue May 19 04:19:52.104696 2026] [wsgi:error] [pid 9:tid 139843996817088] [remote 10.0.0.228:33362] 2026-05-19 04:19:52.089 9 ERROR keystone.server.flask.application result = self._query(query)
[Tue May 19 04:19:52.104697 2026] [wsgi:error] [pid 9:tid 139843996817088] [remote 10.0.0.228:33362] 2026-05-19 04:19:52.089 9 ERROR keystone.server.flask.application ^^^^^^^^^^^^^^^^^^
[Tue May 19 04:19:52.104698 2026] [wsgi:error] [pid 9:tid 139843996817088] [remote 10.0.0.228:33362] 2026-05-19 04:19:52.089 9 ERROR keystone.server.flask.application
File "/var/lib/openstack/lib/python3.12/site-packages/pymysql/cursors.py", line 328, in _query
[Tue May 19 04:19:52.104700 2026] [wsgi:error] [pid 9:tid 139843996817088] [remote 10.0.0.228:33362] 2026-05-19 04:19:52.089 9 ERROR keystone.server.flask.application conn.query(q)
[Tue May 19 04:19:52.104701 2026] [wsgi:error] [pid 9:tid 139843996817088] [remote 10.0.0.228:33362] 2026-05-19 04:19:52.089 9 ERROR keystone.server.flask.application
File "/var/lib/openstack/lib/python3.12/site-packages/pymysql/connections.py", line 575, in query
[Tue May 19 04:19:52.104703 2026] [wsgi:error] [pid 9:tid 139843996817088] [remote 10.0.0.228:33362] 2026-05-19 04:19:52.089 9 ERROR keystone.server.flask.application self._affected_rows = self._read_query_result(unbuffered=unbuffered)
[Tue May 19 04:19:52.104704 2026] [wsgi:error] [pid 9:tid 139843996817088] [remote 10.0.0.228:33362] 2026-05-19 04:19:52.089 9 ERROR keystone.server.flask.application ^^^^^^^^^^^^^^^^^^^^^^^^^^^^^^^^^^^^^^^^^^^^^^
[Tue May 19 04:19:52.104706 2026] [wsgi:error] [pid 9:tid 139843996817088] [remote 10.0.0.228:33362] 2026-05-19 04:19:52.089 9 ERROR keystone.server.flask.application
File "/var/lib/openstack/lib/python3.12/site-packages/pymysql/connections.py", line 826, in _read_query_result
[Tue May 19 04:19:52.104707 2026] [wsgi:error] [pid 9:tid 139843996817088] [remote 10.0.0.228:33362] 2026-05-19 04:19:52.089 9 ERROR keystone.server.flask.application result.read()
[Tue May 19 04:19:52.104710 2026] [wsgi:error] [pid 9:tid 139843996817088] [remote 10.0.0.228:33362] 2026-05-19 04:19:52.089 9 ERROR keystone.server.flask.application
File "/var/lib/openstack/lib/python3.12/site-packages/pymysql/connections.py", line 1203, in read
[Tue May 19 04:19:52.104712 2026] [wsgi:error] [pid 9:tid 139843996817088] [remote 10.0.0.228:33362] 2026-05-19 04:19:52.089 9 ERROR keystone.server.flask.application first_packet = self.connection._read_packet()
[Tue May 19 04:19:52.104713 2026] [wsgi:error] [pid 9:tid 139843996817088] [remote 10.0.0.228:33362] 2026-05-19 04:19:52.089 9 ERROR keystone.server.flask.application ^^^^^^^^^^^^^^^^^^^^^^^^^^^^^^
[Tue May 19 04:19:52.104714 2026] [wsgi:error] [pid 9:tid 139843996817088] [remote 10.0.0.228:33362] 2026-05-19 04:19:52.089 9 ERROR keystone.server.flask.application
File "/var/lib/openstack/lib/python3.12/site-packages/pymysql/connections.py", line 782, in _read_packet
[Tue May 19 04:19:52.104716 2026] [wsgi:error] [pid 9:tid 139843996817088] [remote 10.0.0.228:33362] 2026-05-19 04:19:52.089 9 ERROR keystone.server.flask.application packet.raise_for_error()
[Tue May 19 04:19:52.104717 2026] [wsgi:error] [pid 9:tid 139843996817088] [remote 10.0.0.228:33362] 2026-05-19 04:19:52.089 9 ERROR keystone.server.flask.application
File "/var/lib/openstack/lib/python3.12/site-packages/pymysql/protocol.py", line 219, in raise_for_error
[Tue May 19 04:19:52.104719 2026] [wsgi:error] [pid 9:tid 139843996817088] [remote 10.0.0.228:33362] 2026-05-19 04:19:52.089 9 ERROR keystone.server.flask.application err.raise_mysql_exception(self._data)
[Tue May 19 04:19:52.104720 2026] [wsgi:error] [pid 9:tid 139843996817088] [remote 10.0.0.228:33362] 2026-05-19 04:19:52.089 9 ERROR keystone.server.flask.application
File "/var/lib/openstack/lib/python3.12/site-packages/pymysql/err.py", line 150, in raise_mysql_exception
[Tue May 19 04:19:52.104721 2026] [wsgi:error] [pid 9:tid 139843996817088] [remote 10.0.0.228:33362] 2026-05-19 04:19:52.089 9 ERROR keystone.server.flask.application raise errorclass(errno, errval)
[Tue May 19 04:19:52.104723 2026] [wsgi:error] [pid 9:tid 139843996817088] [remote 10.0.0.228:33362] 2026-05-19 04:19:52.089 9 ERROR keystone.server.flask.application pymysql.err.IntegrityError: (1062, "Duplicate entry '<>-service' for key 'project.ixu_project_name_domain_id'")
[Tue May 19 04:19:52.104725 2026] [wsgi:error] [pid 9:tid 139843996817088] [remote 10.0.0.228:33362] 2026-05-19 04:19:52.089 9 ERROR keystone.server.flask.application
[Tue May 19 04:19:52.104726 2026] [wsgi:error] [pid 9:tid 139843996817088] [remote 10.0.0.228:33362] 2026-05-19 04:19:52.089 9 ERROR keystone.server.flask.application The above exception was the direct cause of the following exception:
[Tue May 19 04:19:52.104728 2026] [wsgi:error] [pid 9:tid 139843996817088] [remote 10.0.0.228:33362] 2026-05-19 04:19:52.089 9 ERROR keystone.server.flask.application
[Tue May 19 04:19:52.104729 2026] [wsgi:error] [pid 9:tid 139843996817088] [remote 10.0.0.228:33362] 2026-05-19 04:19:52.089 9 ERROR keystone.server.flask.application
Traceback (most recent call last):
[Tue May 19 04:19:52.104730 2026] [wsgi:error] [pid 9:tid 139843996817088] [remote 10.0.0.228:33362] 2026-05-19 04:19:52.089 9 ERROR keystone.server.flask.application
File "/var/lib/openstack/lib/python3.12/site-packages/keystone/common/sql/core.py", line 575, in wrapper
[Tue May 19 04:19:52.104732 2026] [wsgi:error] [pid 9:tid 139843996817088] [remote 10.0.0.228:33362] 2026-05-19 04:19:52.089 9 ERROR keystone.server.flask.application return method(*args, **kwargs)
[Tue May 19 04:19:52.104733 2026] [wsgi:error] [pid 9:tid 139843996817088] [remote 10.0.0.228:33362] 2026-05-19 04:19:52.089 9 ERROR keystone.server.flask.application ^^^^^^^^^^^^^^^^^^^^^^^
[Tue May 19 04:19:52.104735 2026] [wsgi:error] [pid 9:tid 139843996817088] [remote 10.0.0.228:33362] 2026-05-19 04:19:52.089 9 ERROR keystone.server.flask.application
File "/var/lib/openstack/lib/python3.12/site-packages/keystone/resource/backends/sql.py", line 278, in create_project
[Tue May 19 04:19:52.104737 2026] [wsgi:error] [pid 9:tid 139843996817088] [remote 10.0.0.228:33362] 2026-05-19 04:19:52.089 9 ERROR keystone.server.flask.application with sql.session_for_write() as session:
[Tue May 19 04:19:52.104738 2026] [wsgi:error] [pid 9:tid 139843996817088] [remote 10.0.0.228:33362] 2026-05-19 04:19:52.089 9 ERROR keystone.server.flask.application
File "/usr/lib/python3.12/contextlib.py", line 144, in __exit__
[Tue May 19 04:19:52.104740 2026] [wsgi:error] [pid 9:tid 139843996817088] [remote 10.0.0.228:33362] 2026-05-19 04:19:52.089 9 ERROR keystone.server.flask.application next(self.gen)
[Tue May 19 04:19:52.104741 2026] [wsgi:error] [pid 9:tid 139843996817088] [remote 10.0.0.228:33362] 2026-05-19 04:19:52.089 9 ERROR keystone.server.flask.application
File "/var/lib/openstack/lib/python3.12/site-packages/oslo_db/sqlalchemy/enginefacade.py", line 1175, in _transaction_scope
[Tue May 19 04:19:52.104742 2026] [wsgi:error] [pid 9:tid 139843996817088] [remote 10.0.0.228:33362] 2026-05-19 04:19:52.089 9 ERROR keystone.server.flask.application with current._produce_block(
[Tue May 19 04:19:52.104744 2026] [wsgi:error] [pid 9:tid 139843996817088] [remote 10.0.0.228:33362] 2026-05-19 04:19:52.089 9 ERROR keystone.server.flask.application
File "/usr/lib/python3.12/contextlib.py", line 144, in __exit__
[Tue May 19 04:19:52.104745 2026] [wsgi:error] [pid 9:tid 139843996817088] [remote 10.0.0.228:33362] 2026-05-19 04:19:52.089 9 ERROR keystone.server.flask.application next(self.gen)
[Tue May 19 04:19:52.104747 2026] [wsgi:error] [pid 9:tid 139843996817088] [remote 10.0.0.228:33362] 2026-05-19 04:19:52.089 9 ERROR keystone.server.flask.application
File "/var/lib/openstack/lib/python3.12/site-packages/oslo_db/sqlalchemy/enginefacade.py", line 837, in _session
[Tue May 19 04:19:52.104748 2026] [wsgi:error] [pid 9:tid 139843996817088] [remote 10.0.0.228:33362] 2026-05-19 04:19:52.089 9 ERROR keystone.server.flask.application with excutils.save_and_reraise_exception():
[Tue May 19 04:19:52.104749 2026] [wsgi:error] [pid 9:tid 139843996817088] [remote 10.0.0.228:33362] 2026-05-19 04:19:52.089 9 ERROR keystone.server.flask.application
File "/var/lib/openstack/lib/python3.12/site-packages/oslo_utils/excutils.py", line 271, in __exit__
[Tue May 19 04:19:52.104751 2026] [wsgi:error] [pid 9:tid 139843996817088] [remote 10.0.0.228:33362] 2026-05-19 04:19:52.089 9 ERROR keystone.server.flask.application self.force_reraise()
[Tue May 19 04:19:52.104762 2026] [wsgi:error] [pid 9:tid 139843996817088] [remote 10.0.0.228:33362] 2026-05-19 04:19:52.089 9 ERROR keystone.server.flask.application
File "/var/lib/openstack/lib/python3.12/site-packages/oslo_utils/excutils.py", line 233, in force_reraise
[Tue May 19 04:19:52.104764 2026] [wsgi:error] [pid 9:tid 139843996817088] [remote 10.0.0.228:33362] 2026-05-19 04:19:52.089 9 ERROR keystone.server.flask.application raise self.value
[Tue May 19 04:19:52.104765 2026] [wsgi:error] [pid 9:tid 139843996817088] [remote 10.0.0.228:33362] 2026-05-19 04:19:52.089 9 ERROR keystone.server.flask.application
File "/var/lib/openstack/lib/python3.12/site-packages/oslo_db/sqlalchemy/enginefacade.py", line 835, in _session
[Tue May 19 04:19:52.104767 2026] [wsgi:error] [pid 9:tid 139843996817088] [remote 10.0.0.228:33362] 2026-05-19 04:19:52.089 9 ERROR keystone.server.flask.application self._end_session_transaction(self.session)
[Tue May 19 04:19:52.104768 2026] [wsgi:error] [pid 9:tid 139843996817088] [remote 10.0.0.228:33362] 2026-05-19 04:19:52.089 9 ERROR keystone.server.flask.application
File "/var/lib/openstack/lib/python3.12/site-packages/oslo_db/sqlalchemy/enginefacade.py", line 748, in _end_session_transaction
[Tue May 19 04:19:52.104770 2026] [wsgi:error] [pid 9:tid 139843996817088] [remote 10.0.0.228:33362] 2026-05-19 04:19:52.089 9 ERROR keystone.server.flask.application session.commit()
[Tue May 19 04:19:52.104772 2026] [wsgi:error] [pid 9:tid 139843996817088] [remote 10.0.0.228:33362] 2026-05-19 04:19:52.089 9 ERROR keystone.server.flask.application
File "/var/lib/openstack/lib/python3.12/site-packages/sqlalchemy/orm/session.py", line 2030, in commit
[Tue May 19 04:19:52.104773 2026] [wsgi:error] [pid 9:tid 139843996817088] [remote 10.0.0.228:33362] 2026-05-19 04:19:52.089 9 ERROR keystone.server.flask.application trans.commit(_to_root=True)
[Tue May 19 04:19:52.104775 2026] [wsgi:error] [pid 9:tid 139843996817088] [remote 10.0.0.228:33362] 2026-05-19 04:19:52.089 9 ERROR keystone.server.flask.application File "", line 2, in commit
[Tue May 19 04:19:52.104776 2026] [wsgi:error] [pid 9:tid 139843996817088] [remote 10.0.0.228:33362] 2026-05-19 04:19:52.089 9 ERROR keystone.server.flask.application
File "/var/lib/openstack/lib/python3.12/site-packages/sqlalchemy/orm/state_changes.py", line 137, in _go
[Tue May 19 04:19:52.104778 2026] [wsgi:error] [pid 9:tid 139843996817088] [remote 10.0.0.228:33362] 2026-05-19 04:19:52.089 9 ERROR keystone.server.flask.application ret_value = fn(self, *arg, **kw)
[Tue May 19 04:19:52.104779 2026] [wsgi:error] [pid 9:tid 139843996817088] [remote 10.0.0.228:33362] 2026-05-19 04:19:52.089 9 ERROR keystone.server.flask.application ^^^^^^^^^^^^^^^^^^^^
[Tue May 19 04:19:52.104781 2026] [wsgi:error] [pid 9:tid 139843996817088] [remote 10.0.0.228:33362] 2026-05-19 04:19:52.089 9 ERROR keystone.server.flask.application
File "/var/lib/openstack/lib/python3.12/site-packages/sqlalchemy/orm/session.py", line 1311, in commit
[Tue May 19 04:19:52.104783 2026] [wsgi:error] [pid 9:tid 139843996817088] [remote 10.0.0.228:33362] 2026-05-19 04:19:52.089 9 ERROR keystone.server.flask.application self._prepare_impl()
[Tue May 19 04:19:52.104785 2026] [wsgi:error] [pid 9:tid 139843996817088] [remote 10.0.0.228:33362] 2026-05-19 04:19:52.089 9 ERROR keystone.server.flask.application File "", line 2, in _prepare_impl
[Tue May 19 04:19:52.104789 2026] [wsgi:error] [pid 9:tid 139843996817088] [remote 10.0.0.228:33362] 2026-05-19 04:19:52.089 9 ERROR keystone.server.flask.application
File "/var/lib/openstack/lib/python3.12/site-packages/sqlalchemy/orm/state_changes.py", line 137, in _go
[Tue May 19 04:19:52.104795 2026] [wsgi:error] [pid 9:tid 139843996817088] [remote 10.0.0.228:33362] 2026-05-19 04:19:52.089 9 ERROR keystone.server.flask.application ret_value = fn(self, *arg, **kw)
[Tue May 19 04:19:52.104798 2026] [wsgi:error] [pid 9:tid 139843996817088] [remote 10.0.0.228:33362] 2026-05-19 04:19:52.089 9 ERROR keystone.server.flask.application ^^^^^^^^^^^^^^^^^^^^
[Tue May 19 04:19:52.104801 2026] [wsgi:error] [pid 9:tid 139843996817088] [remote 10.0.0.228:33362] 2026-05-19 04:19:52.089 9 ERROR keystone.server.flask.application
File "/var/lib/openstack/lib/python3.12/site-packages/sqlalchemy/orm/session.py", line 1286, in _prepare_impl
[Tue May 19 04:19:52.104804 2026] [wsgi:error] [pid 9:tid 139843996817088] [remote 10.0.0.228:33362] 2026-05-19 04:19:52.089 9 ERROR keystone.server.flask.application self.session.flush()
[Tue May 19 04:19:52.104806 2026] [wsgi:error] [pid 9:tid 139843996817088] [remote 10.0.0.228:33362] 2026-05-19 04:19:52.089 9 ERROR keystone.server.flask.application
File "/var/lib/openstack/lib/python3.12/site-packages/sqlalchemy/orm/session.py", line 4331, in flush
[Tue May 19 04:19:52.104809 2026] [wsgi:error] [pid 9:tid 139843996817088] [remote 10.0.0.228:33362] 2026-05-19 04:19:52.089 9 ERROR keystone.server.flask.application self._flush(objects)
[Tue May 19 04:19:52.104812 2026] [wsgi:error] [pid 9:tid 139843996817088] [remote 10.0.0.228:33362] 2026-05-19 04:19:52.089 9 ERROR keystone.server.flask.application
File "/var/lib/openstack/lib/python3.12/site-packages/sqlalchemy/orm/session.py", line 4466, in _flush
[Tue May 19 04:19:52.104814 2026] [wsgi:error] [pid 9:tid 139843996817088] [remote 10.0.0.228:33362] 2026-05-19 04:19:52.089 9 ERROR keystone.server.flask.application with util.safe_reraise():
[Tue May 19 04:19:52.104817 2026] [wsgi:error] [pid 9:tid 139843996817088] [remote 10.0.0.228:33362] 2026-05-19 04:19:52.089 9 ERROR keystone.server.flask.application
File "/var/lib/openstack/lib/python3.12/site-packages/sqlalchemy/util/langhelpers.py", line 121, in __exit__
[Tue May 19 04:19:52.104819 2026] [wsgi:error] [pid 9:tid 139843996817088] [remote 10.0.0.228:33362] 2026-05-19 04:19:52.089 9 ERROR keystone.server.flask.application raise exc_value.with_traceback(exc_tb)
[Tue May 19 04:19:52.104822 2026] [wsgi:error] [pid 9:tid 139843996817088] [remote 10.0.0.228:33362] 2026-05-19 04:19:52.089 9 ERROR keystone.server.flask.application
File "/var/lib/openstack/lib/python3.12/site-packages/sqlalchemy/orm/session.py", line 4427, in _flush
[Tue May 19 04:19:52.104825 2026] [wsgi:error] [pid 9:tid 139843996817088] [remote 10.0.0.228:33362] 2026-05-19 04:19:52.089 9 ERROR keystone.server.flask.application flush_context.execute()
[Tue May 19 04:19:52.104828 2026] [wsgi:error] [pid 9:tid 139843996817088] [remote 10.0.0.228:33362] 2026-05-19 04:19:52.089 9 ERROR keystone.server.flask.application
File "/var/lib/openstack/lib/python3.12/site-packages/sqlalchemy/orm/unitofwork.py", line 466, in execute
[Tue May 19 04:19:52.104831 2026] [wsgi:error] [pid 9:tid 139843996817088] [remote 10.0.0.228:33362] 2026-05-19 04:19:52.089 9 ERROR keystone.server.flask.application rec.execute(self)
