2026-05-19 05:22:43.049 8 INFO placement.requestlog [req-f4606f63-6716-4250-b44c-8f8887581d8a req-acd375f5-fb51-4aa3-aee6-5b5b21289c75 36415772b805406f9cd6d159394e22da 2c2653538604437fb29f3d5650428a11 - - ce7d4c7b9e4245fca332d648655a2b7a ce7d4c7b9e4245fca332d648655a2b7a] 10.0.0.232 "GET /allocation_candidates?limit=1000&resources=DISK_GB%3A1%2CMEMORY_MB%3A512%2CVCPU%3A1&root_required=%21COMPUTE_STATUS_DISABLED" status: 200 len: 2781 microversion: 1.36 [pid: 8|app: 0|req: 613/1222] 10.0.0.232 () {34 vars in 1012 bytes} [Tue May 19 05:22:42 2026] GET /allocation_candidates?limit=1000&resources=DISK_GB%3A1%2CMEMORY_MB%3A512%2CVCPU%3A1&root_required=%21COMPUTE_STATUS_DISABLED => generated 2781 bytes in 157 msecs (HTTP/1.1 200) 8 headers in 297 bytes (1 switches on core 0)
2026-05-19 05:22:43.083 9 INFO placement.requestlog [req-f4606f63-6716-4250-b44c-8f8887581d8a req-83db2331-fbf4-4071-bf26-f6ba10ff6f96 36415772b805406f9cd6d159394e22da 2c2653538604437fb29f3d5650428a11 - - ce7d4c7b9e4245fca332d648655a2b7a ce7d4c7b9e4245fca332d648655a2b7a] 10.0.0.232 "GET /allocations/fadc7193-f99a-463a-a1d4-7ec897a91a21" status: 200 len: 19 microversion: 1.28 [pid: 9|app: 0|req: 610/1223] 10.0.0.232 () {34 vars in 861 bytes} [Tue May 19 05:22:43 2026] GET /allocations/fadc7193-f99a-463a-a1d4-7ec897a91a21 => generated 19 bytes in 12 msecs (HTTP/1.1 200) 8 headers in 295 bytes (1 switches on core 0)
2026-05-19 05:22:43.158 8 INFO placement.requestlog [req-f4606f63-6716-4250-b44c-8f8887581d8a req-79a8c2ea-921e-43cc-9875-263c82730d48 36415772b805406f9cd6d159394e22da 2c2653538604437fb29f3d5650428a11 - - ce7d4c7b9e4245fca332d648655a2b7a ce7d4c7b9e4245fca332d648655a2b7a] 10.0.0.232 "PUT /allocations/fadc7193-f99a-463a-a1d4-7ec897a91a21" status: 204 len: 0 microversion: 1.36 [pid: 8|app: 0|req: 614/1224] 10.0.0.232 () {38 vars in 914 bytes} [Tue May 19 05:22:43 2026] PUT /allocations/fadc7193-f99a-463a-a1d4-7ec897a91a21 => generated 0 bytes in 67 msecs (HTTP/1.1 204) 5 headers in 199 bytes (1 switches on core 0)
2026-05-19 05:22:44.545 9 INFO placement.requestlog [req-f4606f63-6716-4250-b44c-8f8887581d8a req-456aee2b-5d60-4a3f-b44e-a93b93fb8180 36415772b805406f9cd6d159394e22da 2c2653538604437fb29f3d5650428a11 - - ce7d4c7b9e4245fca332d648655a2b7a ce7d4c7b9e4245fca332d648655a2b7a] 162.253.55.100 "GET /allocations/fadc7193-f99a-463a-a1d4-7ec897a91a21" status: 200 len: 258 microversion: 1.28 [pid: 9|app: 0|req: 611/1225] 162.253.55.100 () {34 vars in 863 bytes} [Tue May 19 05:22:44 2026] GET /allocations/fadc7193-f99a-463a-a1d4-7ec897a91a21 => generated 258 bytes in 14 msecs (HTTP/1.1 200) 8 headers in 296 bytes (1 switches on core 0)
2026-05-19 05:22:45.589 8 INFO placement.requestlog [req-f4606f63-6716-4250-b44c-8f8887581d8a req-3e186326-765e-4bf3-8fca-3c6a06172024 36415772b805406f9cd6d159394e22da 2c2653538604437fb29f3d5650428a11 - - ce7d4c7b9e4245fca332d648655a2b7a ce7d4c7b9e4245fca332d648655a2b7a] 162.253.55.100 "GET /resource_providers/d7fabf6f-c235-431c-bc46-0521c33030ff/allocations" status: 200 len: 153 microversion: 1.0 [pid: 8|app: 0|req: 615/1226] 162.253.55.100 () {32 vars in 857 bytes} [Tue May 19 05:22:45 2026] GET /resource_providers/d7fabf6f-c235-431c-bc46-0521c33030ff/allocations => generated 153 bytes in 20 msecs (HTTP/1.1 200) 6 headers in 224 bytes (1 switches on core 0)
2026-05-19 05:22:45.612 9 INFO placement.requestlog [req-f4606f63-6716-4250-b44c-8f8887581d8a req-46f6d284-5db5-4d32-986c-19b2ce332dd3 36415772b805406f9cd6d159394e22da 2c2653538604437fb29f3d5650428a11 - - ce7d4c7b9e4245fca332d648655a2b7a ce7d4c7b9e4245fca332d648655a2b7a] 162.253.55.100 "GET /allocations/fadc7193-f99a-463a-a1d4-7ec897a91a21" status: 200 len: 258 microversion: 1.28 [pid: 9|app: 0|req: 612/1227] 162.253.55.100 () {34 vars in 863 bytes} [Tue May 19 05:22:45 2026] GET /allocations/fadc7193-f99a-463a-a1d4-7ec897a91a21 => generated 258 bytes in 17 msecs (HTTP/1.1 200) 8 headers in 296 bytes (1 switches on core 0)
2026-05-19 05:22:50.935 8 INFO placement.requestlog [None req-329e3407-fdcb-43e7-96f1-b2092234b5de - - - - - -] 10.0.0.205 "GET /" status: 200 len: 136 microversion: 1.0
2026-05-19 05:22:50.935 9 INFO placement.requestlog [None req-135ac5dc-0e29-4f87-8aa1-bb77db3e92ab - - - - - -] 10.0.0.205 "GET /" status: 200 len: 136 microversion: 1.0
2026-05-19 05:23:00.643 8 INFO placement.requestlog [req-9b12d24b-6a3f-4f63-8620-81adbab9c4c0 req-18680276-f4be-4b95-9b2f-e4e8ad2a508a 36415772b805406f9cd6d159394e22da 2c2653538604437fb29f3d5650428a11 - - ce7d4c7b9e4245fca332d648655a2b7a ce7d4c7b9e4245fca332d648655a2b7a] 10.0.0.232 "GET /allocation_candidates?limit=1000&resources=DISK_GB%3A1%2CMEMORY_MB%3A512%2CVCPU%3A1&root_required=%21COMPUTE_STATUS_DISABLED" status: 200 len: 2783 microversion: 1.36 [pid: 8|app: 0|req: 617/1230] 10.0.0.232 () {34 vars in 1012 bytes} [Tue May 19 05:23:00 2026] GET /allocation_candidates?limit=1000&resources=DISK_GB%3A1%2CMEMORY_MB%3A512%2CVCPU%3A1&root_required=%21COMPUTE_STATUS_DISABLED => generated 2783 bytes in 55 msecs (HTTP/1.1 200) 8 headers in 297 bytes (1 switches on core 0)
2026-05-19 05:23:00.672 9 INFO placement.requestlog [req-9b12d24b-6a3f-4f63-8620-81adbab9c4c0 req-53f4561a-9cf2-4142-8f6d-717a7dcc7f4f 36415772b805406f9cd6d159394e22da 2c2653538604437fb29f3d5650428a11 - - ce7d4c7b9e4245fca332d648655a2b7a ce7d4c7b9e4245fca332d648655a2b7a] 10.0.0.232 "GET /allocations/e53dcf90-3b1b-4bbf-a9e7-e625a60c5e77" status: 200 len: 19 microversion: 1.28 [pid: 9|app: 0|req: 614/1231] 10.0.0.232 () {34 vars in 861 bytes} [Tue May 19 05:23:00 2026] GET /allocations/e53dcf90-3b1b-4bbf-a9e7-e625a60c5e77 => generated 19 bytes in 10 msecs (HTTP/1.1 200) 8 headers in 295 bytes (1 switches on core 0)
2026-05-19 05:23:00.726 8 INFO placement.requestlog [req-9b12d24b-6a3f-4f63-8620-81adbab9c4c0 req-73445975-512a-4aff-b3e5-a62296ffcb23 36415772b805406f9cd6d159394e22da 2c2653538604437fb29f3d5650428a11 - - ce7d4c7b9e4245fca332d648655a2b7a ce7d4c7b9e4245fca332d648655a2b7a] 10.0.0.232 "PUT /allocations/e53dcf90-3b1b-4bbf-a9e7-e625a60c5e77" status: 204 len: 0 microversion: 1.36 [pid: 8|app: 0|req: 618/1232] 10.0.0.232 () {38 vars in 914 bytes} [Tue May 19 05:23:00 2026] PUT /allocations/e53dcf90-3b1b-4bbf-a9e7-e625a60c5e77 => generated 0 bytes in 48 msecs (HTTP/1.1 204) 5 headers in 199 bytes (1 switches on core 0)
2026-05-19 05:23:00.934 8 INFO placement.requestlog [None req-d5b39be9-4557-4758-acc7-62ec91184e27 - - - - - -] 10.0.0.205 "GET /" status: 200 len: 136 microversion: 1.0
2026-05-19 05:23:00.934 9 INFO placement.requestlog [None req-06bd62d3-b50c-4cfb-b967-b1e5fa1a45ae - - - - - -] 10.0.0.205 "GET /" status: 200 len: 136 microversion: 1.0
2026-05-19 05:23:02.234 8 INFO placement.requestlog [req-9b12d24b-6a3f-4f63-8620-81adbab9c4c0 req-f4846852-e99a-41a1-afaa-71472b38b549 36415772b805406f9cd6d159394e22da 2c2653538604437fb29f3d5650428a11 - - ce7d4c7b9e4245fca332d648655a2b7a ce7d4c7b9e4245fca332d648655a2b7a] 162.253.55.100 "GET /allocations/e53dcf90-3b1b-4bbf-a9e7-e625a60c5e77" status: 200 len: 258 microversion: 1.28 [pid: 8|app: 0|req: 620/1235] 162.253.55.100 () {34 vars in 863 bytes} [Tue May 19 05:23:02 2026] GET /allocations/e53dcf90-3b1b-4bbf-a9e7-e625a60c5e77 => generated 258 bytes in 14 msecs (HTTP/1.1 200) 8 headers in 296 bytes (1 switches on core 0)
2026-05-19 05:23:03.280 9 INFO placement.requestlog [req-9b12d24b-6a3f-4f63-8620-81adbab9c4c0 req-c9423f8a-69a6-4aea-acf1-635df59e5ced 36415772b805406f9cd6d159394e22da 2c2653538604437fb29f3d5650428a11 - - ce7d4c7b9e4245fca332d648655a2b7a ce7d4c7b9e4245fca332d648655a2b7a] 162.253.55.100 "GET /resource_providers/d7fabf6f-c235-431c-bc46-0521c33030ff/allocations" status: 200 len: 253 microversion: 1.0 [pid: 9|app: 0|req: 616/1236] 162.253.55.100 () {32 vars in 857 bytes} [Tue May 19 05:23:03 2026] GET /resource_providers/d7fabf6f-c235-431c-bc46-0521c33030ff/allocations => generated 253 bytes in 22 msecs (HTTP/1.1 200) 6 headers in 224 bytes (1 switches on core 0)
2026-05-19 05:23:03.301 8 INFO placement.requestlog [req-9b12d24b-6a3f-4f63-8620-81adbab9c4c0 req-3521cdce-e626-4cae-b3de-b331e300d083 36415772b805406f9cd6d159394e22da 2c2653538604437fb29f3d5650428a11 - - ce7d4c7b9e4245fca332d648655a2b7a ce7d4c7b9e4245fca332d648655a2b7a] 162.253.55.100 "GET /allocations/fadc7193-f99a-463a-a1d4-7ec897a91a21" status: 200 len: 258 microversion: 1.28 [pid: 8|app: 0|req: 621/1237] 162.253.55.100 () {34 vars in 863 bytes} [Tue May 19 05:23:03 2026] GET /allocations/fadc7193-f99a-463a-a1d4-7ec897a91a21 => generated 258 bytes in 16 msecs (HTTP/1.1 200) 8 headers in 296 bytes (1 switches on core 0)
2026-05-19 05:23:03.329 9 INFO placement.requestlog [req-9b12d24b-6a3f-4f63-8620-81adbab9c4c0 req-4bf9a7bb-b172-404b-892b-a070a2b42fed 36415772b805406f9cd6d159394e22da 2c2653538604437fb29f3d5650428a11 - - ce7d4c7b9e4245fca332d648655a2b7a ce7d4c7b9e4245fca332d648655a2b7a] 162.253.55.100 "GET /allocations/e53dcf90-3b1b-4bbf-a9e7-e625a60c5e77" status: 200 len: 258 microversion: 1.28 [pid: 9|app: 0|req: 617/1238] 162.253.55.100 () {34 vars in 863 bytes} [Tue May 19 05:23:03 2026] GET /allocations/e53dcf90-3b1b-4bbf-a9e7-e625a60c5e77 => generated 258 bytes in 21 msecs (HTTP/1.1 200) 8 headers in 296 bytes (1 switches on core 0)
2026-05-19 05:23:10.935 8 INFO placement.requestlog [None req-8d19098e-65c2-41fd-95d4-0e4b3814abb7 - - - - - -] 10.0.0.205 "GET /" status: 200 len: 136 microversion: 1.0
2026-05-19 05:23:10.935 9 INFO placement.requestlog [None req-c36b5115-6259-4102-8056-8abe969e4211 - - - - - -] 10.0.0.205 "GET /" status: 200 len: 136 microversion: 1.0
2026-05-19 05:23:15.206 8 INFO placement.requestlog [req-ef1d4f4d-070c-4d49-8b06-8a1477fb8a13 req-f0811834-2a8a-4153-b1b2-fde1b85b25e7 36415772b805406f9cd6d159394e22da 2c2653538604437fb29f3d5650428a11 - - ce7d4c7b9e4245fca332d648655a2b7a ce7d4c7b9e4245fca332d648655a2b7a] 162.253.55.100 "GET /resource_providers/d7fabf6f-c235-431c-bc46-0521c33030ff/allocations" status: 200 len: 253 microversion: 1.0 [pid: 8|app: 0|req: 623/1241] 162.253.55.100 () {32 vars in 857 bytes} [Tue May 19 05:23:15 2026] GET /resource_providers/d7fabf6f-c235-431c-bc46-0521c33030ff/allocations => generated 253 bytes in 28 msecs (HTTP/1.1 200) 6 headers in 224 bytes (1 switches on core 0)
2026-05-19 05:23:15.244 9 INFO placement.requestlog [req-ef1d4f4d-070c-4d49-8b06-8a1477fb8a13 req-ff74e2a3-e648-4fd4-b6c6-35d02669fc59 36415772b805406f9cd6d159394e22da 2c2653538604437fb29f3d5650428a11 - - ce7d4c7b9e4245fca332d648655a2b7a ce7d4c7b9e4245fca332d648655a2b7a] 162.253.55.100 "GET /resource_providers/d7fabf6f-c235-431c-bc46-0521c33030ff/allocations" status: 200 len: 253 microversion: 1.0 [pid: 9|app: 0|req: 619/1242] 162.253.55.100 () {32 vars in 857 bytes} [Tue May 19 05:23:15 2026] GET /resource_providers/d7fabf6f-c235-431c-bc46-0521c33030ff/allocations => generated 253 bytes in 26 msecs (HTTP/1.1 200) 6 headers in 224 bytes (1 switches on core 0)
2026-05-19 05:23:15.272 8 INFO placement.requestlog [req-ef1d4f4d-070c-4d49-8b06-8a1477fb8a13 req-df7c603c-be33-4818-ac4b-82e2cec63c8e 36415772b805406f9cd6d159394e22da 2c2653538604437fb29f3d5650428a11 - - ce7d4c7b9e4245fca332d648655a2b7a ce7d4c7b9e4245fca332d648655a2b7a] 162.253.55.100 "GET /allocations/fadc7193-f99a-463a-a1d4-7ec897a91a21" status: 200 len: 258 microversion: 1.28 [pid: 8|app: 0|req: 624/1243] 162.253.55.100 () {34 vars in 863 bytes} [Tue May 19 05:23:15 2026] GET /allocations/fadc7193-f99a-463a-a1d4-7ec897a91a21 => generated 258 bytes in 19 msecs (HTTP/1.1 200) 8 headers in 296 bytes (1 switches on core 0)
2026-05-19 05:23:15.292 9 INFO placement.requestlog [req-ef1d4f4d-070c-4d49-8b06-8a1477fb8a13 req-d5492026-956f-4856-8362-c36bb880f1b6 36415772b805406f9cd6d159394e22da 2c2653538604437fb29f3d5650428a11 - - ce7d4c7b9e4245fca332d648655a2b7a ce7d4c7b9e4245fca332d648655a2b7a] 162.253.55.100 "GET /allocations/e53dcf90-3b1b-4bbf-a9e7-e625a60c5e77" status: 200 len: 258 microversion: 1.28 [pid: 9|app: 0|req: 620/1244] 162.253.55.100 () {34 vars in 863 bytes} [Tue May 19 05:23:15 2026] GET /allocations/e53dcf90-3b1b-4bbf-a9e7-e625a60c5e77 => generated 258 bytes in 10 msecs (HTTP/1.1 200) 8 headers in 296 bytes (1 switches on core 0)
2026-05-19 05:23:20.935 8 INFO placement.requestlog [None req-fa660c46-f712-4d79-8812-a433c9779dfd - - - - - -] 10.0.0.205 "GET /" status: 200 len: 136 microversion: 1.0
2026-05-19 05:23:20.935 9 INFO placement.requestlog [None req-97024550-ca3c-421f-a7f5-2680ddaea1b4 - - - - - -] 10.0.0.205 "GET /" status: 200 len: 136 microversion: 1.0
2026-05-19 05:23:30.936 9 INFO placement.requestlog [None req-4dea876a-fa26-4abd-8479-20c41c5df3fd - - - - - -] 10.0.0.205 "GET /" status: 200 len: 136 microversion: 1.0
2026-05-19 05:23:30.936 8 INFO placement.requestlog [None req-b51d9761-1400-47c3-a985-d180e745ab6b - - - - - -] 10.0.0.205 "GET /" status: 200 len: 136 microversion: 1.0
2026-05-19 05:23:40.935 8 INFO placement.requestlog [None req-62f6f41d-82d8-4ace-9f0b-8de927ca5e11 - - - - - -] 10.0.0.205 "GET /" status: 200 len: 136 microversion: 1.0
2026-05-19 05:23:40.936 9 INFO placement.requestlog [None req-5c949020-1ad1-4d43-8279-529b56da1a15 - - - - - -] 10.0.0.205 "GET /" status: 200 len: 136 microversion: 1.0
2026-05-19 05:23:50.935 8 INFO placement.requestlog [None req-e2f20f0c-d627-4b01-967a-fd73db03814e - - - - - -] 10.0.0.205 "GET /" status: 200 len: 136 microversion: 1.0
2026-05-19 05:23:50.935 9 INFO placement.requestlog [None req-598888d5-97f7-4318-a3b4-53c28708b456 - - - - - -] 10.0.0.205 "GET /" status: 200 len: 136 microversion: 1.0
2026-05-19 05:24:00.935 9 INFO placement.requestlog [None req-1898515c-cf93-493d-9736-7b56ae1a8c35 - - - - - -] 10.0.0.205 "GET /" status: 200 len: 136 microversion: 1.0
2026-05-19 05:24:00.936 8 INFO placement.requestlog [None req-7df4ccaa-db84-4538-a859-03c3f8b9e1ec - - - - - -] 10.0.0.205 "GET /" status: 200 len: 136 microversion: 1.0
2026-05-19 05:24:07.795 9 INFO placement.requestlog [req-811df1e1-448d-49f9-99a1-7d6c12da39e1 req-e232868b-3b72-47b3-8d23-58470da0f90a 36415772b805406f9cd6d159394e22da 2c2653538604437fb29f3d5650428a11 - - ce7d4c7b9e4245fca332d648655a2b7a ce7d4c7b9e4245fca332d648655a2b7a] 10.0.0.232 "GET /allocation_candidates?limit=1000&resources=MEMORY_MB%3A2048%2CVCPU%3A2&root_required=%21COMPUTE_STATUS_DISABLED" status: 200 len: 2771 microversion: 1.36 [pid: 9|app: 0|req: 626/1255] 10.0.0.232 () {34 vars in 986 bytes} [Tue May 19 05:24:07 2026] GET /allocation_candidates?limit=1000&resources=MEMORY_MB%3A2048%2CVCPU%3A2&root_required=%21COMPUTE_STATUS_DISABLED => generated 2771 bytes in 43 msecs (HTTP/1.1 200) 8 headers in 297 bytes (1 switches on core 0)
2026-05-19 05:24:07.832 8 INFO placement.requestlog [req-811df1e1-448d-49f9-99a1-7d6c12da39e1 req-e8ec50a0-16ce-426a-b9c3-e5c0427dbd7a 36415772b805406f9cd6d159394e22da 2c2653538604437fb29f3d5650428a11 - - ce7d4c7b9e4245fca332d648655a2b7a ce7d4c7b9e4245fca332d648655a2b7a] 10.0.0.232 "GET /allocations/b045b4a3-53e7-4f9f-bcd4-0373e94c34ee" status: 200 len: 19 microversion: 1.28 [pid: 8|app: 0|req: 630/1256] 10.0.0.232 () {34 vars in 861 bytes} [Tue May 19 05:24:07 2026] GET /allocations/b045b4a3-53e7-4f9f-bcd4-0373e94c34ee => generated 19 bytes in 13 msecs (HTTP/1.1 200) 8 headers in 295 bytes (1 switches on core 0)
2026-05-19 05:24:07.926 9 INFO placement.requestlog [req-811df1e1-448d-49f9-99a1-7d6c12da39e1 req-aa55b548-836d-47f1-a7e5-06160976ced2 36415772b805406f9cd6d159394e22da 2c2653538604437fb29f3d5650428a11 - - ce7d4c7b9e4245fca332d648655a2b7a ce7d4c7b9e4245fca332d648655a2b7a] 10.0.0.232 "PUT /allocations/b045b4a3-53e7-4f9f-bcd4-0373e94c34ee" status: 204 len: 0 microversion: 1.36 [pid: 9|app: 0|req: 627/1257] 10.0.0.232 () {38 vars in 914 bytes} [Tue May 19 05:24:07 2026] PUT /allocations/b045b4a3-53e7-4f9f-bcd4-0373e94c34ee => generated 0 bytes in 83 msecs (HTTP/1.1 204) 5 headers in 199 bytes (1 switches on core 0)
2026-05-19 05:24:09.523 8 INFO placement.requestlog [req-811df1e1-448d-49f9-99a1-7d6c12da39e1 req-c9a38fa7-3320-407a-86b0-3ad7b7478d1b 36415772b805406f9cd6d159394e22da 2c2653538604437fb29f3d5650428a11 - - ce7d4c7b9e4245fca332d648655a2b7a ce7d4c7b9e4245fca332d648655a2b7a] 162.253.55.100 "GET /allocations/b045b4a3-53e7-4f9f-bcd4-0373e94c34ee" status: 200 len: 245 microversion: 1.28 [pid: 8|app: 0|req: 631/1258] 162.253.55.100 () {34 vars in 863 bytes} [Tue May 19 05:24:09 2026] GET /allocations/b045b4a3-53e7-4f9f-bcd4-0373e94c34ee => generated 245 bytes in 86 msecs (HTTP/1.1 200) 8 headers in 296 bytes (1 switches on core 0)
2026-05-19 05:24:10.565 9 INFO placement.requestlog [req-811df1e1-448d-49f9-99a1-7d6c12da39e1 req-2a61086a-c663-42f4-9b32-a1d26d2c69b3 36415772b805406f9cd6d159394e22da 2c2653538604437fb29f3d5650428a11 - - ce7d4c7b9e4245fca332d648655a2b7a ce7d4c7b9e4245fca332d648655a2b7a] 162.253.55.100 "GET /resource_providers?in_tree=d7fabf6f-c235-431c-bc46-0521c33030ff" status: 200 len: 798 microversion: 1.14 [pid: 9|app: 0|req: 628/1259] 162.253.55.100 () {34 vars in 892 bytes} [Tue May 19 05:24:10 2026] GET /resource_providers?in_tree=d7fabf6f-c235-431c-bc46-0521c33030ff => generated 798 bytes in 18 msecs (HTTP/1.1 200) 6 headers in 225 bytes (1 switches on core 0)
2026-05-19 05:24:10.586 8 INFO placement.requestlog [req-811df1e1-448d-49f9-99a1-7d6c12da39e1 req-ccf74294-2e2e-4718-b228-e2afefeaa5e6 36415772b805406f9cd6d159394e22da 2c2653538604437fb29f3d5650428a11 - - ce7d4c7b9e4245fca332d648655a2b7a ce7d4c7b9e4245fca332d648655a2b7a] 162.253.55.100 "GET /resource_providers/d7fabf6f-c235-431c-bc46-0521c33030ff/inventories" status: 200 len: 401 microversion: 1.0 [pid: 8|app: 0|req: 632/1260] 162.253.55.100 () {32 vars in 857 bytes} [Tue May 19 05:24:10 2026] GET /resource_providers/d7fabf6f-c235-431c-bc46-0521c33030ff/inventories => generated 401 bytes in 14 msecs (HTTP/1.1 200) 6 headers in 224 bytes (1 switches on core 0)
2026-05-19 05:24:10.609 9 INFO placement.requestlog [req-811df1e1-448d-49f9-99a1-7d6c12da39e1 req-0ce164dd-1b99-49d9-80be-222bdefed5b3 36415772b805406f9cd6d159394e22da 2c2653538604437fb29f3d5650428a11 - - ce7d4c7b9e4245fca332d648655a2b7a ce7d4c7b9e4245fca332d648655a2b7a] 162.253.55.100 "GET /resource_providers/d7fabf6f-c235-431c-bc46-0521c33030ff/aggregates" status: 200 len: 54 microversion: 1.19 [pid: 9|app: 0|req: 629/1261] 162.253.55.100 () {34 vars in 899 bytes} [Tue May 19 05:24:10 2026] GET /resource_providers/d7fabf6f-c235-431c-bc46-0521c33030ff/aggregates => generated 54 bytes in 14 msecs (HTTP/1.1 200) 8 headers in 295 bytes (1 switches on core 0)
2026-05-19 05:24:10.638 8 INFO placement.requestlog [req-811df1e1-448d-49f9-99a1-7d6c12da39e1 req-ad8edd55-8443-427c-9252-569c3d0af41d 36415772b805406f9cd6d159394e22da 2c2653538604437fb29f3d5650428a11 - - ce7d4c7b9e4245fca332d648655a2b7a ce7d4c7b9e4245fca332d648655a2b7a] 162.253.55.100 "GET /resource_providers/d7fabf6f-c235-431c-bc46-0521c33030ff/traits" status: 200 len: 2317 microversion: 1.6 [pid: 8|app: 0|req: 633/1262] 162.253.55.100 () {34 vars in 890 bytes} [Tue May 19 05:24:10 2026] GET /resource_providers/d7fabf6f-c235-431c-bc46-0521c33030ff/traits => generated 2317 bytes in 21 msecs (HTTP/1.1 200) 6 headers in 225 bytes (1 switches on core 0)
2026-05-19 05:24:10.663 9 INFO placement.requestlog [req-811df1e1-448d-49f9-99a1-7d6c12da39e1 req-cfe37e5e-1504-4e72-bda0-cc7150582d50 36415772b805406f9cd6d159394e22da 2c2653538604437fb29f3d5650428a11 - - ce7d4c7b9e4245fca332d648655a2b7a ce7d4c7b9e4245fca332d648655a2b7a] 162.253.55.100 "GET /resource_providers/d7fabf6f-c235-431c-bc46-0521c33030ff/allocations" status: 200 len: 340 microversion: 1.0 [pid: 9|app: 0|req: 630/1263] 162.253.55.100 () {32 vars in 857 bytes} [Tue May 19 05:24:10 2026] GET /resource_providers/d7fabf6f-c235-431c-bc46-0521c33030ff/allocations => generated 340 bytes in 20 msecs (HTTP/1.1 200) 6 headers in 224 bytes (1 switches on core 0)
2026-05-19 05:24:10.683 8 INFO placement.requestlog [req-811df1e1-448d-49f9-99a1-7d6c12da39e1 req-6ebca65d-f652-4053-9ce4-e0580c8f660c 36415772b805406f9cd6d159394e22da 2c2653538604437fb29f3d5650428a11 - - ce7d4c7b9e4245fca332d648655a2b7a ce7d4c7b9e4245fca332d648655a2b7a] 162.253.55.100 "GET /allocations/fadc7193-f99a-463a-a1d4-7ec897a91a21" status: 200 len: 258 microversion: 1.28 [pid: 8|app: 0|req: 634/1264] 162.253.55.100 () {34 vars in 863 bytes} [Tue May 19 05:24:10 2026] GET /allocations/fadc7193-f99a-463a-a1d4-7ec897a91a21 => generated 258 bytes in 14 msecs (HTTP/1.1 200) 8 headers in 296 bytes (1 switches on core 0)
2026-05-19 05:24:10.704 9 INFO placement.requestlog [req-811df1e1-448d-49f9-99a1-7d6c12da39e1 req-79783c2d-bda5-453f-aa86-e13b72ff30fc 36415772b805406f9cd6d159394e22da 2c2653538604437fb29f3d5650428a11 - - ce7d4c7b9e4245fca332d648655a2b7a ce7d4c7b9e4245fca332d648655a2b7a] 162.253.55.100 "GET /allocations/e53dcf90-3b1b-4bbf-a9e7-e625a60c5e77" status: 200 len: 258 microversion: 1.28 [pid: 9|app: 0|req: 631/1265] 162.253.55.100 () {34 vars in 863 bytes} [Tue May 19 05:24:10 2026] GET /allocations/e53dcf90-3b1b-4bbf-a9e7-e625a60c5e77 => generated 258 bytes in 13 msecs (HTTP/1.1 200) 8 headers in 296 bytes (1 switches on core 0)
2026-05-19 05:24:10.724 8 INFO placement.requestlog [req-811df1e1-448d-49f9-99a1-7d6c12da39e1 req-1b0d8008-9de2-4b81-ac66-51413850a182 36415772b805406f9cd6d159394e22da 2c2653538604437fb29f3d5650428a11 - - ce7d4c7b9e4245fca332d648655a2b7a ce7d4c7b9e4245fca332d648655a2b7a] 162.253.55.100 "GET /allocations/b045b4a3-53e7-4f9f-bcd4-0373e94c34ee" status: 200 len: 245 microversion: 1.28 [pid: 8|app: 0|req: 635/1266] 162.253.55.100 () {34 vars in 863 bytes} [Tue May 19 05:24:10 2026] GET /allocations/b045b4a3-53e7-4f9f-bcd4-0373e94c34ee => generated 245 bytes in 12 msecs (HTTP/1.1 200) 8 headers in 296 bytes (1 switches on core 0)
2026-05-19 05:24:10.935 9 INFO placement.requestlog [None req-306029da-1c07-440c-bf94-db1b19a496aa - - - - - -] 10.0.0.205 "GET /" status: 200 len: 136 microversion: 1.0
2026-05-19 05:24:10.935 8 INFO placement.requestlog [None req-9384de2a-d1a3-4415-a2b4-bdd0d436892a - - - - - -] 10.0.0.205 "GET /" status: 200 len: 136 microversion: 1.0
2026-05-19 05:24:16.235 9 INFO placement.requestlog [req-abff2a8d-337a-415e-b92f-a72ae4ad2748 req-4f662be3-419e-4c82-8692-6656acafce52 36415772b805406f9cd6d159394e22da 2c2653538604437fb29f3d5650428a11 - - ce7d4c7b9e4245fca332d648655a2b7a ce7d4c7b9e4245fca332d648655a2b7a] 162.253.55.100 "GET /resource_providers/d7fabf6f-c235-431c-bc46-0521c33030ff/allocations" status: 200 len: 340 microversion: 1.0 [pid: 9|app: 0|req: 633/1269] 162.253.55.100 () {32 vars in 857 bytes} [Tue May 19 05:24:16 2026] GET /resource_providers/d7fabf6f-c235-431c-bc46-0521c33030ff/allocations => generated 340 bytes in 16 msecs (HTTP/1.1 200) 6 headers in 224 bytes (1 switches on core 0)
2026-05-19 05:24:16.264 8 INFO placement.requestlog [req-abff2a8d-337a-415e-b92f-a72ae4ad2748 req-d673eb01-133e-4279-a1c2-e2cdfb8272e6 36415772b805406f9cd6d159394e22da 2c2653538604437fb29f3d5650428a11 - - ce7d4c7b9e4245fca332d648655a2b7a ce7d4c7b9e4245fca332d648655a2b7a] 162.253.55.100 "GET /resource_providers/d7fabf6f-c235-431c-bc46-0521c33030ff/allocations" status: 200 len: 340 microversion: 1.0 [pid: 8|app: 0|req: 637/1270] 162.253.55.100 () {32 vars in 857 bytes} [Tue May 19 05:24:16 2026] GET /resource_providers/d7fabf6f-c235-431c-bc46-0521c33030ff/allocations => generated 340 bytes in 17 msecs (HTTP/1.1 200) 6 headers in 224 bytes (1 switches on core 0)
2026-05-19 05:24:16.285 9 INFO placement.requestlog [req-abff2a8d-337a-415e-b92f-a72ae4ad2748 req-99e27b45-2b73-4554-b01f-0b78640d2dab 36415772b805406f9cd6d159394e22da 2c2653538604437fb29f3d5650428a11 - - ce7d4c7b9e4245fca332d648655a2b7a ce7d4c7b9e4245fca332d648655a2b7a] 162.253.55.100 "GET /allocations/fadc7193-f99a-463a-a1d4-7ec897a91a21" status: 200 len: 258 microversion: 1.28 [pid: 9|app: 0|req: 634/1271] 162.253.55.100 () {34 vars in 863 bytes} [Tue May 19 05:24:16 2026] GET /allocations/fadc7193-f99a-463a-a1d4-7ec897a91a21 => generated 258 bytes in 13 msecs (HTTP/1.1 200) 8 headers in 296 bytes (1 switches on core 0)
2026-05-19 05:24:16.306 8 INFO placement.requestlog [req-abff2a8d-337a-415e-b92f-a72ae4ad2748 req-820df22c-b60b-43f3-9403-158cb0f04f9c 36415772b805406f9cd6d159394e22da 2c2653538604437fb29f3d5650428a11 - - ce7d4c7b9e4245fca332d648655a2b7a ce7d4c7b9e4245fca332d648655a2b7a] 162.253.55.100 "GET /allocations/e53dcf90-3b1b-4bbf-a9e7-e625a60c5e77" status: 200 len: 258 microversion: 1.28 [pid: 8|app: 0|req: 638/1272] 162.253.55.100 () {34 vars in 863 bytes} [Tue May 19 05:24:16 2026] GET /allocations/e53dcf90-3b1b-4bbf-a9e7-e625a60c5e77 => generated 258 bytes in 13 msecs (HTTP/1.1 200) 8 headers in 296 bytes (1 switches on core 0)
2026-05-19 05:24:16.332 9 INFO placement.requestlog [req-abff2a8d-337a-415e-b92f-a72ae4ad2748 req-db027185-a8a0-45a4-8f24-ef1d506907a5 36415772b805406f9cd6d159394e22da 2c2653538604437fb29f3d5650428a11 - - ce7d4c7b9e4245fca332d648655a2b7a ce7d4c7b9e4245fca332d648655a2b7a] 162.253.55.100 "GET /allocations/b045b4a3-53e7-4f9f-bcd4-0373e94c34ee" status: 200 len: 245 microversion: 1.28 [pid: 9|app: 0|req: 635/1273] 162.253.55.100 () {34 vars in 863 bytes} [Tue May 19 05:24:16 2026] GET /allocations/b045b4a3-53e7-4f9f-bcd4-0373e94c34ee => generated 245 bytes in 20 msecs (HTTP/1.1 200) 8 headers in 296 bytes (1 switches on core 0)
2026-05-19 05:24:20.934 8 INFO placement.requestlog [None req-d59da605-d582-4c0b-b977-846f6ed637ad - - - - - -] 10.0.0.205 "GET /" status: 200 len: 136 microversion: 1.0
2026-05-19 05:24:20.935 9 INFO placement.requestlog [None req-2a8804de-9b7e-4e34-bd38-c2926f319808 - - - - - -] 10.0.0.205 "GET /" status: 200 len: 136 microversion: 1.0
2026-05-19 05:24:30.936 9 INFO placement.requestlog [None req-88842958-868d-4365-9a98-9840dd251db0 - - - - - -] 10.0.0.205 "GET /" status: 200 len: 136 microversion: 1.0
2026-05-19 05:24:30.936 8 INFO placement.requestlog [None req-9b574473-e7b7-4029-ba92-b5dbba0f09ed - - - - - -] 10.0.0.205 "GET /" status: 200 len: 136 microversion: 1.0
2026-05-19 05:24:40.935 8 INFO placement.requestlog [None req-8c262035-6983-43c7-bca0-64b9f3847785 - - - - - -] 10.0.0.205 "GET /" status: 200 len: 136 microversion: 1.0
2026-05-19 05:24:40.935 9 INFO placement.requestlog [None req-1991378c-730f-4f40-a63e-e78964658a17 - - - - - -] 10.0.0.205 "GET /" status: 200 len: 136 microversion: 1.0
2026-05-19 05:24:50.937 9 INFO placement.requestlog [None req-23248164-0638-4f1d-9925-d6450d478eed - - - - - -] 10.0.0.205 "GET /" status: 200 len: 136 microversion: 1.0
2026-05-19 05:24:50.936 8 INFO placement.requestlog [None req-30d02fa0-04ad-482b-9df7-3ff13d7ae468 - - - - - -] 10.0.0.205 "GET /" status: 200 len: 136 microversion: 1.0
2026-05-19 05:25:00.936 9 INFO placement.requestlog [None req-592244f6-55d2-4d9f-9628-0dfd80702a36 - - - - - -] 10.0.0.205 "GET /" status: 200 len: 136 microversion: 1.0
2026-05-19 05:25:00.936 8 INFO placement.requestlog [None req-57b0d6ae-9322-4362-b4db-c95218315466 - - - - - -] 10.0.0.205 "GET /" status: 200 len: 136 microversion: 1.0
2026-05-19 05:25:10.936 9 INFO placement.requestlog [None req-a9d7b6ff-2ad9-4fd5-a9aa-1ab6de4e2860 - - - - - -] 10.0.0.205 "GET /" status: 200 len: 136 microversion: 1.0
2026-05-19 05:25:10.936 8 INFO placement.requestlog [None req-78b881c6-e6b0-41cc-828d-0b886fcc11b9 - - - - - -] 10.0.0.205 "GET /" status: 200 len: 136 microversion: 1.0
2026-05-19 05:25:16.180 9 INFO placement.requestlog [req-843d7ed1-5bee-46a8-8224-0fbdce51ecf3 req-fc4b3231-b821-4dd3-9580-2b5686cc242b 36415772b805406f9cd6d159394e22da 2c2653538604437fb29f3d5650428a11 - - ce7d4c7b9e4245fca332d648655a2b7a ce7d4c7b9e4245fca332d648655a2b7a] 162.253.55.100 "GET /resource_providers/d7fabf6f-c235-431c-bc46-0521c33030ff/allocations" status: 200 len: 340 microversion: 1.0 [pid: 9|app: 0|req: 642/1286] 162.253.55.100 () {32 vars in 857 bytes} [Tue May 19 05:25:16 2026] GET /resource_providers/d7fabf6f-c235-431c-bc46-0521c33030ff/allocations => generated 340 bytes in 19 msecs (HTTP/1.1 200) 6 headers in 224 bytes (1 switches on core 0)
2026-05-19 05:25:16.213 8 INFO placement.requestlog [req-843d7ed1-5bee-46a8-8224-0fbdce51ecf3 req-2a1f0bf5-0815-4e50-a1a1-3013779be400 36415772b805406f9cd6d159394e22da 2c2653538604437fb29f3d5650428a11 - - ce7d4c7b9e4245fca332d648655a2b7a ce7d4c7b9e4245fca332d648655a2b7a] 162.253.55.100 "GET /resource_providers/d7fabf6f-c235-431c-bc46-0521c33030ff/allocations" status: 200 len: 340 microversion: 1.0 [pid: 8|app: 0|req: 645/1287] 162.253.55.100 () {32 vars in 857 bytes} [Tue May 19 05:25:16 2026] GET /resource_providers/d7fabf6f-c235-431c-bc46-0521c33030ff/allocations => generated 340 bytes in 24 msecs (HTTP/1.1 200) 6 headers in 224 bytes (1 switches on core 0)
2026-05-19 05:25:16.240 9 INFO placement.requestlog [req-843d7ed1-5bee-46a8-8224-0fbdce51ecf3 req-0a484823-f899-4a3b-befb-18956c62bc8e 36415772b805406f9cd6d159394e22da 2c2653538604437fb29f3d5650428a11 - - ce7d4c7b9e4245fca332d648655a2b7a ce7d4c7b9e4245fca332d648655a2b7a] 162.253.55.100 "GET /allocations/fadc7193-f99a-463a-a1d4-7ec897a91a21" status: 200 len: 258 microversion: 1.28 [pid: 9|app: 0|req: 643/1288] 162.253.55.100 () {34 vars in 863 bytes} [Tue May 19 05:25:16 2026] GET /allocations/fadc7193-f99a-463a-a1d4-7ec897a91a21 => generated 258 bytes in 20 msecs (HTTP/1.1 200) 8 headers in 296 bytes (1 switches on core 0)
2026-05-19 05:25:16.266 8 INFO placement.requestlog [req-843d7ed1-5bee-46a8-8224-0fbdce51ecf3 req-5e33a5b7-fd49-4640-86cb-4861ab753df9 36415772b805406f9cd6d159394e22da 2c2653538604437fb29f3d5650428a11 - - ce7d4c7b9e4245fca332d648655a2b7a ce7d4c7b9e4245fca332d648655a2b7a] 162.253.55.100 "GET /allocations/e53dcf90-3b1b-4bbf-a9e7-e625a60c5e77" status: 200 len: 258 microversion: 1.28 [pid: 8|app: 0|req: 646/1289] 162.253.55.100 () {34 vars in 863 bytes} [Tue May 19 05:25:16 2026] GET /allocations/e53dcf90-3b1b-4bbf-a9e7-e625a60c5e77 => generated 258 bytes in 21 msecs (HTTP/1.1 200) 8 headers in 296 bytes (1 switches on core 0)
2026-05-19 05:25:16.295 9 INFO placement.requestlog [req-843d7ed1-5bee-46a8-8224-0fbdce51ecf3 req-d591a4ab-0abc-4e4f-a418-899fcc1c0920 36415772b805406f9cd6d159394e22da 2c2653538604437fb29f3d5650428a11 - - ce7d4c7b9e4245fca332d648655a2b7a ce7d4c7b9e4245fca332d648655a2b7a] 162.253.55.100 "GET /allocations/b045b4a3-53e7-4f9f-bcd4-0373e94c34ee" status: 200 len: 245 microversion: 1.28 [pid: 9|app: 0|req: 644/1290] 162.253.55.100 () {34 vars in 863 bytes} [Tue May 19 05:25:16 2026] GET /allocations/b045b4a3-53e7-4f9f-bcd4-0373e94c34ee => generated 245 bytes in 10 msecs (HTTP/1.1 200) 8 headers in 296 bytes (1 switches on core 0)
2026-05-19 05:25:20.936 8 INFO placement.requestlog [None req-9a869418-bab9-4071-aefa-ddb018c552cc - - - - - -] 10.0.0.205 "GET /" status: 200 len: 136 microversion: 1.0
2026-05-19 05:25:20.936 9 INFO placement.requestlog [None req-800d7045-d317-403b-b9fb-5e3b39ae48df - - - - - -] 10.0.0.205 "GET /" status: 200 len: 136 microversion: 1.0
2026-05-19 05:25:30.935 8 INFO placement.requestlog [None req-1bc42065-f82e-4401-8e73-85abce25b4d2 - - - - - -] 10.0.0.205 "GET /" status: 200 len: 136 microversion: 1.0
2026-05-19 05:25:30.935 9 INFO placement.requestlog [None req-f417e778-24ae-49fa-a42e-348072b8115b - - - - - -] 10.0.0.205 "GET /" status: 200 len: 136 microversion: 1.0
2026-05-19 05:25:40.936 8 INFO placement.requestlog [None req-f9df1f37-524b-41a1-94ff-3efc6f264b43 - - - - - -] 10.0.0.205 "GET /" status: 200 len: 136 microversion: 1.0
2026-05-19 05:25:40.936 9 INFO placement.requestlog [None req-87723892-d76e-48d2-8696-f8e904487b83 - - - - - -] 10.0.0.205 "GET /" status: 200 len: 136 microversion: 1.0
2026-05-19 05:25:50.935 8 INFO placement.requestlog [None req-631805e6-964f-4888-b8af-4b7841fe768c - - - - - -] 10.0.0.205 "GET /" status: 200 len: 136 microversion: 1.0
2026-05-19 05:25:50.935 9 INFO placement.requestlog [None req-34e15649-6c19-40b3-9c5d-38dde4c2bddd - - - - - -] 10.0.0.205 "GET /" status: 200 len: 136 microversion: 1.0
2026-05-19 05:26:00.936 8 INFO placement.requestlog [None req-3258ffb8-3279-4202-98c5-818743fec9c6 - - - - - -] 10.0.0.205 "GET /" status: 200 len: 136 microversion: 1.0
2026-05-19 05:26:00.936 9 INFO placement.requestlog [None req-f0906004-f632-4ee7-8ca9-31a72d2b32fb - - - - - -] 10.0.0.205 "GET /" status: 200 len: 136 microversion: 1.0
2026-05-19 05:26:10.934 8 INFO placement.requestlog [None req-5d1f3b29-c747-4190-bbbb-5a9e637007ab - - - - - -] 10.0.0.205 "GET /" status: 200 len: 136 microversion: 1.0
2026-05-19 05:26:10.938 9 INFO placement.requestlog [None req-9ecec073-d431-4eeb-8f07-d780bf827e5d - - - - - -] 10.0.0.205 "GET /" status: 200 len: 136 microversion: 1.0
2026-05-19 05:26:16.183 8 INFO placement.requestlog [req-edea0f4d-4a28-4a57-86fd-f72cbf88fcb4 req-93a571f4-edf8-4830-9edc-e04aeaab59a0 36415772b805406f9cd6d159394e22da 2c2653538604437fb29f3d5650428a11 - - ce7d4c7b9e4245fca332d648655a2b7a ce7d4c7b9e4245fca332d648655a2b7a] 162.253.55.100 "GET /resource_providers/d7fabf6f-c235-431c-bc46-0521c33030ff/allocations" status: 200 len: 340 microversion: 1.0 [pid: 8|app: 0|req: 653/1303] 162.253.55.100 () {32 vars in 857 bytes} [Tue May 19 05:26:16 2026] GET /resource_providers/d7fabf6f-c235-431c-bc46-0521c33030ff/allocations => generated 340 bytes in 16 msecs (HTTP/1.1 200) 6 headers in 224 bytes (1 switches on core 0)
2026-05-19 05:26:16.217 9 INFO placement.requestlog [req-edea0f4d-4a28-4a57-86fd-f72cbf88fcb4 req-3877d064-ef18-4be7-a8bd-a3156656d4aa 36415772b805406f9cd6d159394e22da 2c2653538604437fb29f3d5650428a11 - - ce7d4c7b9e4245fca332d648655a2b7a ce7d4c7b9e4245fca332d648655a2b7a] 162.253.55.100 "GET /resource_providers/d7fabf6f-c235-431c-bc46-0521c33030ff/allocations" status: 200 len: 340 microversion: 1.0 [pid: 9|app: 0|req: 651/1304] 162.253.55.100 () {32 vars in 857 bytes} [Tue May 19 05:26:16 2026] GET /resource_providers/d7fabf6f-c235-431c-bc46-0521c33030ff/allocations => generated 340 bytes in 26 msecs (HTTP/1.1 200) 6 headers in 224 bytes (1 switches on core 0)
2026-05-19 05:26:16.237 8 INFO placement.requestlog [req-edea0f4d-4a28-4a57-86fd-f72cbf88fcb4 req-0cd4f259-dbf3-4bcc-bbeb-080e116a601d 36415772b805406f9cd6d159394e22da 2c2653538604437fb29f3d5650428a11 - - ce7d4c7b9e4245fca332d648655a2b7a ce7d4c7b9e4245fca332d648655a2b7a] 162.253.55.100 "GET /allocations/fadc7193-f99a-463a-a1d4-7ec897a91a21" status: 200 len: 258 microversion: 1.28 [pid: 8|app: 0|req: 654/1305] 162.253.55.100 () {34 vars in 863 bytes} [Tue May 19 05:26:16 2026] GET /allocations/fadc7193-f99a-463a-a1d4-7ec897a91a21 => generated 258 bytes in 14 msecs (HTTP/1.1 200) 8 headers in 296 bytes (1 switches on core 0)
2026-05-19 05:26:16.258 9 INFO placement.requestlog [req-edea0f4d-4a28-4a57-86fd-f72cbf88fcb4 req-ed826669-e95a-4ab7-9b19-ba93f6c23799 36415772b805406f9cd6d159394e22da 2c2653538604437fb29f3d5650428a11 - - ce7d4c7b9e4245fca332d648655a2b7a ce7d4c7b9e4245fca332d648655a2b7a] 162.253.55.100 "GET /allocations/e53dcf90-3b1b-4bbf-a9e7-e625a60c5e77" status: 200 len: 258 microversion: 1.28 [pid: 9|app: 0|req: 652/1306] 162.253.55.100 () {34 vars in 863 bytes} [Tue May 19 05:26:16 2026] GET /allocations/e53dcf90-3b1b-4bbf-a9e7-e625a60c5e77 => generated 258 bytes in 13 msecs (HTTP/1.1 200) 8 headers in 296 bytes (1 switches on core 0)
2026-05-19 05:26:16.281 8 INFO placement.requestlog [req-edea0f4d-4a28-4a57-86fd-f72cbf88fcb4 req-49c69fcf-7769-4b7a-8c4e-691adbdc0fb3 36415772b805406f9cd6d159394e22da 2c2653538604437fb29f3d5650428a11 - - ce7d4c7b9e4245fca332d648655a2b7a ce7d4c7b9e4245fca332d648655a2b7a] 162.253.55.100 "GET /allocations/b045b4a3-53e7-4f9f-bcd4-0373e94c34ee" status: 200 len: 245 microversion: 1.28 [pid: 8|app: 0|req: 655/1307] 162.253.55.100 () {34 vars in 863 bytes} [Tue May 19 05:26:16 2026] GET /allocations/b045b4a3-53e7-4f9f-bcd4-0373e94c34ee => generated 245 bytes in 16 msecs (HTTP/1.1 200) 8 headers in 296 bytes (1 switches on core 0)
2026-05-19 05:26:20.935 9 INFO placement.requestlog [None req-07b7064e-9e80-42ad-a6d5-367373a42d33 - - - - - -] 10.0.0.205 "GET /" status: 200 len: 136 microversion: 1.0
2026-05-19 05:26:20.935 8 INFO placement.requestlog [None req-8b9315f6-7844-46d3-a214-5ab1f8d8dc79 - - - - - -] 10.0.0.205 "GET /" status: 200 len: 136 microversion: 1.0
2026-05-19 05:26:30.936 8 INFO placement.requestlog [None req-732befb5-3d7c-49cb-8b3b-02c226636a78 - - - - - -] 10.0.0.205 "GET /" status: 200 len: 136 microversion: 1.0
2026-05-19 05:26:30.937 9 INFO placement.requestlog [None req-3bcb1703-a10b-4c1c-b4da-93d1bf7e2553 - - - - - -] 10.0.0.205 "GET /" status: 200 len: 136 microversion: 1.0
2026-05-19 05:26:40.936 8 INFO placement.requestlog [None req-9ae9c627-4954-43fb-a4d4-b83a03f40734 - - - - - -] 10.0.0.205 "GET /" status: 200 len: 136 microversion: 1.0
2026-05-19 05:26:40.936 9 INFO placement.requestlog [None req-16e85e61-ff99-454c-a33a-6ad869aa1599 - - - - - -] 10.0.0.205 "GET /" status: 200 len: 136 microversion: 1.0
2026-05-19 05:26:50.936 8 INFO placement.requestlog [None req-89281e97-0fda-4a4b-9db2-00e6a930b9f5 - - - - - -] 10.0.0.205 "GET /" status: 200 len: 136 microversion: 1.0
2026-05-19 05:26:50.936 9 INFO placement.requestlog [None req-09bca67d-a542-412f-b967-95669e0090a9 - - - - - -] 10.0.0.205 "GET /" status: 200 len: 136 microversion: 1.0
2026-05-19 05:27:00.935 8 INFO placement.requestlog [None req-a6e30ccc-6c74-4e6e-bb60-c098286c5c62 - - - - - -] 10.0.0.205 "GET /" status: 200 len: 136 microversion: 1.0
2026-05-19 05:27:00.936 9 INFO placement.requestlog [None req-950e7d80-76eb-4377-8966-9a8758dafae7 - - - - - -] 10.0.0.205 "GET /" status: 200 len: 136 microversion: 1.0
2026-05-19 05:27:09.027 8 INFO placement.requestlog [req-44d495d2-2e0e-4a50-97bb-046dc6c9ff58 req-5307cbf8-aded-45b9-a6a5-0061e33cc6a2 36415772b805406f9cd6d159394e22da 2c2653538604437fb29f3d5650428a11 - - ce7d4c7b9e4245fca332d648655a2b7a ce7d4c7b9e4245fca332d648655a2b7a] 162.253.55.100 "GET /resource_providers/d7fabf6f-c235-431c-bc46-0521c33030ff/allocations" status: 200 len: 340 microversion: 1.0 [pid: 8|app: 0|req: 661/1318] 162.253.55.100 () {32 vars in 857 bytes} [Tue May 19 05:27:09 2026] GET /resource_providers/d7fabf6f-c235-431c-bc46-0521c33030ff/allocations => generated 340 bytes in 18 msecs (HTTP/1.1 200) 6 headers in 224 bytes (1 switches on core 0)
2026-05-19 05:27:09.049 9 INFO placement.requestlog [req-44d495d2-2e0e-4a50-97bb-046dc6c9ff58 req-8cca33e6-ab71-49ec-919b-1b5bcdaf6cb6 36415772b805406f9cd6d159394e22da 2c2653538604437fb29f3d5650428a11 - - ce7d4c7b9e4245fca332d648655a2b7a ce7d4c7b9e4245fca332d648655a2b7a] 162.253.55.100 "GET /allocations/fadc7193-f99a-463a-a1d4-7ec897a91a21" status: 200 len: 258 microversion: 1.28 [pid: 9|app: 0|req: 658/1319] 162.253.55.100 () {34 vars in 863 bytes} [Tue May 19 05:27:09 2026] GET /allocations/fadc7193-f99a-463a-a1d4-7ec897a91a21 => generated 258 bytes in 16 msecs (HTTP/1.1 200) 8 headers in 296 bytes (1 switches on core 0)
2026-05-19 05:27:09.084 8 INFO placement.requestlog [req-44d495d2-2e0e-4a50-97bb-046dc6c9ff58 req-237e8164-308d-4993-a013-7ed1c301f86a 36415772b805406f9cd6d159394e22da 2c2653538604437fb29f3d5650428a11 - - ce7d4c7b9e4245fca332d648655a2b7a ce7d4c7b9e4245fca332d648655a2b7a] 162.253.55.100 "GET /allocations/e53dcf90-3b1b-4bbf-a9e7-e625a60c5e77" status: 200 len: 258 microversion: 1.28 [pid: 8|app: 0|req: 662/1320] 162.253.55.100 () {34 vars in 863 bytes} [Tue May 19 05:27:09 2026] GET /allocations/e53dcf90-3b1b-4bbf-a9e7-e625a60c5e77 => generated 258 bytes in 12 msecs (HTTP/1.1 200) 8 headers in 296 bytes (1 switches on core 0)
2026-05-19 05:27:09.106 9 INFO placement.requestlog [req-44d495d2-2e0e-4a50-97bb-046dc6c9ff58 req-a1f147a9-d625-4133-a3ae-305091939192 36415772b805406f9cd6d159394e22da 2c2653538604437fb29f3d5650428a11 - - ce7d4c7b9e4245fca332d648655a2b7a ce7d4c7b9e4245fca332d648655a2b7a] 162.253.55.100 "GET /allocations/b045b4a3-53e7-4f9f-bcd4-0373e94c34ee" status: 200 len: 245 microversion: 1.28 [pid: 9|app: 0|req: 659/1321] 162.253.55.100 () {34 vars in 863 bytes} [Tue May 19 05:27:09 2026] GET /allocations/b045b4a3-53e7-4f9f-bcd4-0373e94c34ee => generated 245 bytes in 14 msecs (HTTP/1.1 200) 8 headers in 296 bytes (1 switches on core 0)
2026-05-19 05:27:10.147 8 INFO placement.requestlog [req-44d495d2-2e0e-4a50-97bb-046dc6c9ff58 req-a540d8fc-b89f-401b-9fd0-339ec461eb91 36415772b805406f9cd6d159394e22da 2c2653538604437fb29f3d5650428a11 - - ce7d4c7b9e4245fca332d648655a2b7a ce7d4c7b9e4245fca332d648655a2b7a] 162.253.55.100 "DELETE /allocations/b045b4a3-53e7-4f9f-bcd4-0373e94c34ee" status: 204 len: 0 microversion: 1.0 [pid: 8|app: 0|req: 663/1322] 162.253.55.100 () {34 vars in 841 bytes} [Tue May 19 05:27:10 2026] DELETE /allocations/b045b4a3-53e7-4f9f-bcd4-0373e94c34ee => generated 0 bytes in 22 msecs (HTTP/1.1 204) 5 headers in 198 bytes (1 switches on core 0)
2026-05-19 05:27:10.935 8 INFO placement.requestlog [None req-c3f2b08b-7c0a-40b8-9865-7d8bfd2de16a - - - - - -] 10.0.0.205 "GET /" status: 200 len: 136 microversion: 1.0
2026-05-19 05:27:10.935 9 INFO placement.requestlog [None req-5516d86d-b0dd-471d-af6c-d4b548e7f7d5 - - - - - -] 10.0.0.205 "GET /" status: 200 len: 136 microversion: 1.0
2026-05-19 05:27:12.892 8 INFO placement.requestlog [req-f39c1f5f-5611-451d-a980-1b7888d59011 req-09df2d13-044f-4c06-bfa8-a720e9cdec31 36415772b805406f9cd6d159394e22da 2c2653538604437fb29f3d5650428a11 - - ce7d4c7b9e4245fca332d648655a2b7a ce7d4c7b9e4245fca332d648655a2b7a] 162.253.55.100 "GET /resource_providers/d7fabf6f-c235-431c-bc46-0521c33030ff/allocations" status: 200 len: 253 microversion: 1.0 [pid: 8|app: 0|req: 665/1325] 162.253.55.100 () {32 vars in 857 bytes} [Tue May 19 05:27:12 2026] GET /resource_providers/d7fabf6f-c235-431c-bc46-0521c33030ff/allocations => generated 253 bytes in 17 msecs (HTTP/1.1 200) 6 headers in 224 bytes (1 switches on core 0)
2026-05-19 05:27:12.915 9 INFO placement.requestlog [req-f39c1f5f-5611-451d-a980-1b7888d59011 req-76433cda-40a2-4666-be65-b47bf12e6ae7 36415772b805406f9cd6d159394e22da 2c2653538604437fb29f3d5650428a11 - - ce7d4c7b9e4245fca332d648655a2b7a ce7d4c7b9e4245fca332d648655a2b7a] 162.253.55.100 "GET /allocations/fadc7193-f99a-463a-a1d4-7ec897a91a21" status: 200 len: 258 microversion: 1.28 [pid: 9|app: 0|req: 661/1326] 162.253.55.100 () {34 vars in 863 bytes} [Tue May 19 05:27:12 2026] GET /allocations/fadc7193-f99a-463a-a1d4-7ec897a91a21 => generated 258 bytes in 14 msecs (HTTP/1.1 200) 8 headers in 296 bytes (1 switches on core 0)
2026-05-19 05:27:12.938 8 INFO placement.requestlog [req-f39c1f5f-5611-451d-a980-1b7888d59011 req-e6e16735-ad8d-40e1-9ca8-c87bd81ea495 36415772b805406f9cd6d159394e22da 2c2653538604437fb29f3d5650428a11 - - ce7d4c7b9e4245fca332d648655a2b7a ce7d4c7b9e4245fca332d648655a2b7a] 162.253.55.100 "GET /allocations/e53dcf90-3b1b-4bbf-a9e7-e625a60c5e77" status: 200 len: 258 microversion: 1.28 [pid: 8|app: 0|req: 666/1327] 162.253.55.100 () {34 vars in 863 bytes} [Tue May 19 05:27:12 2026] GET /allocations/e53dcf90-3b1b-4bbf-a9e7-e625a60c5e77 => generated 258 bytes in 16 msecs (HTTP/1.1 200) 8 headers in 296 bytes (1 switches on core 0)
2026-05-19 05:27:13.990 9 INFO placement.requestlog [req-f39c1f5f-5611-451d-a980-1b7888d59011 req-1d3bdf77-a384-46ba-b6ce-f2dc5df6feb6 36415772b805406f9cd6d159394e22da 2c2653538604437fb29f3d5650428a11 - - ce7d4c7b9e4245fca332d648655a2b7a ce7d4c7b9e4245fca332d648655a2b7a] 162.253.55.100 "DELETE /allocations/e53dcf90-3b1b-4bbf-a9e7-e625a60c5e77" status: 204 len: 0 microversion: 1.0 [pid: 9|app: 0|req: 662/1328] 162.253.55.100 () {34 vars in 841 bytes} [Tue May 19 05:27:13 2026] DELETE /allocations/e53dcf90-3b1b-4bbf-a9e7-e625a60c5e77 => generated 0 bytes in 25 msecs (HTTP/1.1 204) 5 headers in 198 bytes (1 switches on core 0)
2026-05-19 05:27:16.191 8 INFO placement.requestlog [req-9676ed4c-06cc-4702-9fc2-a3da648a6449 req-e9daa0ca-b0cb-4cb0-a61e-0145d4d1bf7f 36415772b805406f9cd6d159394e22da 2c2653538604437fb29f3d5650428a11 - - ce7d4c7b9e4245fca332d648655a2b7a ce7d4c7b9e4245fca332d648655a2b7a] 162.253.55.100 "GET /resource_providers/d7fabf6f-c235-431c-bc46-0521c33030ff/allocations" status: 200 len: 153 microversion: 1.0 [pid: 8|app: 0|req: 667/1329] 162.253.55.100 () {32 vars in 857 bytes} [Tue May 19 05:27:16 2026] GET /resource_providers/d7fabf6f-c235-431c-bc46-0521c33030ff/allocations => generated 153 bytes in 16 msecs (HTTP/1.1 200) 6 headers in 224 bytes (1 switches on core 0)
2026-05-19 05:27:16.218 9 INFO placement.requestlog [req-9676ed4c-06cc-4702-9fc2-a3da648a6449 req-6458ad29-1210-48c6-81d1-c24b5c63ed8b 36415772b805406f9cd6d159394e22da 2c2653538604437fb29f3d5650428a11 - - ce7d4c7b9e4245fca332d648655a2b7a ce7d4c7b9e4245fca332d648655a2b7a] 162.253.55.100 "GET /resource_providers/d7fabf6f-c235-431c-bc46-0521c33030ff/allocations" status: 200 len: 153 microversion: 1.0 [pid: 9|app: 0|req: 663/1330] 162.253.55.100 () {32 vars in 857 bytes} [Tue May 19 05:27:16 2026] GET /resource_providers/d7fabf6f-c235-431c-bc46-0521c33030ff/allocations => generated 153 bytes in 18 msecs (HTTP/1.1 200) 6 headers in 224 bytes (1 switches on core 0)
2026-05-19 05:27:16.239 8 INFO placement.requestlog [req-9676ed4c-06cc-4702-9fc2-a3da648a6449 req-a4e6eafb-5126-4ea4-84dd-f73fbc08bdd1 36415772b805406f9cd6d159394e22da 2c2653538604437fb29f3d5650428a11 - - ce7d4c7b9e4245fca332d648655a2b7a ce7d4c7b9e4245fca332d648655a2b7a] 162.253.55.100 "GET /allocations/fadc7193-f99a-463a-a1d4-7ec897a91a21" status: 200 len: 258 microversion: 1.28 [pid: 8|app: 0|req: 668/1331] 162.253.55.100 () {34 vars in 863 bytes} [Tue May 19 05:27:16 2026] GET /allocations/fadc7193-f99a-463a-a1d4-7ec897a91a21 => generated 258 bytes in 12 msecs (HTTP/1.1 200) 8 headers in 296 bytes (1 switches on core 0)
2026-05-19 05:27:20.936 9 INFO placement.requestlog [None req-c1b87f99-1c44-4df3-9b28-5d53897d90d9 - - - - - -] 10.0.0.205 "GET /" status: 200 len: 136 microversion: 1.0
2026-05-19 05:27:20.936 8 INFO placement.requestlog [None req-67148f40-bb3d-4cf2-8245-460a4de599da - - - - - -] 10.0.0.205 "GET /" status: 200 len: 136 microversion: 1.0
2026-05-19 05:27:24.322 9 INFO placement.requestlog [req-bb6fbb43-9662-49fb-94d3-dcbc73a80c7c req-4200b6fd-8751-4ee4-bad0-c63843847836 36415772b805406f9cd6d159394e22da 2c2653538604437fb29f3d5650428a11 - - ce7d4c7b9e4245fca332d648655a2b7a ce7d4c7b9e4245fca332d648655a2b7a] 162.253.55.100 "GET /resource_providers/d7fabf6f-c235-431c-bc46-0521c33030ff/allocations" status: 200 len: 153 microversion: 1.0 [pid: 9|app: 0|req: 665/1334] 162.253.55.100 () {32 vars in 857 bytes} [Tue May 19 05:27:24 2026] GET /resource_providers/d7fabf6f-c235-431c-bc46-0521c33030ff/allocations => generated 153 bytes in 21 msecs (HTTP/1.1 200) 6 headers in 224 bytes (1 switches on core 0)
2026-05-19 05:27:24.338 8 INFO placement.requestlog [req-bb6fbb43-9662-49fb-94d3-dcbc73a80c7c req-7f28abd8-e320-4b73-8e1d-2944160d9560 36415772b805406f9cd6d159394e22da 2c2653538604437fb29f3d5650428a11 - - ce7d4c7b9e4245fca332d648655a2b7a ce7d4c7b9e4245fca332d648655a2b7a] 162.253.55.100 "GET /allocations/fadc7193-f99a-463a-a1d4-7ec897a91a21" status: 200 len: 258 microversion: 1.28 [pid: 8|app: 0|req: 670/1335] 162.253.55.100 () {34 vars in 863 bytes} [Tue May 19 05:27:24 2026] GET /allocations/fadc7193-f99a-463a-a1d4-7ec897a91a21 => generated 258 bytes in 11 msecs (HTTP/1.1 200) 8 headers in 296 bytes (1 switches on core 0)
2026-05-19 05:27:25.390 9 INFO placement.requestlog [req-bb6fbb43-9662-49fb-94d3-dcbc73a80c7c req-6dfd68d7-e349-469b-9b29-67e1a0af11bf 36415772b805406f9cd6d159394e22da 2c2653538604437fb29f3d5650428a11 - - ce7d4c7b9e4245fca332d648655a2b7a ce7d4c7b9e4245fca332d648655a2b7a] 162.253.55.100 "DELETE /allocations/fadc7193-f99a-463a-a1d4-7ec897a91a21" status: 204 len: 0 microversion: 1.0 [pid: 9|app: 0|req: 666/1336] 162.253.55.100 () {34 vars in 841 bytes} [Tue May 19 05:27:25 2026] DELETE /allocations/fadc7193-f99a-463a-a1d4-7ec897a91a21 => generated 0 bytes in 26 msecs (HTTP/1.1 204) 5 headers in 198 bytes (1 switches on core 0)
2026-05-19 05:27:30.935 9 INFO placement.requestlog [None req-db2fb93b-b1d5-449e-a393-4b5e6b9cc41d - - - - - -] 10.0.0.205 "GET /" status: 200 len: 136 microversion: 1.0
2026-05-19 05:27:30.936 8 INFO placement.requestlog [None req-60f58165-f2db-426f-b7b5-58040001ea01 - - - - - -] 10.0.0.205 "GET /" status: 200 len: 136 microversion: 1.0
2026-05-19 05:27:37.415 8 INFO placement.requestlog [None req-5c92b24d-d547-41d6-be54-4210c3457b23 10b26eabcf9b45ee9a1fadb413512772 2c2653538604437fb29f3d5650428a11 - - ce7d4c7b9e4245fca332d648655a2b7a ce7d4c7b9e4245fca332d648655a2b7a] 10.0.0.158 "GET /resource_providers/00001f92-441e-4f21-ad9a-646b506d6956/aggregates" status: 404 len: 235 microversion: 1.1 [pid: 8|app: 0|req: 672/1339] 10.0.0.158 () {32 vars in 816 bytes} [Tue May 19 05:27:37 2026] GET /resource_providers/00001f92-441e-4f21-ad9a-646b506d6956/aggregates => generated 235 bytes in 88 msecs (HTTP/1.1 404) 5 headers in 202 bytes (1 switches on core 0)
2026-05-19 05:27:37.423 9 INFO placement.requestlog [None req-197e4379-4c3b-4a6f-b328-4aa78dd8d7c1 10b26eabcf9b45ee9a1fadb413512772 2c2653538604437fb29f3d5650428a11 - - ce7d4c7b9e4245fca332d648655a2b7a ce7d4c7b9e4245fca332d648655a2b7a] 10.0.0.158 "GET /resource_providers/00001f92-441e-4f21-ad9a-646b506d6956/aggregates" status: 404 len: 235 microversion: 1.1 [pid: 9|app: 0|req: 668/1340] 10.0.0.158 () {32 vars in 816 bytes} [Tue May 19 05:27:37 2026] GET /resource_providers/00001f92-441e-4f21-ad9a-646b506d6956/aggregates => generated 235 bytes in 100 msecs (HTTP/1.1 404) 5 headers in 202 bytes (1 switches on core 0)
