2026-03-03 19:02:11.475 7 INFO neutron.db.ovn_revision_numbers_db [None req-2c74885a-6ffd-4c1e-8f09-954f6e3a0ea8 9cdabece8532452b92963b7588bd5859 82a79dccf6cc436d83b83e7f5789d272 - - default default] Successfully bumped revision number for resource 2096384a-eb9c-4ef7-85e4-d934f5be3189 (type: routers) to 2 [pid: 7|app: 0|req: 1153/2150] 10.0.0.69 () {34 vars in 741 bytes} [Tue Mar 3 19:02:11 2026] PUT /v2.0/routers/2096384a-eb9c-4ef7-85e4-d934f5be3189 => generated 581 bytes in 310 msecs (HTTP/1.1 200) 4 headers in 157 bytes (1 switches on core 0)
2026-03-03 19:02:11.489 7 WARNING neutron.api.v2.base [None req-05c98fda-1b81-4f76-a1ee-c93dc739695a 0c31b87a1d7a470495d6ea37e4ec5209 d469bbe9fea04554bcc2ec060a30b413 - - default default] An exception happened while processing the request body. The exception message is [Failed to parse request. Required attribute 'peer_id' not specified].: webob.exc.HTTPBadRequest: Failed to parse request. Required attribute 'peer_id' not specified
2026-03-03 19:02:11.489 7 INFO neutron.api.v2.resource [None req-05c98fda-1b81-4f76-a1ee-c93dc739695a 0c31b87a1d7a470495d6ea37e4ec5209 d469bbe9fea04554bcc2ec060a30b413 - - default default] create failed (client error): Failed to parse request. Required attribute 'peer_id' not specified [pid: 7|app: 0|req: 1154/2151] 10.0.0.69 () {34 vars in 706 bytes} [Tue Mar 3 19:02:11 2026] POST /v2.0/vpn/ipsec-site-connections => generated 140 bytes in 6 msecs (HTTP/1.1 400) 4 headers in 166 bytes (1 switches on core 0) [pid: 7|app: 0|req: 1155/2152] 10.0.0.69 () {32 vars in 735 bytes} [Tue Mar 3 19:02:11 2026] GET /v2.0/ports?device_id=2096384a-eb9c-4ef7-85e4-d934f5be3189 => generated 12 bytes in 19 msecs (HTTP/1.1 200) 4 headers in 156 bytes (1 switches on core 0) [pid: 7|app: 0|req: 1156/2153] 10.0.0.69 () {32 vars in 670 bytes} [Tue Mar 3 19:02:11 2026] GET /v2.0/vpn/endpoint-groups => generated 916 bytes in 9 msecs (HTTP/1.1 200) 4 headers in 157 bytes (1 switches on core 0)
2026-03-03 19:02:11.682 8 INFO neutron.db.ovn_revision_numbers_db [None req-555ca037-99b3-4432-b9e6-109cdfca6782 34406c5fd7fd4e2e87ba45241ade7cd1 8adc8f83c45d493394b4998823eea44d - - default default] Successfully bumped revision number for resource 0e2c8176-9b5c-474a-a824-84264a816d31 (type: ports) to 1 [pid: 7|app: 0|req: 1157/2154] 10.0.0.69 () {32 vars in 723 bytes} [Tue Mar 3 19:02:11 2026] DELETE /v2.0/routers/2096384a-eb9c-4ef7-85e4-d934f5be3189 => generated 0 bytes in 269 msecs (HTTP/1.1 204) 2 headers in 112 bytes (1 switches on core 0) [pid: 7|app: 0|req: 1158/2155] 10.0.0.69 () {32 vars in 747 bytes} [Tue Mar 3 19:02:11 2026] DELETE /v2.0/vpn/endpoint-groups/1680653a-68ff-4bc3-b468-43c176268c3f => generated 0 bytes in 17 msecs (HTTP/1.1 204) 2 headers in 112 bytes (1 switches on core 0) [pid: 7|app: 0|req: 1159/2156] 10.0.0.69 () {32 vars in 720 bytes} [Tue Mar 3 19:02:11 2026] GET /v2.0/routers/6ec3bd72-c668-4b51-a254-acaf142126d6 => generated 589 bytes in 31 msecs (HTTP/1.1 200) 4 headers in 157 bytes (1 switches on core 0) [pid: 7|app: 0|req: 1160/2157] 10.0.0.69 () {32 vars in 670 bytes} [Tue Mar 3 19:02:11 2026] GET /v2.0/vpn/endpoint-groups => generated 633 bytes in 9 msecs (HTTP/1.1 200) 4 headers in 157 bytes (1 switches on core 0)
2026-03-03 19:02:12.143 7 INFO neutron.db.ovn_revision_numbers_db [None req-c8443fe5-2e31-4121-ba8f-33b7d2020b5e 9cdabece8532452b92963b7588bd5859 82a79dccf6cc436d83b83e7f5789d272 - - default default] Successfully bumped revision number for resource 6ec3bd72-c668-4b51-a254-acaf142126d6 (type: routers) to 2 [pid: 7|app: 0|req: 1161/2158] 10.0.0.69 () {34 vars in 741 bytes} [Tue Mar 3 19:02:11 2026] PUT /v2.0/routers/6ec3bd72-c668-4b51-a254-acaf142126d6 => generated 589 bytes in 302 msecs (HTTP/1.1 200) 4 headers in 157 bytes (1 switches on core 0) [pid: 7|app: 0|req: 1162/2159] 10.0.0.69 () {34 vars in 692 bytes} [Tue Mar 3 19:02:12 2026] POST /v2.0/vpn/endpoint-groups => generated 294 bytes in 41 msecs (HTTP/1.1 201) 4 headers in 162 bytes (1 switches on core 0) [pid: 7|app: 0|req: 1163/2160] 10.0.0.69 () {32 vars in 735 bytes} [Tue Mar 3 19:02:12 2026] GET /v2.0/ports?device_id=6ec3bd72-c668-4b51-a254-acaf142126d6 => generated 12 bytes in 23 msecs (HTTP/1.1 200) 4 headers in 156 bytes (1 switches on core 0)
2026-03-03 19:02:12.221 7 WARNING neutron.api.v2.base [None req-e8c21da1-0a60-4f1a-a48e-ccc6dd6303a6 0c31b87a1d7a470495d6ea37e4ec5209 d469bbe9fea04554bcc2ec060a30b413 - - default default] An exception happened while processing the request body. The exception message is [Failed to parse request. Required attribute 'peer_id' not specified].: webob.exc.HTTPBadRequest: Failed to parse request. Required attribute 'peer_id' not specified
2026-03-03 19:02:12.221 7 INFO neutron.api.v2.resource [None req-e8c21da1-0a60-4f1a-a48e-ccc6dd6303a6 0c31b87a1d7a470495d6ea37e4ec5209 d469bbe9fea04554bcc2ec060a30b413 - - default default] create failed (client error): Failed to parse request. Required attribute 'peer_id' not specified [pid: 7|app: 0|req: 1164/2161] 10.0.0.69 () {34 vars in 706 bytes} [Tue Mar 3 19:02:12 2026] POST /v2.0/vpn/ipsec-site-connections => generated 140 bytes in 7 msecs (HTTP/1.1 400) 4 headers in 166 bytes (1 switches on core 0)
2026-03-03 19:02:12.318 8 INFO neutron.plugins.ml2.drivers.ovn.mech_driver.ovsdb.commands [None req-28b16872-5fef-4f1c-832c-14f246252d9b - - - - - -] Schedule LRP lrp-0e2c8176-9b5c-474a-a824-84264a816d31 on gateway 426a1cb8-bccf-45d0-aebd-fd2f941f6406 with priority 1
2026-03-03 19:02:12.417 8 INFO neutron.plugins.ml2.drivers.ovn.mech_driver.ovsdb.ovsdb_monitor [None req-2e60d62a-113d-4979-9282-268934845d46 - - - - - -] Router 9509f6dc-32b1-4a1c-b01f-b7bc5fb6a7cb is bound to host instance [pid: 7|app: 0|req: 1165/2162] 10.0.0.69 () {32 vars in 723 bytes} [Tue Mar 3 19:02:12 2026] DELETE /v2.0/routers/6ec3bd72-c668-4b51-a254-acaf142126d6 => generated 0 bytes in 323 msecs (HTTP/1.1 204) 2 headers in 112 bytes (1 switches on core 0)
2026-03-03 19:02:12.546 8 INFO neutron.db.ovn_revision_numbers_db [None req-555ca037-99b3-4432-b9e6-109cdfca6782 34406c5fd7fd4e2e87ba45241ade7cd1 8adc8f83c45d493394b4998823eea44d - - default default] Successfully bumped revision number for resource 0e2c8176-9b5c-474a-a824-84264a816d31 (type: router_ports) to 1 [pid: 7|app: 0|req: 1166/2163] 10.0.0.69 () {32 vars in 670 bytes} [Tue Mar 3 19:02:12 2026] GET /v2.0/vpn/endpoint-groups => generated 909 bytes in 12 msecs (HTTP/1.1 200) 4 headers in 157 bytes (1 switches on core 0) [pid: 7|app: 0|req: 1167/2164] 10.0.0.69 () {32 vars in 720 bytes} [Tue Mar 3 19:02:12 2026] GET /v2.0/routers/0a48859a-a93e-4ae6-839e-b7e24d051f20 => generated 598 bytes in 40 msecs (HTTP/1.1 200) 4 headers in 157 bytes (1 switches on core 0) [pid: 7|app: 0|req: 1168/2165] 10.0.0.69 () {32 vars in 747 bytes} [Tue Mar 3 19:02:12 2026] DELETE /v2.0/vpn/endpoint-groups/6ffb8ebb-bd73-4d52-94f3-70897f2911d9 => generated 0 bytes in 22 msecs (HTTP/1.1 204) 2 headers in 112 bytes (1 switches on core 0)
2026-03-03 19:02:12.687 8 INFO neutron.db.ovn_revision_numbers_db [None req-555ca037-99b3-4432-b9e6-109cdfca6782 34406c5fd7fd4e2e87ba45241ade7cd1 8adc8f83c45d493394b4998823eea44d - - default default] Successfully bumped revision number for resource 9509f6dc-32b1-4a1c-b01f-b7bc5fb6a7cb (type: routers) to 2 [pid: 8|app: 0|req: 998/2166] 10.0.0.69 () {34 vars in 668 bytes} [Tue Mar 3 19:02:11 2026] POST /v2.0/routers => generated 954 bytes in 1659 msecs (HTTP/1.1 201) 4 headers in 162 bytes (1 switches on core 0)
2026-03-03 19:02:12.983 7 INFO neutron.db.ovn_revision_numbers_db [None req-edfa410d-5af8-4ead-9c62-8e7a7b388635 52f2aabd38324ee18e5b6b65e0028392 e1a1fa9486514ce5ad467aa31f939680 - - default default] Successfully bumped revision number for resource a13f720e-04f6-4385-86c3-20c4f7ad1016 (type: security_groups) to 1
2026-03-03 19:02:12.997 7 INFO neutron.db.ovn_revision_numbers_db [None req-edfa410d-5af8-4ead-9c62-8e7a7b388635 52f2aabd38324ee18e5b6b65e0028392 e1a1fa9486514ce5ad467aa31f939680 - - default default] Successfully bumped revision number for resource 0b5bdbc6-f0b9-47cd-9e99-4699fbc9df38 (type: security_group_rules) to 0
2026-03-03 19:02:13.010 7 INFO neutron.db.ovn_revision_numbers_db [None req-edfa410d-5af8-4ead-9c62-8e7a7b388635 52f2aabd38324ee18e5b6b65e0028392 e1a1fa9486514ce5ad467aa31f939680 - - default default] Successfully bumped revision number for resource 2734fcf1-76c0-4232-a699-d906e14aa3e6 (type: security_group_rules) to 0
2026-03-03 19:02:13.025 7 INFO neutron.db.ovn_revision_numbers_db [None req-edfa410d-5af8-4ead-9c62-8e7a7b388635 52f2aabd38324ee18e5b6b65e0028392 e1a1fa9486514ce5ad467aa31f939680 - - default default] Successfully bumped revision number for resource 39e06863-d90c-4434-b653-94606c9e6949 (type: security_group_rules) to 0
2026-03-03 19:02:13.038 7 INFO neutron.db.ovn_revision_numbers_db [None req-edfa410d-5af8-4ead-9c62-8e7a7b388635 52f2aabd38324ee18e5b6b65e0028392 e1a1fa9486514ce5ad467aa31f939680 - - default default] Successfully bumped revision number for resource 5a2049ea-27b7-4969-aba5-d39ce5cd77c2 (type: security_group_rules) to 0
2026-03-03 19:02:13.181 7 INFO neutron.db.segments_db [None req-edfa410d-5af8-4ead-9c62-8e7a7b388635 52f2aabd38324ee18e5b6b65e0028392 e1a1fa9486514ce5ad467aa31f939680 - - default default] Added segment cb655d9f-0566-4f12-ae54-103480da27f3 of type geneve for network f9392d9f-de83-46f7-8037-3b5125063c60
2026-03-03 19:02:13.187 8 WARNING neutron.plugins.ml2.drivers.ovn.mech_driver.ovsdb.ovn_client [None req-06f5cc41-e6c6-4d9d-8e3f-555d285b3983 - - - - - -] No hosting information found for port 0d4e4d21-0723-42da-9a78-fa1aa6850a7a: RuntimeError: No hosting information found for port 0d4e4d21-0723-42da-9a78-fa1aa6850a7a
2026-03-03 19:02:13.187 8 INFO neutron.plugins.ml2.drivers.ovn.mech_driver.mech_driver [None req-06f5cc41-e6c6-4d9d-8e3f-555d285b3983 - - - - - -] OVN reports status down for port: 811a5f71-5ad0-4f4c-a26b-205c6ef1ee26
2026-03-03 19:02:13.309 7 INFO neutron.db.ovn_revision_numbers_db [None req-edfa410d-5af8-4ead-9c62-8e7a7b388635 52f2aabd38324ee18e5b6b65e0028392 e1a1fa9486514ce5ad467aa31f939680 - - default default] Successfully bumped revision number for resource f9392d9f-de83-46f7-8037-3b5125063c60 (type: networks) to 1
2026-03-03 19:02:13.431 8 WARNING neutron.plugins.ml2.drivers.ovn.mech_driver.ovsdb.ovn_client [None req-06f5cc41-e6c6-4d9d-8e3f-555d285b3983 - - - - - -] Logical_Switch_Port %s host information not removed, the port state is up
2026-03-03 19:02:13.434 8 INFO neutron.plugins.ml2.drivers.ovn.mech_driver.mech_driver [None req-06f5cc41-e6c6-4d9d-8e3f-555d285b3983 - - - - - -] OVN reports status up for port: 811a5f71-5ad0-4f4c-a26b-205c6ef1ee26
2026-03-03 19:02:13.480 8 INFO neutron.plugins.ml2.plugin [None req-06f5cc41-e6c6-4d9d-8e3f-555d285b3983 - - - - - -] Attempt 1 to provision port 811a5f71-5ad0-4f4c-a26b-205c6ef1ee26
2026-03-03 19:02:13.481 7 WARNING neutron.scheduler.dhcp_agent_scheduler [None req-edfa410d-5af8-4ead-9c62-8e7a7b388635 52f2aabd38324ee18e5b6b65e0028392 e1a1fa9486514ce5ad467aa31f939680 - - default default] No more DHCP agents
2026-03-03 19:02:13.484 7 WARNING neutron.api.rpc.agentnotifiers.dhcp_rpc_agent_api [None req-edfa410d-5af8-4ead-9c62-8e7a7b388635 52f2aabd38324ee18e5b6b65e0028392 e1a1fa9486514ce5ad467aa31f939680 - - default default] Unable to schedule network f9392d9f-de83-46f7-8037-3b5125063c60: no agents available; will retry on subsequent port and subnet creation events.
2026-03-03 19:02:13.597 7 INFO neutron.db.ovn_revision_numbers_db [None req-edfa410d-5af8-4ead-9c62-8e7a7b388635 52f2aabd38324ee18e5b6b65e0028392 e1a1fa9486514ce5ad467aa31f939680 - - default default] Successfully bumped revision number for resource 8b55efe2-0287-4f6e-894c-83e21dd73b6f (type: ports) to 1 [pid: 7|app: 0|req: 1169/2167] 10.0.0.69 () {34 vars in 669 bytes} [Tue Mar 3 19:02:12 2026] POST /v2.0/networks => generated 650 bytes in 997 msecs (HTTP/1.1 201) 4 headers in 162 bytes (1 switches on core 0) [pid: 7|app: 0|req: 1170/2168] 10.0.0.69 () {32 vars in 670 bytes} [Tue Mar 3 19:02:13 2026] GET /v2.0/vpn/endpoint-groups => generated 633 bytes in 9 msecs (HTTP/1.1 200) 4 headers in 157 bytes (1 switches on core 0)
2026-03-03 19:02:13.704 8 INFO neutron.db.ovn_revision_numbers_db [None req-f665818e-3de5-4d7b-80c7-7797416c00f9 9cdabece8532452b92963b7588bd5859 82a79dccf6cc436d83b83e7f5789d272 - - default default] Successfully bumped revision number for resource 0a48859a-a93e-4ae6-839e-b7e24d051f20 (type: routers) to 2 [pid: 7|app: 0|req: 1171/2169] 10.0.0.69 () {32 vars in 775 bytes} [Tue Mar 3 19:02:13 2026] GET /v2.0/subnets?project_id=8adc8f83c45d493394b4998823eea44d&cidr=10.100.0.0%2F28 => generated 14 bytes in 117 msecs (HTTP/1.1 200) 4 headers in 156 bytes (1 switches on core 0) [pid: 8|app: 0|req: 999/2170] 10.0.0.69 () {34 vars in 741 bytes} [Tue Mar 3 19:02:12 2026] PUT /v2.0/routers/0a48859a-a93e-4ae6-839e-b7e24d051f20 => generated 598 bytes in 1026 msecs (HTTP/1.1 200) 4 headers in 157 bytes (1 switches on core 0) [pid: 8|app: 0|req: 1000/2171] 10.0.0.69 () {34 vars in 692 bytes} [Tue Mar 3 19:02:13 2026] POST /v2.0/vpn/endpoint-groups => generated 290 bytes in 139 msecs (HTTP/1.1 201) 4 headers in 162 bytes (1 switches on core 0)
2026-03-03 19:02:13.910 7 WARNING neutron.scheduler.dhcp_agent_scheduler [None req-518df79c-7daf-49e9-914d-f8510049792b 52f2aabd38324ee18e5b6b65e0028392 e1a1fa9486514ce5ad467aa31f939680 - - default default] No more DHCP agents
2026-03-03 19:02:13.911 7 WARNING neutron.api.rpc.agentnotifiers.dhcp_rpc_agent_api [None req-518df79c-7daf-49e9-914d-f8510049792b 52f2aabd38324ee18e5b6b65e0028392 e1a1fa9486514ce5ad467aa31f939680 - - default default] Unable to schedule network f9392d9f-de83-46f7-8037-3b5125063c60: no agents available; will retry on subsequent port and subnet creation events. [pid: 8|app: 0|req: 1001/2172] 10.0.0.69 () {32 vars in 693 bytes} [Tue Mar 3 19:02:13 2026] GET /v2.0/networks?router%3Aexternal=True => generated 791 bytes in 191 msecs (HTTP/1.1 200) 4 headers in 157 bytes (1 switches on core 0) [pid: 8|app: 0|req: 1002/2173] 10.0.0.69 () {32 vars in 735 bytes} [Tue Mar 3 19:02:14 2026] GET /v2.0/ports?device_id=0a48859a-a93e-4ae6-839e-b7e24d051f20 => generated 12 bytes in 57 msecs (HTTP/1.1 200) 4 headers in 156 bytes (1 switches on core 0) [pid: 8|app: 0|req: 1003/2174] 10.0.0.69 () {34 vars in 692 bytes} [Tue Mar 3 19:02:14 2026] POST /v2.0/vpn/endpoint-groups => generated 302 bytes in 231 msecs (HTTP/1.1 201) 4 headers in 162 bytes (1 switches on core 0)
2026-03-03 19:02:14.405 7 INFO neutron.db.ovn_revision_numbers_db [None req-491b4d20-fd94-4be2-8568-5ee10799a112 - - - - - -] Successfully bumped revision number for resource 8b55efe2-0287-4f6e-894c-83e21dd73b6f (type: ports) to 2 [pid: 8|app: 0|req: 1004/2175] 10.0.0.69 () {32 vars in 783 bytes} [Tue Mar 3 19:02:14 2026] GET /v2.0/subnets?network_id=2847f56c-0405-4dda-870e-51f0841b45eb&cidr=10.100.0.0%2F28 => generated 14 bytes in 41 msecs (HTTP/1.1 200) 4 headers in 156 bytes (1 switches on core 0)
2026-03-03 19:02:14.427 7 INFO neutron.db.ovn_revision_numbers_db [None req-491b4d20-fd94-4be2-8568-5ee10799a112 - - - - - -] Successfully bumped revision number for resource ac843454-8130-467c-9809-f587e43f1a96 (type: subnets) to 0 [pid: 7|app: 0|req: 1172/2176] 10.0.0.69 () {34 vars in 668 bytes} [Tue Mar 3 19:02:13 2026] POST /v2.0/subnets => generated 626 bytes in 695 msecs (HTTP/1.1 201) 4 headers in 162 bytes (1 switches on core 0)
2026-03-03 19:02:14.742 8 INFO neutron.db.ovn_revision_numbers_db [None req-06f5cc41-e6c6-4d9d-8e3f-555d285b3983 - - - - - -] Successfully bumped revision number for resource 811a5f71-5ad0-4f4c-a26b-205c6ef1ee26 (type: ports) to 2
2026-03-03 19:02:14.803 8 INFO neutron.db.ovn_revision_numbers_db [None req-6948136b-1444-4967-a64a-649eabaa46cb - - - - - -] Successfully bumped revision number for resource 0e2c8176-9b5c-474a-a824-84264a816d31 (type: ports) to 4 [pid: 8|app: 0|req: 1005/2177] 10.0.0.69 () {32 vars in 723 bytes} [Tue Mar 3 19:02:14 2026] DELETE /v2.0/routers/0a48859a-a93e-4ae6-839e-b7e24d051f20 => generated 0 bytes in 701 msecs (HTTP/1.1 204) 2 headers in 112 bytes (1 switches on core 0)
2026-03-03 19:02:15.192 7 INFO neutron.db.ovn_revision_numbers_db [None req-1a074b0d-af65-4ec0-aada-5054c2320994 0c31b87a1d7a470495d6ea37e4ec5209 d469bbe9fea04554bcc2ec060a30b413 - - default default] Successfully bumped revision number for resource 402516f0-a930-41f2-b82d-ac8e00e4b761 (type: routers) to 6 [pid: 7|app: 0|req: 1173/2178] 10.0.0.69 () {34 vars in 706 bytes} [Tue Mar 3 19:02:14 2026] POST /v2.0/vpn/ipsec-site-connections => generated 845 bytes in 787 msecs (HTTP/1.1 201) 4 headers in 162 bytes (1 switches on core 0)
2026-03-03 19:02:15.314 7 INFO neutron.db.segments_db [None req-526482a2-f4c0-40fa-ab59-16a32879536c 52f2aabd38324ee18e5b6b65e0028392 e1a1fa9486514ce5ad467aa31f939680 - - default default] Added segment 778bd126-4fbf-4195-8353-5ac5914fa805 of type geneve for network 7e187699-d667-4edb-be5d-043664fbe2f5
2026-03-03 19:02:15.439 7 INFO neutron.db.ovn_revision_numbers_db [None req-526482a2-f4c0-40fa-ab59-16a32879536c 52f2aabd38324ee18e5b6b65e0028392 e1a1fa9486514ce5ad467aa31f939680 - - default default] Successfully bumped revision number for resource 7e187699-d667-4edb-be5d-043664fbe2f5 (type: networks) to 1
2026-03-03 19:02:15.490 8 WARNING neutron.scheduler.dhcp_agent_scheduler [None req-5399edd1-1d9a-4891-8bfe-b2f283102e89 34406c5fd7fd4e2e87ba45241ade7cd1 8adc8f83c45d493394b4998823eea44d - - default default] No more DHCP agents
2026-03-03 19:02:15.501 8 WARNING neutron.api.rpc.agentnotifiers.dhcp_rpc_agent_api [None req-5399edd1-1d9a-4891-8bfe-b2f283102e89 34406c5fd7fd4e2e87ba45241ade7cd1 8adc8f83c45d493394b4998823eea44d - - default default] Unable to schedule network 131b1ac5-d356-4bde-90bf-851761c68ff5: no agents available; will retry on subsequent port and subnet creation events.
2026-03-03 19:02:15.552 8 INFO neutron.db.ovn_revision_numbers_db [None req-6948136b-1444-4967-a64a-649eabaa46cb - - - - - -] Successfully bumped revision number for resource 0e2c8176-9b5c-474a-a824-84264a816d31 (type: ports) to 5
2026-03-03 19:02:15.625 7 WARNING neutron.scheduler.dhcp_agent_scheduler [None req-526482a2-f4c0-40fa-ab59-16a32879536c 52f2aabd38324ee18e5b6b65e0028392 e1a1fa9486514ce5ad467aa31f939680 - - default default] No more DHCP agents
2026-03-03 19:02:15.626 7 WARNING neutron.api.rpc.agentnotifiers.dhcp_rpc_agent_api [None req-526482a2-f4c0-40fa-ab59-16a32879536c 52f2aabd38324ee18e5b6b65e0028392 e1a1fa9486514ce5ad467aa31f939680 - - default default] Unable to schedule network 7e187699-d667-4edb-be5d-043664fbe2f5: no agents available; will retry on subsequent port and subnet creation events.
2026-03-03 19:02:15.725 7 INFO neutron.db.ovn_revision_numbers_db [None req-526482a2-f4c0-40fa-ab59-16a32879536c 52f2aabd38324ee18e5b6b65e0028392 e1a1fa9486514ce5ad467aa31f939680 - - default default] Successfully bumped revision number for resource 6f905612-a77d-4003-b50d-d517d9493aa4 (type: ports) to 1 [pid: 7|app: 0|req: 1174/2179] 10.0.0.69 () {34 vars in 669 bytes} [Tue Mar 3 19:02:15 2026] POST /v2.0/networks => generated 650 bytes in 521 msecs (HTTP/1.1 201) 4 headers in 162 bytes (1 switches on core 0) [pid: 7|app: 0|req: 1175/2180] 10.0.0.69 () {32 vars in 720 bytes} [Tue Mar 3 19:02:15 2026] GET /v2.0/routers/698add08-c448-4f25-a2a8-a12fab429a80 => generated 583 bytes in 37 msecs (HTTP/1.1 200) 4 headers in 157 bytes (1 switches on core 0)
2026-03-03 19:02:16.102 8 INFO neutron.db.ovn_revision_numbers_db [None req-2be09e50-a068-430d-962f-22ac952a40d0 - - - - - -] Successfully bumped revision number for resource f60ef696-585e-43ff-8eeb-b76edc4978c7 (type: ports) to 2
2026-03-03 19:02:16.130 8 INFO neutron.db.ovn_revision_numbers_db [None req-2be09e50-a068-430d-962f-22ac952a40d0 - - - - - -] Successfully bumped revision number for resource 96b1382e-7b36-48a6-8351-30f0d34dbb88 (type: subnets) to 0 [pid: 8|app: 0|req: 1006/2181] 10.0.0.69 () {34 vars in 668 bytes} [Tue Mar 3 19:02:15 2026] POST /v2.0/subnets => generated 656 bytes in 1029 msecs (HTTP/1.1 201) 4 headers in 162 bytes (1 switches on core 0)
2026-03-03 19:02:16.329 7 INFO neutron.db.ovn_revision_numbers_db [None req-ba4f1aea-391a-4ea6-bf6c-ac0c29d098ca 0c31b87a1d7a470495d6ea37e4ec5209 d469bbe9fea04554bcc2ec060a30b413 - - default default] Successfully bumped revision number for resource 402516f0-a930-41f2-b82d-ac8e00e4b761 (type: routers) to 7 [pid: 7|app: 0|req: 1176/2182] 10.0.0.69 () {32 vars in 761 bytes} [Tue Mar 3 19:02:15 2026] DELETE /v2.0/vpn/ipsec-site-connections/60d64930-0446-40ae-ae4a-bfab649dae7f => generated 0 bytes in 569 msecs (HTTP/1.1 204) 2 headers in 112 bytes (1 switches on core 0)
2026-03-03 19:02:16.369 8 WARNING neutron.scheduler.dhcp_agent_scheduler [None req-254c25bd-7e32-4170-89ab-7c3ecddc52dc 52f2aabd38324ee18e5b6b65e0028392 e1a1fa9486514ce5ad467aa31f939680 - - default default] No more DHCP agents
2026-03-03 19:02:16.370 8 WARNING neutron.api.rpc.agentnotifiers.dhcp_rpc_agent_api [None req-254c25bd-7e32-4170-89ab-7c3ecddc52dc 52f2aabd38324ee18e5b6b65e0028392 e1a1fa9486514ce5ad467aa31f939680 - - default default] Unable to schedule network 7e187699-d667-4edb-be5d-043664fbe2f5: no agents available; will retry on subsequent port and subnet creation events.
2026-03-03 19:02:16.651 7 INFO neutron.db.ovn_revision_numbers_db [None req-19988480-9d14-45f2-a5c5-aea84ed6e889 9cdabece8532452b92963b7588bd5859 82a79dccf6cc436d83b83e7f5789d272 - - default default] Successfully bumped revision number for resource 698add08-c448-4f25-a2a8-a12fab429a80 (type: routers) to 2 [pid: 7|app: 0|req: 1177/2183] 10.0.0.69 () {34 vars in 741 bytes} [Tue Mar 3 19:02:16 2026] PUT /v2.0/routers/698add08-c448-4f25-a2a8-a12fab429a80 => generated 583 bytes in 303 msecs (HTTP/1.1 200) 4 headers in 157 bytes (1 switches on core 0)
2026-03-03 19:02:16.817 8 INFO neutron.db.ovn_revision_numbers_db [None req-c63bd3db-c3f7-4ab8-acb5-d2f5792a0090 - - - - - -] Successfully bumped revision number for resource 6f905612-a77d-4003-b50d-d517d9493aa4 (type: ports) to 2
2026-03-03 19:02:16.843 8 INFO neutron.db.ovn_revision_numbers_db [None req-c63bd3db-c3f7-4ab8-acb5-d2f5792a0090 - - - - - -] Successfully bumped revision number for resource 73a367d3-784c-4b8d-bdd4-49cd95f97a0b (type: subnets) to 0 [pid: 8|app: 0|req: 1007/2184] 10.0.0.69 () {34 vars in 668 bytes} [Tue Mar 3 19:02:16 2026] POST /v2.0/subnets => generated 629 bytes in 712 msecs (HTTP/1.1 201) 4 headers in 162 bytes (1 switches on core 0) [pid: 8|app: 0|req: 1008/2185] 10.0.0.69 () {32 vars in 684 bytes} [Tue Mar 3 19:02:16 2026] GET /v2.0/vpn/ipsec-site-connections => generated 806 bytes in 13 msecs (HTTP/1.1 200) 4 headers in 157 bytes (1 switches on core 0) [pid: 8|app: 0|req: 1009/2186] 10.0.0.69 () {32 vars in 735 bytes} [Tue Mar 3 19:02:16 2026] GET /v2.0/ports?device_id=698add08-c448-4f25-a2a8-a12fab429a80 => generated 12 bytes in 17 msecs (HTTP/1.1 200) 4 headers in 156 bytes (1 switches on core 0)
2026-03-03 19:02:16.991 8 INFO neutron.db.segments_db [None req-d596cc05-f31f-4c9b-bdef-3c1e59e796e6 52f2aabd38324ee18e5b6b65e0028392 e1a1fa9486514ce5ad467aa31f939680 - - default default] Added segment a4b106f2-e7b7-4a95-89d7-fe0e5dba72b8 of type geneve for network 9c634d9f-5697-4499-b21c-0b4454ce5d99
2026-03-03 19:02:17.107 8 INFO neutron.db.ovn_revision_numbers_db [None req-d596cc05-f31f-4c9b-bdef-3c1e59e796e6 52f2aabd38324ee18e5b6b65e0028392 e1a1fa9486514ce5ad467aa31f939680 - - default default] Successfully bumped revision number for resource 9c634d9f-5697-4499-b21c-0b4454ce5d99 (type: networks) to 1
2026-03-03 19:02:17.181 7 WARNING neutron.scheduler.dhcp_agent_scheduler [None req-a92dec07-954f-446a-8fda-5d47714640f0 34406c5fd7fd4e2e87ba45241ade7cd1 8adc8f83c45d493394b4998823eea44d - - default default] No more DHCP agents
2026-03-03 19:02:17.183 7 WARNING neutron.api.rpc.agentnotifiers.dhcp_rpc_agent_api [None req-a92dec07-954f-446a-8fda-5d47714640f0 34406c5fd7fd4e2e87ba45241ade7cd1 8adc8f83c45d493394b4998823eea44d - - default default] Unable to schedule network 131b1ac5-d356-4bde-90bf-851761c68ff5: no agents available; will retry on subsequent port and subnet creation events.
2026-03-03 19:02:17.311 8 WARNING neutron.scheduler.dhcp_agent_scheduler [None req-d596cc05-f31f-4c9b-bdef-3c1e59e796e6 52f2aabd38324ee18e5b6b65e0028392 e1a1fa9486514ce5ad467aa31f939680 - - default default] No more DHCP agents
2026-03-03 19:02:17.314 8 WARNING neutron.api.rpc.agentnotifiers.dhcp_rpc_agent_api [None req-d596cc05-f31f-4c9b-bdef-3c1e59e796e6 52f2aabd38324ee18e5b6b65e0028392 e1a1fa9486514ce5ad467aa31f939680 - - default default] Unable to schedule network 9c634d9f-5697-4499-b21c-0b4454ce5d99: no agents available; will retry on subsequent port and subnet creation events.
2026-03-03 19:02:17.327 7 INFO neutron.db.ovn_revision_numbers_db [None req-a92dec07-954f-446a-8fda-5d47714640f0 34406c5fd7fd4e2e87ba45241ade7cd1 8adc8f83c45d493394b4998823eea44d - - default default] Successfully bumped revision number for resource c808dc3c-37d7-4f48-9e45-c7a31d7216a9 (type: ports) to 1
2026-03-03 19:02:17.433 8 INFO neutron.db.ovn_revision_numbers_db [None req-d596cc05-f31f-4c9b-bdef-3c1e59e796e6 52f2aabd38324ee18e5b6b65e0028392 e1a1fa9486514ce5ad467aa31f939680 - - default default] Successfully bumped revision number for resource 5afad602-2a4c-43f1-bede-572ad3bbe64f (type: ports) to 1 [pid: 8|app: 0|req: 1010/2187] 10.0.0.69 () {34 vars in 669 bytes} [Tue Mar 3 19:02:16 2026] POST /v2.0/networks => generated 651 bytes in 567 msecs (HTTP/1.1 201) 4 headers in 162 bytes (1 switches on core 0)
2026-03-03 19:02:17.471 8 INFO neutron.api.v2.resource [None req-2df2f1ad-b49a-4ff0-b8a5-d48e8979da1a 0c31b87a1d7a470495d6ea37e4ec5209 d469bbe9fea04554bcc2ec060a30b413 - - default default] delete failed (client error): The resource could not be found. [pid: 8|app: 0|req: 1011/2188] 10.0.0.69 () {32 vars in 761 bytes} [Tue Mar 3 19:02:17 2026] DELETE /v2.0/vpn/ipsec-site-connections/60d64930-0446-40ae-ae4a-bfab649dae7f => generated 154 bytes in 12 msecs (HTTP/1.1 404) 4 headers in 164 bytes (1 switches on core 0) [pid: 8|app: 0|req: 1012/2189] 10.0.0.69 () {32 vars in 723 bytes} [Tue Mar 3 19:02:17 2026] DELETE /v2.0/routers/698add08-c448-4f25-a2a8-a12fab429a80 => generated 0 bytes in 208 msecs (HTTP/1.1 204) 2 headers in 112 bytes (1 switches on core 0)
2026-03-03 19:02:17.859 8 WARNING neutron.scheduler.dhcp_agent_scheduler [None req-89d5356d-4624-4aa0-9954-a8aeb91ca728 52f2aabd38324ee18e5b6b65e0028392 e1a1fa9486514ce5ad467aa31f939680 - - default default] No more DHCP agents
2026-03-03 19:02:17.860 8 WARNING neutron.api.rpc.agentnotifiers.dhcp_rpc_agent_api [None req-89d5356d-4624-4aa0-9954-a8aeb91ca728 52f2aabd38324ee18e5b6b65e0028392 e1a1fa9486514ce5ad467aa31f939680 - - default default] Unable to schedule network 9c634d9f-5697-4499-b21c-0b4454ce5d99: no agents available; will retry on subsequent port and subnet creation events.
2026-03-03 19:02:18.083 7 WARNING neutron.scheduler.dhcp_agent_scheduler [None req-a92dec07-954f-446a-8fda-5d47714640f0 34406c5fd7fd4e2e87ba45241ade7cd1 8adc8f83c45d493394b4998823eea44d - - default default] No more DHCP agents
2026-03-03 19:02:18.085 7 WARNING neutron.api.rpc.agentnotifiers.dhcp_rpc_agent_api [None req-a92dec07-954f-446a-8fda-5d47714640f0 34406c5fd7fd4e2e87ba45241ade7cd1 8adc8f83c45d493394b4998823eea44d - - default default] Unable to schedule network 131b1ac5-d356-4bde-90bf-851761c68ff5: no agents available; will retry on subsequent port and subnet creation events.
2026-03-03 19:02:18.436 7 INFO neutron.db.ovn_revision_numbers_db [None req-a92dec07-954f-446a-8fda-5d47714640f0 34406c5fd7fd4e2e87ba45241ade7cd1 8adc8f83c45d493394b4998823eea44d - - default default] Successfully bumped revision number for resource c808dc3c-37d7-4f48-9e45-c7a31d7216a9 (type: router_ports) to 1 [pid: 7|app: 0|req: 1178/2190] 10.0.0.69 () {34 vars in 782 bytes} [Tue Mar 3 19:02:16 2026] PUT /v2.0/routers/9509f6dc-32b1-4a1c-b01f-b7bc5fb6a7cb/add_router_interface => generated 309 bytes in 1782 msecs (HTTP/1.1 200) 4 headers in 157 bytes (1 switches on core 0) [pid: 7|app: 0|req: 1179/2191] 10.0.0.69 () {32 vars in 670 bytes} [Tue Mar 3 19:02:18 2026] GET /v2.0/vpn/endpoint-groups => generated 1189 bytes in 11 msecs (HTTP/1.1 200) 4 headers in 158 bytes (1 switches on core 0) [pid: 7|app: 0|req: 1180/2192] 10.0.0.69 () {32 vars in 720 bytes} [Tue Mar 3 19:02:18 2026] GET /v2.0/routers/987ed7f9-e39a-42b4-8f1e-f7415d7dbd72 => generated 576 bytes in 36 msecs (HTTP/1.1 200) 4 headers in 157 bytes (1 switches on core 0)
2026-03-03 19:02:18.546 8 INFO neutron.db.ovn_revision_numbers_db [None req-dde8a6e0-4050-450b-b159-7285f1d8bc2e - - - - - -] Successfully bumped revision number for resource 5afad602-2a4c-43f1-bede-572ad3bbe64f (type: ports) to 2
2026-03-03 19:02:18.573 8 INFO neutron.db.ovn_revision_numbers_db [None req-dde8a6e0-4050-450b-b159-7285f1d8bc2e - - - - - -] Successfully bumped revision number for resource de952302-6df4-4a65-b29e-01e1456cf35c (type: subnets) to 0 [pid: 7|app: 0|req: 1181/2193] 10.0.0.69 () {32 vars in 648 bytes} [Tue Mar 3 19:02:18 2026] GET /v2.0/networks => generated 7716 bytes in 86 msecs (HTTP/1.1 200) 4 headers in 158 bytes (1 switches on core 0) [pid: 8|app: 0|req: 1013/2194] 10.0.0.69 () {34 vars in 668 bytes} [Tue Mar 3 19:02:17 2026] POST /v2.0/subnets => generated 629 bytes in 911 msecs (HTTP/1.1 201) 4 headers in 162 bytes (1 switches on core 0) [pid: 7|app: 0|req: 1182/2195] 10.0.0.69 () {32 vars in 747 bytes} [Tue Mar 3 19:02:18 2026] DELETE /v2.0/vpn/endpoint-groups/9c974816-dd7d-48a4-93aa-f34824cdd416 => generated 0 bytes in 19 msecs (HTTP/1.1 204) 2 headers in 112 bytes (1 switches on core 0) [pid: 7|app: 0|req: 1183/2196] 10.0.0.69 () {32 vars in 646 bytes} [Tue Mar 3 19:02:18 2026] GET /v2.0/subnets => generated 5845 bytes in 46 msecs (HTTP/1.1 200) 4 headers in 158 bytes (1 switches on core 0)
2026-03-03 19:02:18.731 7 INFO neutron.db.segments_db [None req-03498f50-20fc-43a0-b59a-87e186f0f9e7 52f2aabd38324ee18e5b6b65e0028392 e1a1fa9486514ce5ad467aa31f939680 - - default default] Added segment 4e5f59ea-0199-4cca-b658-a8f4a078f1b5 of type geneve for network 0b5be7c2-d6bd-4527-9cde-f072ee9c9dfb [pid: 8|app: 0|req: 1014/2197] 10.0.0.69 () {34 vars in 741 bytes} [Tue Mar 3 19:02:18 2026] PUT /v2.0/routers/987ed7f9-e39a-42b4-8f1e-f7415d7dbd72 => generated 576 bytes in 271 msecs (HTTP/1.1 200) 4 headers in 157 bytes (1 switches on core 0)
2026-03-03 19:02:18.864 7 INFO neutron.db.ovn_revision_numbers_db [None req-03498f50-20fc-43a0-b59a-87e186f0f9e7 52f2aabd38324ee18e5b6b65e0028392 e1a1fa9486514ce5ad467aa31f939680 - - default default] Successfully bumped revision number for resource 0b5be7c2-d6bd-4527-9cde-f072ee9c9dfb (type: networks) to 1 [pid: 8|app: 0|req: 1015/2198] 10.0.0.69 () {32 vars in 670 bytes} [Tue Mar 3 19:02:18 2026] GET /v2.0/vpn/endpoint-groups => generated 905 bytes in 12 msecs (HTTP/1.1 200) 4 headers in 157 bytes (1 switches on core 0) [pid: 8|app: 0|req: 1016/2199] 10.0.0.69 () {32 vars in 646 bytes} [Tue Mar 3 19:02:18 2026] GET /v2.0/routers => generated 3552 bytes in 66 msecs (HTTP/1.1 200) 4 headers in 158 bytes (1 switches on core 0) [pid: 8|app: 0|req: 1017/2200] 10.0.0.69 () {32 vars in 735 bytes} [Tue Mar 3 19:02:18 2026] GET /v2.0/ports?device_id=987ed7f9-e39a-42b4-8f1e-f7415d7dbd72 => generated 12 bytes in 15 msecs (HTTP/1.1 200) 4 headers in 156 bytes (1 switches on core 0) [pid: 8|app: 0|req: 1018/2201] 10.0.0.69 () {32 vars in 670 bytes} [Tue Mar 3 19:02:18 2026] GET /v2.0/vpn/endpoint-groups => generated 905 bytes in 9 msecs (HTTP/1.1 200) 4 headers in 157 bytes (1 switches on core 0)
2026-03-03 19:02:19.013 7 WARNING neutron.scheduler.dhcp_agent_scheduler [None req-03498f50-20fc-43a0-b59a-87e186f0f9e7 52f2aabd38324ee18e5b6b65e0028392 e1a1fa9486514ce5ad467aa31f939680 - - default default] No more DHCP agents
2026-03-03 19:02:19.015 7 WARNING neutron.api.rpc.agentnotifiers.dhcp_rpc_agent_api [None req-03498f50-20fc-43a0-b59a-87e186f0f9e7 52f2aabd38324ee18e5b6b65e0028392 e1a1fa9486514ce5ad467aa31f939680 - - default default] Unable to schedule network 0b5be7c2-d6bd-4527-9cde-f072ee9c9dfb: no agents available; will retry on subsequent port and subnet creation events.
2026-03-03 19:02:19.115 7 INFO neutron.db.ovn_revision_numbers_db [None req-03498f50-20fc-43a0-b59a-87e186f0f9e7 52f2aabd38324ee18e5b6b65e0028392 e1a1fa9486514ce5ad467aa31f939680 - - default default] Successfully bumped revision number for resource 4407c835-2482-4a3f-8f0f-fed4151a2014 (type: ports) to 1 [pid: 7|app: 0|req: 1184/2202] 10.0.0.69 () {34 vars in 669 bytes} [Tue Mar 3 19:02:18 2026] POST /v2.0/networks => generated 651 bytes in 492 msecs (HTTP/1.1 201) 4 headers in 162 bytes (1 switches on core 0) [pid: 7|app: 0|req: 1185/2203] 10.0.0.69 () {32 vars in 747 bytes} [Tue Mar 3 19:02:19 2026] DELETE /v2.0/vpn/endpoint-groups/b51b6471-90ce-432c-8fa6-7b7ca660d189 => generated 0 bytes in 22 msecs (HTTP/1.1 204) 2 headers in 112 bytes (1 switches on core 0) [pid: 8|app: 0|req: 1019/2204] 10.0.0.69 () {32 vars in 723 bytes} [Tue Mar 3 19:02:18 2026] DELETE /v2.0/routers/987ed7f9-e39a-42b4-8f1e-f7415d7dbd72 => generated 0 bytes in 241 msecs (HTTP/1.1 204) 2 headers in 112 bytes (1 switches on core 0)
2026-03-03 19:02:19.304 7 INFO neutron.db.ovn_revision_numbers_db [None req-054861c9-2ddb-43eb-981b-396db38ffcac 34406c5fd7fd4e2e87ba45241ade7cd1 8adc8f83c45d493394b4998823eea44d - - default default] Successfully bumped revision number for resource 3004bab5-4bdc-43d0-9ba1-eda296460a71 (type: security_groups) to 1
2026-03-03 19:02:19.317 7 INFO neutron.db.ovn_revision_numbers_db [None req-054861c9-2ddb-43eb-981b-396db38ffcac 34406c5fd7fd4e2e87ba45241ade7cd1 8adc8f83c45d493394b4998823eea44d - - default default] Successfully bumped revision number for resource 6d260f4f-f2de-45c4-9d0f-d3cbea7fbbf2 (type: security_group_rules) to 0
2026-03-03 19:02:19.330 7 INFO neutron.db.ovn_revision_numbers_db [None req-054861c9-2ddb-43eb-981b-396db38ffcac 34406c5fd7fd4e2e87ba45241ade7cd1 8adc8f83c45d493394b4998823eea44d - - default default] Successfully bumped revision number for resource b5ce6676-a4f2-4886-9b51-2dd444d48e31 (type: security_group_rules) to 0 [pid: 7|app: 0|req: 1186/2205] 10.0.0.69 () {34 vars in 684 bytes} [Tue Mar 3 19:02:19 2026] POST /v2.0/security-groups => generated 1673 bytes in 201 msecs (HTTP/1.1 201) 4 headers in 163 bytes (1 switches on core 0) [pid: 7|app: 0|req: 1187/2206] 10.0.0.69 () {32 vars in 670 bytes} [Tue Mar 3 19:02:19 2026] GET /v2.0/vpn/endpoint-groups => generated 633 bytes in 9 msecs (HTTP/1.1 200) 4 headers in 157 bytes (1 switches on core 0)
2026-03-03 19:02:19.431 8 WARNING neutron.scheduler.dhcp_agent_scheduler [None req-69055bb7-e2fc-4c60-8297-a49cfa0cf437 52f2aabd38324ee18e5b6b65e0028392 e1a1fa9486514ce5ad467aa31f939680 - - default default] No more DHCP agents
2026-03-03 19:02:19.432 8 WARNING neutron.api.rpc.agentnotifiers.dhcp_rpc_agent_api [None req-69055bb7-e2fc-4c60-8297-a49cfa0cf437 52f2aabd38324ee18e5b6b65e0028392 e1a1fa9486514ce5ad467aa31f939680 - - default default] Unable to schedule network 0b5be7c2-d6bd-4527-9cde-f072ee9c9dfb: no agents available; will retry on subsequent port and subnet creation events.
2026-03-03 19:02:19.511 7 INFO neutron.db.ovn_revision_numbers_db [None req-7a717d39-9e77-4e4c-9b26-18b86e592b8f 34406c5fd7fd4e2e87ba45241ade7cd1 8adc8f83c45d493394b4998823eea44d - - default default] Successfully bumped revision number for resource b5e9ee56-d308-488f-a3a6-00ebf505ebe5 (type: security_group_rules) to 0 [pid: 7|app: 0|req: 1188/2207] 10.0.0.69 () {34 vars in 694 bytes} [Tue Mar 3 19:02:19 2026] POST /v2.0/security-group-rules => generated 597 bytes in 173 msecs (HTTP/1.1 201) 4 headers in 162 bytes (1 switches on core 0)
2026-03-03 19:02:19.918 8 INFO neutron.db.ovn_revision_numbers_db [None req-e953c929-d2ea-40d7-a6c5-ebd854c14c2a - - - - - -] Successfully bumped revision number for resource 4407c835-2482-4a3f-8f0f-fed4151a2014 (type: ports) to 2
2026-03-03 19:02:19.951 8 INFO neutron.db.ovn_revision_numbers_db [None req-e953c929-d2ea-40d7-a6c5-ebd854c14c2a - - - - - -] Successfully bumped revision number for resource 3d53d5a2-e54a-481c-8adc-9d1159d07bb8 (type: subnets) to 0 [pid: 8|app: 0|req: 1020/2208] 10.0.0.69 () {34 vars in 668 bytes} [Tue Mar 3 19:02:19 2026] POST /v2.0/subnets => generated 629 bytes in 763 msecs (HTTP/1.1 201) 4 headers in 162 bytes (1 switches on core 0)
2026-03-03 19:02:20.133 8 INFO neutron.db.ovn_revision_numbers_db [None req-31df2468-1fa5-4d2d-83af-ec213abc01d5 34406c5fd7fd4e2e87ba45241ade7cd1 8adc8f83c45d493394b4998823eea44d - - default default] Successfully bumped revision number for resource f67c4d80-df3d-4b26-80c9-98de33c5a835 (type: security_group_rules) to 0 [pid: 8|app: 0|req: 1021/2209] 10.0.0.69 () {34 vars in 694 bytes} [Tue Mar 3 19:02:19 2026] POST /v2.0/security-group-rules => generated 596 bytes in 191 msecs (HTTP/1.1 201) 4 headers in 162 bytes (1 switches on core 0)
2026-03-03 19:02:20.170 7 INFO neutron.db.ovn_revision_numbers_db [None req-b86310cd-24b4-45cb-acff-5a9d1d6832a6 0c31b87a1d7a470495d6ea37e4ec5209 d469bbe9fea04554bcc2ec060a30b413 - - default default] Successfully bumped revision number for resource 402516f0-a930-41f2-b82d-ac8e00e4b761 (type: routers) to 8 [pid: 7|app: 0|req: 1189/2210] 10.0.0.69 () {34 vars in 706 bytes} [Tue Mar 3 19:02:19 2026] POST /v2.0/vpn/ipsec-site-connections => generated 805 bytes in 653 msecs (HTTP/1.1 201) 4 headers in 162 bytes (1 switches on core 0)
2026-03-03 19:02:20.234 8 INFO neutron.db.segments_db [None req-d709317b-8ee9-42e3-aaf6-ec36dc800ed2 52f2aabd38324ee18e5b6b65e0028392 e1a1fa9486514ce5ad467aa31f939680 - - default default] Added segment bdce0321-a0dc-414c-a151-913ac3e24f47 of type geneve for network e0aa753f-c584-4699-bf87-0264a2c085a5
2026-03-03 19:02:20.342 8 INFO neutron.db.ovn_revision_numbers_db [None req-d709317b-8ee9-42e3-aaf6-ec36dc800ed2 52f2aabd38324ee18e5b6b65e0028392 e1a1fa9486514ce5ad467aa31f939680 - - default default] Successfully bumped revision number for resource e0aa753f-c584-4699-bf87-0264a2c085a5 (type: networks) to 1
2026-03-03 19:02:20.503 7 INFO neutron.db.ovn_revision_numbers_db [None req-5d57f629-f1cd-4d1f-a1dc-79c1d8541d3f 78b935df05e2477f95a1a2abc2dbe573 23f4bb7f522a40beb143b19d5a4f22e8 - - default default] Successfully bumped revision number for resource 91db756d-6b05-4873-8a22-8850f40c9867 (type: security_groups) to 1
2026-03-03 19:02:20.515 7 INFO neutron.db.ovn_revision_numbers_db [None req-5d57f629-f1cd-4d1f-a1dc-79c1d8541d3f 78b935df05e2477f95a1a2abc2dbe573 23f4bb7f522a40beb143b19d5a4f22e8 - - default default] Successfully bumped revision number for resource 0d20c5d6-c1e6-4698-ac70-076bee24b11d (type: security_group_rules) to 0
2026-03-03 19:02:20.538 7 INFO neutron.db.ovn_revision_numbers_db [None req-5d57f629-f1cd-4d1f-a1dc-79c1d8541d3f 78b935df05e2477f95a1a2abc2dbe573 23f4bb7f522a40beb143b19d5a4f22e8 - - default default] Successfully bumped revision number for resource 507b142a-c273-403f-afd9-6a8059474785 (type: security_group_rules) to 0
2026-03-03 19:02:20.541 8 WARNING neutron.plugins.ml2.drivers.ovn.mech_driver.ovsdb.ovn_client [None req-7fb4a689-a031-4311-9f2b-a5985beef625 - - - - - -] No hosting information found for port 811a5f71-5ad0-4f4c-a26b-205c6ef1ee26: RuntimeError: No hosting information found for port 811a5f71-5ad0-4f4c-a26b-205c6ef1ee26
2026-03-03 19:02:20.548 7 INFO neutron.db.ovn_revision_numbers_db [None req-5d57f629-f1cd-4d1f-a1dc-79c1d8541d3f 78b935df05e2477f95a1a2abc2dbe573 23f4bb7f522a40beb143b19d5a4f22e8 - - default default] Successfully bumped revision number for resource 8fa91dfd-b041-4197-86df-b19b403fcd05 (type: security_group_rules) to 0
2026-03-03 19:02:20.559 7 INFO neutron.db.ovn_revision_numbers_db [None req-5d57f629-f1cd-4d1f-a1dc-79c1d8541d3f 78b935df05e2477f95a1a2abc2dbe573 23f4bb7f522a40beb143b19d5a4f22e8 - - default default] Successfully bumped revision number for resource fa96a73e-5278-4527-a296-5f3ff67ce251 (type: security_group_rules) to 0 [pid: 7|app: 0|req: 1190/2211] 10.0.0.69 () {32 vars in 773 bytes} [Tue Mar 3 19:02:20 2026] GET /v2.0/security-groups?tenant_id=66b91666d513465baa7540a79a8303ad&name=default => generated 2925 bytes in 398 msecs (HTTP/1.1 200) 4 headers in 158 bytes (1 switches on core 0)
2026-03-03 19:02:20.620 8 WARNING neutron.scheduler.dhcp_agent_scheduler [None req-d709317b-8ee9-42e3-aaf6-ec36dc800ed2 52f2aabd38324ee18e5b6b65e0028392 e1a1fa9486514ce5ad467aa31f939680 - - default default] No more DHCP agents
2026-03-03 19:02:20.625 8 WARNING neutron.api.rpc.agentnotifiers.dhcp_rpc_agent_api [None req-d709317b-8ee9-42e3-aaf6-ec36dc800ed2 52f2aabd38324ee18e5b6b65e0028392 e1a1fa9486514ce5ad467aa31f939680 - - default default] Unable to schedule network e0aa753f-c584-4699-bf87-0264a2c085a5: no agents available; will retry on subsequent port and subnet creation events.
2026-03-03 19:02:20.730 8 INFO neutron.db.ovn_revision_numbers_db [None req-7fb4a689-a031-4311-9f2b-a5985beef625 - - - - - -] Successfully bumped revision number for resource 811a5f71-5ad0-4f4c-a26b-205c6ef1ee26 (type: router_ports) to 2
2026-03-03 19:02:20.731 8 INFO neutron.plugins.ml2.drivers.ovn.mech_driver.mech_driver [None req-7fb4a689-a031-4311-9f2b-a5985beef625 - - - - - -] OVN reports status down for port: 29d9bad8-8336-49b2-941f-f64315e158d2
2026-03-03 19:02:20.794 8 INFO neutron.plugins.ml2.drivers.ovn.mech_driver.mech_driver [None req-7fb4a689-a031-4311-9f2b-a5985beef625 - - - - - -] OVN reports status down for port: a3c93d4b-ad14-4c4b-86d7-4e5b8fc1b362
2026-03-03 19:02:20.795 7 INFO neutron.db.ovn_revision_numbers_db [None req-7b1874ed-c739-4a3d-8e48-5df5bf7ba665 34406c5fd7fd4e2e87ba45241ade7cd1 8adc8f83c45d493394b4998823eea44d - - default default] Successfully bumped revision number for resource 2cc847b7-3945-40f4-a095-342b38f0867d (type: security_group_rules) to 0
2026-03-03 19:02:20.809 8 INFO neutron.plugins.ml2.drivers.ovn.mech_driver.mech_driver [None req-7fb4a689-a031-4311-9f2b-a5985beef625 - - - - - -] OVN reports status down for port: 1038e92c-dc56-4a8e-ad18-21ba29690a38
2026-03-03 19:02:20.815 8 INFO neutron.db.ovn_revision_numbers_db [None req-d709317b-8ee9-42e3-aaf6-ec36dc800ed2 52f2aabd38324ee18e5b6b65e0028392 e1a1fa9486514ce5ad467aa31f939680 - - default default] Successfully bumped revision number for resource 6518e8b6-587e-455b-b191-aa994e115ee4 (type: ports) to 1
2026-03-03 19:02:20.829 8 INFO neutron.plugins.ml2.drivers.ovn.mech_driver.mech_driver [None req-7fb4a689-a031-4311-9f2b-a5985beef625 - - - - - -] OVN reports status up for port: 1038e92c-dc56-4a8e-ad18-21ba29690a38 [pid: 7|app: 0|req: 1191/2212] 10.0.0.69 () {34 vars in 694 bytes} [Tue Mar 3 19:02:20 2026] POST /v2.0/security-group-rules => generated 602 bytes in 255 msecs (HTTP/1.1 201) 4 headers in 162 bytes (1 switches on core 0)
2026-03-03 19:02:20.877 8 INFO neutron.plugins.ml2.drivers.ovn.mech_driver.mech_driver [None req-7fb4a689-a031-4311-9f2b-a5985beef625 - - - - - -] OVN reports status down for port: 7af53eba-80b4-4fcf-8586-7c88df779a56 [pid: 8|app: 0|req: 1022/2213] 10.0.0.69 () {34 vars in 669 bytes} [Tue Mar 3 19:02:20 2026] POST /v2.0/networks => generated 650 bytes in 721 msecs (HTTP/1.1 201) 4 headers in 162 bytes (1 switches on core 0)
2026-03-03 19:02:20.898 8 INFO neutron.plugins.ml2.drivers.ovn.mech_driver.mech_driver [None req-7fb4a689-a031-4311-9f2b-a5985beef625 - - - - - -] OVN reports status down for port: f60ef696-585e-43ff-8eeb-b76edc4978c7
2026-03-03 19:02:21.016 8 INFO neutron.plugins.ml2.drivers.ovn.mech_driver.mech_driver [None req-7fb4a689-a031-4311-9f2b-a5985beef625 - - - - - -] OVN reports status down for port: 0e2c8176-9b5c-474a-a824-84264a816d31
2026-03-03 19:02:21.407 7 INFO neutron.db.ovn_revision_numbers_db [None req-d3be6967-cddf-4c96-98ff-f913bb164757 0c31b87a1d7a470495d6ea37e4ec5209 d469bbe9fea04554bcc2ec060a30b413 - - default default] Successfully bumped revision number for resource 402516f0-a930-41f2-b82d-ac8e00e4b761 (type: routers) to 9 [pid: 7|app: 0|req: 1192/2214] 10.0.0.69 () {32 vars in 761 bytes} [Tue Mar 3 19:02:20 2026] DELETE /v2.0/vpn/ipsec-site-connections/93d38ffd-f5b1-440c-9a1e-1a70585bff96 => generated 0 bytes in 575 msecs (HTTP/1.1 204) 2 headers in 112 bytes (1 switches on core 0) [pid: 8|app: 0|req: 1023/2215] 10.0.0.69 () {32 vars in 739 bytes} [Tue Mar 3 19:02:20 2026] DELETE /v2.0/security-groups/91db756d-6b05-4873-8a22-8850f40c9867 => generated 0 bytes in 555 msecs (HTTP/1.1 204) 2 headers in 112 bytes (1 switches on core 0)
2026-03-03 19:02:21.532 8 INFO neutron.db.ovn_revision_numbers_db [None req-7fb4a689-a031-4311-9f2b-a5985beef625 - - - - - -] Successfully bumped revision number for resource 0e2c8176-9b5c-474a-a824-84264a816d31 (type: ports) to 6
2026-03-03 19:02:21.619 7 INFO neutron.db.ovn_revision_numbers_db [None req-013b369e-1b3f-4971-9f09-edc0c8820d57 34406c5fd7fd4e2e87ba45241ade7cd1 8adc8f83c45d493394b4998823eea44d - - default default] Successfully bumped revision number for resource 5b184cd9-8701-43b5-8de7-44f8857b64ff (type: security_group_rules) to 0 [pid: 7|app: 0|req: 1193/2216] 10.0.0.69 () {34 vars in 694 bytes} [Tue Mar 3 19:02:21 2026] POST /v2.0/security-group-rules => generated 601 bytes in 224 msecs (HTTP/1.1 201) 4 headers in 162 bytes (1 switches on core 0) [pid: 7|app: 0|req: 1194/2217] 10.0.0.69 () {32 vars in 684 bytes} [Tue Mar 3 19:02:21 2026] GET /v2.0/vpn/ipsec-site-connections => generated 806 bytes in 11 msecs (HTTP/1.1 200) 4 headers in 157 bytes (1 switches on core 0)
2026-03-03 19:02:21.703 8 WARNING neutron.plugins.ml2.drivers.ovn.mech_driver.ovsdb.ovn_client [None req-cc0e5963-b595-4d0c-98b7-2b368f4f6e5d - - - - - -] Logical_Switch_Port %s host information not removed, the port state is up
2026-03-03 19:02:21.704 8 INFO neutron.plugins.ml2.drivers.ovn.mech_driver.mech_driver [None req-cc0e5963-b595-4d0c-98b7-2b368f4f6e5d - - - - - -] OVN reports status up for port: 0e2c8176-9b5c-474a-a824-84264a816d31
2026-03-03 19:02:21.734 8 INFO neutron.plugins.ml2.plugin [None req-cc0e5963-b595-4d0c-98b7-2b368f4f6e5d - - - - - -] Attempt 1 to provision port 0e2c8176-9b5c-474a-a824-84264a816d31
2026-03-03 19:02:21.765 8 WARNING neutron.scheduler.dhcp_agent_scheduler [None req-d59bd021-3784-43b3-b161-cb4877210393 52f2aabd38324ee18e5b6b65e0028392 e1a1fa9486514ce5ad467aa31f939680 - - default default] No more DHCP agents
2026-03-03 19:02:21.767 8 WARNING neutron.api.rpc.agentnotifiers.dhcp_rpc_agent_api [None req-d59bd021-3784-43b3-b161-cb4877210393 52f2aabd38324ee18e5b6b65e0028392 e1a1fa9486514ce5ad467aa31f939680 - - default default] Unable to schedule network e0aa753f-c584-4699-bf87-0264a2c085a5: no agents available; will retry on subsequent port and subnet creation events.
2026-03-03 19:02:21.849 7 INFO neutron.db.ovn_revision_numbers_db [None req-b224f75c-d740-4404-9c90-97b88d69a94d 78b935df05e2477f95a1a2abc2dbe573 23f4bb7f522a40beb143b19d5a4f22e8 - - default default] Successfully bumped revision number for resource b82c406f-4997-48e7-b9ed-dd474fc394cc (type: security_groups) to 1
2026-03-03 19:02:21.859 7 INFO neutron.db.ovn_revision_numbers_db [None req-b224f75c-d740-4404-9c90-97b88d69a94d 78b935df05e2477f95a1a2abc2dbe573 23f4bb7f522a40beb143b19d5a4f22e8 - - default default] Successfully bumped revision number for resource 21b6b521-69cf-4663-b8ad-99f0107f9c63 (type: security_group_rules) to 0
2026-03-03 19:02:21.871 7 INFO neutron.db.ovn_revision_numbers_db [None req-b224f75c-d740-4404-9c90-97b88d69a94d 78b935df05e2477f95a1a2abc2dbe573 23f4bb7f522a40beb143b19d5a4f22e8 - - default default] Successfully bumped revision number for resource adb2982c-cb44-44b9-8b84-d879c2f9ee6a (type: security_group_rules) to 0
2026-03-03 19:02:21.882 7 INFO neutron.db.ovn_revision_numbers_db [None req-b224f75c-d740-4404-9c90-97b88d69a94d 78b935df05e2477f95a1a2abc2dbe573 23f4bb7f522a40beb143b19d5a4f22e8 - - default default] Successfully bumped revision number for resource c674b894-80df-4c3c-b789-146be9f5a7b3 (type: security_group_rules) to 0
2026-03-03 19:02:21.903 7 INFO neutron.db.ovn_revision_numbers_db [None req-b224f75c-d740-4404-9c90-97b88d69a94d 78b935df05e2477f95a1a2abc2dbe573 23f4bb7f522a40beb143b19d5a4f22e8 - - default default] Successfully bumped revision number for resource cff39f4f-36cf-4de2-ba88-b2187d6539f6 (type: security_group_rules) to 0 [pid: 7|app: 0|req: 1195/2218] 10.0.0.69 () {32 vars in 773 bytes} [Tue Mar 3 19:02:21 2026] GET /v2.0/security-groups?tenant_id=78db6f1494db4b40bf207776bbcb5034&name=default => generated 2925 bytes in 305 msecs (HTTP/1.1 200) 4 headers in 158 bytes (1 switches on core 0)
2026-03-03 19:02:21.998 7 INFO neutron.db.securitygroups_db [None req-60bc1b24-2e80-40c3-adee-8ecc9cb96251 34406c5fd7fd4e2e87ba45241ade7cd1 8adc8f83c45d493394b4998823eea44d - - default default] Project 8adc8f83c45d493394b4998823eea44d added a security group rule with legacy IPv6 ICMP protocol name icmp, ipv6-icmp should be used instead. It was automatically converted.
2026-03-03 19:02:22.141 7 INFO neutron.db.ovn_revision_numbers_db [None req-60bc1b24-2e80-40c3-adee-8ecc9cb96251 34406c5fd7fd4e2e87ba45241ade7cd1 8adc8f83c45d493394b4998823eea44d - - default default] Successfully bumped revision number for resource fe7d1e38-51ee-4fc4-85b0-0f26e9eae600 (type: security_group_rules) to 0 [pid: 7|app: 0|req: 1196/2219] 10.0.0.69 () {34 vars in 694 bytes} [Tue Mar 3 19:02:21 2026] POST /v2.0/security-group-rules => generated 607 bytes in 218 msecs (HTTP/1.1 201) 4 headers in 162 bytes (1 switches on core 0)
