2026-05-09 06:33:08.566 9 INFO neutron.wsgi [req-8fadef8c-adb1-4b52-b713-e3765f87b7a1 req-ff87a97b-faf6-4dea-92da-4b003566fe78 eadb08e61d1144e399cc46aaebeaa587 04e41ece0a324f9a8056a1cc77d85c78 - - default default] 10.0.0.153 "GET /v2.0/ports?device_id=dd7c07a7-57e6-46b2-a8b1-7dc4d4366f16 HTTP/1.1" status: 200 len: 210 time: 0.0479276
2026-05-09 06:33:08.607 9 INFO neutron.db.ovn_revision_numbers_db [None req-7bc83e81-6922-4f1c-9f65-15f09d20ef1d 455e41fa0518499da8b3aa9d863b6337 90b8cf1e21834e328aa9c0df653013d9 - - - -] Successfully bumped revision number for resource e45f3a90-7676-402c-b7cd-ce3d7756b046 (type: networks) to 1
2026-05-09 06:33:09.045 9 INFO neutron.services.segments.plugin [-] Segment 919c7327-475b-4d0d-836b-e1a7b7e8c55b resource provider aggregate not found
2026-05-09 06:33:09.052 9 INFO neutron.services.segments.plugin [-] Segment 919c7327-475b-4d0d-836b-e1a7b7e8c55b resource provider aggregate not found
2026-05-09 06:33:09.073 9 INFO neutron.services.segments.plugin [-] Segment 919c7327-475b-4d0d-836b-e1a7b7e8c55b resource provider not found; error: Placement Client Error (4xx): {"errors": [{"status": 404, "title": "Not Found", "detail": "The resource could not be found.\n\n No resource provider with uuid 919c7327-475b-4d0d-836b-e1a7b7e8c55b found for delete ", "request_id": "req-220d81a5-1902-4d7d-9682-28ceeb297c5c"}]}
2026-05-09 06:33:09.073 9 INFO neutron.services.segments.plugin [-] Segment 919c7327-475b-4d0d-836b-e1a7b7e8c55b resource provider not found; error: Placement Client Error (4xx): {"errors": [{"status": 404, "title": "Not Found", "detail": "The resource could not be found.\n\n No resource provider with uuid 919c7327-475b-4d0d-836b-e1a7b7e8c55b found for delete ", "request_id": "req-b5a037a9-235d-4130-a307-4b95a8b72142"}]}
2026-05-09 06:33:09.118 9 WARNING neutron.scheduler.dhcp_agent_scheduler [None req-7bc83e81-6922-4f1c-9f65-15f09d20ef1d 455e41fa0518499da8b3aa9d863b6337 90b8cf1e21834e328aa9c0df653013d9 - - - -] No more DHCP agents
2026-05-09 06:33:09.120 9 WARNING neutron.api.rpc.agentnotifiers.dhcp_rpc_agent_api [None req-7bc83e81-6922-4f1c-9f65-15f09d20ef1d 455e41fa0518499da8b3aa9d863b6337 90b8cf1e21834e328aa9c0df653013d9 - - - -] Unable to schedule network e45f3a90-7676-402c-b7cd-ce3d7756b046: no agents available; will retry on subsequent port and subnet creation events.
2026-05-09 06:33:09.122 10 INFO neutron.notifiers.nova [-] Nova event matching ['req-77846abd-3038-424f-92d7-10590a8772bc'] response: {'server_uuid': 'dd7c07a7-57e6-46b2-a8b1-7dc4d4366f16', 'name': 'network-vif-unplugged', 'status': 'completed', 'tag': '7ca2923c-baa0-40dd-9145-2505ce3ad1e3', 'code': 200}
2026-05-09 06:33:09.122 10 INFO neutron.notifiers.nova [-] Nova event matching ['req-77846abd-3038-424f-92d7-10590a8772bc'] response: {'server_uuid': 'dd7c07a7-57e6-46b2-a8b1-7dc4d4366f16', 'name': 'network-vif-plugged', 'status': 'completed', 'tag': '7ca2923c-baa0-40dd-9145-2505ce3ad1e3', 'code': 200}
2026-05-09 06:33:09.209 9 INFO neutron.db.ovn_revision_numbers_db [None req-7bc83e81-6922-4f1c-9f65-15f09d20ef1d 455e41fa0518499da8b3aa9d863b6337 90b8cf1e21834e328aa9c0df653013d9 - - - -] Successfully bumped revision number for resource f57c2325-ed54-4d9a-8268-de05268deb29 (type: ports) to 1
2026-05-09 06:33:09.244 9 INFO neutron.wsgi [None req-7bc83e81-6922-4f1c-9f65-15f09d20ef1d 455e41fa0518499da8b3aa9d863b6337 90b8cf1e21834e328aa9c0df653013d9 - - - -] 10.0.0.2 "POST /v2.0/networks HTTP/1.1" status: 201 len: 831 time: 0.9183812
2026-05-09 06:33:09.329 9 INFO neutron.wsgi [None req-018ecf4a-f126-4940-ba59-65ff3d2b0bdb 8ca18804aaa34aa6b0b7f9bba0d86d7b c085e556660b4f8888b13ca101e7f1ac - - - -] 10.0.0.2 "DELETE /v2.0/networks/53386560-924d-481b-b93a-d2a44d630a7e HTTP/1.1" status: 204 len: 168 time: 0.8014648
2026-05-09 06:33:09.334 10 INFO neutron.db.segments_db [None req-4b354bb1-9365-435a-bec1-848796a27960 455e41fa0518499da8b3aa9d863b6337 90b8cf1e21834e328aa9c0df653013d9 - - - -] Added segment ed1ec7b3-dec8-4998-afb7-ad088f558351 of type geneve for network 1af11fcc-bcc2-4309-ac5e-d6b1a190f8e3
2026-05-09 06:33:09.390 10 INFO neutron.services.segments.plugin [-] Segment 8d7cc336-a59c-4a14-936f-30e1c6064f44 resource provider aggregate not found
2026-05-09 06:33:09.410 10 INFO neutron.services.segments.plugin [-] Segment 8d7cc336-a59c-4a14-936f-30e1c6064f44 resource provider aggregate not found
2026-05-09 06:33:09.425 10 INFO neutron.services.segments.plugin [-] Segment 8d7cc336-a59c-4a14-936f-30e1c6064f44 resource provider not found; error: Placement Client Error (4xx): {"errors": [{"status": 404, "title": "Not Found", "detail": "The resource could not be found.\n\n No resource provider with uuid 8d7cc336-a59c-4a14-936f-30e1c6064f44 found for delete ", "request_id": "req-cc775795-0f8c-4450-9209-69ea283f50cc"}]}
2026-05-09 06:33:09.426 10 INFO neutron.services.segments.plugin [-] Segment 8d7cc336-a59c-4a14-936f-30e1c6064f44 resource provider not found; error: Placement Client Error (4xx): {"errors": [{"status": 404, "title": "Not Found", "detail": "The resource could not be found.\n\n No resource provider with uuid 8d7cc336-a59c-4a14-936f-30e1c6064f44 found for delete ", "request_id": "req-fef3cd70-41fc-4d0a-b614-3fe4e06b79a7"}]}
2026-05-09 06:33:09.470 10 INFO neutron.db.ovn_revision_numbers_db [None req-4b354bb1-9365-435a-bec1-848796a27960 455e41fa0518499da8b3aa9d863b6337 90b8cf1e21834e328aa9c0df653013d9 - - - -] Successfully bumped revision number for resource 1af11fcc-bcc2-4309-ac5e-d6b1a190f8e3 (type: networks) to 1
2026-05-09 06:33:09.646 10 WARNING neutron.scheduler.dhcp_agent_scheduler [None req-4b354bb1-9365-435a-bec1-848796a27960 455e41fa0518499da8b3aa9d863b6337 90b8cf1e21834e328aa9c0df653013d9 - - - -] No more DHCP agents
2026-05-09 06:33:09.649 10 WARNING neutron.api.rpc.agentnotifiers.dhcp_rpc_agent_api [None req-4b354bb1-9365-435a-bec1-848796a27960 455e41fa0518499da8b3aa9d863b6337 90b8cf1e21834e328aa9c0df653013d9 - - - -] Unable to schedule network 1af11fcc-bcc2-4309-ac5e-d6b1a190f8e3: no agents available; will retry on subsequent port and subnet creation events.
2026-05-09 06:33:09.721 10 INFO neutron.db.ovn_revision_numbers_db [None req-4b354bb1-9365-435a-bec1-848796a27960 455e41fa0518499da8b3aa9d863b6337 90b8cf1e21834e328aa9c0df653013d9 - - - -] Successfully bumped revision number for resource d8361a73-c753-478b-a291-d5c7947d24e1 (type: ports) to 1
2026-05-09 06:33:09.752 10 INFO neutron.wsgi [None req-4b354bb1-9365-435a-bec1-848796a27960 455e41fa0518499da8b3aa9d863b6337 90b8cf1e21834e328aa9c0df653013d9 - - - -] 10.0.0.2 "POST /v2.0/networks HTTP/1.1" status: 201 len: 831 time: 0.5023122
2026-05-09 06:33:09.839 10 INFO neutron.db.segments_db [None req-179d1046-d199-4358-8f77-f1c0dddcd63f 455e41fa0518499da8b3aa9d863b6337 90b8cf1e21834e328aa9c0df653013d9 - - - -] Added segment e6cee4f8-e433-4546-b8fa-56b7c1e6f463 of type geneve for network 530c30e0-f953-457c-85dd-6e8ea843b5ec
2026-05-09 06:33:09.991 10 INFO neutron.db.ovn_revision_numbers_db [None req-179d1046-d199-4358-8f77-f1c0dddcd63f 455e41fa0518499da8b3aa9d863b6337 90b8cf1e21834e328aa9c0df653013d9 - - - -] Successfully bumped revision number for resource 530c30e0-f953-457c-85dd-6e8ea843b5ec (type: networks) to 1
2026-05-09 06:33:10.186 9 INFO neutron.wsgi [-] 10.0.0.198 "GET / HTTP/1.1" status: 200 len: 247 time: 0.0021508
2026-05-09 06:33:10.188 9 INFO neutron.wsgi [-] 10.0.0.198 "GET / HTTP/1.1" status: 200 len: 247 time: 0.0014896
2026-05-09 06:33:10.340 9 INFO neutron.db.ovn_revision_numbers_db [None req-b15bb291-9d97-47f6-808a-4112840de4c2 6545f5c60cb24806b538ca03a36c49d6 273570b6816242ba9a7165f2066f5d03 - - default default] Successfully bumped revision number for resource a84d20a5-b070-4fcb-81fa-8bca27a22677 (type: security_groups) to 1
2026-05-09 06:33:10.362 9 INFO neutron.wsgi [None req-b15bb291-9d97-47f6-808a-4112840de4c2 6545f5c60cb24806b538ca03a36c49d6 273570b6816242ba9a7165f2066f5d03 - - default default] 10.0.0.2 "GET /v2.0/security-groups?tenant_id=4d67cd2cb68649feae3e088e0a0b40ab&name=default HTTP/1.1" status: 200 len: 2996 time: 0.2318120
2026-05-09 06:33:10.519 10 WARNING neutron.scheduler.dhcp_agent_scheduler [None req-179d1046-d199-4358-8f77-f1c0dddcd63f 455e41fa0518499da8b3aa9d863b6337 90b8cf1e21834e328aa9c0df653013d9 - - - -] No more DHCP agents
2026-05-09 06:33:10.520 10 WARNING neutron.api.rpc.agentnotifiers.dhcp_rpc_agent_api [None req-179d1046-d199-4358-8f77-f1c0dddcd63f 455e41fa0518499da8b3aa9d863b6337 90b8cf1e21834e328aa9c0df653013d9 - - - -] Unable to schedule network 530c30e0-f953-457c-85dd-6e8ea843b5ec: no agents available; will retry on subsequent port and subnet creation events.
2026-05-09 06:33:10.532 9 INFO neutron.wsgi [None req-6247eb75-7d07-4ca4-96c3-d07ce854ef7e 6545f5c60cb24806b538ca03a36c49d6 273570b6816242ba9a7165f2066f5d03 - - - -] 10.0.0.2 "DELETE /v2.0/security-groups/a84d20a5-b070-4fcb-81fa-8bca27a22677 HTTP/1.1" status: 204 len: 168 time: 0.1657450
2026-05-09 06:33:10.581 10 INFO neutron.db.ovn_revision_numbers_db [None req-179d1046-d199-4358-8f77-f1c0dddcd63f 455e41fa0518499da8b3aa9d863b6337 90b8cf1e21834e328aa9c0df653013d9 - - - -] Successfully bumped revision number for resource e2aed966-2bc5-442b-a9cf-b5bd46af20b8 (type: ports) to 1
2026-05-09 06:33:10.600 10 INFO neutron.wsgi [None req-179d1046-d199-4358-8f77-f1c0dddcd63f 455e41fa0518499da8b3aa9d863b6337 90b8cf1e21834e328aa9c0df653013d9 - - - -] 10.0.0.2 "POST /v2.0/networks HTTP/1.1" status: 201 len: 831 time: 0.8427122
2026-05-09 06:33:10.658 9 INFO neutron.wsgi [None req-02aeeac4-83ae-49ec-a6a7-d44dd0a4abf6 6545f5c60cb24806b538ca03a36c49d6 273570b6816242ba9a7165f2066f5d03 - - default default] 10.0.0.2 "GET /v2.0/security-groups?tenant_id=c085e556660b4f8888b13ca101e7f1ac&name=default HTTP/1.1" status: 200 len: 2996 time: 0.0294304
2026-05-09 06:33:10.677 10 INFO neutron.db.segments_db [None req-9edc67d1-9fae-4169-8adf-db82bae9bc62 455e41fa0518499da8b3aa9d863b6337 90b8cf1e21834e328aa9c0df653013d9 - - - -] Added segment dd7903b9-8c65-4657-9fcd-419bcc9372d7 of type geneve for network c4a61320-50c7-47d9-ba0e-91f1b5318c2a
2026-05-09 06:33:10.788 10 INFO neutron.db.ovn_revision_numbers_db [None req-9edc67d1-9fae-4169-8adf-db82bae9bc62 455e41fa0518499da8b3aa9d863b6337 90b8cf1e21834e328aa9c0df653013d9 - - - -] Successfully bumped revision number for resource c4a61320-50c7-47d9-ba0e-91f1b5318c2a (type: networks) to 1
2026-05-09 06:33:10.838 9 INFO neutron.wsgi [None req-662f0cda-f4e0-4fc5-877c-8ad11d2f03dd 6545f5c60cb24806b538ca03a36c49d6 273570b6816242ba9a7165f2066f5d03 - - - -] 10.0.0.2 "DELETE /v2.0/security-groups/1d6b7255-5ad4-4caf-b93e-e9c6c4f2eb52 HTTP/1.1" status: 204 len: 168 time: 0.1767683
2026-05-09 06:33:10.968 10 WARNING neutron.scheduler.dhcp_agent_scheduler [None req-9edc67d1-9fae-4169-8adf-db82bae9bc62 455e41fa0518499da8b3aa9d863b6337 90b8cf1e21834e328aa9c0df653013d9 - - - -] No more DHCP agents
2026-05-09 06:33:10.971 10 WARNING neutron.api.rpc.agentnotifiers.dhcp_rpc_agent_api [None req-9edc67d1-9fae-4169-8adf-db82bae9bc62 455e41fa0518499da8b3aa9d863b6337 90b8cf1e21834e328aa9c0df653013d9 - - - -] Unable to schedule network c4a61320-50c7-47d9-ba0e-91f1b5318c2a: no agents available; will retry on subsequent port and subnet creation events.
2026-05-09 06:33:11.051 10 INFO neutron.db.ovn_revision_numbers_db [None req-9edc67d1-9fae-4169-8adf-db82bae9bc62 455e41fa0518499da8b3aa9d863b6337 90b8cf1e21834e328aa9c0df653013d9 - - - -] Successfully bumped revision number for resource eafcf6e6-4340-430a-98b5-3dd9d1c804d4 (type: ports) to 1
2026-05-09 06:33:11.079 10 INFO neutron.wsgi [None req-9edc67d1-9fae-4169-8adf-db82bae9bc62 455e41fa0518499da8b3aa9d863b6337 90b8cf1e21834e328aa9c0df653013d9 - - - -] 10.0.0.2 "POST /v2.0/networks HTTP/1.1" status: 201 len: 831 time: 0.4733922
2026-05-09 06:33:11.091 9 INFO neutron.services.segments.plugin [-] Segment 3cf84221-308b-4c54-9202-531f2fc01405 resource provider aggregate not found
2026-05-09 06:33:11.105 9 INFO neutron.services.segments.plugin [-] Segment 3cf84221-308b-4c54-9202-531f2fc01405 resource provider aggregate not found
2026-05-09 06:33:11.123 9 INFO neutron.services.segments.plugin [-] Segment 3cf84221-308b-4c54-9202-531f2fc01405 resource provider not found; error: Placement Client Error (4xx): {"errors": [{"status": 404, "title": "Not Found", "detail": "The resource could not be found.\n\n No resource provider with uuid 3cf84221-308b-4c54-9202-531f2fc01405 found for delete ", "request_id": "req-b1b3f4ad-decc-448b-9b4f-72356450f1f1"}]}
2026-05-09 06:33:11.130 10 INFO neutron.db.ovn_revision_numbers_db [None req-4d679aa1-2d14-4fc2-944d-3a16a386dd02 6545f5c60cb24806b538ca03a36c49d6 273570b6816242ba9a7165f2066f5d03 - - default default] Successfully bumped revision number for resource 44ebad7b-55c3-43c0-b808-9e5d9a1bd699 (type: security_groups) to 1
2026-05-09 06:33:11.136 10 INFO neutron.wsgi [None req-6a69ee50-3d39-4b95-9ebc-3e093a2ab232 455e41fa0518499da8b3aa9d863b6337 90b8cf1e21834e328aa9c0df653013d9 - - - -] 10.0.0.2 "PUT /v2.0/networks/bcc4347f-0af6-46fe-8870-488834333167/tags HTTP/1.1" status: 200 len: 210 time: 0.0523043
2026-05-09 06:33:11.137 9 INFO neutron.services.segments.plugin [-] Segment 3cf84221-308b-4c54-9202-531f2fc01405 resource provider not found; error: Placement Client Error (4xx): {"errors": [{"status": 404, "title": "Not Found", "detail": "The resource could not be found.\n\n No resource provider with uuid 3cf84221-308b-4c54-9202-531f2fc01405 found for delete ", "request_id": "req-f461d954-94c0-4895-b76d-3cf00be1fd11"}]}
2026-05-09 06:33:11.159 10 INFO neutron.wsgi [None req-4d679aa1-2d14-4fc2-944d-3a16a386dd02 6545f5c60cb24806b538ca03a36c49d6 273570b6816242ba9a7165f2066f5d03 - - default default] 10.0.0.2 "GET /v2.0/security-groups?tenant_id=e3776e154f7b418ea2aebb927ab0cebc&name=default HTTP/1.1" status: 200 len: 2996 time: 0.1655164
2026-05-09 06:33:11.219 10 INFO neutron.wsgi [None req-dd67212d-1f91-4a1a-abd6-499c8634fab8 455e41fa0518499da8b3aa9d863b6337 90b8cf1e21834e328aa9c0df653013d9 - - - -] 10.0.0.2 "PUT /v2.0/networks/e45f3a90-7676-402c-b7cd-ce3d7756b046/tags HTTP/1.1" status: 200 len: 218 time: 0.0755677
2026-05-09 06:33:11.295 9 INFO neutron.wsgi [None req-d5b5648f-dc43-43a2-9d8d-1dd8dbd2b05c 455e41fa0518499da8b3aa9d863b6337 90b8cf1e21834e328aa9c0df653013d9 - - - -] 10.0.0.2 "PUT /v2.0/networks/1af11fcc-bcc2-4309-ac5e-d6b1a190f8e3/tags HTTP/1.1" status: 200 len: 227 time: 0.0701487
2026-05-09 06:33:11.362 10 INFO neutron.wsgi [None req-1774432f-6d76-468c-8ff3-799cc94ce63e 455e41fa0518499da8b3aa9d863b6337 90b8cf1e21834e328aa9c0df653013d9 - - - -] 10.0.0.2 "PUT /v2.0/networks/530c30e0-f953-457c-85dd-6e8ea843b5ec/tags HTTP/1.1" status: 200 len: 212 time: 0.0593221
2026-05-09 06:33:11.465 10 INFO neutron.wsgi [None req-b7e1ac6e-c86e-42b6-a9af-36f537737347 6545f5c60cb24806b538ca03a36c49d6 273570b6816242ba9a7165f2066f5d03 - - - -] 10.0.0.2 "DELETE /v2.0/security-groups/44ebad7b-55c3-43c0-b808-9e5d9a1bd699 HTTP/1.1" status: 204 len: 168 time: 0.2934184
2026-05-09 06:33:11.473 10 INFO neutron.wsgi [None req-8d018c3d-532a-4e67-9fc7-4858ae18d7dc 455e41fa0518499da8b3aa9d863b6337 90b8cf1e21834e328aa9c0df653013d9 - - default default] 10.0.0.2 "GET /v2.0/networks?tags=red HTTP/1.1" status: 200 len: 2070 time: 0.1037385
2026-05-09 06:33:11.572 10 INFO neutron.wsgi [None req-e06c1b47-fb66-45b3-b81b-f7c2761b23b6 455e41fa0518499da8b3aa9d863b6337 90b8cf1e21834e328aa9c0df653013d9 - - default default] 10.0.0.2 "GET /v2.0/networks?tags=red%2Cblue HTTP/1.1" status: 200 len: 1457 time: 0.0948641
2026-05-09 06:33:11.673 10 INFO neutron.wsgi [None req-ec1c7bff-b265-4f60-a63a-0675c9ce38e8 455e41fa0518499da8b3aa9d863b6337 90b8cf1e21834e328aa9c0df653013d9 - - default default] 10.0.0.2 "GET /v2.0/networks?tags-any=blue HTTP/1.1" status: 200 len: 1457 time: 0.0948496
2026-05-09 06:33:11.740 10 INFO neutron.wsgi [None req-9ba3b350-3e92-4b12-abdb-484b6ccda412 455e41fa0518499da8b3aa9d863b6337 90b8cf1e21834e328aa9c0df653013d9 - - default default] 10.0.0.2 "GET /v2.0/networks?tags-any=red%2Cblue HTTP/1.1" status: 200 len: 2070 time: 0.0610106
2026-05-09 06:33:11.861 10 INFO neutron.wsgi [None req-2d689c4f-7742-49ba-afbb-b62fcaead51d 455e41fa0518499da8b3aa9d863b6337 90b8cf1e21834e328aa9c0df653013d9 - - default default] 10.0.0.2 "GET /v2.0/networks?not-tags=red HTTP/1.1" status: 200 len: 2069 time: 0.1139643
2026-05-09 06:33:11.873 9 INFO neutron.wsgi [None req-38c5afdc-3a5e-4371-920b-4c6fc5b650c4 6545f5c60cb24806b538ca03a36c49d6 273570b6816242ba9a7165f2066f5d03 - - - -] 10.0.0.2 "PUT /v2.0/routers/e149b024-d71b-460f-9a8d-569e90358594/remove_router_interface HTTP/1.1" status: 200 len: 503 time: 1.0316517 /var/lib/openstack/lib/python3.10/site-packages/pycadf/identifier.py:71: UserWarning: Invalid uuid: neutron. To ensure interoperability, identifiers should be a valid uuid. warnings.warn(('Invalid uuid: %s. To ensure interoperability, '
2026-05-09 06:33:12.014 10 INFO neutron.wsgi [None req-9c560315-ec60-4a80-83fa-ba41bbcc8768 455e41fa0518499da8b3aa9d863b6337 90b8cf1e21834e328aa9c0df653013d9 - - default default] 10.0.0.2 "GET /v2.0/networks?not-tags=red%2Cblue HTTP/1.1" status: 200 len: 2682 time: 0.1424153
2026-05-09 06:33:12.160 9 INFO neutron.wsgi [None req-361359be-c579-4445-81ec-40b1d9afd993 455e41fa0518499da8b3aa9d863b6337 90b8cf1e21834e328aa9c0df653013d9 - - default default] 10.0.0.2 "GET /v2.0/networks?not-tags-any=blue HTTP/1.1" status: 200 len: 2682 time: 0.1399739
2026-05-09 06:33:12.300 10 INFO neutron.wsgi [None req-58c54ee6-4e3f-4b4e-b4ef-98e6c8eeee75 455e41fa0518499da8b3aa9d863b6337 90b8cf1e21834e328aa9c0df653013d9 - - default default] 10.0.0.2 "GET /v2.0/networks?not-tags-any=red%2Cblue HTTP/1.1" status: 200 len: 2069 time: 0.1308351
2026-05-09 06:33:12.682 10 INFO neutron.services.segments.plugin [-] Segment 323eee7b-2200-490c-aefe-c5ba61f4b066 resource provider aggregate not found
2026-05-09 06:33:12.698 10 INFO neutron.services.segments.plugin [-] Segment 323eee7b-2200-490c-aefe-c5ba61f4b066 resource provider aggregate not found
2026-05-09 06:33:12.702 10 INFO neutron.services.segments.plugin [-] Segment 323eee7b-2200-490c-aefe-c5ba61f4b066 resource provider not found; error: Placement Client Error (4xx): {"errors": [{"status": 404, "title": "Not Found", "detail": "The resource could not be found.\n\n No resource provider with uuid 323eee7b-2200-490c-aefe-c5ba61f4b066 found for delete ", "request_id": "req-e8c06a17-f57a-49ea-a777-a63d2a46d50c"}]}
2026-05-09 06:33:12.719 10 INFO neutron.services.segments.plugin [-] Segment 323eee7b-2200-490c-aefe-c5ba61f4b066 resource provider not found; error: Placement Client Error (4xx): {"errors": [{"status": 404, "title": "Not Found", "detail": "The resource could not be found.\n\n No resource provider with uuid 323eee7b-2200-490c-aefe-c5ba61f4b066 found for delete ", "request_id": "req-2a0a3072-fd47-42b8-999d-a2a9736be4c8"}]}
2026-05-09 06:33:12.749 10 INFO neutron.wsgi [None req-7c358548-a452-478e-a74a-4d3c96281fa6 455e41fa0518499da8b3aa9d863b6337 90b8cf1e21834e328aa9c0df653013d9 - - - -] 10.0.0.2 "DELETE /v2.0/networks/bcc4347f-0af6-46fe-8870-488834333167 HTTP/1.1" status: 204 len: 168 time: 0.4430940
2026-05-09 06:33:12.873 9 INFO neutron.wsgi [None req-0fafefff-12ee-4995-9834-c3a072152e93 6545f5c60cb24806b538ca03a36c49d6 273570b6816242ba9a7165f2066f5d03 - - - -] 10.0.0.2 "DELETE /v2.0/routers/e149b024-d71b-460f-9a8d-569e90358594 HTTP/1.1" status: 204 len: 168 time: 0.9941161
2026-05-09 06:33:13.095 9 INFO neutron.wsgi [None req-d467e74f-02c1-4952-8573-7409838c835a 6545f5c60cb24806b538ca03a36c49d6 273570b6816242ba9a7165f2066f5d03 - - - -] 10.0.0.2 "DELETE /v2.0/subnets/1fa5557e-3491-4f44-99ed-09037c62e040 HTTP/1.1" status: 204 len: 168 time: 0.2100227
2026-05-09 06:33:13.413 10 INFO neutron.wsgi [None req-f2383e7b-35a9-4eb0-8218-6b01900d7ac4 455e41fa0518499da8b3aa9d863b6337 90b8cf1e21834e328aa9c0df653013d9 - - - -] 10.0.0.2 "DELETE /v2.0/networks/e45f3a90-7676-402c-b7cd-ce3d7756b046 HTTP/1.1" status: 204 len: 168 time: 0.6568079
2026-05-09 06:33:13.500 9 INFO neutron.services.segments.plugin [-] Segment 3acb7f93-77db-4a22-b41a-5e1198e23fa2 resource provider aggregate not found
2026-05-09 06:33:13.519 9 INFO neutron.services.segments.plugin [-] Segment 3acb7f93-77db-4a22-b41a-5e1198e23fa2 resource provider aggregate not found
2026-05-09 06:33:13.532 9 INFO neutron.services.segments.plugin [-] Segment 3acb7f93-77db-4a22-b41a-5e1198e23fa2 resource provider not found; error: Placement Client Error (4xx): {"errors": [{"status": 404, "title": "Not Found", "detail": "The resource could not be found.\n\n No resource provider with uuid 3acb7f93-77db-4a22-b41a-5e1198e23fa2 found for delete ", "request_id": "req-4d41171a-087f-4d71-a0b5-6dd781ff9d9b"}]}
2026-05-09 06:33:13.539 9 INFO neutron.services.segments.plugin [-] Segment 3acb7f93-77db-4a22-b41a-5e1198e23fa2 resource provider not found; error: Placement Client Error (4xx): {"errors": [{"status": 404, "title": "Not Found", "detail": "The resource could not be found.\n\n No resource provider with uuid 3acb7f93-77db-4a22-b41a-5e1198e23fa2 found for delete ", "request_id": "req-50d01a64-fffc-45b1-b32e-4fab10573bb7"}]}
2026-05-09 06:33:13.553 9 INFO neutron.wsgi [None req-284b7324-fe7d-407e-9b20-1d39c6119f12 6545f5c60cb24806b538ca03a36c49d6 273570b6816242ba9a7165f2066f5d03 - - - -] 10.0.0.2 "DELETE /v2.0/networks/340ff501-622d-4368-89dc-60154b3ac093 HTTP/1.1" status: 204 len: 168 time: 0.4527774
2026-05-09 06:33:13.705 9 INFO neutron.wsgi [None req-430e18aa-4a67-41f3-97ac-ac63990555c5 6545f5c60cb24806b538ca03a36c49d6 273570b6816242ba9a7165f2066f5d03 - - default default] 10.0.0.2 "GET /v2.0/security-groups?tenant_id=04e41ece0a324f9a8056a1cc77d85c78&name=default HTTP/1.1" status: 200 len: 2996 time: 0.0265002
2026-05-09 06:33:13.822 10 INFO neutron.wsgi [None req-de6dbaf3-be65-462b-8c28-c8956a667a4f 455e41fa0518499da8b3aa9d863b6337 90b8cf1e21834e328aa9c0df653013d9 - - - -] 10.0.0.2 "DELETE /v2.0/networks/1af11fcc-bcc2-4309-ac5e-d6b1a190f8e3 HTTP/1.1" status: 204 len: 168 time: 0.4019420
2026-05-09 06:33:13.929 9 INFO neutron.wsgi [None req-725a7cb7-da2e-4a08-bd90-4674c9c162ec 6545f5c60cb24806b538ca03a36c49d6 273570b6816242ba9a7165f2066f5d03 - - - -] 10.0.0.2 "DELETE /v2.0/security-groups/f03bb51a-768a-4657-bdc0-0659e385d1a2 HTTP/1.1" status: 204 len: 168 time: 0.2202494
2026-05-09 06:33:14.258 9 INFO neutron.wsgi [None req-71460c16-afa2-4607-afe3-1e08f8b93af2 455e41fa0518499da8b3aa9d863b6337 90b8cf1e21834e328aa9c0df653013d9 - - - -] 10.0.0.2 "DELETE /v2.0/networks/530c30e0-f953-457c-85dd-6e8ea843b5ec HTTP/1.1" status: 204 len: 168 time: 0.4279795
2026-05-09 06:33:14.688 10 INFO neutron.wsgi [None req-2f6b7065-16dc-44bd-964d-fb5e8febfe79 455e41fa0518499da8b3aa9d863b6337 90b8cf1e21834e328aa9c0df653013d9 - - - -] 10.0.0.2 "DELETE /v2.0/networks/c4a61320-50c7-47d9-ba0e-91f1b5318c2a HTTP/1.1" status: 204 len: 168 time: 0.4222567
2026-05-09 06:33:14.726 10 INFO neutron.services.segments.plugin [-] Segment 50224696-7a34-435f-be5f-1634368fb904 resource provider aggregate not found
2026-05-09 06:33:14.742 10 INFO neutron.services.segments.plugin [-] Segment 50224696-7a34-435f-be5f-1634368fb904 resource provider not found; error: Placement Client Error (4xx): {"errors": [{"status": 404, "title": "Not Found", "detail": "The resource could not be found.\n\n No resource provider with uuid 50224696-7a34-435f-be5f-1634368fb904 found for delete ", "request_id": "req-9dd06b9f-772d-4d3e-a228-6c2ea2933524"}]}
2026-05-09 06:33:14.747 10 INFO neutron.services.segments.plugin [-] Segment 50224696-7a34-435f-be5f-1634368fb904 resource provider aggregate not found
2026-05-09 06:33:14.761 10 INFO neutron.services.segments.plugin [-] Segment 50224696-7a34-435f-be5f-1634368fb904 resource provider not found; error: Placement Client Error (4xx): {"errors": [{"status": 404, "title": "Not Found", "detail": "The resource could not be found.\n\n No resource provider with uuid 50224696-7a34-435f-be5f-1634368fb904 found for delete ", "request_id": "req-3fba2fed-64fe-4efc-b863-70dce5a6cf73"}]}
2026-05-09 06:33:14.767 10 INFO neutron.services.segments.plugin [-] Segment ed1ec7b3-dec8-4998-afb7-ad088f558351 resource provider aggregate not found
2026-05-09 06:33:14.786 10 INFO neutron.services.segments.plugin [-] Segment ed1ec7b3-dec8-4998-afb7-ad088f558351 resource provider not found; error: Placement Client Error (4xx): {"errors": [{"status": 404, "title": "Not Found", "detail": "The resource could not be found.\n\n No resource provider with uuid ed1ec7b3-dec8-4998-afb7-ad088f558351 found for delete ", "request_id": "req-723d02f0-1eb2-490b-89ee-d6b74176b9f3"}]}
2026-05-09 06:33:14.792 10 INFO neutron.services.segments.plugin [-] Segment ed1ec7b3-dec8-4998-afb7-ad088f558351 resource provider aggregate not found
2026-05-09 06:33:14.802 10 INFO neutron.services.segments.plugin [-] Segment dd7903b9-8c65-4657-9fcd-419bcc9372d7 resource provider aggregate not found
2026-05-09 06:33:14.807 10 INFO neutron.services.segments.plugin [-] Segment ed1ec7b3-dec8-4998-afb7-ad088f558351 resource provider not found; error: Placement Client Error (4xx): {"errors": [{"status": 404, "title": "Not Found", "detail": "The resource could not be found.\n\n No resource provider with uuid ed1ec7b3-dec8-4998-afb7-ad088f558351 found for delete ", "request_id": "req-ab9ce527-8d7c-4276-be01-35e70097a9bf"}]}
2026-05-09 06:33:14.819 10 INFO neutron.services.segments.plugin [-] Segment dd7903b9-8c65-4657-9fcd-419bcc9372d7 resource provider aggregate not found
2026-05-09 06:33:14.823 10 INFO neutron.services.segments.plugin [-] Segment dd7903b9-8c65-4657-9fcd-419bcc9372d7 resource provider not found; error: Placement Client Error (4xx): {"errors": [{"status": 404, "title": "Not Found", "detail": "The resource could not be found.\n\n No resource provider with uuid dd7903b9-8c65-4657-9fcd-419bcc9372d7 found for delete ", "request_id": "req-07e53a83-34cc-4e8b-b382-5b54e7e1a976"}]}
2026-05-09 06:33:14.831 10 INFO neutron.services.segments.plugin [-] Segment dd7903b9-8c65-4657-9fcd-419bcc9372d7 resource provider not found; error: Placement Client Error (4xx): {"errors": [{"status": 404, "title": "Not Found", "detail": "The resource could not be found.\n\n No resource provider with uuid dd7903b9-8c65-4657-9fcd-419bcc9372d7 found for delete ", "request_id": "req-6bddb9ac-4f08-45f7-b57f-21aa1ff68c2c"}]}
2026-05-09 06:33:15.151 10 WARNING neutron.scheduler.dhcp_agent_scheduler [None req-4d85c2c0-0afa-46e3-8a74-4c03d195d513 20d4878c785a4d39af6c3c007e79be9a c9d7d81caef64ed882311d72b2817c06 - - - -] No more DHCP agents
2026-05-09 06:33:15.153 10 WARNING neutron.api.rpc.agentnotifiers.dhcp_rpc_agent_api [None req-4d85c2c0-0afa-46e3-8a74-4c03d195d513 20d4878c785a4d39af6c3c007e79be9a c9d7d81caef64ed882311d72b2817c06 - - - -] Unable to schedule network 8dbe093c-a6c6-46e1-b28f-f04c24b0e296: no agents available; will retry on subsequent port and subnet creation events.
2026-05-09 06:33:15.537 10 INFO neutron.db.ovn_revision_numbers_db [None req-4d85c2c0-0afa-46e3-8a74-4c03d195d513 20d4878c785a4d39af6c3c007e79be9a c9d7d81caef64ed882311d72b2817c06 - - - -] Successfully bumped revision number for resource 824527ed-e462-42d3-ac6b-acbcd5856cb0 (type: floatingips) to 0
2026-05-09 06:33:15.555 9 INFO neutron.services.segments.plugin [-] Segment e6cee4f8-e433-4546-b8fa-56b7c1e6f463 resource provider aggregate not found
2026-05-09 06:33:15.563 9 INFO neutron.services.segments.plugin [-] Segment e6cee4f8-e433-4546-b8fa-56b7c1e6f463 resource provider aggregate not found
2026-05-09 06:33:15.570 10 INFO neutron.wsgi [None req-4d85c2c0-0afa-46e3-8a74-4c03d195d513 20d4878c785a4d39af6c3c007e79be9a c9d7d81caef64ed882311d72b2817c06 - - - -] 10.0.0.2 "POST /v2.0/floatingips HTTP/1.1" status: 201 len: 751 time: 0.8967361
2026-05-09 06:33:15.577 9 INFO neutron.services.segments.plugin [-] Segment e6cee4f8-e433-4546-b8fa-56b7c1e6f463 resource provider not found; error: Placement Client Error (4xx): {"errors": [{"status": 404, "title": "Not Found", "detail": "The resource could not be found.\n\n No resource provider with uuid e6cee4f8-e433-4546-b8fa-56b7c1e6f463 found for delete ", "request_id": "req-6fcb959c-fa3b-4892-a857-d8503d5dd13a"}]}
2026-05-09 06:33:15.583 9 INFO neutron.services.segments.plugin [-] Segment e6cee4f8-e433-4546-b8fa-56b7c1e6f463 resource provider not found; error: Placement Client Error (4xx): {"errors": [{"status": 404, "title": "Not Found", "detail": "The resource could not be found.\n\n No resource provider with uuid e6cee4f8-e433-4546-b8fa-56b7c1e6f463 found for delete ", "request_id": "req-1fb645ed-a249-4a73-8708-541a6bedff97"}]}
2026-05-09 06:33:15.710 9 INFO neutron.wsgi [None req-bd9e2414-4c3f-4367-8028-625589b8fcfd 20d4878c785a4d39af6c3c007e79be9a c9d7d81caef64ed882311d72b2817c06 - - - -] 10.0.0.2 "PUT /v2.0/floatingips/824527ed-e462-42d3-ac6b-acbcd5856cb0/tags HTTP/1.1" status: 200 len: 218 time: 0.1325710
2026-05-09 06:33:15.752 10 INFO neutron.wsgi [None req-323732d1-a66d-49c0-a5eb-dbb6bdb1668a 20d4878c785a4d39af6c3c007e79be9a c9d7d81caef64ed882311d72b2817c06 - - default default] 10.0.0.2 "GET /v2.0/floatingips/824527ed-e462-42d3-ac6b-acbcd5856cb0/tags HTTP/1.1" status: 200 len: 218 time: 0.0369585
2026-05-09 06:33:15.809 10 INFO neutron.wsgi [None req-17b76c5c-4f1b-4da1-bc60-db7c67d120c1 20d4878c785a4d39af6c3c007e79be9a c9d7d81caef64ed882311d72b2817c06 - - - -] 10.0.0.2 "PUT /v2.0/floatingips/824527ed-e462-42d3-ac6b-acbcd5856cb0/tags/green HTTP/1.1" status: 201 len: 201 time: 0.0524449
2026-05-09 06:33:15.843 10 INFO neutron.wsgi [None req-4925ea32-ca06-4efb-a580-90b22da1f0d8 20d4878c785a4d39af6c3c007e79be9a c9d7d81caef64ed882311d72b2817c06 - - default default] 10.0.0.2 "GET /v2.0/floatingips/824527ed-e462-42d3-ac6b-acbcd5856cb0/tags HTTP/1.1" status: 200 len: 227 time: 0.0284216
2026-05-09 06:33:15.874 10 INFO neutron.wsgi [None req-c774fdbe-ddf4-4a41-a6d4-436be474090e 20d4878c785a4d39af6c3c007e79be9a c9d7d81caef64ed882311d72b2817c06 - - - -] 10.0.0.2 "PUT /v2.0/floatingips/824527ed-e462-42d3-ac6b-acbcd5856cb0/tags/red HTTP/1.1" status: 201 len: 201 time: 0.0265019
2026-05-09 06:33:15.906 10 INFO neutron.wsgi [None req-fbc9ac83-1c4d-46d4-8a6f-6795935c121e 20d4878c785a4d39af6c3c007e79be9a c9d7d81caef64ed882311d72b2817c06 - - default default] 10.0.0.2 "GET /v2.0/floatingips/824527ed-e462-42d3-ac6b-acbcd5856cb0/tags HTTP/1.1" status: 200 len: 227 time: 0.0277748
2026-05-09 06:33:15.969 10 INFO neutron.wsgi [None req-b76b272b-22ac-4e8e-be5b-1af2d06d977f 20d4878c785a4d39af6c3c007e79be9a c9d7d81caef64ed882311d72b2817c06 - - - -] 10.0.0.2 "PUT /v2.0/floatingips/824527ed-e462-42d3-ac6b-acbcd5856cb0/tags/black.or.white HTTP/1.1" status: 201 len: 201 time: 0.0582521
2026-05-09 06:33:16.001 9 INFO neutron.wsgi [None req-4552fd1b-ac98-44d2-81ef-f33510ba5cd4 20d4878c785a4d39af6c3c007e79be9a c9d7d81caef64ed882311d72b2817c06 - - default default] 10.0.0.2 "GET /v2.0/floatingips/824527ed-e462-42d3-ac6b-acbcd5856cb0/tags HTTP/1.1" status: 200 len: 245 time: 0.0270107
2026-05-09 06:33:16.044 10 INFO neutron.db.ovn_revision_numbers_db [None req-86e2d9ac-3565-4a5e-b246-1dcef5680641 6545f5c60cb24806b538ca03a36c49d6 273570b6816242ba9a7165f2066f5d03 - - default default] Successfully bumped revision number for resource 351c4e11-58e2-4b7a-99c9-334e963719f0 (type: security_groups) to 1
2026-05-09 06:33:16.053 9 INFO neutron.wsgi [None req-9b5f23cb-c061-4bc1-9066-57ae29c1c75f 20d4878c785a4d39af6c3c007e79be9a c9d7d81caef64ed882311d72b2817c06 - - - -] 10.0.0.2 "PUT /v2.0/floatingips/824527ed-e462-42d3-ac6b-acbcd5856cb0/tags HTTP/1.1" status: 200 len: 230 time: 0.0471621
2026-05-09 06:33:16.068 10 INFO neutron.wsgi [None req-86e2d9ac-3565-4a5e-b246-1dcef5680641 6545f5c60cb24806b538ca03a36c49d6 273570b6816242ba9a7165f2066f5d03 - - default default] 10.0.0.2 "GET /v2.0/security-groups?tenant_id=d29688180d2c4c278592c412f1355905&name=default HTTP/1.1" status: 200 len: 2996 time: 0.2762446
2026-05-09 06:33:16.086 9 INFO neutron.wsgi [None req-a9560e3b-9e9d-49da-9ce1-b7774119f9b8 20d4878c785a4d39af6c3c007e79be9a c9d7d81caef64ed882311d72b2817c06 - - default default] 10.0.0.2 "GET /v2.0/floatingips/824527ed-e462-42d3-ac6b-acbcd5856cb0/tags HTTP/1.1" status: 200 len: 230 time: 0.0274856
2026-05-09 06:33:16.118 9 INFO neutron.wsgi [None req-675f7038-b629-4fbe-a3a6-aca3a562db8c 20d4878c785a4d39af6c3c007e79be9a c9d7d81caef64ed882311d72b2817c06 - - default default] 10.0.0.2 "GET /v2.0/floatingips/824527ed-e462-42d3-ac6b-acbcd5856cb0/tags/red HTTP/1.1" status: 204 len: 168 time: 0.0270181
2026-05-09 06:33:16.157 9 INFO neutron.api.v2.resource [None req-b4357e7e-e199-451b-8102-b0f78410d4c5 20d4878c785a4d39af6c3c007e79be9a c9d7d81caef64ed882311d72b2817c06 - - default default] show failed (client error): The resource could not be found.
2026-05-09 06:33:16.158 9 INFO neutron.wsgi [None req-b4357e7e-e199-451b-8102-b0f78410d4c5 20d4878c785a4d39af6c3c007e79be9a c9d7d81caef64ed882311d72b2817c06 - - default default] 10.0.0.2 "GET /v2.0/floatingips/824527ed-e462-42d3-ac6b-acbcd5856cb0/tags/green HTTP/1.1" status: 404 len: 299 time: 0.0362580
2026-05-09 06:33:16.207 9 INFO neutron.wsgi [None req-83e070c2-41b7-4404-9ead-8d4f583eb564 20d4878c785a4d39af6c3c007e79be9a c9d7d81caef64ed882311d72b2817c06 - - - -] 10.0.0.2 "DELETE /v2.0/floatingips/824527ed-e462-42d3-ac6b-acbcd5856cb0/tags/red HTTP/1.1" status: 204 len: 168 time: 0.0452096
2026-05-09 06:33:16.240 10 INFO neutron.wsgi [None req-58218057-b512-4248-8b45-d17f292cb762 20d4878c785a4d39af6c3c007e79be9a c9d7d81caef64ed882311d72b2817c06 - - default default] 10.0.0.2 "GET /v2.0/floatingips/824527ed-e462-42d3-ac6b-acbcd5856cb0/tags HTTP/1.1" status: 200 len: 223 time: 0.0281835
2026-05-09 06:33:16.271 10 INFO neutron.wsgi [None req-e8038f51-c15a-4a2d-a362-bc76b16f58c2 6545f5c60cb24806b538ca03a36c49d6 273570b6816242ba9a7165f2066f5d03 - - - -] 10.0.0.2 "DELETE /v2.0/security-groups/351c4e11-58e2-4b7a-99c9-334e963719f0 HTTP/1.1" status: 204 len: 168 time: 0.1979604
2026-05-09 06:33:16.276 10 INFO neutron.api.v2.resource [None req-ece1e026-de47-415d-b42c-6fe8ed9d0a26 20d4878c785a4d39af6c3c007e79be9a c9d7d81caef64ed882311d72b2817c06 - - - -] delete failed (client error): The resource could not be found.
2026-05-09 06:33:16.277 10 INFO neutron.wsgi [None req-ece1e026-de47-415d-b42c-6fe8ed9d0a26 20d4878c785a4d39af6c3c007e79be9a c9d7d81caef64ed882311d72b2817c06 - - - -] 10.0.0.2 "DELETE /v2.0/floatingips/824527ed-e462-42d3-ac6b-acbcd5856cb0/tags/green HTTP/1.1" status: 404 len: 299 time: 0.0325196
2026-05-09 06:33:16.324 10 INFO neutron.wsgi [None req-5692b586-72dc-4b13-9246-d49a9ed14341 20d4878c785a4d39af6c3c007e79be9a c9d7d81caef64ed882311d72b2817c06 - - - -] 10.0.0.2 "DELETE /v2.0/floatingips/824527ed-e462-42d3-ac6b-acbcd5856cb0/tags HTTP/1.1" status: 204 len: 168 time: 0.0425887
2026-05-09 06:33:16.353 10 INFO neutron.wsgi [None req-d8e36b87-f515-47ae-948a-fc679a216377 20d4878c785a4d39af6c3c007e79be9a c9d7d81caef64ed882311d72b2817c06 - - default default] 10.0.0.2 "GET /v2.0/floatingips/824527ed-e462-42d3-ac6b-acbcd5856cb0/tags HTTP/1.1" status: 200 len: 205 time: 0.0234604
2026-05-09 06:33:16.614 9 INFO neutron.db.ovn_revision_numbers_db [None req-d7ce356a-5258-48ab-81a5-842817e64685 6545f5c60cb24806b538ca03a36c49d6 273570b6816242ba9a7165f2066f5d03 - - default default] Successfully bumped revision number for resource ba85f89f-ecfc-485d-8eb7-691c4bba8a93 (type: security_groups) to 1
2026-05-09 06:33:16.649 9 INFO neutron.wsgi [None req-d7ce356a-5258-48ab-81a5-842817e64685 6545f5c60cb24806b538ca03a36c49d6 273570b6816242ba9a7165f2066f5d03 - - default default] 10.0.0.2 "GET /v2.0/security-groups?tenant_id=1d9e75ea771043ccbdc831f2ba1405a4&name=default HTTP/1.1" status: 200 len: 2996 time: 0.2762780
2026-05-09 06:33:16.734 10 INFO neutron.wsgi [None req-11f88214-efe0-4383-8555-249259c223a3 20d4878c785a4d39af6c3c007e79be9a c9d7d81caef64ed882311d72b2817c06 - - - -] 10.0.0.2 "DELETE /v2.0/floatingips/824527ed-e462-42d3-ac6b-acbcd5856cb0 HTTP/1.1" status: 204 len: 168 time: 0.3764200
2026-05-09 06:33:16.840 9 INFO neutron.wsgi [None req-969378ee-e99d-4ec9-9d11-14c796628b43 6545f5c60cb24806b538ca03a36c49d6 273570b6816242ba9a7165f2066f5d03 - - - -] 10.0.0.2 "DELETE /v2.0/security-groups/ba85f89f-ecfc-485d-8eb7-691c4bba8a93 HTTP/1.1" status: 204 len: 168 time: 0.1855011
2026-05-09 06:33:17.032 10 INFO neutron.wsgi [None req-b5b48677-ad78-47f7-96c5-820c78ab723e 6545f5c60cb24806b538ca03a36c49d6 273570b6816242ba9a7165f2066f5d03 - - default default] 10.0.0.2 "GET /v2.0/security-groups?tenant_id=90b8cf1e21834e328aa9c0df653013d9&name=default HTTP/1.1" status: 200 len: 2996 time: 0.0272927
2026-05-09 06:33:17.207 10 INFO neutron.wsgi [None req-d146f060-de24-4d17-bd0c-28d275468a9e 6545f5c60cb24806b538ca03a36c49d6 273570b6816242ba9a7165f2066f5d03 - - - -] 10.0.0.2 "DELETE /v2.0/security-groups/ae28c1ae-3e3a-4f41-a0fd-317e83b4d7c9 HTTP/1.1" status: 204 len: 168 time: 0.1708448
2026-05-09 06:33:17.902 9 INFO neutron.db.ovn_revision_numbers_db [None req-1a4fa9ea-4b85-4d58-be2f-c03996b5f215 6545f5c60cb24806b538ca03a36c49d6 273570b6816242ba9a7165f2066f5d03 - - default default] Successfully bumped revision number for resource 44383002-f867-4b32-94fd-b9b91fb5a95a (type: security_groups) to 1
2026-05-09 06:33:17.929 9 INFO neutron.wsgi [None req-1a4fa9ea-4b85-4d58-be2f-c03996b5f215 6545f5c60cb24806b538ca03a36c49d6 273570b6816242ba9a7165f2066f5d03 - - default default] 10.0.0.2 "GET /v2.0/security-groups?tenant_id=c9d7d81caef64ed882311d72b2817c06&name=default HTTP/1.1" status: 200 len: 2996 time: 0.3964102
2026-05-09 06:33:18.155 9 INFO neutron.wsgi [None req-667e0048-0975-4afb-af0e-7afff1b70ba0 6545f5c60cb24806b538ca03a36c49d6 273570b6816242ba9a7165f2066f5d03 - - - -] 10.0.0.2 "DELETE /v2.0/security-groups/44383002-f867-4b32-94fd-b9b91fb5a95a HTTP/1.1" status: 204 len: 168 time: 0.2201252
2026-05-09 06:33:18.405 9 INFO neutron.db.ovn_revision_numbers_db [None req-48954977-ce8c-41d8-90f0-96109346193a 6545f5c60cb24806b538ca03a36c49d6 273570b6816242ba9a7165f2066f5d03 - - default default] Successfully bumped revision number for resource 31a706bc-7a83-4599-b622-0bd626530a0b (type: security_groups) to 1
2026-05-09 06:33:18.429 9 INFO neutron.wsgi [None req-48954977-ce8c-41d8-90f0-96109346193a 6545f5c60cb24806b538ca03a36c49d6 273570b6816242ba9a7165f2066f5d03 - - default default] 10.0.0.2 "GET /v2.0/security-groups?tenant_id=f97613ad1a6041c6ba2de2142904d9ce&name=default HTTP/1.1" status: 200 len: 2996 time: 0.1386886
2026-05-09 06:33:18.599 9 INFO neutron.wsgi [None req-16dd6c63-1c39-48ce-9093-a938934523f8 6545f5c60cb24806b538ca03a36c49d6 273570b6816242ba9a7165f2066f5d03 - - - -] 10.0.0.2 "DELETE /v2.0/security-groups/31a706bc-7a83-4599-b622-0bd626530a0b HTTP/1.1" status: 204 len: 168 time: 0.1651299
2026-05-09 06:33:21.801 9 INFO neutron.db.ovn_revision_numbers_db [None req-bcd6d76d-a585-489c-8dc3-c7b388aeff08 9bf428f3781a414ca41bfbb4da73ddea 5fbc76721e1b442fb0fed55b6a1a18d3 - - - -] Successfully bumped revision number for resource 4b573e69-1686-4604-9380-9ab0f3426b68 (type: security_groups) to 1
2026-05-09 06:33:21.850 10 INFO neutron.wsgi [None req-acac0c5e-2df3-497c-af98-8c579d87225b 229a0e1ec38a4743b848de0f497fe665 2c661bfb8cae4d33bf9b08cff943d167 - - - -] 10.0.0.2 "POST /v2.0/qos/policies HTTP/1.1" status: 201 len: 558 time: 0.1532214
2026-05-09 06:33:21.900 9 INFO neutron.wsgi [None req-561025e2-3a4d-44b9-9a4a-e9fc4ef07763 229a0e1ec38a4743b848de0f497fe665 2c661bfb8cae4d33bf9b08cff943d167 - - - -] 10.0.0.2 "PUT /v2.0/policies/2f0c5f20-b67f-46cb-a7a7-d3da93b29817/tags HTTP/1.1" status: 200 len: 218 time: 0.0449307
2026-05-09 06:33:21.901 9 INFO neutron.db.ovn_revision_numbers_db [None req-bcd6d76d-a585-489c-8dc3-c7b388aeff08 9bf428f3781a414ca41bfbb4da73ddea 5fbc76721e1b442fb0fed55b6a1a18d3 - - - -] Successfully bumped revision number for resource f3b85446-aeb0-4630-9316-bf327f60320d (type: security_groups) to 1
2026-05-09 06:33:21.923 10 INFO neutron.wsgi [None req-cd4d0f5b-bc40-4235-9f66-ba7c5dc87bf8 229a0e1ec38a4743b848de0f497fe665 2c661bfb8cae4d33bf9b08cff943d167 - - default default] 10.0.0.2 "GET /v2.0/policies/2f0c5f20-b67f-46cb-a7a7-d3da93b29817/tags HTTP/1.1" status: 200 len: 218 time: 0.0175972
2026-05-09 06:33:21.932 9 INFO neutron.wsgi [None req-bcd6d76d-a585-489c-8dc3-c7b388aeff08 9bf428f3781a414ca41bfbb4da73ddea 5fbc76721e1b442fb0fed55b6a1a18d3 - - - -] 10.0.0.2 "POST /v2.0/security-groups HTTP/1.1" status: 201 len: 1737 time: 0.4569452
2026-05-09 06:33:21.967 10 INFO neutron.wsgi [None req-7973b4d4-f490-4467-87ba-6b9c0d8ae537 229a0e1ec38a4743b848de0f497fe665 2c661bfb8cae4d33bf9b08cff943d167 - - - -] 10.0.0.2 "PUT /v2.0/policies/2f0c5f20-b67f-46cb-a7a7-d3da93b29817/tags/green HTTP/1.1" status: 201 len: 201 time: 0.0391533
2026-05-09 06:33:21.983 10 INFO neutron.wsgi [None req-c896f2a6-0d02-4c46-9384-75f673053a96 229a0e1ec38a4743b848de0f497fe665 2c661bfb8cae4d33bf9b08cff943d167 - - default default] 10.0.0.2 "GET /v2.0/policies/2f0c5f20-b67f-46cb-a7a7-d3da93b29817/tags HTTP/1.1" status: 200 len: 227 time: 0.0119298
2026-05-09 06:33:21.998 10 INFO neutron.wsgi [None req-25b2c972-0436-4081-ad00-54c58d95a942 229a0e1ec38a4743b848de0f497fe665 2c661bfb8cae4d33bf9b08cff943d167 - - - -] 10.0.0.2 "PUT /v2.0/policies/2f0c5f20-b67f-46cb-a7a7-d3da93b29817/tags/red HTTP/1.1" status: 201 len: 201 time: 0.0112796
2026-05-09 06:33:22.016 10 INFO neutron.wsgi [None req-c9c485f9-c513-4f2a-848a-23d7b19cfc93 229a0e1ec38a4743b848de0f497fe665 2c661bfb8cae4d33bf9b08cff943d167 - - default default] 10.0.0.2 "GET /v2.0/policies/2f0c5f20-b67f-46cb-a7a7-d3da93b29817/tags HTTP/1.1" status: 200 len: 227 time: 0.0125339
2026-05-09 06:33:22.086 9 INFO neutron.wsgi [None req-7ff427ba-63b6-43e7-85a8-ea8bdd354399 229a0e1ec38a4743b848de0f497fe665 2c661bfb8cae4d33bf9b08cff943d167 - - - -] 10.0.0.2 "PUT /v2.0/policies/2f0c5f20-b67f-46cb-a7a7-d3da93b29817/tags/black.or.white HTTP/1.1" status: 201 len: 201 time: 0.0641668
2026-05-09 06:33:22.103 9 INFO neutron.wsgi [None req-27c7dae7-1b32-4097-b84d-516ac1cc00b1 229a0e1ec38a4743b848de0f497fe665 2c661bfb8cae4d33bf9b08cff943d167 - - default default] 10.0.0.2 "GET /v2.0/policies/2f0c5f20-b67f-46cb-a7a7-d3da93b29817/tags HTTP/1.1" status: 200 len: 245 time: 0.0133760
2026-05-09 06:33:22.104 9 INFO neutron.db.ovn_revision_numbers_db [None req-be1effb6-15c8-42b7-bc57-86e1983f4b36 9bf428f3781a414ca41bfbb4da73ddea 5fbc76721e1b442fb0fed55b6a1a18d3 - - - -] Successfully bumped revision number for resource 5518ddcb-5be5-417a-8713-42f81c4887d0 (type: security_groups) to 1
2026-05-09 06:33:22.126 9 INFO neutron.wsgi [None req-be1effb6-15c8-42b7-bc57-86e1983f4b36 9bf428f3781a414ca41bfbb4da73ddea 5fbc76721e1b442fb0fed55b6a1a18d3 - - - -] 10.0.0.2 "POST /v2.0/security-groups HTTP/1.1" status: 201 len: 1737 time: 0.1866460
2026-05-09 06:33:22.151 10 INFO neutron.wsgi [None req-ec9e419a-fdf6-4d25-9149-b827d8b465a6 229a0e1ec38a4743b848de0f497fe665 2c661bfb8cae4d33bf9b08cff943d167 - - - -] 10.0.0.2 "PUT /v2.0/policies/2f0c5f20-b67f-46cb-a7a7-d3da93b29817/tags HTTP/1.1" status: 200 len: 230 time: 0.0428188
2026-05-09 06:33:22.168 10 INFO neutron.wsgi [None req-cfbf1469-e9ad-4a92-a4f3-9f28e3bab2cb 229a0e1ec38a4743b848de0f497fe665 2c661bfb8cae4d33bf9b08cff943d167 - - default default] 10.0.0.2 "GET /v2.0/policies/2f0c5f20-b67f-46cb-a7a7-d3da93b29817/tags HTTP/1.1" status: 200 len: 230 time: 0.0116336
2026-05-09 06:33:22.190 10 INFO neutron.wsgi [None req-3e4aa3bb-7a66-4306-98ee-0afce04cb9a0 229a0e1ec38a4743b848de0f497fe665 2c661bfb8cae4d33bf9b08cff943d167 - - default default] 10.0.0.2 "GET /v2.0/policies/2f0c5f20-b67f-46cb-a7a7-d3da93b29817/tags/red HTTP/1.1" status: 204 len: 168 time: 0.0172155
2026-05-09 06:33:22.211 9 INFO neutron.api.v2.resource [None req-eb217825-1f46-4a57-a211-2326ebe5a460 229a0e1ec38a4743b848de0f497fe665 2c661bfb8cae4d33bf9b08cff943d167 - - default default] show failed (client error): The resource could not be found.
2026-05-09 06:33:22.213 9 INFO neutron.wsgi [None req-eb217825-1f46-4a57-a211-2326ebe5a460 229a0e1ec38a4743b848de0f497fe665 2c661bfb8cae4d33bf9b08cff943d167 - - default default] 10.0.0.2 "GET /v2.0/policies/2f0c5f20-b67f-46cb-a7a7-d3da93b29817/tags/green HTTP/1.1" status: 404 len: 299 time: 0.0175722
2026-05-09 06:33:22.251 9 INFO neutron.wsgi [None req-97941b60-e8a1-49c4-8528-b245e235d9c7 229a0e1ec38a4743b848de0f497fe665 2c661bfb8cae4d33bf9b08cff943d167 - - - -] 10.0.0.2 "DELETE /v2.0/policies/2f0c5f20-b67f-46cb-a7a7-d3da93b29817/tags/red HTTP/1.1" status: 204 len: 168 time: 0.0336783
2026-05-09 06:33:22.258 10 INFO neutron.db.ovn_revision_numbers_db [None req-764e4d71-67c7-4b7f-aa10-fd889c9576d8 9bf428f3781a414ca41bfbb4da73ddea 5fbc76721e1b442fb0fed55b6a1a18d3 - - - -] Successfully bumped revision number for resource 9462b488-9b29-4779-b5f3-4166fb760f96 (type: security_groups) to 1
2026-05-09 06:33:22.269 9 INFO neutron.wsgi [None req-073b4baf-4e2f-4dd8-a78d-0cd286ca7920 229a0e1ec38a4743b848de0f497fe665 2c661bfb8cae4d33bf9b08cff943d167 - - default default] 10.0.0.2 "GET /v2.0/policies/2f0c5f20-b67f-46cb-a7a7-d3da93b29817/tags HTTP/1.1" status: 200 len: 223 time: 0.0134342
2026-05-09 06:33:22.284 9 INFO neutron.api.v2.resource [None req-57213570-10a5-4c23-a454-f7bea62fb957 229a0e1ec38a4743b848de0f497fe665 2c661bfb8cae4d33bf9b08cff943d167 - - - -] delete failed (client error): The resource could not be found.
2026-05-09 06:33:22.286 9 INFO neutron.wsgi [None req-57213570-10a5-4c23-a454-f7bea62fb957 229a0e1ec38a4743b848de0f497fe665 2c661bfb8cae4d33bf9b08cff943d167 - - - -] 10.0.0.2 "DELETE /v2.0/policies/2f0c5f20-b67f-46cb-a7a7-d3da93b29817/tags/green HTTP/1.1" status: 404 len: 299 time: 0.0135717
2026-05-09 06:33:22.310 10 INFO neutron.wsgi [None req-764e4d71-67c7-4b7f-aa10-fd889c9576d8 9bf428f3781a414ca41bfbb4da73ddea 5fbc76721e1b442fb0fed55b6a1a18d3 - - - -] 10.0.0.2 "POST /v2.0/security-groups HTTP/1.1" status: 201 len: 1737 time: 0.1784475
2026-05-09 06:33:22.326 9 INFO neutron.wsgi [None req-03c9f457-95e1-4708-a3e5-7579461dafb1 229a0e1ec38a4743b848de0f497fe665 2c661bfb8cae4d33bf9b08cff943d167 - - - -] 10.0.0.2 "DELETE /v2.0/policies/2f0c5f20-b67f-46cb-a7a7-d3da93b29817/tags HTTP/1.1" status: 204 len: 168 time: 0.0362184
2026-05-09 06:33:22.340 9 INFO neutron.wsgi [None req-939c117c-13c8-4adb-9929-f3b571ade19b 229a0e1ec38a4743b848de0f497fe665 2c661bfb8cae4d33bf9b08cff943d167 - - default default] 10.0.0.2 "GET /v2.0/policies/2f0c5f20-b67f-46cb-a7a7-d3da93b29817/tags HTTP/1.1" status: 200 len: 205 time: 0.0084715
2026-05-09 06:33:22.452 10 INFO neutron.wsgi [None req-d644df2e-b8de-4c16-b4a0-196922b1e114 229a0e1ec38a4743b848de0f497fe665 2c661bfb8cae4d33bf9b08cff943d167 - - - -] 10.0.0.2 "DELETE /v2.0/qos/policies/2f0c5f20-b67f-46cb-a7a7-d3da93b29817 HTTP/1.1" status: 204 len: 168 time: 0.0972364
2026-05-09 06:33:22.472 9 INFO neutron.db.ovn_revision_numbers_db [None req-1c0cbc53-32da-4240-8e19-3449319140cd 9bf428f3781a414ca41bfbb4da73ddea 5fbc76721e1b442fb0fed55b6a1a18d3 - - - -] Successfully bumped revision number for resource e8cfca4b-b90d-4735-a067-7f8d6087e89f (type: security_groups) to 1
2026-05-09 06:33:22.494 9 INFO neutron.wsgi [None req-1c0cbc53-32da-4240-8e19-3449319140cd 9bf428f3781a414ca41bfbb4da73ddea 5fbc76721e1b442fb0fed55b6a1a18d3 - - - -] 10.0.0.2 "POST /v2.0/security-groups HTTP/1.1" status: 201 len: 1737 time: 0.1801686
2026-05-09 06:33:22.595 9 INFO neutron.db.ovn_revision_numbers_db [None req-c59481da-68a0-48ef-822d-7a0241d7430e 9bf428f3781a414ca41bfbb4da73ddea 5fbc76721e1b442fb0fed55b6a1a18d3 - - - -] Successfully bumped revision number for resource 10e49634-8497-42f3-a873-3ce22b3f94ec (type: security_groups) to 1
2026-05-09 06:33:22.631 9 INFO neutron.wsgi [None req-c59481da-68a0-48ef-822d-7a0241d7430e 9bf428f3781a414ca41bfbb4da73ddea 5fbc76721e1b442fb0fed55b6a1a18d3 - - - -] 10.0.0.2 "POST /v2.0/security-groups HTTP/1.1" status: 201 len: 1737 time: 0.1306438
2026-05-09 06:33:22.670 9 INFO neutron.wsgi [None req-0bdbc011-119a-40d5-b280-393aa32a8a29 9bf428f3781a414ca41bfbb4da73ddea 5fbc76721e1b442fb0fed55b6a1a18d3 - - - -] 10.0.0.2 "PUT /v2.0/security-groups/f3b85446-aeb0-4630-9316-bf327f60320d/tags HTTP/1.1" status: 200 len: 210 time: 0.0328312
2026-05-09 06:33:22.706 9 INFO neutron.wsgi [None req-2c40ab12-8353-4f1b-84a5-dde9bf78304f 9bf428f3781a414ca41bfbb4da73ddea 5fbc76721e1b442fb0fed55b6a1a18d3 - - - -] 10.0.0.2 "PUT /v2.0/security-groups/5518ddcb-5be5-417a-8713-42f81c4887d0/tags HTTP/1.1" status: 200 len: 218 time: 0.0320067
2026-05-09 06:33:22.749 10 INFO neutron.wsgi [None req-908f1f05-bfb8-4071-9037-d61c835655cd 9bf428f3781a414ca41bfbb4da73ddea 5fbc76721e1b442fb0fed55b6a1a18d3 - - - -] 10.0.0.2 "PUT /v2.0/security-groups/9462b488-9b29-4779-b5f3-4166fb760f96/tags HTTP/1.1" status: 200 len: 227 time: 0.0381148
2026-05-09 06:33:22.779 10 INFO neutron.wsgi [None req-52186fec-17cd-4007-b637-b69307d85a2f 9bf428f3781a414ca41bfbb4da73ddea 5fbc76721e1b442fb0fed55b6a1a18d3 - - - -] 10.0.0.2 "PUT /v2.0/security-groups/e8cfca4b-b90d-4735-a067-7f8d6087e89f/tags HTTP/1.1" status: 200 len: 212 time: 0.0249722
2026-05-09 06:33:22.849 10 INFO neutron.wsgi [None req-37fcd27f-9d6e-486e-80aa-766ac5bf57cf 9bf428f3781a414ca41bfbb4da73ddea 5fbc76721e1b442fb0fed55b6a1a18d3 - - default default] 10.0.0.2 "GET /v2.0/security-groups?tags=red HTTP/1.1" status: 200 len: 4813 time: 0.0636582
2026-05-09 06:33:22.900 10 INFO neutron.wsgi [None req-7395360f-5d55-48b7-b76c-839c295c4f3e 9bf428f3781a414ca41bfbb4da73ddea 5fbc76721e1b442fb0fed55b6a1a18d3 - - default default] 10.0.0.2 "GET /v2.0/security-groups?tags=red%2Cblue HTTP/1.1" status: 200 len: 3289 time: 0.0462849
2026-05-09 06:33:22.951 10 INFO neutron.wsgi [None req-3527c163-8157-47c2-ba0c-e69103a8aa40 9bf428f3781a414ca41bfbb4da73ddea 5fbc76721e1b442fb0fed55b6a1a18d3 - - default default] 10.0.0.2 "GET /v2.0/security-groups?tags-any=blue HTTP/1.1" status: 200 len: 3289 time: 0.0451384
