2026-05-09 06:29:53.368 10 INFO neutron.plugins.ml2.plugin [None req-d2efd29f-2ac8-467e-a577-17eeb1615742 - - - - - -] Attempt 1 to provision port 2c5c7573-9294-4955-b51d-d4a69084da80
2026-05-09 06:29:53.400 9 INFO neutron.plugins.ml2.drivers.ovn.mech_driver.ovsdb.ovsdb_monitor [None req-8f081817-ca8f-4311-99b8-e645db7e5c3e - - - - - -] Router 765afc0d-c8ec-47ac-826b-56ef55f9f677 is bound to host instance
2026-05-09 06:29:53.476 9 INFO neutron.db.ovn_revision_numbers_db [None req-c40807e7-e9fd-48d6-9a9a-1b0f97fc33f6 6545f5c60cb24806b538ca03a36c49d6 273570b6816242ba9a7165f2066f5d03 - - - -] Successfully bumped revision number for resource 5626bfd8-2dca-42c8-89e5-210c536809ac (type: ports) to 2
2026-05-09 06:29:53.552 9 INFO neutron.db.ovn_revision_numbers_db [None req-c40807e7-e9fd-48d6-9a9a-1b0f97fc33f6 6545f5c60cb24806b538ca03a36c49d6 273570b6816242ba9a7165f2066f5d03 - - - -] Successfully bumped revision number for resource 8cdf0ef2-c71f-4b5a-b412-3dc76ca34391 (type: subnets) to 0
2026-05-09 06:29:53.617 10 INFO neutron.db.ovn_revision_numbers_db [None req-57403b85-956d-4b24-a1d6-6b1ab650fe28 6545f5c60cb24806b538ca03a36c49d6 273570b6816242ba9a7165f2066f5d03 - - default default] Successfully bumped revision number for resource 5d26f445-73b3-4ead-ac29-b52defd456b1 (type: router_ports) to 2
2026-05-09 06:29:53.621 9 INFO neutron.wsgi [None req-c40807e7-e9fd-48d6-9a9a-1b0f97fc33f6 6545f5c60cb24806b538ca03a36c49d6 273570b6816242ba9a7165f2066f5d03 - - - -] 10.0.0.2 "POST /v2.0/subnets HTTP/1.1" status: 201 len: 867 time: 1.4529850
2026-05-09 06:29:53.815 10 INFO neutron.db.ovn_revision_numbers_db [None req-57403b85-956d-4b24-a1d6-6b1ab650fe28 6545f5c60cb24806b538ca03a36c49d6 273570b6816242ba9a7165f2066f5d03 - - default default] Successfully bumped revision number for resource 5d26f445-73b3-4ead-ac29-b52defd456b1 (type: ports) to 2
2026-05-09 06:29:53.954 10 WARNING neutron.scheduler.dhcp_agent_scheduler [None req-57403b85-956d-4b24-a1d6-6b1ab650fe28 6545f5c60cb24806b538ca03a36c49d6 273570b6816242ba9a7165f2066f5d03 - - default default] No more DHCP agents
2026-05-09 06:29:53.956 10 WARNING neutron.api.rpc.agentnotifiers.dhcp_rpc_agent_api [None req-57403b85-956d-4b24-a1d6-6b1ab650fe28 6545f5c60cb24806b538ca03a36c49d6 273570b6816242ba9a7165f2066f5d03 - - default default] Unable to schedule network 0544f611-2111-4c90-97a1-f5433725e79e: no agents available; will retry on subsequent port and subnet creation events.
2026-05-09 06:29:54.414 10 INFO neutron.db.ovn_revision_numbers_db [None req-a7e18e07-15e6-4ca2-a3e1-5d2c4c212e66 6545f5c60cb24806b538ca03a36c49d6 273570b6816242ba9a7165f2066f5d03 - - - -] Successfully bumped revision number for resource e7d3d343-370b-4030-ae29-2ebc3603d195 (type: router_ports) to 2
2026-05-09 06:29:54.416 10 INFO neutron.wsgi [None req-a7e18e07-15e6-4ca2-a3e1-5d2c4c212e66 6545f5c60cb24806b538ca03a36c49d6 273570b6816242ba9a7165f2066f5d03 - - - -] 10.0.0.2 "PUT /v2.0/routers/765afc0d-c8ec-47ac-826b-56ef55f9f677/add_router_interface HTTP/1.1" status: 200 len: 503 time: 3.5167918
2026-05-09 06:29:54.614 9 INFO neutron.db.ovn_revision_numbers_db [None req-8f081817-ca8f-4311-99b8-e645db7e5c3e - - - - - -] Successfully bumped revision number for resource 36a310e6-5d91-4d1b-8e1e-3923f2deb8f4 (type: ports) to 1
2026-05-09 06:29:54.643 9 INFO neutron.db.ovn_revision_numbers_db [None req-589cc69f-c4ef-4053-b2d4-ff1fdeb663c1 6545f5c60cb24806b538ca03a36c49d6 273570b6816242ba9a7165f2066f5d03 - - - -] Successfully bumped revision number for resource cf3cd07a-eb17-47b8-b184-957e81a7d6e1 (type: router_ports) to 2
2026-05-09 06:29:54.645 9 INFO neutron.wsgi [None req-589cc69f-c4ef-4053-b2d4-ff1fdeb663c1 6545f5c60cb24806b538ca03a36c49d6 273570b6816242ba9a7165f2066f5d03 - - - -] 10.0.0.2 "PUT /v2.0/routers/83cd91c5-9d5b-4b4a-b20d-8d95b01214fd/add_router_interface HTTP/1.1" status: 200 len: 503 time: 3.8233242
2026-05-09 06:29:54.721 9 WARNING neutron.scheduler.dhcp_agent_scheduler [None req-165d0ed2-6876-42b7-892b-cad9a90a04df 6545f5c60cb24806b538ca03a36c49d6 273570b6816242ba9a7165f2066f5d03 - - - -] No more DHCP agents
2026-05-09 06:29:54.725 9 WARNING neutron.api.rpc.agentnotifiers.dhcp_rpc_agent_api [None req-165d0ed2-6876-42b7-892b-cad9a90a04df 6545f5c60cb24806b538ca03a36c49d6 273570b6816242ba9a7165f2066f5d03 - - - -] Unable to schedule network 8dbe093c-a6c6-46e1-b28f-f04c24b0e296: no agents available; will retry on subsequent port and subnet creation events.
2026-05-09 06:29:54.907 10 INFO neutron.db.ovn_revision_numbers_db [None req-57403b85-956d-4b24-a1d6-6b1ab650fe28 6545f5c60cb24806b538ca03a36c49d6 273570b6816242ba9a7165f2066f5d03 - - - -] Successfully bumped revision number for resource 5d26f445-73b3-4ead-ac29-b52defd456b1 (type: router_ports) to 2
2026-05-09 06:29:54.910 10 INFO neutron.wsgi [None req-57403b85-956d-4b24-a1d6-6b1ab650fe28 6545f5c60cb24806b538ca03a36c49d6 273570b6816242ba9a7165f2066f5d03 - - - -] 10.0.0.2 "PUT /v2.0/routers/0afa6e1f-716e-406d-85af-2dc38aac60ed/add_router_interface HTTP/1.1" status: 200 len: 503 time: 3.1905866
2026-05-09 06:29:54.942 9 INFO neutron.db.ovn_revision_numbers_db [None req-165d0ed2-6876-42b7-892b-cad9a90a04df 6545f5c60cb24806b538ca03a36c49d6 273570b6816242ba9a7165f2066f5d03 - - - -] Successfully bumped revision number for resource f8c99847-5a7d-4115-abda-57e440051241 (type: ports) to 1
2026-05-09 06:29:55.076 9 INFO neutron.db.ovn_revision_numbers_db [None req-8f081817-ca8f-4311-99b8-e645db7e5c3e - - - - - -] Successfully bumped revision number for resource 36a310e6-5d91-4d1b-8e1e-3923f2deb8f4 (type: router_ports) to 3
2026-05-09 06:29:55.127 10 INFO neutron.db.ovn_revision_numbers_db [None req-74f39ba5-186e-465b-a19c-f2c88a9124e4 68133d1e8b2a42a8b65b41b6f246363c a5b488d5899f402cb40f26c8c2937a89 - - - -] Successfully bumped revision number for resource df342065-0ef1-4765-9c76-07d644f404c1 (type: security_groups) to 1
2026-05-09 06:29:55.168 10 INFO neutron.wsgi [None req-74f39ba5-186e-465b-a19c-f2c88a9124e4 68133d1e8b2a42a8b65b41b6f246363c a5b488d5899f402cb40f26c8c2937a89 - - - -] 10.0.0.2 "POST /v2.0/security-groups HTTP/1.1" status: 201 len: 1793 time: 0.1751153
2026-05-09 06:29:55.186 10 INFO neutron.wsgi [-] 10.0.0.198 "GET / HTTP/1.1" status: 200 len: 247 time: 0.0015845
2026-05-09 06:29:55.187 10 INFO neutron.wsgi [-] 10.0.0.198 "GET / HTTP/1.1" status: 200 len: 247 time: 0.0012248
2026-05-09 06:29:55.245 9 INFO neutron.db.ovn_revision_numbers_db [None req-8f081817-ca8f-4311-99b8-e645db7e5c3e - - - - - -] Successfully bumped revision number for resource 36a310e6-5d91-4d1b-8e1e-3923f2deb8f4 (type: ports) to 2
2026-05-09 06:29:55.332 10 INFO neutron.db.ovn_revision_numbers_db [None req-762250c6-34ad-4a9f-a288-7ad8914153fc bdf702dc752d49e493359f5ac450cf03 d4823efb51394f019b3e2fb0249dedd7 - - - -] Successfully bumped revision number for resource f61aad69-ae06-4083-ae33-8baadd387638 (type: security_groups) to 1
2026-05-09 06:29:55.366 10 INFO neutron.db.ovn_revision_numbers_db [None req-8f3065e9-41a0-4457-8eac-fa2a9ef0a70f 68133d1e8b2a42a8b65b41b6f246363c a5b488d5899f402cb40f26c8c2937a89 - - - -] Successfully bumped revision number for resource 429891f6-eb35-4fd5-9f08-6c98274cc7cf (type: security_group_rules) to 0
2026-05-09 06:29:55.383 10 INFO neutron.wsgi [None req-762250c6-34ad-4a9f-a288-7ad8914153fc bdf702dc752d49e493359f5ac450cf03 d4823efb51394f019b3e2fb0249dedd7 - - - -] 10.0.0.2 "POST /v2.0/security-groups HTTP/1.1" status: 201 len: 1795 time: 0.1933317
2026-05-09 06:29:55.414 10 INFO neutron.wsgi [None req-8f3065e9-41a0-4457-8eac-fa2a9ef0a70f 68133d1e8b2a42a8b65b41b6f246363c a5b488d5899f402cb40f26c8c2937a89 - - - -] 10.0.0.2 "POST /v2.0/security-group-rules HTTP/1.1" status: 201 len: 764 time: 0.2383845
2026-05-09 06:29:55.562 10 INFO neutron.db.ovn_revision_numbers_db [None req-49597959-4bf5-4205-9eda-8e8e1cdf1cb8 68133d1e8b2a42a8b65b41b6f246363c a5b488d5899f402cb40f26c8c2937a89 - - - -] Successfully bumped revision number for resource 54e32bc4-4d18-4a0d-a26d-313a38909b37 (type: security_group_rules) to 0
2026-05-09 06:29:55.568 10 INFO neutron.db.ovn_revision_numbers_db [None req-b8e84ae6-85cf-4e10-8059-351b85f6d734 bdf702dc752d49e493359f5ac450cf03 d4823efb51394f019b3e2fb0249dedd7 - - - -] Successfully bumped revision number for resource f93513bd-6ed4-4655-88f5-b02abbad6000 (type: security_group_rules) to 0
2026-05-09 06:29:55.616 10 INFO neutron.wsgi [None req-49597959-4bf5-4205-9eda-8e8e1cdf1cb8 68133d1e8b2a42a8b65b41b6f246363c a5b488d5899f402cb40f26c8c2937a89 - - - -] 10.0.0.2 "POST /v2.0/security-group-rules HTTP/1.1" status: 201 len: 769 time: 0.1947565
2026-05-09 06:29:55.621 10 INFO neutron.wsgi [None req-b8e84ae6-85cf-4e10-8059-351b85f6d734 bdf702dc752d49e493359f5ac450cf03 d4823efb51394f019b3e2fb0249dedd7 - - - -] 10.0.0.2 "POST /v2.0/security-group-rules HTTP/1.1" status: 201 len: 764 time: 0.2303493
2026-05-09 06:29:55.743 9 INFO neutron.db.ovn_revision_numbers_db [None req-8f081817-ca8f-4311-99b8-e645db7e5c3e - - - - - -] Successfully bumped revision number for resource 36a310e6-5d91-4d1b-8e1e-3923f2deb8f4 (type: ports) to 4
2026-05-09 06:29:55.913 9 INFO neutron.db.ovn_revision_numbers_db [None req-165d0ed2-6876-42b7-892b-cad9a90a04df 6545f5c60cb24806b538ca03a36c49d6 273570b6816242ba9a7165f2066f5d03 - - - -] Successfully bumped revision number for resource f8c99847-5a7d-4115-abda-57e440051241 (type: router_ports) to 1
2026-05-09 06:29:56.025 9 INFO neutron.db.ovn_revision_numbers_db [None req-165d0ed2-6876-42b7-892b-cad9a90a04df 6545f5c60cb24806b538ca03a36c49d6 273570b6816242ba9a7165f2066f5d03 - - - -] Successfully bumped revision number for resource a897b044-36b8-457b-850d-9bb22050d26f (type: routers) to 3
2026-05-09 06:29:56.089 9 INFO neutron.db.ovn_revision_numbers_db [None req-8922268f-e00c-4b84-b3bc-844a67b2d86b 608526c26979425288f8df944ba99065 8eb27c2ceb1349b899426c6880ec78c5 - - - -] Successfully bumped revision number for resource 509ed9a3-14e1-4602-bff7-fe9845b9eeb2 (type: security_groups) to 1
2026-05-09 06:29:56.096 9 INFO neutron.wsgi [None req-165d0ed2-6876-42b7-892b-cad9a90a04df 6545f5c60cb24806b538ca03a36c49d6 273570b6816242ba9a7165f2066f5d03 - - - -] 10.0.0.2 "POST /v2.0/routers HTTP/1.1" status: 201 len: 878 time: 2.4693220
2026-05-09 06:29:56.102 9 INFO neutron.db.ovn_revision_numbers_db [None req-8f081817-ca8f-4311-99b8-e645db7e5c3e - - - - - -] Successfully bumped revision number for resource 36a310e6-5d91-4d1b-8e1e-3923f2deb8f4 (type: router_ports) to 4
2026-05-09 06:29:56.125 10 INFO neutron.db.ovn_revision_numbers_db [None req-cb80f7e5-864f-40e5-9cec-240b9da71c08 bdf702dc752d49e493359f5ac450cf03 d4823efb51394f019b3e2fb0249dedd7 - - - -] Successfully bumped revision number for resource a5e03c2b-e0f5-46f9-8350-ad7c8370b38b (type: security_group_rules) to 0
2026-05-09 06:29:56.144 9 INFO neutron.wsgi [None req-8922268f-e00c-4b84-b3bc-844a67b2d86b 608526c26979425288f8df944ba99065 8eb27c2ceb1349b899426c6880ec78c5 - - - -] 10.0.0.153 "POST /v2.0/security-groups HTTP/1.1" status: 201 len: 1827 time: 0.3983202
2026-05-09 06:29:56.158 9 INFO neutron.plugins.ml2.drivers.ovn.mech_driver.ovsdb.ovsdb_monitor [None req-8f081817-ca8f-4311-99b8-e645db7e5c3e - - - - - -] Router 0afa6e1f-716e-406d-85af-2dc38aac60ed is bound to host instance
2026-05-09 06:29:56.174 10 INFO neutron.wsgi [None req-cb80f7e5-864f-40e5-9cec-240b9da71c08 bdf702dc752d49e493359f5ac450cf03 d4823efb51394f019b3e2fb0249dedd7 - - - -] 10.0.0.2 "POST /v2.0/security-group-rules HTTP/1.1" status: 201 len: 769 time: 0.5433714
2026-05-09 06:29:56.283 10 WARNING neutron.scheduler.dhcp_agent_scheduler [None req-cee62e32-7461-43a5-bc3b-12789bd34d89 68133d1e8b2a42a8b65b41b6f246363c a5b488d5899f402cb40f26c8c2937a89 - - - -] No more DHCP agents
2026-05-09 06:29:56.287 10 WARNING neutron.api.rpc.agentnotifiers.dhcp_rpc_agent_api [None req-cee62e32-7461-43a5-bc3b-12789bd34d89 68133d1e8b2a42a8b65b41b6f246363c a5b488d5899f402cb40f26c8c2937a89 - - - -] Unable to schedule network 8dbe093c-a6c6-46e1-b28f-f04c24b0e296: no agents available; will retry on subsequent port and subnet creation events.
2026-05-09 06:29:56.609 10 WARNING neutron.scheduler.dhcp_agent_scheduler [None req-97c7957c-484e-4532-b791-309e281c3393 bdf702dc752d49e493359f5ac450cf03 d4823efb51394f019b3e2fb0249dedd7 - - - -] No more DHCP agents
2026-05-09 06:29:56.618 10 WARNING neutron.api.rpc.agentnotifiers.dhcp_rpc_agent_api [None req-97c7957c-484e-4532-b791-309e281c3393 bdf702dc752d49e493359f5ac450cf03 d4823efb51394f019b3e2fb0249dedd7 - - - -] Unable to schedule network 8dbe093c-a6c6-46e1-b28f-f04c24b0e296: no agents available; will retry on subsequent port and subnet creation events.
2026-05-09 06:29:56.630 9 INFO neutron.wsgi [req-bbfb038f-9e3c-4001-b336-92a911d66a4e req-40aff1e0-64cd-4d30-b2f7-084a53f1c86e 608526c26979425288f8df944ba99065 8eb27c2ceb1349b899426c6880ec78c5 - - default default] 10.0.0.153 "GET /v2.0/security-groups/509ed9a3-14e1-4602-bff7-fe9845b9eeb2 HTTP/1.1" status: 200 len: 1822 time: 0.1072032
2026-05-09 06:29:56.722 10 INFO neutron.db.ovn_revision_numbers_db [None req-cee62e32-7461-43a5-bc3b-12789bd34d89 68133d1e8b2a42a8b65b41b6f246363c a5b488d5899f402cb40f26c8c2937a89 - - - -] Successfully bumped revision number for resource d680003f-dfb0-4879-b4df-d1895b65f907 (type: floatingips) to 0
2026-05-09 06:29:56.776 10 INFO neutron.wsgi [None req-cee62e32-7461-43a5-bc3b-12789bd34d89 68133d1e8b2a42a8b65b41b6f246363c a5b488d5899f402cb40f26c8c2937a89 - - - -] 10.0.0.2 "POST /v2.0/floatingips HTTP/1.1" status: 201 len: 751 time: 1.1519971
2026-05-09 06:29:56.851 9 WARNING neutron.scheduler.dhcp_agent_scheduler [None req-51b41895-3244-42b4-aece-dabf7f225c3a 6545f5c60cb24806b538ca03a36c49d6 273570b6816242ba9a7165f2066f5d03 - - default default] No more DHCP agents
2026-05-09 06:29:56.855 9 WARNING neutron.api.rpc.agentnotifiers.dhcp_rpc_agent_api [None req-51b41895-3244-42b4-aece-dabf7f225c3a 6545f5c60cb24806b538ca03a36c49d6 273570b6816242ba9a7165f2066f5d03 - - default default] Unable to schedule network 00a7ea71-b3aa-48c6-8dea-735089c4903b: no agents available; will retry on subsequent port and subnet creation events.
2026-05-09 06:29:56.951 9 INFO neutron.db.ovn_revision_numbers_db [None req-8f081817-ca8f-4311-99b8-e645db7e5c3e - - - - - -] Successfully bumped revision number for resource 2c5c7573-9294-4955-b51d-d4a69084da80 (type: ports) to 1
2026-05-09 06:29:56.958 9 INFO neutron.db.ovn_revision_numbers_db [None req-7ff939b6-ad7b-4aa6-aac4-5f8afe5d2437 608526c26979425288f8df944ba99065 8eb27c2ceb1349b899426c6880ec78c5 - - - -] Successfully bumped revision number for resource a7d63995-fc11-47a0-ae22-fa4d11aeadf7 (type: security_group_rules) to 0
2026-05-09 06:29:57.006 10 INFO neutron.db.ovn_revision_numbers_db [None req-97c7957c-484e-4532-b791-309e281c3393 bdf702dc752d49e493359f5ac450cf03 d4823efb51394f019b3e2fb0249dedd7 - - - -] Successfully bumped revision number for resource e5c55ce1-1ffc-4e8d-aa34-72cf44fd68db (type: floatingips) to 0
2026-05-09 06:29:57.034 9 INFO neutron.wsgi [None req-7ff939b6-ad7b-4aa6-aac4-5f8afe5d2437 608526c26979425288f8df944ba99065 8eb27c2ceb1349b899426c6880ec78c5 - - - -] 10.0.0.153 "POST /v2.0/security-group-rules HTTP/1.1" status: 201 len: 786 time: 0.3957961
2026-05-09 06:29:57.056 9 INFO neutron.db.ovn_revision_numbers_db [None req-51b41895-3244-42b4-aece-dabf7f225c3a 6545f5c60cb24806b538ca03a36c49d6 273570b6816242ba9a7165f2066f5d03 - - default default] Successfully bumped revision number for resource 122e5780-7537-4170-98dd-ac7952ad8a90 (type: ports) to 1
2026-05-09 06:29:57.059 10 INFO neutron.wsgi [None req-97c7957c-484e-4532-b791-309e281c3393 bdf702dc752d49e493359f5ac450cf03 d4823efb51394f019b3e2fb0249dedd7 - - - -] 10.0.0.2 "POST /v2.0/floatingips HTTP/1.1" status: 201 len: 751 time: 0.8740423
2026-05-09 06:29:57.507 9 INFO neutron.wsgi [req-dba25a85-ad2b-4066-a121-43e6877f734f req-36f99c0f-4c67-4b90-9c4a-2ada2c4b4aae bdf702dc752d49e493359f5ac450cf03 d4823efb51394f019b3e2fb0249dedd7 - - default default] 10.0.0.153 "GET /v2.0/security-groups?name=tempest-securitygroup--212006455&fields=id&tenant_id=d4823efb51394f019b3e2fb0249dedd7 HTTP/1.1" status: 200 len: 267 time: 0.0705860
2026-05-09 06:29:57.537 9 INFO neutron.db.ovn_revision_numbers_db [None req-eb73d818-2ed2-4939-87d1-b4144cb27409 608526c26979425288f8df944ba99065 8eb27c2ceb1349b899426c6880ec78c5 - - - -] Successfully bumped revision number for resource 8e18f4f2-f5f1-459e-98d6-d5f9128f169b (type: security_groups) to 1
2026-05-09 06:29:57.585 9 INFO neutron.db.ovn_revision_numbers_db [None req-8f081817-ca8f-4311-99b8-e645db7e5c3e - - - - - -] Successfully bumped revision number for resource 2c5c7573-9294-4955-b51d-d4a69084da80 (type: router_ports) to 3
2026-05-09 06:29:57.650 9 INFO neutron.wsgi [None req-eb73d818-2ed2-4939-87d1-b4144cb27409 608526c26979425288f8df944ba99065 8eb27c2ceb1349b899426c6880ec78c5 - - - -] 10.0.0.153 "POST /v2.0/security-groups HTTP/1.1" status: 201 len: 1826 time: 0.5791793
2026-05-09 06:29:57.674 9 INFO neutron.wsgi [req-dba25a85-ad2b-4066-a121-43e6877f734f req-bfe3cd20-8d0d-4c60-8688-ce306e064077 bdf702dc752d49e493359f5ac450cf03 d4823efb51394f019b3e2fb0249dedd7 - - default default] 10.0.0.153 "GET /v2.0/networks?id=4774bbc5-ec20-4489-b6e8-b6ef71e83377 HTTP/1.1" status: 200 len: 874 time: 0.1611032
2026-05-09 06:29:57.714 9 INFO neutron.wsgi [req-dba25a85-ad2b-4066-a121-43e6877f734f req-a1057632-fc29-4ff7-b565-1330e0645691 bdf702dc752d49e493359f5ac450cf03 d4823efb51394f019b3e2fb0249dedd7 - - default default] 10.0.0.153 "GET /v2.0/quotas/d4823efb51394f019b3e2fb0249dedd7 HTTP/1.1" status: 200 len: 386 time: 0.0291066
2026-05-09 06:29:57.797 9 INFO neutron.wsgi [req-20a5c08f-49cf-4bde-96af-0bcacf141653 req-5396aced-c0df-4725-867e-7899b67cd8d9 608526c26979425288f8df944ba99065 8eb27c2ceb1349b899426c6880ec78c5 - - default default] 10.0.0.153 "GET /v2.0/security-groups/8e18f4f2-f5f1-459e-98d6-d5f9128f169b HTTP/1.1" status: 200 len: 1821 time: 0.1040769
2026-05-09 06:29:57.926 9 INFO neutron.wsgi [req-dba25a85-ad2b-4066-a121-43e6877f734f req-c10d63c7-a4f0-491d-acbb-66ddf8625686 bdf702dc752d49e493359f5ac450cf03 d4823efb51394f019b3e2fb0249dedd7 - - default default] 10.0.0.153 "GET /v2.0/ports?tenant_id=d4823efb51394f019b3e2fb0249dedd7&fields=id HTTP/1.1" status: 200 len: 302 time: 0.2005367
2026-05-09 06:29:57.948 9 INFO neutron.db.ovn_revision_numbers_db [None req-8f081817-ca8f-4311-99b8-e645db7e5c3e - - - - - -] Successfully bumped revision number for resource 2c5c7573-9294-4955-b51d-d4a69084da80 (type: ports) to 2
2026-05-09 06:29:57.996 9 INFO neutron.db.ovn_revision_numbers_db [None req-51b41895-3244-42b4-aece-dabf7f225c3a 6545f5c60cb24806b538ca03a36c49d6 273570b6816242ba9a7165f2066f5d03 - - default default] Successfully bumped revision number for resource 122e5780-7537-4170-98dd-ac7952ad8a90 (type: router_ports) to 2
2026-05-09 06:29:58.074 9 INFO neutron.db.ovn_revision_numbers_db [None req-9ac2c277-b57a-4a6f-a832-c9511ae8aa86 608526c26979425288f8df944ba99065 8eb27c2ceb1349b899426c6880ec78c5 - - - -] Successfully bumped revision number for resource 50100097-724d-462e-98e7-058622c6ecde (type: security_group_rules) to 0
2026-05-09 06:29:58.282 9 INFO neutron.wsgi [None req-9ac2c277-b57a-4a6f-a832-c9511ae8aa86 608526c26979425288f8df944ba99065 8eb27c2ceb1349b899426c6880ec78c5 - - - -] 10.0.0.153 "POST /v2.0/security-group-rules HTTP/1.1" status: 201 len: 786 time: 0.4758372
2026-05-09 06:29:58.336 9 INFO neutron.db.ovn_revision_numbers_db [None req-51b41895-3244-42b4-aece-dabf7f225c3a 6545f5c60cb24806b538ca03a36c49d6 273570b6816242ba9a7165f2066f5d03 - - default default] Successfully bumped revision number for resource 122e5780-7537-4170-98dd-ac7952ad8a90 (type: ports) to 2
2026-05-09 06:29:58.352 9 INFO neutron.wsgi [req-dba25a85-ad2b-4066-a121-43e6877f734f req-66aa356b-1f48-41cc-a1f3-999d80e16169 213b439b2ef749cba275d55974855653 2e02d35680164b7fba0d2fc3ee0573bf - - 281444ac8cb649fdaab116564d0e72d0 281444ac8cb649fdaab116564d0e72d0] 10.0.0.153 "GET /v2.0/extensions HTTP/1.1" status: 200 len: 16525 time: 0.0690989
2026-05-09 06:29:58.357 9 INFO neutron.wsgi [req-9b211299-11d4-4a9b-a1bb-04e34ff868a0 req-0dd31eaf-4080-4905-b260-ba7e7c97717d 608526c26979425288f8df944ba99065 8eb27c2ceb1349b899426c6880ec78c5 - - default default] 10.0.0.153 "GET /v2.0/security-groups/8e18f4f2-f5f1-459e-98d6-d5f9128f169b HTTP/1.1" status: 200 len: 2414 time: 0.0473914
2026-05-09 06:29:58.481 9 INFO neutron.wsgi [req-dba25a85-ad2b-4066-a121-43e6877f734f req-ae28082c-4350-4c33-ba1d-8e5cb7872e97 213b439b2ef749cba275d55974855653 2e02d35680164b7fba0d2fc3ee0573bf - - 281444ac8cb649fdaab116564d0e72d0 281444ac8cb649fdaab116564d0e72d0] 10.0.0.153 "GET /v2.0/networks/4774bbc5-ec20-4489-b6e8-b6ef71e83377?fields=segments HTTP/1.1" status: 200 len: 212 time: 0.1186607
2026-05-09 06:29:58.507 9 WARNING neutron.scheduler.dhcp_agent_scheduler [None req-51b41895-3244-42b4-aece-dabf7f225c3a 6545f5c60cb24806b538ca03a36c49d6 273570b6816242ba9a7165f2066f5d03 - - default default] No more DHCP agents
2026-05-09 06:29:58.511 9 WARNING neutron.api.rpc.agentnotifiers.dhcp_rpc_agent_api [None req-51b41895-3244-42b4-aece-dabf7f225c3a 6545f5c60cb24806b538ca03a36c49d6 273570b6816242ba9a7165f2066f5d03 - - default default] Unable to schedule network 00a7ea71-b3aa-48c6-8dea-735089c4903b: no agents available; will retry on subsequent port and subnet creation events.
2026-05-09 06:29:58.512 9 INFO neutron.db.ovn_revision_numbers_db [None req-8f081817-ca8f-4311-99b8-e645db7e5c3e - - - - - -] Successfully bumped revision number for resource 2c5c7573-9294-4955-b51d-d4a69084da80 (type: ports) to 4
2026-05-09 06:29:58.558 10 INFO neutron.plugins.ml2.drivers.ovn.mech_driver.mech_driver [None req-d2efd29f-2ac8-467e-a577-17eeb1615742 - - - - - -] OVN reports status up for port: cf3cd07a-eb17-47b8-b184-957e81a7d6e1
2026-05-09 06:29:58.567 10 INFO neutron.plugins.ml2.plugin [None req-d2efd29f-2ac8-467e-a577-17eeb1615742 - - - - - -] Attempt 1 to provision port cf3cd07a-eb17-47b8-b184-957e81a7d6e1
2026-05-09 06:29:58.603 9 INFO neutron.wsgi [req-dba25a85-ad2b-4066-a121-43e6877f734f req-f031c680-cd7b-48bd-b91c-f149e3af5bd3 213b439b2ef749cba275d55974855653 2e02d35680164b7fba0d2fc3ee0573bf - - 281444ac8cb649fdaab116564d0e72d0 281444ac8cb649fdaab116564d0e72d0] 10.0.0.153 "GET /v2.0/networks/4774bbc5-ec20-4489-b6e8-b6ef71e83377?fields=provider%3Aphysical_network&fields=provider%3Anetwork_type HTTP/1.1" status: 200 len: 277 time: 0.1136305
2026-05-09 06:29:58.746 9 INFO neutron.db.ovn_revision_numbers_db [None req-06e1284f-c1b4-4f64-a4c0-14b80a2d436e 608526c26979425288f8df944ba99065 8eb27c2ceb1349b899426c6880ec78c5 - - - -] Successfully bumped revision number for resource f098bb78-1ae8-46dd-a7f6-6b9079fd446a (type: security_group_rules) to 0
2026-05-09 06:29:58.818 9 INFO neutron.wsgi [None req-06e1284f-c1b4-4f64-a4c0-14b80a2d436e 608526c26979425288f8df944ba99065 8eb27c2ceb1349b899426c6880ec78c5 - - - -] 10.0.0.153 "POST /v2.0/security-group-rules HTTP/1.1" status: 201 len: 791 time: 0.4531381
2026-05-09 06:29:58.872 10 INFO neutron.db.ovn_revision_numbers_db [None req-d2efd29f-2ac8-467e-a577-17eeb1615742 - - - - - -] Successfully bumped revision number for resource cf3cd07a-eb17-47b8-b184-957e81a7d6e1 (type: ports) to 3
2026-05-09 06:29:58.926 9 INFO neutron.wsgi [req-c5f31f76-777e-417d-b860-2cafc71b957a req-fecb26ca-0720-451b-b74f-8996843d9f98 608526c26979425288f8df944ba99065 8eb27c2ceb1349b899426c6880ec78c5 - - default default] 10.0.0.153 "GET /v2.0/security-groups/8e18f4f2-f5f1-459e-98d6-d5f9128f169b HTTP/1.1" status: 200 len: 3012 time: 0.0840445
2026-05-09 06:29:58.982 9 INFO neutron.db.ovn_revision_numbers_db [None req-8f081817-ca8f-4311-99b8-e645db7e5c3e - - - - - -] Successfully bumped revision number for resource 2c5c7573-9294-4955-b51d-d4a69084da80 (type: router_ports) to 4
2026-05-09 06:29:59.015 9 INFO neutron.wsgi [req-6d52b588-873f-4de5-9ee4-f07417496576 req-90812b83-7023-4a94-a9ac-792b30bdca9e 608526c26979425288f8df944ba99065 8eb27c2ceb1349b899426c6880ec78c5 - - default default] 10.0.0.153 "GET /v2.0/security-group-rules/f098bb78-1ae8-46dd-a7f6-6b9079fd446a HTTP/1.1" status: 200 len: 783 time: 0.0394349
2026-05-09 06:29:59.022 9 INFO neutron.plugins.ml2.drivers.ovn.mech_driver.ovsdb.ovsdb_monitor [None req-8f081817-ca8f-4311-99b8-e645db7e5c3e - - - - - -] Router a897b044-36b8-457b-850d-9bb22050d26f is bound to host instance
2026-05-09 06:29:59.026 10 INFO neutron.db.ovn_revision_numbers_db [None req-d2efd29f-2ac8-467e-a577-17eeb1615742 - - - - - -] Successfully bumped revision number for resource cf3cd07a-eb17-47b8-b184-957e81a7d6e1 (type: router_ports) to 3
2026-05-09 06:29:59.225 9 INFO neutron.wsgi [req-6d52b588-873f-4de5-9ee4-f07417496576 req-bf705870-557b-43d7-93d7-c3944b1e2ea0 608526c26979425288f8df944ba99065 8eb27c2ceb1349b899426c6880ec78c5 - - default default] 10.0.0.153 "GET /v2.0/security-groups/8e18f4f2-f5f1-459e-98d6-d5f9128f169b HTTP/1.1" status: 200 len: 3012 time: 0.2001576
2026-05-09 06:29:59.234 9 INFO neutron.wsgi [req-c229bd3c-78c8-4c55-a6fe-247e8dc4daa3 req-ca27c393-3709-48d9-8e43-05526f584c1e bdf702dc752d49e493359f5ac450cf03 d4823efb51394f019b3e2fb0249dedd7 - - default default] 10.0.0.153 "GET /v2.0/ports?device_id=17d514d4-9f67-4e64-9211-a14db414f775 HTTP/1.1" status: 200 len: 210 time: 0.0360157
2026-05-09 06:29:59.557 9 INFO neutron.wsgi [None req-9baa593b-529b-4b5d-aca4-c1b6151f3620 608526c26979425288f8df944ba99065 8eb27c2ceb1349b899426c6880ec78c5 - - - -] 10.0.0.153 "DELETE /v2.0/security-group-rules/f098bb78-1ae8-46dd-a7f6-6b9079fd446a HTTP/1.1" status: 204 len: 173 time: 0.3245728
2026-05-09 06:29:59.662 9 INFO neutron.wsgi [req-03f84bcc-4267-4148-af22-50ab95534241 req-b4b30e74-5dfc-42a8-b9a8-68f29f5df31c 608526c26979425288f8df944ba99065 8eb27c2ceb1349b899426c6880ec78c5 - - default default] 10.0.0.153 "GET /v2.0/security-groups/8e18f4f2-f5f1-459e-98d6-d5f9128f169b HTTP/1.1" status: 200 len: 2414 time: 0.0705872
2026-05-09 06:29:59.977 9 INFO neutron.wsgi [None req-ca16c00f-d2b2-4eb4-94e7-20559273fe24 608526c26979425288f8df944ba99065 8eb27c2ceb1349b899426c6880ec78c5 - - - -] 10.0.0.153 "DELETE /v2.0/security-groups/8e18f4f2-f5f1-459e-98d6-d5f9128f169b HTTP/1.1" status: 204 len: 173 time: 0.3060241
2026-05-09 06:30:00.191 9 INFO neutron.db.ovn_revision_numbers_db [None req-51b41895-3244-42b4-aece-dabf7f225c3a 6545f5c60cb24806b538ca03a36c49d6 273570b6816242ba9a7165f2066f5d03 - - - -] Successfully bumped revision number for resource 122e5780-7537-4170-98dd-ac7952ad8a90 (type: router_ports) to 2
2026-05-09 06:30:00.194 9 INFO neutron.wsgi [None req-51b41895-3244-42b4-aece-dabf7f225c3a 6545f5c60cb24806b538ca03a36c49d6 273570b6816242ba9a7165f2066f5d03 - - - -] 10.0.0.2 "PUT /v2.0/routers/a897b044-36b8-457b-850d-9bb22050d26f/add_router_interface HTTP/1.1" status: 200 len: 503 time: 4.0882554
2026-05-09 06:30:00.207 9 INFO neutron.wsgi [req-94de7fea-d111-45ae-9a37-9cb48da4a305 req-ca6055f2-3fe1-466a-8abe-019587521d0d 608526c26979425288f8df944ba99065 8eb27c2ceb1349b899426c6880ec78c5 - - default default] 10.0.0.153 "GET /v2.0/security-groups/509ed9a3-14e1-4602-bff7-fe9845b9eeb2 HTTP/1.1" status: 200 len: 2415 time: 0.0402896
2026-05-09 06:30:00.210 9 INFO neutron.db.ovn_revision_numbers_db [None req-8f081817-ca8f-4311-99b8-e645db7e5c3e - - - - - -] Successfully bumped revision number for resource f8c99847-5a7d-4115-abda-57e440051241 (type: ports) to 1
2026-05-09 06:30:00.371 9 INFO neutron.wsgi [req-1d770d61-44ce-4589-87b5-f4f4e272d017 req-8a5ad0dd-873c-4ccf-bcc8-c891d9030df4 bdf702dc752d49e493359f5ac450cf03 d4823efb51394f019b3e2fb0249dedd7 - - default default] 10.0.0.153 "GET /v2.0/ports?device_id=17d514d4-9f67-4e64-9211-a14db414f775 HTTP/1.1" status: 200 len: 210 time: 0.0235710
2026-05-09 06:30:00.452 9 INFO neutron.wsgi [None req-b94a4330-e303-41db-8f04-84f025bab11e 608526c26979425288f8df944ba99065 8eb27c2ceb1349b899426c6880ec78c5 - - - -] 10.0.0.153 "DELETE /v2.0/security-groups/509ed9a3-14e1-4602-bff7-fe9845b9eeb2 HTTP/1.1" status: 204 len: 173 time: 0.2387598
2026-05-09 06:30:00.885 9 INFO neutron.db.ovn_revision_numbers_db [None req-8f081817-ca8f-4311-99b8-e645db7e5c3e - - - - - -] Successfully bumped revision number for resource f8c99847-5a7d-4115-abda-57e440051241 (type: router_ports) to 3
2026-05-09 06:30:00.971 9 INFO neutron.db.ovn_revision_numbers_db [None req-c9900568-93a4-4c36-ad78-b998d9251c29 590c70a3c4644424baad435d0447ce78 38c5fa48daa54b17b963e3891762a0af - - - -] Successfully bumped revision number for resource 0603e73f-b2aa-4446-8ff8-9c9777825ede (type: security_groups) to 1
2026-05-09 06:30:01.007 9 INFO neutron.wsgi [None req-c9900568-93a4-4c36-ad78-b998d9251c29 590c70a3c4644424baad435d0447ce78 38c5fa48daa54b17b963e3891762a0af - - - -] 10.0.0.153 "POST /v2.0/security-groups HTTP/1.1" status: 201 len: 1823 time: 0.3239219
2026-05-09 06:30:01.118 9 INFO neutron.db.ovn_revision_numbers_db [None req-8f081817-ca8f-4311-99b8-e645db7e5c3e - - - - - -] Successfully bumped revision number for resource f8c99847-5a7d-4115-abda-57e440051241 (type: ports) to 2
2026-05-09 06:30:01.427 10 INFO neutron.wsgi [req-dba25a85-ad2b-4066-a121-43e6877f734f req-04020045-9c80-4c3a-a7f8-2a96581a04ff bdf702dc752d49e493359f5ac450cf03 d4823efb51394f019b3e2fb0249dedd7 - - default default] 199.204.45.216 "GET /v2.0/networks?id=4774bbc5-ec20-4489-b6e8-b6ef71e83377 HTTP/1.1" status: 200 len: 874 time: 0.3731391
2026-05-09 06:30:01.501 9 INFO neutron.wsgi [req-113fd7f9-7bc2-4368-bc00-d40336348816 req-1683c6e0-668e-4748-88ce-cd5d58bddb19 bdf702dc752d49e493359f5ac450cf03 d4823efb51394f019b3e2fb0249dedd7 - - default default] 10.0.0.153 "GET /v2.0/ports?device_id=17d514d4-9f67-4e64-9211-a14db414f775 HTTP/1.1" status: 200 len: 210 time: 0.0433378
2026-05-09 06:30:01.526 10 INFO neutron.wsgi [req-dba25a85-ad2b-4066-a121-43e6877f734f req-d842c125-7153-45b0-9b1e-6ee0397aaa7f bdf702dc752d49e493359f5ac450cf03 d4823efb51394f019b3e2fb0249dedd7 - - default default] 199.204.45.216 "GET /v2.0/security-groups?fields=id&fields=name&tenant_id=d4823efb51394f019b3e2fb0249dedd7 HTTP/1.1" status: 200 len: 379 time: 0.0745342
2026-05-09 06:30:01.558 9 INFO neutron.db.ovn_revision_numbers_db [None req-171aff20-c305-44c9-a73d-cc01c2f8f7f5 590c70a3c4644424baad435d0447ce78 38c5fa48daa54b17b963e3891762a0af - - - -] Successfully bumped revision number for resource 3840fbeb-5d24-43db-9941-ffb5a787241b (type: security_groups) to 1
2026-05-09 06:30:01.601 9 INFO neutron.wsgi [None req-171aff20-c305-44c9-a73d-cc01c2f8f7f5 590c70a3c4644424baad435d0447ce78 38c5fa48daa54b17b963e3891762a0af - - - -] 10.0.0.153 "POST /v2.0/security-groups HTTP/1.1" status: 201 len: 1822 time: 0.5683753
2026-05-09 06:30:01.792 9 INFO neutron.db.ovn_revision_numbers_db [None req-8f081817-ca8f-4311-99b8-e645db7e5c3e - - - - - -] Successfully bumped revision number for resource f8c99847-5a7d-4115-abda-57e440051241 (type: ports) to 4
2026-05-09 06:30:02.050 9 INFO neutron.db.ovn_revision_numbers_db [None req-aff6b8c1-b150-4b6a-aa9f-aac659d42494 590c70a3c4644424baad435d0447ce78 38c5fa48daa54b17b963e3891762a0af - - - -] Successfully bumped revision number for resource d15f9333-75d4-4287-ba21-0f09adcb3536 (type: security_groups) to 1
2026-05-09 06:30:02.105 10 WARNING neutron.scheduler.dhcp_agent_scheduler [None req-280a5837-3833-4614-8d62-e0ac65fd7616 bdf702dc752d49e493359f5ac450cf03 d4823efb51394f019b3e2fb0249dedd7 - - - -] No more DHCP agents
2026-05-09 06:30:02.107 10 WARNING neutron.api.rpc.agentnotifiers.dhcp_rpc_agent_api [None req-280a5837-3833-4614-8d62-e0ac65fd7616 bdf702dc752d49e493359f5ac450cf03 d4823efb51394f019b3e2fb0249dedd7 - - - -] Unable to schedule network 4774bbc5-ec20-4489-b6e8-b6ef71e83377: no agents available; will retry on subsequent port and subnet creation events.
2026-05-09 06:30:02.114 9 INFO neutron.wsgi [None req-aff6b8c1-b150-4b6a-aa9f-aac659d42494 590c70a3c4644424baad435d0447ce78 38c5fa48daa54b17b963e3891762a0af - - - -] 10.0.0.153 "POST /v2.0/security-groups HTTP/1.1" status: 201 len: 1823 time: 0.4856172
2026-05-09 06:30:02.239 9 INFO neutron.db.ovn_revision_numbers_db [None req-8f081817-ca8f-4311-99b8-e645db7e5c3e - - - - - -] Successfully bumped revision number for resource f8c99847-5a7d-4115-abda-57e440051241 (type: router_ports) to 4
2026-05-09 06:30:02.258 10 INFO neutron.db.ovn_revision_numbers_db [None req-280a5837-3833-4614-8d62-e0ac65fd7616 bdf702dc752d49e493359f5ac450cf03 d4823efb51394f019b3e2fb0249dedd7 - - - -] Successfully bumped revision number for resource 47c8a0a2-b847-458d-a165-891afedabfbb (type: ports) to 1
2026-05-09 06:30:02.261 9 INFO neutron.wsgi [req-7425c93b-63a5-453d-9281-6a601885eb2d req-8d53720e-89d8-4d8d-8794-17aa3eceaeaf 590c70a3c4644424baad435d0447ce78 38c5fa48daa54b17b963e3891762a0af - - default default] 10.0.0.153 "GET /v2.0/security-groups?tenant_id=38c5fa48daa54b17b963e3891762a0af HTTP/1.1" status: 200 len: 7796 time: 0.1135740
2026-05-09 06:30:02.302 10 INFO neutron.wsgi [None req-280a5837-3833-4614-8d62-e0ac65fd7616 bdf702dc752d49e493359f5ac450cf03 d4823efb51394f019b3e2fb0249dedd7 - - - -] 199.204.45.216 "POST /v2.0/ports HTTP/1.1" status: 201 len: 1162 time: 0.7711213 /var/lib/openstack/lib/python3.10/site-packages/pycadf/identifier.py:71: UserWarning: Invalid uuid: neutron. To ensure interoperability, identifiers should be a valid uuid. warnings.warn(('Invalid uuid: %s. To ensure interoperability, '
2026-05-09 06:30:02.323 10 INFO neutron.wsgi [req-dba25a85-ad2b-4066-a121-43e6877f734f req-92c077b1-f20b-4098-bbae-de7c22896fdf bdf702dc752d49e493359f5ac450cf03 d4823efb51394f019b3e2fb0249dedd7 - - default default] 199.204.45.216 "GET /v2.0/extensions HTTP/1.1" status: 200 len: 16525 time: 0.0089996
2026-05-09 06:30:02.331 9 INFO neutron.wsgi [req-7425c93b-63a5-453d-9281-6a601885eb2d req-511635a4-377c-464e-99f4-6cf2ed80c524 590c70a3c4644424baad435d0447ce78 38c5fa48daa54b17b963e3891762a0af - - default default] 10.0.0.153 "GET /v2.0/security-groups/73642d6d-8252-4219-bc01-6a8f251c62a5 HTTP/1.1" status: 200 len: 2994 time: 0.0624542
2026-05-09 06:30:02.514 9 INFO neutron.wsgi [req-7425c93b-63a5-453d-9281-6a601885eb2d req-26a61f25-7126-4d0e-ae1b-989624fa2b50 590c70a3c4644424baad435d0447ce78 38c5fa48daa54b17b963e3891762a0af - - default default] 10.0.0.153 "GET /v2.0/security-groups/73642d6d-8252-4219-bc01-6a8f251c62a5 HTTP/1.1" status: 200 len: 2994 time: 0.1775200
2026-05-09 06:30:02.640 9 INFO neutron.wsgi [req-a3e25cf7-da66-4e4e-8838-c9217d81fb58 req-60be17bc-a9fb-4fde-8ebb-c3d4802b8dcb 590c70a3c4644424baad435d0447ce78 38c5fa48daa54b17b963e3891762a0af - - default default] 10.0.0.153 "GET /v2.0/security-groups/0603e73f-b2aa-4446-8ff8-9c9777825ede HTTP/1.1" status: 200 len: 1818 time: 0.0974307
2026-05-09 06:30:02.652 9 INFO neutron.wsgi [req-07733ee2-9c6e-4b17-a07b-bbe3e4e2c36b req-6364f53b-480a-4c83-9094-72b112ceb688 bdf702dc752d49e493359f5ac450cf03 d4823efb51394f019b3e2fb0249dedd7 - - default default] 10.0.0.153 "GET /v2.0/ports?device_id=17d514d4-9f67-4e64-9211-a14db414f775 HTTP/1.1" status: 200 len: 1160 time: 0.0528295
2026-05-09 06:30:02.726 9 INFO neutron.wsgi [req-07733ee2-9c6e-4b17-a07b-bbe3e4e2c36b req-f6c9c376-ce99-48b6-ba3f-11682cebf92c bdf702dc752d49e493359f5ac450cf03 d4823efb51394f019b3e2fb0249dedd7 - - default default] 10.0.0.153 "GET /v2.0/security-groups?id=f61aad69-ae06-4083-ae33-8baadd387638&fields=id&fields=name HTTP/1.1" status: 200 len: 312 time: 0.0648580
2026-05-09 06:30:02.912 9 INFO neutron.wsgi [None req-94a45497-2a4e-4056-8894-dea330654dae 590c70a3c4644424baad435d0447ce78 38c5fa48daa54b17b963e3891762a0af - - - -] 10.0.0.153 "DELETE /v2.0/security-groups/0603e73f-b2aa-4446-8ff8-9c9777825ede HTTP/1.1" status: 204 len: 173 time: 0.2591364
2026-05-09 06:30:02.948 9 INFO neutron.api.v2.resource [req-8c439e28-16aa-42e6-b0b2-e4047c760721 req-804175b3-688f-48b0-b00d-b34b9c2024cf 590c70a3c4644424baad435d0447ce78 38c5fa48daa54b17b963e3891762a0af - - default default] show failed (client error): The resource could not be found.
2026-05-09 06:30:02.949 9 INFO neutron.wsgi [req-8c439e28-16aa-42e6-b0b2-e4047c760721 req-804175b3-688f-48b0-b00d-b34b9c2024cf 590c70a3c4644424baad435d0447ce78 38c5fa48daa54b17b963e3891762a0af - - default default] 10.0.0.153 "GET /v2.0/security-groups/0603e73f-b2aa-4446-8ff8-9c9777825ede HTTP/1.1" status: 404 len: 352 time: 0.0183442
2026-05-09 06:30:02.998 9 INFO neutron.wsgi [req-23cdaac3-f811-451a-86c6-491e80772a6e req-8b59e267-334e-46cf-baa4-603b135ec0ba 590c70a3c4644424baad435d0447ce78 38c5fa48daa54b17b963e3891762a0af - - default default] 10.0.0.153 "GET /v2.0/security-groups/3840fbeb-5d24-43db-9941-ffb5a787241b HTTP/1.1" status: 200 len: 1817 time: 0.0291495
2026-05-09 06:30:03.777 9 INFO neutron.wsgi [None req-a6cbb290-35b7-467a-9717-d778bd0134e9 6545f5c60cb24806b538ca03a36c49d6 273570b6816242ba9a7165f2066f5d03 - - - -] 10.0.0.2 "PUT /v2.0/routers/0afa6e1f-716e-406d-85af-2dc38aac60ed/remove_router_interface HTTP/1.1" status: 200 len: 503 time: 3.2982273 /var/lib/openstack/lib/python3.10/site-packages/pycadf/identifier.py:71: UserWarning: Invalid uuid: neutron. To ensure interoperability, identifiers should be a valid uuid. warnings.warn(('Invalid uuid: %s. To ensure interoperability, '
2026-05-09 06:30:03.967 10 INFO neutron.db.ovn_revision_numbers_db [None req-42351dba-c373-4847-9294-55e66848214d 213b439b2ef749cba275d55974855653 2e02d35680164b7fba0d2fc3ee0573bf - - - -] Successfully bumped revision number for resource 47c8a0a2-b847-458d-a165-891afedabfbb (type: ports) to 2
2026-05-09 06:30:03.967 9 INFO neutron.wsgi [req-00925c81-9bb5-4def-bd00-3b57d941749e req-4bde1929-c032-4a6a-a376-5f71090c3e93 bdf702dc752d49e493359f5ac450cf03 d4823efb51394f019b3e2fb0249dedd7 - - default default] 10.0.0.153 "GET /v2.0/ports?device_id=17d514d4-9f67-4e64-9211-a14db414f775 HTTP/1.1" status: 200 len: 1172 time: 0.1514685
2026-05-09 06:30:03.982 9 INFO neutron.wsgi [None req-c6bfac59-40c5-4c1d-8919-e1293802fbcb 590c70a3c4644424baad435d0447ce78 38c5fa48daa54b17b963e3891762a0af - - - -] 10.0.0.153 "DELETE /v2.0/security-groups/3840fbeb-5d24-43db-9941-ffb5a787241b HTTP/1.1" status: 204 len: 173 time: 0.9773147
2026-05-09 06:30:04.034 9 INFO neutron.api.v2.resource [req-5beb80bf-fc7b-4f31-a4a0-8cfa58dd64ef req-38abb917-9e02-4d84-8f81-5de188812b04 590c70a3c4644424baad435d0447ce78 38c5fa48daa54b17b963e3891762a0af - - default default] show failed (client error): The resource could not be found.
2026-05-09 06:30:04.036 9 INFO neutron.wsgi [req-5beb80bf-fc7b-4f31-a4a0-8cfa58dd64ef req-38abb917-9e02-4d84-8f81-5de188812b04 590c70a3c4644424baad435d0447ce78 38c5fa48daa54b17b963e3891762a0af - - default default] 10.0.0.153 "GET /v2.0/security-groups/3840fbeb-5d24-43db-9941-ffb5a787241b HTTP/1.1" status: 404 len: 352 time: 0.0338621
2026-05-09 06:30:04.039 9 INFO neutron.wsgi [req-00925c81-9bb5-4def-bd00-3b57d941749e req-72ab6b6d-7cea-4102-9827-3ad776ab05a3 bdf702dc752d49e493359f5ac450cf03 d4823efb51394f019b3e2fb0249dedd7 - - default default] 10.0.0.153 "GET /v2.0/security-groups?id=f61aad69-ae06-4083-ae33-8baadd387638&fields=id&fields=name HTTP/1.1" status: 200 len: 312 time: 0.0626271
2026-05-09 06:30:04.051 10 WARNING neutron.plugins.ml2.drivers.ovn.mech_driver.ovsdb.ovn_client [None req-d2efd29f-2ac8-467e-a577-17eeb1615742 - - - - - -] No hosting information found for port cf3cd07a-eb17-47b8-b184-957e81a7d6e1: RuntimeError: No hosting information found for port cf3cd07a-eb17-47b8-b184-957e81a7d6e1
2026-05-09 06:30:04.051 10 INFO neutron.plugins.ml2.drivers.ovn.mech_driver.mech_driver [None req-d2efd29f-2ac8-467e-a577-17eeb1615742 - - - - - -] OVN reports status up for port: e7d3d343-370b-4030-ae29-2ebc3603d195
2026-05-09 06:30:04.060 10 INFO neutron.plugins.ml2.plugin [None req-d2efd29f-2ac8-467e-a577-17eeb1615742 - - - - - -] Attempt 1 to provision port e7d3d343-370b-4030-ae29-2ebc3603d195
2026-05-09 06:30:04.104 9 INFO neutron.wsgi [req-e39c0701-2d3d-497a-8842-902e8d03365d req-30fbe32d-9a7a-45d7-bb71-c65e658a415b 590c70a3c4644424baad435d0447ce78 38c5fa48daa54b17b963e3891762a0af - - default default] 10.0.0.153 "GET /v2.0/security-groups/d15f9333-75d4-4287-ba21-0f09adcb3536 HTTP/1.1" status: 200 len: 1818 time: 0.0397906
2026-05-09 06:30:04.246 10 INFO neutron.db.ovn_revision_numbers_db [None req-42351dba-c373-4847-9294-55e66848214d 213b439b2ef749cba275d55974855653 2e02d35680164b7fba0d2fc3ee0573bf - - - -] Successfully bumped revision number for resource 47c8a0a2-b847-458d-a165-891afedabfbb (type: ports) to 2
2026-05-09 06:30:04.290 10 INFO neutron.wsgi [None req-42351dba-c373-4847-9294-55e66848214d 213b439b2ef749cba275d55974855653 2e02d35680164b7fba0d2fc3ee0573bf - - - -] 199.204.45.216 "PUT /v2.0/ports/47c8a0a2-b847-458d-a165-891afedabfbb HTTP/1.1" status: 200 len: 1332 time: 1.6274228
2026-05-09 06:30:04.396 9 INFO neutron.wsgi [None req-d126a83b-9aab-4391-843f-a23f322a150c 590c70a3c4644424baad435d0447ce78 38c5fa48daa54b17b963e3891762a0af - - - -] 10.0.0.153 "DELETE /v2.0/security-groups/d15f9333-75d4-4287-ba21-0f09adcb3536 HTTP/1.1" status: 204 len: 173 time: 0.2844000
2026-05-09 06:30:04.449 10 INFO neutron.db.ovn_revision_numbers_db [None req-d2efd29f-2ac8-467e-a577-17eeb1615742 - - - - - -] Successfully bumped revision number for resource e7d3d343-370b-4030-ae29-2ebc3603d195 (type: ports) to 3
2026-05-09 06:30:04.458 9 INFO neutron.api.v2.resource [req-bfd12631-4af5-4bc6-990a-7aae19f35f03 req-af5d02cb-bf40-4951-8cff-b7ab5f1566ca 590c70a3c4644424baad435d0447ce78 38c5fa48daa54b17b963e3891762a0af - - default default] show failed (client error): The resource could not be found.
2026-05-09 06:30:04.460 9 INFO neutron.wsgi [req-bfd12631-4af5-4bc6-990a-7aae19f35f03 req-af5d02cb-bf40-4951-8cff-b7ab5f1566ca 590c70a3c4644424baad435d0447ce78 38c5fa48daa54b17b963e3891762a0af - - default default] 10.0.0.153 "GET /v2.0/security-groups/d15f9333-75d4-4287-ba21-0f09adcb3536 HTTP/1.1" status: 404 len: 352 time: 0.0335968 /var/lib/openstack/lib/python3.10/site-packages/pycadf/identifier.py:71: UserWarning: Invalid uuid: neutron. To ensure interoperability, identifiers should be a valid uuid. warnings.warn(('Invalid uuid: %s. To ensure interoperability, '
2026-05-09 06:30:04.522 9 INFO neutron.wsgi [req-6a7694b8-2364-4d83-ab35-7f6afdae0578 req-8dbc0d36-ab81-4400-a39f-95cf492a3feb 590c70a3c4644424baad435d0447ce78 38c5fa48daa54b17b963e3891762a0af - - default default] 10.0.0.153 "GET /v2.0/security-groups?tenant_id=38c5fa48daa54b17b963e3891762a0af HTTP/1.1" status: 200 len: 2997 time: 0.0326715
2026-05-09 06:30:04.627 9 INFO neutron.wsgi [req-6a7694b8-2364-4d83-ab35-7f6afdae0578 req-14e9bea2-adb2-4189-ac58-d52ccc085d2f 590c70a3c4644424baad435d0447ce78 38c5fa48daa54b17b963e3891762a0af - - default default] 10.0.0.153 "GET /v2.0/security-groups/73642d6d-8252-4219-bc01-6a8f251c62a5 HTTP/1.1" status: 200 len: 2994 time: 0.1006608
2026-05-09 06:30:04.649 9 INFO neutron.wsgi [None req-24a24493-ba00-4b8c-93ab-51fc26599821 6545f5c60cb24806b538ca03a36c49d6 273570b6816242ba9a7165f2066f5d03 - - - -] 10.0.0.2 "DELETE /v2.0/routers/0afa6e1f-716e-406d-85af-2dc38aac60ed HTTP/1.1" status: 204 len: 168 time: 0.8606696
2026-05-09 06:30:04.687 10 INFO neutron.wsgi [req-dba25a85-ad2b-4066-a121-43e6877f734f req-43a49a5b-56ed-4145-af93-53854b8f0398 213b439b2ef749cba275d55974855653 2e02d35680164b7fba0d2fc3ee0573bf - - 281444ac8cb649fdaab116564d0e72d0 281444ac8cb649fdaab116564d0e72d0] 199.204.45.216 "GET /v2.0/ports?tenant_id=d4823efb51394f019b3e2fb0249dedd7&device_id=17d514d4-9f67-4e64-9211-a14db414f775 HTTP/1.1" status: 200 len: 1363 time: 0.2051973
2026-05-09 06:30:04.690 9 INFO neutron.wsgi [req-6a7694b8-2364-4d83-ab35-7f6afdae0578 req-248f4447-7325-4766-8810-16126f7fa26e 590c70a3c4644424baad435d0447ce78 38c5fa48daa54b17b963e3891762a0af - - default default] 10.0.0.153 "GET /v2.0/security-groups/73642d6d-8252-4219-bc01-6a8f251c62a5 HTTP/1.1" status: 200 len: 2994 time: 0.0513489
2026-05-09 06:30:04.735 9 INFO neutron.api.v2.resource [req-50e886c8-3259-43ed-b0de-78d02dc0e2d1 req-76ccbdad-c099-4181-8a07-bc144b08bf24 590c70a3c4644424baad435d0447ce78 38c5fa48daa54b17b963e3891762a0af - - default default] show failed (client error): The resource could not be found.
2026-05-09 06:30:04.737 9 INFO neutron.wsgi [req-50e886c8-3259-43ed-b0de-78d02dc0e2d1 req-76ccbdad-c099-4181-8a07-bc144b08bf24 590c70a3c4644424baad435d0447ce78 38c5fa48daa54b17b963e3891762a0af - - default default] 10.0.0.153 "GET /v2.0/security-groups/d15f9333-75d4-4287-ba21-0f09adcb3536 HTTP/1.1" status: 404 len: 352 time: 0.0154419
2026-05-09 06:30:04.739 10 INFO neutron.wsgi [req-dba25a85-ad2b-4066-a121-43e6877f734f req-4f3f7bd8-96cf-4c34-b591-0959c55e4c32 213b439b2ef749cba275d55974855653 2e02d35680164b7fba0d2fc3ee0573bf - - 281444ac8cb649fdaab116564d0e72d0 281444ac8cb649fdaab116564d0e72d0] 199.204.45.216 "GET /v2.0/floatingips?fixed_ip_address=10.100.0.10&port_id=47c8a0a2-b847-458d-a165-891afedabfbb HTTP/1.1" status: 200 len: 217 time: 0.0387919
2026-05-09 06:30:04.784 10 INFO neutron.notifiers.nova [-] Nova event matching ['req-cf422590-4743-4b5e-bcb7-71424cfe431c'] response: {'name': 'network-changed', 'server_uuid': '17d514d4-9f67-4e64-9211-a14db414f775', 'tag': '47c8a0a2-b847-458d-a165-891afedabfbb', 'status': 'completed', 'code': 200}
2026-05-09 06:30:04.786 10 INFO neutron.db.ovn_revision_numbers_db [None req-d2efd29f-2ac8-467e-a577-17eeb1615742 - - - - - -] Successfully bumped revision number for resource e7d3d343-370b-4030-ae29-2ebc3603d195 (type: router_ports) to 3
2026-05-09 06:30:04.792 10 INFO neutron.wsgi [req-dba25a85-ad2b-4066-a121-43e6877f734f req-ddb317af-c40f-4c66-88e9-a2afd421c16a 213b439b2ef749cba275d55974855653 2e02d35680164b7fba0d2fc3ee0573bf - - 281444ac8cb649fdaab116564d0e72d0 281444ac8cb649fdaab116564d0e72d0] 199.204.45.216 "GET /v2.0/subnets?id=88fbab97-3bac-40c2-8c23-353142e6d275 HTTP/1.1" status: 200 len: 868 time: 0.0412903
2026-05-09 06:30:04.793 9 INFO neutron.api.v2.resource [req-597dd689-15e4-413d-83b9-e3dbbbc18d57 req-cf91fce7-a6a2-4ed9-8311-f173d1d1f2fa 590c70a3c4644424baad435d0447ce78 38c5fa48daa54b17b963e3891762a0af - - default default] show failed (client error): The resource could not be found.
2026-05-09 06:30:04.795 9 INFO neutron.wsgi [req-597dd689-15e4-413d-83b9-e3dbbbc18d57 req-cf91fce7-a6a2-4ed9-8311-f173d1d1f2fa 590c70a3c4644424baad435d0447ce78 38c5fa48daa54b17b963e3891762a0af - - default default] 10.0.0.153 "GET /v2.0/security-groups/3840fbeb-5d24-43db-9941-ffb5a787241b HTTP/1.1" status: 404 len: 352 time: 0.0332973
2026-05-09 06:30:04.836 10 INFO neutron.wsgi [req-dba25a85-ad2b-4066-a121-43e6877f734f req-3aa00278-5978-43c3-b209-c7e16f3f1ec7 213b439b2ef749cba275d55974855653 2e02d35680164b7fba0d2fc3ee0573bf - - 281444ac8cb649fdaab116564d0e72d0 281444ac8cb649fdaab116564d0e72d0] 199.204.45.216 "GET /v2.0/ports?network_id=4774bbc5-ec20-4489-b6e8-b6ef71e83377&device_owner=network%3Adhcp HTTP/1.1" status: 200 len: 210 time: 0.0368464
2026-05-09 06:30:04.909 10 INFO neutron.wsgi [req-dba25a85-ad2b-4066-a121-43e6877f734f req-304627eb-9a9d-43e5-8f31-69885d6a2778 213b439b2ef749cba275d55974855653 2e02d35680164b7fba0d2fc3ee0573bf - - 281444ac8cb649fdaab116564d0e72d0 281444ac8cb649fdaab116564d0e72d0] 199.204.45.216 "GET /v2.0/networks/4774bbc5-ec20-4489-b6e8-b6ef71e83377?fields=segments HTTP/1.1" status: 200 len: 212 time: 0.0567751
2026-05-09 06:30:04.979 10 INFO neutron.wsgi [req-dba25a85-ad2b-4066-a121-43e6877f734f req-bce5acdd-d560-4c10-a45e-a712c1823f9e 213b439b2ef749cba275d55974855653 2e02d35680164b7fba0d2fc3ee0573bf - - 281444ac8cb649fdaab116564d0e72d0 281444ac8cb649fdaab116564d0e72d0] 199.204.45.216 "GET /v2.0/networks/4774bbc5-ec20-4489-b6e8-b6ef71e83377?fields=provider%3Aphysical_network&fields=provider%3Anetwork_type HTTP/1.1" status: 200 len: 277 time: 0.0616827
2026-05-09 06:30:05.093 9 INFO neutron.api.v2.resource [req-7c61d5b2-c474-4732-9a35-d6fda1efe8e5 req-803007c2-e066-4a2f-99ee-73ac41e8c546 590c70a3c4644424baad435d0447ce78 38c5fa48daa54b17b963e3891762a0af - - default default] show failed (client error): The resource could not be found.
2026-05-09 06:30:05.094 9 INFO neutron.wsgi [req-7c61d5b2-c474-4732-9a35-d6fda1efe8e5 req-803007c2-e066-4a2f-99ee-73ac41e8c546 590c70a3c4644424baad435d0447ce78 38c5fa48daa54b17b963e3891762a0af - - default default] 10.0.0.153 "GET /v2.0/security-groups/0603e73f-b2aa-4446-8ff8-9c9777825ede HTTP/1.1" status: 404 len: 352 time: 0.0138500
2026-05-09 06:30:05.165 10 INFO neutron.wsgi [req-84f7257a-74e2-44a9-b170-7865bd23857e req-96542b4e-4e88-4647-8fd4-f6f9a30bda8a 213b439b2ef749cba275d55974855653 2e02d35680164b7fba0d2fc3ee0573bf - - 281444ac8cb649fdaab116564d0e72d0 281444ac8cb649fdaab116564d0e72d0] 199.204.45.216 "GET /v2.0/ports?tenant_id=d4823efb51394f019b3e2fb0249dedd7&device_id=17d514d4-9f67-4e64-9211-a14db414f775 HTTP/1.1" status: 200 len: 1363 time: 0.0450027
2026-05-09 06:30:05.243 10 INFO neutron.wsgi [req-84f7257a-74e2-44a9-b170-7865bd23857e req-d12f4e2e-3bb0-4e5d-bb5a-08971b032c2f 213b439b2ef749cba275d55974855653 2e02d35680164b7fba0d2fc3ee0573bf - - 281444ac8cb649fdaab116564d0e72d0 281444ac8cb649fdaab116564d0e72d0] 199.204.45.216 "GET /v2.0/networks?id=4774bbc5-ec20-4489-b6e8-b6ef71e83377 HTTP/1.1" status: 200 len: 973 time: 0.0709276
2026-05-09 06:30:05.252 9 INFO neutron.wsgi [req-a17b44ae-d51e-4df3-9dc8-4410d8192794 req-f6672f16-bd71-45fa-b143-5092309764bd bdf702dc752d49e493359f5ac450cf03 d4823efb51394f019b3e2fb0249dedd7 - - default default] 10.0.0.153 "GET /v2.0/ports?device_id=17d514d4-9f67-4e64-9211-a14db414f775 HTTP/1.1" status: 200 len: 1172 time: 0.0349331
2026-05-09 06:30:05.276 10 INFO neutron.wsgi [req-84f7257a-74e2-44a9-b170-7865bd23857e req-8d9f14c7-bc86-4f54-a544-ff22ad8590ea 213b439b2ef749cba275d55974855653 2e02d35680164b7fba0d2fc3ee0573bf - - 281444ac8cb649fdaab116564d0e72d0 281444ac8cb649fdaab116564d0e72d0] 199.204.45.216 "GET /v2.0/floatingips?fixed_ip_address=10.100.0.10&port_id=47c8a0a2-b847-458d-a165-891afedabfbb HTTP/1.1" status: 200 len: 217 time: 0.0253556
