2026-05-09 06:34:18.609 10 INFO neutron.wsgi [req-01348c2c-d9de-4517-b0bc-d1fc55dea41c req-79095432-bb75-46e7-b3e2-717d76f91dc2 213b439b2ef749cba275d55974855653 2e02d35680164b7fba0d2fc3ee0573bf - - 281444ac8cb649fdaab116564d0e72d0 281444ac8cb649fdaab116564d0e72d0] 199.204.45.216 "GET /v2.0/floatingips?fixed_ip_address=fd7b%3Af9f7%3Afff%3A4eca%3A%3A118&port_id=7e664d63-d052-4e76-aeaf-cd5fc5c208bf HTTP/1.1" status: 200 len: 217 time: 0.0287933
2026-05-09 06:34:18.655 10 INFO neutron.wsgi [req-01348c2c-d9de-4517-b0bc-d1fc55dea41c req-7c574f35-af0d-4c80-8008-03f87fa6385d 213b439b2ef749cba275d55974855653 2e02d35680164b7fba0d2fc3ee0573bf - - 281444ac8cb649fdaab116564d0e72d0 281444ac8cb649fdaab116564d0e72d0] 199.204.45.216 "GET /v2.0/subnets?id=237ad628-89de-48d9-9cf2-2ab00a63e382&id=52f54eee-f35f-4f06-97b8-a5ed34ee7fec HTTP/1.1" status: 200 len: 1563 time: 0.0388205
2026-05-09 06:34:18.693 10 INFO neutron.wsgi [req-01348c2c-d9de-4517-b0bc-d1fc55dea41c req-ad362e72-ff09-4f5d-8ee1-3cbb9ef2f30e 213b439b2ef749cba275d55974855653 2e02d35680164b7fba0d2fc3ee0573bf - - 281444ac8cb649fdaab116564d0e72d0 281444ac8cb649fdaab116564d0e72d0] 199.204.45.216 "GET /v2.0/ports?network_id=ac496bb7-6609-4372-95f2-2ff6b8d75cfc&device_owner=network%3Adhcp HTTP/1.1" status: 200 len: 210 time: 0.0324135
2026-05-09 06:34:18.724 10 INFO neutron.wsgi [req-01348c2c-d9de-4517-b0bc-d1fc55dea41c req-847cf52a-b2ba-4161-8c70-edda7a0c849f 213b439b2ef749cba275d55974855653 2e02d35680164b7fba0d2fc3ee0573bf - - 281444ac8cb649fdaab116564d0e72d0 281444ac8cb649fdaab116564d0e72d0] 199.204.45.216 "GET /v2.0/ports?network_id=ac496bb7-6609-4372-95f2-2ff6b8d75cfc&device_owner=network%3Adhcp HTTP/1.1" status: 200 len: 210 time: 0.0237746 /var/lib/openstack/lib/python3.10/site-packages/pycadf/identifier.py:71: UserWarning: Invalid uuid: neutron. To ensure interoperability, identifiers should be a valid uuid. warnings.warn(('Invalid uuid: %s. To ensure interoperability, '
2026-05-09 06:34:18.787 10 INFO neutron.wsgi [req-01348c2c-d9de-4517-b0bc-d1fc55dea41c req-62c84239-7646-4ab0-a258-9b20daee6508 213b439b2ef749cba275d55974855653 2e02d35680164b7fba0d2fc3ee0573bf - - 281444ac8cb649fdaab116564d0e72d0 281444ac8cb649fdaab116564d0e72d0] 199.204.45.216 "GET /v2.0/networks/ac496bb7-6609-4372-95f2-2ff6b8d75cfc?fields=segments HTTP/1.1" status: 200 len: 212 time: 0.0565810
2026-05-09 06:34:18.793 9 INFO neutron.wsgi [req-d1bca9a7-5f5b-4f3d-ae1b-bfef9520e36a req-052b4247-d097-4e3a-a5c5-83d57b50f65f 2254239456034da690c49466b8465146 e9deac30e19b4abf88923c3509cf5b4a - - default default] 10.0.0.153 "GET /v2.0/ports?device_id=f7098502-e5bb-4ac8-a0fe-04ba0c979948 HTTP/1.1" status: 200 len: 1174 time: 0.0564778
2026-05-09 06:34:18.844 9 INFO neutron.wsgi [req-d1bca9a7-5f5b-4f3d-ae1b-bfef9520e36a req-485bfd95-a1c4-4080-8bb3-db970a14fc1a 2254239456034da690c49466b8465146 e9deac30e19b4abf88923c3509cf5b4a - - default default] 10.0.0.153 "GET /v2.0/security-groups?id=28d4279a-6269-4ba8-b4e3-a7559c5d6112&fields=id&fields=name HTTP/1.1" status: 200 len: 313 time: 0.0431743
2026-05-09 06:34:18.858 10 INFO neutron.wsgi [req-01348c2c-d9de-4517-b0bc-d1fc55dea41c req-f247f9fc-1d8e-472e-916b-2d242adbcbc1 213b439b2ef749cba275d55974855653 2e02d35680164b7fba0d2fc3ee0573bf - - 281444ac8cb649fdaab116564d0e72d0 281444ac8cb649fdaab116564d0e72d0] 199.204.45.216 "GET /v2.0/networks/ac496bb7-6609-4372-95f2-2ff6b8d75cfc?fields=provider%3Aphysical_network&fields=provider%3Anetwork_type HTTP/1.1" status: 200 len: 277 time: 0.0596664
2026-05-09 06:34:18.932 10 INFO neutron.wsgi [req-0d6268eb-ac41-461d-98f0-73d1bd7b3526 req-0c7beba8-44c5-4686-8d51-aff0cf6e1e85 213b439b2ef749cba275d55974855653 2e02d35680164b7fba0d2fc3ee0573bf - - 281444ac8cb649fdaab116564d0e72d0 281444ac8cb649fdaab116564d0e72d0] 199.204.45.216 "GET /v2.0/ports?tenant_id=c5fe6345603f4b2490053efc31891f0d&device_id=03ba5634-17aa-4718-b5cb-f80a6b8d37be HTTP/1.1" status: 200 len: 1588 time: 0.0328462
2026-05-09 06:34:19.358 10 INFO neutron.wsgi [req-0d6268eb-ac41-461d-98f0-73d1bd7b3526 req-6030b3d9-071e-48cb-b375-2b0be850ed78 213b439b2ef749cba275d55974855653 2e02d35680164b7fba0d2fc3ee0573bf - - 281444ac8cb649fdaab116564d0e72d0 281444ac8cb649fdaab116564d0e72d0] 199.204.45.216 "GET /v2.0/networks?id=ac496bb7-6609-4372-95f2-2ff6b8d75cfc HTTP/1.1" status: 200 len: 1002 time: 0.4207199
2026-05-09 06:34:19.389 10 INFO neutron.wsgi [req-0d6268eb-ac41-461d-98f0-73d1bd7b3526 req-7adc5ba7-26b3-4768-a150-3c3d04ef1d8c 213b439b2ef749cba275d55974855653 2e02d35680164b7fba0d2fc3ee0573bf - - 281444ac8cb649fdaab116564d0e72d0 281444ac8cb649fdaab116564d0e72d0] 199.204.45.216 "GET /v2.0/floatingips?fixed_ip_address=10.2.1.116&port_id=7e664d63-d052-4e76-aeaf-cd5fc5c208bf HTTP/1.1" status: 200 len: 217 time: 0.0244472
2026-05-09 06:34:19.420 10 INFO neutron.wsgi [req-0d6268eb-ac41-461d-98f0-73d1bd7b3526 req-a1b2b3bf-e6de-4e79-bb98-eb57746f2129 213b439b2ef749cba275d55974855653 2e02d35680164b7fba0d2fc3ee0573bf - - 281444ac8cb649fdaab116564d0e72d0 281444ac8cb649fdaab116564d0e72d0] 199.204.45.216 "GET /v2.0/floatingips?fixed_ip_address=fd7b%3Af9f7%3Afff%3A4eca%3A%3A118&port_id=7e664d63-d052-4e76-aeaf-cd5fc5c208bf HTTP/1.1" status: 200 len: 217 time: 0.0236840
2026-05-09 06:34:19.439 9 INFO neutron.notifiers.nova [-] Nova event matching ['req-347d57c2-aa6c-4570-87fb-a6c86777252c'] response: {'server_uuid': 'f7098502-e5bb-4ac8-a0fe-04ba0c979948', 'name': 'network-vif-plugged', 'status': 'completed', 'tag': 'ef4b64ef-29e6-461b-a1f2-c287f0903ea3', 'code': 200}
2026-05-09 06:34:19.440 9 INFO neutron.notifiers.nova [-] Nova event matching ['req-347d57c2-aa6c-4570-87fb-a6c86777252c'] response: {'server_uuid': 'f7098502-e5bb-4ac8-a0fe-04ba0c979948', 'name': 'network-vif-plugged', 'status': 'completed', 'tag': 'ef4b64ef-29e6-461b-a1f2-c287f0903ea3', 'code': 200}
2026-05-09 06:34:19.469 10 INFO neutron.wsgi [req-0d6268eb-ac41-461d-98f0-73d1bd7b3526 req-245d1fdc-8a0a-4d95-ad35-b733bc13f3ef 213b439b2ef749cba275d55974855653 2e02d35680164b7fba0d2fc3ee0573bf - - 281444ac8cb649fdaab116564d0e72d0 281444ac8cb649fdaab116564d0e72d0] 199.204.45.216 "GET /v2.0/subnets?id=237ad628-89de-48d9-9cf2-2ab00a63e382&id=52f54eee-f35f-4f06-97b8-a5ed34ee7fec HTTP/1.1" status: 200 len: 1563 time: 0.0421140
2026-05-09 06:34:19.511 10 INFO neutron.wsgi [req-0d6268eb-ac41-461d-98f0-73d1bd7b3526 req-e45bc9c8-c608-4230-903c-03a5ffd6d3d5 213b439b2ef749cba275d55974855653 2e02d35680164b7fba0d2fc3ee0573bf - - 281444ac8cb649fdaab116564d0e72d0 281444ac8cb649fdaab116564d0e72d0] 199.204.45.216 "GET /v2.0/ports?network_id=ac496bb7-6609-4372-95f2-2ff6b8d75cfc&device_owner=network%3Adhcp HTTP/1.1" status: 200 len: 210 time: 0.0243104
2026-05-09 06:34:19.544 10 INFO neutron.wsgi [req-0d6268eb-ac41-461d-98f0-73d1bd7b3526 req-9bd81811-e927-4271-a752-af56d6c9a3f2 213b439b2ef749cba275d55974855653 2e02d35680164b7fba0d2fc3ee0573bf - - 281444ac8cb649fdaab116564d0e72d0 281444ac8cb649fdaab116564d0e72d0] 199.204.45.216 "GET /v2.0/ports?network_id=ac496bb7-6609-4372-95f2-2ff6b8d75cfc&device_owner=network%3Adhcp HTTP/1.1" status: 200 len: 210 time: 0.0269432
2026-05-09 06:34:19.639 10 INFO neutron.wsgi [req-0d6268eb-ac41-461d-98f0-73d1bd7b3526 req-90086f00-1692-486a-8b69-3aa0d4ca8859 213b439b2ef749cba275d55974855653 2e02d35680164b7fba0d2fc3ee0573bf - - 281444ac8cb649fdaab116564d0e72d0 281444ac8cb649fdaab116564d0e72d0] 199.204.45.216 "GET /v2.0/networks/ac496bb7-6609-4372-95f2-2ff6b8d75cfc?fields=segments HTTP/1.1" status: 200 len: 212 time: 0.0873983
2026-05-09 06:34:19.710 10 INFO neutron.wsgi [req-0d6268eb-ac41-461d-98f0-73d1bd7b3526 req-a19b4491-d222-4339-904b-4cd6909e06b5 213b439b2ef749cba275d55974855653 2e02d35680164b7fba0d2fc3ee0573bf - - 281444ac8cb649fdaab116564d0e72d0 281444ac8cb649fdaab116564d0e72d0] 199.204.45.216 "GET /v2.0/networks/ac496bb7-6609-4372-95f2-2ff6b8d75cfc?fields=provider%3Aphysical_network&fields=provider%3Anetwork_type HTTP/1.1" status: 200 len: 277 time: 0.0624397
2026-05-09 06:34:19.955 9 INFO neutron.wsgi [req-42f5e5f0-02d0-4c4a-b656-ecc076cea5d0 req-1d31e952-0764-4f0e-9604-3e77dffd5ae2 2254239456034da690c49466b8465146 e9deac30e19b4abf88923c3509cf5b4a - - default default] 10.0.0.153 "GET /v2.0/ports?device_id=f7098502-e5bb-4ac8-a0fe-04ba0c979948 HTTP/1.1" status: 200 len: 1174 time: 0.0485823
2026-05-09 06:34:19.999 9 INFO neutron.wsgi [req-42f5e5f0-02d0-4c4a-b656-ecc076cea5d0 req-f2ebbb99-d504-42d3-b603-cbfbd465c6de 2254239456034da690c49466b8465146 e9deac30e19b4abf88923c3509cf5b4a - - default default] 10.0.0.153 "GET /v2.0/security-groups?id=28d4279a-6269-4ba8-b4e3-a7559c5d6112&fields=id&fields=name HTTP/1.1" status: 200 len: 313 time: 0.0357690
2026-05-09 06:34:20.157 9 INFO neutron.wsgi [req-d5c6e6a3-8297-4287-9696-bea7065b9989 req-6b120353-3671-4041-9e5a-f2520fc33bac 2254239456034da690c49466b8465146 e9deac30e19b4abf88923c3509cf5b4a - - default default] 10.0.0.153 "GET /v2.0/ports?device_id=f7098502-e5bb-4ac8-a0fe-04ba0c979948 HTTP/1.1" status: 200 len: 1174 time: 0.0947978
2026-05-09 06:34:20.197 9 INFO neutron.wsgi [req-d5c6e6a3-8297-4287-9696-bea7065b9989 req-2aa1ea78-5321-47d3-a021-77b497cd73cf 2254239456034da690c49466b8465146 e9deac30e19b4abf88923c3509cf5b4a - - default default] 10.0.0.153 "GET /v2.0/security-groups?id=28d4279a-6269-4ba8-b4e3-a7559c5d6112&fields=id&fields=name HTTP/1.1" status: 200 len: 313 time: 0.0327156
2026-05-09 06:34:20.257 9 INFO neutron.wsgi [None req-28d94fc9-70fe-4496-a879-dcbff224abd5 b2d873c028ee475f941e14d1ef3d4e67 5b748c6fad3847f390148360cb73a819 - - default default] 10.0.0.2 "GET /v2.0/ports?device_id=f7098502-e5bb-4ac8-a0fe-04ba0c979948 HTTP/1.1" status: 200 len: 1360 time: 0.0337691
2026-05-09 06:34:20.547 9 INFO neutron.db.l3_db [None req-eb699d51-c24e-4917-8fe4-da375be4c777 2254239456034da690c49466b8465146 e9deac30e19b4abf88923c3509cf5b4a - - - -] Floating IP 0a69a0fc-0c4a-4b07-9152-7e085a8b82a2 associated. External IP: 10.96.250.217, port: ef4b64ef-29e6-461b-a1f2-c287f0903ea3.
2026-05-09 06:34:20.676 10 WARNING neutron.plugins.ml2.drivers.ovn.mech_driver.ovsdb.ovn_client [None req-d2efd29f-2ac8-467e-a577-17eeb1615742 - - - - - -] No hosting information found for port dbf3f2b8-bf01-46a5-a209-b468965999c7: RuntimeError: No hosting information found for port dbf3f2b8-bf01-46a5-a209-b468965999c7
2026-05-09 06:34:20.676 10 INFO neutron.plugins.ml2.drivers.ovn.mech_driver.mech_driver [None req-d2efd29f-2ac8-467e-a577-17eeb1615742 - - - - - -] OVN reports status up for port: 7e664d63-d052-4e76-aeaf-cd5fc5c208bf
2026-05-09 06:34:20.687 10 INFO neutron.plugins.ml2.plugin [None req-d2efd29f-2ac8-467e-a577-17eeb1615742 - - - - - -] Attempt 1 to provision port 7e664d63-d052-4e76-aeaf-cd5fc5c208bf
2026-05-09 06:34:20.789 10 INFO neutron.notifiers.nova [-] Nova event matching ['req-7ac5853e-34ef-40cd-9219-b05d4d3e01b4'] response: {'server_uuid': '03ba5634-17aa-4718-b5cb-f80a6b8d37be', 'name': 'network-vif-plugged', 'status': 'completed', 'tag': '7e664d63-d052-4e76-aeaf-cd5fc5c208bf', 'code': 200}
2026-05-09 06:34:20.937 10 INFO neutron.db.ovn_revision_numbers_db [None req-d2efd29f-2ac8-467e-a577-17eeb1615742 - - - - - -] Successfully bumped revision number for resource 7e664d63-d052-4e76-aeaf-cd5fc5c208bf (type: ports) to 4
2026-05-09 06:34:21.086 9 INFO neutron.db.ovn_revision_numbers_db [None req-eb699d51-c24e-4917-8fe4-da375be4c777 2254239456034da690c49466b8465146 e9deac30e19b4abf88923c3509cf5b4a - - - -] Successfully bumped revision number for resource 0a69a0fc-0c4a-4b07-9152-7e085a8b82a2 (type: floatingips) to 4
2026-05-09 06:34:21.182 9 INFO neutron.db.ovn_revision_numbers_db [None req-eb699d51-c24e-4917-8fe4-da375be4c777 2254239456034da690c49466b8465146 e9deac30e19b4abf88923c3509cf5b4a - - - -] Successfully bumped revision number for resource 0a69a0fc-0c4a-4b07-9152-7e085a8b82a2 (type: floatingips) to 5
2026-05-09 06:34:21.207 9 INFO neutron.wsgi [None req-eb699d51-c24e-4917-8fe4-da375be4c777 2254239456034da690c49466b8465146 e9deac30e19b4abf88923c3509cf5b4a - - - -] 10.0.0.2 "PUT /v2.0/floatingips/0a69a0fc-0c4a-4b07-9152-7e085a8b82a2 HTTP/1.1" status: 200 len: 1050 time: 0.9461308 /var/lib/openstack/lib/python3.10/site-packages/pycadf/identifier.py:71: UserWarning: Invalid uuid: neutron. To ensure interoperability, identifiers should be a valid uuid. warnings.warn(('Invalid uuid: %s. To ensure interoperability, '
2026-05-09 06:34:21.257 9 INFO neutron.wsgi [None req-2dbd4209-4e00-4f43-be03-d8990a523c01 2254239456034da690c49466b8465146 e9deac30e19b4abf88923c3509cf5b4a - - default default] 10.0.0.2 "GET /v2.0/floatingips/0a69a0fc-0c4a-4b07-9152-7e085a8b82a2 HTTP/1.1" status: 200 len: 1052 time: 0.0439296
2026-05-09 06:34:21.490 9 INFO neutron.notifiers.nova [-] Nova event matching ['req-5bca2183-1b73-4437-9bb2-8352b1db2c8c'] response: {'name': 'network-changed', 'server_uuid': 'f7098502-e5bb-4ac8-a0fe-04ba0c979948', 'tag': 'ef4b64ef-29e6-461b-a1f2-c287f0903ea3', 'status': 'completed', 'code': 200} /var/lib/openstack/lib/python3.10/site-packages/pycadf/identifier.py:71: UserWarning: Invalid uuid: neutron. To ensure interoperability, identifiers should be a valid uuid. warnings.warn(('Invalid uuid: %s. To ensure interoperability, '
2026-05-09 06:34:21.562 10 INFO neutron.wsgi [req-37e8dedb-d723-4e1a-b8c2-557d8ca8f0c6 req-5ea01a29-091d-4181-8e0e-1ee5f7d9e367 213b439b2ef749cba275d55974855653 2e02d35680164b7fba0d2fc3ee0573bf - - 281444ac8cb649fdaab116564d0e72d0 281444ac8cb649fdaab116564d0e72d0] 199.204.45.216 "GET /v2.0/ports?tenant_id=e9deac30e19b4abf88923c3509cf5b4a&device_id=f7098502-e5bb-4ac8-a0fe-04ba0c979948 HTTP/1.1" status: 200 len: 1365 time: 0.0377574
2026-05-09 06:34:21.589 9 INFO neutron.wsgi [req-29a7914c-4b4e-47d4-8bfe-6c1f0a30c857 req-d0977bce-3748-4a20-b065-4a6e19730a8e 8e3641f5f1fd423d88e8482485531a1b c5fe6345603f4b2490053efc31891f0d - - default default] 10.0.0.153 "GET /v2.0/ports?device_id=03ba5634-17aa-4718-b5cb-f80a6b8d37be HTTP/1.1" status: 200 len: 1400 time: 0.1115923
2026-05-09 06:34:21.628 9 INFO neutron.wsgi [req-29a7914c-4b4e-47d4-8bfe-6c1f0a30c857 req-28ef7d92-d99c-4e81-a0ce-8241fdedc943 8e3641f5f1fd423d88e8482485531a1b c5fe6345603f4b2490053efc31891f0d - - default default] 10.0.0.153 "GET /v2.0/security-groups?id=02fc0c16-b35c-4291-9592-117a1b908fd0&fields=id&fields=name HTTP/1.1" status: 200 len: 311 time: 0.0333440
2026-05-09 06:34:21.640 10 INFO neutron.wsgi [req-37e8dedb-d723-4e1a-b8c2-557d8ca8f0c6 req-dc1fa9d7-1efd-46de-8ba0-e94d7e33b79d 213b439b2ef749cba275d55974855653 2e02d35680164b7fba0d2fc3ee0573bf - - 281444ac8cb649fdaab116564d0e72d0 281444ac8cb649fdaab116564d0e72d0] 199.204.45.216 "GET /v2.0/networks?id=36faa4b5-b1da-4383-a8b6-ace472b57e79 HTTP/1.1" status: 200 len: 959 time: 0.0696945
2026-05-09 06:34:21.729 10 INFO neutron.wsgi [req-37e8dedb-d723-4e1a-b8c2-557d8ca8f0c6 req-6c672678-a97f-4b1d-9024-c833a3c239e0 213b439b2ef749cba275d55974855653 2e02d35680164b7fba0d2fc3ee0573bf - - 281444ac8cb649fdaab116564d0e72d0 281444ac8cb649fdaab116564d0e72d0] 199.204.45.216 "GET /v2.0/floatingips?fixed_ip_address=10.100.0.11&port_id=ef4b64ef-29e6-461b-a1f2-c287f0903ea3 HTTP/1.1" status: 200 len: 1060 time: 0.0829024
2026-05-09 06:34:21.777 10 INFO neutron.wsgi [req-37e8dedb-d723-4e1a-b8c2-557d8ca8f0c6 req-56969a6f-3fb6-4a3e-ac6c-f4bce153ecdc 213b439b2ef749cba275d55974855653 2e02d35680164b7fba0d2fc3ee0573bf - - 281444ac8cb649fdaab116564d0e72d0 281444ac8cb649fdaab116564d0e72d0] 199.204.45.216 "GET /v2.0/subnets?id=2d043d88-5495-4cd6-99eb-009037bbb5a8 HTTP/1.1" status: 200 len: 851 time: 0.0393820
2026-05-09 06:34:21.785 10 INFO neutron.wsgi [None req-d34aafd6-3fa7-414b-abe8-37fda89c4527 8e3641f5f1fd423d88e8482485531a1b c5fe6345603f4b2490053efc31891f0d - - default default] 10.0.0.2 "GET /v2.0/ports?network_id=ac496bb7-6609-4372-95f2-2ff6b8d75cfc&mac_address=fa%3A16%3A3e%3A3d%3A68%3A74 HTTP/1.1" status: 200 len: 1395 time: 0.1264486
2026-05-09 06:34:21.805 10 INFO neutron.wsgi [req-37e8dedb-d723-4e1a-b8c2-557d8ca8f0c6 req-97ccd438-dcbf-4592-b529-a1d365900548 213b439b2ef749cba275d55974855653 2e02d35680164b7fba0d2fc3ee0573bf - - 281444ac8cb649fdaab116564d0e72d0 281444ac8cb649fdaab116564d0e72d0] 199.204.45.216 "GET /v2.0/ports?network_id=36faa4b5-b1da-4383-a8b6-ace472b57e79&device_owner=network%3Adhcp HTTP/1.1" status: 200 len: 210 time: 0.0191903
2026-05-09 06:34:21.867 10 INFO neutron.wsgi [req-37e8dedb-d723-4e1a-b8c2-557d8ca8f0c6 req-7207e349-4b5c-43a1-a6f5-73ee0c5ef7df 213b439b2ef749cba275d55974855653 2e02d35680164b7fba0d2fc3ee0573bf - - 281444ac8cb649fdaab116564d0e72d0 281444ac8cb649fdaab116564d0e72d0] 199.204.45.216 "GET /v2.0/networks/36faa4b5-b1da-4383-a8b6-ace472b57e79?fields=segments HTTP/1.1" status: 200 len: 212 time: 0.0551004
2026-05-09 06:34:21.930 10 INFO neutron.wsgi [req-37e8dedb-d723-4e1a-b8c2-557d8ca8f0c6 req-c68116c7-ef8d-4968-897e-1cb8baf14879 213b439b2ef749cba275d55974855653 2e02d35680164b7fba0d2fc3ee0573bf - - 281444ac8cb649fdaab116564d0e72d0 281444ac8cb649fdaab116564d0e72d0] 199.204.45.216 "GET /v2.0/networks/36faa4b5-b1da-4383-a8b6-ace472b57e79?fields=provider%3Aphysical_network&fields=provider%3Anetwork_type HTTP/1.1" status: 200 len: 277 time: 0.0579002
2026-05-09 06:34:22.084 9 WARNING neutron.scheduler.dhcp_agent_scheduler [None req-74149b85-3f43-4a87-817e-19e80ae19a2d 8e3641f5f1fd423d88e8482485531a1b c5fe6345603f4b2490053efc31891f0d - - - -] No more DHCP agents
2026-05-09 06:34:22.086 9 WARNING neutron.api.rpc.agentnotifiers.dhcp_rpc_agent_api [None req-74149b85-3f43-4a87-817e-19e80ae19a2d 8e3641f5f1fd423d88e8482485531a1b c5fe6345603f4b2490053efc31891f0d - - - -] Unable to schedule network 8dbe093c-a6c6-46e1-b28f-f04c24b0e296: no agents available; will retry on subsequent port and subnet creation events.
2026-05-09 06:34:22.499 9 INFO neutron.db.l3_db [None req-74149b85-3f43-4a87-817e-19e80ae19a2d 8e3641f5f1fd423d88e8482485531a1b c5fe6345603f4b2490053efc31891f0d - - - -] Floating IP e05aa3ab-a9cf-40d3-8304-e52bed92a940 associated. External IP: 10.96.250.216, port: 7e664d63-d052-4e76-aeaf-cd5fc5c208bf.
2026-05-09 06:34:22.671 9 INFO neutron.db.ovn_revision_numbers_db [None req-74149b85-3f43-4a87-817e-19e80ae19a2d 8e3641f5f1fd423d88e8482485531a1b c5fe6345603f4b2490053efc31891f0d - - - -] Successfully bumped revision number for resource e05aa3ab-a9cf-40d3-8304-e52bed92a940 (type: floatingips) to 0
2026-05-09 06:34:22.771 9 INFO neutron.db.ovn_revision_numbers_db [None req-74149b85-3f43-4a87-817e-19e80ae19a2d 8e3641f5f1fd423d88e8482485531a1b c5fe6345603f4b2490053efc31891f0d - - - -] Successfully bumped revision number for resource e05aa3ab-a9cf-40d3-8304-e52bed92a940 (type: floatingips) to 1
2026-05-09 06:34:22.810 9 INFO neutron.wsgi [None req-74149b85-3f43-4a87-817e-19e80ae19a2d 8e3641f5f1fd423d88e8482485531a1b c5fe6345603f4b2490053efc31891f0d - - - -] 10.0.0.2 "POST /v2.0/floatingips HTTP/1.1" status: 201 len: 1054 time: 1.0186839
2026-05-09 06:34:22.832 10 INFO neutron.notifiers.nova [-] Nova event matching ['req-8aecb209-ee81-467f-a4d1-3568b71b2f7b'] response: {'server_uuid': '03ba5634-17aa-4718-b5cb-f80a6b8d37be', 'name': 'network-vif-plugged', 'status': 'completed', 'tag': '7e664d63-d052-4e76-aeaf-cd5fc5c208bf', 'code': 200}
2026-05-09 06:34:22.925 9 INFO neutron.wsgi [req-4a360a28-9c34-49ad-8bbb-db80dc0b2be0 req-6e4ce24c-622f-41d8-b88e-bad53b6764d4 8e3641f5f1fd423d88e8482485531a1b c5fe6345603f4b2490053efc31891f0d - - default default] 10.0.0.153 "GET /v2.0/security-groups?name=tempest-lb_member_SG-1887757042&fields=id&tenant_id=c5fe6345603f4b2490053efc31891f0d HTTP/1.1" status: 200 len: 267 time: 0.0428088
2026-05-09 06:34:22.991 9 INFO neutron.wsgi [req-4a360a28-9c34-49ad-8bbb-db80dc0b2be0 req-71030991-2eba-4d22-abdf-3eebab268e98 8e3641f5f1fd423d88e8482485531a1b c5fe6345603f4b2490053efc31891f0d - - default default] 10.0.0.153 "GET /v2.0/networks?id=1415cc18-2f54-4b4d-b661-467c8367c5cf HTTP/1.1" status: 200 len: 904 time: 0.0602314
2026-05-09 06:34:23.005 9 INFO neutron.wsgi [req-4a360a28-9c34-49ad-8bbb-db80dc0b2be0 req-6cd1edab-fbc2-414a-9336-435add72ea95 8e3641f5f1fd423d88e8482485531a1b c5fe6345603f4b2490053efc31891f0d - - default default] 10.0.0.153 "GET /v2.0/quotas/c5fe6345603f4b2490053efc31891f0d HTTP/1.1" status: 200 len: 386 time: 0.0088186
2026-05-09 06:34:23.156 9 INFO neutron.wsgi [req-4a360a28-9c34-49ad-8bbb-db80dc0b2be0 req-ab3c7044-3c46-4a9a-a83e-53d26e7fd7e2 8e3641f5f1fd423d88e8482485531a1b c5fe6345603f4b2490053efc31891f0d - - default default] 10.0.0.153 "GET /v2.0/ports?tenant_id=c5fe6345603f4b2490053efc31891f0d&fields=id HTTP/1.1" status: 200 len: 532 time: 0.1468959
2026-05-09 06:34:23.220 9 INFO neutron.wsgi [req-4a360a28-9c34-49ad-8bbb-db80dc0b2be0 req-ec986255-ba6a-4695-b4a1-337009424ca1 213b439b2ef749cba275d55974855653 2e02d35680164b7fba0d2fc3ee0573bf - - 281444ac8cb649fdaab116564d0e72d0 281444ac8cb649fdaab116564d0e72d0] 10.0.0.153 "GET /v2.0/networks/1415cc18-2f54-4b4d-b661-467c8367c5cf?fields=segments HTTP/1.1" status: 200 len: 212 time: 0.0504811
2026-05-09 06:34:23.282 9 INFO neutron.wsgi [req-4a360a28-9c34-49ad-8bbb-db80dc0b2be0 req-cd1d60f6-4270-48cb-a527-fc1a290a7b68 213b439b2ef749cba275d55974855653 2e02d35680164b7fba0d2fc3ee0573bf - - 281444ac8cb649fdaab116564d0e72d0 281444ac8cb649fdaab116564d0e72d0] 10.0.0.153 "GET /v2.0/networks/1415cc18-2f54-4b4d-b661-467c8367c5cf?fields=provider%3Aphysical_network&fields=provider%3Anetwork_type HTTP/1.1" status: 200 len: 277 time: 0.0548894
2026-05-09 06:34:23.441 9 INFO neutron.wsgi [req-789c5b84-720d-4e5e-80eb-e52dd37e2b3d req-f9848a82-e1ec-4cea-a2d0-e37e3245bc29 8e3641f5f1fd423d88e8482485531a1b c5fe6345603f4b2490053efc31891f0d - - default default] 10.0.0.153 "GET /v2.0/ports?device_id=a7971f8f-def1-48ca-8f5b-8869076006b4 HTTP/1.1" status: 200 len: 210 time: 0.0274091
2026-05-09 06:34:23.533 9 INFO neutron.notifiers.nova [-] Nova event matching ['req-75a866a1-987b-426a-8c3d-090d3ebf2be3'] response: {'name': 'network-changed', 'server_uuid': '03ba5634-17aa-4718-b5cb-f80a6b8d37be', 'tag': '7e664d63-d052-4e76-aeaf-cd5fc5c208bf', 'status': 'completed', 'code': 200} /var/lib/openstack/lib/python3.10/site-packages/pycadf/identifier.py:71: UserWarning: Invalid uuid: neutron. To ensure interoperability, identifiers should be a valid uuid. warnings.warn(('Invalid uuid: %s. To ensure interoperability, '
2026-05-09 06:34:23.627 10 INFO neutron.wsgi [req-5f14310e-8286-499d-83c1-d14b5dada56e req-f413eb7e-d4a1-4224-9fba-e0ccf870fce2 213b439b2ef749cba275d55974855653 2e02d35680164b7fba0d2fc3ee0573bf - - 281444ac8cb649fdaab116564d0e72d0 281444ac8cb649fdaab116564d0e72d0] 199.204.45.216 "GET /v2.0/ports?tenant_id=c5fe6345603f4b2490053efc31891f0d&device_id=03ba5634-17aa-4718-b5cb-f80a6b8d37be HTTP/1.1" status: 200 len: 1590 time: 0.0340426
2026-05-09 06:34:23.704 10 INFO neutron.wsgi [req-5f14310e-8286-499d-83c1-d14b5dada56e req-35c599c5-259b-4ed9-9dfb-39950228cb49 213b439b2ef749cba275d55974855653 2e02d35680164b7fba0d2fc3ee0573bf - - 281444ac8cb649fdaab116564d0e72d0 281444ac8cb649fdaab116564d0e72d0] 199.204.45.216 "GET /v2.0/networks?id=ac496bb7-6609-4372-95f2-2ff6b8d75cfc HTTP/1.1" status: 200 len: 1002 time: 0.0708468
2026-05-09 06:34:23.759 10 INFO neutron.wsgi [req-5f14310e-8286-499d-83c1-d14b5dada56e req-9c35a016-c10a-4278-a3b0-6c36296039d4 213b439b2ef749cba275d55974855653 2e02d35680164b7fba0d2fc3ee0573bf - - 281444ac8cb649fdaab116564d0e72d0 281444ac8cb649fdaab116564d0e72d0] 199.204.45.216 "GET /v2.0/floatingips?fixed_ip_address=10.2.1.116&port_id=7e664d63-d052-4e76-aeaf-cd5fc5c208bf HTTP/1.1" status: 200 len: 1059 time: 0.0462146
2026-05-09 06:34:23.792 10 INFO neutron.wsgi [req-5f14310e-8286-499d-83c1-d14b5dada56e req-1c02c3f4-8e5a-4964-9502-2ab97c2feaf7 213b439b2ef749cba275d55974855653 2e02d35680164b7fba0d2fc3ee0573bf - - 281444ac8cb649fdaab116564d0e72d0 281444ac8cb649fdaab116564d0e72d0] 199.204.45.216 "GET /v2.0/floatingips?fixed_ip_address=fd7b%3Af9f7%3Afff%3A4eca%3A%3A118&port_id=7e664d63-d052-4e76-aeaf-cd5fc5c208bf HTTP/1.1" status: 200 len: 217 time: 0.0269253
2026-05-09 06:34:23.833 10 INFO neutron.wsgi [req-5f14310e-8286-499d-83c1-d14b5dada56e req-6633bfee-fca8-486b-b843-573e01f6a446 213b439b2ef749cba275d55974855653 2e02d35680164b7fba0d2fc3ee0573bf - - 281444ac8cb649fdaab116564d0e72d0 281444ac8cb649fdaab116564d0e72d0] 199.204.45.216 "GET /v2.0/subnets?id=237ad628-89de-48d9-9cf2-2ab00a63e382&id=52f54eee-f35f-4f06-97b8-a5ed34ee7fec HTTP/1.1" status: 200 len: 1563 time: 0.0372462
2026-05-09 06:34:23.858 10 INFO neutron.wsgi [req-5f14310e-8286-499d-83c1-d14b5dada56e req-27119626-a3ce-447a-b8af-c33c1a83b518 213b439b2ef749cba275d55974855653 2e02d35680164b7fba0d2fc3ee0573bf - - 281444ac8cb649fdaab116564d0e72d0 281444ac8cb649fdaab116564d0e72d0] 199.204.45.216 "GET /v2.0/ports?network_id=ac496bb7-6609-4372-95f2-2ff6b8d75cfc&device_owner=network%3Adhcp HTTP/1.1" status: 200 len: 210 time: 0.0190206
2026-05-09 06:34:23.886 10 INFO neutron.wsgi [req-5f14310e-8286-499d-83c1-d14b5dada56e req-ba9588ac-d4ed-4e99-80d8-cf4412d95021 213b439b2ef749cba275d55974855653 2e02d35680164b7fba0d2fc3ee0573bf - - 281444ac8cb649fdaab116564d0e72d0 281444ac8cb649fdaab116564d0e72d0] 199.204.45.216 "GET /v2.0/ports?network_id=ac496bb7-6609-4372-95f2-2ff6b8d75cfc&device_owner=network%3Adhcp HTTP/1.1" status: 200 len: 210 time: 0.0219145
2026-05-09 06:34:23.944 10 INFO neutron.wsgi [req-5f14310e-8286-499d-83c1-d14b5dada56e req-f98c5a29-2cc7-4e1e-8b8a-b1fb705e9077 213b439b2ef749cba275d55974855653 2e02d35680164b7fba0d2fc3ee0573bf - - 281444ac8cb649fdaab116564d0e72d0 281444ac8cb649fdaab116564d0e72d0] 199.204.45.216 "GET /v2.0/networks/ac496bb7-6609-4372-95f2-2ff6b8d75cfc?fields=segments HTTP/1.1" status: 200 len: 212 time: 0.0510890
2026-05-09 06:34:24.002 10 INFO neutron.wsgi [req-5f14310e-8286-499d-83c1-d14b5dada56e req-459d08de-d86b-4d54-8d64-d43587acd8bc 213b439b2ef749cba275d55974855653 2e02d35680164b7fba0d2fc3ee0573bf - - 281444ac8cb649fdaab116564d0e72d0 281444ac8cb649fdaab116564d0e72d0] 199.204.45.216 "GET /v2.0/networks/ac496bb7-6609-4372-95f2-2ff6b8d75cfc?fields=provider%3Aphysical_network&fields=provider%3Anetwork_type HTTP/1.1" status: 200 len: 277 time: 0.0537133
2026-05-09 06:34:24.150 10 INFO neutron.wsgi [req-4a360a28-9c34-49ad-8bbb-db80dc0b2be0 req-62889e5f-b4d9-4341-9606-8802eea310fb 8e3641f5f1fd423d88e8482485531a1b c5fe6345603f4b2490053efc31891f0d - - default default] 199.204.45.216 "GET /v2.0/networks?id=1415cc18-2f54-4b4d-b661-467c8367c5cf HTTP/1.1" status: 200 len: 904 time: 0.0872872
2026-05-09 06:34:24.206 10 INFO neutron.wsgi [req-4a360a28-9c34-49ad-8bbb-db80dc0b2be0 req-aae46928-5715-4b68-9d88-0437a4300668 8e3641f5f1fd423d88e8482485531a1b c5fe6345603f4b2490053efc31891f0d - - default default] 199.204.45.216 "GET /v2.0/security-groups?fields=id&fields=name&tenant_id=c5fe6345603f4b2490053efc31891f0d HTTP/1.1" status: 200 len: 378 time: 0.0508020
2026-05-09 06:34:24.604 10 WARNING neutron.scheduler.dhcp_agent_scheduler [None req-6f726205-78e7-4858-aab0-6a4a9cfc5efa 8e3641f5f1fd423d88e8482485531a1b c5fe6345603f4b2490053efc31891f0d - - - -] No more DHCP agents
2026-05-09 06:34:24.606 10 WARNING neutron.api.rpc.agentnotifiers.dhcp_rpc_agent_api [None req-6f726205-78e7-4858-aab0-6a4a9cfc5efa 8e3641f5f1fd423d88e8482485531a1b c5fe6345603f4b2490053efc31891f0d - - - -] Unable to schedule network 1415cc18-2f54-4b4d-b661-467c8367c5cf: no agents available; will retry on subsequent port and subnet creation events.
2026-05-09 06:34:24.763 10 INFO neutron.db.ovn_revision_numbers_db [None req-6f726205-78e7-4858-aab0-6a4a9cfc5efa 8e3641f5f1fd423d88e8482485531a1b c5fe6345603f4b2490053efc31891f0d - - - -] Successfully bumped revision number for resource 752fe533-dccb-4af6-8679-6cf0a9ecf64c (type: ports) to 1
2026-05-09 06:34:24.786 10 INFO neutron.wsgi [None req-6f726205-78e7-4858-aab0-6a4a9cfc5efa 8e3641f5f1fd423d88e8482485531a1b c5fe6345603f4b2490053efc31891f0d - - - -] 199.204.45.216 "POST /v2.0/ports HTTP/1.1" status: 201 len: 1392 time: 0.5741947 /var/lib/openstack/lib/python3.10/site-packages/pycadf/identifier.py:71: UserWarning: Invalid uuid: neutron. To ensure interoperability, identifiers should be a valid uuid. warnings.warn(('Invalid uuid: %s. To ensure interoperability, '
2026-05-09 06:34:25.185 10 INFO neutron.wsgi [-] 10.0.0.198 "GET / HTTP/1.1" status: 200 len: 247 time: 0.0021245
2026-05-09 06:34:25.190 10 INFO neutron.wsgi [-] 10.0.0.198 "GET / HTTP/1.1" status: 200 len: 247 time: 0.0027459
2026-05-09 06:34:25.202 10 INFO neutron.db.ovn_revision_numbers_db [None req-bc62d5cd-48b7-47f4-b947-4b05228a1955 213b439b2ef749cba275d55974855653 2e02d35680164b7fba0d2fc3ee0573bf - - - -] Successfully bumped revision number for resource 752fe533-dccb-4af6-8679-6cf0a9ecf64c (type: ports) to 2
2026-05-09 06:34:25.396 10 INFO neutron.db.ovn_revision_numbers_db [None req-bc62d5cd-48b7-47f4-b947-4b05228a1955 213b439b2ef749cba275d55974855653 2e02d35680164b7fba0d2fc3ee0573bf - - - -] Successfully bumped revision number for resource 752fe533-dccb-4af6-8679-6cf0a9ecf64c (type: ports) to 2
2026-05-09 06:34:25.413 10 INFO neutron.wsgi [None req-bc62d5cd-48b7-47f4-b947-4b05228a1955 213b439b2ef749cba275d55974855653 2e02d35680164b7fba0d2fc3ee0573bf - - - -] 199.204.45.216 "PUT /v2.0/ports/752fe533-dccb-4af6-8679-6cf0a9ecf64c HTTP/1.1" status: 200 len: 1561 time: 0.6109915
2026-05-09 06:34:25.457 10 INFO neutron.notifiers.nova [-] Nova event matching ['req-82295411-5c27-4a36-a3dc-b0d7769f528b'] response: {'name': 'network-changed', 'server_uuid': 'a7971f8f-def1-48ca-8f5b-8869076006b4', 'tag': '752fe533-dccb-4af6-8679-6cf0a9ecf64c', 'status': 'completed', 'code': 200} /var/lib/openstack/lib/python3.10/site-packages/pycadf/identifier.py:71: UserWarning: Invalid uuid: neutron. To ensure interoperability, identifiers should be a valid uuid. warnings.warn(('Invalid uuid: %s. To ensure interoperability, '
2026-05-09 06:34:25.519 10 INFO neutron.wsgi [req-816326b7-8cfa-4663-bcf8-438ddb396448 req-9844eb08-ebe8-47e2-8d48-095d62d9da6a 213b439b2ef749cba275d55974855653 2e02d35680164b7fba0d2fc3ee0573bf - - 281444ac8cb649fdaab116564d0e72d0 281444ac8cb649fdaab116564d0e72d0] 199.204.45.216 "GET /v2.0/ports?tenant_id=c5fe6345603f4b2490053efc31891f0d&device_id=a7971f8f-def1-48ca-8f5b-8869076006b4 HTTP/1.1" status: 200 len: 1592 time: 0.0413480
2026-05-09 06:34:25.646 10 INFO neutron.wsgi [req-816326b7-8cfa-4663-bcf8-438ddb396448 req-6d8d073d-2b3d-4181-b06f-4ab68f014fc3 213b439b2ef749cba275d55974855653 2e02d35680164b7fba0d2fc3ee0573bf - - 281444ac8cb649fdaab116564d0e72d0 281444ac8cb649fdaab116564d0e72d0] 199.204.45.216 "GET /v2.0/networks?tenant_id=c5fe6345603f4b2490053efc31891f0d&shared=False HTTP/1.1" status: 200 len: 2584 time: 0.1207006
2026-05-09 06:34:25.748 10 INFO neutron.wsgi [req-816326b7-8cfa-4663-bcf8-438ddb396448 req-4d95bf28-61f5-436c-b8b3-63d4b0711e9d 213b439b2ef749cba275d55974855653 2e02d35680164b7fba0d2fc3ee0573bf - - 281444ac8cb649fdaab116564d0e72d0 281444ac8cb649fdaab116564d0e72d0] 199.204.45.216 "GET /v2.0/networks?shared=True HTTP/1.1" status: 200 len: 952 time: 0.0966697
2026-05-09 06:34:25.832 10 INFO neutron.wsgi [req-4a360a28-9c34-49ad-8bbb-db80dc0b2be0 req-ddaacdd0-c165-4582-82c3-bc69598d2b6c 213b439b2ef749cba275d55974855653 2e02d35680164b7fba0d2fc3ee0573bf - - 281444ac8cb649fdaab116564d0e72d0 281444ac8cb649fdaab116564d0e72d0] 199.204.45.216 "GET /v2.0/ports?tenant_id=c5fe6345603f4b2490053efc31891f0d&device_id=a7971f8f-def1-48ca-8f5b-8869076006b4 HTTP/1.1" status: 200 len: 1592 time: 0.0470858
2026-05-09 06:34:26.233 10 INFO neutron.wsgi [req-4a360a28-9c34-49ad-8bbb-db80dc0b2be0 req-229ba875-9dce-46f7-88e1-f7b7a928a429 213b439b2ef749cba275d55974855653 2e02d35680164b7fba0d2fc3ee0573bf - - 281444ac8cb649fdaab116564d0e72d0 281444ac8cb649fdaab116564d0e72d0] 199.204.45.216 "GET /v2.0/floatingips?fixed_ip_address=10.2.2.135&port_id=752fe533-dccb-4af6-8679-6cf0a9ecf64c HTTP/1.1" status: 200 len: 217 time: 0.3941257
2026-05-09 06:34:26.268 10 INFO neutron.wsgi [req-4a360a28-9c34-49ad-8bbb-db80dc0b2be0 req-398888a7-7973-4c07-906d-f168422908ac 213b439b2ef749cba275d55974855653 2e02d35680164b7fba0d2fc3ee0573bf - - 281444ac8cb649fdaab116564d0e72d0 281444ac8cb649fdaab116564d0e72d0] 199.204.45.216 "GET /v2.0/floatingips?fixed_ip_address=fd77%3A1457%3A4cf0%3A26a8%3A%3A15d&port_id=752fe533-dccb-4af6-8679-6cf0a9ecf64c HTTP/1.1" status: 200 len: 217 time: 0.0269198
2026-05-09 06:34:26.306 10 INFO neutron.wsgi [req-4a360a28-9c34-49ad-8bbb-db80dc0b2be0 req-d7b3e0a8-f3d4-442c-b80f-a23858fd8496 213b439b2ef749cba275d55974855653 2e02d35680164b7fba0d2fc3ee0573bf - - 281444ac8cb649fdaab116564d0e72d0 281444ac8cb649fdaab116564d0e72d0] 199.204.45.216 "GET /v2.0/subnets?id=cb32d41f-ed53-477c-aad7-369e5eaa38d3&id=d460c0af-bea4-4e97-98b7-d4ad360d2311 HTTP/1.1" status: 200 len: 1565 time: 0.0328567
2026-05-09 06:34:26.335 10 INFO neutron.wsgi [req-4a360a28-9c34-49ad-8bbb-db80dc0b2be0 req-0bedd447-0b61-4e4a-b0fb-58db8f25a37d 213b439b2ef749cba275d55974855653 2e02d35680164b7fba0d2fc3ee0573bf - - 281444ac8cb649fdaab116564d0e72d0 281444ac8cb649fdaab116564d0e72d0] 199.204.45.216 "GET /v2.0/ports?network_id=1415cc18-2f54-4b4d-b661-467c8367c5cf&device_owner=network%3Adhcp HTTP/1.1" status: 200 len: 210 time: 0.0218828
2026-05-09 06:34:26.363 10 INFO neutron.wsgi [req-4a360a28-9c34-49ad-8bbb-db80dc0b2be0 req-aea18e12-e988-4a13-9587-de826c6d9b0c 213b439b2ef749cba275d55974855653 2e02d35680164b7fba0d2fc3ee0573bf - - 281444ac8cb649fdaab116564d0e72d0 281444ac8cb649fdaab116564d0e72d0] 199.204.45.216 "GET /v2.0/ports?network_id=1415cc18-2f54-4b4d-b661-467c8367c5cf&device_owner=network%3Adhcp HTTP/1.1" status: 200 len: 210 time: 0.0206106
2026-05-09 06:34:26.429 10 INFO neutron.wsgi [req-4a360a28-9c34-49ad-8bbb-db80dc0b2be0 req-0c1ef332-76d9-43cc-87dd-51b0bbfa8dc7 213b439b2ef749cba275d55974855653 2e02d35680164b7fba0d2fc3ee0573bf - - 281444ac8cb649fdaab116564d0e72d0 281444ac8cb649fdaab116564d0e72d0] 199.204.45.216 "GET /v2.0/networks/1415cc18-2f54-4b4d-b661-467c8367c5cf?fields=segments HTTP/1.1" status: 200 len: 212 time: 0.0588930
2026-05-09 06:34:26.491 10 INFO neutron.wsgi [req-4a360a28-9c34-49ad-8bbb-db80dc0b2be0 req-c209788f-ac63-42c2-9aab-213c79541344 213b439b2ef749cba275d55974855653 2e02d35680164b7fba0d2fc3ee0573bf - - 281444ac8cb649fdaab116564d0e72d0 281444ac8cb649fdaab116564d0e72d0] 199.204.45.216 "GET /v2.0/networks/1415cc18-2f54-4b4d-b661-467c8367c5cf?fields=provider%3Aphysical_network&fields=provider%3Anetwork_type HTTP/1.1" status: 200 len: 277 time: 0.0546772
2026-05-09 06:34:26.700 9 INFO neutron.plugins.ml2.drivers.ovn.mech_driver.mech_driver [None req-f4930e83-a872-4a6e-bc02-5b4a4cd62197 - - - - - -] OVN reports status up for port: 752fe533-dccb-4af6-8679-6cf0a9ecf64c
2026-05-09 06:34:26.722 9 INFO neutron.plugins.ml2.plugin [None req-f4930e83-a872-4a6e-bc02-5b4a4cd62197 - - - - - -] Attempt 1 to provision port 752fe533-dccb-4af6-8679-6cf0a9ecf64c
2026-05-09 06:34:26.889 9 INFO neutron.notifiers.nova [-] Nova event matching ['req-9114f79c-ec5b-4ba7-9bf4-cf8a38d6d06a'] response: {'server_uuid': 'a7971f8f-def1-48ca-8f5b-8869076006b4', 'name': 'network-vif-plugged', 'status': 'completed', 'tag': '752fe533-dccb-4af6-8679-6cf0a9ecf64c', 'code': 200}
2026-05-09 06:34:27.012 9 INFO neutron.db.ovn_revision_numbers_db [None req-f4930e83-a872-4a6e-bc02-5b4a4cd62197 - - - - - -] Successfully bumped revision number for resource 752fe533-dccb-4af6-8679-6cf0a9ecf64c (type: ports) to 4 /var/lib/openstack/lib/python3.10/site-packages/pycadf/identifier.py:71: UserWarning: Invalid uuid: neutron. To ensure interoperability, identifiers should be a valid uuid. warnings.warn(('Invalid uuid: %s. To ensure interoperability, '
2026-05-09 06:34:28.634 9 INFO neutron.wsgi [req-255cb1bd-4a80-4c81-aec2-77d7373f783b req-88f343ba-2630-4fb8-aa45-ec862e44c9e7 8e3641f5f1fd423d88e8482485531a1b c5fe6345603f4b2490053efc31891f0d - - default default] 10.0.0.153 "GET /v2.0/ports?device_id=a7971f8f-def1-48ca-8f5b-8869076006b4 HTTP/1.1" status: 200 len: 1404 time: 0.1046643
2026-05-09 06:34:28.685 9 INFO neutron.wsgi [req-255cb1bd-4a80-4c81-aec2-77d7373f783b req-e884981f-d4bd-4921-868a-a0dfc5c37a04 8e3641f5f1fd423d88e8482485531a1b c5fe6345603f4b2490053efc31891f0d - - default default] 10.0.0.153 "GET /v2.0/security-groups?id=02fc0c16-b35c-4291-9592-117a1b908fd0&fields=id&fields=name HTTP/1.1" status: 200 len: 311 time: 0.0469313
2026-05-09 06:34:28.834 10 INFO neutron.wsgi [None req-8165451a-ed05-45eb-9b85-6fd55c778e78 8e3641f5f1fd423d88e8482485531a1b c5fe6345603f4b2490053efc31891f0d - - default default] 10.0.0.2 "GET /v2.0/ports?network_id=1415cc18-2f54-4b4d-b661-467c8367c5cf&mac_address=fa%3A16%3A3e%3A9f%3A87%3A99 HTTP/1.1" status: 200 len: 1399 time: 0.1180401
2026-05-09 06:34:28.923 9 INFO neutron.notifiers.nova [-] Nova event matching ['req-6584a489-54f0-48ed-a246-6e58db4d4cca'] response: {'server_uuid': 'a7971f8f-def1-48ca-8f5b-8869076006b4', 'name': 'network-vif-plugged', 'status': 'completed', 'tag': '752fe533-dccb-4af6-8679-6cf0a9ecf64c', 'code': 200}
2026-05-09 06:34:29.108 10 WARNING neutron.scheduler.dhcp_agent_scheduler [None req-62164b0d-7ccb-4b3d-ac94-7fed4e91b4b3 8e3641f5f1fd423d88e8482485531a1b c5fe6345603f4b2490053efc31891f0d - - - -] No more DHCP agents
2026-05-09 06:34:29.110 10 WARNING neutron.api.rpc.agentnotifiers.dhcp_rpc_agent_api [None req-62164b0d-7ccb-4b3d-ac94-7fed4e91b4b3 8e3641f5f1fd423d88e8482485531a1b c5fe6345603f4b2490053efc31891f0d - - - -] Unable to schedule network 8dbe093c-a6c6-46e1-b28f-f04c24b0e296: no agents available; will retry on subsequent port and subnet creation events.
2026-05-09 06:34:29.612 10 INFO neutron.db.l3_db [None req-62164b0d-7ccb-4b3d-ac94-7fed4e91b4b3 8e3641f5f1fd423d88e8482485531a1b c5fe6345603f4b2490053efc31891f0d - - - -] Floating IP f98f0983-0701-4bc7-838c-f2710714a3a9 associated. External IP: 10.96.250.210, port: 752fe533-dccb-4af6-8679-6cf0a9ecf64c.
2026-05-09 06:34:29.700 10 INFO neutron.wsgi [req-4c4b00e2-f62d-41f7-9f93-f60b418c4f6f req-e0ede508-3a86-4064-abd4-294d6bac6a38 213b439b2ef749cba275d55974855653 2e02d35680164b7fba0d2fc3ee0573bf - - 281444ac8cb649fdaab116564d0e72d0 281444ac8cb649fdaab116564d0e72d0] 10.0.0.88 "GET /v2.0/ports?device_id=f7098502-e5bb-4ac8-a0fe-04ba0c979948 HTTP/1.1" status: 200 len: 1365 time: 0.0445235
2026-05-09 06:34:29.745 10 INFO neutron.wsgi [req-4c4b00e2-f62d-41f7-9f93-f60b418c4f6f req-81a0fe80-642f-4e6e-8326-6753e98d8867 213b439b2ef749cba275d55974855653 2e02d35680164b7fba0d2fc3ee0573bf - - 281444ac8cb649fdaab116564d0e72d0 281444ac8cb649fdaab116564d0e72d0] 10.0.0.88 "GET /v2.0/security-groups?id=28d4279a-6269-4ba8-b4e3-a7559c5d6112&fields=id&fields=name HTTP/1.1" status: 200 len: 313 time: 0.0383477
2026-05-09 06:34:29.847 10 INFO neutron.db.ovn_revision_numbers_db [None req-62164b0d-7ccb-4b3d-ac94-7fed4e91b4b3 8e3641f5f1fd423d88e8482485531a1b c5fe6345603f4b2490053efc31891f0d - - - -] Successfully bumped revision number for resource f98f0983-0701-4bc7-838c-f2710714a3a9 (type: floatingips) to 0
2026-05-09 06:34:29.965 10 INFO neutron.db.ovn_revision_numbers_db [None req-62164b0d-7ccb-4b3d-ac94-7fed4e91b4b3 8e3641f5f1fd423d88e8482485531a1b c5fe6345603f4b2490053efc31891f0d - - - -] Successfully bumped revision number for resource f98f0983-0701-4bc7-838c-f2710714a3a9 (type: floatingips) to 1
2026-05-09 06:34:30.026 10 INFO neutron.wsgi [None req-62164b0d-7ccb-4b3d-ac94-7fed4e91b4b3 8e3641f5f1fd423d88e8482485531a1b c5fe6345603f4b2490053efc31891f0d - - - -] 10.0.0.2 "POST /v2.0/floatingips HTTP/1.1" status: 201 len: 1054 time: 1.1853614
2026-05-09 06:34:30.069 10 INFO neutron.notifiers.nova [-] Nova event matching ['req-2d4fcd16-9d44-4722-918c-9996371d778d'] response: {'name': 'network-changed', 'server_uuid': 'a7971f8f-def1-48ca-8f5b-8869076006b4', 'tag': '752fe533-dccb-4af6-8679-6cf0a9ecf64c', 'status': 'completed', 'code': 200} /var/lib/openstack/lib/python3.10/site-packages/pycadf/identifier.py:71: UserWarning: Invalid uuid: neutron. To ensure interoperability, identifiers should be a valid uuid. warnings.warn(('Invalid uuid: %s. To ensure interoperability, '
2026-05-09 06:34:30.128 10 INFO neutron.wsgi [req-21c1ea0a-bd25-4a68-9aff-508eb4ac79ed req-c8addd49-5541-430b-9e47-7763cf402075 213b439b2ef749cba275d55974855653 2e02d35680164b7fba0d2fc3ee0573bf - - 281444ac8cb649fdaab116564d0e72d0 281444ac8cb649fdaab116564d0e72d0] 199.204.45.216 "GET /v2.0/ports?tenant_id=c5fe6345603f4b2490053efc31891f0d&device_id=a7971f8f-def1-48ca-8f5b-8869076006b4 HTTP/1.1" status: 200 len: 1594 time: 0.0362554
2026-05-09 06:34:30.191 10 INFO neutron.wsgi [req-21c1ea0a-bd25-4a68-9aff-508eb4ac79ed req-aafcd5bb-3095-43e9-bab4-e07482697122 213b439b2ef749cba275d55974855653 2e02d35680164b7fba0d2fc3ee0573bf - - 281444ac8cb649fdaab116564d0e72d0 281444ac8cb649fdaab116564d0e72d0] 199.204.45.216 "GET /v2.0/networks?id=1415cc18-2f54-4b4d-b661-467c8367c5cf HTTP/1.1" status: 200 len: 1002 time: 0.0563953
2026-05-09 06:34:30.242 10 INFO neutron.wsgi [req-21c1ea0a-bd25-4a68-9aff-508eb4ac79ed req-ddb1e323-ff2e-41fd-b264-079a2b3ec223 213b439b2ef749cba275d55974855653 2e02d35680164b7fba0d2fc3ee0573bf - - 281444ac8cb649fdaab116564d0e72d0 281444ac8cb649fdaab116564d0e72d0] 199.204.45.216 "GET /v2.0/floatingips?fixed_ip_address=10.2.2.135&port_id=752fe533-dccb-4af6-8679-6cf0a9ecf64c HTTP/1.1" status: 200 len: 1059 time: 0.0450306
2026-05-09 06:34:30.272 10 INFO neutron.wsgi [req-21c1ea0a-bd25-4a68-9aff-508eb4ac79ed req-6f72eb9a-dad2-4aff-9fd4-c8aaf3d1c691 213b439b2ef749cba275d55974855653 2e02d35680164b7fba0d2fc3ee0573bf - - 281444ac8cb649fdaab116564d0e72d0 281444ac8cb649fdaab116564d0e72d0] 199.204.45.216 "GET /v2.0/floatingips?fixed_ip_address=fd77%3A1457%3A4cf0%3A26a8%3A%3A15d&port_id=752fe533-dccb-4af6-8679-6cf0a9ecf64c HTTP/1.1" status: 200 len: 217 time: 0.0232785
2026-05-09 06:34:30.321 10 INFO neutron.wsgi [req-21c1ea0a-bd25-4a68-9aff-508eb4ac79ed req-dfdfb849-a028-46b3-bed2-a45b38cbca0e 213b439b2ef749cba275d55974855653 2e02d35680164b7fba0d2fc3ee0573bf - - 281444ac8cb649fdaab116564d0e72d0 281444ac8cb649fdaab116564d0e72d0] 199.204.45.216 "GET /v2.0/subnets?id=cb32d41f-ed53-477c-aad7-369e5eaa38d3&id=d460c0af-bea4-4e97-98b7-d4ad360d2311 HTTP/1.1" status: 200 len: 1565 time: 0.0372274
2026-05-09 06:34:30.349 10 INFO neutron.wsgi [req-21c1ea0a-bd25-4a68-9aff-508eb4ac79ed req-dcef7085-e7ea-49be-9966-6ecc967d2ae7 213b439b2ef749cba275d55974855653 2e02d35680164b7fba0d2fc3ee0573bf - - 281444ac8cb649fdaab116564d0e72d0 281444ac8cb649fdaab116564d0e72d0] 199.204.45.216 "GET /v2.0/ports?network_id=1415cc18-2f54-4b4d-b661-467c8367c5cf&device_owner=network%3Adhcp HTTP/1.1" status: 200 len: 210 time: 0.0233042
2026-05-09 06:34:30.381 10 INFO neutron.wsgi [req-21c1ea0a-bd25-4a68-9aff-508eb4ac79ed req-13adb399-0cda-43af-ac34-0253b4b5f196 213b439b2ef749cba275d55974855653 2e02d35680164b7fba0d2fc3ee0573bf - - 281444ac8cb649fdaab116564d0e72d0 281444ac8cb649fdaab116564d0e72d0] 199.204.45.216 "GET /v2.0/ports?network_id=1415cc18-2f54-4b4d-b661-467c8367c5cf&device_owner=network%3Adhcp HTTP/1.1" status: 200 len: 210 time: 0.0238616
2026-05-09 06:34:30.441 10 INFO neutron.wsgi [req-21c1ea0a-bd25-4a68-9aff-508eb4ac79ed req-5789bdc0-4d9c-458f-89a7-07a98e0fd642 213b439b2ef749cba275d55974855653 2e02d35680164b7fba0d2fc3ee0573bf - - 281444ac8cb649fdaab116564d0e72d0 281444ac8cb649fdaab116564d0e72d0] 199.204.45.216 "GET /v2.0/networks/1415cc18-2f54-4b4d-b661-467c8367c5cf?fields=segments HTTP/1.1" status: 200 len: 212 time: 0.0540216
2026-05-09 06:34:30.508 10 INFO neutron.wsgi [req-21c1ea0a-bd25-4a68-9aff-508eb4ac79ed req-7e41f8d5-c0f6-421b-ba00-706647105fc2 213b439b2ef749cba275d55974855653 2e02d35680164b7fba0d2fc3ee0573bf - - 281444ac8cb649fdaab116564d0e72d0 281444ac8cb649fdaab116564d0e72d0] 199.204.45.216 "GET /v2.0/networks/1415cc18-2f54-4b4d-b661-467c8367c5cf?fields=provider%3Aphysical_network&fields=provider%3Anetwork_type HTTP/1.1" status: 200 len: 277 time: 0.0602551
2026-05-09 06:34:30.960 10 INFO neutron.wsgi [req-acd9beac-8f25-464e-a573-e33f1c026a7c req-91c0e9a2-aaad-4d92-8b56-a1c6663068e2 213b439b2ef749cba275d55974855653 2e02d35680164b7fba0d2fc3ee0573bf - - 281444ac8cb649fdaab116564d0e72d0 281444ac8cb649fdaab116564d0e72d0] 10.0.0.88 "GET /v2.0/ports?device_id=03ba5634-17aa-4718-b5cb-f80a6b8d37be HTTP/1.1" status: 200 len: 1590 time: 0.0378153
2026-05-09 06:34:31.003 10 INFO neutron.wsgi [req-acd9beac-8f25-464e-a573-e33f1c026a7c req-3117f145-1452-42d4-8264-2bf9ec92529d 213b439b2ef749cba275d55974855653 2e02d35680164b7fba0d2fc3ee0573bf - - 281444ac8cb649fdaab116564d0e72d0 281444ac8cb649fdaab116564d0e72d0] 10.0.0.88 "GET /v2.0/security-groups?id=02fc0c16-b35c-4291-9592-117a1b908fd0&fields=id&fields=name HTTP/1.1" status: 200 len: 311 time: 0.0336633
2026-05-09 06:34:32.169 9 INFO neutron.plugins.ml2.drivers.ovn.mech_driver.mech_driver [None req-f4930e83-a872-4a6e-bc02-5b4a4cd62197 - - - - - -] OVN reports status down for port: ef4b64ef-29e6-461b-a1f2-c287f0903ea3
2026-05-09 06:34:32.250 9 INFO neutron.wsgi [req-29d1e1cb-8159-44ed-b1f8-291f1fc44601 req-54832023-7702-4eef-9e4f-1acb8e4879a6 2254239456034da690c49466b8465146 e9deac30e19b4abf88923c3509cf5b4a - - default default] 10.0.0.153 "GET /v2.0/ports?device_id=f7098502-e5bb-4ac8-a0fe-04ba0c979948 HTTP/1.1" status: 200 len: 1174 time: 0.1438980
2026-05-09 06:34:32.318 9 INFO neutron.wsgi [req-29d1e1cb-8159-44ed-b1f8-291f1fc44601 req-696d7e3a-7e2f-4e44-bbb1-e600594fcad5 2254239456034da690c49466b8465146 e9deac30e19b4abf88923c3509cf5b4a - - default default] 10.0.0.153 "GET /v2.0/security-groups?id=28d4279a-6269-4ba8-b4e3-a7559c5d6112&fields=id&fields=name HTTP/1.1" status: 200 len: 313 time: 0.0600209
2026-05-09 06:34:32.319 9 INFO neutron.notifiers.nova [-] Nova event matching ['req-7bf9a699-008c-4d21-8ea4-b1ee6dc7f61f'] response: {'server_uuid': 'f7098502-e5bb-4ac8-a0fe-04ba0c979948', 'name': 'network-vif-unplugged', 'status': 'completed', 'tag': 'ef4b64ef-29e6-461b-a1f2-c287f0903ea3', 'code': 200}
2026-05-09 06:34:32.474 9 INFO neutron.db.ovn_revision_numbers_db [None req-f4930e83-a872-4a6e-bc02-5b4a4cd62197 - - - - - -] Successfully bumped revision number for resource ef4b64ef-29e6-461b-a1f2-c287f0903ea3 (type: ports) to 5
2026-05-09 06:34:32.557 10 INFO neutron.wsgi [req-bd1036af-f01b-46a2-901a-b72cf1a9717e req-d86df2b7-4fc1-4c2f-b70e-51ddbb248682 2254239456034da690c49466b8465146 e9deac30e19b4abf88923c3509cf5b4a - - default default] 199.204.45.216 "GET /v2.0/ports?device_id=f7098502-e5bb-4ac8-a0fe-04ba0c979948 HTTP/1.1" status: 200 len: 1172 time: 0.1192732
2026-05-09 06:34:33.215 10 INFO neutron.db.l3_db [None req-b11502d8-e32a-4a56-9967-0925de29302e 2254239456034da690c49466b8465146 e9deac30e19b4abf88923c3509cf5b4a - - - -] Floating IP 0a69a0fc-0c4a-4b07-9152-7e085a8b82a2 disassociated. External IP: 10.96.250.217, port: ef4b64ef-29e6-461b-a1f2-c287f0903ea3.
2026-05-09 06:34:33.387 10 INFO neutron.wsgi [None req-b11502d8-e32a-4a56-9967-0925de29302e 2254239456034da690c49466b8465146 e9deac30e19b4abf88923c3509cf5b4a - - - -] 199.204.45.216 "DELETE /v2.0/ports/ef4b64ef-29e6-461b-a1f2-c287f0903ea3 HTTP/1.1" status: 204 len: 173 time: 0.8239052 /var/lib/openstack/lib/python3.10/site-packages/pycadf/identifier.py:71: UserWarning: Invalid uuid: neutron. To ensure interoperability, identifiers should be a valid uuid. warnings.warn(('Invalid uuid: %s. To ensure interoperability, '
2026-05-09 06:34:33.427 10 INFO neutron.notifiers.nova [-] Nova event matching ['req-62d497c2-ace4-4b0e-9598-2ff8d19f052b'] response: {'server_uuid': 'f7098502-e5bb-4ac8-a0fe-04ba0c979948', 'name': 'network-vif-deleted', 'tag': 'ef4b64ef-29e6-461b-a1f2-c287f0903ea3', 'status': 'completed', 'code': 200}
2026-05-09 06:34:33.429 9 INFO neutron.wsgi [req-759461c4-131c-410f-b213-e6ed39731f54 req-5a9e1038-5092-4ee1-bf65-bdf923761804 2254239456034da690c49466b8465146 e9deac30e19b4abf88923c3509cf5b4a - - default default] 10.0.0.153 "GET /v2.0/ports?device_id=f7098502-e5bb-4ac8-a0fe-04ba0c979948 HTTP/1.1" status: 200 len: 210 time: 0.0321133
2026-05-09 06:34:34.370 9 INFO neutron.notifiers.nova [-] Nova event matching ['req-73111ab5-1cdd-46c9-8cf6-a10c9b8a3744'] response: {'server_uuid': 'f7098502-e5bb-4ac8-a0fe-04ba0c979948', 'name': 'network-vif-plugged', 'status': 'completed', 'tag': 'ef4b64ef-29e6-461b-a1f2-c287f0903ea3', 'code': 200}
2026-05-09 06:34:34.625 10 INFO neutron.wsgi [None req-910a0eeb-95af-436a-ab29-9c4b3146ec99 2254239456034da690c49466b8465146 e9deac30e19b4abf88923c3509cf5b4a - - - -] 10.0.0.2 "DELETE /v2.0/security-groups/28d4279a-6269-4ba8-b4e3-a7559c5d6112 HTTP/1.1" status: 204 len: 168 time: 0.1348054
2026-05-09 06:34:34.890 10 INFO neutron.wsgi [None req-a5dcb184-b6b7-4eb8-8a27-c181ed2a28b2 6545f5c60cb24806b538ca03a36c49d6 273570b6816242ba9a7165f2066f5d03 - - default default] 10.0.0.234 "GET /v2.0/subnets HTTP/1.1" status: 200 len: 6136 time: 0.0975144
2026-05-09 06:34:34.906 10 INFO neutron.wsgi [None req-48abf34f-b376-4ab2-b2a6-47d381e85344 6545f5c60cb24806b538ca03a36c49d6 273570b6816242ba9a7165f2066f5d03 - - default default] 10.0.0.234 "GET /v2.0/network-ip-availabilities HTTP/1.1" status: 200 len: 3810 time: 0.0137515
2026-05-09 06:34:34.960 10 INFO neutron.wsgi [None req-f6732947-8e96-4559-8a98-0cd0b3ab07ce 6545f5c60cb24806b538ca03a36c49d6 273570b6816242ba9a7165f2066f5d03 - - default default] 10.0.0.234 "GET /v2.0/subnets HTTP/1.1" status: 200 len: 6136 time: 0.0526242
2026-05-09 06:34:34.975 10 INFO neutron.wsgi [None req-a305c556-10c1-425d-9559-6ff30cb8d623 6545f5c60cb24806b538ca03a36c49d6 273570b6816242ba9a7165f2066f5d03 - - default default] 10.0.0.234 "GET /v2.0/subnetpools HTTP/1.1" status: 200 len: 193 time: 0.0128345
2026-05-09 06:34:35.036 10 INFO neutron.wsgi [None req-3e168109-8009-41fc-a82b-34065c2e2690 6545f5c60cb24806b538ca03a36c49d6 273570b6816242ba9a7165f2066f5d03 - - default default] 10.0.0.234 "GET /v2.0/floatingips HTTP/1.1" status: 200 len: 1879 time: 0.0600674
2026-05-09 06:34:35.060 10 INFO neutron.wsgi [None req-20d3b8e8-8a1c-43cf-be22-65ff0e1e0a18 2254239456034da690c49466b8465146 e9deac30e19b4abf88923c3509cf5b4a - - - -] 10.0.0.2 "DELETE /v2.0/floatingips/0a69a0fc-0c4a-4b07-9152-7e085a8b82a2 HTTP/1.1" status: 204 len: 168 time: 0.4054911
