2026-05-09 06:26:32.810 9 INFO neutron.wsgi [None req-b25c3ab1-cbb5-4f79-bd0f-5bdda3e8dd8e 6545f5c60cb24806b538ca03a36c49d6 273570b6816242ba9a7165f2066f5d03 - - default default] 199.204.45.216,10.0.0.198 "GET /v2.0/security-groups?tenant_id=273570b6816242ba9a7165f2066f5d03 HTTP/1.1" status: 200 len: 10157 time: 0.0846891
2026-05-09 06:26:33.635 9 INFO neutron.wsgi [None req-ef79aed0-54be-41d3-aa6b-9364f57f675b 6545f5c60cb24806b538ca03a36c49d6 273570b6816242ba9a7165f2066f5d03 - - default default] 199.204.45.216,10.0.0.198 "GET /v2.0/security-groups?tenant_id=273570b6816242ba9a7165f2066f5d03 HTTP/1.1" status: 200 len: 10157 time: 0.0834711
2026-05-09 06:26:34.442 9 INFO neutron.wsgi [None req-45433f7a-94b1-4d65-8188-3745164590cd 6545f5c60cb24806b538ca03a36c49d6 273570b6816242ba9a7165f2066f5d03 - - default default] 199.204.45.216,10.0.0.198 "GET /v2.0/security-groups?tenant_id=273570b6816242ba9a7165f2066f5d03 HTTP/1.1" status: 200 len: 10157 time: 0.0847571
2026-05-09 06:26:34.807 10 INFO neutron.wsgi [None req-ade27917-61d8-419d-8436-3417a3a60ceb 6545f5c60cb24806b538ca03a36c49d6 273570b6816242ba9a7165f2066f5d03 - - default default] 10.0.0.234 "GET /v2.0/floatingips HTTP/1.1" status: 200 len: 193 time: 0.0716727
2026-05-09 06:26:34.837 10 INFO neutron.wsgi [None req-6e372a3e-1cab-415e-9b7c-d4f7e18932b7 6545f5c60cb24806b538ca03a36c49d6 273570b6816242ba9a7165f2066f5d03 - - default default] 10.0.0.234 "GET /v2.0/ports HTTP/1.1" status: 200 len: 5251 time: 0.0297046
2026-05-09 06:26:34.922 10 INFO neutron.wsgi [None req-b9ab50c5-6334-49dc-a529-f628421a799a 6545f5c60cb24806b538ca03a36c49d6 273570b6816242ba9a7165f2066f5d03 - - default default] 10.0.0.234 "GET /v2.0/agents HTTP/1.1" status: 200 len: 997 time: 0.0806780
2026-05-09 06:26:34.993 10 INFO neutron.wsgi [None req-73c10398-e4a7-4b1e-97b2-26644585b3c1 6545f5c60cb24806b538ca03a36c49d6 273570b6816242ba9a7165f2066f5d03 - - default default] 10.0.0.234 "GET /v2.0/networks HTTP/1.1" status: 200 len: 2350 time: 0.0688703
2026-05-09 06:26:35.054 10 INFO neutron.wsgi [None req-13353e85-5804-4c55-9367-27ac327929ae 6545f5c60cb24806b538ca03a36c49d6 273570b6816242ba9a7165f2066f5d03 - - default default] 10.0.0.234 "GET /v2.0/security-groups HTTP/1.1" status: 200 len: 16799 time: 0.0583920
2026-05-09 06:26:35.087 10 INFO neutron.wsgi [None req-89c44e24-e76b-41e8-89a1-e206af7cba73 6545f5c60cb24806b538ca03a36c49d6 273570b6816242ba9a7165f2066f5d03 - - default default] 10.0.0.234 "GET /v2.0/routers HTTP/1.1" status: 200 len: 189 time: 0.0278220
2026-05-09 06:26:35.096 10 INFO neutron.wsgi [None req-5112fd9d-a44a-4e0b-898e-be7c95ad09aa 6545f5c60cb24806b538ca03a36c49d6 273570b6816242ba9a7165f2066f5d03 - - default default] 10.0.0.234 "GET /v2.0/agents?binary=ovn-controller HTTP/1.1" status: 200 len: 591 time: 0.0085473
2026-05-09 06:26:35.104 10 INFO neutron.wsgi [None req-85ef0e53-f298-4b5d-b047-dc19715bef24 6545f5c60cb24806b538ca03a36c49d6 273570b6816242ba9a7165f2066f5d03 - - default default] 10.0.0.234 "GET /v2.0/network-ip-availabilities HTTP/1.1" status: 200 len: 1280 time: 0.0074880
2026-05-09 06:26:35.137 10 INFO neutron.wsgi [None req-774893db-dad7-48fc-af69-29fe8c7562ce 6545f5c60cb24806b538ca03a36c49d6 273570b6816242ba9a7165f2066f5d03 - - default default] 10.0.0.234 "GET /v2.0/subnets HTTP/1.1" status: 200 len: 1437 time: 0.0317140
2026-05-09 06:26:35.147 10 INFO neutron.wsgi [None req-78eb1904-435e-4a97-b9c1-eaae58a8bcd0 6545f5c60cb24806b538ca03a36c49d6 273570b6816242ba9a7165f2066f5d03 - - default default] 10.0.0.234 "GET /v2.0/subnetpools HTTP/1.1" status: 200 len: 193 time: 0.0095756
2026-05-09 06:26:35.183 10 INFO neutron.wsgi [None req-b7b1177f-3786-40a1-a8e0-a0e6ac941ddf 6545f5c60cb24806b538ca03a36c49d6 273570b6816242ba9a7165f2066f5d03 - - default default] 10.0.0.234 "GET /v2.0/subnets HTTP/1.1" status: 200 len: 1437 time: 0.0302703
2026-05-09 06:26:35.336 9 INFO neutron.wsgi [None req-aaecfb98-3752-4d77-a9de-69840c8bdcc2 6545f5c60cb24806b538ca03a36c49d6 273570b6816242ba9a7165f2066f5d03 - - default default] 199.204.45.216,10.0.0.198 "GET /v2.0/security-groups?tenant_id=273570b6816242ba9a7165f2066f5d03 HTTP/1.1" status: 200 len: 10157 time: 0.0808716
2026-05-09 06:26:36.194 9 INFO neutron.wsgi [None req-f0a9ed45-fc97-43bd-934e-c779fc127eb1 6545f5c60cb24806b538ca03a36c49d6 273570b6816242ba9a7165f2066f5d03 - - default default] 199.204.45.216,10.0.0.198 "GET /v2.0/security-groups?tenant_id=273570b6816242ba9a7165f2066f5d03 HTTP/1.1" status: 200 len: 10157 time: 0.0808003
2026-05-09 06:26:37.430 9 INFO neutron.wsgi [None req-80f5be29-c82f-477f-ac70-a98d6a185047 6545f5c60cb24806b538ca03a36c49d6 273570b6816242ba9a7165f2066f5d03 - - default default] 199.204.45.216,10.0.0.198 "GET /v2.0/security-groups HTTP/1.1" status: 200 len: 16799 time: 0.0936813
2026-05-09 06:26:37.484 9 INFO neutron.wsgi [None req-7774c6d0-6a93-4139-a97b-cad408913ffc 6545f5c60cb24806b538ca03a36c49d6 273570b6816242ba9a7165f2066f5d03 - - default default] 199.204.45.216,10.0.0.198 "GET /v2.0/ports HTTP/1.1" status: 200 len: 5251 time: 0.0455351
2026-05-09 06:26:40.188 9 INFO neutron.wsgi [-] 10.0.0.198 "GET / HTTP/1.1" status: 200 len: 247 time: 0.0029941
2026-05-09 06:26:40.189 10 INFO neutron.wsgi [-] 10.0.0.198 "GET / HTTP/1.1" status: 200 len: 247 time: 0.0040154
2026-05-09 06:26:44.560 9 INFO neutron.pecan_wsgi.hooks.translation [None req-0e768b0f-3d38-4db4-ba4a-af27f65a59fe 6545f5c60cb24806b538ca03a36c49d6 273570b6816242ba9a7165f2066f5d03 - - default default] GET failed (client error): The resource could not be found.
2026-05-09 06:26:44.561 9 INFO neutron.wsgi [None req-0e768b0f-3d38-4db4-ba4a-af27f65a59fe 6545f5c60cb24806b538ca03a36c49d6 273570b6816242ba9a7165f2066f5d03 - - default default] 199.204.45.216,10.0.0.198 "GET /v2.0/ports/octavia-health-manager-port-instance HTTP/1.1" status: 404 len: 314 time: 0.1249745
2026-05-09 06:26:44.620 9 INFO neutron.wsgi [None req-dcb45cfe-1919-49da-b8da-9771e171ad28 6545f5c60cb24806b538ca03a36c49d6 273570b6816242ba9a7165f2066f5d03 - - default default] 199.204.45.216,10.0.0.198 "GET /v2.0/ports?name=octavia-health-manager-port-instance HTTP/1.1" status: 200 len: 1347 time: 0.0539827
2026-05-09 06:26:46.295 9 INFO neutron.wsgi [None req-964146ee-dd9d-4240-bc2a-f18222a376e4 6545f5c60cb24806b538ca03a36c49d6 273570b6816242ba9a7165f2066f5d03 - - default default] 199.204.45.216,10.0.0.198 "GET /v2.0/ports HTTP/1.1" status: 200 len: 5251 time: 0.0680337
2026-05-09 06:26:47.290 9 INFO neutron.wsgi [None req-4c378ccb-4883-41e1-b673-eea6fb3ffefe 6545f5c60cb24806b538ca03a36c49d6 273570b6816242ba9a7165f2066f5d03 - - default default] 199.204.45.216,10.0.0.198 "GET /v2.0/security-groups?tenant_id=273570b6816242ba9a7165f2066f5d03 HTTP/1.1" status: 200 len: 10157 time: 0.0741332
2026-05-09 06:26:48.174 9 INFO neutron.wsgi [None req-2cc71a6b-27c0-4a8e-8a5a-32f1b5ebb241 6545f5c60cb24806b538ca03a36c49d6 273570b6816242ba9a7165f2066f5d03 - - default default] 199.204.45.216,10.0.0.198 "GET /v2.0/security-groups?tenant_id=273570b6816242ba9a7165f2066f5d03 HTTP/1.1" status: 200 len: 10157 time: 0.0837548
2026-05-09 06:26:48.970 9 INFO neutron.wsgi [None req-aec6b0a1-1364-4486-b3c1-1a5f5e87086d 6545f5c60cb24806b538ca03a36c49d6 273570b6816242ba9a7165f2066f5d03 - - default default] 199.204.45.216,10.0.0.198 "GET /v2.0/security-groups?tenant_id=273570b6816242ba9a7165f2066f5d03 HTTP/1.1" status: 200 len: 10157 time: 0.0766487
2026-05-09 06:26:55.187 10 INFO neutron.wsgi [-] 10.0.0.198 "GET / HTTP/1.1" status: 200 len: 247 time: 0.0025098
2026-05-09 06:26:55.187 9 INFO neutron.wsgi [-] 10.0.0.198 "GET / HTTP/1.1" status: 200 len: 247 time: 0.0024259
2026-05-09 06:26:59.789 9 INFO neutron.wsgi [None req-c9823cee-1318-4357-8394-cdc0fca7cbea 6545f5c60cb24806b538ca03a36c49d6 273570b6816242ba9a7165f2066f5d03 - - default default] 199.204.45.216,10.0.0.198 "GET /v2.0/quotas/273570b6816242ba9a7165f2066f5d03 HTTP/1.1" status: 200 len: 361 time: 0.0125113
2026-05-09 06:27:10.187 9 INFO neutron.wsgi [-] 10.0.0.198 "GET / HTTP/1.1" status: 200 len: 247 time: 0.0023804
2026-05-09 06:27:10.187 10 INFO neutron.wsgi [-] 10.0.0.198 "GET / HTTP/1.1" status: 200 len: 247 time: 0.0025587
2026-05-09 06:27:25.186 10 INFO neutron.wsgi [-] 10.0.0.198 "GET / HTTP/1.1" status: 200 len: 247 time: 0.0017250
2026-05-09 06:27:25.187 9 INFO neutron.wsgi [-] 10.0.0.198 "GET / HTTP/1.1" status: 200 len: 247 time: 0.0029020
2026-05-09 06:27:34.820 10 INFO neutron.wsgi [None req-474efef1-129b-44b9-8f0e-80ce67aa0440 6545f5c60cb24806b538ca03a36c49d6 273570b6816242ba9a7165f2066f5d03 - - default default] 10.0.0.234 "GET /v2.0/network-ip-availabilities HTTP/1.1" status: 200 len: 1280 time: 0.0565162
2026-05-09 06:27:34.866 10 INFO neutron.wsgi [None req-82db8faf-ecba-41ec-a728-ab754256feb9 6545f5c60cb24806b538ca03a36c49d6 273570b6816242ba9a7165f2066f5d03 - - default default] 10.0.0.234 "GET /v2.0/floatingips HTTP/1.1" status: 200 len: 193 time: 0.0447996
2026-05-09 06:27:34.943 10 INFO neutron.wsgi [None req-f2cd1ccc-180a-43b8-9c79-1d6c160c2f85 6545f5c60cb24806b538ca03a36c49d6 273570b6816242ba9a7165f2066f5d03 - - default default] 10.0.0.234 "GET /v2.0/security-groups HTTP/1.1" status: 200 len: 16799 time: 0.0751314
2026-05-09 06:27:34.981 10 INFO neutron.wsgi [None req-1308ffcc-97e8-4d2f-be17-59a4066fc3a8 6545f5c60cb24806b538ca03a36c49d6 273570b6816242ba9a7165f2066f5d03 - - default default] 10.0.0.234 "GET /v2.0/subnets HTTP/1.1" status: 200 len: 1437 time: 0.0352604
2026-05-09 06:27:35.018 10 INFO neutron.wsgi [None req-e2818ec8-3100-426a-bab6-b12e952e3ef7 6545f5c60cb24806b538ca03a36c49d6 273570b6816242ba9a7165f2066f5d03 - - default default] 10.0.0.234 "GET /v2.0/subnets HTTP/1.1" status: 200 len: 1437 time: 0.0353866
2026-05-09 06:27:35.029 10 INFO neutron.wsgi [None req-ee225482-6093-4cdf-aa35-0e37113596cf 6545f5c60cb24806b538ca03a36c49d6 273570b6816242ba9a7165f2066f5d03 - - default default] 10.0.0.234 "GET /v2.0/subnetpools HTTP/1.1" status: 200 len: 193 time: 0.0093999
2026-05-09 06:27:35.088 10 INFO neutron.wsgi [None req-4fc2f249-857f-4a70-b314-95bc4377f803 6545f5c60cb24806b538ca03a36c49d6 273570b6816242ba9a7165f2066f5d03 - - default default] 10.0.0.234 "GET /v2.0/networks HTTP/1.1" status: 200 len: 2350 time: 0.0579054
2026-05-09 06:27:35.131 10 INFO neutron.wsgi [None req-712fe0aa-d377-4869-a052-b7e753d14e5b 6545f5c60cb24806b538ca03a36c49d6 273570b6816242ba9a7165f2066f5d03 - - default default] 10.0.0.234 "GET /v2.0/agents HTTP/1.1" status: 200 len: 997 time: 0.0401583
2026-05-09 06:27:35.164 10 INFO neutron.wsgi [None req-21c75d48-f66d-407b-816a-701d40eb263f 6545f5c60cb24806b538ca03a36c49d6 273570b6816242ba9a7165f2066f5d03 - - default default] 10.0.0.234 "GET /v2.0/ports HTTP/1.1" status: 200 len: 5251 time: 0.0317326
2026-05-09 06:27:35.197 10 INFO neutron.wsgi [None req-ee5cd1f9-886c-48ae-8936-5939446bde8d 6545f5c60cb24806b538ca03a36c49d6 273570b6816242ba9a7165f2066f5d03 - - default default] 10.0.0.234 "GET /v2.0/routers HTTP/1.1" status: 200 len: 189 time: 0.0307465
2026-05-09 06:27:35.208 10 INFO neutron.wsgi [None req-7d7600d7-0aab-4fdf-8d53-c1aa33ac5d11 6545f5c60cb24806b538ca03a36c49d6 273570b6816242ba9a7165f2066f5d03 - - default default] 10.0.0.234 "GET /v2.0/agents?binary=ovn-controller HTTP/1.1" status: 200 len: 591 time: 0.0101073
2026-05-09 06:27:40.188 9 INFO neutron.wsgi [-] 10.0.0.198 "GET / HTTP/1.1" status: 200 len: 247 time: 0.0032134
2026-05-09 06:27:40.188 10 INFO neutron.wsgi [-] 10.0.0.198 "GET / HTTP/1.1" status: 200 len: 247 time: 0.0032649
2026-05-09 06:27:53.018 9 INFO neutron.wsgi [None req-eb3e185b-7b68-428e-aac6-d5bff91ca6ca 6545f5c60cb24806b538ca03a36c49d6 273570b6816242ba9a7165f2066f5d03 - - default default] 199.204.45.216,10.0.0.198 "GET /v2.0/security-groups?tenant_id=2e02d35680164b7fba0d2fc3ee0573bf HTTP/1.1" status: 200 len: 6838 time: 0.0775909
2026-05-09 06:27:54.001 9 INFO neutron.wsgi [None req-144cb396-9fd0-4135-b661-9ee9714b902b 6545f5c60cb24806b538ca03a36c49d6 273570b6816242ba9a7165f2066f5d03 - - default default] 199.204.45.216,10.0.0.198 "GET /v2.0/security-groups?tenant_id=2e02d35680164b7fba0d2fc3ee0573bf HTTP/1.1" status: 200 len: 6838 time: 0.0929754
2026-05-09 06:27:54.823 9 INFO neutron.wsgi [None req-f59552a5-82bf-44e4-8fd8-b80f2edb5868 6545f5c60cb24806b538ca03a36c49d6 273570b6816242ba9a7165f2066f5d03 - - default default] 199.204.45.216,10.0.0.198 "GET /v2.0/security-groups?tenant_id=2e02d35680164b7fba0d2fc3ee0573bf HTTP/1.1" status: 200 len: 6838 time: 0.0689311
2026-05-09 06:27:55.187 9 INFO neutron.wsgi [-] 10.0.0.198 "GET / HTTP/1.1" status: 200 len: 247 time: 0.0023546
2026-05-09 06:27:55.193 10 INFO neutron.wsgi [-] 10.0.0.198 "GET / HTTP/1.1" status: 200 len: 247 time: 0.0090683
2026-05-09 06:27:55.650 9 INFO neutron.wsgi [None req-8b2ae4b6-ce8a-447e-9ff0-1dba4b1b2c8e 6545f5c60cb24806b538ca03a36c49d6 273570b6816242ba9a7165f2066f5d03 - - default default] 199.204.45.216,10.0.0.198 "GET /v2.0/security-groups?tenant_id=2e02d35680164b7fba0d2fc3ee0573bf HTTP/1.1" status: 200 len: 6838 time: 0.0703835
2026-05-09 06:27:56.575 9 INFO neutron.wsgi [None req-a080e4c1-3365-4dbd-abba-23c55fb4f657 6545f5c60cb24806b538ca03a36c49d6 273570b6816242ba9a7165f2066f5d03 - - default default] 199.204.45.216,10.0.0.198 "GET /v2.0/security-groups?tenant_id=2e02d35680164b7fba0d2fc3ee0573bf HTTP/1.1" status: 200 len: 6838 time: 0.0722713
2026-05-09 06:28:03.769 9 INFO neutron.wsgi [None req-9f42859e-3ce1-411a-9088-5911d6d11184 6545f5c60cb24806b538ca03a36c49d6 273570b6816242ba9a7165f2066f5d03 - - default default] 199.204.45.216,10.0.0.198 "GET /v2.0/quotas/2e02d35680164b7fba0d2fc3ee0573bf HTTP/1.1" status: 200 len: 361 time: 0.0138695
2026-05-09 06:28:10.187 10 INFO neutron.wsgi [-] 10.0.0.198 "GET / HTTP/1.1" status: 200 len: 247 time: 0.0018833
2026-05-09 06:28:10.190 10 INFO neutron.wsgi [-] 10.0.0.198 "GET / HTTP/1.1" status: 200 len: 247 time: 0.0012369
2026-05-09 06:28:25.186 9 INFO neutron.wsgi [-] 10.0.0.198 "GET / HTTP/1.1" status: 200 len: 247 time: 0.0022776
2026-05-09 06:28:25.187 10 INFO neutron.wsgi [-] 10.0.0.198 "GET / HTTP/1.1" status: 200 len: 247 time: 0.0030532
2026-05-09 06:28:34.823 10 INFO neutron.wsgi [None req-a8e48551-bfa6-424c-9e4e-41e0edc78494 6545f5c60cb24806b538ca03a36c49d6 273570b6816242ba9a7165f2066f5d03 - - default default] 10.0.0.234 "GET /v2.0/networks HTTP/1.1" status: 200 len: 2350 time: 0.0844307
2026-05-09 06:28:34.848 10 INFO neutron.wsgi [None req-2e5216d0-cf62-4807-9031-8fc5a2a9bb54 6545f5c60cb24806b538ca03a36c49d6 273570b6816242ba9a7165f2066f5d03 - - default default] 10.0.0.234 "GET /v2.0/subnets HTTP/1.1" status: 200 len: 1437 time: 0.0238738
2026-05-09 06:28:34.857 10 INFO neutron.wsgi [None req-6f9432ca-fe12-4b6e-ae4e-a4b8ff4296ed 6545f5c60cb24806b538ca03a36c49d6 273570b6816242ba9a7165f2066f5d03 - - default default] 10.0.0.234 "GET /v2.0/subnetpools HTTP/1.1" status: 200 len: 193 time: 0.0082834
2026-05-09 06:28:34.877 10 INFO neutron.wsgi [None req-b6c15363-2e4d-41b6-87d0-a53d4503b99c 6545f5c60cb24806b538ca03a36c49d6 273570b6816242ba9a7165f2066f5d03 - - default default] 10.0.0.234 "GET /v2.0/floatingips HTTP/1.1" status: 200 len: 193 time: 0.0191476
2026-05-09 06:28:34.906 10 INFO neutron.wsgi [None req-2f98b2a5-578a-4369-bba0-f7045a41f6a1 6545f5c60cb24806b538ca03a36c49d6 273570b6816242ba9a7165f2066f5d03 - - default default] 10.0.0.234 "GET /v2.0/agents HTTP/1.1" status: 200 len: 997 time: 0.0281947
2026-05-09 06:28:34.919 10 INFO neutron.wsgi [None req-60fabe30-0b28-4d73-a678-3a339c8867b7 6545f5c60cb24806b538ca03a36c49d6 273570b6816242ba9a7165f2066f5d03 - - default default] 10.0.0.234 "GET /v2.0/network-ip-availabilities HTTP/1.1" status: 200 len: 1280 time: 0.0122647
2026-05-09 06:28:34.951 10 INFO neutron.wsgi [None req-b53fc132-1db2-49b2-bba3-196226afb57f 6545f5c60cb24806b538ca03a36c49d6 273570b6816242ba9a7165f2066f5d03 - - default default] 10.0.0.234 "GET /v2.0/routers HTTP/1.1" status: 200 len: 189 time: 0.0310307
2026-05-09 06:28:34.961 10 INFO neutron.wsgi [None req-85b144c3-8513-4ce3-9424-d5876c8d8a5a 6545f5c60cb24806b538ca03a36c49d6 273570b6816242ba9a7165f2066f5d03 - - default default] 10.0.0.234 "GET /v2.0/agents?binary=ovn-controller HTTP/1.1" status: 200 len: 591 time: 0.0093243
2026-05-09 06:28:34.991 10 INFO neutron.wsgi [None req-d78c9df1-2df6-48dd-a96c-85ebd9039f13 6545f5c60cb24806b538ca03a36c49d6 273570b6816242ba9a7165f2066f5d03 - - default default] 10.0.0.234 "GET /v2.0/ports HTTP/1.1" status: 200 len: 5251 time: 0.0295355
2026-05-09 06:28:35.046 10 INFO neutron.wsgi [None req-97ced0b2-c017-49a1-932b-8d2aa6f3fa05 6545f5c60cb24806b538ca03a36c49d6 273570b6816242ba9a7165f2066f5d03 - - default default] 10.0.0.234 "GET /v2.0/security-groups HTTP/1.1" status: 200 len: 16799 time: 0.0527458
2026-05-09 06:28:35.075 10 INFO neutron.wsgi [None req-bb4210eb-ab11-446e-ab37-3f396c6a325d 6545f5c60cb24806b538ca03a36c49d6 273570b6816242ba9a7165f2066f5d03 - - default default] 10.0.0.234 "GET /v2.0/subnets HTTP/1.1" status: 200 len: 1437 time: 0.0251570
2026-05-09 06:28:40.186 10 INFO neutron.wsgi [-] 10.0.0.198 "GET / HTTP/1.1" status: 200 len: 247 time: 0.0016673
2026-05-09 06:28:40.187 9 INFO neutron.wsgi [-] 10.0.0.198 "GET / HTTP/1.1" status: 200 len: 247 time: 0.0031271
2026-05-09 06:28:54.128 9 INFO neutron.wsgi [None req-c099eb42-23bb-4ad1-a464-1358d5b4c29b 6545f5c60cb24806b538ca03a36c49d6 273570b6816242ba9a7165f2066f5d03 - - default default] 199.204.45.216,10.0.0.198 "GET /v2.0/networks HTTP/1.1" status: 200 len: 2350 time: 0.0936413
2026-05-09 06:28:55.185 9 INFO neutron.wsgi [-] 10.0.0.198 "GET / HTTP/1.1" status: 200 len: 247 time: 0.0013273
2026-05-09 06:28:55.187 9 INFO neutron.wsgi [-] 10.0.0.198 "GET / HTTP/1.1" status: 200 len: 247 time: 0.0009456
2026-05-09 06:29:10.187 9 INFO neutron.wsgi [-] 10.0.0.198 "GET / HTTP/1.1" status: 200 len: 247 time: 0.0028000
2026-05-09 06:29:10.190 9 INFO neutron.wsgi [-] 10.0.0.198 "GET / HTTP/1.1" status: 200 len: 247 time: 0.0022700
2026-05-09 06:29:25.188 9 INFO neutron.wsgi [-] 10.0.0.198 "GET / HTTP/1.1" status: 200 len: 247 time: 0.0037785
2026-05-09 06:29:25.189 10 INFO neutron.wsgi [-] 10.0.0.198 "GET / HTTP/1.1" status: 200 len: 247 time: 0.0048397
2026-05-09 06:29:34.969 10 INFO neutron.wsgi [None req-cc46ff05-b628-42c6-9262-527997c878d5 6545f5c60cb24806b538ca03a36c49d6 273570b6816242ba9a7165f2066f5d03 - - default default] 10.0.0.234 "GET /v2.0/floatingips HTTP/1.1" status: 200 len: 193 time: 0.1723650
2026-05-09 06:29:35.056 10 INFO neutron.wsgi [None req-e8de2abd-0c77-4ac7-a363-2f4bb2843813 6545f5c60cb24806b538ca03a36c49d6 273570b6816242ba9a7165f2066f5d03 - - default default] 10.0.0.234 "GET /v2.0/networks HTTP/1.1" status: 200 len: 2350 time: 0.0856495
2026-05-09 06:29:35.106 10 INFO neutron.wsgi [None req-d02b377e-2097-4bb8-824c-7b3d0f955c72 6545f5c60cb24806b538ca03a36c49d6 273570b6816242ba9a7165f2066f5d03 - - default default] 10.0.0.234 "GET /v2.0/ports HTTP/1.1" status: 200 len: 5251 time: 0.0450363
2026-05-09 06:29:35.169 10 INFO neutron.wsgi [None req-6b00eaa5-e956-4d24-84bb-85eb61b54c80 6545f5c60cb24806b538ca03a36c49d6 273570b6816242ba9a7165f2066f5d03 - - default default] 10.0.0.234 "GET /v2.0/subnets HTTP/1.1" status: 200 len: 1437 time: 0.0597377
2026-05-09 06:29:35.182 10 INFO neutron.wsgi [None req-dd474004-596b-4248-b5a4-d3466e6c228f 6545f5c60cb24806b538ca03a36c49d6 273570b6816242ba9a7165f2066f5d03 - - default default] 10.0.0.234 "GET /v2.0/subnetpools HTTP/1.1" status: 200 len: 193 time: 0.0117059
2026-05-09 06:29:35.231 10 INFO neutron.wsgi [None req-da923317-fcca-4d3d-8998-105648af0793 6545f5c60cb24806b538ca03a36c49d6 273570b6816242ba9a7165f2066f5d03 - - default default] 10.0.0.234 "GET /v2.0/subnets HTTP/1.1" status: 200 len: 1437 time: 0.0476134
2026-05-09 06:29:35.253 10 INFO neutron.wsgi [None req-cead03e9-ff73-4c31-89a3-065fc2e5992f 6545f5c60cb24806b538ca03a36c49d6 273570b6816242ba9a7165f2066f5d03 - - default default] 10.0.0.234 "GET /v2.0/routers HTTP/1.1" status: 200 len: 189 time: 0.0209968
2026-05-09 06:29:35.260 9 INFO neutron.wsgi [None req-3c90b002-303f-4f48-93b3-32fac62df70e 6545f5c60cb24806b538ca03a36c49d6 273570b6816242ba9a7165f2066f5d03 - - default default] 10.0.0.2 "GET /v2.0/networks HTTP/1.1" status: 200 len: 2369 time: 0.1191821
2026-05-09 06:29:35.285 10 INFO neutron.wsgi [None req-9fad81be-ca8c-44da-9ea2-a9963d35878f 6545f5c60cb24806b538ca03a36c49d6 273570b6816242ba9a7165f2066f5d03 - - default default] 10.0.0.234 "GET /v2.0/agents?binary=ovn-controller HTTP/1.1" status: 200 len: 591 time: 0.0313103
2026-05-09 06:29:35.296 10 INFO neutron.wsgi [None req-9dc12e8a-b0a9-4140-84be-8cb23339365f 6545f5c60cb24806b538ca03a36c49d6 273570b6816242ba9a7165f2066f5d03 - - default default] 10.0.0.234 "GET /v2.0/agents HTTP/1.1" status: 200 len: 997 time: 0.0099795
2026-05-09 06:29:35.305 10 INFO neutron.wsgi [None req-59562b3c-bd07-4149-8e1d-78723cdc0e1e 6545f5c60cb24806b538ca03a36c49d6 273570b6816242ba9a7165f2066f5d03 - - default default] 10.0.0.234 "GET /v2.0/network-ip-availabilities HTTP/1.1" status: 200 len: 1280 time: 0.0076571
2026-05-09 06:29:35.360 10 INFO neutron.wsgi [None req-020c7d78-5c68-4308-bb05-91bcec830ca2 6545f5c60cb24806b538ca03a36c49d6 273570b6816242ba9a7165f2066f5d03 - - default default] 10.0.0.234 "GET /v2.0/security-groups HTTP/1.1" status: 200 len: 16799 time: 0.0544975
2026-05-09 06:29:36.382 10 INFO neutron.wsgi [None req-66ffea57-7553-4e43-9ba2-e7c61144d59b 6545f5c60cb24806b538ca03a36c49d6 273570b6816242ba9a7165f2066f5d03 - - default default] 10.0.0.2 "GET /v2.0/floatingips HTTP/1.1" status: 200 len: 212 time: 0.0218635
2026-05-09 06:29:36.410 10 INFO neutron.wsgi [None req-c181a43e-6ad5-4804-a94f-138121aad9c9 6545f5c60cb24806b538ca03a36c49d6 273570b6816242ba9a7165f2066f5d03 - - default default] 10.0.0.2 "GET /v2.0/routers HTTP/1.1" status: 200 len: 208 time: 0.0243077
2026-05-09 06:29:36.449 10 INFO neutron.wsgi [None req-1528206f-dddc-4cdd-bec7-5fa5e29a4d4e 6545f5c60cb24806b538ca03a36c49d6 273570b6816242ba9a7165f2066f5d03 - - default default] 10.0.0.2 "GET /v2.0/ports HTTP/1.1" status: 200 len: 5270 time: 0.0344293
2026-05-09 06:29:36.490 10 INFO neutron.wsgi [None req-4053c54e-618b-490d-bebb-88745dcd5e6d 6545f5c60cb24806b538ca03a36c49d6 273570b6816242ba9a7165f2066f5d03 - - default default] 10.0.0.2 "GET /v2.0/subnets HTTP/1.1" status: 200 len: 1456 time: 0.0369000
2026-05-09 06:29:36.554 10 INFO neutron.wsgi [None req-1877ce67-01ec-40a6-8e1b-d26f26b74c84 6545f5c60cb24806b538ca03a36c49d6 273570b6816242ba9a7165f2066f5d03 - - default default] 10.0.0.2 "GET /v2.0/networks HTTP/1.1" status: 200 len: 2369 time: 0.0614464
2026-05-09 06:29:36.611 10 INFO neutron.wsgi [None req-966495d5-d1d8-4df5-bf5c-a19538d1e386 6545f5c60cb24806b538ca03a36c49d6 273570b6816242ba9a7165f2066f5d03 - - default default] 10.0.0.2 "GET /v2.0/security-groups HTTP/1.1" status: 200 len: 16818 time: 0.0529976
2026-05-09 06:29:36.628 10 INFO neutron.wsgi [None req-86dff4cc-f8f6-48fe-b6fd-33bee595a0fc 6545f5c60cb24806b538ca03a36c49d6 273570b6816242ba9a7165f2066f5d03 - - default default] 10.0.0.2 "GET /v2.0/subnetpools HTTP/1.1" status: 200 len: 212 time: 0.0115900
2026-05-09 06:29:40.187 10 INFO neutron.wsgi [-] 10.0.0.198 "GET / HTTP/1.1" status: 200 len: 247 time: 0.0031381
2026-05-09 06:29:40.190 9 INFO neutron.wsgi [-] 10.0.0.198 "GET / HTTP/1.1" status: 200 len: 247 time: 0.0045862
2026-05-09 06:29:47.626 10 INFO neutron.db.ovn_revision_numbers_db [None req-9db8220c-7448-4832-83e5-f8620280c89b 6545f5c60cb24806b538ca03a36c49d6 273570b6816242ba9a7165f2066f5d03 - - - -] Successfully bumped revision number for resource 28652136-cf75-4d87-a87e-5a0996bf194f (type: security_groups) to 1
2026-05-09 06:29:47.628 9 INFO neutron.db.ovn_revision_numbers_db [None req-c935fe7c-0725-4c26-a83c-6eb3453eaeff 6545f5c60cb24806b538ca03a36c49d6 273570b6816242ba9a7165f2066f5d03 - - - -] Successfully bumped revision number for resource 36bc983f-34b9-47e8-8b1e-08bd63650f4d (type: security_groups) to 1
2026-05-09 06:29:47.654 10 INFO neutron.db.ovn_revision_numbers_db [None req-f6069f7f-0d49-495e-85c4-2354f9bf82b3 6545f5c60cb24806b538ca03a36c49d6 273570b6816242ba9a7165f2066f5d03 - - - -] Successfully bumped revision number for resource 10dda0cc-d254-4871-a524-6a882cb65424 (type: security_groups) to 1
2026-05-09 06:29:47.688 10 INFO neutron.db.segments_db [None req-9db8220c-7448-4832-83e5-f8620280c89b 6545f5c60cb24806b538ca03a36c49d6 273570b6816242ba9a7165f2066f5d03 - - - -] Added segment 183810e1-2068-47be-93a0-ff151a49f765 of type geneve for network 0c3873ce-c912-4a1d-b533-ff868faf2197
2026-05-09 06:29:47.694 9 INFO neutron.db.segments_db [None req-c935fe7c-0725-4c26-a83c-6eb3453eaeff 6545f5c60cb24806b538ca03a36c49d6 273570b6816242ba9a7165f2066f5d03 - - - -] Added segment 3779edb9-33cd-49ef-b36a-c5614eba3f28 of type geneve for network 4774bbc5-ec20-4489-b6e8-b6ef71e83377
2026-05-09 06:29:47.712 10 INFO neutron.db.segments_db [None req-f6069f7f-0d49-495e-85c4-2354f9bf82b3 6545f5c60cb24806b538ca03a36c49d6 273570b6816242ba9a7165f2066f5d03 - - - -] Added segment 0207f44e-4666-4025-8423-8c3c839172ba of type geneve for network 0544f611-2111-4c90-97a1-f5433725e79e
2026-05-09 06:29:47.832 9 INFO neutron.db.ovn_revision_numbers_db [None req-c935fe7c-0725-4c26-a83c-6eb3453eaeff 6545f5c60cb24806b538ca03a36c49d6 273570b6816242ba9a7165f2066f5d03 - - - -] Successfully bumped revision number for resource 4774bbc5-ec20-4489-b6e8-b6ef71e83377 (type: networks) to 1
2026-05-09 06:29:47.942 10 INFO neutron.db.ovn_revision_numbers_db [None req-9db8220c-7448-4832-83e5-f8620280c89b 6545f5c60cb24806b538ca03a36c49d6 273570b6816242ba9a7165f2066f5d03 - - - -] Successfully bumped revision number for resource 0c3873ce-c912-4a1d-b533-ff868faf2197 (type: networks) to 1
2026-05-09 06:29:48.011 10 INFO neutron.db.ovn_revision_numbers_db [None req-f6069f7f-0d49-495e-85c4-2354f9bf82b3 6545f5c60cb24806b538ca03a36c49d6 273570b6816242ba9a7165f2066f5d03 - - - -] Successfully bumped revision number for resource 0544f611-2111-4c90-97a1-f5433725e79e (type: networks) to 1
2026-05-09 06:29:48.034 9 WARNING neutron.scheduler.dhcp_agent_scheduler [None req-c935fe7c-0725-4c26-a83c-6eb3453eaeff 6545f5c60cb24806b538ca03a36c49d6 273570b6816242ba9a7165f2066f5d03 - - - -] No more DHCP agents
2026-05-09 06:29:48.036 9 WARNING neutron.api.rpc.agentnotifiers.dhcp_rpc_agent_api [None req-c935fe7c-0725-4c26-a83c-6eb3453eaeff 6545f5c60cb24806b538ca03a36c49d6 273570b6816242ba9a7165f2066f5d03 - - - -] Unable to schedule network 4774bbc5-ec20-4489-b6e8-b6ef71e83377: no agents available; will retry on subsequent port and subnet creation events.
2026-05-09 06:29:48.129 9 INFO neutron.db.ovn_revision_numbers_db [None req-c935fe7c-0725-4c26-a83c-6eb3453eaeff 6545f5c60cb24806b538ca03a36c49d6 273570b6816242ba9a7165f2066f5d03 - - - -] Successfully bumped revision number for resource f394babb-49e7-4613-9ea3-05ad075de5e2 (type: ports) to 1
2026-05-09 06:29:48.164 9 INFO neutron.wsgi [None req-c935fe7c-0725-4c26-a83c-6eb3453eaeff 6545f5c60cb24806b538ca03a36c49d6 273570b6816242ba9a7165f2066f5d03 - - - -] 10.0.0.2 "POST /v2.0/networks HTTP/1.1" status: 201 len: 945 time: 0.9328425
2026-05-09 06:29:48.216 10 WARNING neutron.scheduler.dhcp_agent_scheduler [None req-9db8220c-7448-4832-83e5-f8620280c89b 6545f5c60cb24806b538ca03a36c49d6 273570b6816242ba9a7165f2066f5d03 - - - -] No more DHCP agents
2026-05-09 06:29:48.218 10 WARNING neutron.api.rpc.agentnotifiers.dhcp_rpc_agent_api [None req-9db8220c-7448-4832-83e5-f8620280c89b 6545f5c60cb24806b538ca03a36c49d6 273570b6816242ba9a7165f2066f5d03 - - - -] Unable to schedule network 0c3873ce-c912-4a1d-b533-ff868faf2197: no agents available; will retry on subsequent port and subnet creation events.
2026-05-09 06:29:48.251 10 WARNING neutron.scheduler.dhcp_agent_scheduler [None req-f6069f7f-0d49-495e-85c4-2354f9bf82b3 6545f5c60cb24806b538ca03a36c49d6 273570b6816242ba9a7165f2066f5d03 - - - -] No more DHCP agents
2026-05-09 06:29:48.266 10 WARNING neutron.api.rpc.agentnotifiers.dhcp_rpc_agent_api [None req-f6069f7f-0d49-495e-85c4-2354f9bf82b3 6545f5c60cb24806b538ca03a36c49d6 273570b6816242ba9a7165f2066f5d03 - - - -] Unable to schedule network 0544f611-2111-4c90-97a1-f5433725e79e: no agents available; will retry on subsequent port and subnet creation events.
2026-05-09 06:29:48.305 10 INFO neutron.db.ovn_revision_numbers_db [None req-9db8220c-7448-4832-83e5-f8620280c89b 6545f5c60cb24806b538ca03a36c49d6 273570b6816242ba9a7165f2066f5d03 - - - -] Successfully bumped revision number for resource 2b614e11-9fed-4e00-8405-05ac4da494d6 (type: ports) to 1
2026-05-09 06:29:48.341 10 INFO neutron.wsgi [None req-9db8220c-7448-4832-83e5-f8620280c89b 6545f5c60cb24806b538ca03a36c49d6 273570b6816242ba9a7165f2066f5d03 - - - -] 10.0.0.2 "POST /v2.0/networks HTTP/1.1" status: 201 len: 948 time: 1.0602281
2026-05-09 06:29:48.342 10 INFO neutron.db.ovn_revision_numbers_db [None req-f6069f7f-0d49-495e-85c4-2354f9bf82b3 6545f5c60cb24806b538ca03a36c49d6 273570b6816242ba9a7165f2066f5d03 - - - -] Successfully bumped revision number for resource 28deb8c5-c99e-44d8-ba90-791efcd5be5b (type: ports) to 1
2026-05-09 06:29:48.348 9 WARNING neutron.scheduler.dhcp_agent_scheduler [None req-fc6b030e-db84-4c25-bf71-7b01b08c8a45 6545f5c60cb24806b538ca03a36c49d6 273570b6816242ba9a7165f2066f5d03 - - - -] No more DHCP agents
2026-05-09 06:29:48.349 9 WARNING neutron.api.rpc.agentnotifiers.dhcp_rpc_agent_api [None req-fc6b030e-db84-4c25-bf71-7b01b08c8a45 6545f5c60cb24806b538ca03a36c49d6 273570b6816242ba9a7165f2066f5d03 - - - -] Unable to schedule network 4774bbc5-ec20-4489-b6e8-b6ef71e83377: no agents available; will retry on subsequent port and subnet creation events.
2026-05-09 06:29:48.406 10 INFO neutron.wsgi [None req-f6069f7f-0d49-495e-85c4-2354f9bf82b3 6545f5c60cb24806b538ca03a36c49d6 273570b6816242ba9a7165f2066f5d03 - - - -] 10.0.0.2 "POST /v2.0/networks HTTP/1.1" status: 201 len: 951 time: 0.9721589
2026-05-09 06:29:48.540 10 WARNING neutron.scheduler.dhcp_agent_scheduler [None req-c75ff083-e60d-46b9-bba9-efc39fe0286b 6545f5c60cb24806b538ca03a36c49d6 273570b6816242ba9a7165f2066f5d03 - - - -] No more DHCP agents
2026-05-09 06:29:48.544 10 WARNING neutron.api.rpc.agentnotifiers.dhcp_rpc_agent_api [None req-c75ff083-e60d-46b9-bba9-efc39fe0286b 6545f5c60cb24806b538ca03a36c49d6 273570b6816242ba9a7165f2066f5d03 - - - -] Unable to schedule network 0c3873ce-c912-4a1d-b533-ff868faf2197: no agents available; will retry on subsequent port and subnet creation events.
2026-05-09 06:29:48.618 10 INFO neutron.db.ovn_revision_numbers_db [None req-4d91ee70-37b4-4401-af29-b0d154113f84 6545f5c60cb24806b538ca03a36c49d6 273570b6816242ba9a7165f2066f5d03 - - default default] Successfully bumped revision number for resource 0d7e28ca-5ef1-469d-9ddb-24cfb13decb3 (type: security_groups) to 1
2026-05-09 06:29:48.653 10 INFO neutron.wsgi [None req-4d91ee70-37b4-4401-af29-b0d154113f84 6545f5c60cb24806b538ca03a36c49d6 273570b6816242ba9a7165f2066f5d03 - - default default] 10.0.0.2 "GET /v2.0/security-groups?tenant_id=f809253991584b2a87b9b075a144e5cb&name=default HTTP/1.1" status: 200 len: 2992 time: 0.2563705
2026-05-09 06:29:48.714 9 WARNING neutron.scheduler.dhcp_agent_scheduler [None req-2d7b2eea-b956-431d-8013-23e37d5807e4 6545f5c60cb24806b538ca03a36c49d6 273570b6816242ba9a7165f2066f5d03 - - - -] No more DHCP agents
2026-05-09 06:29:48.718 9 WARNING neutron.api.rpc.agentnotifiers.dhcp_rpc_agent_api [None req-2d7b2eea-b956-431d-8013-23e37d5807e4 6545f5c60cb24806b538ca03a36c49d6 273570b6816242ba9a7165f2066f5d03 - - - -] Unable to schedule network 0544f611-2111-4c90-97a1-f5433725e79e: no agents available; will retry on subsequent port and subnet creation events.
2026-05-09 06:29:48.980 10 INFO neutron.db.ovn_revision_numbers_db [None req-c75ff083-e60d-46b9-bba9-efc39fe0286b 6545f5c60cb24806b538ca03a36c49d6 273570b6816242ba9a7165f2066f5d03 - - - -] Successfully bumped revision number for resource 2b614e11-9fed-4e00-8405-05ac4da494d6 (type: ports) to 2
2026-05-09 06:29:48.994 10 INFO neutron.db.ovn_revision_numbers_db [None req-c75ff083-e60d-46b9-bba9-efc39fe0286b 6545f5c60cb24806b538ca03a36c49d6 273570b6816242ba9a7165f2066f5d03 - - - -] Successfully bumped revision number for resource 71be0b52-e2b5-479c-b3e8-9a26b328d0f9 (type: subnets) to 0
2026-05-09 06:29:49.018 10 INFO neutron.wsgi [None req-c75ff083-e60d-46b9-bba9-efc39fe0286b 6545f5c60cb24806b538ca03a36c49d6 273570b6816242ba9a7165f2066f5d03 - - - -] 10.0.0.2 "POST /v2.0/subnets HTTP/1.1" status: 201 len: 869 time: 0.6706707
2026-05-09 06:29:49.072 9 INFO neutron.db.ovn_revision_numbers_db [None req-fc6b030e-db84-4c25-bf71-7b01b08c8a45 6545f5c60cb24806b538ca03a36c49d6 273570b6816242ba9a7165f2066f5d03 - - - -] Successfully bumped revision number for resource f394babb-49e7-4613-9ea3-05ad075de5e2 (type: ports) to 2
2026-05-09 06:29:49.098 9 INFO neutron.db.ovn_revision_numbers_db [None req-fc6b030e-db84-4c25-bf71-7b01b08c8a45 6545f5c60cb24806b538ca03a36c49d6 273570b6816242ba9a7165f2066f5d03 - - - -] Successfully bumped revision number for resource 88fbab97-3bac-40c2-8c23-353142e6d275 (type: subnets) to 0
2026-05-09 06:29:49.113 9 INFO neutron.wsgi [None req-95c070a4-e4ce-4729-a6ba-c297d72fad8f 6545f5c60cb24806b538ca03a36c49d6 273570b6816242ba9a7165f2066f5d03 - - - -] 10.0.0.2 "DELETE /v2.0/security-groups/0d7e28ca-5ef1-469d-9ddb-24cfb13decb3 HTTP/1.1" status: 204 len: 168 time: 0.4524617
2026-05-09 06:29:49.146 9 INFO neutron.wsgi [None req-fc6b030e-db84-4c25-bf71-7b01b08c8a45 6545f5c60cb24806b538ca03a36c49d6 273570b6816242ba9a7165f2066f5d03 - - - -] 10.0.0.2 "POST /v2.0/subnets HTTP/1.1" status: 201 len: 865 time: 0.9794228
2026-05-09 06:29:49.516 9 INFO neutron.db.ovn_revision_numbers_db [None req-2d7b2eea-b956-431d-8013-23e37d5807e4 6545f5c60cb24806b538ca03a36c49d6 273570b6816242ba9a7165f2066f5d03 - - - -] Successfully bumped revision number for resource 28deb8c5-c99e-44d8-ba90-791efcd5be5b (type: ports) to 2
2026-05-09 06:29:49.541 9 INFO neutron.db.ovn_revision_numbers_db [None req-2d7b2eea-b956-431d-8013-23e37d5807e4 6545f5c60cb24806b538ca03a36c49d6 273570b6816242ba9a7165f2066f5d03 - - - -] Successfully bumped revision number for resource 1f13afb4-3c07-46dd-a7a3-6d873bda40c2 (type: subnets) to 0
2026-05-09 06:29:49.569 9 INFO neutron.wsgi [None req-2d7b2eea-b956-431d-8013-23e37d5807e4 6545f5c60cb24806b538ca03a36c49d6 273570b6816242ba9a7165f2066f5d03 - - - -] 10.0.0.2 "POST /v2.0/subnets HTTP/1.1" status: 201 len: 871 time: 1.1533542
2026-05-09 06:29:49.662 10 WARNING neutron.scheduler.dhcp_agent_scheduler [None req-9c1ab117-2a5c-46b9-82c4-5bf4ff493ef0 6545f5c60cb24806b538ca03a36c49d6 273570b6816242ba9a7165f2066f5d03 - - - -] No more DHCP agents
2026-05-09 06:29:49.664 10 WARNING neutron.api.rpc.agentnotifiers.dhcp_rpc_agent_api [None req-9c1ab117-2a5c-46b9-82c4-5bf4ff493ef0 6545f5c60cb24806b538ca03a36c49d6 273570b6816242ba9a7165f2066f5d03 - - - -] Unable to schedule network 8dbe093c-a6c6-46e1-b28f-f04c24b0e296: no agents available; will retry on subsequent port and subnet creation events.
2026-05-09 06:29:49.776 9 WARNING neutron.scheduler.dhcp_agent_scheduler [None req-863e29f3-6e98-4a41-9a26-2824194ffe14 6545f5c60cb24806b538ca03a36c49d6 273570b6816242ba9a7165f2066f5d03 - - - -] No more DHCP agents
2026-05-09 06:29:49.778 9 WARNING neutron.api.rpc.agentnotifiers.dhcp_rpc_agent_api [None req-863e29f3-6e98-4a41-9a26-2824194ffe14 6545f5c60cb24806b538ca03a36c49d6 273570b6816242ba9a7165f2066f5d03 - - - -] Unable to schedule network 8dbe093c-a6c6-46e1-b28f-f04c24b0e296: no agents available; will retry on subsequent port and subnet creation events.
2026-05-09 06:29:49.837 10 INFO neutron.db.ovn_revision_numbers_db [None req-9c1ab117-2a5c-46b9-82c4-5bf4ff493ef0 6545f5c60cb24806b538ca03a36c49d6 273570b6816242ba9a7165f2066f5d03 - - - -] Successfully bumped revision number for resource 36a310e6-5d91-4d1b-8e1e-3923f2deb8f4 (type: ports) to 1
2026-05-09 06:29:49.897 9 INFO neutron.db.ovn_revision_numbers_db [None req-863e29f3-6e98-4a41-9a26-2824194ffe14 6545f5c60cb24806b538ca03a36c49d6 273570b6816242ba9a7165f2066f5d03 - - - -] Successfully bumped revision number for resource f5203f77-766b-4304-9825-2400193495c5 (type: ports) to 1
2026-05-09 06:29:50.237 10 INFO neutron.plugins.ml2.drivers.ovn.mech_driver.ovsdb.extensions.qos [None req-9c1ab117-2a5c-46b9-82c4-5bf4ff493ef0 6545f5c60cb24806b538ca03a36c49d6 273570b6816242ba9a7165f2066f5d03 - - - -] Starting OVNClientQosExtension
2026-05-09 06:29:50.276 9 INFO neutron.plugins.ml2.drivers.ovn.mech_driver.ovsdb.extensions.qos [None req-863e29f3-6e98-4a41-9a26-2824194ffe14 6545f5c60cb24806b538ca03a36c49d6 273570b6816242ba9a7165f2066f5d03 - - - -] Starting OVNClientQosExtension
2026-05-09 06:29:50.285 10 WARNING neutron.scheduler.dhcp_agent_scheduler [None req-894cdcf8-d2fa-4051-b054-6d316364aa2f 6545f5c60cb24806b538ca03a36c49d6 273570b6816242ba9a7165f2066f5d03 - - - -] No more DHCP agents
2026-05-09 06:29:50.288 10 WARNING neutron.api.rpc.agentnotifiers.dhcp_rpc_agent_api [None req-894cdcf8-d2fa-4051-b054-6d316364aa2f 6545f5c60cb24806b538ca03a36c49d6 273570b6816242ba9a7165f2066f5d03 - - - -] Unable to schedule network 8dbe093c-a6c6-46e1-b28f-f04c24b0e296: no agents available; will retry on subsequent port and subnet creation events.
2026-05-09 06:29:50.409 10 INFO neutron.db.ovn_revision_numbers_db [None req-894cdcf8-d2fa-4051-b054-6d316364aa2f 6545f5c60cb24806b538ca03a36c49d6 273570b6816242ba9a7165f2066f5d03 - - - -] Successfully bumped revision number for resource 2c5c7573-9294-4955-b51d-d4a69084da80 (type: ports) to 1
2026-05-09 06:29:50.620 9 INFO neutron.plugins.ml2.drivers.ovn.mech_driver.ovsdb.ovsdb_monitor [-] Router 83cd91c5-9d5b-4b4a-b20d-8d95b01214fd is bound to host instance
2026-05-09 06:29:50.650 9 INFO neutron.db.ovn_revision_numbers_db [None req-863e29f3-6e98-4a41-9a26-2824194ffe14 6545f5c60cb24806b538ca03a36c49d6 273570b6816242ba9a7165f2066f5d03 - - - -] Successfully bumped revision number for resource f5203f77-766b-4304-9825-2400193495c5 (type: router_ports) to 1
2026-05-09 06:29:50.664 10 INFO neutron.plugins.ml2.drivers.ovn.mech_driver.mech_driver [-] OVN reports status up for port: f5203f77-766b-4304-9825-2400193495c5
2026-05-09 06:29:50.687 10 INFO neutron.plugins.ml2.plugin [None req-d2efd29f-2ac8-467e-a577-17eeb1615742 - - - - - -] Attempt 1 to provision port f5203f77-766b-4304-9825-2400193495c5
2026-05-09 06:29:50.760 9 INFO neutron.plugins.ml2.drivers.ovn.mech_driver.mech_driver [None req-f4930e83-a872-4a6e-bc02-5b4a4cd62197 - - - - - -] OVN reports status up for port: 36a310e6-5d91-4d1b-8e1e-3923f2deb8f4
2026-05-09 06:29:50.764 9 INFO neutron.db.ovn_revision_numbers_db [None req-863e29f3-6e98-4a41-9a26-2824194ffe14 6545f5c60cb24806b538ca03a36c49d6 273570b6816242ba9a7165f2066f5d03 - - - -] Successfully bumped revision number for resource 83cd91c5-9d5b-4b4a-b20d-8d95b01214fd (type: routers) to 3
2026-05-09 06:29:50.781 10 INFO neutron.db.ovn_revision_numbers_db [None req-9c1ab117-2a5c-46b9-82c4-5bf4ff493ef0 6545f5c60cb24806b538ca03a36c49d6 273570b6816242ba9a7165f2066f5d03 - - - -] Successfully bumped revision number for resource 36a310e6-5d91-4d1b-8e1e-3923f2deb8f4 (type: router_ports) to 1
2026-05-09 06:29:50.785 9 INFO neutron.plugins.ml2.plugin [None req-f4930e83-a872-4a6e-bc02-5b4a4cd62197 - - - - - -] Attempt 1 to provision port 36a310e6-5d91-4d1b-8e1e-3923f2deb8f4
2026-05-09 06:29:50.816 9 INFO neutron.wsgi [None req-863e29f3-6e98-4a41-9a26-2824194ffe14 6545f5c60cb24806b538ca03a36c49d6 273570b6816242ba9a7165f2066f5d03 - - - -] 10.0.0.2 "POST /v2.0/routers HTTP/1.1" status: 201 len: 876 time: 1.6653392
2026-05-09 06:29:50.873 10 INFO neutron.db.ovn_revision_numbers_db [None req-9c1ab117-2a5c-46b9-82c4-5bf4ff493ef0 6545f5c60cb24806b538ca03a36c49d6 273570b6816242ba9a7165f2066f5d03 - - - -] Successfully bumped revision number for resource 765afc0d-c8ec-47ac-826b-56ef55f9f677 (type: routers) to 3
2026-05-09 06:29:50.894 10 INFO neutron.wsgi [None req-9c1ab117-2a5c-46b9-82c4-5bf4ff493ef0 6545f5c60cb24806b538ca03a36c49d6 273570b6816242ba9a7165f2066f5d03 - - - -] 10.0.0.2 "POST /v2.0/routers HTTP/1.1" status: 201 len: 880 time: 1.8682945
2026-05-09 06:29:51.279 10 INFO neutron.db.ovn_revision_numbers_db [None req-bd164946-a55f-485c-815c-2a490e905b62 6545f5c60cb24806b538ca03a36c49d6 273570b6816242ba9a7165f2066f5d03 - - - -] Successfully bumped revision number for resource 73642d6d-8252-4219-bc01-6a8f251c62a5 (type: security_groups) to 1
2026-05-09 06:29:51.461 10 INFO neutron.db.segments_db [None req-bd164946-a55f-485c-815c-2a490e905b62 6545f5c60cb24806b538ca03a36c49d6 273570b6816242ba9a7165f2066f5d03 - - - -] Added segment b4f654de-cefb-4124-8a26-f6aed6874b45 of type geneve for network 00a7ea71-b3aa-48c6-8dea-735089c4903b
2026-05-09 06:29:51.563 10 INFO neutron.db.ovn_revision_numbers_db [None req-894cdcf8-d2fa-4051-b054-6d316364aa2f 6545f5c60cb24806b538ca03a36c49d6 273570b6816242ba9a7165f2066f5d03 - - - -] Successfully bumped revision number for resource 2c5c7573-9294-4955-b51d-d4a69084da80 (type: router_ports) to 1
2026-05-09 06:29:51.580 9 INFO neutron.db.ovn_revision_numbers_db [None req-8f081817-ca8f-4311-99b8-e645db7e5c3e - - - - - -] Successfully bumped revision number for resource f5203f77-766b-4304-9825-2400193495c5 (type: ports) to 1
2026-05-09 06:29:51.629 9 WARNING neutron.scheduler.dhcp_agent_scheduler [None req-589cc69f-c4ef-4053-b2d4-ff1fdeb663c1 6545f5c60cb24806b538ca03a36c49d6 273570b6816242ba9a7165f2066f5d03 - - default default] No more DHCP agents
2026-05-09 06:29:51.635 9 WARNING neutron.api.rpc.agentnotifiers.dhcp_rpc_agent_api [None req-589cc69f-c4ef-4053-b2d4-ff1fdeb663c1 6545f5c60cb24806b538ca03a36c49d6 273570b6816242ba9a7165f2066f5d03 - - default default] Unable to schedule network 4774bbc5-ec20-4489-b6e8-b6ef71e83377: no agents available; will retry on subsequent port and subnet creation events.
2026-05-09 06:29:51.666 10 INFO neutron.db.ovn_revision_numbers_db [None req-bd164946-a55f-485c-815c-2a490e905b62 6545f5c60cb24806b538ca03a36c49d6 273570b6816242ba9a7165f2066f5d03 - - - -] Successfully bumped revision number for resource 00a7ea71-b3aa-48c6-8dea-735089c4903b (type: networks) to 1
2026-05-09 06:29:51.682 10 INFO neutron.db.ovn_revision_numbers_db [None req-894cdcf8-d2fa-4051-b054-6d316364aa2f 6545f5c60cb24806b538ca03a36c49d6 273570b6816242ba9a7165f2066f5d03 - - - -] Successfully bumped revision number for resource 0afa6e1f-716e-406d-85af-2dc38aac60ed (type: routers) to 3
2026-05-09 06:29:51.714 10 INFO neutron.wsgi [None req-894cdcf8-d2fa-4051-b054-6d316364aa2f 6545f5c60cb24806b538ca03a36c49d6 273570b6816242ba9a7165f2066f5d03 - - - -] 10.0.0.2 "POST /v2.0/routers HTTP/1.1" status: 201 len: 882 time: 2.1378365
2026-05-09 06:29:51.804 9 INFO neutron.db.ovn_revision_numbers_db [None req-589cc69f-c4ef-4053-b2d4-ff1fdeb663c1 6545f5c60cb24806b538ca03a36c49d6 273570b6816242ba9a7165f2066f5d03 - - default default] Successfully bumped revision number for resource cf3cd07a-eb17-47b8-b184-957e81a7d6e1 (type: ports) to 1
2026-05-09 06:29:51.829 10 WARNING neutron.scheduler.dhcp_agent_scheduler [None req-a7e18e07-15e6-4ca2-a3e1-5d2c4c212e66 6545f5c60cb24806b538ca03a36c49d6 273570b6816242ba9a7165f2066f5d03 - - default default] No more DHCP agents
2026-05-09 06:29:51.837 10 WARNING neutron.api.rpc.agentnotifiers.dhcp_rpc_agent_api [None req-a7e18e07-15e6-4ca2-a3e1-5d2c4c212e66 6545f5c60cb24806b538ca03a36c49d6 273570b6816242ba9a7165f2066f5d03 - - default default] Unable to schedule network 0c3873ce-c912-4a1d-b533-ff868faf2197: no agents available; will retry on subsequent port and subnet creation events.
2026-05-09 06:29:51.957 10 WARNING neutron.scheduler.dhcp_agent_scheduler [None req-bd164946-a55f-485c-815c-2a490e905b62 6545f5c60cb24806b538ca03a36c49d6 273570b6816242ba9a7165f2066f5d03 - - - -] No more DHCP agents
2026-05-09 06:29:51.964 10 WARNING neutron.api.rpc.agentnotifiers.dhcp_rpc_agent_api [None req-bd164946-a55f-485c-815c-2a490e905b62 6545f5c60cb24806b538ca03a36c49d6 273570b6816242ba9a7165f2066f5d03 - - - -] Unable to schedule network 00a7ea71-b3aa-48c6-8dea-735089c4903b: no agents available; will retry on subsequent port and subnet creation events.
2026-05-09 06:29:51.969 9 INFO neutron.db.ovn_revision_numbers_db [None req-8f081817-ca8f-4311-99b8-e645db7e5c3e - - - - - -] Successfully bumped revision number for resource f5203f77-766b-4304-9825-2400193495c5 (type: router_ports) to 3
2026-05-09 06:29:52.061 10 INFO neutron.db.ovn_revision_numbers_db [None req-a7e18e07-15e6-4ca2-a3e1-5d2c4c212e66 6545f5c60cb24806b538ca03a36c49d6 273570b6816242ba9a7165f2066f5d03 - - default default] Successfully bumped revision number for resource e7d3d343-370b-4030-ae29-2ebc3603d195 (type: ports) to 1
2026-05-09 06:29:52.077 10 INFO neutron.db.ovn_revision_numbers_db [None req-bd164946-a55f-485c-815c-2a490e905b62 6545f5c60cb24806b538ca03a36c49d6 273570b6816242ba9a7165f2066f5d03 - - - -] Successfully bumped revision number for resource 5626bfd8-2dca-42c8-89e5-210c536809ac (type: ports) to 1
2026-05-09 06:29:52.150 10 INFO neutron.wsgi [None req-bd164946-a55f-485c-815c-2a490e905b62 6545f5c60cb24806b538ca03a36c49d6 273570b6816242ba9a7165f2066f5d03 - - - -] 10.0.0.2 "POST /v2.0/networks HTTP/1.1" status: 201 len: 947 time: 1.2711756
2026-05-09 06:29:52.312 9 INFO neutron.db.ovn_revision_numbers_db [None req-8f081817-ca8f-4311-99b8-e645db7e5c3e - - - - - -] Successfully bumped revision number for resource f5203f77-766b-4304-9825-2400193495c5 (type: ports) to 2
2026-05-09 06:29:52.501 9 WARNING neutron.scheduler.dhcp_agent_scheduler [None req-c40807e7-e9fd-48d6-9a9a-1b0f97fc33f6 6545f5c60cb24806b538ca03a36c49d6 273570b6816242ba9a7165f2066f5d03 - - - -] No more DHCP agents
2026-05-09 06:29:52.510 9 WARNING neutron.api.rpc.agentnotifiers.dhcp_rpc_agent_api [None req-c40807e7-e9fd-48d6-9a9a-1b0f97fc33f6 6545f5c60cb24806b538ca03a36c49d6 273570b6816242ba9a7165f2066f5d03 - - - -] Unable to schedule network 00a7ea71-b3aa-48c6-8dea-735089c4903b: no agents available; will retry on subsequent port and subnet creation events.
2026-05-09 06:29:52.563 10 WARNING neutron.scheduler.dhcp_agent_scheduler [None req-57403b85-956d-4b24-a1d6-6b1ab650fe28 6545f5c60cb24806b538ca03a36c49d6 273570b6816242ba9a7165f2066f5d03 - - default default] No more DHCP agents
2026-05-09 06:29:52.566 10 WARNING neutron.api.rpc.agentnotifiers.dhcp_rpc_agent_api [None req-57403b85-956d-4b24-a1d6-6b1ab650fe28 6545f5c60cb24806b538ca03a36c49d6 273570b6816242ba9a7165f2066f5d03 - - default default] Unable to schedule network 0544f611-2111-4c90-97a1-f5433725e79e: no agents available; will retry on subsequent port and subnet creation events.
2026-05-09 06:29:52.722 10 INFO neutron.db.ovn_revision_numbers_db [None req-57403b85-956d-4b24-a1d6-6b1ab650fe28 6545f5c60cb24806b538ca03a36c49d6 273570b6816242ba9a7165f2066f5d03 - - default default] Successfully bumped revision number for resource 5d26f445-73b3-4ead-ac29-b52defd456b1 (type: ports) to 1
2026-05-09 06:29:52.753 9 INFO neutron.db.ovn_revision_numbers_db [None req-8f081817-ca8f-4311-99b8-e645db7e5c3e - - - - - -] Successfully bumped revision number for resource f5203f77-766b-4304-9825-2400193495c5 (type: ports) to 4
2026-05-09 06:29:52.759 9 INFO neutron.db.ovn_revision_numbers_db [None req-589cc69f-c4ef-4053-b2d4-ff1fdeb663c1 6545f5c60cb24806b538ca03a36c49d6 273570b6816242ba9a7165f2066f5d03 - - default default] Successfully bumped revision number for resource cf3cd07a-eb17-47b8-b184-957e81a7d6e1 (type: router_ports) to 2
2026-05-09 06:29:52.805 10 INFO neutron.db.ovn_revision_numbers_db [None req-a7e18e07-15e6-4ca2-a3e1-5d2c4c212e66 6545f5c60cb24806b538ca03a36c49d6 273570b6816242ba9a7165f2066f5d03 - - default default] Successfully bumped revision number for resource e7d3d343-370b-4030-ae29-2ebc3603d195 (type: router_ports) to 2
2026-05-09 06:29:52.946 10 INFO neutron.db.ovn_revision_numbers_db [None req-a7e18e07-15e6-4ca2-a3e1-5d2c4c212e66 6545f5c60cb24806b538ca03a36c49d6 273570b6816242ba9a7165f2066f5d03 - - default default] Successfully bumped revision number for resource e7d3d343-370b-4030-ae29-2ebc3603d195 (type: ports) to 2
2026-05-09 06:29:53.052 10 WARNING neutron.scheduler.dhcp_agent_scheduler [None req-a7e18e07-15e6-4ca2-a3e1-5d2c4c212e66 6545f5c60cb24806b538ca03a36c49d6 273570b6816242ba9a7165f2066f5d03 - - default default] No more DHCP agents
2026-05-09 06:29:53.055 10 WARNING neutron.api.rpc.agentnotifiers.dhcp_rpc_agent_api [None req-a7e18e07-15e6-4ca2-a3e1-5d2c4c212e66 6545f5c60cb24806b538ca03a36c49d6 273570b6816242ba9a7165f2066f5d03 - - default default] Unable to schedule network 0c3873ce-c912-4a1d-b533-ff868faf2197: no agents available; will retry on subsequent port and subnet creation events.
2026-05-09 06:29:53.101 9 INFO neutron.db.ovn_revision_numbers_db [None req-589cc69f-c4ef-4053-b2d4-ff1fdeb663c1 6545f5c60cb24806b538ca03a36c49d6 273570b6816242ba9a7165f2066f5d03 - - default default] Successfully bumped revision number for resource cf3cd07a-eb17-47b8-b184-957e81a7d6e1 (type: ports) to 2
2026-05-09 06:29:53.272 9 WARNING neutron.scheduler.dhcp_agent_scheduler [None req-589cc69f-c4ef-4053-b2d4-ff1fdeb663c1 6545f5c60cb24806b538ca03a36c49d6 273570b6816242ba9a7165f2066f5d03 - - default default] No more DHCP agents
2026-05-09 06:29:53.281 9 WARNING neutron.api.rpc.agentnotifiers.dhcp_rpc_agent_api [None req-589cc69f-c4ef-4053-b2d4-ff1fdeb663c1 6545f5c60cb24806b538ca03a36c49d6 273570b6816242ba9a7165f2066f5d03 - - default default] Unable to schedule network 4774bbc5-ec20-4489-b6e8-b6ef71e83377: no agents available; will retry on subsequent port and subnet creation events.
2026-05-09 06:29:53.350 10 INFO neutron.plugins.ml2.drivers.ovn.mech_driver.mech_driver [None req-d2efd29f-2ac8-467e-a577-17eeb1615742 - - - - - -] OVN reports status up for port: 2c5c7573-9294-4955-b51d-d4a69084da80
2026-05-09 06:29:53.359 9 INFO neutron.db.ovn_revision_numbers_db [None req-8f081817-ca8f-4311-99b8-e645db7e5c3e - - - - - -] Successfully bumped revision number for resource f5203f77-766b-4304-9825-2400193495c5 (type: router_ports) to 4
