2026-05-09 06:30:26.728 10 INFO neutron.wsgi [None req-25aa07da-fbc7-47d3-81dc-1121abe1f025 f1d2b5dcafff4445abfb43d7bd34e661 89dc6eef1f4d4a32ab813cab5b00cc40 - - - -] 199.204.45.216 "POST /v2.0/ports HTTP/1.1" status: 201 len: 1162 time: 1.0478547
2026-05-09 06:30:26.757 10 INFO neutron.wsgi [req-008ca06e-cda7-4665-9fb4-f0bd3d53dd12 req-c7ee96d9-759c-4aa5-b8e2-8b172978733d 213b439b2ef749cba275d55974855653 2e02d35680164b7fba0d2fc3ee0573bf - - 281444ac8cb649fdaab116564d0e72d0 281444ac8cb649fdaab116564d0e72d0] 199.204.45.216 "GET /v2.0/floatingips?fixed_ip_address=10.100.0.8&port_id=a433b422-ed0f-46fe-a7d1-849cb6ed5280 HTTP/1.1" status: 200 len: 217 time: 0.0458255
2026-05-09 06:30:26.760 10 INFO neutron.plugins.ml2.drivers.ovn.mech_driver.mech_driver [None req-d2efd29f-2ac8-467e-a577-17eeb1615742 - - - - - -] OVN reports status up for port: a433b422-ed0f-46fe-a7d1-849cb6ed5280
2026-05-09 06:30:26.814 10 INFO neutron.plugins.ml2.plugin [None req-d2efd29f-2ac8-467e-a577-17eeb1615742 - - - - - -] Attempt 1 to provision port a433b422-ed0f-46fe-a7d1-849cb6ed5280
2026-05-09 06:30:26.838 9 INFO neutron.wsgi [None req-74138274-de57-4ae5-b9e9-adedc905cde4 6545f5c60cb24806b538ca03a36c49d6 273570b6816242ba9a7165f2066f5d03 - - default default] 10.0.0.2 "GET /v2.0/security-groups?tenant_id=a5b488d5899f402cb40f26c8c2937a89&name=default HTTP/1.1" status: 200 len: 2992 time: 0.0489285
2026-05-09 06:30:26.839 10 INFO neutron.wsgi [req-008ca06e-cda7-4665-9fb4-f0bd3d53dd12 req-10dcc37b-8ad4-434b-9e17-6d49d0d1d8bc 213b439b2ef749cba275d55974855653 2e02d35680164b7fba0d2fc3ee0573bf - - 281444ac8cb649fdaab116564d0e72d0 281444ac8cb649fdaab116564d0e72d0] 199.204.45.216 "GET /v2.0/subnets?id=007bee4c-0e9d-4186-989e-0338995460bd HTTP/1.1" status: 200 len: 877 time: 0.0679963
2026-05-09 06:30:26.877 10 INFO neutron.wsgi [req-008ca06e-cda7-4665-9fb4-f0bd3d53dd12 req-31988c46-fdc7-4b3a-9c2a-c1b33dccb390 213b439b2ef749cba275d55974855653 2e02d35680164b7fba0d2fc3ee0573bf - - 281444ac8cb649fdaab116564d0e72d0 281444ac8cb649fdaab116564d0e72d0] 199.204.45.216 "GET /v2.0/ports?network_id=69ce25c2-3e9e-4e78-ba49-49fd38fddb57&device_owner=network%3Adhcp HTTP/1.1" status: 200 len: 210 time: 0.0284650
2026-05-09 06:30:26.948 9 INFO neutron.wsgi [req-eabac6e5-cc44-4001-a72f-7c2d64015028 req-30505b29-24e6-4a68-a432-0a44750c9f82 f1d2b5dcafff4445abfb43d7bd34e661 89dc6eef1f4d4a32ab813cab5b00cc40 - - default default] 10.0.0.153 "GET /v2.0/ports?device_id=75438098-b6e0-4548-9342-ef3e5521080a HTTP/1.1" status: 200 len: 1160 time: 0.0478456
2026-05-09 06:30:26.989 9 INFO neutron.wsgi [req-eabac6e5-cc44-4001-a72f-7c2d64015028 req-a338bb71-bfe7-46f7-a302-8aa693612b2e f1d2b5dcafff4445abfb43d7bd34e661 89dc6eef1f4d4a32ab813cab5b00cc40 - - default default] 10.0.0.153 "GET /v2.0/security-groups?id=ca50b282-8c39-46cf-b8b8-2db89248752a&fields=id&fields=name HTTP/1.1" status: 200 len: 313 time: 0.0329027
2026-05-09 06:30:27.052 10 INFO neutron.wsgi [req-008ca06e-cda7-4665-9fb4-f0bd3d53dd12 req-6bd95957-b056-42bf-9d71-a1672a7b3488 213b439b2ef749cba275d55974855653 2e02d35680164b7fba0d2fc3ee0573bf - - 281444ac8cb649fdaab116564d0e72d0 281444ac8cb649fdaab116564d0e72d0] 199.204.45.216 "GET /v2.0/networks/69ce25c2-3e9e-4e78-ba49-49fd38fddb57?fields=segments HTTP/1.1" status: 200 len: 212 time: 0.1582210
2026-05-09 06:30:27.082 9 INFO neutron.services.segments.plugin [-] Segment 183810e1-2068-47be-93a0-ff151a49f765 resource provider aggregate not found
2026-05-09 06:30:27.094 9 INFO neutron.services.segments.plugin [-] Segment 183810e1-2068-47be-93a0-ff151a49f765 resource provider aggregate not found
2026-05-09 06:30:27.102 9 INFO neutron.services.segments.plugin [-] Segment 183810e1-2068-47be-93a0-ff151a49f765 resource provider not found; error: Placement Client Error (4xx): {"errors": [{"status": 404, "title": "Not Found", "detail": "The resource could not be found.\n\n No resource provider with uuid 183810e1-2068-47be-93a0-ff151a49f765 found for delete ", "request_id": "req-5fd3e85d-811d-4fd9-95bd-b90a88283682"}]}
2026-05-09 06:30:27.110 9 INFO neutron.services.segments.plugin [-] Segment 183810e1-2068-47be-93a0-ff151a49f765 resource provider not found; error: Placement Client Error (4xx): {"errors": [{"status": 404, "title": "Not Found", "detail": "The resource could not be found.\n\n No resource provider with uuid 183810e1-2068-47be-93a0-ff151a49f765 found for delete ", "request_id": "req-68248512-0764-4177-94b3-81a76f05b41f"}]}
2026-05-09 06:30:27.128 9 INFO neutron.wsgi [None req-eff4747d-270e-4d50-a6b6-ca59c174886c 6545f5c60cb24806b538ca03a36c49d6 273570b6816242ba9a7165f2066f5d03 - - - -] 10.0.0.2 "DELETE /v2.0/security-groups/28652136-cf75-4d87-a87e-5a0996bf194f HTTP/1.1" status: 204 len: 168 time: 0.2832174
2026-05-09 06:30:27.214 10 INFO neutron.wsgi [req-008ca06e-cda7-4665-9fb4-f0bd3d53dd12 req-4224729b-83ad-4fdc-9267-6453dd1f39ff 213b439b2ef749cba275d55974855653 2e02d35680164b7fba0d2fc3ee0573bf - - 281444ac8cb649fdaab116564d0e72d0 281444ac8cb649fdaab116564d0e72d0] 199.204.45.216 "GET /v2.0/networks/69ce25c2-3e9e-4e78-ba49-49fd38fddb57?fields=provider%3Aphysical_network&fields=provider%3Anetwork_type HTTP/1.1" status: 200 len: 277 time: 0.1405368
2026-05-09 06:30:27.338 10 INFO neutron.db.ovn_revision_numbers_db [None req-d2efd29f-2ac8-467e-a577-17eeb1615742 - - - - - -] Successfully bumped revision number for resource a433b422-ed0f-46fe-a7d1-849cb6ed5280 (type: ports) to 4
2026-05-09 06:30:27.389 9 INFO neutron.wsgi [req-d2edae28-bc97-46f4-97ce-e6a9c5d85732 req-91363c4f-e6ee-4678-b66b-6f925ab760a3 c3fb7383242946d383ed2d0c2a6269ae 978c61d46619465b9e46c2e7a9f45edb - - default default] 10.0.0.153 "GET /v2.0/ports?device_id=359ac2b3-75d0-4877-a215-c9deadaa1115 HTTP/1.1" status: 200 len: 1170 time: 0.1228862
2026-05-09 06:30:27.390 10 INFO neutron.db.ovn_revision_numbers_db [None req-ec99f7ba-97d0-4091-9954-0ab87ea0a566 6545f5c60cb24806b538ca03a36c49d6 273570b6816242ba9a7165f2066f5d03 - - default default] Successfully bumped revision number for resource d73a3459-f816-4022-be5e-744aa376caa7 (type: security_groups) to 1
2026-05-09 06:30:27.436 10 INFO neutron.wsgi [None req-ec99f7ba-97d0-4091-9954-0ab87ea0a566 6545f5c60cb24806b538ca03a36c49d6 273570b6816242ba9a7165f2066f5d03 - - default default] 10.0.0.2 "GET /v2.0/security-groups?tenant_id=d27169bcd13e444aae4e73ebb9d8dd4c&name=default HTTP/1.1" status: 200 len: 2996 time: 0.3425488
2026-05-09 06:30:27.436 9 INFO neutron.wsgi [req-d2edae28-bc97-46f4-97ce-e6a9c5d85732 req-43a44d73-56f6-414e-9a79-d73528b1f310 c3fb7383242946d383ed2d0c2a6269ae 978c61d46619465b9e46c2e7a9f45edb - - default default] 10.0.0.153 "GET /v2.0/security-groups?id=eeccf155-6b5e-4cd6-9268-4ed9c134b91e&fields=id&fields=name HTTP/1.1" status: 200 len: 312 time: 0.0372202
2026-05-09 06:30:27.457 10 INFO neutron.db.ovn_revision_numbers_db [None req-39457684-dfdd-4be3-8385-ec6214367725 213b439b2ef749cba275d55974855653 2e02d35680164b7fba0d2fc3ee0573bf - - - -] Successfully bumped revision number for resource 5a1a3a50-1512-4de7-a7f9-5a11c331ef7c (type: ports) to 2
2026-05-09 06:30:27.627 10 INFO neutron.db.ovn_revision_numbers_db [None req-39457684-dfdd-4be3-8385-ec6214367725 213b439b2ef749cba275d55974855653 2e02d35680164b7fba0d2fc3ee0573bf - - - -] Successfully bumped revision number for resource 5a1a3a50-1512-4de7-a7f9-5a11c331ef7c (type: ports) to 2
2026-05-09 06:30:27.638 10 INFO neutron.wsgi [None req-39457684-dfdd-4be3-8385-ec6214367725 213b439b2ef749cba275d55974855653 2e02d35680164b7fba0d2fc3ee0573bf - - - -] 199.204.45.216 "PUT /v2.0/ports/5a1a3a50-1512-4de7-a7f9-5a11c331ef7c HTTP/1.1" status: 200 len: 1332 time: 0.8894222 /var/lib/openstack/lib/python3.10/site-packages/pycadf/identifier.py:71: UserWarning: Invalid uuid: neutron. To ensure interoperability, identifiers should be a valid uuid. warnings.warn(('Invalid uuid: %s. To ensure interoperability, '
2026-05-09 06:30:27.701 9 INFO neutron.wsgi [None req-3c61287b-dce1-4f3f-bff8-85dcdc451174 6545f5c60cb24806b538ca03a36c49d6 273570b6816242ba9a7165f2066f5d03 - - - -] 10.0.0.2 "DELETE /v2.0/security-groups/d73a3459-f816-4022-be5e-744aa376caa7 HTTP/1.1" status: 204 len: 168 time: 0.2604580
2026-05-09 06:30:27.708 10 INFO neutron.wsgi [req-19d90341-170f-49b3-92ec-f02dfc788e24 req-d5e78093-bdc5-4ab4-9f5d-ba876ddba83f 213b439b2ef749cba275d55974855653 2e02d35680164b7fba0d2fc3ee0573bf - - 281444ac8cb649fdaab116564d0e72d0 281444ac8cb649fdaab116564d0e72d0] 199.204.45.216 "GET /v2.0/ports?tenant_id=89dc6eef1f4d4a32ab813cab5b00cc40&device_id=75438098-b6e0-4548-9342-ef3e5521080a HTTP/1.1" status: 200 len: 1363 time: 0.0286016
2026-05-09 06:30:27.740 10 INFO neutron.wsgi [req-19d90341-170f-49b3-92ec-f02dfc788e24 req-6f9ea058-917d-48e0-ba73-ac33834ae1bc 213b439b2ef749cba275d55974855653 2e02d35680164b7fba0d2fc3ee0573bf - - 281444ac8cb649fdaab116564d0e72d0 281444ac8cb649fdaab116564d0e72d0] 199.204.45.216 "GET /v2.0/floatingips?fixed_ip_address=10.100.0.14&port_id=5a1a3a50-1512-4de7-a7f9-5a11c331ef7c HTTP/1.1" status: 200 len: 217 time: 0.0226426
2026-05-09 06:30:27.773 10 INFO neutron.wsgi [req-19d90341-170f-49b3-92ec-f02dfc788e24 req-e01abc6b-0add-4b28-9c67-1e0a5a2bc215 213b439b2ef749cba275d55974855653 2e02d35680164b7fba0d2fc3ee0573bf - - 281444ac8cb649fdaab116564d0e72d0 281444ac8cb649fdaab116564d0e72d0] 199.204.45.216 "GET /v2.0/subnets?id=6f427864-2874-4a64-9c72-8bb70f4cf199 HTTP/1.1" status: 200 len: 868 time: 0.0258646
2026-05-09 06:30:27.797 10 INFO neutron.wsgi [req-19d90341-170f-49b3-92ec-f02dfc788e24 req-8023a31e-eb23-42e3-878e-3b4bd0318434 213b439b2ef749cba275d55974855653 2e02d35680164b7fba0d2fc3ee0573bf - - 281444ac8cb649fdaab116564d0e72d0 281444ac8cb649fdaab116564d0e72d0] 199.204.45.216 "GET /v2.0/ports?network_id=302de04c-85bf-4742-9eb7-fcb80fe08651&device_owner=network%3Adhcp HTTP/1.1" status: 200 len: 210 time: 0.0166266
2026-05-09 06:30:27.876 10 INFO neutron.wsgi [req-19d90341-170f-49b3-92ec-f02dfc788e24 req-12b12516-d099-49c4-b00b-875efc7e3d62 213b439b2ef749cba275d55974855653 2e02d35680164b7fba0d2fc3ee0573bf - - 281444ac8cb649fdaab116564d0e72d0 281444ac8cb649fdaab116564d0e72d0] 199.204.45.216 "GET /v2.0/networks/302de04c-85bf-4742-9eb7-fcb80fe08651?fields=segments HTTP/1.1" status: 200 len: 212 time: 0.0711014
2026-05-09 06:30:27.965 10 INFO neutron.notifiers.nova [-] Nova event matching ['req-1264f5f0-4a0e-4ada-ac52-f3904e6db15e'] response: {'server_uuid': '359ac2b3-75d0-4877-a215-c9deadaa1115', 'name': 'network-vif-plugged', 'status': 'completed', 'tag': 'a433b422-ed0f-46fe-a7d1-849cb6ed5280', 'code': 200}
2026-05-09 06:30:27.965 10 INFO neutron.notifiers.nova [-] Nova event matching ['req-1264f5f0-4a0e-4ada-ac52-f3904e6db15e'] response: {'server_uuid': '359ac2b3-75d0-4877-a215-c9deadaa1115', 'name': 'network-vif-plugged', 'status': 'completed', 'tag': 'a433b422-ed0f-46fe-a7d1-849cb6ed5280', 'code': 200}
2026-05-09 06:30:27.965 10 INFO neutron.notifiers.nova [-] Nova event matching ['req-1264f5f0-4a0e-4ada-ac52-f3904e6db15e'] response: {'name': 'network-changed', 'server_uuid': '75438098-b6e0-4548-9342-ef3e5521080a', 'tag': '5a1a3a50-1512-4de7-a7f9-5a11c331ef7c', 'status': 'completed', 'code': 200}
2026-05-09 06:30:27.971 10 INFO neutron.wsgi [req-19d90341-170f-49b3-92ec-f02dfc788e24 req-08457bc3-6e8e-455b-b9fa-c5a85abcfcad 213b439b2ef749cba275d55974855653 2e02d35680164b7fba0d2fc3ee0573bf - - 281444ac8cb649fdaab116564d0e72d0 281444ac8cb649fdaab116564d0e72d0] 199.204.45.216 "GET /v2.0/networks/302de04c-85bf-4742-9eb7-fcb80fe08651?fields=provider%3Aphysical_network&fields=provider%3Anetwork_type HTTP/1.1" status: 200 len: 277 time: 0.0853369
2026-05-09 06:30:28.003 10 INFO neutron.db.ovn_revision_numbers_db [None req-7ee4ebdc-0428-4410-a1df-de805ac2eb51 6545f5c60cb24806b538ca03a36c49d6 273570b6816242ba9a7165f2066f5d03 - - default default] Successfully bumped revision number for resource 41c6ffe9-251b-4690-998b-67ba3bb3d722 (type: security_groups) to 1
2026-05-09 06:30:28.026 10 INFO neutron.wsgi [None req-7ee4ebdc-0428-4410-a1df-de805ac2eb51 6545f5c60cb24806b538ca03a36c49d6 273570b6816242ba9a7165f2066f5d03 - - default default] 10.0.0.2 "GET /v2.0/security-groups?tenant_id=1f3d43385f6a44fbbb1ac7746e24ac33&name=default HTTP/1.1" status: 200 len: 2996 time: 0.1906464
2026-05-09 06:30:28.092 10 INFO neutron.wsgi [req-372fec39-76d1-4ee8-ab76-7b8d37d92eeb req-e416dfce-3b50-4afd-b50d-86e837f6e3d8 213b439b2ef749cba275d55974855653 2e02d35680164b7fba0d2fc3ee0573bf - - 281444ac8cb649fdaab116564d0e72d0 281444ac8cb649fdaab116564d0e72d0] 199.204.45.216 "GET /v2.0/ports?tenant_id=89dc6eef1f4d4a32ab813cab5b00cc40&device_id=75438098-b6e0-4548-9342-ef3e5521080a HTTP/1.1" status: 200 len: 1363 time: 0.0507548
2026-05-09 06:30:28.157 9 INFO neutron.wsgi [req-773dce83-ecee-48be-b764-3e11967b6f4e req-100197dc-2b04-46a9-b05f-96b4727461be f1d2b5dcafff4445abfb43d7bd34e661 89dc6eef1f4d4a32ab813cab5b00cc40 - - default default] 10.0.0.153 "GET /v2.0/ports?device_id=75438098-b6e0-4548-9342-ef3e5521080a HTTP/1.1" status: 200 len: 1172 time: 0.0787349
2026-05-09 06:30:28.181 10 INFO neutron.wsgi [req-372fec39-76d1-4ee8-ab76-7b8d37d92eeb req-2fcbaa4e-56a8-4246-8892-989e44bb79c7 213b439b2ef749cba275d55974855653 2e02d35680164b7fba0d2fc3ee0573bf - - 281444ac8cb649fdaab116564d0e72d0 281444ac8cb649fdaab116564d0e72d0] 199.204.45.216 "GET /v2.0/networks?id=302de04c-85bf-4742-9eb7-fcb80fe08651 HTTP/1.1" status: 200 len: 973 time: 0.0849159
2026-05-09 06:30:28.215 9 INFO neutron.wsgi [req-773dce83-ecee-48be-b764-3e11967b6f4e req-e58405ea-be06-4165-8663-92f700e997a6 f1d2b5dcafff4445abfb43d7bd34e661 89dc6eef1f4d4a32ab813cab5b00cc40 - - default default] 10.0.0.153 "GET /v2.0/security-groups?id=ca50b282-8c39-46cf-b8b8-2db89248752a&fields=id&fields=name HTTP/1.1" status: 200 len: 313 time: 0.0487199
2026-05-09 06:30:28.225 10 INFO neutron.wsgi [req-372fec39-76d1-4ee8-ab76-7b8d37d92eeb req-09c4565e-d8f9-4710-976f-c441ff78355f 213b439b2ef749cba275d55974855653 2e02d35680164b7fba0d2fc3ee0573bf - - 281444ac8cb649fdaab116564d0e72d0 281444ac8cb649fdaab116564d0e72d0] 199.204.45.216 "GET /v2.0/floatingips?fixed_ip_address=10.100.0.14&port_id=5a1a3a50-1512-4de7-a7f9-5a11c331ef7c HTTP/1.1" status: 200 len: 217 time: 0.0354640
2026-05-09 06:30:28.238 10 INFO neutron.plugins.ml2.drivers.ovn.mech_driver.mech_driver [None req-d2efd29f-2ac8-467e-a577-17eeb1615742 - - - - - -] OVN reports status up for port: 5a1a3a50-1512-4de7-a7f9-5a11c331ef7c
2026-05-09 06:30:28.255 10 INFO neutron.plugins.ml2.plugin [None req-d2efd29f-2ac8-467e-a577-17eeb1615742 - - - - - -] Attempt 1 to provision port 5a1a3a50-1512-4de7-a7f9-5a11c331ef7c
2026-05-09 06:30:28.332 9 INFO neutron.wsgi [None req-37839493-9f67-4195-a486-e7a8a529c829 6545f5c60cb24806b538ca03a36c49d6 273570b6816242ba9a7165f2066f5d03 - - - -] 10.0.0.2 "DELETE /v2.0/security-groups/41c6ffe9-251b-4690-998b-67ba3bb3d722 HTTP/1.1" status: 204 len: 168 time: 0.2999213
2026-05-09 06:30:28.332 10 INFO neutron.wsgi [req-372fec39-76d1-4ee8-ab76-7b8d37d92eeb req-f8ddc2a2-d56e-4944-807b-edb5c9b8f11b 213b439b2ef749cba275d55974855653 2e02d35680164b7fba0d2fc3ee0573bf - - 281444ac8cb649fdaab116564d0e72d0 281444ac8cb649fdaab116564d0e72d0] 199.204.45.216 "GET /v2.0/subnets?id=6f427864-2874-4a64-9c72-8bb70f4cf199 HTTP/1.1" status: 200 len: 868 time: 0.0905743
2026-05-09 06:30:28.370 10 INFO neutron.wsgi [req-372fec39-76d1-4ee8-ab76-7b8d37d92eeb req-30271ece-beed-4a0b-82ea-7b3a56609d89 213b439b2ef749cba275d55974855653 2e02d35680164b7fba0d2fc3ee0573bf - - 281444ac8cb649fdaab116564d0e72d0 281444ac8cb649fdaab116564d0e72d0] 199.204.45.216 "GET /v2.0/ports?network_id=302de04c-85bf-4742-9eb7-fcb80fe08651&device_owner=network%3Adhcp HTTP/1.1" status: 200 len: 210 time: 0.0315864
2026-05-09 06:30:28.459 10 INFO neutron.wsgi [req-372fec39-76d1-4ee8-ab76-7b8d37d92eeb req-f39c39ad-db26-4ae1-93c1-49cd8371f6f0 213b439b2ef749cba275d55974855653 2e02d35680164b7fba0d2fc3ee0573bf - - 281444ac8cb649fdaab116564d0e72d0 281444ac8cb649fdaab116564d0e72d0] 199.204.45.216 "GET /v2.0/networks/302de04c-85bf-4742-9eb7-fcb80fe08651?fields=segments HTTP/1.1" status: 200 len: 212 time: 0.0816786
2026-05-09 06:30:28.568 9 INFO neutron.wsgi [req-46920345-22f0-424b-a650-c3a88c727244 req-0ecfa326-5182-4674-a012-dfb22633b4e8 c3fb7383242946d383ed2d0c2a6269ae 978c61d46619465b9e46c2e7a9f45edb - - default default] 10.0.0.153 "GET /v2.0/ports?device_id=359ac2b3-75d0-4877-a215-c9deadaa1115 HTTP/1.1" status: 200 len: 1170 time: 0.0605073
2026-05-09 06:30:28.629 9 INFO neutron.wsgi [req-46920345-22f0-424b-a650-c3a88c727244 req-f12ecd42-93db-4bfe-b641-356a5d941aa5 c3fb7383242946d383ed2d0c2a6269ae 978c61d46619465b9e46c2e7a9f45edb - - default default] 10.0.0.153 "GET /v2.0/security-groups?id=eeccf155-6b5e-4cd6-9268-4ed9c134b91e&fields=id&fields=name HTTP/1.1" status: 200 len: 312 time: 0.0533109
2026-05-09 06:30:28.732 9 INFO neutron.wsgi [req-a834e138-b6e1-4072-b8ef-6c6d235d568c req-1a6dcf3e-721b-4354-942b-d0a4218c5316 c3fb7383242946d383ed2d0c2a6269ae 978c61d46619465b9e46c2e7a9f45edb - - default default] 10.0.0.153 "GET /v2.0/ports?device_id=359ac2b3-75d0-4877-a215-c9deadaa1115 HTTP/1.1" status: 200 len: 1170 time: 0.0429149
2026-05-09 06:30:28.749 10 INFO neutron.wsgi [req-372fec39-76d1-4ee8-ab76-7b8d37d92eeb req-4a5754c2-764e-45cc-92db-6343354e5dd3 213b439b2ef749cba275d55974855653 2e02d35680164b7fba0d2fc3ee0573bf - - 281444ac8cb649fdaab116564d0e72d0 281444ac8cb649fdaab116564d0e72d0] 199.204.45.216 "GET /v2.0/networks/302de04c-85bf-4742-9eb7-fcb80fe08651?fields=provider%3Aphysical_network&fields=provider%3Anetwork_type HTTP/1.1" status: 200 len: 277 time: 0.2843444
2026-05-09 06:30:28.852 10 INFO neutron.db.ovn_revision_numbers_db [None req-d2efd29f-2ac8-467e-a577-17eeb1615742 - - - - - -] Successfully bumped revision number for resource 5a1a3a50-1512-4de7-a7f9-5a11c331ef7c (type: ports) to 4
2026-05-09 06:30:29.230 9 INFO neutron.db.l3_db [None req-fd17d4b4-6b0f-4f1c-981b-ab8748c12f7b c3fb7383242946d383ed2d0c2a6269ae 978c61d46619465b9e46c2e7a9f45edb - - - -] Floating IP 4a6600da-6b9b-473f-95d1-17a4b2362532 associated. External IP: 10.96.250.217, port: a433b422-ed0f-46fe-a7d1-849cb6ed5280.
2026-05-09 06:30:29.362 9 INFO neutron.wsgi [req-5ecb8800-a47d-4a5a-9095-9c6612887b26 req-f685de9e-6803-4cf6-b8d5-bab55b97d84e f1d2b5dcafff4445abfb43d7bd34e661 89dc6eef1f4d4a32ab813cab5b00cc40 - - default default] 10.0.0.153 "GET /v2.0/ports?device_id=75438098-b6e0-4548-9342-ef3e5521080a HTTP/1.1" status: 200 len: 1174 time: 0.0652969
2026-05-09 06:30:29.417 9 INFO neutron.wsgi [req-5ecb8800-a47d-4a5a-9095-9c6612887b26 req-3d09eabf-20a6-4241-b3e6-397bf04ab680 f1d2b5dcafff4445abfb43d7bd34e661 89dc6eef1f4d4a32ab813cab5b00cc40 - - default default] 10.0.0.153 "GET /v2.0/security-groups?id=ca50b282-8c39-46cf-b8b8-2db89248752a&fields=id&fields=name HTTP/1.1" status: 200 len: 313 time: 0.0384007 /var/lib/openstack/lib/python3.10/site-packages/pycadf/identifier.py:71: UserWarning: Invalid uuid: neutron. To ensure interoperability, identifiers should be a valid uuid. warnings.warn(('Invalid uuid: %s. To ensure interoperability, '
2026-05-09 06:30:29.480 9 INFO neutron.db.ovn_revision_numbers_db [None req-fd17d4b4-6b0f-4f1c-981b-ab8748c12f7b c3fb7383242946d383ed2d0c2a6269ae 978c61d46619465b9e46c2e7a9f45edb - - - -] Successfully bumped revision number for resource 4a6600da-6b9b-473f-95d1-17a4b2362532 (type: floatingips) to 1
2026-05-09 06:30:29.594 9 INFO neutron.db.ovn_revision_numbers_db [None req-fd17d4b4-6b0f-4f1c-981b-ab8748c12f7b c3fb7383242946d383ed2d0c2a6269ae 978c61d46619465b9e46c2e7a9f45edb - - - -] Successfully bumped revision number for resource 4a6600da-6b9b-473f-95d1-17a4b2362532 (type: floatingips) to 2
2026-05-09 06:30:29.622 9 INFO neutron.wsgi [None req-fd17d4b4-6b0f-4f1c-981b-ab8748c12f7b c3fb7383242946d383ed2d0c2a6269ae 978c61d46619465b9e46c2e7a9f45edb - - - -] 10.0.0.2 "PUT /v2.0/floatingips/4a6600da-6b9b-473f-95d1-17a4b2362532 HTTP/1.1" status: 200 len: 1049 time: 0.8775427
2026-05-09 06:30:29.651 9 INFO neutron.db.ovn_revision_numbers_db [None req-ef7248df-1047-4747-9c78-9fc8fdc79279 6545f5c60cb24806b538ca03a36c49d6 273570b6816242ba9a7165f2066f5d03 - - - -] Successfully bumped revision number for resource 896148ed-362c-45ce-a8e8-332aa800d3df (type: security_groups) to 1
2026-05-09 06:30:29.673 9 INFO neutron.notifiers.nova [-] Nova event matching ['req-ef5765bc-00e3-433f-8b60-6e7f724b933b'] response: {'name': 'network-changed', 'server_uuid': '359ac2b3-75d0-4877-a215-c9deadaa1115', 'tag': 'a433b422-ed0f-46fe-a7d1-849cb6ed5280', 'status': 'completed', 'code': 200} /var/lib/openstack/lib/python3.10/site-packages/pycadf/identifier.py:71: UserWarning: Invalid uuid: neutron. To ensure interoperability, identifiers should be a valid uuid. warnings.warn(('Invalid uuid: %s. To ensure interoperability, '
2026-05-09 06:30:29.729 9 INFO neutron.db.segments_db [None req-ef7248df-1047-4747-9c78-9fc8fdc79279 6545f5c60cb24806b538ca03a36c49d6 273570b6816242ba9a7165f2066f5d03 - - - -] Added segment 4764fa13-d712-47e7-b1a9-78c1cc5213f5 of type geneve for network 4ae67c67-4f07-4bd1-9b19-10fc4e8b313e
2026-05-09 06:30:29.741 10 INFO neutron.wsgi [req-9642810a-b6c1-4391-a64d-5347674e6c3f req-e7851190-7d0c-4a33-8e26-b3a96efdecb3 213b439b2ef749cba275d55974855653 2e02d35680164b7fba0d2fc3ee0573bf - - 281444ac8cb649fdaab116564d0e72d0 281444ac8cb649fdaab116564d0e72d0] 199.204.45.216 "GET /v2.0/ports?tenant_id=978c61d46619465b9e46c2e7a9f45edb&device_id=359ac2b3-75d0-4877-a215-c9deadaa1115 HTTP/1.1" status: 200 len: 1361 time: 0.0420597
2026-05-09 06:30:29.763 9 INFO neutron.wsgi [req-4386c193-b4cc-4546-a14a-d84ff5d298d5 req-39181ca9-a2d9-4c82-89d7-e9ac64e7278f c3fb7383242946d383ed2d0c2a6269ae 978c61d46619465b9e46c2e7a9f45edb - - default default] 10.0.0.153 "GET /v2.0/ports?device_id=359ac2b3-75d0-4877-a215-c9deadaa1115 HTTP/1.1" status: 200 len: 1170 time: 0.0830021
2026-05-09 06:30:29.810 10 INFO neutron.wsgi [req-9642810a-b6c1-4391-a64d-5347674e6c3f req-904c8ec9-2420-4207-bcf7-0daf78b5f736 213b439b2ef749cba275d55974855653 2e02d35680164b7fba0d2fc3ee0573bf - - 281444ac8cb649fdaab116564d0e72d0 281444ac8cb649fdaab116564d0e72d0] 199.204.45.216 "GET /v2.0/networks?id=69ce25c2-3e9e-4e78-ba49-49fd38fddb57 HTTP/1.1" status: 200 len: 981 time: 0.0634632
2026-05-09 06:30:29.853 9 INFO neutron.wsgi [req-4386c193-b4cc-4546-a14a-d84ff5d298d5 req-e50a11d2-96fd-417d-8f17-d6cfec9472c9 c3fb7383242946d383ed2d0c2a6269ae 978c61d46619465b9e46c2e7a9f45edb - - default default] 10.0.0.153 "GET /v2.0/security-groups?id=eeccf155-6b5e-4cd6-9268-4ed9c134b91e&fields=id&fields=name HTTP/1.1" status: 200 len: 312 time: 0.0786140
2026-05-09 06:30:29.857 10 INFO neutron.wsgi [req-9642810a-b6c1-4391-a64d-5347674e6c3f req-65e16a70-11f0-4917-86da-c711c6dc75e1 213b439b2ef749cba275d55974855653 2e02d35680164b7fba0d2fc3ee0573bf - - 281444ac8cb649fdaab116564d0e72d0 281444ac8cb649fdaab116564d0e72d0] 199.204.45.216 "GET /v2.0/floatingips?fixed_ip_address=10.100.0.8&port_id=a433b422-ed0f-46fe-a7d1-849cb6ed5280 HTTP/1.1" status: 200 len: 1059 time: 0.0400555
2026-05-09 06:30:29.925 9 INFO neutron.db.ovn_revision_numbers_db [None req-ef7248df-1047-4747-9c78-9fc8fdc79279 6545f5c60cb24806b538ca03a36c49d6 273570b6816242ba9a7165f2066f5d03 - - - -] Successfully bumped revision number for resource 4ae67c67-4f07-4bd1-9b19-10fc4e8b313e (type: networks) to 1
2026-05-09 06:30:29.925 10 INFO neutron.wsgi [req-9642810a-b6c1-4391-a64d-5347674e6c3f req-37068b4c-b17f-412d-a229-2d82eb73b870 213b439b2ef749cba275d55974855653 2e02d35680164b7fba0d2fc3ee0573bf - - 281444ac8cb649fdaab116564d0e72d0 281444ac8cb649fdaab116564d0e72d0] 199.204.45.216 "GET /v2.0/subnets?id=007bee4c-0e9d-4186-989e-0338995460bd HTTP/1.1" status: 200 len: 877 time: 0.0619164
2026-05-09 06:30:29.957 10 INFO neutron.wsgi [req-9642810a-b6c1-4391-a64d-5347674e6c3f req-77415f68-99f6-496c-ad74-50ad63e929ba 213b439b2ef749cba275d55974855653 2e02d35680164b7fba0d2fc3ee0573bf - - 281444ac8cb649fdaab116564d0e72d0 281444ac8cb649fdaab116564d0e72d0] 199.204.45.216 "GET /v2.0/ports?network_id=69ce25c2-3e9e-4e78-ba49-49fd38fddb57&device_owner=network%3Adhcp HTTP/1.1" status: 200 len: 210 time: 0.0263946
2026-05-09 06:30:30.006 10 INFO neutron.notifiers.nova [-] Nova event matching ['req-7a5c39c6-4546-45d2-9701-a166b449253c'] response: {'server_uuid': '75438098-b6e0-4548-9342-ef3e5521080a', 'name': 'network-vif-plugged', 'status': 'completed', 'tag': '5a1a3a50-1512-4de7-a7f9-5a11c331ef7c', 'code': 200}
2026-05-09 06:30:30.007 10 INFO neutron.notifiers.nova [-] Nova event matching ['req-7a5c39c6-4546-45d2-9701-a166b449253c'] response: {'server_uuid': '75438098-b6e0-4548-9342-ef3e5521080a', 'name': 'network-vif-plugged', 'status': 'completed', 'tag': '5a1a3a50-1512-4de7-a7f9-5a11c331ef7c', 'code': 200}
2026-05-09 06:30:30.051 10 INFO neutron.wsgi [req-9642810a-b6c1-4391-a64d-5347674e6c3f req-493833a5-561f-4353-b52d-a4cd5bec0c11 213b439b2ef749cba275d55974855653 2e02d35680164b7fba0d2fc3ee0573bf - - 281444ac8cb649fdaab116564d0e72d0 281444ac8cb649fdaab116564d0e72d0] 199.204.45.216 "GET /v2.0/networks/69ce25c2-3e9e-4e78-ba49-49fd38fddb57?fields=segments HTTP/1.1" status: 200 len: 212 time: 0.0883105
2026-05-09 06:30:30.143 10 INFO neutron.wsgi [req-9642810a-b6c1-4391-a64d-5347674e6c3f req-fd1e9d52-089b-434f-909e-f451b46c9b72 213b439b2ef749cba275d55974855653 2e02d35680164b7fba0d2fc3ee0573bf - - 281444ac8cb649fdaab116564d0e72d0 281444ac8cb649fdaab116564d0e72d0] 199.204.45.216 "GET /v2.0/networks/69ce25c2-3e9e-4e78-ba49-49fd38fddb57?fields=provider%3Aphysical_network&fields=provider%3Anetwork_type HTTP/1.1" status: 200 len: 277 time: 0.0851581
2026-05-09 06:30:30.155 9 WARNING neutron.scheduler.dhcp_agent_scheduler [None req-ef7248df-1047-4747-9c78-9fc8fdc79279 6545f5c60cb24806b538ca03a36c49d6 273570b6816242ba9a7165f2066f5d03 - - - -] No more DHCP agents
2026-05-09 06:30:30.158 9 WARNING neutron.api.rpc.agentnotifiers.dhcp_rpc_agent_api [None req-ef7248df-1047-4747-9c78-9fc8fdc79279 6545f5c60cb24806b538ca03a36c49d6 273570b6816242ba9a7165f2066f5d03 - - - -] Unable to schedule network 4ae67c67-4f07-4bd1-9b19-10fc4e8b313e: no agents available; will retry on subsequent port and subnet creation events.
2026-05-09 06:30:30.243 9 INFO neutron.db.ovn_revision_numbers_db [None req-ef7248df-1047-4747-9c78-9fc8fdc79279 6545f5c60cb24806b538ca03a36c49d6 273570b6816242ba9a7165f2066f5d03 - - - -] Successfully bumped revision number for resource 29e87f82-0fa9-4a3a-91ee-887828507fd1 (type: ports) to 1
2026-05-09 06:30:30.276 9 INFO neutron.wsgi [None req-ef7248df-1047-4747-9c78-9fc8fdc79279 6545f5c60cb24806b538ca03a36c49d6 273570b6816242ba9a7165f2066f5d03 - - - -] 10.0.0.2 "POST /v2.0/networks HTTP/1.1" status: 201 len: 939 time: 1.0679312
2026-05-09 06:30:30.474 9 WARNING neutron.scheduler.dhcp_agent_scheduler [None req-65f2a02d-9e64-419c-96a1-bc5e350e777f 6545f5c60cb24806b538ca03a36c49d6 273570b6816242ba9a7165f2066f5d03 - - - -] No more DHCP agents
2026-05-09 06:30:30.477 9 WARNING neutron.api.rpc.agentnotifiers.dhcp_rpc_agent_api [None req-65f2a02d-9e64-419c-96a1-bc5e350e777f 6545f5c60cb24806b538ca03a36c49d6 273570b6816242ba9a7165f2066f5d03 - - - -] Unable to schedule network 4ae67c67-4f07-4bd1-9b19-10fc4e8b313e: no agents available; will retry on subsequent port and subnet creation events.
2026-05-09 06:30:30.634 9 INFO neutron.wsgi [req-a5d31237-d882-40ec-92a8-7af1ad3d1625 req-446c12e7-86a3-435c-937f-c1a66b134760 f1d2b5dcafff4445abfb43d7bd34e661 89dc6eef1f4d4a32ab813cab5b00cc40 - - default default] 10.0.0.153 "GET /v2.0/ports?device_id=75438098-b6e0-4548-9342-ef3e5521080a HTTP/1.1" status: 200 len: 1174 time: 0.1226137
2026-05-09 06:30:30.681 9 INFO neutron.wsgi [req-a5d31237-d882-40ec-92a8-7af1ad3d1625 req-0361fda1-9f56-4bc1-807f-7a3db9d13772 f1d2b5dcafff4445abfb43d7bd34e661 89dc6eef1f4d4a32ab813cab5b00cc40 - - default default] 10.0.0.153 "GET /v2.0/security-groups?id=ca50b282-8c39-46cf-b8b8-2db89248752a&fields=id&fields=name HTTP/1.1" status: 200 len: 313 time: 0.0384159
2026-05-09 06:30:30.791 9 INFO neutron.wsgi [req-8fe1e85e-672a-439f-96ff-f1733fcc0aa0 req-ba106d34-5ae9-4086-86b2-cb06861e7957 f1d2b5dcafff4445abfb43d7bd34e661 89dc6eef1f4d4a32ab813cab5b00cc40 - - default default] 10.0.0.153 "GET /v2.0/ports?device_id=75438098-b6e0-4548-9342-ef3e5521080a HTTP/1.1" status: 200 len: 1174 time: 0.0438402
2026-05-09 06:30:31.024 9 INFO neutron.db.ovn_revision_numbers_db [None req-65f2a02d-9e64-419c-96a1-bc5e350e777f 6545f5c60cb24806b538ca03a36c49d6 273570b6816242ba9a7165f2066f5d03 - - - -] Successfully bumped revision number for resource 29e87f82-0fa9-4a3a-91ee-887828507fd1 (type: ports) to 2
2026-05-09 06:30:31.046 9 INFO neutron.db.ovn_revision_numbers_db [None req-65f2a02d-9e64-419c-96a1-bc5e350e777f 6545f5c60cb24806b538ca03a36c49d6 273570b6816242ba9a7165f2066f5d03 - - - -] Successfully bumped revision number for resource dd380b40-f647-4eae-a496-1ae847335726 (type: subnets) to 0
2026-05-09 06:30:31.073 9 INFO neutron.wsgi [None req-65f2a02d-9e64-419c-96a1-bc5e350e777f 6545f5c60cb24806b538ca03a36c49d6 273570b6816242ba9a7165f2066f5d03 - - - -] 10.0.0.2 "POST /v2.0/subnets HTTP/1.1" status: 201 len: 859 time: 0.7889438
2026-05-09 06:30:31.107 10 INFO neutron.db.l3_db [None req-46bc3071-044b-48d1-a19f-0dc9b160fdf6 f1d2b5dcafff4445abfb43d7bd34e661 89dc6eef1f4d4a32ab813cab5b00cc40 - - - -] Floating IP 387a7995-d479-45ae-9eaf-6c8c8e97e2af associated. External IP: 10.96.250.219, port: 5a1a3a50-1512-4de7-a7f9-5a11c331ef7c.
2026-05-09 06:30:31.294 10 INFO neutron.db.ovn_revision_numbers_db [None req-46bc3071-044b-48d1-a19f-0dc9b160fdf6 f1d2b5dcafff4445abfb43d7bd34e661 89dc6eef1f4d4a32ab813cab5b00cc40 - - - -] Successfully bumped revision number for resource 387a7995-d479-45ae-9eaf-6c8c8e97e2af (type: floatingips) to 1
2026-05-09 06:30:31.322 10 INFO neutron.db.ovn_revision_numbers_db [None req-b09b931d-ff74-4491-8a18-114679941af5 6545f5c60cb24806b538ca03a36c49d6 273570b6816242ba9a7165f2066f5d03 - - default default] Successfully bumped revision number for resource 1024f45a-5fbc-4ab3-b574-788096dad34c (type: security_groups) to 1
2026-05-09 06:30:31.363 10 INFO neutron.wsgi [None req-b09b931d-ff74-4491-8a18-114679941af5 6545f5c60cb24806b538ca03a36c49d6 273570b6816242ba9a7165f2066f5d03 - - default default] 10.0.0.2 "GET /v2.0/security-groups?tenant_id=e0b3eaff83e345f98783bbc18a5ab558&name=default HTTP/1.1" status: 200 len: 2996 time: 0.4359748
2026-05-09 06:30:31.465 10 INFO neutron.db.ovn_revision_numbers_db [None req-46bc3071-044b-48d1-a19f-0dc9b160fdf6 f1d2b5dcafff4445abfb43d7bd34e661 89dc6eef1f4d4a32ab813cab5b00cc40 - - - -] Successfully bumped revision number for resource 387a7995-d479-45ae-9eaf-6c8c8e97e2af (type: floatingips) to 2
2026-05-09 06:30:31.504 10 INFO neutron.wsgi [None req-46bc3071-044b-48d1-a19f-0dc9b160fdf6 f1d2b5dcafff4445abfb43d7bd34e661 89dc6eef1f4d4a32ab813cab5b00cc40 - - - -] 10.0.0.2 "PUT /v2.0/floatingips/387a7995-d479-45ae-9eaf-6c8c8e97e2af HTTP/1.1" status: 200 len: 1050 time: 0.6994898
2026-05-09 06:30:31.647 9 WARNING neutron.scheduler.dhcp_agent_scheduler [None req-6c29aa75-0ff3-4d11-a65f-0b2247900b7e 6545f5c60cb24806b538ca03a36c49d6 273570b6816242ba9a7165f2066f5d03 - - - -] No more DHCP agents
2026-05-09 06:30:31.654 9 WARNING neutron.api.rpc.agentnotifiers.dhcp_rpc_agent_api [None req-6c29aa75-0ff3-4d11-a65f-0b2247900b7e 6545f5c60cb24806b538ca03a36c49d6 273570b6816242ba9a7165f2066f5d03 - - - -] Unable to schedule network 8dbe093c-a6c6-46e1-b28f-f04c24b0e296: no agents available; will retry on subsequent port and subnet creation events.
2026-05-09 06:30:31.663 10 INFO neutron.wsgi [None req-94590336-a07a-4185-bc9a-2885e89208cc 6545f5c60cb24806b538ca03a36c49d6 273570b6816242ba9a7165f2066f5d03 - - - -] 10.0.0.2 "DELETE /v2.0/security-groups/1024f45a-5fbc-4ab3-b574-788096dad34c HTTP/1.1" status: 204 len: 168 time: 0.2887669
2026-05-09 06:30:31.861 9 INFO neutron.db.ovn_revision_numbers_db [None req-6c29aa75-0ff3-4d11-a65f-0b2247900b7e 6545f5c60cb24806b538ca03a36c49d6 273570b6816242ba9a7165f2066f5d03 - - - -] Successfully bumped revision number for resource b386efb6-bcbf-476b-823d-1baab9a87352 (type: ports) to 1
2026-05-09 06:30:32.052 10 INFO neutron.notifiers.nova [-] Nova event matching ['req-c6564e0c-f5bc-4f48-b964-effb35206868'] response: {'name': 'network-changed', 'server_uuid': '75438098-b6e0-4548-9342-ef3e5521080a', 'tag': '5a1a3a50-1512-4de7-a7f9-5a11c331ef7c', 'status': 'completed', 'code': 200}
2026-05-09 06:30:32.136 10 INFO neutron.wsgi [req-e50c8c16-2a60-46ec-a5d6-e6ef94bfbd24 req-e9496c49-b824-4bd2-aa2e-9e47dc933b57 213b439b2ef749cba275d55974855653 2e02d35680164b7fba0d2fc3ee0573bf - - 281444ac8cb649fdaab116564d0e72d0 281444ac8cb649fdaab116564d0e72d0] 199.204.45.216 "GET /v2.0/ports?tenant_id=89dc6eef1f4d4a32ab813cab5b00cc40&device_id=75438098-b6e0-4548-9342-ef3e5521080a HTTP/1.1" status: 200 len: 1365 time: 0.0477245
2026-05-09 06:30:32.231 10 INFO neutron.wsgi [req-e50c8c16-2a60-46ec-a5d6-e6ef94bfbd24 req-749d5146-34d2-41ca-9be1-ff36f4f3ecdd 213b439b2ef749cba275d55974855653 2e02d35680164b7fba0d2fc3ee0573bf - - 281444ac8cb649fdaab116564d0e72d0 281444ac8cb649fdaab116564d0e72d0] 199.204.45.216 "GET /v2.0/networks?id=302de04c-85bf-4742-9eb7-fcb80fe08651 HTTP/1.1" status: 200 len: 973 time: 0.0877867
2026-05-09 06:30:32.272 10 INFO neutron.wsgi [req-e50c8c16-2a60-46ec-a5d6-e6ef94bfbd24 req-a6689553-1f78-4b11-9ea3-096a3ea3da58 213b439b2ef749cba275d55974855653 2e02d35680164b7fba0d2fc3ee0573bf - - 281444ac8cb649fdaab116564d0e72d0 281444ac8cb649fdaab116564d0e72d0] 199.204.45.216 "GET /v2.0/floatingips?fixed_ip_address=10.100.0.14&port_id=5a1a3a50-1512-4de7-a7f9-5a11c331ef7c HTTP/1.1" status: 200 len: 1060 time: 0.0366175
2026-05-09 06:30:32.327 10 INFO neutron.wsgi [req-e50c8c16-2a60-46ec-a5d6-e6ef94bfbd24 req-793fc0f4-1f78-4d2e-bdc7-ded7a216e23e 213b439b2ef749cba275d55974855653 2e02d35680164b7fba0d2fc3ee0573bf - - 281444ac8cb649fdaab116564d0e72d0 281444ac8cb649fdaab116564d0e72d0] 199.204.45.216 "GET /v2.0/subnets?id=6f427864-2874-4a64-9c72-8bb70f4cf199 HTTP/1.1" status: 200 len: 868 time: 0.0495899
2026-05-09 06:30:32.353 10 INFO neutron.wsgi [req-e50c8c16-2a60-46ec-a5d6-e6ef94bfbd24 req-1d865834-74e2-4382-b9b4-58ec0787b641 213b439b2ef749cba275d55974855653 2e02d35680164b7fba0d2fc3ee0573bf - - 281444ac8cb649fdaab116564d0e72d0 281444ac8cb649fdaab116564d0e72d0] 199.204.45.216 "GET /v2.0/ports?network_id=302de04c-85bf-4742-9eb7-fcb80fe08651&device_owner=network%3Adhcp HTTP/1.1" status: 200 len: 210 time: 0.0226994
2026-05-09 06:30:32.437 10 INFO neutron.wsgi [req-e50c8c16-2a60-46ec-a5d6-e6ef94bfbd24 req-44de8f7a-87fa-4d91-afec-bdb1634d0484 213b439b2ef749cba275d55974855653 2e02d35680164b7fba0d2fc3ee0573bf - - 281444ac8cb649fdaab116564d0e72d0 281444ac8cb649fdaab116564d0e72d0] 199.204.45.216 "GET /v2.0/networks/302de04c-85bf-4742-9eb7-fcb80fe08651?fields=segments HTTP/1.1" status: 200 len: 212 time: 0.0791733
2026-05-09 06:30:32.524 10 INFO neutron.wsgi [req-e50c8c16-2a60-46ec-a5d6-e6ef94bfbd24 req-ae3ad7b7-e0ee-4385-a8fc-58d506078aae 213b439b2ef749cba275d55974855653 2e02d35680164b7fba0d2fc3ee0573bf - - 281444ac8cb649fdaab116564d0e72d0 281444ac8cb649fdaab116564d0e72d0] 199.204.45.216 "GET /v2.0/networks/302de04c-85bf-4742-9eb7-fcb80fe08651?fields=provider%3Aphysical_network&fields=provider%3Anetwork_type HTTP/1.1" status: 200 len: 277 time: 0.0790429
2026-05-09 06:30:32.750 9 INFO neutron.plugins.ml2.drivers.ovn.mech_driver.mech_driver [None req-f4930e83-a872-4a6e-bc02-5b4a4cd62197 - - - - - -] OVN reports status up for port: b386efb6-bcbf-476b-823d-1baab9a87352
2026-05-09 06:30:32.761 9 INFO neutron.plugins.ml2.plugin [None req-f4930e83-a872-4a6e-bc02-5b4a4cd62197 - - - - - -] Attempt 1 to provision port b386efb6-bcbf-476b-823d-1baab9a87352
2026-05-09 06:30:32.768 9 INFO neutron.db.ovn_revision_numbers_db [None req-6c29aa75-0ff3-4d11-a65f-0b2247900b7e 6545f5c60cb24806b538ca03a36c49d6 273570b6816242ba9a7165f2066f5d03 - - - -] Successfully bumped revision number for resource b386efb6-bcbf-476b-823d-1baab9a87352 (type: router_ports) to 1
2026-05-09 06:30:32.776 10 INFO neutron.plugins.ml2.drivers.ovn.mech_driver.ovsdb.ovsdb_monitor [None req-cd288708-0c29-4e11-853e-9380d1ce2f2d - - - - - -] Router 1221a012-c180-4b2f-9a9f-9cab6770e23c is bound to host instance
2026-05-09 06:30:32.880 9 INFO neutron.db.ovn_revision_numbers_db [None req-6c29aa75-0ff3-4d11-a65f-0b2247900b7e 6545f5c60cb24806b538ca03a36c49d6 273570b6816242ba9a7165f2066f5d03 - - - -] Successfully bumped revision number for resource 1221a012-c180-4b2f-9a9f-9cab6770e23c (type: routers) to 3
2026-05-09 06:30:32.911 9 INFO neutron.wsgi [None req-6c29aa75-0ff3-4d11-a65f-0b2247900b7e 6545f5c60cb24806b538ca03a36c49d6 273570b6816242ba9a7165f2066f5d03 - - - -] 10.0.0.2 "POST /v2.0/routers HTTP/1.1" status: 201 len: 870 time: 1.8327239 /var/lib/openstack/lib/python3.10/site-packages/pycadf/identifier.py:71: UserWarning: Invalid uuid: neutron. To ensure interoperability, identifiers should be a valid uuid. warnings.warn(('Invalid uuid: %s. To ensure interoperability, '
2026-05-09 06:30:33.385 9 WARNING neutron.scheduler.dhcp_agent_scheduler [None req-431b3b3b-254d-4de9-a8d1-6173754030f6 6545f5c60cb24806b538ca03a36c49d6 273570b6816242ba9a7165f2066f5d03 - - default default] No more DHCP agents
2026-05-09 06:30:33.392 9 WARNING neutron.api.rpc.agentnotifiers.dhcp_rpc_agent_api [None req-431b3b3b-254d-4de9-a8d1-6173754030f6 6545f5c60cb24806b538ca03a36c49d6 273570b6816242ba9a7165f2066f5d03 - - default default] Unable to schedule network 4ae67c67-4f07-4bd1-9b19-10fc4e8b313e: no agents available; will retry on subsequent port and subnet creation events.
2026-05-09 06:30:33.395 10 INFO neutron.db.ovn_revision_numbers_db [None req-cd288708-0c29-4e11-853e-9380d1ce2f2d - - - - - -] Successfully bumped revision number for resource b386efb6-bcbf-476b-823d-1baab9a87352 (type: ports) to 1
2026-05-09 06:30:33.535 9 INFO neutron.db.ovn_revision_numbers_db [None req-431b3b3b-254d-4de9-a8d1-6173754030f6 6545f5c60cb24806b538ca03a36c49d6 273570b6816242ba9a7165f2066f5d03 - - default default] Successfully bumped revision number for resource fe60c4f6-6c72-4628-9147-ea6476118b6d (type: ports) to 1
2026-05-09 06:30:33.633 10 INFO neutron.db.ovn_revision_numbers_db [None req-cd288708-0c29-4e11-853e-9380d1ce2f2d - - - - - -] Successfully bumped revision number for resource b386efb6-bcbf-476b-823d-1baab9a87352 (type: router_ports) to 3
2026-05-09 06:30:33.806 10 INFO neutron.db.ovn_revision_numbers_db [None req-cd288708-0c29-4e11-853e-9380d1ce2f2d - - - - - -] Successfully bumped revision number for resource b386efb6-bcbf-476b-823d-1baab9a87352 (type: ports) to 2
2026-05-09 06:30:34.039 10 INFO neutron.db.ovn_revision_numbers_db [None req-cd288708-0c29-4e11-853e-9380d1ce2f2d - - - - - -] Successfully bumped revision number for resource b386efb6-bcbf-476b-823d-1baab9a87352 (type: ports) to 4
2026-05-09 06:30:34.048 9 INFO neutron.db.ovn_revision_numbers_db [None req-431b3b3b-254d-4de9-a8d1-6173754030f6 6545f5c60cb24806b538ca03a36c49d6 273570b6816242ba9a7165f2066f5d03 - - default default] Successfully bumped revision number for resource fe60c4f6-6c72-4628-9147-ea6476118b6d (type: router_ports) to 2
2026-05-09 06:30:34.200 9 INFO neutron.db.ovn_revision_numbers_db [None req-431b3b3b-254d-4de9-a8d1-6173754030f6 6545f5c60cb24806b538ca03a36c49d6 273570b6816242ba9a7165f2066f5d03 - - default default] Successfully bumped revision number for resource fe60c4f6-6c72-4628-9147-ea6476118b6d (type: ports) to 2
2026-05-09 06:30:34.284 9 WARNING neutron.scheduler.dhcp_agent_scheduler [None req-431b3b3b-254d-4de9-a8d1-6173754030f6 6545f5c60cb24806b538ca03a36c49d6 273570b6816242ba9a7165f2066f5d03 - - default default] No more DHCP agents
2026-05-09 06:30:34.286 9 WARNING neutron.api.rpc.agentnotifiers.dhcp_rpc_agent_api [None req-431b3b3b-254d-4de9-a8d1-6173754030f6 6545f5c60cb24806b538ca03a36c49d6 273570b6816242ba9a7165f2066f5d03 - - default default] Unable to schedule network 4ae67c67-4f07-4bd1-9b19-10fc4e8b313e: no agents available; will retry on subsequent port and subnet creation events.
2026-05-09 06:30:34.294 10 INFO neutron.db.ovn_revision_numbers_db [None req-cd288708-0c29-4e11-853e-9380d1ce2f2d - - - - - -] Successfully bumped revision number for resource b386efb6-bcbf-476b-823d-1baab9a87352 (type: router_ports) to 4
2026-05-09 06:30:34.496 10 INFO neutron.db.ovn_revision_numbers_db [None req-68d34892-94e7-4585-a54e-3d0daf534cf5 6545f5c60cb24806b538ca03a36c49d6 273570b6816242ba9a7165f2066f5d03 - - default default] Successfully bumped revision number for resource 16080be6-8726-49b1-b79d-921597014522 (type: security_groups) to 1
2026-05-09 06:30:34.520 10 INFO neutron.wsgi [None req-68d34892-94e7-4585-a54e-3d0daf534cf5 6545f5c60cb24806b538ca03a36c49d6 273570b6816242ba9a7165f2066f5d03 - - default default] 10.0.0.2 "GET /v2.0/security-groups?tenant_id=e8119fba669144e08ba4f17e8a267982&name=default HTTP/1.1" status: 200 len: 2996 time: 0.2322509
2026-05-09 06:30:34.977 10 INFO neutron.wsgi [None req-dcb641f5-2365-4a2d-bf55-1996103e1ba9 6545f5c60cb24806b538ca03a36c49d6 273570b6816242ba9a7165f2066f5d03 - - default default] 10.0.0.234 "GET /v2.0/subnets HTTP/1.1" status: 200 len: 3408 time: 0.0742321
2026-05-09 06:30:35.001 10 INFO neutron.wsgi [None req-d7625f4b-6d8c-4ade-8790-1821869966b6 6545f5c60cb24806b538ca03a36c49d6 273570b6816242ba9a7165f2066f5d03 - - default default] 10.0.0.234 "GET /v2.0/subnetpools HTTP/1.1" status: 200 len: 193 time: 0.0227745
2026-05-09 06:30:35.009 10 INFO neutron.wsgi [None req-10750484-6d14-411b-9372-d0c1f9c3c73c 6545f5c60cb24806b538ca03a36c49d6 273570b6816242ba9a7165f2066f5d03 - - - -] 10.0.0.2 "DELETE /v2.0/security-groups/16080be6-8726-49b1-b79d-921597014522 HTTP/1.1" status: 204 len: 168 time: 0.4809666
2026-05-09 06:30:35.035 9 INFO neutron.db.ovn_revision_numbers_db [None req-431b3b3b-254d-4de9-a8d1-6173754030f6 6545f5c60cb24806b538ca03a36c49d6 273570b6816242ba9a7165f2066f5d03 - - - -] Successfully bumped revision number for resource fe60c4f6-6c72-4628-9147-ea6476118b6d (type: router_ports) to 2
2026-05-09 06:30:35.037 9 INFO neutron.wsgi [None req-431b3b3b-254d-4de9-a8d1-6173754030f6 6545f5c60cb24806b538ca03a36c49d6 273570b6816242ba9a7165f2066f5d03 - - - -] 10.0.0.2 "PUT /v2.0/routers/1221a012-c180-4b2f-9a9f-9cab6770e23c/add_router_interface HTTP/1.1" status: 200 len: 503 time: 2.1198997
2026-05-09 06:30:35.068 10 INFO neutron.wsgi [None req-a594a4df-307c-4c70-9840-9a3fe9e55208 6545f5c60cb24806b538ca03a36c49d6 273570b6816242ba9a7165f2066f5d03 - - default default] 10.0.0.234 "GET /v2.0/floatingips HTTP/1.1" status: 200 len: 1880 time: 0.0629346
2026-05-09 06:30:35.100 10 INFO neutron.wsgi [None req-f21ec352-87aa-4094-b9cd-bad762967c03 6545f5c60cb24806b538ca03a36c49d6 273570b6816242ba9a7165f2066f5d03 - - default default] 10.0.0.234 "GET /v2.0/subnets HTTP/1.1" status: 200 len: 3408 time: 0.0310957
2026-05-09 06:30:35.145 10 INFO neutron.wsgi [None req-c6a18176-4cd6-44f5-9629-66796e9f62ac 6545f5c60cb24806b538ca03a36c49d6 273570b6816242ba9a7165f2066f5d03 - - default default] 10.0.0.234 "GET /v2.0/ports HTTP/1.1" status: 200 len: 19073 time: 0.0426648
2026-05-09 06:30:35.218 9 INFO neutron.plugins.ml2.drivers.ovn.mech_driver.mech_driver [None req-f4930e83-a872-4a6e-bc02-5b4a4cd62197 - - - - - -] OVN reports status up for port: fe60c4f6-6c72-4628-9147-ea6476118b6d
2026-05-09 06:30:35.229 9 INFO neutron.plugins.ml2.plugin [None req-f4930e83-a872-4a6e-bc02-5b4a4cd62197 - - - - - -] Attempt 1 to provision port fe60c4f6-6c72-4628-9147-ea6476118b6d
2026-05-09 06:30:35.272 10 INFO neutron.wsgi [None req-11f68e5a-4392-4bf8-83f4-75191dc290f1 6545f5c60cb24806b538ca03a36c49d6 273570b6816242ba9a7165f2066f5d03 - - default default] 10.0.0.234 "GET /v2.0/security-groups HTTP/1.1" status: 200 len: 30621 time: 0.1143005
2026-05-09 06:30:35.316 10 INFO neutron.wsgi [None req-8f2f3f27-9c49-415d-9d51-ef61e6a1f40d 6545f5c60cb24806b538ca03a36c49d6 273570b6816242ba9a7165f2066f5d03 - - default default] 10.0.0.234 "GET /v2.0/agents HTTP/1.1" status: 200 len: 997 time: 0.0312607
2026-05-09 06:30:35.375 10 INFO neutron.wsgi [None req-3f6262f6-1d26-4dee-ab0b-6935439da480 6545f5c60cb24806b538ca03a36c49d6 273570b6816242ba9a7165f2066f5d03 - - default default] 10.0.0.234 "GET /v2.0/networks HTTP/1.1" status: 200 len: 4632 time: 0.0580516
2026-05-09 06:30:35.495 10 INFO neutron.wsgi [None req-e4f0d99d-9527-4eec-8a87-f0427ce8028a 6545f5c60cb24806b538ca03a36c49d6 273570b6816242ba9a7165f2066f5d03 - - default default] 10.0.0.234 "GET /v2.0/routers HTTP/1.1" status: 200 len: 2211 time: 0.1152799
2026-05-09 06:30:35.500 9 INFO neutron.db.ovn_revision_numbers_db [None req-f4930e83-a872-4a6e-bc02-5b4a4cd62197 - - - - - -] Successfully bumped revision number for resource fe60c4f6-6c72-4628-9147-ea6476118b6d (type: ports) to 3
2026-05-09 06:30:35.505 10 INFO neutron.wsgi [None req-8c551aad-8ea4-410a-9cec-4659cfc6d701 6545f5c60cb24806b538ca03a36c49d6 273570b6816242ba9a7165f2066f5d03 - - default default] 10.0.0.234 "GET /v2.0/agents?binary=ovn-controller HTTP/1.1" status: 200 len: 591 time: 0.0096359
2026-05-09 06:30:35.515 10 INFO neutron.wsgi [None req-8ab81b06-47ab-4c7f-98e1-96684fbbe843 6545f5c60cb24806b538ca03a36c49d6 273570b6816242ba9a7165f2066f5d03 - - default default] 10.0.0.234 "GET /v2.0/network-ip-availabilities HTTP/1.1" status: 200 len: 2714 time: 0.0089788
2026-05-09 06:30:35.639 9 INFO neutron.db.ovn_revision_numbers_db [None req-f4930e83-a872-4a6e-bc02-5b4a4cd62197 - - - - - -] Successfully bumped revision number for resource fe60c4f6-6c72-4628-9147-ea6476118b6d (type: router_ports) to 3
2026-05-09 06:30:35.824 9 INFO neutron.db.ovn_revision_numbers_db [None req-363d756c-7832-4c59-b02a-83c03aaa7109 39e7a121f4bc4484b6e6490248bf1259 b1e95f2a6a4e427dac590272fbfe03f2 - - - -] Successfully bumped revision number for resource 55f44aa2-26de-4766-93ea-86b67edde3ca (type: security_groups) to 1
2026-05-09 06:30:35.854 9 INFO neutron.wsgi [None req-363d756c-7832-4c59-b02a-83c03aaa7109 39e7a121f4bc4484b6e6490248bf1259 b1e95f2a6a4e427dac590272fbfe03f2 - - - -] 10.0.0.2 "POST /v2.0/security-groups HTTP/1.1" status: 201 len: 1797 time: 0.1643143
2026-05-09 06:30:36.004 9 INFO neutron.db.ovn_revision_numbers_db [None req-bff1a50b-0599-466a-b3cc-98964c69d60a 39e7a121f4bc4484b6e6490248bf1259 b1e95f2a6a4e427dac590272fbfe03f2 - - - -] Successfully bumped revision number for resource 57ea74c6-ce8b-4079-8ab6-b7a20d309f0b (type: security_group_rules) to 0
2026-05-09 06:30:36.033 9 INFO neutron.wsgi [None req-bff1a50b-0599-466a-b3cc-98964c69d60a 39e7a121f4bc4484b6e6490248bf1259 b1e95f2a6a4e427dac590272fbfe03f2 - - - -] 10.0.0.2 "POST /v2.0/security-group-rules HTTP/1.1" status: 201 len: 764 time: 0.1714089
2026-05-09 06:30:36.175 9 INFO neutron.db.ovn_revision_numbers_db [None req-2a2454b3-3cb8-4be8-ae76-b7b88e889c57 39e7a121f4bc4484b6e6490248bf1259 b1e95f2a6a4e427dac590272fbfe03f2 - - - -] Successfully bumped revision number for resource 9aa7391b-f2b1-4d2f-8fee-2a32eaa63db3 (type: security_group_rules) to 0
2026-05-09 06:30:36.207 9 INFO neutron.wsgi [None req-2a2454b3-3cb8-4be8-ae76-b7b88e889c57 39e7a121f4bc4484b6e6490248bf1259 b1e95f2a6a4e427dac590272fbfe03f2 - - - -] 10.0.0.2 "POST /v2.0/security-group-rules HTTP/1.1" status: 201 len: 769 time: 0.1682725
2026-05-09 06:30:36.493 9 WARNING neutron.scheduler.dhcp_agent_scheduler [None req-73dbc9fb-7165-4622-8bf7-b3f246104fa0 39e7a121f4bc4484b6e6490248bf1259 b1e95f2a6a4e427dac590272fbfe03f2 - - - -] No more DHCP agents
2026-05-09 06:30:36.494 9 WARNING neutron.api.rpc.agentnotifiers.dhcp_rpc_agent_api [None req-73dbc9fb-7165-4622-8bf7-b3f246104fa0 39e7a121f4bc4484b6e6490248bf1259 b1e95f2a6a4e427dac590272fbfe03f2 - - - -] Unable to schedule network 8dbe093c-a6c6-46e1-b28f-f04c24b0e296: no agents available; will retry on subsequent port and subnet creation events.
2026-05-09 06:30:37.076 10 INFO neutron.db.ovn_revision_numbers_db [None req-611c7dcd-d417-46a5-a1fb-0bdc5dda8688 234779d6ee804988881e1e7a45d2d948 e1b33a8aaef6480c99888fdef8a63d0c - - - -] Successfully bumped revision number for resource 71f6ada0-d7ca-4f3e-b19c-045b223bc79c (type: security_groups) to 1
2026-05-09 06:30:37.130 10 INFO neutron.db.segments_db [None req-611c7dcd-d417-46a5-a1fb-0bdc5dda8688 234779d6ee804988881e1e7a45d2d948 e1b33a8aaef6480c99888fdef8a63d0c - - - -] Added segment 52e869c3-f1e7-4f19-933e-db6be0129ef9 of type geneve for network 6a8c6b9b-2e80-4cba-b3bc-e7137c3e837f
2026-05-09 06:30:37.136 9 INFO neutron.db.ovn_revision_numbers_db [None req-73dbc9fb-7165-4622-8bf7-b3f246104fa0 39e7a121f4bc4484b6e6490248bf1259 b1e95f2a6a4e427dac590272fbfe03f2 - - - -] Successfully bumped revision number for resource 00284641-dee0-4ab2-a890-3084cdd09fdd (type: floatingips) to 0
2026-05-09 06:30:37.150 9 INFO neutron.wsgi [None req-73dbc9fb-7165-4622-8bf7-b3f246104fa0 39e7a121f4bc4484b6e6490248bf1259 b1e95f2a6a4e427dac590272fbfe03f2 - - - -] 10.0.0.2 "POST /v2.0/floatingips HTTP/1.1" status: 201 len: 751 time: 0.9382632
2026-05-09 06:30:37.322 10 INFO neutron.db.ovn_revision_numbers_db [None req-611c7dcd-d417-46a5-a1fb-0bdc5dda8688 234779d6ee804988881e1e7a45d2d948 e1b33a8aaef6480c99888fdef8a63d0c - - - -] Successfully bumped revision number for resource 6a8c6b9b-2e80-4cba-b3bc-e7137c3e837f (type: networks) to 1
2026-05-09 06:30:37.472 10 INFO neutron.wsgi [req-9ec71709-2f92-4f11-97de-8a9d1277503d req-bf377603-317b-4b02-b37a-340e7fdc088b 213b439b2ef749cba275d55974855653 2e02d35680164b7fba0d2fc3ee0573bf - - 281444ac8cb649fdaab116564d0e72d0 281444ac8cb649fdaab116564d0e72d0] 199.204.45.216 "GET /v2.0/ports?device_id=359ac2b3-75d0-4877-a215-c9deadaa1115&fields=binding%3Ahost_id&fields=binding%3Avif_type HTTP/1.1" status: 200 len: 265 time: 0.0530920
