2026-05-09 06:30:56.838 10 INFO neutron.wsgi [None req-ace7b5de-87c8-46bd-a98b-8937867726ac 02738aad02bd4438b6fe224f223d711c b2c34538458a4ebabce3f6b6d76475af - - - -] 10.0.0.2 "DELETE /v2.0/subnetpools/7d4a1c65-52ba-4d8e-acd7-349253da9602 HTTP/1.1" status: 404 len: 346 time: 0.0171597
2026-05-09 06:30:57.886 9 INFO neutron.db.ovn_revision_numbers_db [None req-af741bb7-0e71-42ff-937b-71b9f9367c6e 6545f5c60cb24806b538ca03a36c49d6 273570b6816242ba9a7165f2066f5d03 - - default default] Successfully bumped revision number for resource f5c2976e-01a2-4afe-b3b3-396e7413c49b (type: security_groups) to 1
2026-05-09 06:30:57.920 9 INFO neutron.wsgi [None req-af741bb7-0e71-42ff-937b-71b9f9367c6e 6545f5c60cb24806b538ca03a36c49d6 273570b6816242ba9a7165f2066f5d03 - - default default] 10.0.0.2 "GET /v2.0/security-groups?tenant_id=b2c34538458a4ebabce3f6b6d76475af&name=default HTTP/1.1" status: 200 len: 2996 time: 0.5479789
2026-05-09 06:30:58.110 9 INFO neutron.wsgi [None req-11ed0237-7ff3-495a-8d07-08f14bd2df40 6545f5c60cb24806b538ca03a36c49d6 273570b6816242ba9a7165f2066f5d03 - - - -] 10.0.0.2 "DELETE /v2.0/security-groups/f5c2976e-01a2-4afe-b3b3-396e7413c49b HTTP/1.1" status: 204 len: 168 time: 0.1850009
2026-05-09 06:30:58.255 10 INFO neutron.db.ovn_revision_numbers_db [None req-0433c6a0-033f-451c-9077-89a6ca621ae9 6545f5c60cb24806b538ca03a36c49d6 273570b6816242ba9a7165f2066f5d03 - - default default] Successfully bumped revision number for resource 19358d48-7ba3-4b73-b522-b86252ddf339 (type: security_groups) to 1
2026-05-09 06:30:58.277 10 INFO neutron.wsgi [None req-0433c6a0-033f-451c-9077-89a6ca621ae9 6545f5c60cb24806b538ca03a36c49d6 273570b6816242ba9a7165f2066f5d03 - - default default] 10.0.0.2 "GET /v2.0/security-groups?tenant_id=5c996117b8a94458b18ed406f4c19913&name=default HTTP/1.1" status: 200 len: 2996 time: 0.3356586
2026-05-09 06:30:58.449 10 INFO neutron.wsgi [None req-b6242245-7487-4597-9cf7-3385ad754a73 6545f5c60cb24806b538ca03a36c49d6 273570b6816242ba9a7165f2066f5d03 - - - -] 10.0.0.2 "DELETE /v2.0/security-groups/19358d48-7ba3-4b73-b522-b86252ddf339 HTTP/1.1" status: 204 len: 168 time: 0.1680622
2026-05-09 06:30:59.349 9 INFO neutron.db.ovn_revision_numbers_db [None req-6faec06d-2afb-4a11-9048-547124eee477 6545f5c60cb24806b538ca03a36c49d6 273570b6816242ba9a7165f2066f5d03 - - default default] Successfully bumped revision number for resource 91746faa-461f-45f0-94de-2c09324b469a (type: security_groups) to 1
2026-05-09 06:30:59.371 9 INFO neutron.wsgi [None req-6faec06d-2afb-4a11-9048-547124eee477 6545f5c60cb24806b538ca03a36c49d6 273570b6816242ba9a7165f2066f5d03 - - default default] 10.0.0.2 "GET /v2.0/security-groups?tenant_id=c2dc192954704c8681737a46f450966a&name=default HTTP/1.1" status: 200 len: 2996 time: 0.2183182
2026-05-09 06:30:59.569 9 INFO neutron.wsgi [None req-4ccbd77b-fa8a-4e1a-a9d0-0225a409d85a 6545f5c60cb24806b538ca03a36c49d6 273570b6816242ba9a7165f2066f5d03 - - - -] 10.0.0.2 "DELETE /v2.0/security-groups/91746faa-461f-45f0-94de-2c09324b469a HTTP/1.1" status: 204 len: 168 time: 0.1930833
2026-05-09 06:30:59.775 10 INFO neutron.db.ovn_revision_numbers_db [None req-8fb93386-c09d-4eb3-95da-e24d2da9c347 6545f5c60cb24806b538ca03a36c49d6 273570b6816242ba9a7165f2066f5d03 - - default default] Successfully bumped revision number for resource de36db41-2108-441f-9f32-67ac0cc2f3ae (type: security_groups) to 1
2026-05-09 06:30:59.798 10 INFO neutron.wsgi [None req-8fb93386-c09d-4eb3-95da-e24d2da9c347 6545f5c60cb24806b538ca03a36c49d6 273570b6816242ba9a7165f2066f5d03 - - default default] 10.0.0.2 "GET /v2.0/security-groups?tenant_id=99556360e6ad4972af64c9655533071f&name=default HTTP/1.1" status: 200 len: 2996 time: 0.1069038
2026-05-09 06:30:59.823 9 INFO neutron.wsgi [-] 10.0.0.2 "GET / HTTP/1.1" status: 200 len: 279 time: 0.0025165
2026-05-09 06:30:59.974 10 INFO neutron.wsgi [None req-f7df2d3d-08fa-4578-a714-6a7639cff5fd 6545f5c60cb24806b538ca03a36c49d6 273570b6816242ba9a7165f2066f5d03 - - - -] 10.0.0.2 "DELETE /v2.0/security-groups/de36db41-2108-441f-9f32-67ac0cc2f3ae HTTP/1.1" status: 204 len: 168 time: 0.1726267
2026-05-09 06:31:00.026 9 INFO neutron.wsgi [None req-1352a39f-5676-4805-bdd7-fae77e373601 073e141ad40342deae8975474e4f37f3 d7d14128879e473c8ac25c4fbcda85a3 - - default default] 10.0.0.2 "GET /v2.0/ HTTP/1.1" status: 200 len: 826 time: 0.1981525
2026-05-09 06:31:00.559 10 INFO neutron.db.ovn_revision_numbers_db [None req-1b94a963-72a4-4c9e-b7df-46c116e71ebe 6545f5c60cb24806b538ca03a36c49d6 273570b6816242ba9a7165f2066f5d03 - - default default] Successfully bumped revision number for resource 553a41c0-8894-486c-9f16-98e2129405f3 (type: security_groups) to 1
2026-05-09 06:31:00.581 10 INFO neutron.wsgi [None req-1b94a963-72a4-4c9e-b7df-46c116e71ebe 6545f5c60cb24806b538ca03a36c49d6 273570b6816242ba9a7165f2066f5d03 - - default default] 10.0.0.2 "GET /v2.0/security-groups?tenant_id=d7d14128879e473c8ac25c4fbcda85a3&name=default HTTP/1.1" status: 200 len: 2996 time: 0.1815193
2026-05-09 06:31:00.745 10 INFO neutron.wsgi [None req-b002e6b6-be81-447d-9558-1c7ebcf9f98c 6545f5c60cb24806b538ca03a36c49d6 273570b6816242ba9a7165f2066f5d03 - - - -] 10.0.0.2 "DELETE /v2.0/security-groups/553a41c0-8894-486c-9f16-98e2129405f3 HTTP/1.1" status: 204 len: 168 time: 0.1584506
2026-05-09 06:31:01.964 10 INFO neutron.wsgi [req-ff3378de-7e48-4334-b8a7-577ab21a05ed req-569bfa35-6148-4ed6-bc4e-503a4d6be78a 213b439b2ef749cba275d55974855653 2e02d35680164b7fba0d2fc3ee0573bf - - 281444ac8cb649fdaab116564d0e72d0 281444ac8cb649fdaab116564d0e72d0] 10.0.0.88 "GET /v2.0/ports?device_id=75438098-b6e0-4548-9342-ef3e5521080a HTTP/1.1" status: 200 len: 1365 time: 0.0485170
2026-05-09 06:31:02.008 10 INFO neutron.wsgi [req-ff3378de-7e48-4334-b8a7-577ab21a05ed req-8214f772-b1b1-413b-8d6e-c4b67573475b 213b439b2ef749cba275d55974855653 2e02d35680164b7fba0d2fc3ee0573bf - - 281444ac8cb649fdaab116564d0e72d0 281444ac8cb649fdaab116564d0e72d0] 10.0.0.88 "GET /v2.0/security-groups?id=ca50b282-8c39-46cf-b8b8-2db89248752a&fields=id&fields=name HTTP/1.1" status: 200 len: 313 time: 0.0374110
2026-05-09 06:31:04.108 10 INFO neutron.db.ovn_revision_numbers_db [None req-b3a9e791-f655-4db9-95f6-b08c1562ba89 6545f5c60cb24806b538ca03a36c49d6 273570b6816242ba9a7165f2066f5d03 - - default default] Successfully bumped revision number for resource 2595a701-c437-4ba7-bbc2-a5421d91fcd5 (type: security_groups) to 1
2026-05-09 06:31:04.128 10 INFO neutron.wsgi [None req-b3a9e791-f655-4db9-95f6-b08c1562ba89 6545f5c60cb24806b538ca03a36c49d6 273570b6816242ba9a7165f2066f5d03 - - default default] 10.0.0.2 "GET /v2.0/security-groups?tenant_id=ece6165ccdd6463c807b2983bb94440b&name=default HTTP/1.1" status: 200 len: 2996 time: 0.3032856
2026-05-09 06:31:04.288 10 INFO neutron.wsgi [None req-baa40d5f-4616-4e92-9cda-b66666fce3f0 6545f5c60cb24806b538ca03a36c49d6 273570b6816242ba9a7165f2066f5d03 - - - -] 10.0.0.2 "DELETE /v2.0/security-groups/2595a701-c437-4ba7-bbc2-a5421d91fcd5 HTTP/1.1" status: 204 len: 168 time: 0.1538601
2026-05-09 06:31:04.526 10 INFO neutron.db.ovn_revision_numbers_db [None req-0c2c1580-bb42-4039-b144-888862e436f9 6545f5c60cb24806b538ca03a36c49d6 273570b6816242ba9a7165f2066f5d03 - - default default] Successfully bumped revision number for resource ba62302e-68a8-4f72-91a1-d5e11143df52 (type: security_groups) to 1
2026-05-09 06:31:04.544 10 INFO neutron.wsgi [None req-0c2c1580-bb42-4039-b144-888862e436f9 6545f5c60cb24806b538ca03a36c49d6 273570b6816242ba9a7165f2066f5d03 - - default default] 10.0.0.2 "GET /v2.0/security-groups?tenant_id=39eb1ddd4f274c4f8040afde5399dcb8&name=default HTTP/1.1" status: 200 len: 2996 time: 0.1092138
2026-05-09 06:31:04.750 10 INFO neutron.wsgi [None req-a1247b6b-f8d5-4f44-81c0-ece5f92139f4 6545f5c60cb24806b538ca03a36c49d6 273570b6816242ba9a7165f2066f5d03 - - - -] 10.0.0.2 "DELETE /v2.0/security-groups/ba62302e-68a8-4f72-91a1-d5e11143df52 HTTP/1.1" status: 204 len: 168 time: 0.2013454
2026-05-09 06:31:04.908 9 INFO neutron.db.ovn_revision_numbers_db [None req-6b08b3c9-9e83-4725-8b1f-3515b8e5dec3 6545f5c60cb24806b538ca03a36c49d6 273570b6816242ba9a7165f2066f5d03 - - default default] Successfully bumped revision number for resource f33fb0d8-f03e-4984-912e-b2783ecfa90c (type: security_groups) to 1
2026-05-09 06:31:04.934 9 INFO neutron.wsgi [None req-6b08b3c9-9e83-4725-8b1f-3515b8e5dec3 6545f5c60cb24806b538ca03a36c49d6 273570b6816242ba9a7165f2066f5d03 - - default default] 10.0.0.2 "GET /v2.0/security-groups?tenant_id=cbf34f27212d4cc6bc22d60e5eb7bc75&name=default HTTP/1.1" status: 200 len: 2996 time: 0.2720473
2026-05-09 06:31:05.121 9 INFO neutron.wsgi [None req-b66ba42d-c8d2-4c9e-903e-d0bea30c4bcc 6545f5c60cb24806b538ca03a36c49d6 273570b6816242ba9a7165f2066f5d03 - - - -] 10.0.0.2 "DELETE /v2.0/security-groups/f33fb0d8-f03e-4984-912e-b2783ecfa90c HTTP/1.1" status: 204 len: 168 time: 0.1826694
2026-05-09 06:31:05.315 9 INFO neutron.db.ovn_revision_numbers_db [None req-2a107d5f-d5ba-48f0-8cc8-8637f662d4ed 6545f5c60cb24806b538ca03a36c49d6 273570b6816242ba9a7165f2066f5d03 - - default default] Successfully bumped revision number for resource 22f9a1ec-f912-4b85-84e2-8202d215ef2a (type: security_groups) to 1
2026-05-09 06:31:05.343 9 INFO neutron.wsgi [None req-2a107d5f-d5ba-48f0-8cc8-8637f662d4ed 6545f5c60cb24806b538ca03a36c49d6 273570b6816242ba9a7165f2066f5d03 - - default default] 10.0.0.2 "GET /v2.0/security-groups?tenant_id=5aafe199f272414cb89dd3f6dfe716c7&name=default HTTP/1.1" status: 200 len: 2996 time: 0.1448712
2026-05-09 06:31:05.540 10 INFO neutron.wsgi [None req-b0d926b7-e2e2-46d5-abc0-6e995ecdd0a5 6545f5c60cb24806b538ca03a36c49d6 273570b6816242ba9a7165f2066f5d03 - - - -] 10.0.0.2 "DELETE /v2.0/security-groups/22f9a1ec-f912-4b85-84e2-8202d215ef2a HTTP/1.1" status: 204 len: 168 time: 0.1843967
2026-05-09 06:31:05.716 9 INFO neutron.db.ovn_revision_numbers_db [None req-6a27d0f3-a996-4ab8-a410-92108f10ae7d 6545f5c60cb24806b538ca03a36c49d6 273570b6816242ba9a7165f2066f5d03 - - default default] Successfully bumped revision number for resource bc6f78f1-afee-41aa-a2c2-1208405d03b9 (type: security_groups) to 1
2026-05-09 06:31:05.741 9 INFO neutron.wsgi [None req-6a27d0f3-a996-4ab8-a410-92108f10ae7d 6545f5c60cb24806b538ca03a36c49d6 273570b6816242ba9a7165f2066f5d03 - - default default] 10.0.0.2 "GET /v2.0/security-groups?tenant_id=8e6e489914944539b01a3ccd9eec5376&name=default HTTP/1.1" status: 200 len: 2996 time: 0.2402914
2026-05-09 06:31:05.995 9 INFO neutron.wsgi [None req-c1e5331c-ba8e-439a-b180-6d4fd1a23fb6 6545f5c60cb24806b538ca03a36c49d6 273570b6816242ba9a7165f2066f5d03 - - - -] 10.0.0.2 "DELETE /v2.0/security-groups/bc6f78f1-afee-41aa-a2c2-1208405d03b9 HTTP/1.1" status: 204 len: 168 time: 0.2457473
2026-05-09 06:31:06.176 10 INFO neutron.db.ovn_revision_numbers_db [None req-995af1d2-8c54-4c67-8516-2bc2d356ba65 6545f5c60cb24806b538ca03a36c49d6 273570b6816242ba9a7165f2066f5d03 - - default default] Successfully bumped revision number for resource c49da29d-88ce-4b86-b763-cbe88a6477ab (type: security_groups) to 1
2026-05-09 06:31:06.198 10 INFO neutron.wsgi [None req-995af1d2-8c54-4c67-8516-2bc2d356ba65 6545f5c60cb24806b538ca03a36c49d6 273570b6816242ba9a7165f2066f5d03 - - default default] 10.0.0.2 "GET /v2.0/security-groups?tenant_id=6543f3e459b4474faf45253c939279f1&name=default HTTP/1.1" status: 200 len: 2996 time: 0.1071994
2026-05-09 06:31:06.207 9 INFO neutron.wsgi [req-3afa6305-1729-4ad6-a20e-6238c05e61b6 req-4f90af97-d32d-4574-a094-9df6163aefa3 f1d2b5dcafff4445abfb43d7bd34e661 89dc6eef1f4d4a32ab813cab5b00cc40 - - default default] 10.0.0.153 "GET /v2.0/ports?device_id=75438098-b6e0-4548-9342-ef3e5521080a HTTP/1.1" status: 200 len: 1174 time: 0.0965931
2026-05-09 06:31:06.247 9 INFO neutron.wsgi [req-3afa6305-1729-4ad6-a20e-6238c05e61b6 req-d18d0c83-a1bc-4435-89a6-4961a4069f97 f1d2b5dcafff4445abfb43d7bd34e661 89dc6eef1f4d4a32ab813cab5b00cc40 - - default default] 10.0.0.153 "GET /v2.0/security-groups?id=ca50b282-8c39-46cf-b8b8-2db89248752a&fields=id&fields=name HTTP/1.1" status: 200 len: 313 time: 0.0338039
2026-05-09 06:31:06.370 10 INFO neutron.wsgi [None req-21012b5e-2f95-479d-a541-d96c9215f0d6 6545f5c60cb24806b538ca03a36c49d6 273570b6816242ba9a7165f2066f5d03 - - - -] 10.0.0.2 "DELETE /v2.0/security-groups/c49da29d-88ce-4b86-b763-cbe88a6477ab HTTP/1.1" status: 204 len: 168 time: 0.1638618
2026-05-09 06:31:06.483 9 INFO neutron.wsgi [req-4c5f3741-da38-4517-b4ec-3f3b48151834 req-dc352292-41e0-45df-84b6-04e82ece19b1 f1d2b5dcafff4445abfb43d7bd34e661 89dc6eef1f4d4a32ab813cab5b00cc40 - - default default] 10.0.0.153 "GET /v2.0/ports?device_id=75438098-b6e0-4548-9342-ef3e5521080a HTTP/1.1" status: 200 len: 1174 time: 0.0380557
2026-05-09 06:31:06.520 10 INFO neutron.plugins.ml2.drivers.ovn.mech_driver.mech_driver [None req-d2efd29f-2ac8-467e-a577-17eeb1615742 - - - - - -] OVN reports status down for port: 5a1a3a50-1512-4de7-a7f9-5a11c331ef7c
2026-05-09 06:31:06.528 9 INFO neutron.wsgi [req-4c5f3741-da38-4517-b4ec-3f3b48151834 req-b4e5c918-111c-4323-b9fc-c308f2d9b3be f1d2b5dcafff4445abfb43d7bd34e661 89dc6eef1f4d4a32ab813cab5b00cc40 - - default default] 10.0.0.153 "GET /v2.0/security-groups?id=ca50b282-8c39-46cf-b8b8-2db89248752a&fields=id&fields=name HTTP/1.1" status: 200 len: 313 time: 0.0367701
2026-05-09 06:31:06.684 10 INFO neutron.notifiers.nova [-] Nova event matching ['req-97f9e699-fb0d-4d77-86e7-9ef645572894'] response: {'server_uuid': '75438098-b6e0-4548-9342-ef3e5521080a', 'name': 'network-vif-unplugged', 'status': 'completed', 'tag': '5a1a3a50-1512-4de7-a7f9-5a11c331ef7c', 'code': 200}
2026-05-09 06:31:06.798 10 INFO neutron.db.ovn_revision_numbers_db [None req-d2efd29f-2ac8-467e-a577-17eeb1615742 - - - - - -] Successfully bumped revision number for resource 5a1a3a50-1512-4de7-a7f9-5a11c331ef7c (type: ports) to 7
2026-05-09 06:31:06.829 9 INFO neutron.wsgi [req-a446b282-fff0-44af-abd7-c408f0b2fd7c req-df7c0173-73ba-4fff-a8b7-7d393f884432 f1d2b5dcafff4445abfb43d7bd34e661 89dc6eef1f4d4a32ab813cab5b00cc40 - - default default] 199.204.45.216 "GET /v2.0/ports?device_id=75438098-b6e0-4548-9342-ef3e5521080a HTTP/1.1" status: 200 len: 1172 time: 0.0532529
2026-05-09 06:31:07.145 9 INFO neutron.db.l3_db [None req-6bd0b05a-db41-40d7-94d2-a6230836f3b7 f1d2b5dcafff4445abfb43d7bd34e661 89dc6eef1f4d4a32ab813cab5b00cc40 - - - -] Floating IP 387a7995-d479-45ae-9eaf-6c8c8e97e2af disassociated. External IP: 10.96.250.219, port: 5a1a3a50-1512-4de7-a7f9-5a11c331ef7c.
2026-05-09 06:31:07.367 9 INFO neutron.wsgi [None req-6bd0b05a-db41-40d7-94d2-a6230836f3b7 f1d2b5dcafff4445abfb43d7bd34e661 89dc6eef1f4d4a32ab813cab5b00cc40 - - - -] 199.204.45.216 "DELETE /v2.0/ports/5a1a3a50-1512-4de7-a7f9-5a11c331ef7c HTTP/1.1" status: 204 len: 173 time: 0.5329061
2026-05-09 06:31:07.411 9 INFO neutron.notifiers.nova [-] Nova event matching ['req-37441d48-c074-4746-a074-b39812330af6'] response: {'server_uuid': '75438098-b6e0-4548-9342-ef3e5521080a', 'name': 'network-vif-deleted', 'tag': '5a1a3a50-1512-4de7-a7f9-5a11c331ef7c', 'status': 'completed', 'code': 200} /var/lib/openstack/lib/python3.10/site-packages/pycadf/identifier.py:71: UserWarning: Invalid uuid: neutron. To ensure interoperability, identifiers should be a valid uuid. warnings.warn(('Invalid uuid: %s. To ensure interoperability, '
2026-05-09 06:31:07.639 9 INFO neutron.wsgi [req-6bfdb687-7158-4fd6-8d5a-5b3315d40581 req-5cb2d0e6-8596-4936-b87b-280af7d0f6c3 f1d2b5dcafff4445abfb43d7bd34e661 89dc6eef1f4d4a32ab813cab5b00cc40 - - default default] 10.0.0.153 "GET /v2.0/ports?device_id=75438098-b6e0-4548-9342-ef3e5521080a HTTP/1.1" status: 200 len: 210 time: 0.0292664
2026-05-09 06:31:08.747 10 INFO neutron.notifiers.nova [-] Nova event matching ['req-72d01eca-1889-4ade-bd61-d55e12af702a'] response: {'server_uuid': '75438098-b6e0-4548-9342-ef3e5521080a', 'name': 'network-vif-plugged', 'status': 'completed', 'tag': '5a1a3a50-1512-4de7-a7f9-5a11c331ef7c', 'code': 200}
2026-05-09 06:31:08.879 9 INFO neutron.wsgi [None req-38d837f8-50f3-4e0b-ae17-c2a1cce7d575 f1d2b5dcafff4445abfb43d7bd34e661 89dc6eef1f4d4a32ab813cab5b00cc40 - - - -] 10.0.0.2 "DELETE /v2.0/security-groups/ca50b282-8c39-46cf-b8b8-2db89248752a HTTP/1.1" status: 204 len: 168 time: 0.1554806 /var/lib/openstack/lib/python3.10/site-packages/pycadf/identifier.py:71: UserWarning: Invalid uuid: neutron. To ensure interoperability, identifiers should be a valid uuid. warnings.warn(('Invalid uuid: %s. To ensure interoperability, '
2026-05-09 06:31:08.899 10 INFO neutron.api.v2.resource [None req-6c563dba-6221-4f75-8290-b0faa1d13346 f1d2b5dcafff4445abfb43d7bd34e661 89dc6eef1f4d4a32ab813cab5b00cc40 - - default default] show failed (client error): The resource could not be found.
2026-05-09 06:31:08.900 10 INFO neutron.wsgi [None req-6c563dba-6221-4f75-8290-b0faa1d13346 f1d2b5dcafff4445abfb43d7bd34e661 89dc6eef1f4d4a32ab813cab5b00cc40 - - default default] 10.0.0.2 "GET /v2.0/security-groups/ca50b282-8c39-46cf-b8b8-2db89248752a HTTP/1.1" status: 404 len: 347 time: 0.0150213
2026-05-09 06:31:09.286 10 INFO neutron.db.ovn_revision_numbers_db [None req-0a1b0d3f-3c0c-4fcf-b573-3797b243c4c5 6545f5c60cb24806b538ca03a36c49d6 273570b6816242ba9a7165f2066f5d03 - - default default] Successfully bumped revision number for resource 35921b01-28c7-4986-9d12-f03bd84e2d8b (type: security_groups) to 1
2026-05-09 06:31:09.310 10 INFO neutron.wsgi [None req-0a1b0d3f-3c0c-4fcf-b573-3797b243c4c5 6545f5c60cb24806b538ca03a36c49d6 273570b6816242ba9a7165f2066f5d03 - - default default] 10.0.0.2 "GET /v2.0/security-groups?tenant_id=a968f7dbd0fc44f6819050da7eeb1118&name=default HTTP/1.1" status: 200 len: 2996 time: 0.3690898
2026-05-09 06:31:09.318 10 INFO neutron.wsgi [None req-9ee1d573-4734-4dc0-890f-a09c35a2aa2c f1d2b5dcafff4445abfb43d7bd34e661 89dc6eef1f4d4a32ab813cab5b00cc40 - - - -] 10.0.0.2 "DELETE /v2.0/floatingips/387a7995-d479-45ae-9eaf-6c8c8e97e2af HTTP/1.1" status: 204 len: 168 time: 0.4126942
2026-05-09 06:31:09.554 9 INFO neutron.wsgi [None req-5a90d2bd-48b6-48df-b97e-33d9948541db 6545f5c60cb24806b538ca03a36c49d6 273570b6816242ba9a7165f2066f5d03 - - - -] 10.0.0.2 "DELETE /v2.0/security-groups/35921b01-28c7-4986-9d12-f03bd84e2d8b HTTP/1.1" status: 204 len: 168 time: 0.2361343
2026-05-09 06:31:09.882 9 INFO neutron.db.ovn_revision_numbers_db [None req-222b318e-2c8d-4621-ae6c-847a5ba8be25 6545f5c60cb24806b538ca03a36c49d6 273570b6816242ba9a7165f2066f5d03 - - default default] Successfully bumped revision number for resource 220ab406-9260-484b-ba59-549cc5589b5d (type: security_groups) to 1
2026-05-09 06:31:09.918 9 INFO neutron.wsgi [None req-222b318e-2c8d-4621-ae6c-847a5ba8be25 6545f5c60cb24806b538ca03a36c49d6 273570b6816242ba9a7165f2066f5d03 - - default default] 10.0.0.2 "GET /v2.0/security-groups?tenant_id=681a66de48464dcb999bb27839f0e308&name=default HTTP/1.1" status: 200 len: 2996 time: 0.1387858
2026-05-09 06:31:10.094 9 INFO neutron.db.ovn_revision_numbers_db [None req-34889d80-1dc1-49f9-88c5-5c0d63d4b11b 6545f5c60cb24806b538ca03a36c49d6 273570b6816242ba9a7165f2066f5d03 - - default default] Successfully bumped revision number for resource c7ef8ee3-cc76-416b-899b-a42ef333b1ba (type: security_groups) to 1
2026-05-09 06:31:10.113 9 INFO neutron.wsgi [None req-34889d80-1dc1-49f9-88c5-5c0d63d4b11b 6545f5c60cb24806b538ca03a36c49d6 273570b6816242ba9a7165f2066f5d03 - - default default] 10.0.0.2 "GET /v2.0/security-groups?tenant_id=1dec68d2f68848589b47853e73561ebd&name=default HTTP/1.1" status: 200 len: 2996 time: 0.2115843
2026-05-09 06:31:10.140 9 INFO neutron.wsgi [None req-b5535865-cade-40ea-a223-ab90ffbb2a3b 6545f5c60cb24806b538ca03a36c49d6 273570b6816242ba9a7165f2066f5d03 - - - -] 10.0.0.2 "DELETE /v2.0/security-groups/220ab406-9260-484b-ba59-549cc5589b5d HTTP/1.1" status: 204 len: 168 time: 0.2075875
2026-05-09 06:31:10.185 9 INFO neutron.wsgi [-] 10.0.0.198 "GET / HTTP/1.1" status: 200 len: 247 time: 0.0017366
2026-05-09 06:31:10.188 9 INFO neutron.wsgi [-] 10.0.0.198 "GET / HTTP/1.1" status: 200 len: 247 time: 0.0016739
2026-05-09 06:31:10.310 9 INFO neutron.wsgi [None req-4a7fcfb9-e9a2-4ab7-83c0-925e93a8527f 6545f5c60cb24806b538ca03a36c49d6 273570b6816242ba9a7165f2066f5d03 - - - -] 10.0.0.2 "DELETE /v2.0/security-groups/c7ef8ee3-cc76-416b-899b-a42ef333b1ba HTTP/1.1" status: 204 len: 168 time: 0.1895268
2026-05-09 06:31:10.440 10 INFO neutron.wsgi [None req-6381afbe-7afb-4cb3-8fce-960e01b2558f 6545f5c60cb24806b538ca03a36c49d6 273570b6816242ba9a7165f2066f5d03 - - - -] 10.0.0.2 "PUT /v2.0/routers/97e6959d-efd5-4413-aa6e-169dd6509eb7/remove_router_interface HTTP/1.1" status: 200 len: 503 time: 1.1166189 /var/lib/openstack/lib/python3.10/site-packages/pycadf/identifier.py:71: UserWarning: Invalid uuid: neutron. To ensure interoperability, identifiers should be a valid uuid. warnings.warn(('Invalid uuid: %s. To ensure interoperability, '
2026-05-09 06:31:11.135 10 INFO neutron.wsgi [None req-d85406ca-e31c-4989-94ca-ed5f94cc7f18 6545f5c60cb24806b538ca03a36c49d6 273570b6816242ba9a7165f2066f5d03 - - - -] 10.0.0.2 "DELETE /v2.0/routers/97e6959d-efd5-4413-aa6e-169dd6509eb7 HTTP/1.1" status: 204 len: 168 time: 0.6878617
2026-05-09 06:31:11.324 10 INFO neutron.wsgi [None req-fe2aa461-7459-49c7-b120-6d61c266c352 6545f5c60cb24806b538ca03a36c49d6 273570b6816242ba9a7165f2066f5d03 - - - -] 10.0.0.2 "DELETE /v2.0/subnets/6f427864-2874-4a64-9c72-8bb70f4cf199 HTTP/1.1" status: 204 len: 168 time: 0.1820652
2026-05-09 06:31:11.671 10 INFO neutron.services.segments.plugin [-] Segment ec3064b3-1d28-4551-830e-bc5f526c7ee4 resource provider aggregate not found
2026-05-09 06:31:11.693 10 INFO neutron.services.segments.plugin [-] Segment ec3064b3-1d28-4551-830e-bc5f526c7ee4 resource provider aggregate not found
2026-05-09 06:31:11.697 10 INFO neutron.services.segments.plugin [-] Segment ec3064b3-1d28-4551-830e-bc5f526c7ee4 resource provider not found; error: Placement Client Error (4xx): {"errors": [{"status": 404, "title": "Not Found", "detail": "The resource could not be found.\n\n No resource provider with uuid ec3064b3-1d28-4551-830e-bc5f526c7ee4 found for delete ", "request_id": "req-7023d986-5b4d-41e4-83fc-3dd446b0ac3f"}]}
2026-05-09 06:31:11.710 10 INFO neutron.services.segments.plugin [-] Segment ec3064b3-1d28-4551-830e-bc5f526c7ee4 resource provider not found; error: Placement Client Error (4xx): {"errors": [{"status": 404, "title": "Not Found", "detail": "The resource could not be found.\n\n No resource provider with uuid ec3064b3-1d28-4551-830e-bc5f526c7ee4 found for delete ", "request_id": "req-358b1354-7375-4136-83bc-01acd7f5ae4e"}]}
2026-05-09 06:31:11.737 10 INFO neutron.wsgi [None req-8074c0f2-152b-42f6-9d19-9d05bc43148f 6545f5c60cb24806b538ca03a36c49d6 273570b6816242ba9a7165f2066f5d03 - - - -] 10.0.0.2 "DELETE /v2.0/networks/302de04c-85bf-4742-9eb7-fcb80fe08651 HTTP/1.1" status: 204 len: 168 time: 0.4061217
2026-05-09 06:31:11.921 10 INFO neutron.wsgi [None req-636a13b8-3e0e-4b7a-9dce-3d7248cab087 6545f5c60cb24806b538ca03a36c49d6 273570b6816242ba9a7165f2066f5d03 - - default default] 10.0.0.2 "GET /v2.0/security-groups?tenant_id=89dc6eef1f4d4a32ab813cab5b00cc40&name=default HTTP/1.1" status: 200 len: 2996 time: 0.0270274
2026-05-09 06:31:12.091 10 INFO neutron.wsgi [None req-0bc99ab8-7984-4fd4-b6ce-b051af49d6df 6545f5c60cb24806b538ca03a36c49d6 273570b6816242ba9a7165f2066f5d03 - - - -] 10.0.0.2 "DELETE /v2.0/security-groups/ce7a5eb4-d7b9-4616-a7c1-ff3dc2ca62b4 HTTP/1.1" status: 204 len: 168 time: 0.1641347
2026-05-09 06:31:12.152 9 INFO neutron.db.ovn_revision_numbers_db [None req-6a74d5cd-9d38-4518-af7c-5daeeccd88bb 6545f5c60cb24806b538ca03a36c49d6 273570b6816242ba9a7165f2066f5d03 - - default default] Successfully bumped revision number for resource 33e1d241-9dcd-4052-b6cd-7536272ec028 (type: security_groups) to 1
2026-05-09 06:31:12.175 9 INFO neutron.wsgi [None req-6a74d5cd-9d38-4518-af7c-5daeeccd88bb 6545f5c60cb24806b538ca03a36c49d6 273570b6816242ba9a7165f2066f5d03 - - default default] 10.0.0.2 "GET /v2.0/security-groups?tenant_id=527cd7b877ad473295902fbf84c0c921&name=default HTTP/1.1" status: 200 len: 2996 time: 0.2695422
2026-05-09 06:31:12.345 9 INFO neutron.wsgi [None req-75aad957-7472-4625-b65a-2885900b2d40 6545f5c60cb24806b538ca03a36c49d6 273570b6816242ba9a7165f2066f5d03 - - - -] 10.0.0.2 "DELETE /v2.0/security-groups/33e1d241-9dcd-4052-b6cd-7536272ec028 HTTP/1.1" status: 204 len: 168 time: 0.1647949
2026-05-09 06:31:12.588 10 INFO neutron.db.ovn_revision_numbers_db [None req-ddf95a8a-9c50-4999-90c2-a1ffac366b7f 6545f5c60cb24806b538ca03a36c49d6 273570b6816242ba9a7165f2066f5d03 - - default default] Successfully bumped revision number for resource 8c20226b-4fa7-4ea8-bf2a-b48df4c4ab1f (type: security_groups) to 1
2026-05-09 06:31:12.608 10 INFO neutron.wsgi [None req-ddf95a8a-9c50-4999-90c2-a1ffac366b7f 6545f5c60cb24806b538ca03a36c49d6 273570b6816242ba9a7165f2066f5d03 - - default default] 10.0.0.2 "GET /v2.0/security-groups?tenant_id=532bdac4c52549f58c731443c4a6bd38&name=default HTTP/1.1" status: 200 len: 2996 time: 0.1078830
2026-05-09 06:31:12.781 9 INFO neutron.wsgi [None req-c6de14fd-8b04-4925-8b9f-c91e14d3d1ca 6545f5c60cb24806b538ca03a36c49d6 273570b6816242ba9a7165f2066f5d03 - - - -] 10.0.0.2 "DELETE /v2.0/security-groups/8c20226b-4fa7-4ea8-bf2a-b48df4c4ab1f HTTP/1.1" status: 204 len: 168 time: 0.1682601
2026-05-09 06:31:13.026 10 INFO neutron.db.ovn_revision_numbers_db [None req-7a2fe898-ffe7-4d0f-9e7f-caaa2d8bbd36 6545f5c60cb24806b538ca03a36c49d6 273570b6816242ba9a7165f2066f5d03 - - default default] Successfully bumped revision number for resource 852f55b5-b59d-4677-8e8c-d401f1fdb9ce (type: security_groups) to 1
2026-05-09 06:31:13.050 10 INFO neutron.wsgi [None req-7a2fe898-ffe7-4d0f-9e7f-caaa2d8bbd36 6545f5c60cb24806b538ca03a36c49d6 273570b6816242ba9a7165f2066f5d03 - - default default] 10.0.0.2 "GET /v2.0/security-groups?tenant_id=04abd7c3e1474aa3b17539aead05bbb3&name=default HTTP/1.1" status: 200 len: 2996 time: 0.2601950
2026-05-09 06:31:13.228 10 INFO neutron.wsgi [None req-b04ed6d5-a398-4426-929f-60e26c957f14 6545f5c60cb24806b538ca03a36c49d6 273570b6816242ba9a7165f2066f5d03 - - - -] 10.0.0.2 "DELETE /v2.0/security-groups/852f55b5-b59d-4677-8e8c-d401f1fdb9ce HTTP/1.1" status: 204 len: 168 time: 0.1721215
2026-05-09 06:31:14.110 10 INFO neutron.db.ovn_revision_numbers_db [None req-69cecf5e-7490-496f-a788-579b41eff85d 6545f5c60cb24806b538ca03a36c49d6 273570b6816242ba9a7165f2066f5d03 - - - -] Successfully bumped revision number for resource 5d37eee1-1158-4165-a9e7-90fc59c30152 (type: security_groups) to 1
2026-05-09 06:31:14.157 10 INFO neutron.db.segments_db [None req-69cecf5e-7490-496f-a788-579b41eff85d 6545f5c60cb24806b538ca03a36c49d6 273570b6816242ba9a7165f2066f5d03 - - - -] Added segment 2b3fe5dc-edce-445d-be0b-12d28aab9400 of type geneve for network 785bf89e-fece-4a40-9b25-e90a968542fe
2026-05-09 06:31:14.305 10 INFO neutron.db.ovn_revision_numbers_db [None req-69cecf5e-7490-496f-a788-579b41eff85d 6545f5c60cb24806b538ca03a36c49d6 273570b6816242ba9a7165f2066f5d03 - - - -] Successfully bumped revision number for resource 785bf89e-fece-4a40-9b25-e90a968542fe (type: networks) to 1
2026-05-09 06:31:14.479 10 WARNING neutron.scheduler.dhcp_agent_scheduler [None req-69cecf5e-7490-496f-a788-579b41eff85d 6545f5c60cb24806b538ca03a36c49d6 273570b6816242ba9a7165f2066f5d03 - - - -] No more DHCP agents
2026-05-09 06:31:14.481 10 WARNING neutron.api.rpc.agentnotifiers.dhcp_rpc_agent_api [None req-69cecf5e-7490-496f-a788-579b41eff85d 6545f5c60cb24806b538ca03a36c49d6 273570b6816242ba9a7165f2066f5d03 - - - -] Unable to schedule network 785bf89e-fece-4a40-9b25-e90a968542fe: no agents available; will retry on subsequent port and subnet creation events.
2026-05-09 06:31:14.539 10 INFO neutron.db.ovn_revision_numbers_db [None req-69cecf5e-7490-496f-a788-579b41eff85d 6545f5c60cb24806b538ca03a36c49d6 273570b6816242ba9a7165f2066f5d03 - - - -] Successfully bumped revision number for resource f49d8514-4765-47a3-9d90-97bc5374ec56 (type: ports) to 1
2026-05-09 06:31:14.556 10 INFO neutron.wsgi [None req-69cecf5e-7490-496f-a788-579b41eff85d 6545f5c60cb24806b538ca03a36c49d6 273570b6816242ba9a7165f2066f5d03 - - - -] 10.0.0.2 "POST /v2.0/networks HTTP/1.1" status: 201 len: 948 time: 0.7345541
2026-05-09 06:31:14.747 10 WARNING neutron.scheduler.dhcp_agent_scheduler [None req-4ebdaa8b-2e07-4091-bab1-4ec844afe0c7 6545f5c60cb24806b538ca03a36c49d6 273570b6816242ba9a7165f2066f5d03 - - - -] No more DHCP agents
2026-05-09 06:31:14.749 10 WARNING neutron.api.rpc.agentnotifiers.dhcp_rpc_agent_api [None req-4ebdaa8b-2e07-4091-bab1-4ec844afe0c7 6545f5c60cb24806b538ca03a36c49d6 273570b6816242ba9a7165f2066f5d03 - - - -] Unable to schedule network 785bf89e-fece-4a40-9b25-e90a968542fe: no agents available; will retry on subsequent port and subnet creation events.
2026-05-09 06:31:14.931 9 INFO neutron.db.ovn_revision_numbers_db [None req-d28371f2-c5fc-4056-a8d8-aa308d7e5239 3435237315ae4d7c8aa8d1c195d9b151 fec6916f0aa0451d911025c7111a2319 - - - -] Successfully bumped revision number for resource b7f1eec3-b858-4ec0-9e03-2b9a47bce72d (type: security_groups) to 1
2026-05-09 06:31:14.996 9 INFO neutron.db.segments_db [None req-d28371f2-c5fc-4056-a8d8-aa308d7e5239 3435237315ae4d7c8aa8d1c195d9b151 fec6916f0aa0451d911025c7111a2319 - - - -] Added segment ff60baeb-6751-46e6-99cc-b4a790792381 of type geneve for network f3dd8e6e-4f59-49d8-8e01-db256b4ab03f
2026-05-09 06:31:15.102 9 WARNING neutron.scheduler.dhcp_agent_scheduler [None req-b5a5ab17-481c-4282-877f-a1bc91d4a08a 3352f57c806349c79c5fff627ede7b87 948112a3518146fe856ca3e261c466c0 - - - -] No more DHCP agents
2026-05-09 06:31:15.104 9 WARNING neutron.api.rpc.agentnotifiers.dhcp_rpc_agent_api [None req-b5a5ab17-481c-4282-877f-a1bc91d4a08a 3352f57c806349c79c5fff627ede7b87 948112a3518146fe856ca3e261c466c0 - - - -] Unable to schedule network 8dbe093c-a6c6-46e1-b28f-f04c24b0e296: no agents available; will retry on subsequent port and subnet creation events.
2026-05-09 06:31:15.134 10 INFO neutron.db.ovn_revision_numbers_db [None req-4ebdaa8b-2e07-4091-bab1-4ec844afe0c7 6545f5c60cb24806b538ca03a36c49d6 273570b6816242ba9a7165f2066f5d03 - - - -] Successfully bumped revision number for resource f49d8514-4765-47a3-9d90-97bc5374ec56 (type: ports) to 2
2026-05-09 06:31:15.149 10 INFO neutron.db.ovn_revision_numbers_db [None req-4ebdaa8b-2e07-4091-bab1-4ec844afe0c7 6545f5c60cb24806b538ca03a36c49d6 273570b6816242ba9a7165f2066f5d03 - - - -] Successfully bumped revision number for resource 15f6e4de-c092-496e-8207-ba2c20cc8d2b (type: subnets) to 0
2026-05-09 06:31:15.152 9 INFO neutron.db.segments_db [None req-d28371f2-c5fc-4056-a8d8-aa308d7e5239 3435237315ae4d7c8aa8d1c195d9b151 fec6916f0aa0451d911025c7111a2319 - - - -] Added segment 883964ff-16c4-4f94-a277-e80f5a3c472e of type geneve for network fda551e8-75e6-4946-a7e9-2b53b4b6d7cc
2026-05-09 06:31:15.163 10 INFO neutron.wsgi [None req-4ebdaa8b-2e07-4091-bab1-4ec844afe0c7 6545f5c60cb24806b538ca03a36c49d6 273570b6816242ba9a7165f2066f5d03 - - - -] 10.0.0.2 "POST /v2.0/subnets HTTP/1.1" status: 201 len: 868 time: 0.6017456
2026-05-09 06:31:15.295 9 INFO neutron.db.ovn_revision_numbers_db [None req-d28371f2-c5fc-4056-a8d8-aa308d7e5239 3435237315ae4d7c8aa8d1c195d9b151 fec6916f0aa0451d911025c7111a2319 - - - -] Successfully bumped revision number for resource f3dd8e6e-4f59-49d8-8e01-db256b4ab03f (type: networks) to 1
2026-05-09 06:31:15.511 9 WARNING neutron.scheduler.dhcp_agent_scheduler [None req-d28371f2-c5fc-4056-a8d8-aa308d7e5239 3435237315ae4d7c8aa8d1c195d9b151 fec6916f0aa0451d911025c7111a2319 - - - -] No more DHCP agents
2026-05-09 06:31:15.514 9 WARNING neutron.api.rpc.agentnotifiers.dhcp_rpc_agent_api [None req-d28371f2-c5fc-4056-a8d8-aa308d7e5239 3435237315ae4d7c8aa8d1c195d9b151 fec6916f0aa0451d911025c7111a2319 - - - -] Unable to schedule network f3dd8e6e-4f59-49d8-8e01-db256b4ab03f: no agents available; will retry on subsequent port and subnet creation events.
2026-05-09 06:31:15.529 9 INFO neutron.db.ovn_revision_numbers_db [None req-b5a5ab17-481c-4282-877f-a1bc91d4a08a 3352f57c806349c79c5fff627ede7b87 948112a3518146fe856ca3e261c466c0 - - - -] Successfully bumped revision number for resource 5d11e72b-1e78-40a5-b878-2eb203966f10 (type: floatingips) to 0
2026-05-09 06:31:15.555 9 INFO neutron.wsgi [None req-b5a5ab17-481c-4282-877f-a1bc91d4a08a 3352f57c806349c79c5fff627ede7b87 948112a3518146fe856ca3e261c466c0 - - - -] 10.0.0.2 "POST /v2.0/floatingips HTTP/1.1" status: 201 len: 751 time: 0.9907768
2026-05-09 06:31:15.576 9 INFO neutron.db.ovn_revision_numbers_db [None req-d28371f2-c5fc-4056-a8d8-aa308d7e5239 3435237315ae4d7c8aa8d1c195d9b151 fec6916f0aa0451d911025c7111a2319 - - - -] Successfully bumped revision number for resource 64e0a390-4332-4f9b-88b3-c20f53ad721b (type: ports) to 1
2026-05-09 06:31:15.624 9 INFO neutron.db.ovn_revision_numbers_db [None req-d28371f2-c5fc-4056-a8d8-aa308d7e5239 3435237315ae4d7c8aa8d1c195d9b151 fec6916f0aa0451d911025c7111a2319 - - - -] Successfully bumped revision number for resource fda551e8-75e6-4946-a7e9-2b53b4b6d7cc (type: networks) to 1
2026-05-09 06:31:15.668 10 WARNING neutron.scheduler.dhcp_agent_scheduler [None req-6268faeb-d2ed-4bc7-85c0-a046b09762d3 6545f5c60cb24806b538ca03a36c49d6 273570b6816242ba9a7165f2066f5d03 - - - -] No more DHCP agents
2026-05-09 06:31:15.672 10 WARNING neutron.api.rpc.agentnotifiers.dhcp_rpc_agent_api [None req-6268faeb-d2ed-4bc7-85c0-a046b09762d3 6545f5c60cb24806b538ca03a36c49d6 273570b6816242ba9a7165f2066f5d03 - - - -] Unable to schedule network 8dbe093c-a6c6-46e1-b28f-f04c24b0e296: no agents available; will retry on subsequent port and subnet creation events.
2026-05-09 06:31:15.781 9 WARNING neutron.scheduler.dhcp_agent_scheduler [None req-d28371f2-c5fc-4056-a8d8-aa308d7e5239 3435237315ae4d7c8aa8d1c195d9b151 fec6916f0aa0451d911025c7111a2319 - - - -] No more DHCP agents
2026-05-09 06:31:15.783 9 WARNING neutron.api.rpc.agentnotifiers.dhcp_rpc_agent_api [None req-d28371f2-c5fc-4056-a8d8-aa308d7e5239 3435237315ae4d7c8aa8d1c195d9b151 fec6916f0aa0451d911025c7111a2319 - - - -] Unable to schedule network fda551e8-75e6-4946-a7e9-2b53b4b6d7cc: no agents available; will retry on subsequent port and subnet creation events.
2026-05-09 06:31:15.847 9 INFO neutron.db.ovn_revision_numbers_db [None req-d28371f2-c5fc-4056-a8d8-aa308d7e5239 3435237315ae4d7c8aa8d1c195d9b151 fec6916f0aa0451d911025c7111a2319 - - - -] Successfully bumped revision number for resource ec0b7ebe-3662-4625-8af3-299a258a437b (type: ports) to 1
2026-05-09 06:31:15.873 9 INFO neutron.wsgi [None req-d28371f2-c5fc-4056-a8d8-aa308d7e5239 3435237315ae4d7c8aa8d1c195d9b151 fec6916f0aa0451d911025c7111a2319 - - - -] 10.0.0.2 "POST /v2.0/networks HTTP/1.1" status: 201 len: 1443 time: 1.3049746
2026-05-09 06:31:15.953 9 INFO neutron.wsgi [None req-30f9e17e-9a31-4029-bcfa-5cebdb35e7fa 3435237315ae4d7c8aa8d1c195d9b151 fec6916f0aa0451d911025c7111a2319 - - default default] 10.0.0.2 "GET /v2.0/networks HTTP/1.1" status: 200 len: 2049 time: 0.0744655
2026-05-09 06:31:16.090 10 INFO neutron.db.ovn_revision_numbers_db [None req-6268faeb-d2ed-4bc7-85c0-a046b09762d3 6545f5c60cb24806b538ca03a36c49d6 273570b6816242ba9a7165f2066f5d03 - - - -] Successfully bumped revision number for resource f2a38b18-8380-44a3-9cf1-c14c55ed95c6 (type: ports) to 1
2026-05-09 06:31:16.159 10 WARNING neutron.scheduler.dhcp_agent_scheduler [None req-117235e6-ea0c-4891-86a8-73c4503cbf63 3352f57c806349c79c5fff627ede7b87 948112a3518146fe856ca3e261c466c0 - - - -] No more DHCP agents
2026-05-09 06:31:16.163 10 WARNING neutron.api.rpc.agentnotifiers.dhcp_rpc_agent_api [None req-117235e6-ea0c-4891-86a8-73c4503cbf63 3352f57c806349c79c5fff627ede7b87 948112a3518146fe856ca3e261c466c0 - - - -] Unable to schedule network 8dbe093c-a6c6-46e1-b28f-f04c24b0e296: no agents available; will retry on subsequent port and subnet creation events.
2026-05-09 06:31:16.300 9 INFO neutron.services.segments.plugin [-] Segment ff60baeb-6751-46e6-99cc-b4a790792381 resource provider aggregate not found
2026-05-09 06:31:16.321 9 INFO neutron.services.segments.plugin [-] Segment ff60baeb-6751-46e6-99cc-b4a790792381 resource provider not found; error: Placement Client Error (4xx): {"errors": [{"status": 404, "title": "Not Found", "detail": "The resource could not be found.\n\n No resource provider with uuid ff60baeb-6751-46e6-99cc-b4a790792381 found for delete ", "request_id": "req-3753831b-8d7b-4344-b759-73798a253ba3"}]}
2026-05-09 06:31:16.321 9 INFO neutron.services.segments.plugin [-] Segment ff60baeb-6751-46e6-99cc-b4a790792381 resource provider aggregate not found
2026-05-09 06:31:16.338 9 INFO neutron.services.segments.plugin [-] Segment ff60baeb-6751-46e6-99cc-b4a790792381 resource provider not found; error: Placement Client Error (4xx): {"errors": [{"status": 404, "title": "Not Found", "detail": "The resource could not be found.\n\n No resource provider with uuid ff60baeb-6751-46e6-99cc-b4a790792381 found for delete ", "request_id": "req-d118bad5-a44e-4646-b9ca-e9d5c8d13952"}]}
2026-05-09 06:31:16.353 9 INFO neutron.wsgi [None req-d6a2fda9-0833-451e-aac8-6c5284362706 3435237315ae4d7c8aa8d1c195d9b151 fec6916f0aa0451d911025c7111a2319 - - - -] 10.0.0.2 "DELETE /v2.0/networks/f3dd8e6e-4f59-49d8-8e01-db256b4ab03f HTTP/1.1" status: 204 len: 168 time: 0.3948412
2026-05-09 06:31:16.718 10 INFO neutron.db.ovn_revision_numbers_db [None req-117235e6-ea0c-4891-86a8-73c4503cbf63 3352f57c806349c79c5fff627ede7b87 948112a3518146fe856ca3e261c466c0 - - - -] Successfully bumped revision number for resource ad2bd067-e99e-42cc-aaa1-b36b2c1e9f3b (type: floatingips) to 0
2026-05-09 06:31:16.745 10 INFO neutron.wsgi [None req-117235e6-ea0c-4891-86a8-73c4503cbf63 3352f57c806349c79c5fff627ede7b87 948112a3518146fe856ca3e261c466c0 - - - -] 10.0.0.2 "POST /v2.0/floatingips HTTP/1.1" status: 201 len: 751 time: 1.1837962
2026-05-09 06:31:16.928 10 INFO neutron.plugins.ml2.drivers.ovn.mech_driver.mech_driver [None req-d2efd29f-2ac8-467e-a577-17eeb1615742 - - - - - -] OVN reports status up for port: f2a38b18-8380-44a3-9cf1-c14c55ed95c6
2026-05-09 06:31:16.944 10 INFO neutron.plugins.ml2.plugin [None req-d2efd29f-2ac8-467e-a577-17eeb1615742 - - - - - -] Attempt 1 to provision port f2a38b18-8380-44a3-9cf1-c14c55ed95c6
2026-05-09 06:31:16.947 10 INFO neutron.plugins.ml2.drivers.ovn.mech_driver.ovsdb.ovsdb_monitor [None req-cd288708-0c29-4e11-853e-9380d1ce2f2d - - - - - -] Router 3455b50e-2e58-40d7-8c86-96cfd0d6b5cb is bound to host instance
2026-05-09 06:31:16.992 10 INFO neutron.db.ovn_revision_numbers_db [None req-6268faeb-d2ed-4bc7-85c0-a046b09762d3 6545f5c60cb24806b538ca03a36c49d6 273570b6816242ba9a7165f2066f5d03 - - - -] Successfully bumped revision number for resource f2a38b18-8380-44a3-9cf1-c14c55ed95c6 (type: router_ports) to 1
2026-05-09 06:31:16.994 10 INFO neutron.services.segments.plugin [-] Segment 883964ff-16c4-4f94-a277-e80f5a3c472e resource provider aggregate not found
2026-05-09 06:31:17.006 10 INFO neutron.services.segments.plugin [-] Segment 883964ff-16c4-4f94-a277-e80f5a3c472e resource provider aggregate not found
2026-05-09 06:31:17.015 10 INFO neutron.services.segments.plugin [-] Segment 883964ff-16c4-4f94-a277-e80f5a3c472e resource provider not found; error: Placement Client Error (4xx): {"errors": [{"status": 404, "title": "Not Found", "detail": "The resource could not be found.\n\n No resource provider with uuid 883964ff-16c4-4f94-a277-e80f5a3c472e found for delete ", "request_id": "req-c0b088e6-3551-4c77-a84f-9e6c36ca4dd3"}]}
2026-05-09 06:31:17.040 10 INFO neutron.services.segments.plugin [-] Segment 883964ff-16c4-4f94-a277-e80f5a3c472e resource provider not found; error: Placement Client Error (4xx): {"errors": [{"status": 404, "title": "Not Found", "detail": "The resource could not be found.\n\n No resource provider with uuid 883964ff-16c4-4f94-a277-e80f5a3c472e found for delete ", "request_id": "req-8ad15a21-1318-4b8b-a7d2-5a8cc4e4ffdb"}]}
2026-05-09 06:31:17.119 10 INFO neutron.wsgi [None req-45cb37b4-5fb4-4b9e-baf8-a48335d18710 3435237315ae4d7c8aa8d1c195d9b151 fec6916f0aa0451d911025c7111a2319 - - - -] 10.0.0.2 "DELETE /v2.0/networks/fda551e8-75e6-4946-a7e9-2b53b4b6d7cc HTTP/1.1" status: 204 len: 168 time: 0.7595973
2026-05-09 06:31:17.161 10 INFO neutron.db.ovn_revision_numbers_db [None req-6268faeb-d2ed-4bc7-85c0-a046b09762d3 6545f5c60cb24806b538ca03a36c49d6 273570b6816242ba9a7165f2066f5d03 - - - -] Successfully bumped revision number for resource 3455b50e-2e58-40d7-8c86-96cfd0d6b5cb (type: routers) to 3
2026-05-09 06:31:17.184 10 INFO neutron.wsgi [None req-6268faeb-d2ed-4bc7-85c0-a046b09762d3 6545f5c60cb24806b538ca03a36c49d6 273570b6816242ba9a7165f2066f5d03 - - - -] 10.0.0.2 "POST /v2.0/routers HTTP/1.1" status: 201 len: 879 time: 2.0173380
2026-05-09 06:31:17.210 9 INFO neutron.wsgi [None req-6398bd62-e8bd-4367-8fd2-b6cd22058352 3435237315ae4d7c8aa8d1c195d9b151 fec6916f0aa0451d911025c7111a2319 - - default default] 10.0.0.2 "GET /v2.0/networks HTTP/1.1" status: 200 len: 845 time: 0.0787215
2026-05-09 06:31:17.333 9 WARNING neutron.scheduler.dhcp_agent_scheduler [None req-93b69ffe-6a8b-4cc7-a37f-a43021c35f60 3352f57c806349c79c5fff627ede7b87 948112a3518146fe856ca3e261c466c0 - - - -] No more DHCP agents
2026-05-09 06:31:17.335 9 INFO neutron.db.segments_db [None req-2c34d6c6-311c-4729-a43d-b3082a6465b4 3435237315ae4d7c8aa8d1c195d9b151 fec6916f0aa0451d911025c7111a2319 - - - -] Added segment 9e7685e0-62f9-4d09-a238-b6bda965c27f of type geneve for network 3c908787-e4dc-473b-a49a-b321b629c823
2026-05-09 06:31:17.336 9 WARNING neutron.api.rpc.agentnotifiers.dhcp_rpc_agent_api [None req-93b69ffe-6a8b-4cc7-a37f-a43021c35f60 3352f57c806349c79c5fff627ede7b87 948112a3518146fe856ca3e261c466c0 - - - -] Unable to schedule network 8dbe093c-a6c6-46e1-b28f-f04c24b0e296: no agents available; will retry on subsequent port and subnet creation events.
2026-05-09 06:31:17.478 9 INFO neutron.db.ovn_revision_numbers_db [None req-2c34d6c6-311c-4729-a43d-b3082a6465b4 3435237315ae4d7c8aa8d1c195d9b151 fec6916f0aa0451d911025c7111a2319 - - - -] Successfully bumped revision number for resource 3c908787-e4dc-473b-a49a-b321b629c823 (type: networks) to 1
2026-05-09 06:31:17.701 9 WARNING neutron.scheduler.dhcp_agent_scheduler [None req-2c34d6c6-311c-4729-a43d-b3082a6465b4 3435237315ae4d7c8aa8d1c195d9b151 fec6916f0aa0451d911025c7111a2319 - - - -] No more DHCP agents
2026-05-09 06:31:17.702 9 WARNING neutron.api.rpc.agentnotifiers.dhcp_rpc_agent_api [None req-2c34d6c6-311c-4729-a43d-b3082a6465b4 3435237315ae4d7c8aa8d1c195d9b151 fec6916f0aa0451d911025c7111a2319 - - - -] Unable to schedule network 3c908787-e4dc-473b-a49a-b321b629c823: no agents available; will retry on subsequent port and subnet creation events.
2026-05-09 06:31:17.785 9 INFO neutron.db.ovn_revision_numbers_db [None req-93b69ffe-6a8b-4cc7-a37f-a43021c35f60 3352f57c806349c79c5fff627ede7b87 948112a3518146fe856ca3e261c466c0 - - - -] Successfully bumped revision number for resource b2ff4588-6e9f-4365-9158-b1dc88744dd4 (type: floatingips) to 0
2026-05-09 06:31:17.789 9 INFO neutron.db.ovn_revision_numbers_db [None req-2c34d6c6-311c-4729-a43d-b3082a6465b4 3435237315ae4d7c8aa8d1c195d9b151 fec6916f0aa0451d911025c7111a2319 - - - -] Successfully bumped revision number for resource f50303f7-e58c-4295-b94e-dcaa1c74f48c (type: ports) to 1
2026-05-09 06:31:17.800 9 INFO neutron.wsgi [None req-93b69ffe-6a8b-4cc7-a37f-a43021c35f60 3352f57c806349c79c5fff627ede7b87 948112a3518146fe856ca3e261c466c0 - - - -] 10.0.0.2 "POST /v2.0/floatingips HTTP/1.1" status: 201 len: 751 time: 1.0500858
2026-05-09 06:31:17.816 9 INFO neutron.wsgi [None req-2c34d6c6-311c-4729-a43d-b3082a6465b4 3435237315ae4d7c8aa8d1c195d9b151 fec6916f0aa0451d911025c7111a2319 - - - -] 10.0.0.2 "POST /v2.0/networks HTTP/1.1" status: 201 len: 849 time: 0.5994217
2026-05-09 06:31:17.929 9 INFO neutron.db.segments_db [None req-f8b1640e-6740-4c83-bfd8-2031df31dd22 3435237315ae4d7c8aa8d1c195d9b151 fec6916f0aa0451d911025c7111a2319 - - - -] Added segment ae4b1dda-b459-48b7-88b2-c03f059ff9a0 of type geneve for network 39c1af0d-6e26-4964-9895-79e271963c8e
2026-05-09 06:31:18.010 10 INFO neutron.db.ovn_revision_numbers_db [None req-cd288708-0c29-4e11-853e-9380d1ce2f2d - - - - - -] Successfully bumped revision number for resource f2a38b18-8380-44a3-9cf1-c14c55ed95c6 (type: ports) to 1
2026-05-09 06:31:18.068 10 WARNING neutron.scheduler.dhcp_agent_scheduler [None req-154e74c0-024f-4e20-907c-c349bcdee86a 6545f5c60cb24806b538ca03a36c49d6 273570b6816242ba9a7165f2066f5d03 - - default default] No more DHCP agents
2026-05-09 06:31:18.073 10 WARNING neutron.api.rpc.agentnotifiers.dhcp_rpc_agent_api [None req-154e74c0-024f-4e20-907c-c349bcdee86a 6545f5c60cb24806b538ca03a36c49d6 273570b6816242ba9a7165f2066f5d03 - - default default] Unable to schedule network 785bf89e-fece-4a40-9b25-e90a968542fe: no agents available; will retry on subsequent port and subnet creation events.
2026-05-09 06:31:18.107 9 INFO neutron.db.ovn_revision_numbers_db [None req-f8b1640e-6740-4c83-bfd8-2031df31dd22 3435237315ae4d7c8aa8d1c195d9b151 fec6916f0aa0451d911025c7111a2319 - - - -] Successfully bumped revision number for resource 39c1af0d-6e26-4964-9895-79e271963c8e (type: networks) to 1
2026-05-09 06:31:18.183 9 WARNING neutron.scheduler.dhcp_agent_scheduler [None req-c4bfb6ab-5472-42b6-8753-f83a0cbb21c0 3352f57c806349c79c5fff627ede7b87 948112a3518146fe856ca3e261c466c0 - - - -] No more DHCP agents
2026-05-09 06:31:18.195 9 WARNING neutron.api.rpc.agentnotifiers.dhcp_rpc_agent_api [None req-c4bfb6ab-5472-42b6-8753-f83a0cbb21c0 3352f57c806349c79c5fff627ede7b87 948112a3518146fe856ca3e261c466c0 - - - -] Unable to schedule network 8dbe093c-a6c6-46e1-b28f-f04c24b0e296: no agents available; will retry on subsequent port and subnet creation events.
2026-05-09 06:31:18.269 10 INFO neutron.db.ovn_revision_numbers_db [None req-154e74c0-024f-4e20-907c-c349bcdee86a 6545f5c60cb24806b538ca03a36c49d6 273570b6816242ba9a7165f2066f5d03 - - default default] Successfully bumped revision number for resource 586146ca-cd7b-4e4a-bbb4-0d3d048fd799 (type: ports) to 1
2026-05-09 06:31:18.308 10 INFO neutron.db.ovn_revision_numbers_db [None req-cd288708-0c29-4e11-853e-9380d1ce2f2d - - - - - -] Successfully bumped revision number for resource f2a38b18-8380-44a3-9cf1-c14c55ed95c6 (type: router_ports) to 3
2026-05-09 06:31:18.340 9 WARNING neutron.scheduler.dhcp_agent_scheduler [None req-f8b1640e-6740-4c83-bfd8-2031df31dd22 3435237315ae4d7c8aa8d1c195d9b151 fec6916f0aa0451d911025c7111a2319 - - - -] No more DHCP agents
2026-05-09 06:31:18.342 9 WARNING neutron.api.rpc.agentnotifiers.dhcp_rpc_agent_api [None req-f8b1640e-6740-4c83-bfd8-2031df31dd22 3435237315ae4d7c8aa8d1c195d9b151 fec6916f0aa0451d911025c7111a2319 - - - -] Unable to schedule network 39c1af0d-6e26-4964-9895-79e271963c8e: no agents available; will retry on subsequent port and subnet creation events.
2026-05-09 06:31:18.432 9 INFO neutron.db.ovn_revision_numbers_db [None req-f8b1640e-6740-4c83-bfd8-2031df31dd22 3435237315ae4d7c8aa8d1c195d9b151 fec6916f0aa0451d911025c7111a2319 - - - -] Successfully bumped revision number for resource c76d504b-2fad-4df7-8e84-75a14d0986db (type: ports) to 1
2026-05-09 06:31:18.472 9 INFO neutron.wsgi [None req-f8b1640e-6740-4c83-bfd8-2031df31dd22 3435237315ae4d7c8aa8d1c195d9b151 fec6916f0aa0451d911025c7111a2319 - - - -] 10.0.0.2 "POST /v2.0/networks HTTP/1.1" status: 201 len: 848 time: 0.6503570
2026-05-09 06:31:18.491 10 INFO neutron.db.ovn_revision_numbers_db [None req-cd288708-0c29-4e11-853e-9380d1ce2f2d - - - - - -] Successfully bumped revision number for resource f2a38b18-8380-44a3-9cf1-c14c55ed95c6 (type: ports) to 2
2026-05-09 06:31:18.653 9 INFO neutron.db.ovn_revision_numbers_db [None req-c4bfb6ab-5472-42b6-8753-f83a0cbb21c0 3352f57c806349c79c5fff627ede7b87 948112a3518146fe856ca3e261c466c0 - - - -] Successfully bumped revision number for resource b7a394c0-1c4c-4b3e-b25e-270bad4a3e78 (type: floatingips) to 0
2026-05-09 06:31:18.673 9 INFO neutron.wsgi [None req-c4bfb6ab-5472-42b6-8753-f83a0cbb21c0 3352f57c806349c79c5fff627ede7b87 948112a3518146fe856ca3e261c466c0 - - - -] 10.0.0.2 "POST /v2.0/floatingips HTTP/1.1" status: 201 len: 751 time: 0.8674579
2026-05-09 06:31:18.779 10 INFO neutron.db.ovn_revision_numbers_db [None req-cd288708-0c29-4e11-853e-9380d1ce2f2d - - - - - -] Successfully bumped revision number for resource f2a38b18-8380-44a3-9cf1-c14c55ed95c6 (type: ports) to 4
2026-05-09 06:31:18.782 10 INFO neutron.db.ovn_revision_numbers_db [None req-154e74c0-024f-4e20-907c-c349bcdee86a 6545f5c60cb24806b538ca03a36c49d6 273570b6816242ba9a7165f2066f5d03 - - default default] Successfully bumped revision number for resource 586146ca-cd7b-4e4a-bbb4-0d3d048fd799 (type: router_ports) to 2
2026-05-09 06:31:18.815 9 INFO neutron.db.ovn_revision_numbers_db [None req-864ce49e-74e8-4042-b141-60f8f1b59dc6 6545f5c60cb24806b538ca03a36c49d6 273570b6816242ba9a7165f2066f5d03 - - default default] Successfully bumped revision number for resource b294371e-3db2-452f-8ff0-12c1151026ec (type: security_groups) to 1
2026-05-09 06:31:18.853 9 INFO neutron.wsgi [None req-864ce49e-74e8-4042-b141-60f8f1b59dc6 6545f5c60cb24806b538ca03a36c49d6 273570b6816242ba9a7165f2066f5d03 - - default default] 10.0.0.2 "GET /v2.0/security-groups?tenant_id=7d0396a5696040ff908ba534ba4bb1d4&name=default HTTP/1.1" status: 200 len: 2996 time: 0.4007945
2026-05-09 06:31:18.976 10 INFO neutron.db.ovn_revision_numbers_db [None req-154e74c0-024f-4e20-907c-c349bcdee86a 6545f5c60cb24806b538ca03a36c49d6 273570b6816242ba9a7165f2066f5d03 - - default default] Successfully bumped revision number for resource 586146ca-cd7b-4e4a-bbb4-0d3d048fd799 (type: ports) to 2
2026-05-09 06:31:19.049 10 INFO neutron.db.ovn_revision_numbers_db [None req-cd288708-0c29-4e11-853e-9380d1ce2f2d - - - - - -] Successfully bumped revision number for resource f2a38b18-8380-44a3-9cf1-c14c55ed95c6 (type: router_ports) to 4
