2026-05-09 06:31:26.706 10 INFO neutron.services.segments.plugin [-] Segment 636ef048-3ea0-4e76-894e-8ebb1b62e901 resource provider not found; error: Placement Client Error (4xx): {"errors": [{"status": 404, "title": "Not Found", "detail": "The resource could not be found.\n\n No resource provider with uuid 636ef048-3ea0-4e76-894e-8ebb1b62e901 found for delete ", "request_id": "req-a7edd025-6e2d-4c80-832f-898d3a0035f4"}]}
2026-05-09 06:31:26.714 10 INFO neutron.services.segments.plugin [-] Segment ae4b1dda-b459-48b7-88b2-c03f059ff9a0 resource provider aggregate not found
2026-05-09 06:31:26.733 10 INFO neutron.services.segments.plugin [-] Segment ae4b1dda-b459-48b7-88b2-c03f059ff9a0 resource provider not found; error: Placement Client Error (4xx): {"errors": [{"status": 404, "title": "Not Found", "detail": "The resource could not be found.\n\n No resource provider with uuid ae4b1dda-b459-48b7-88b2-c03f059ff9a0 found for delete ", "request_id": "req-89b6edfb-c0b8-4f08-bd07-bfd46bdcd817"}]}
2026-05-09 06:31:26.735 10 INFO neutron.services.segments.plugin [-] Segment ae4b1dda-b459-48b7-88b2-c03f059ff9a0 resource provider aggregate not found
2026-05-09 06:31:26.749 10 INFO neutron.services.segments.plugin [-] Segment ae4b1dda-b459-48b7-88b2-c03f059ff9a0 resource provider not found; error: Placement Client Error (4xx): {"errors": [{"status": 404, "title": "Not Found", "detail": "The resource could not be found.\n\n No resource provider with uuid ae4b1dda-b459-48b7-88b2-c03f059ff9a0 found for delete ", "request_id": "req-83935836-b345-42e8-9cdd-ea22c85b7095"}]}
2026-05-09 06:31:27.076 9 INFO neutron.db.ovn_revision_numbers_db [None req-8a1df2cd-b2cc-4917-8a55-bd1b4fb89a24 9e199add895e4bd48b9f8b1e88c944df be305e91b0b1462382e39a2769ccca60 - - - -] Successfully bumped revision number for resource 0fd3be7a-db0c-4874-a972-4848826eb692 (type: router_ports) to 3
2026-05-09 06:31:27.079 9 INFO neutron.wsgi [None req-8a1df2cd-b2cc-4917-8a55-bd1b4fb89a24 9e199add895e4bd48b9f8b1e88c944df be305e91b0b1462382e39a2769ccca60 - - - -] 10.0.0.2 "PUT /v2.0/routers/99fe7554-11e1-4489-aa82-054bc00e2476/add_router_interface HTTP/1.1" status: 200 len: 503 time: 2.9098599
2026-05-09 06:31:27.137 10 INFO neutron.wsgi [None req-118bf5ec-3edf-4f7b-b93d-6b357e0a11a9 6545f5c60cb24806b538ca03a36c49d6 273570b6816242ba9a7165f2066f5d03 - - default default] 10.0.0.2 "GET /v2.0/security-groups?tenant_id=fec6916f0aa0451d911025c7111a2319&name=default HTTP/1.1" status: 200 len: 2996 time: 0.2528908
2026-05-09 06:31:27.400 9 INFO neutron.wsgi [None req-70afe0a8-5d65-4b0a-be6f-fd3b2eb5e6b5 6545f5c60cb24806b538ca03a36c49d6 273570b6816242ba9a7165f2066f5d03 - - - -] 10.0.0.2 "DELETE /v2.0/security-groups/b7f1eec3-b858-4ec0-9e03-2b9a47bce72d HTTP/1.1" status: 204 len: 168 time: 0.2566712
2026-05-09 06:31:27.441 9 WARNING neutron.scheduler.dhcp_agent_scheduler [None req-888ea8e8-c6ad-43a7-b684-a579a344054e 9e199add895e4bd48b9f8b1e88c944df be305e91b0b1462382e39a2769ccca60 - - - -] No more DHCP agents
2026-05-09 06:31:27.443 9 WARNING neutron.api.rpc.agentnotifiers.dhcp_rpc_agent_api [None req-888ea8e8-c6ad-43a7-b684-a579a344054e 9e199add895e4bd48b9f8b1e88c944df be305e91b0b1462382e39a2769ccca60 - - - -] Unable to schedule network 12c3f422-5e05-4061-99c4-13da66e41a1b: no agents available; will retry on subsequent port and subnet creation events. /var/lib/openstack/lib/python3.10/site-packages/pycadf/identifier.py:71: UserWarning: Invalid uuid: neutron. To ensure interoperability, identifiers should be a valid uuid. warnings.warn(('Invalid uuid: %s. To ensure interoperability, '
2026-05-09 06:31:27.488 9 INFO neutron.wsgi [req-b6e1978c-ad76-4833-a1c6-c63923b16b8e req-3baa0009-e872-4484-98ca-47f7795f3561 55cacaadba504f789cdb8b0502827183 48b846b9dfe046c6977277ed2023d55f - - default default] 10.0.0.153 "GET /v2.0/ports?device_id=9b8929f5-cd96-4534-bb72-d5990787216f HTTP/1.1" status: 200 len: 1170 time: 0.0325446
2026-05-09 06:31:27.535 10 INFO neutron.notifiers.nova [-] Nova event matching ['req-b1303743-e7f4-411c-86af-8b2239687d30'] response: {'server_uuid': '9b8929f5-cd96-4534-bb72-d5990787216f', 'name': 'network-vif-plugged', 'status': 'completed', 'tag': 'fb43ce58-fc53-4c9e-8144-7eb404d1f016', 'code': 200}
2026-05-09 06:31:27.549 9 INFO neutron.wsgi [req-b6e1978c-ad76-4833-a1c6-c63923b16b8e req-f17acf21-f9fd-451b-b3f2-23092a133e78 55cacaadba504f789cdb8b0502827183 48b846b9dfe046c6977277ed2023d55f - - default default] 10.0.0.153 "GET /v2.0/security-groups?id=5d37eee1-1158-4165-a9e7-90fc59c30152&fields=id&fields=name HTTP/1.1" status: 200 len: 286 time: 0.0536065
2026-05-09 06:31:27.617 9 INFO neutron.db.ovn_revision_numbers_db [None req-888ea8e8-c6ad-43a7-b684-a579a344054e 9e199add895e4bd48b9f8b1e88c944df be305e91b0b1462382e39a2769ccca60 - - - -] Successfully bumped revision number for resource 996f239d-4367-40d4-af2d-f801aba6b630 (type: ports) to 1
2026-05-09 06:31:27.645 9 INFO neutron.wsgi [None req-888ea8e8-c6ad-43a7-b684-a579a344054e 9e199add895e4bd48b9f8b1e88c944df be305e91b0b1462382e39a2769ccca60 - - - -] 10.0.0.2 "POST /v2.0/ports HTTP/1.1" status: 201 len: 1154 time: 0.5607114
2026-05-09 06:31:27.877 9 INFO neutron.wsgi [req-9f9ea20d-49a0-430d-92fe-0b3d12d9694c req-24fbf6b0-3976-4a0b-ad2b-bb7488521865 55cacaadba504f789cdb8b0502827183 48b846b9dfe046c6977277ed2023d55f - - default default] 10.0.0.153 "GET /v2.0/ports?device_id=9b8929f5-cd96-4534-bb72-d5990787216f HTTP/1.1" status: 200 len: 1170 time: 0.0505810
2026-05-09 06:31:27.930 9 INFO neutron.wsgi [req-9f9ea20d-49a0-430d-92fe-0b3d12d9694c req-09f38a3a-fa5c-45c8-b241-26aa27b7c7be 55cacaadba504f789cdb8b0502827183 48b846b9dfe046c6977277ed2023d55f - - default default] 10.0.0.153 "GET /v2.0/security-groups?id=5d37eee1-1158-4165-a9e7-90fc59c30152&fields=id&fields=name HTTP/1.1" status: 200 len: 286 time: 0.0452054
2026-05-09 06:31:28.058 9 WARNING neutron.scheduler.dhcp_agent_scheduler [None req-c71f8846-b5ec-410f-8202-be80e7a716de 9e199add895e4bd48b9f8b1e88c944df be305e91b0b1462382e39a2769ccca60 - - - -] No more DHCP agents
2026-05-09 06:31:28.059 9 WARNING neutron.api.rpc.agentnotifiers.dhcp_rpc_agent_api [None req-c71f8846-b5ec-410f-8202-be80e7a716de 9e199add895e4bd48b9f8b1e88c944df be305e91b0b1462382e39a2769ccca60 - - - -] Unable to schedule network 12c3f422-5e05-4061-99c4-13da66e41a1b: no agents available; will retry on subsequent port and subnet creation events. /var/lib/openstack/lib/python3.10/site-packages/pycadf/identifier.py:71: UserWarning: Invalid uuid: neutron. To ensure interoperability, identifiers should be a valid uuid. warnings.warn(('Invalid uuid: %s. To ensure interoperability, '
2026-05-09 06:31:28.194 9 INFO neutron.wsgi [req-f229d623-0748-452e-b4b6-e17b784813de req-8303a7a3-8b96-4d6b-b606-6901f53f4637 55cacaadba504f789cdb8b0502827183 48b846b9dfe046c6977277ed2023d55f - - default default] 199.204.45.216 "GET /v2.0/ports?device_id=9b8929f5-cd96-4534-bb72-d5990787216f HTTP/1.1" status: 200 len: 1170 time: 0.0458851
2026-05-09 06:31:28.236 9 INFO neutron.db.ovn_revision_numbers_db [None req-c71f8846-b5ec-410f-8202-be80e7a716de 9e199add895e4bd48b9f8b1e88c944df be305e91b0b1462382e39a2769ccca60 - - - -] Successfully bumped revision number for resource 0cc27013-295a-499a-8233-1d65e3c6141d (type: ports) to 1
2026-05-09 06:31:28.281 9 INFO neutron.wsgi [None req-c71f8846-b5ec-410f-8202-be80e7a716de 9e199add895e4bd48b9f8b1e88c944df be305e91b0b1462382e39a2769ccca60 - - - -] 10.0.0.2 "POST /v2.0/ports HTTP/1.1" status: 201 len: 1153 time: 0.6326592
2026-05-09 06:31:28.633 9 INFO neutron.wsgi [None req-92080f67-c365-40b0-a122-1b2d6055d19b 55cacaadba504f789cdb8b0502827183 48b846b9dfe046c6977277ed2023d55f - - - -] 199.204.45.216 "DELETE /v2.0/ports/fb43ce58-fc53-4c9e-8144-7eb404d1f016 HTTP/1.1" status: 204 len: 173 time: 0.4328277
2026-05-09 06:31:28.673 9 INFO neutron.notifiers.nova [-] Nova event matching ['req-3f8416d3-3988-4b89-be40-1369655ae384'] response: {'server_uuid': '9b8929f5-cd96-4534-bb72-d5990787216f', 'name': 'network-vif-deleted', 'tag': 'fb43ce58-fc53-4c9e-8144-7eb404d1f016', 'status': 'completed', 'code': 200}
2026-05-09 06:31:28.686 9 WARNING neutron.scheduler.dhcp_agent_scheduler [None req-93dc895c-194e-411b-9d35-a7faf59fcae6 9e199add895e4bd48b9f8b1e88c944df be305e91b0b1462382e39a2769ccca60 - - - -] No more DHCP agents
2026-05-09 06:31:28.689 9 WARNING neutron.api.rpc.agentnotifiers.dhcp_rpc_agent_api [None req-93dc895c-194e-411b-9d35-a7faf59fcae6 9e199add895e4bd48b9f8b1e88c944df be305e91b0b1462382e39a2769ccca60 - - - -] Unable to schedule network 8dbe093c-a6c6-46e1-b28f-f04c24b0e296: no agents available; will retry on subsequent port and subnet creation events.
2026-05-09 06:31:29.115 9 INFO neutron.db.l3_db [None req-93dc895c-194e-411b-9d35-a7faf59fcae6 9e199add895e4bd48b9f8b1e88c944df be305e91b0b1462382e39a2769ccca60 - - - -] Floating IP 8500c138-fd84-4ce0-b11d-3972e47dd114 associated. External IP: 10.96.250.213, port: 0cc27013-295a-499a-8233-1d65e3c6141d.
2026-05-09 06:31:29.281 9 INFO neutron.db.ovn_revision_numbers_db [None req-93dc895c-194e-411b-9d35-a7faf59fcae6 9e199add895e4bd48b9f8b1e88c944df be305e91b0b1462382e39a2769ccca60 - - - -] Successfully bumped revision number for resource 8500c138-fd84-4ce0-b11d-3972e47dd114 (type: floatingips) to 0
2026-05-09 06:31:29.284 9 WARNING neutron.plugins.ml2.drivers.ovn.mech_driver.ovsdb.ovn_client [None req-f4930e83-a872-4a6e-bc02-5b4a4cd62197 - - - - - -] No hosting information found for port 077d8c5d-077a-41ed-b800-32ecab827a65: RuntimeError: No hosting information found for port 077d8c5d-077a-41ed-b800-32ecab827a65
2026-05-09 06:31:29.356 9 INFO neutron.db.ovn_revision_numbers_db [None req-93dc895c-194e-411b-9d35-a7faf59fcae6 9e199add895e4bd48b9f8b1e88c944df be305e91b0b1462382e39a2769ccca60 - - - -] Successfully bumped revision number for resource 8500c138-fd84-4ce0-b11d-3972e47dd114 (type: floatingips) to 1
2026-05-09 06:31:29.385 9 INFO neutron.wsgi [None req-93dc895c-194e-411b-9d35-a7faf59fcae6 9e199add895e4bd48b9f8b1e88c944df be305e91b0b1462382e39a2769ccca60 - - - -] 10.0.0.2 "POST /v2.0/floatingips HTTP/1.1" status: 201 len: 1040 time: 1.0968802
2026-05-09 06:31:29.515 9 INFO neutron.db.l3_db [None req-fcc859f4-7333-4b5a-8e63-bb1269da6e13 9e199add895e4bd48b9f8b1e88c944df be305e91b0b1462382e39a2769ccca60 - - - -] Floating IP 8500c138-fd84-4ce0-b11d-3972e47dd114 disassociated. External IP: 10.96.250.213, port: 0cc27013-295a-499a-8233-1d65e3c6141d.
2026-05-09 06:31:29.535 9 INFO neutron.db.ovn_revision_numbers_db [None req-fcc859f4-7333-4b5a-8e63-bb1269da6e13 9e199add895e4bd48b9f8b1e88c944df be305e91b0b1462382e39a2769ccca60 - - - -] Successfully bumped revision number for resource 8500c138-fd84-4ce0-b11d-3972e47dd114 (type: floatingips) to 2
2026-05-09 06:31:29.610 9 INFO neutron.wsgi [None req-fcc859f4-7333-4b5a-8e63-bb1269da6e13 9e199add895e4bd48b9f8b1e88c944df be305e91b0b1462382e39a2769ccca60 - - - -] 10.0.0.2 "PUT /v2.0/floatingips/8500c138-fd84-4ce0-b11d-3972e47dd114 HTTP/1.1" status: 200 len: 748 time: 0.2195899
2026-05-09 06:31:29.728 10 INFO neutron.db.ovn_revision_numbers_db [None req-e0cfaa8f-0c46-4712-9d76-83195271cb35 88be344e20b94fc8909ed0e8a0e13488 b09096e10f584462967fcdc56811bf7a - - - -] Successfully bumped revision number for resource f16769c7-5d9c-4afc-b397-1ed4cb027576 (type: security_groups) to 1
2026-05-09 06:31:29.782 10 INFO neutron.db.segments_db [None req-e0cfaa8f-0c46-4712-9d76-83195271cb35 88be344e20b94fc8909ed0e8a0e13488 b09096e10f584462967fcdc56811bf7a - - - -] Added segment d511cee6-327b-406d-90ff-25cd2cdc6a96 of type geneve for network f7b85df4-b303-416d-8320-554c2349c91e
2026-05-09 06:31:29.941 10 INFO neutron.db.ovn_revision_numbers_db [None req-e0cfaa8f-0c46-4712-9d76-83195271cb35 88be344e20b94fc8909ed0e8a0e13488 b09096e10f584462967fcdc56811bf7a - - - -] Successfully bumped revision number for resource f7b85df4-b303-416d-8320-554c2349c91e (type: networks) to 1
2026-05-09 06:31:29.946 9 INFO neutron.wsgi [None req-151c749d-2e2a-442a-bf4f-61d2fc39c759 9e199add895e4bd48b9f8b1e88c944df be305e91b0b1462382e39a2769ccca60 - - - -] 10.0.0.2 "DELETE /v2.0/floatingips/8500c138-fd84-4ce0-b11d-3972e47dd114 HTTP/1.1" status: 204 len: 168 time: 0.3293900
2026-05-09 06:31:30.179 10 WARNING neutron.scheduler.dhcp_agent_scheduler [None req-e0cfaa8f-0c46-4712-9d76-83195271cb35 88be344e20b94fc8909ed0e8a0e13488 b09096e10f584462967fcdc56811bf7a - - - -] No more DHCP agents
2026-05-09 06:31:30.182 10 WARNING neutron.api.rpc.agentnotifiers.dhcp_rpc_agent_api [None req-e0cfaa8f-0c46-4712-9d76-83195271cb35 88be344e20b94fc8909ed0e8a0e13488 b09096e10f584462967fcdc56811bf7a - - - -] Unable to schedule network f7b85df4-b303-416d-8320-554c2349c91e: no agents available; will retry on subsequent port and subnet creation events.
2026-05-09 06:31:30.203 9 WARNING neutron.scheduler.dhcp_agent_scheduler [None req-60f3e6e3-3259-4921-b89c-b31b27a8507f 9e199add895e4bd48b9f8b1e88c944df be305e91b0b1462382e39a2769ccca60 - - - -] No more DHCP agents
2026-05-09 06:31:30.204 9 WARNING neutron.api.rpc.agentnotifiers.dhcp_rpc_agent_api [None req-60f3e6e3-3259-4921-b89c-b31b27a8507f 9e199add895e4bd48b9f8b1e88c944df be305e91b0b1462382e39a2769ccca60 - - - -] Unable to schedule network 8dbe093c-a6c6-46e1-b28f-f04c24b0e296: no agents available; will retry on subsequent port and subnet creation events.
2026-05-09 06:31:30.264 10 INFO neutron.db.ovn_revision_numbers_db [None req-e0cfaa8f-0c46-4712-9d76-83195271cb35 88be344e20b94fc8909ed0e8a0e13488 b09096e10f584462967fcdc56811bf7a - - - -] Successfully bumped revision number for resource 0cb63de0-5a88-494e-bd5a-0042b8cbb99f (type: ports) to 1
2026-05-09 06:31:30.317 10 INFO neutron.wsgi [None req-e0cfaa8f-0c46-4712-9d76-83195271cb35 88be344e20b94fc8909ed0e8a0e13488 b09096e10f584462967fcdc56811bf7a - - - -] 10.0.0.2 "POST /v2.0/networks HTTP/1.1" status: 201 len: 844 time: 1.1505511
2026-05-09 06:31:30.438 10 INFO neutron.wsgi [None req-2d5ce792-85eb-4505-8c88-153e11d51369 6545f5c60cb24806b538ca03a36c49d6 273570b6816242ba9a7165f2066f5d03 - - - -] 10.0.0.2 "PUT /v2.0/routers/3455b50e-2e58-40d7-8c86-96cfd0d6b5cb/remove_router_interface HTTP/1.1" status: 200 len: 503 time: 1.4465563 /var/lib/openstack/lib/python3.10/site-packages/pycadf/identifier.py:71: UserWarning: Invalid uuid: neutron. To ensure interoperability, identifiers should be a valid uuid. warnings.warn(('Invalid uuid: %s. To ensure interoperability, '
2026-05-09 06:31:30.705 9 WARNING neutron.scheduler.dhcp_agent_scheduler [None req-24bdb928-7d0d-4562-bf33-e76a90837e95 88be344e20b94fc8909ed0e8a0e13488 b09096e10f584462967fcdc56811bf7a - - - -] No more DHCP agents
2026-05-09 06:31:30.709 9 WARNING neutron.api.rpc.agentnotifiers.dhcp_rpc_agent_api [None req-24bdb928-7d0d-4562-bf33-e76a90837e95 88be344e20b94fc8909ed0e8a0e13488 b09096e10f584462967fcdc56811bf7a - - - -] Unable to schedule network f7b85df4-b303-416d-8320-554c2349c91e: no agents available; will retry on subsequent port and subnet creation events. /var/lib/openstack/lib/python3.10/site-packages/pycadf/identifier.py:71: UserWarning: Invalid uuid: neutron. To ensure interoperability, identifiers should be a valid uuid. warnings.warn(('Invalid uuid: %s. To ensure interoperability, '
2026-05-09 06:31:30.817 9 INFO neutron.db.l3_db [None req-60f3e6e3-3259-4921-b89c-b31b27a8507f 9e199add895e4bd48b9f8b1e88c944df be305e91b0b1462382e39a2769ccca60 - - - -] Floating IP c1930ee7-528a-498b-b758-0684c779ce0e associated. External IP: 10.96.250.209, port: 996f239d-4367-40d4-af2d-f801aba6b630.
2026-05-09 06:31:30.856 9 INFO neutron.db.ovn_revision_numbers_db [None req-24bdb928-7d0d-4562-bf33-e76a90837e95 88be344e20b94fc8909ed0e8a0e13488 b09096e10f584462967fcdc56811bf7a - - - -] Successfully bumped revision number for resource c1bccb62-8c6f-4f02-b76d-7f54b959e7ac (type: ports) to 1
2026-05-09 06:31:30.880 10 WARNING neutron.plugins.ml2.drivers.ovn.mech_driver.ovsdb.ovn_client [None req-d2efd29f-2ac8-467e-a577-17eeb1615742 - - - - - -] No hosting information found for port 0fd3be7a-db0c-4874-a972-4848826eb692: RuntimeError: No hosting information found for port 0fd3be7a-db0c-4874-a972-4848826eb692
2026-05-09 06:31:30.881 10 INFO neutron.plugins.ml2.drivers.ovn.mech_driver.mech_driver [None req-d2efd29f-2ac8-467e-a577-17eeb1615742 - - - - - -] OVN reports status down for port: fb43ce58-fc53-4c9e-8144-7eb404d1f016
2026-05-09 06:31:30.917 9 INFO neutron.wsgi [None req-24bdb928-7d0d-4562-bf33-e76a90837e95 88be344e20b94fc8909ed0e8a0e13488 b09096e10f584462967fcdc56811bf7a - - - -] 10.0.0.2 "POST /v2.0/ports HTTP/1.1" status: 201 len: 971 time: 0.5946579 /var/lib/openstack/lib/python3.10/site-packages/pycadf/identifier.py:71: UserWarning: Invalid uuid: neutron. To ensure interoperability, identifiers should be a valid uuid. warnings.warn(('Invalid uuid: %s. To ensure interoperability, '
2026-05-09 06:31:31.076 10 INFO neutron.db.segments_db [None req-a3164938-d6e4-4a6e-882d-a21ed9014912 88be344e20b94fc8909ed0e8a0e13488 b09096e10f584462967fcdc56811bf7a - - - -] Added segment e39aeeb1-ce3d-4a5b-97c4-5de6dc88afce of type geneve for network f4c5a78b-5f51-46bc-a543-70c3a1234826
2026-05-09 06:31:31.274 10 INFO neutron.db.ovn_revision_numbers_db [None req-a3164938-d6e4-4a6e-882d-a21ed9014912 88be344e20b94fc8909ed0e8a0e13488 b09096e10f584462967fcdc56811bf7a - - - -] Successfully bumped revision number for resource f4c5a78b-5f51-46bc-a543-70c3a1234826 (type: networks) to 1
2026-05-09 06:31:31.299 10 INFO neutron.wsgi [None req-c1ab3232-eee6-43ca-b549-e70b8247bb43 6545f5c60cb24806b538ca03a36c49d6 273570b6816242ba9a7165f2066f5d03 - - - -] 10.0.0.2 "DELETE /v2.0/routers/3455b50e-2e58-40d7-8c86-96cfd0d6b5cb HTTP/1.1" status: 204 len: 168 time: 0.8544378
2026-05-09 06:31:31.324 9 INFO neutron.db.ovn_revision_numbers_db [None req-77f2f816-1216-4a49-b912-6eda4a3224f8 fd36eea5e9f84f6698c60ae5ea555fad 45bbb6e5500b4badad422f5bd2066844 - - - -] Successfully bumped revision number for resource 34c6997f-1efb-4f85-958e-ab542bbe9f1d (type: security_groups) to 1
2026-05-09 06:31:31.333 9 INFO neutron.db.ovn_revision_numbers_db [None req-60f3e6e3-3259-4921-b89c-b31b27a8507f 9e199add895e4bd48b9f8b1e88c944df be305e91b0b1462382e39a2769ccca60 - - - -] Successfully bumped revision number for resource c1930ee7-528a-498b-b758-0684c779ce0e (type: floatingips) to 0
2026-05-09 06:31:31.383 9 INFO neutron.db.segments_db [None req-77f2f816-1216-4a49-b912-6eda4a3224f8 fd36eea5e9f84f6698c60ae5ea555fad 45bbb6e5500b4badad422f5bd2066844 - - - -] Added segment 17d356ff-d06a-4dbc-b5ba-8bb393eb7ad5 of type geneve for network 66580f31-e36f-4719-9421-c7ff9ee51586
2026-05-09 06:31:31.465 9 INFO neutron.db.ovn_revision_numbers_db [None req-60f3e6e3-3259-4921-b89c-b31b27a8507f 9e199add895e4bd48b9f8b1e88c944df be305e91b0b1462382e39a2769ccca60 - - - -] Successfully bumped revision number for resource c1930ee7-528a-498b-b758-0684c779ce0e (type: floatingips) to 1
2026-05-09 06:31:31.516 9 INFO neutron.wsgi [None req-60f3e6e3-3259-4921-b89c-b31b27a8507f 9e199add895e4bd48b9f8b1e88c944df be305e91b0b1462382e39a2769ccca60 - - - -] 10.0.0.2 "POST /v2.0/floatingips HTTP/1.1" status: 201 len: 1041 time: 1.5622146
2026-05-09 06:31:31.544 9 INFO neutron.db.ovn_revision_numbers_db [None req-77f2f816-1216-4a49-b912-6eda4a3224f8 fd36eea5e9f84f6698c60ae5ea555fad 45bbb6e5500b4badad422f5bd2066844 - - - -] Successfully bumped revision number for resource 66580f31-e36f-4719-9421-c7ff9ee51586 (type: networks) to 1
2026-05-09 06:31:31.558 10 WARNING neutron.scheduler.dhcp_agent_scheduler [None req-a3164938-d6e4-4a6e-882d-a21ed9014912 88be344e20b94fc8909ed0e8a0e13488 b09096e10f584462967fcdc56811bf7a - - - -] No more DHCP agents
2026-05-09 06:31:31.566 10 WARNING neutron.api.rpc.agentnotifiers.dhcp_rpc_agent_api [None req-a3164938-d6e4-4a6e-882d-a21ed9014912 88be344e20b94fc8909ed0e8a0e13488 b09096e10f584462967fcdc56811bf7a - - - -] Unable to schedule network f4c5a78b-5f51-46bc-a543-70c3a1234826: no agents available; will retry on subsequent port and subnet creation events.
2026-05-09 06:31:31.585 9 INFO neutron.wsgi [None req-d69ad36d-e52b-451a-901f-15ada0aceaf9 9e199add895e4bd48b9f8b1e88c944df be305e91b0b1462382e39a2769ccca60 - - default default] 10.0.0.2 "GET /v2.0/floatingips/c1930ee7-528a-498b-b758-0684c779ce0e HTTP/1.1" status: 200 len: 1038 time: 0.0612268
2026-05-09 06:31:31.633 10 INFO neutron.db.ovn_revision_numbers_db [None req-a3164938-d6e4-4a6e-882d-a21ed9014912 88be344e20b94fc8909ed0e8a0e13488 b09096e10f584462967fcdc56811bf7a - - - -] Successfully bumped revision number for resource 722f9816-0dd2-4054-906a-d49507da02e3 (type: ports) to 1
2026-05-09 06:31:31.654 10 INFO neutron.wsgi [None req-33eda5d2-5e15-40bd-ae2e-1d11646e9598 6545f5c60cb24806b538ca03a36c49d6 273570b6816242ba9a7165f2066f5d03 - - - -] 10.0.0.2 "DELETE /v2.0/subnets/15f6e4de-c092-496e-8207-ba2c20cc8d2b HTTP/1.1" status: 204 len: 168 time: 0.3491066 /var/lib/openstack/lib/python3.10/site-packages/pycadf/identifier.py:71: UserWarning: Invalid uuid: neutron. To ensure interoperability, identifiers should be a valid uuid. warnings.warn(('Invalid uuid: %s. To ensure interoperability, '
2026-05-09 06:31:31.673 10 INFO neutron.wsgi [None req-a3164938-d6e4-4a6e-882d-a21ed9014912 88be344e20b94fc8909ed0e8a0e13488 b09096e10f584462967fcdc56811bf7a - - - -] 10.0.0.2 "POST /v2.0/networks HTTP/1.1" status: 201 len: 830 time: 0.7475457
2026-05-09 06:31:31.682 9 INFO neutron.wsgi [None req-e3bfd8b6-2c54-4a88-af26-94e5bb9ecdd9 9e199add895e4bd48b9f8b1e88c944df be305e91b0b1462382e39a2769ccca60 - - default default] 10.0.0.2 "GET /v2.0/floatingips HTTP/1.1" status: 200 len: 1041 time: 0.0901453
2026-05-09 06:31:31.876 9 WARNING neutron.scheduler.dhcp_agent_scheduler [None req-77f2f816-1216-4a49-b912-6eda4a3224f8 fd36eea5e9f84f6698c60ae5ea555fad 45bbb6e5500b4badad422f5bd2066844 - - - -] No more DHCP agents
2026-05-09 06:31:31.885 9 WARNING neutron.api.rpc.agentnotifiers.dhcp_rpc_agent_api [None req-77f2f816-1216-4a49-b912-6eda4a3224f8 fd36eea5e9f84f6698c60ae5ea555fad 45bbb6e5500b4badad422f5bd2066844 - - - -] Unable to schedule network 66580f31-e36f-4719-9421-c7ff9ee51586: no agents available; will retry on subsequent port and subnet creation events.
2026-05-09 06:31:31.995 10 INFO neutron.services.segments.plugin [-] Segment 2b3fe5dc-edce-445d-be0b-12d28aab9400 resource provider aggregate not found
2026-05-09 06:31:32.021 10 INFO neutron.services.segments.plugin [-] Segment 2b3fe5dc-edce-445d-be0b-12d28aab9400 resource provider aggregate not found
2026-05-09 06:31:32.025 9 INFO neutron.db.ovn_revision_numbers_db [None req-77f2f816-1216-4a49-b912-6eda4a3224f8 fd36eea5e9f84f6698c60ae5ea555fad 45bbb6e5500b4badad422f5bd2066844 - - - -] Successfully bumped revision number for resource 10f7c9a8-5ceb-4eb4-9c42-01908a85abaa (type: ports) to 1
2026-05-09 06:31:32.029 10 INFO neutron.services.segments.plugin [-] Segment 2b3fe5dc-edce-445d-be0b-12d28aab9400 resource provider not found; error: Placement Client Error (4xx): {"errors": [{"status": 404, "title": "Not Found", "detail": "The resource could not be found.\n\n No resource provider with uuid 2b3fe5dc-edce-445d-be0b-12d28aab9400 found for delete ", "request_id": "req-698a8308-e28d-4efb-84f6-8e9832808bfd"}]}
2026-05-09 06:31:32.053 10 INFO neutron.services.segments.plugin [-] Segment 2b3fe5dc-edce-445d-be0b-12d28aab9400 resource provider not found; error: Placement Client Error (4xx): {"errors": [{"status": 404, "title": "Not Found", "detail": "The resource could not be found.\n\n No resource provider with uuid 2b3fe5dc-edce-445d-be0b-12d28aab9400 found for delete ", "request_id": "req-33650ebb-a046-410e-9448-b64ccc03edf6"}]}
2026-05-09 06:31:32.066 10 INFO neutron.wsgi [None req-197c6cc0-e2a1-4618-870c-4dc3031c13b3 6545f5c60cb24806b538ca03a36c49d6 273570b6816242ba9a7165f2066f5d03 - - - -] 10.0.0.2 "DELETE /v2.0/networks/785bf89e-fece-4a40-9b25-e90a968542fe HTTP/1.1" status: 204 len: 168 time: 0.4060211
2026-05-09 06:31:32.100 9 INFO neutron.wsgi [None req-77f2f816-1216-4a49-b912-6eda4a3224f8 fd36eea5e9f84f6698c60ae5ea555fad 45bbb6e5500b4badad422f5bd2066844 - - - -] 10.0.0.2 "POST /v2.0/networks HTTP/1.1" status: 201 len: 831 time: 1.4812541
2026-05-09 06:31:32.116 9 INFO neutron.db.l3_db [None req-4bbd448f-1683-469d-a557-2c66475b00db 9e199add895e4bd48b9f8b1e88c944df be305e91b0b1462382e39a2769ccca60 - - - -] Floating IP c1930ee7-528a-498b-b758-0684c779ce0e associated. External IP: 10.96.250.209, port: 996f239d-4367-40d4-af2d-f801aba6b630.
2026-05-09 06:31:32.177 9 WARNING neutron.scheduler.dhcp_agent_scheduler [None req-c5b00cee-55df-47d9-8db3-8a74b143d4e4 88be344e20b94fc8909ed0e8a0e13488 b09096e10f584462967fcdc56811bf7a - - - -] No more DHCP agents
2026-05-09 06:31:32.182 9 WARNING neutron.api.rpc.agentnotifiers.dhcp_rpc_agent_api [None req-c5b00cee-55df-47d9-8db3-8a74b143d4e4 88be344e20b94fc8909ed0e8a0e13488 b09096e10f584462967fcdc56811bf7a - - - -] Unable to schedule network f4c5a78b-5f51-46bc-a543-70c3a1234826: no agents available; will retry on subsequent port and subnet creation events.
2026-05-09 06:31:32.382 9 INFO neutron.db.ovn_revision_numbers_db [None req-4bbd448f-1683-469d-a557-2c66475b00db 9e199add895e4bd48b9f8b1e88c944df be305e91b0b1462382e39a2769ccca60 - - - -] Successfully bumped revision number for resource c1930ee7-528a-498b-b758-0684c779ce0e (type: floatingips) to 2
2026-05-09 06:31:32.396 10 INFO neutron.wsgi [None req-8b689b71-88c9-4ef9-8f15-1b31759e5016 6545f5c60cb24806b538ca03a36c49d6 273570b6816242ba9a7165f2066f5d03 - - default default] 10.0.0.2 "GET /v2.0/security-groups?tenant_id=48b846b9dfe046c6977277ed2023d55f&name=default HTTP/1.1" status: 200 len: 2996 time: 0.0901277 /var/lib/openstack/lib/python3.10/site-packages/pycadf/identifier.py:71: UserWarning: Invalid uuid: neutron. To ensure interoperability, identifiers should be a valid uuid. warnings.warn(('Invalid uuid: %s. To ensure interoperability, '
2026-05-09 06:31:32.468 10 WARNING neutron.scheduler.dhcp_agent_scheduler [None req-a7c43e1d-a63a-417c-b244-b47d33cfd9a2 fd36eea5e9f84f6698c60ae5ea555fad 45bbb6e5500b4badad422f5bd2066844 - - - -] No more DHCP agents
2026-05-09 06:31:32.473 10 WARNING neutron.api.rpc.agentnotifiers.dhcp_rpc_agent_api [None req-a7c43e1d-a63a-417c-b244-b47d33cfd9a2 fd36eea5e9f84f6698c60ae5ea555fad 45bbb6e5500b4badad422f5bd2066844 - - - -] Unable to schedule network 66580f31-e36f-4719-9421-c7ff9ee51586: no agents available; will retry on subsequent port and subnet creation events.
2026-05-09 06:31:32.507 9 INFO neutron.db.ovn_revision_numbers_db [None req-4bbd448f-1683-469d-a557-2c66475b00db 9e199add895e4bd48b9f8b1e88c944df be305e91b0b1462382e39a2769ccca60 - - - -] Successfully bumped revision number for resource c1930ee7-528a-498b-b758-0684c779ce0e (type: floatingips) to 3
2026-05-09 06:31:32.550 10 INFO neutron.db.ovn_revision_numbers_db [None req-a7c43e1d-a63a-417c-b244-b47d33cfd9a2 fd36eea5e9f84f6698c60ae5ea555fad 45bbb6e5500b4badad422f5bd2066844 - - - -] Successfully bumped revision number for resource bd6e4d7f-0aa7-485f-b3fe-036c6b82bf4d (type: ports) to 1
2026-05-09 06:31:32.570 9 INFO neutron.wsgi [None req-4bbd448f-1683-469d-a557-2c66475b00db 9e199add895e4bd48b9f8b1e88c944df be305e91b0b1462382e39a2769ccca60 - - - -] 10.0.0.2 "PUT /v2.0/floatingips/c1930ee7-528a-498b-b758-0684c779ce0e HTTP/1.1" status: 200 len: 1037 time: 0.8779216
2026-05-09 06:31:32.581 10 INFO neutron.wsgi [None req-a7c43e1d-a63a-417c-b244-b47d33cfd9a2 fd36eea5e9f84f6698c60ae5ea555fad 45bbb6e5500b4badad422f5bd2066844 - - - -] 10.0.0.2 "POST /v2.0/ports HTTP/1.1" status: 201 len: 942 time: 0.4751558 /var/lib/openstack/lib/python3.10/site-packages/pycadf/identifier.py:71: UserWarning: Invalid uuid: neutron. To ensure interoperability, identifiers should be a valid uuid. warnings.warn(('Invalid uuid: %s. To ensure interoperability, ' /var/lib/openstack/lib/python3.10/site-packages/pycadf/identifier.py:71: UserWarning: Invalid uuid: neutron. To ensure interoperability, identifiers should be a valid uuid. warnings.warn(('Invalid uuid: %s. To ensure interoperability, '
2026-05-09 06:31:32.711 9 INFO neutron.db.segments_db [None req-880d6a68-80ae-4e27-b678-8ba08de7b7fb fd36eea5e9f84f6698c60ae5ea555fad 45bbb6e5500b4badad422f5bd2066844 - - - -] Added segment e8e4f3f9-d5f0-4d43-a42f-ca8008a13347 of type geneve for network 1974c7d2-b363-4a85-820f-88c65744038b
2026-05-09 06:31:32.714 10 INFO neutron.db.l3_db [None req-532cbc5e-4381-431a-933f-cd9a5d555649 9e199add895e4bd48b9f8b1e88c944df be305e91b0b1462382e39a2769ccca60 - - - -] Floating IP c1930ee7-528a-498b-b758-0684c779ce0e disassociated. External IP: 10.96.250.209, port: 0cc27013-295a-499a-8233-1d65e3c6141d.
2026-05-09 06:31:32.724 10 INFO neutron.wsgi [None req-15f3a24a-c47f-4535-a083-823f738e3bbc 6545f5c60cb24806b538ca03a36c49d6 273570b6816242ba9a7165f2066f5d03 - - - -] 10.0.0.2 "DELETE /v2.0/security-groups/5d37eee1-1158-4165-a9e7-90fc59c30152 HTTP/1.1" status: 204 len: 168 time: 0.3218653
2026-05-09 06:31:32.739 10 INFO neutron.db.ovn_revision_numbers_db [None req-532cbc5e-4381-431a-933f-cd9a5d555649 9e199add895e4bd48b9f8b1e88c944df be305e91b0b1462382e39a2769ccca60 - - - -] Successfully bumped revision number for resource c1930ee7-528a-498b-b758-0684c779ce0e (type: floatingips) to 4
2026-05-09 06:31:32.856 9 INFO neutron.db.ovn_revision_numbers_db [None req-c5b00cee-55df-47d9-8db3-8a74b143d4e4 88be344e20b94fc8909ed0e8a0e13488 b09096e10f584462967fcdc56811bf7a - - - -] Successfully bumped revision number for resource 722f9816-0dd2-4054-906a-d49507da02e3 (type: ports) to 2
2026-05-09 06:31:32.898 9 INFO neutron.db.ovn_revision_numbers_db [None req-c5b00cee-55df-47d9-8db3-8a74b143d4e4 88be344e20b94fc8909ed0e8a0e13488 b09096e10f584462967fcdc56811bf7a - - - -] Successfully bumped revision number for resource 581a7e68-611d-4668-bdad-8ceb33ae9bef (type: subnets) to 0
2026-05-09 06:31:32.912 9 INFO neutron.db.ovn_revision_numbers_db [None req-880d6a68-80ae-4e27-b678-8ba08de7b7fb fd36eea5e9f84f6698c60ae5ea555fad 45bbb6e5500b4badad422f5bd2066844 - - - -] Successfully bumped revision number for resource 1974c7d2-b363-4a85-820f-88c65744038b (type: networks) to 1
2026-05-09 06:31:32.917 9 INFO neutron.wsgi [None req-c5b00cee-55df-47d9-8db3-8a74b143d4e4 88be344e20b94fc8909ed0e8a0e13488 b09096e10f584462967fcdc56811bf7a - - - -] 10.0.0.2 "POST /v2.0/subnets HTTP/1.1" status: 201 len: 801 time: 1.2328887 /var/lib/openstack/lib/python3.10/site-packages/pycadf/identifier.py:71: UserWarning: Invalid uuid: neutron. To ensure interoperability, identifiers should be a valid uuid. warnings.warn(('Invalid uuid: %s. To ensure interoperability, '
2026-05-09 06:31:33.158 9 WARNING neutron.scheduler.dhcp_agent_scheduler [None req-880d6a68-80ae-4e27-b678-8ba08de7b7fb fd36eea5e9f84f6698c60ae5ea555fad 45bbb6e5500b4badad422f5bd2066844 - - - -] No more DHCP agents
2026-05-09 06:31:33.163 9 WARNING neutron.api.rpc.agentnotifiers.dhcp_rpc_agent_api [None req-880d6a68-80ae-4e27-b678-8ba08de7b7fb fd36eea5e9f84f6698c60ae5ea555fad 45bbb6e5500b4badad422f5bd2066844 - - - -] Unable to schedule network 1974c7d2-b363-4a85-820f-88c65744038b: no agents available; will retry on subsequent port and subnet creation events.
2026-05-09 06:31:33.199 10 INFO neutron.wsgi [None req-532cbc5e-4381-431a-933f-cd9a5d555649 9e199add895e4bd48b9f8b1e88c944df be305e91b0b1462382e39a2769ccca60 - - - -] 10.0.0.2 "PUT /v2.0/floatingips/c1930ee7-528a-498b-b758-0684c779ce0e HTTP/1.1" status: 200 len: 748 time: 0.6220019
2026-05-09 06:31:33.254 9 INFO neutron.db.ovn_revision_numbers_db [None req-880d6a68-80ae-4e27-b678-8ba08de7b7fb fd36eea5e9f84f6698c60ae5ea555fad 45bbb6e5500b4badad422f5bd2066844 - - - -] Successfully bumped revision number for resource 4af11d39-bce9-495c-9d05-ad9372e0abe1 (type: ports) to 1
2026-05-09 06:31:33.281 9 INFO neutron.wsgi [None req-880d6a68-80ae-4e27-b678-8ba08de7b7fb fd36eea5e9f84f6698c60ae5ea555fad 45bbb6e5500b4badad422f5bd2066844 - - - -] 10.0.0.2 "POST /v2.0/networks HTTP/1.1" status: 201 len: 831 time: 0.6954315
2026-05-09 06:31:33.342 9 WARNING neutron.scheduler.dhcp_agent_scheduler [None req-a439354b-2b27-4de0-a8e7-ee217aacb1cc 88be344e20b94fc8909ed0e8a0e13488 b09096e10f584462967fcdc56811bf7a - - - -] No more DHCP agents
2026-05-09 06:31:33.344 9 WARNING neutron.api.rpc.agentnotifiers.dhcp_rpc_agent_api [None req-a439354b-2b27-4de0-a8e7-ee217aacb1cc 88be344e20b94fc8909ed0e8a0e13488 b09096e10f584462967fcdc56811bf7a - - - -] Unable to schedule network f4c5a78b-5f51-46bc-a543-70c3a1234826: no agents available; will retry on subsequent port and subnet creation events.
2026-05-09 06:31:33.591 10 INFO neutron.wsgi [None req-1fb0d50d-e165-4cdf-b8f9-b7792cbdadbd 9e199add895e4bd48b9f8b1e88c944df be305e91b0b1462382e39a2769ccca60 - - - -] 10.0.0.2 "DELETE /v2.0/floatingips/c1930ee7-528a-498b-b758-0684c779ce0e HTTP/1.1" status: 204 len: 168 time: 0.3862681 /var/lib/openstack/lib/python3.10/site-packages/pycadf/identifier.py:71: UserWarning: Invalid uuid: neutron. To ensure interoperability, identifiers should be a valid uuid. warnings.warn(('Invalid uuid: %s. To ensure interoperability, '
2026-05-09 06:31:33.618 10 WARNING neutron.scheduler.dhcp_agent_scheduler [None req-83481db0-79d8-423c-87ad-2b4affd9312c fd36eea5e9f84f6698c60ae5ea555fad 45bbb6e5500b4badad422f5bd2066844 - - - -] No more DHCP agents
2026-05-09 06:31:33.619 10 INFO neutron.api.v2.resource [None req-31243b37-7578-45bd-803b-18198ffeb486 9e199add895e4bd48b9f8b1e88c944df be305e91b0b1462382e39a2769ccca60 - - - -] delete failed (client error): The resource could not be found.
2026-05-09 06:31:33.621 10 INFO neutron.wsgi [None req-31243b37-7578-45bd-803b-18198ffeb486 9e199add895e4bd48b9f8b1e88c944df be305e91b0b1462382e39a2769ccca60 - - - -] 10.0.0.2 "DELETE /v2.0/floatingips/c1930ee7-528a-498b-b758-0684c779ce0e HTTP/1.1" status: 404 len: 345 time: 0.0249121
2026-05-09 06:31:33.623 10 WARNING neutron.api.rpc.agentnotifiers.dhcp_rpc_agent_api [None req-83481db0-79d8-423c-87ad-2b4affd9312c fd36eea5e9f84f6698c60ae5ea555fad 45bbb6e5500b4badad422f5bd2066844 - - - -] Unable to schedule network 1974c7d2-b363-4a85-820f-88c65744038b: no agents available; will retry on subsequent port and subnet creation events. /var/lib/openstack/lib/python3.10/site-packages/pycadf/identifier.py:71: UserWarning: Invalid uuid: neutron. To ensure interoperability, identifiers should be a valid uuid. warnings.warn(('Invalid uuid: %s. To ensure interoperability, '
2026-05-09 06:31:33.739 10 INFO neutron.db.ovn_revision_numbers_db [None req-83481db0-79d8-423c-87ad-2b4affd9312c fd36eea5e9f84f6698c60ae5ea555fad 45bbb6e5500b4badad422f5bd2066844 - - - -] Successfully bumped revision number for resource fef2fbc0-f8a8-45b5-bc1c-e39bb2c537fc (type: ports) to 1
2026-05-09 06:31:33.777 10 INFO neutron.wsgi [None req-83481db0-79d8-423c-87ad-2b4affd9312c fd36eea5e9f84f6698c60ae5ea555fad 45bbb6e5500b4badad422f5bd2066844 - - - -] 10.0.0.2 "POST /v2.0/ports HTTP/1.1" status: 201 len: 942 time: 0.4909999
2026-05-09 06:31:33.804 9 INFO neutron.db.ovn_revision_numbers_db [None req-a439354b-2b27-4de0-a8e7-ee217aacb1cc 88be344e20b94fc8909ed0e8a0e13488 b09096e10f584462967fcdc56811bf7a - - - -] Successfully bumped revision number for resource a2840551-7879-4771-ba3b-4339badc18b8 (type: ports) to 1
2026-05-09 06:31:33.824 9 INFO neutron.wsgi [None req-a439354b-2b27-4de0-a8e7-ee217aacb1cc 88be344e20b94fc8909ed0e8a0e13488 b09096e10f584462967fcdc56811bf7a - - - -] 10.0.0.2 "POST /v2.0/ports HTTP/1.1" status: 201 len: 1153 time: 0.9008229 /var/lib/openstack/lib/python3.10/site-packages/pycadf/identifier.py:71: UserWarning: Invalid uuid: neutron. To ensure interoperability, identifiers should be a valid uuid. warnings.warn(('Invalid uuid: %s. To ensure interoperability, '
2026-05-09 06:31:33.912 10 INFO neutron.db.segments_db [None req-011bd440-f81c-4012-b206-7c7b88660008 fd36eea5e9f84f6698c60ae5ea555fad 45bbb6e5500b4badad422f5bd2066844 - - - -] Added segment d1c87cbf-47d1-4174-a6da-55420fecaf36 of type geneve for network 8c8b9e30-f4a7-441f-aea8-0ed753a8d060
2026-05-09 06:31:34.069 10 INFO neutron.db.ovn_revision_numbers_db [None req-011bd440-f81c-4012-b206-7c7b88660008 fd36eea5e9f84f6698c60ae5ea555fad 45bbb6e5500b4badad422f5bd2066844 - - - -] Successfully bumped revision number for resource 8c8b9e30-f4a7-441f-aea8-0ed753a8d060 (type: networks) to 1
2026-05-09 06:31:34.087 10 INFO neutron.wsgi [None req-b8329c5d-d3c1-47cd-a11f-f3a2c1c488f5 9e199add895e4bd48b9f8b1e88c944df be305e91b0b1462382e39a2769ccca60 - - - -] 10.0.0.2 "DELETE /v2.0/ports/0cc27013-295a-499a-8233-1d65e3c6141d HTTP/1.1" status: 204 len: 168 time: 0.4521420
2026-05-09 06:31:34.191 9 INFO neutron.wsgi [None req-e8bc1ea4-e24d-4e49-8e72-d1fee51f37f4 88be344e20b94fc8909ed0e8a0e13488 b09096e10f584462967fcdc56811bf7a - - - -] 10.0.0.2 "DELETE /v2.0/ports/a2840551-7879-4771-ba3b-4339badc18b8 HTTP/1.1" status: 204 len: 168 time: 0.3623142
2026-05-09 06:31:34.222 9 INFO neutron.pecan_wsgi.hooks.translation [None req-554f3563-e88f-46d7-8f72-0b50448a5818 88be344e20b94fc8909ed0e8a0e13488 b09096e10f584462967fcdc56811bf7a - - - -] DELETE failed (client error): The resource could not be found.
2026-05-09 06:31:34.224 9 INFO neutron.wsgi [None req-554f3563-e88f-46d7-8f72-0b50448a5818 88be344e20b94fc8909ed0e8a0e13488 b09096e10f584462967fcdc56811bf7a - - - -] 10.0.0.2 "DELETE /v2.0/ports/a2840551-7879-4771-ba3b-4339badc18b8 HTTP/1.1" status: 404 len: 333 time: 0.0262952
2026-05-09 06:31:34.255 9 INFO neutron.pecan_wsgi.hooks.translation [None req-b53aecc6-d0f0-4973-9ede-d9116b08da81 88be344e20b94fc8909ed0e8a0e13488 b09096e10f584462967fcdc56811bf7a - - default default] GET failed (client error): The resource could not be found.
2026-05-09 06:31:34.257 9 INFO neutron.wsgi [None req-b53aecc6-d0f0-4973-9ede-d9116b08da81 88be344e20b94fc8909ed0e8a0e13488 b09096e10f584462967fcdc56811bf7a - - default default] 10.0.0.2 "GET /v2.0/ports/a2840551-7879-4771-ba3b-4339badc18b8 HTTP/1.1" status: 404 len: 333 time: 0.0285285
2026-05-09 06:31:34.273 10 WARNING neutron.scheduler.dhcp_agent_scheduler [None req-011bd440-f81c-4012-b206-7c7b88660008 fd36eea5e9f84f6698c60ae5ea555fad 45bbb6e5500b4badad422f5bd2066844 - - - -] No more DHCP agents
2026-05-09 06:31:34.275 10 WARNING neutron.api.rpc.agentnotifiers.dhcp_rpc_agent_api [None req-011bd440-f81c-4012-b206-7c7b88660008 fd36eea5e9f84f6698c60ae5ea555fad 45bbb6e5500b4badad422f5bd2066844 - - - -] Unable to schedule network 8c8b9e30-f4a7-441f-aea8-0ed753a8d060: no agents available; will retry on subsequent port and subnet creation events.
2026-05-09 06:31:34.362 10 INFO neutron.db.ovn_revision_numbers_db [None req-011bd440-f81c-4012-b206-7c7b88660008 fd36eea5e9f84f6698c60ae5ea555fad 45bbb6e5500b4badad422f5bd2066844 - - - -] Successfully bumped revision number for resource 6f5388b5-b1f2-4131-835d-ff6368d621b8 (type: ports) to 1
2026-05-09 06:31:34.392 10 INFO neutron.wsgi [None req-011bd440-f81c-4012-b206-7c7b88660008 fd36eea5e9f84f6698c60ae5ea555fad 45bbb6e5500b4badad422f5bd2066844 - - - -] 10.0.0.2 "POST /v2.0/networks HTTP/1.1" status: 201 len: 831 time: 0.6091034
2026-05-09 06:31:34.467 9 INFO neutron.wsgi [None req-05016cbc-bd41-48c2-95f0-fab381e2fc3d 9e199add895e4bd48b9f8b1e88c944df be305e91b0b1462382e39a2769ccca60 - - - -] 10.0.0.2 "DELETE /v2.0/ports/996f239d-4367-40d4-af2d-f801aba6b630 HTTP/1.1" status: 204 len: 168 time: 0.3735197
2026-05-09 06:31:34.533 10 INFO neutron.wsgi [None req-07e62069-3722-4f2b-a4a1-d6236f93f4a8 88be344e20b94fc8909ed0e8a0e13488 b09096e10f584462967fcdc56811bf7a - - - -] 10.0.0.2 "DELETE /v2.0/subnets/581a7e68-611d-4668-bdad-8ceb33ae9bef HTTP/1.1" status: 204 len: 168 time: 0.2718990
2026-05-09 06:31:34.564 9 INFO neutron.wsgi [None req-c74b7eb7-9326-44ea-8eb8-b967af288249 9e199add895e4bd48b9f8b1e88c944df be305e91b0b1462382e39a2769ccca60 - - default default] 10.0.0.2 "GET /v2.0/ports?device_id=99fe7554-11e1-4489-aa82-054bc00e2476 HTTP/1.1" status: 200 len: 1140 time: 0.0919456
2026-05-09 06:31:34.702 10 WARNING neutron.scheduler.dhcp_agent_scheduler [None req-11b017d1-e069-45f3-9187-8fe179e8299b fd36eea5e9f84f6698c60ae5ea555fad 45bbb6e5500b4badad422f5bd2066844 - - - -] No more DHCP agents
2026-05-09 06:31:34.717 10 WARNING neutron.api.rpc.agentnotifiers.dhcp_rpc_agent_api [None req-11b017d1-e069-45f3-9187-8fe179e8299b fd36eea5e9f84f6698c60ae5ea555fad 45bbb6e5500b4badad422f5bd2066844 - - - -] Unable to schedule network 8c8b9e30-f4a7-441f-aea8-0ed753a8d060: no agents available; will retry on subsequent port and subnet creation events.
2026-05-09 06:31:34.836 10 INFO neutron.db.ovn_revision_numbers_db [None req-11b017d1-e069-45f3-9187-8fe179e8299b fd36eea5e9f84f6698c60ae5ea555fad 45bbb6e5500b4badad422f5bd2066844 - - - -] Successfully bumped revision number for resource 39001f7e-cb4d-4c8c-9e42-940e452ce7da (type: ports) to 1
2026-05-09 06:31:34.869 10 INFO neutron.wsgi [None req-11b017d1-e069-45f3-9187-8fe179e8299b fd36eea5e9f84f6698c60ae5ea555fad 45bbb6e5500b4badad422f5bd2066844 - - - -] 10.0.0.2 "POST /v2.0/ports HTTP/1.1" status: 201 len: 942 time: 0.4719083 /var/lib/openstack/lib/python3.10/site-packages/pycadf/identifier.py:71: UserWarning: Invalid uuid: neutron. To ensure interoperability, identifiers should be a valid uuid. warnings.warn(('Invalid uuid: %s. To ensure interoperability, '
2026-05-09 06:31:35.024 10 INFO neutron.db.segments_db [None req-3f4d4ffb-11b3-40ba-abe0-7b0102927b13 fd36eea5e9f84f6698c60ae5ea555fad 45bbb6e5500b4badad422f5bd2066844 - - - -] Added segment 1b9b6f67-07c5-4675-8c80-fa249308e7d5 of type geneve for network d879718f-62f8-45d1-a1ca-5b2b5abf4529
2026-05-09 06:31:35.041 10 INFO neutron.wsgi [None req-aa832548-3332-450f-9f00-ea0afe3b7030 6545f5c60cb24806b538ca03a36c49d6 273570b6816242ba9a7165f2066f5d03 - - default default] 10.0.0.234 "GET /v2.0/networks HTTP/1.1" status: 200 len: 6659 time: 0.2353973
2026-05-09 06:31:35.157 10 INFO neutron.services.segments.plugin [-] Segment e39aeeb1-ce3d-4a5b-97c4-5de6dc88afce resource provider aggregate not found
2026-05-09 06:31:35.162 10 INFO neutron.services.segments.plugin [-] Segment e39aeeb1-ce3d-4a5b-97c4-5de6dc88afce resource provider aggregate not found
2026-05-09 06:31:35.180 10 INFO neutron.services.segments.plugin [-] Segment e39aeeb1-ce3d-4a5b-97c4-5de6dc88afce resource provider not found; error: Placement Client Error (4xx): {"errors": [{"status": 404, "title": "Not Found", "detail": "The resource could not be found.\n\n No resource provider with uuid e39aeeb1-ce3d-4a5b-97c4-5de6dc88afce found for delete ", "request_id": "req-1136d4e1-5e21-42f8-9f28-a57ad58d895b"}]}
2026-05-09 06:31:35.191 10 INFO neutron.services.segments.plugin [-] Segment e39aeeb1-ce3d-4a5b-97c4-5de6dc88afce resource provider not found; error: Placement Client Error (4xx): {"errors": [{"status": 404, "title": "Not Found", "detail": "The resource could not be found.\n\n No resource provider with uuid e39aeeb1-ce3d-4a5b-97c4-5de6dc88afce found for delete ", "request_id": "req-bc35c693-bbf3-444a-8670-b5140d813596"}]}
2026-05-09 06:31:35.249 10 INFO neutron.wsgi [None req-c12120a7-fcb8-4a29-ba34-22288d038feb 88be344e20b94fc8909ed0e8a0e13488 b09096e10f584462967fcdc56811bf7a - - - -] 10.0.0.2 "DELETE /v2.0/networks/f4c5a78b-5f51-46bc-a543-70c3a1234826 HTTP/1.1" status: 204 len: 168 time: 0.7098422
2026-05-09 06:31:35.263 10 INFO neutron.wsgi [None req-38c18e5b-36b7-4832-97cc-4ba811bc868e 6545f5c60cb24806b538ca03a36c49d6 273570b6816242ba9a7165f2066f5d03 - - default default] 10.0.0.234 "GET /v2.0/security-groups HTTP/1.1" status: 200 len: 25139 time: 0.2087924
2026-05-09 06:31:35.271 10 INFO neutron.db.ovn_revision_numbers_db [None req-3f4d4ffb-11b3-40ba-abe0-7b0102927b13 fd36eea5e9f84f6698c60ae5ea555fad 45bbb6e5500b4badad422f5bd2066844 - - - -] Successfully bumped revision number for resource d879718f-62f8-45d1-a1ca-5b2b5abf4529 (type: networks) to 1
2026-05-09 06:31:35.318 10 INFO neutron.wsgi [None req-c37a85e6-173b-4809-9ea2-55afd92ed304 6545f5c60cb24806b538ca03a36c49d6 273570b6816242ba9a7165f2066f5d03 - - default default] 10.0.0.234 "GET /v2.0/subnets HTTP/1.1" status: 200 len: 2048 time: 0.0476155
2026-05-09 06:31:35.344 10 INFO neutron.wsgi [None req-8bc626e3-aa77-4ae1-8622-9883524d35b5 6545f5c60cb24806b538ca03a36c49d6 273570b6816242ba9a7165f2066f5d03 - - default default] 10.0.0.234 "GET /v2.0/floatingips HTTP/1.1" status: 200 len: 193 time: 0.0241747
2026-05-09 06:31:35.347 9 INFO neutron.db.segments_db [None req-128be3e8-cd4b-4df6-96a8-6fc56d99568b 88be344e20b94fc8909ed0e8a0e13488 b09096e10f584462967fcdc56811bf7a - - - -] Added segment 4ef09ef5-f07d-45d1-8e11-f433184a00f2 of type geneve for network 25f68d7c-5cde-405c-bc54-e5436c1c5739
2026-05-09 06:31:35.463 10 INFO neutron.wsgi [None req-caedecd0-95ef-4431-9e67-81502fdf4496 6545f5c60cb24806b538ca03a36c49d6 273570b6816242ba9a7165f2066f5d03 - - default default] 10.0.0.234 "GET /v2.0/routers HTTP/1.1" status: 200 len: 859 time: 0.1183813
2026-05-09 06:31:35.503 10 INFO neutron.wsgi [None req-89003476-c876-4a9a-a817-ce71573dd710 6545f5c60cb24806b538ca03a36c49d6 273570b6816242ba9a7165f2066f5d03 - - default default] 10.0.0.234 "GET /v2.0/agents?binary=ovn-controller HTTP/1.1" status: 200 len: 591 time: 0.0388165
2026-05-09 06:31:35.516 10 INFO neutron.wsgi [None req-9a2f97a2-2c98-418c-a0e3-21fbfa3ea658 6545f5c60cb24806b538ca03a36c49d6 273570b6816242ba9a7165f2066f5d03 - - default default] 10.0.0.234 "GET /v2.0/agents HTTP/1.1" status: 200 len: 997 time: 0.0109909
2026-05-09 06:31:35.530 9 INFO neutron.wsgi [None req-5f629c64-73b9-4b5f-b949-399c40fb58b0 9e199add895e4bd48b9f8b1e88c944df be305e91b0b1462382e39a2769ccca60 - - - -] 10.0.0.2 "PUT /v2.0/routers/99fe7554-11e1-4489-aa82-054bc00e2476/remove_router_interface HTTP/1.1" status: 200 len: 503 time: 0.9614153 /var/lib/openstack/lib/python3.10/site-packages/pycadf/identifier.py:71: UserWarning: Invalid uuid: neutron. To ensure interoperability, identifiers should be a valid uuid. warnings.warn(('Invalid uuid: %s. To ensure interoperability, '
2026-05-09 06:31:35.546 10 INFO neutron.wsgi [None req-1df54434-7fbb-454b-a08c-d7dd527ef329 6545f5c60cb24806b538ca03a36c49d6 273570b6816242ba9a7165f2066f5d03 - - default default] 10.0.0.234 "GET /v2.0/subnets HTTP/1.1" status: 200 len: 2048 time: 0.0293076
2026-05-09 06:31:35.560 10 INFO neutron.wsgi [None req-6d1fa183-f65a-4476-b8ef-35e23d73afd1 6545f5c60cb24806b538ca03a36c49d6 273570b6816242ba9a7165f2066f5d03 - - default default] 10.0.0.234 "GET /v2.0/subnetpools HTTP/1.1" status: 200 len: 193 time: 0.0122147
2026-05-09 06:31:35.572 9 INFO neutron.db.ovn_revision_numbers_db [None req-128be3e8-cd4b-4df6-96a8-6fc56d99568b 88be344e20b94fc8909ed0e8a0e13488 b09096e10f584462967fcdc56811bf7a - - - -] Successfully bumped revision number for resource 25f68d7c-5cde-405c-bc54-e5436c1c5739 (type: networks) to 1
2026-05-09 06:31:35.595 10 WARNING neutron.scheduler.dhcp_agent_scheduler [None req-3f4d4ffb-11b3-40ba-abe0-7b0102927b13 fd36eea5e9f84f6698c60ae5ea555fad 45bbb6e5500b4badad422f5bd2066844 - - - -] No more DHCP agents
2026-05-09 06:31:35.597 10 WARNING neutron.api.rpc.agentnotifiers.dhcp_rpc_agent_api [None req-3f4d4ffb-11b3-40ba-abe0-7b0102927b13 fd36eea5e9f84f6698c60ae5ea555fad 45bbb6e5500b4badad422f5bd2066844 - - - -] Unable to schedule network d879718f-62f8-45d1-a1ca-5b2b5abf4529: no agents available; will retry on subsequent port and subnet creation events.
2026-05-09 06:31:35.618 10 INFO neutron.wsgi [None req-c36c5d8d-3a0c-4bff-9176-3be12fb850c8 6545f5c60cb24806b538ca03a36c49d6 273570b6816242ba9a7165f2066f5d03 - - default default] 10.0.0.234 "GET /v2.0/ports HTTP/1.1" status: 200 len: 14956 time: 0.0500712
2026-05-09 06:31:35.650 10 INFO neutron.wsgi [None req-282e702c-ad31-4f88-8cab-613b91131852 6545f5c60cb24806b538ca03a36c49d6 273570b6816242ba9a7165f2066f5d03 - - default default] 10.0.0.234 "GET /v2.0/network-ip-availabilities HTTP/1.1" status: 200 len: 3333 time: 0.0214245
2026-05-09 06:31:35.665 10 INFO neutron.db.ovn_revision_numbers_db [None req-3f4d4ffb-11b3-40ba-abe0-7b0102927b13 fd36eea5e9f84f6698c60ae5ea555fad 45bbb6e5500b4badad422f5bd2066844 - - - -] Successfully bumped revision number for resource c0e5ebbd-cbd5-4f8f-851a-eb8fa434cbc1 (type: ports) to 1
2026-05-09 06:31:35.697 10 INFO neutron.wsgi [None req-3f4d4ffb-11b3-40ba-abe0-7b0102927b13 fd36eea5e9f84f6698c60ae5ea555fad 45bbb6e5500b4badad422f5bd2066844 - - - -] 10.0.0.2 "POST /v2.0/networks HTTP/1.1" status: 201 len: 830 time: 0.8212321
2026-05-09 06:31:35.707 15 INFO neutron.plugins.ml2.drivers.ovn.mech_driver.ovsdb.maintenance [None req-c7a340e2-8448-4479-9e4c-04f082e722fb - - - - - -] Maintenance task: Synchronization finished (took 0.17 seconds)
2026-05-09 06:31:35.851 9 WARNING neutron.scheduler.dhcp_agent_scheduler [None req-128be3e8-cd4b-4df6-96a8-6fc56d99568b 88be344e20b94fc8909ed0e8a0e13488 b09096e10f584462967fcdc56811bf7a - - - -] No more DHCP agents
2026-05-09 06:31:35.853 9 WARNING neutron.api.rpc.agentnotifiers.dhcp_rpc_agent_api [None req-128be3e8-cd4b-4df6-96a8-6fc56d99568b 88be344e20b94fc8909ed0e8a0e13488 b09096e10f584462967fcdc56811bf7a - - - -] Unable to schedule network 25f68d7c-5cde-405c-bc54-e5436c1c5739: no agents available; will retry on subsequent port and subnet creation events.
2026-05-09 06:31:35.937 9 INFO neutron.db.ovn_revision_numbers_db [None req-128be3e8-cd4b-4df6-96a8-6fc56d99568b 88be344e20b94fc8909ed0e8a0e13488 b09096e10f584462967fcdc56811bf7a - - - -] Successfully bumped revision number for resource a14b0572-e44a-480e-a9e3-a5fe232b1603 (type: ports) to 1
2026-05-09 06:31:35.989 9 INFO neutron.wsgi [None req-128be3e8-cd4b-4df6-96a8-6fc56d99568b 88be344e20b94fc8909ed0e8a0e13488 b09096e10f584462967fcdc56811bf7a - - - -] 10.0.0.2 "POST /v2.0/networks HTTP/1.1" status: 201 len: 831 time: 0.7280672
2026-05-09 06:31:35.989 10 WARNING neutron.scheduler.dhcp_agent_scheduler [None req-373fef34-ff16-4157-8a97-3ac9a2550cb1 fd36eea5e9f84f6698c60ae5ea555fad 45bbb6e5500b4badad422f5bd2066844 - - - -] No more DHCP agents
