2026-05-09 06:36:30.432 10 INFO neutron.wsgi [req-a7b62f63-ea0a-447f-a6b4-59d2523df725 req-d683bfbd-f06b-4e96-9918-8d585f052eca 213b439b2ef749cba275d55974855653 2e02d35680164b7fba0d2fc3ee0573bf - - 281444ac8cb649fdaab116564d0e72d0 281444ac8cb649fdaab116564d0e72d0] 199.204.45.216 "GET /v2.0/ports?tenant_id=273570b6816242ba9a7165f2066f5d03&device_id=c42dbeac-3f05-46df-b99c-3723e708cfa6 HTTP/1.1" status: 200 len: 2632 time: 0.0378838
2026-05-09 06:36:30.500 10 INFO neutron.wsgi [req-a7b62f63-ea0a-447f-a6b4-59d2523df725 req-c4446b00-b9a1-45dd-b9e7-5adf896179c1 213b439b2ef749cba275d55974855653 2e02d35680164b7fba0d2fc3ee0573bf - - 281444ac8cb649fdaab116564d0e72d0 281444ac8cb649fdaab116564d0e72d0] 199.204.45.216 "GET /v2.0/networks?id=1ff89973-a503-4b51-a647-a883f3dd0ad7&id=de57df71-e1a2-4ef2-a397-321790dcdfbb&id=ac496bb7-6609-4372-95f2-2ff6b8d75cfc HTTP/1.1" status: 200 len: 2519 time: 0.0596304
2026-05-09 06:36:30.538 10 INFO neutron.wsgi [req-a7b62f63-ea0a-447f-a6b4-59d2523df725 req-89aa4f06-80ab-40e1-9573-50c6f70ae0ca 213b439b2ef749cba275d55974855653 2e02d35680164b7fba0d2fc3ee0573bf - - 281444ac8cb649fdaab116564d0e72d0 281444ac8cb649fdaab116564d0e72d0] 199.204.45.216 "GET /v2.0/floatingips?fixed_ip_address=172.24.2.134&port_id=db108b35-4bcf-4cf2-8c49-bfc2d4abf61f HTTP/1.1" status: 200 len: 217 time: 0.0298786
2026-05-09 06:36:30.575 10 INFO neutron.wsgi [req-a7b62f63-ea0a-447f-a6b4-59d2523df725 req-014871bd-e478-4d26-aaf7-e0fa16b9ae45 213b439b2ef749cba275d55974855653 2e02d35680164b7fba0d2fc3ee0573bf - - 281444ac8cb649fdaab116564d0e72d0 281444ac8cb649fdaab116564d0e72d0] 199.204.45.216 "GET /v2.0/subnets?id=e46c47bd-d322-435f-8c7f-e1ba1e7b6bfe HTTP/1.1" status: 200 len: 829 time: 0.0298767
2026-05-09 06:36:30.602 10 INFO neutron.wsgi [req-a7b62f63-ea0a-447f-a6b4-59d2523df725 req-e07d2321-3f7d-4ccb-8c83-d4b56e7f736a 213b439b2ef749cba275d55974855653 2e02d35680164b7fba0d2fc3ee0573bf - - 281444ac8cb649fdaab116564d0e72d0 281444ac8cb649fdaab116564d0e72d0] 199.204.45.216 "GET /v2.0/ports?network_id=1ff89973-a503-4b51-a647-a883f3dd0ad7&device_owner=network%3Adhcp HTTP/1.1" status: 200 len: 210 time: 0.0195167
2026-05-09 06:36:30.665 10 INFO neutron.wsgi [req-a7b62f63-ea0a-447f-a6b4-59d2523df725 req-ed6a2f75-51b9-4d85-a95f-3e3b70cd79fe 213b439b2ef749cba275d55974855653 2e02d35680164b7fba0d2fc3ee0573bf - - 281444ac8cb649fdaab116564d0e72d0 281444ac8cb649fdaab116564d0e72d0] 199.204.45.216 "GET /v2.0/networks/1ff89973-a503-4b51-a647-a883f3dd0ad7?fields=segments HTTP/1.1" status: 200 len: 212 time: 0.0538545
2026-05-09 06:36:30.731 10 INFO neutron.wsgi [req-a7b62f63-ea0a-447f-a6b4-59d2523df725 req-92d502f0-4ac5-427d-8fc3-0ae37d166b2c 213b439b2ef749cba275d55974855653 2e02d35680164b7fba0d2fc3ee0573bf - - 281444ac8cb649fdaab116564d0e72d0 281444ac8cb649fdaab116564d0e72d0] 199.204.45.216 "GET /v2.0/networks/1ff89973-a503-4b51-a647-a883f3dd0ad7?fields=provider%3Aphysical_network&fields=provider%3Anetwork_type HTTP/1.1" status: 200 len: 277 time: 0.0577793
2026-05-09 06:36:30.758 9 INFO neutron.wsgi [None req-c96288fe-5102-43f7-b6f7-124f4289c1b0 6545f5c60cb24806b538ca03a36c49d6 273570b6816242ba9a7165f2066f5d03 - - default default] 199.204.45.216 "GET /v2.0/ports?device_id=c42dbeac-3f05-46df-b99c-3723e708cfa6 HTTP/1.1" status: 200 len: 2632 time: 0.0341804
2026-05-09 06:36:30.760 10 INFO neutron.wsgi [req-a7b62f63-ea0a-447f-a6b4-59d2523df725 req-374f84aa-5cc8-4bef-916f-99804ef0f48f 213b439b2ef749cba275d55974855653 2e02d35680164b7fba0d2fc3ee0573bf - - 281444ac8cb649fdaab116564d0e72d0 281444ac8cb649fdaab116564d0e72d0] 199.204.45.216 "GET /v2.0/floatingips?fixed_ip_address=10.1.1.145&port_id=b71d9873-37ec-4cab-8a13-914a60ce1ea8 HTTP/1.1" status: 200 len: 217 time: 0.0247698
2026-05-09 06:36:30.781 9 INFO neutron.pecan_wsgi.hooks.translation [None req-d108364a-e296-44cb-a23d-f971933a3b74 6545f5c60cb24806b538ca03a36c49d6 273570b6816242ba9a7165f2066f5d03 - - - -] DELETE failed (client error): The resource could not be found.
2026-05-09 06:36:30.783 9 INFO neutron.wsgi [None req-d108364a-e296-44cb-a23d-f971933a3b74 6545f5c60cb24806b538ca03a36c49d6 273570b6816242ba9a7165f2066f5d03 - - - -] 199.204.45.216 "DELETE /v2.0/ports/c5ecc504-990b-452a-99e8-2c6b2528cfcf HTTP/1.1" status: 404 len: 338 time: 0.0191722
2026-05-09 06:36:30.800 10 INFO neutron.wsgi [req-a7b62f63-ea0a-447f-a6b4-59d2523df725 req-d96bd9f1-f7b2-48ae-9e18-4ce32469a1c3 213b439b2ef749cba275d55974855653 2e02d35680164b7fba0d2fc3ee0573bf - - 281444ac8cb649fdaab116564d0e72d0 281444ac8cb649fdaab116564d0e72d0] 199.204.45.216 "GET /v2.0/subnets?id=7db56ed8-303e-4c18-a82a-ec4b8723bc4e HTTP/1.1" status: 200 len: 854 time: 0.0327272
2026-05-09 06:36:30.823 10 INFO neutron.wsgi [req-a7b62f63-ea0a-447f-a6b4-59d2523df725 req-81c107fd-df3d-4528-a1b3-1553ba929140 213b439b2ef749cba275d55974855653 2e02d35680164b7fba0d2fc3ee0573bf - - 281444ac8cb649fdaab116564d0e72d0 281444ac8cb649fdaab116564d0e72d0] 199.204.45.216 "GET /v2.0/ports?network_id=de57df71-e1a2-4ef2-a397-321790dcdfbb&device_owner=network%3Adhcp HTTP/1.1" status: 200 len: 210 time: 0.0192280
2026-05-09 06:36:30.847 9 INFO neutron.wsgi [None req-b729c776-361a-43df-950c-4821c375f3e4 6545f5c60cb24806b538ca03a36c49d6 273570b6816242ba9a7165f2066f5d03 - - default default] 199.204.45.216 "GET /v2.0/extensions/security-group HTTP/1.1" status: 200 len: 369 time: 0.0072706
2026-05-09 06:36:30.854 9 INFO neutron.wsgi [None req-c3cca5d2-9174-40b3-b52b-e977d05680f1 6545f5c60cb24806b538ca03a36c49d6 273570b6816242ba9a7165f2066f5d03 - - default default] 199.204.45.216 "GET /v2.0/extensions/dns-integration HTTP/1.1" status: 200 len: 371 time: 0.0043995
2026-05-09 06:36:30.861 9 INFO neutron.wsgi [None req-aaf84f96-286f-482f-83bd-d272eeb1422f 6545f5c60cb24806b538ca03a36c49d6 273570b6816242ba9a7165f2066f5d03 - - default default] 199.204.45.216 "GET /v2.0/extensions/qos HTTP/1.1" status: 200 len: 365 time: 0.0038350
2026-05-09 06:36:30.870 9 INFO neutron.wsgi [None req-79fce9b5-af85-4b95-87df-c89338a9c3ef 6545f5c60cb24806b538ca03a36c49d6 273570b6816242ba9a7165f2066f5d03 - - default default] 199.204.45.216 "GET /v2.0/extensions/allowed-address-pairs HTTP/1.1" status: 200 len: 383 time: 0.0047982
2026-05-09 06:36:30.881 10 INFO neutron.wsgi [req-a7b62f63-ea0a-447f-a6b4-59d2523df725 req-910b096b-369b-4834-9829-0bc51139baa7 213b439b2ef749cba275d55974855653 2e02d35680164b7fba0d2fc3ee0573bf - - 281444ac8cb649fdaab116564d0e72d0 281444ac8cb649fdaab116564d0e72d0] 199.204.45.216 "GET /v2.0/networks/de57df71-e1a2-4ef2-a397-321790dcdfbb?fields=segments HTTP/1.1" status: 200 len: 212 time: 0.0513420
2026-05-09 06:36:30.903 9 INFO neutron.wsgi [None req-cf9142b6-24e8-44eb-adc8-f77fee051d82 6545f5c60cb24806b538ca03a36c49d6 273570b6816242ba9a7165f2066f5d03 - - default default] 199.204.45.216 "GET /v2.0/subnets/7db56ed8-303e-4c18-a82a-ec4b8723bc4e HTTP/1.1" status: 200 len: 851 time: 0.0274067
2026-05-09 06:36:30.937 9 INFO neutron.wsgi [None req-daf02a77-9ce9-42bf-abf2-1ac0bb2d8e3a 6545f5c60cb24806b538ca03a36c49d6 273570b6816242ba9a7165f2066f5d03 - - default default] 199.204.45.216 "GET /v2.0/ports/689b340d-f29d-470c-9e3a-c3b7b81c0e99 HTTP/1.1" status: 200 len: 1340 time: 0.0275075
2026-05-09 06:36:30.939 10 INFO neutron.wsgi [req-a7b62f63-ea0a-447f-a6b4-59d2523df725 req-1808e284-e674-4931-a7dc-2b960c7f62b9 213b439b2ef749cba275d55974855653 2e02d35680164b7fba0d2fc3ee0573bf - - 281444ac8cb649fdaab116564d0e72d0 281444ac8cb649fdaab116564d0e72d0] 199.204.45.216 "GET /v2.0/networks/de57df71-e1a2-4ef2-a397-321790dcdfbb?fields=provider%3Aphysical_network&fields=provider%3Anetwork_type HTTP/1.1" status: 200 len: 277 time: 0.0520697
2026-05-09 06:36:30.969 9 INFO neutron.wsgi [None req-d2b2efa7-f00f-43f7-b044-0089b2ef1e20 6545f5c60cb24806b538ca03a36c49d6 273570b6816242ba9a7165f2066f5d03 - - default default] 199.204.45.216 "GET /v2.0/ports/b71d9873-37ec-4cab-8a13-914a60ce1ea8 HTTP/1.1" status: 200 len: 1471 time: 0.0263426
2026-05-09 06:36:31.007 9 INFO neutron.wsgi [None req-1380ccef-eaa4-4f6f-b228-8cefe4c1341f 6545f5c60cb24806b538ca03a36c49d6 273570b6816242ba9a7165f2066f5d03 - - default default] 199.204.45.216 "GET /v2.0/subnets/7db56ed8-303e-4c18-a82a-ec4b8723bc4e HTTP/1.1" status: 200 len: 851 time: 0.0327945
2026-05-09 06:36:31.063 9 INFO neutron.wsgi [None req-007403ed-c004-477c-a498-d524fbf04d28 6545f5c60cb24806b538ca03a36c49d6 273570b6816242ba9a7165f2066f5d03 - - default default] 199.204.45.216 "GET /v2.0/networks/de57df71-e1a2-4ef2-a397-321790dcdfbb HTTP/1.1" status: 200 len: 1002 time: 0.0522051
2026-05-09 06:36:31.104 9 INFO neutron.wsgi [None req-a4112f7a-a37b-475e-b11c-99f25588b460 6545f5c60cb24806b538ca03a36c49d6 273570b6816242ba9a7165f2066f5d03 - - default default] 199.204.45.216 "GET /v2.0/ports/689b340d-f29d-470c-9e3a-c3b7b81c0e99 HTTP/1.1" status: 200 len: 1340 time: 0.0339925
2026-05-09 06:36:31.144 9 INFO neutron.wsgi [None req-5b539e4c-31f4-4920-b2ca-fa4f8be18d92 6545f5c60cb24806b538ca03a36c49d6 273570b6816242ba9a7165f2066f5d03 - - default default] 199.204.45.216 "GET /v2.0/subnets/7db56ed8-303e-4c18-a82a-ec4b8723bc4e HTTP/1.1" status: 200 len: 851 time: 0.0320630
2026-05-09 06:36:32.161 10 INFO neutron.notifiers.nova [-] Nova event matching ['req-48d04d17-e9bc-4302-a951-0672a8b70370'] response: {'server_uuid': 'c42dbeac-3f05-46df-b99c-3723e708cfa6', 'name': 'network-vif-plugged', 'status': 'completed', 'tag': 'c5ecc504-990b-452a-99e8-2c6b2528cfcf', 'code': 200}
2026-05-09 06:36:32.161 10 INFO neutron.notifiers.nova [-] Nova event matching ['req-48d04d17-e9bc-4302-a951-0672a8b70370'] response: {'server_uuid': 'c42dbeac-3f05-46df-b99c-3723e708cfa6', 'name': 'network-vif-deleted', 'tag': 'c5ecc504-990b-452a-99e8-2c6b2528cfcf', 'status': 'completed', 'code': 200}
2026-05-09 06:36:34.871 10 INFO neutron.wsgi [None req-56e7a73d-925e-4414-b491-9368624e05be 6545f5c60cb24806b538ca03a36c49d6 273570b6816242ba9a7165f2066f5d03 - - default default] 10.0.0.234 "GET /v2.0/security-groups HTTP/1.1" status: 200 len: 30248 time: 0.1351051
2026-05-09 06:36:34.923 10 INFO neutron.wsgi [None req-cf80e76d-b79d-4f62-bbc8-6e70e83821c6 6545f5c60cb24806b538ca03a36c49d6 273570b6816242ba9a7165f2066f5d03 - - default default] 10.0.0.234 "GET /v2.0/subnets HTTP/1.1" status: 200 len: 5497 time: 0.0428936
2026-05-09 06:36:34.945 10 INFO neutron.wsgi [None req-352a2541-f4d4-4670-bf88-8c91678dba03 6545f5c60cb24806b538ca03a36c49d6 273570b6816242ba9a7165f2066f5d03 - - default default] 10.0.0.234 "GET /v2.0/agents HTTP/1.1" status: 200 len: 997 time: 0.0200582
2026-05-09 06:36:34.996 10 INFO neutron.wsgi [None req-64c10880-2a7b-4c82-8838-3b6c112597b1 6545f5c60cb24806b538ca03a36c49d6 273570b6816242ba9a7165f2066f5d03 - - default default] 10.0.0.234 "GET /v2.0/floatingips HTTP/1.1" status: 200 len: 2766 time: 0.0483997
2026-05-09 06:36:35.010 10 INFO neutron.wsgi [None req-76be8820-c7e7-4e76-a55e-3c1ed399f1d4 6545f5c60cb24806b538ca03a36c49d6 273570b6816242ba9a7165f2066f5d03 - - default default] 10.0.0.234 "GET /v2.0/network-ip-availabilities HTTP/1.1" status: 200 len: 3365 time: 0.0122209
2026-05-09 06:36:35.046 10 INFO neutron.wsgi [None req-fcf97bce-20f9-430a-a98c-62ce2346a529 6545f5c60cb24806b538ca03a36c49d6 273570b6816242ba9a7165f2066f5d03 - - default default] 10.0.0.234 "GET /v2.0/subnets HTTP/1.1" status: 200 len: 5497 time: 0.0323746
2026-05-09 06:36:35.067 10 INFO neutron.wsgi [None req-bd0726b7-0911-45e6-9da2-7c1a55c0a604 6545f5c60cb24806b538ca03a36c49d6 273570b6816242ba9a7165f2066f5d03 - - default default] 10.0.0.234 "GET /v2.0/subnetpools HTTP/1.1" status: 200 len: 193 time: 0.0185876
2026-05-09 06:36:35.131 10 INFO neutron.wsgi [None req-bea9dd2b-ae1d-49f5-85c9-2ee94c0cbb3d 6545f5c60cb24806b538ca03a36c49d6 273570b6816242ba9a7165f2066f5d03 - - default default] 10.0.0.234 "GET /v2.0/networks HTTP/1.1" status: 200 len: 4720 time: 0.0636461
2026-05-09 06:36:35.175 10 INFO neutron.wsgi [None req-3dbc93b1-39aa-40e7-b7a7-36778fd2c8dc 6545f5c60cb24806b538ca03a36c49d6 273570b6816242ba9a7165f2066f5d03 - - default default] 10.0.0.234 "GET /v2.0/ports HTTP/1.1" status: 200 len: 21890 time: 0.0394812
2026-05-09 06:36:35.523 10 INFO neutron.wsgi [None req-69bd1b1f-5500-4534-a1ba-bab03cfd5580 6545f5c60cb24806b538ca03a36c49d6 273570b6816242ba9a7165f2066f5d03 - - default default] 10.0.0.234 "GET /v2.0/routers HTTP/1.1" status: 200 len: 850 time: 0.3385484
2026-05-09 06:36:35.535 10 INFO neutron.wsgi [None req-d786364e-5183-411b-b299-fb030e5b6e6a 6545f5c60cb24806b538ca03a36c49d6 273570b6816242ba9a7165f2066f5d03 - - default default] 10.0.0.234 "GET /v2.0/agents?binary=ovn-controller HTTP/1.1" status: 200 len: 591 time: 0.0108664
2026-05-09 06:36:35.627 15 INFO neutron.db.ovn_revision_numbers_db [None req-c7a340e2-8448-4479-9e4c-04f082e722fb - - - - - -] Successfully bumped revision number for resource de57df71-e1a2-4ef2-a397-321790dcdfbb (type: networks) to 3
2026-05-09 06:36:35.701 15 INFO neutron.db.ovn_revision_numbers_db [None req-c7a340e2-8448-4479-9e4c-04f082e722fb - - - - - -] Successfully bumped revision number for resource ac496bb7-6609-4372-95f2-2ff6b8d75cfc (type: networks) to 3
2026-05-09 06:36:35.773 15 INFO neutron.db.ovn_revision_numbers_db [None req-c7a340e2-8448-4479-9e4c-04f082e722fb - - - - - -] Successfully bumped revision number for resource 1415cc18-2f54-4b4d-b661-467c8367c5cf (type: networks) to 3
2026-05-09 06:36:35.807 15 INFO neutron.db.ovn_revision_numbers_db [None req-c7a340e2-8448-4479-9e4c-04f082e722fb - - - - - -] Successfully bumped revision number for resource 02fc0c16-b35c-4291-9592-117a1b908fd0 (type: security_groups) to 12
2026-05-09 06:36:35.835 15 INFO neutron.db.ovn_revision_numbers_db [None req-c7a340e2-8448-4479-9e4c-04f082e722fb - - - - - -] Successfully bumped revision number for resource 88c95c47-be08-4b72-a707-e2a78dc83748 (type: security_groups) to 3
2026-05-09 06:36:36.052 9 INFO neutron.wsgi [req-d71e4b0d-530f-41f7-8472-1e08964b9920 req-6d8a1743-c804-4c9c-9f3a-fbe2184ee60e 6545f5c60cb24806b538ca03a36c49d6 273570b6816242ba9a7165f2066f5d03 - - default default] 10.0.0.153 "GET /v2.0/ports?device_id=c42dbeac-3f05-46df-b99c-3723e708cfa6&device_id=a7971f8f-def1-48ca-8f5b-8869076006b4&device_id=03ba5634-17aa-4718-b5cb-f80a6b8d37be HTTP/1.1" status: 200 len: 5394 time: 0.0371394
2026-05-09 06:36:36.098 9 INFO neutron.wsgi [req-d71e4b0d-530f-41f7-8472-1e08964b9920 req-38b50dff-c2be-43c0-a11e-3b68c63155e6 6545f5c60cb24806b538ca03a36c49d6 273570b6816242ba9a7165f2066f5d03 - - default default] 10.0.0.153 "GET /v2.0/security-groups?id=8b5e4e9b-8b1a-49fd-af41-71f54d90c6d2&id=02fc0c16-b35c-4291-9592-117a1b908fd0&id=88c95c47-be08-4b72-a707-e2a78dc83748&fields=id&fields=name HTTP/1.1" status: 200 len: 485 time: 0.0415792
2026-05-09 06:36:36.236 15 INFO neutron.db.ovn_revision_numbers_db [None req-c7a340e2-8448-4479-9e4c-04f082e722fb - - - - - -] Successfully bumped revision number for resource 7cf80e6d-ce5d-433c-b75a-92a7dcb15ce4 (type: routers) to 6
2026-05-09 06:36:36.347 15 INFO neutron.db.ovn_revision_numbers_db [None req-c7a340e2-8448-4479-9e4c-04f082e722fb - - - - - -] Successfully bumped revision number for resource 689b340d-f29d-470c-9e3a-c3b7b81c0e99 (type: ports) to 8
2026-05-09 06:36:36.524 15 INFO neutron.plugins.ml2.drivers.ovn.mech_driver.ovsdb.maintenance [None req-c7a340e2-8448-4479-9e4c-04f082e722fb - - - - - -] Maintenance task: Synchronization finished (took 0.98 seconds)
2026-05-09 06:36:36.817 9 INFO neutron.wsgi [req-123d3356-291e-4060-a75b-41db291a62f6 req-cbabf8d5-d8f3-4013-a6bc-15d2c47f8c14 6545f5c60cb24806b538ca03a36c49d6 273570b6816242ba9a7165f2066f5d03 - - default default] 10.0.0.153 "GET /v2.0/ports?device_id=c42dbeac-3f05-46df-b99c-3723e708cfa6 HTTP/1.1" status: 200 len: 2632 time: 0.0382147
2026-05-09 06:36:36.861 9 INFO neutron.wsgi [req-123d3356-291e-4060-a75b-41db291a62f6 req-95c67bda-6496-43ba-9cb0-76f0d3e55f95 6545f5c60cb24806b538ca03a36c49d6 273570b6816242ba9a7165f2066f5d03 - - default default] 10.0.0.153 "GET /v2.0/security-groups?id=8b5e4e9b-8b1a-49fd-af41-71f54d90c6d2&id=88c95c47-be08-4b72-a707-e2a78dc83748&fields=id&fields=name HTTP/1.1" status: 200 len: 394 time: 0.0363550
2026-05-09 06:36:37.334 9 INFO neutron.wsgi [req-7de8fed0-2f04-49f0-83bc-2c5f7c0c5978 req-43a53424-ed84-49fa-8035-123f644aa13d 6545f5c60cb24806b538ca03a36c49d6 273570b6816242ba9a7165f2066f5d03 - - default default] 10.0.0.153 "GET /v2.0/ports?device_id=a7971f8f-def1-48ca-8f5b-8869076006b4&device_id=03ba5634-17aa-4718-b5cb-f80a6b8d37be HTTP/1.1" status: 200 len: 2973 time: 0.0364685
2026-05-09 06:36:37.377 9 INFO neutron.wsgi [req-7de8fed0-2f04-49f0-83bc-2c5f7c0c5978 req-96d67e85-0958-4ecd-86fc-abf4986f71e9 6545f5c60cb24806b538ca03a36c49d6 273570b6816242ba9a7165f2066f5d03 - - default default] 10.0.0.153 "GET /v2.0/security-groups?id=02fc0c16-b35c-4291-9592-117a1b908fd0&fields=id&fields=name HTTP/1.1" status: 200 len: 311 time: 0.0359652
2026-05-09 06:36:40.065 9 INFO neutron.wsgi [None req-c5b119ff-ec65-451f-b9e5-a23a594c8c01 6545f5c60cb24806b538ca03a36c49d6 273570b6816242ba9a7165f2066f5d03 - - default default] 199.204.45.216 "GET /v2.0/extensions/security-group HTTP/1.1" status: 200 len: 369 time: 0.0062070
2026-05-09 06:36:40.073 9 INFO neutron.wsgi [None req-96e354ef-32a4-4265-828d-c675ba3ea1e5 6545f5c60cb24806b538ca03a36c49d6 273570b6816242ba9a7165f2066f5d03 - - default default] 199.204.45.216 "GET /v2.0/extensions/dns-integration HTTP/1.1" status: 200 len: 371 time: 0.0038998
2026-05-09 06:36:40.080 9 INFO neutron.wsgi [None req-6f019eb5-3918-428b-b814-4a038493578b 6545f5c60cb24806b538ca03a36c49d6 273570b6816242ba9a7165f2066f5d03 - - default default] 199.204.45.216 "GET /v2.0/extensions/qos HTTP/1.1" status: 200 len: 365 time: 0.0038259
2026-05-09 06:36:40.090 9 INFO neutron.wsgi [None req-95c6de5b-44ed-49b6-9945-38db3b5cf39d 6545f5c60cb24806b538ca03a36c49d6 273570b6816242ba9a7165f2066f5d03 - - default default] 199.204.45.216 "GET /v2.0/extensions/allowed-address-pairs HTTP/1.1" status: 200 len: 383 time: 0.0042515
2026-05-09 06:36:40.122 9 INFO neutron.wsgi [None req-31873de6-15db-4402-bc58-fbafb0be4ec5 6545f5c60cb24806b538ca03a36c49d6 273570b6816242ba9a7165f2066f5d03 - - default default] 199.204.45.216 "GET /v2.0/security-groups?name=lb-9d20d8f8-7320-46cb-8c3b-c8ceefbae383 HTTP/1.1" status: 200 len: 2941 time: 0.0261436
2026-05-09 06:36:40.145 9 INFO neutron.wsgi [None req-e616fa6e-c154-4db8-a94a-a75fe829359b 6545f5c60cb24806b538ca03a36c49d6 273570b6816242ba9a7165f2066f5d03 - - default default] 199.204.45.216 "GET /v2.0/security-group-rules?security_group_id=88c95c47-be08-4b72-a707-e2a78dc83748 HTTP/1.1" status: 200 len: 2406 time: 0.0196166
2026-05-09 06:36:40.185 10 INFO neutron.wsgi [-] 10.0.0.198 "GET / HTTP/1.1" status: 200 len: 247 time: 0.0016537
2026-05-09 06:36:40.187 10 INFO neutron.wsgi [-] 10.0.0.198 "GET / HTTP/1.1" status: 200 len: 247 time: 0.0012939
2026-05-09 06:36:40.249 9 INFO neutron.wsgi [None req-2690b186-381e-44b1-8f02-ef8d309308ff 6545f5c60cb24806b538ca03a36c49d6 273570b6816242ba9a7165f2066f5d03 - - - -] 199.204.45.216 "DELETE /v2.0/security-group-rules/30ced51b-5784-4574-b6ed-1c8fd99e759c HTTP/1.1" status: 204 len: 173 time: 0.0985141
2026-05-09 06:36:40.353 9 INFO neutron.wsgi [None req-29126ca5-dd37-4935-b50b-0e893278b414 6545f5c60cb24806b538ca03a36c49d6 273570b6816242ba9a7165f2066f5d03 - - - -] 199.204.45.216 "DELETE /v2.0/security-group-rules/dd34d96d-859a-408f-ba6f-cd3ce271148d HTTP/1.1" status: 204 len: 173 time: 0.0986559
2026-05-09 06:36:40.511 10 INFO neutron.wsgi [req-1e236fae-37cb-4eb9-bbfa-64432c12ac75 req-412b23c1-60fc-4430-8cea-9563c6547d6d 213b439b2ef749cba275d55974855653 2e02d35680164b7fba0d2fc3ee0573bf - - 281444ac8cb649fdaab116564d0e72d0 281444ac8cb649fdaab116564d0e72d0] 199.204.45.216 "GET /v2.0/ports?device_id=03ba5634-17aa-4718-b5cb-f80a6b8d37be&fields=binding%3Ahost_id&fields=binding%3Avif_type HTTP/1.1" status: 200 len: 265 time: 0.0316598
2026-05-09 06:36:40.601 10 INFO neutron.wsgi [req-1e236fae-37cb-4eb9-bbfa-64432c12ac75 req-f9e88b18-1d23-4b6b-8e89-a9803c698657 213b439b2ef749cba275d55974855653 2e02d35680164b7fba0d2fc3ee0573bf - - 281444ac8cb649fdaab116564d0e72d0 281444ac8cb649fdaab116564d0e72d0] 199.204.45.216 "GET /v2.0/ports?tenant_id=c5fe6345603f4b2490053efc31891f0d&device_id=03ba5634-17aa-4718-b5cb-f80a6b8d37be HTTP/1.1" status: 200 len: 1590 time: 0.0467076
2026-05-09 06:36:40.675 10 INFO neutron.wsgi [req-1e236fae-37cb-4eb9-bbfa-64432c12ac75 req-469b126e-ffde-40a6-b1a9-95b2254775bb 213b439b2ef749cba275d55974855653 2e02d35680164b7fba0d2fc3ee0573bf - - 281444ac8cb649fdaab116564d0e72d0 281444ac8cb649fdaab116564d0e72d0] 199.204.45.216 "GET /v2.0/networks?id=ac496bb7-6609-4372-95f2-2ff6b8d75cfc HTTP/1.1" status: 200 len: 1002 time: 0.0537560
2026-05-09 06:36:40.723 10 INFO neutron.wsgi [req-1e236fae-37cb-4eb9-bbfa-64432c12ac75 req-a854c7b2-af2e-4c6b-a697-01ae16b083ca 213b439b2ef749cba275d55974855653 2e02d35680164b7fba0d2fc3ee0573bf - - 281444ac8cb649fdaab116564d0e72d0 281444ac8cb649fdaab116564d0e72d0] 199.204.45.216 "GET /v2.0/floatingips?fixed_ip_address=10.2.1.116&port_id=7e664d63-d052-4e76-aeaf-cd5fc5c208bf HTTP/1.1" status: 200 len: 1059 time: 0.0399148
2026-05-09 06:36:40.755 10 INFO neutron.wsgi [req-1e236fae-37cb-4eb9-bbfa-64432c12ac75 req-c540f7fc-a8d8-4047-85c0-75a1a93861b6 213b439b2ef749cba275d55974855653 2e02d35680164b7fba0d2fc3ee0573bf - - 281444ac8cb649fdaab116564d0e72d0 281444ac8cb649fdaab116564d0e72d0] 199.204.45.216 "GET /v2.0/floatingips?fixed_ip_address=fd7b%3Af9f7%3Afff%3A4eca%3A%3A118&port_id=7e664d63-d052-4e76-aeaf-cd5fc5c208bf HTTP/1.1" status: 200 len: 217 time: 0.0262947
2026-05-09 06:36:40.793 10 INFO neutron.wsgi [req-1e236fae-37cb-4eb9-bbfa-64432c12ac75 req-dcffd66c-4ac9-4a14-93e3-ecd8db0cdb68 213b439b2ef749cba275d55974855653 2e02d35680164b7fba0d2fc3ee0573bf - - 281444ac8cb649fdaab116564d0e72d0 281444ac8cb649fdaab116564d0e72d0] 199.204.45.216 "GET /v2.0/subnets?id=237ad628-89de-48d9-9cf2-2ab00a63e382&id=52f54eee-f35f-4f06-97b8-a5ed34ee7fec HTTP/1.1" status: 200 len: 1563 time: 0.0307267
2026-05-09 06:36:40.818 10 INFO neutron.wsgi [req-1e236fae-37cb-4eb9-bbfa-64432c12ac75 req-3539619d-0aae-4499-b30d-736531218e02 213b439b2ef749cba275d55974855653 2e02d35680164b7fba0d2fc3ee0573bf - - 281444ac8cb649fdaab116564d0e72d0 281444ac8cb649fdaab116564d0e72d0] 199.204.45.216 "GET /v2.0/ports?network_id=ac496bb7-6609-4372-95f2-2ff6b8d75cfc&device_owner=network%3Adhcp HTTP/1.1" status: 200 len: 210 time: 0.0178103
2026-05-09 06:36:40.844 10 INFO neutron.wsgi [req-1e236fae-37cb-4eb9-bbfa-64432c12ac75 req-18fb1e85-1581-43e9-b6d4-33fedb1816f3 213b439b2ef749cba275d55974855653 2e02d35680164b7fba0d2fc3ee0573bf - - 281444ac8cb649fdaab116564d0e72d0 281444ac8cb649fdaab116564d0e72d0] 199.204.45.216 "GET /v2.0/ports?network_id=ac496bb7-6609-4372-95f2-2ff6b8d75cfc&device_owner=network%3Adhcp HTTP/1.1" status: 200 len: 210 time: 0.0224342
2026-05-09 06:36:40.910 10 INFO neutron.wsgi [req-1e236fae-37cb-4eb9-bbfa-64432c12ac75 req-1eec6eb4-e74f-44cd-a9cc-63fee0a05114 213b439b2ef749cba275d55974855653 2e02d35680164b7fba0d2fc3ee0573bf - - 281444ac8cb649fdaab116564d0e72d0 281444ac8cb649fdaab116564d0e72d0] 199.204.45.216 "GET /v2.0/networks/ac496bb7-6609-4372-95f2-2ff6b8d75cfc?fields=segments HTTP/1.1" status: 200 len: 212 time: 0.0619671
2026-05-09 06:36:40.972 10 INFO neutron.wsgi [req-1e236fae-37cb-4eb9-bbfa-64432c12ac75 req-526896b5-7ba2-4f04-ab3a-53cbd0324b03 213b439b2ef749cba275d55974855653 2e02d35680164b7fba0d2fc3ee0573bf - - 281444ac8cb649fdaab116564d0e72d0 281444ac8cb649fdaab116564d0e72d0] 199.204.45.216 "GET /v2.0/networks/ac496bb7-6609-4372-95f2-2ff6b8d75cfc?fields=provider%3Aphysical_network&fields=provider%3Anetwork_type HTTP/1.1" status: 200 len: 277 time: 0.0579338
2026-05-09 06:36:44.855 10 INFO neutron.db.l3_db [None req-3b12a581-f059-4795-af7f-fdfddd3fb24a 8e3641f5f1fd423d88e8482485531a1b c5fe6345603f4b2490053efc31891f0d - - - -] Floating IP 3c8a3929-ea9c-46fa-8440-29ccaa7c10b6 disassociated (deleted). External IP: 10.96.250.203, port: 689b340d-f29d-470c-9e3a-c3b7b81c0e99.
2026-05-09 06:36:44.936 10 INFO neutron.wsgi [None req-3b12a581-f059-4795-af7f-fdfddd3fb24a 8e3641f5f1fd423d88e8482485531a1b c5fe6345603f4b2490053efc31891f0d - - - -] 10.0.0.2 "DELETE /v2.0/floatingips/3c8a3929-ea9c-46fa-8440-29ccaa7c10b6 HTTP/1.1" status: 204 len: 168 time: 0.4535801 /var/lib/openstack/lib/python3.10/site-packages/pycadf/identifier.py:71: UserWarning: Invalid uuid: neutron. To ensure interoperability, identifiers should be a valid uuid. warnings.warn(('Invalid uuid: %s. To ensure interoperability, '
2026-05-09 06:36:44.968 10 INFO neutron.api.v2.resource [None req-22455a09-376a-4bcb-ba18-26bebaed79b1 8e3641f5f1fd423d88e8482485531a1b c5fe6345603f4b2490053efc31891f0d - - default default] show failed (client error): The resource could not be found.
2026-05-09 06:36:44.969 10 INFO neutron.wsgi [None req-22455a09-376a-4bcb-ba18-26bebaed79b1 8e3641f5f1fd423d88e8482485531a1b c5fe6345603f4b2490053efc31891f0d - - default default] 10.0.0.2 "GET /v2.0/floatingips/3c8a3929-ea9c-46fa-8440-29ccaa7c10b6 HTTP/1.1" status: 404 len: 345 time: 0.0261457
2026-05-09 06:36:45.211 9 INFO neutron.wsgi [None req-b41d70c6-e07a-4c6f-a9d5-216790f9f80d 6545f5c60cb24806b538ca03a36c49d6 273570b6816242ba9a7165f2066f5d03 - - default default] 199.204.45.216 "GET /v2.0/extensions/security-group HTTP/1.1" status: 200 len: 369 time: 0.0081201
2026-05-09 06:36:45.223 9 INFO neutron.wsgi [None req-94e6aeb4-6cb3-4920-8644-deda4d5ebd4d 6545f5c60cb24806b538ca03a36c49d6 273570b6816242ba9a7165f2066f5d03 - - default default] 199.204.45.216 "GET /v2.0/extensions/dns-integration HTTP/1.1" status: 200 len: 371 time: 0.0068920
2026-05-09 06:36:45.232 9 INFO neutron.wsgi [None req-895bb027-cf0d-4e50-9de5-9104fe42ef1d 6545f5c60cb24806b538ca03a36c49d6 273570b6816242ba9a7165f2066f5d03 - - default default] 199.204.45.216 "GET /v2.0/extensions/qos HTTP/1.1" status: 200 len: 365 time: 0.0062118
2026-05-09 06:36:45.241 9 INFO neutron.wsgi [None req-32609524-16f2-4ae8-bb6e-4bf6d4d3fdca 6545f5c60cb24806b538ca03a36c49d6 273570b6816242ba9a7165f2066f5d03 - - default default] 199.204.45.216 "GET /v2.0/extensions/allowed-address-pairs HTTP/1.1" status: 200 len: 383 time: 0.0046134
2026-05-09 06:36:45.278 9 INFO neutron.wsgi [None req-2a4c7d1a-eeba-4237-a316-5567811f1bb8 6545f5c60cb24806b538ca03a36c49d6 273570b6816242ba9a7165f2066f5d03 - - default default] 199.204.45.216 "GET /v2.0/subnets/7db56ed8-303e-4c18-a82a-ec4b8723bc4e HTTP/1.1" status: 200 len: 851 time: 0.0318396
2026-05-09 06:36:45.316 9 INFO neutron.wsgi [None req-876eb5b4-f217-4048-8b7b-2edcb688565d 6545f5c60cb24806b538ca03a36c49d6 273570b6816242ba9a7165f2066f5d03 - - default default] 199.204.45.216 "GET /v2.0/ports?device_id=c42dbeac-3f05-46df-b99c-3723e708cfa6 HTTP/1.1" status: 200 len: 2632 time: 0.0311491
2026-05-09 06:36:45.350 9 INFO neutron.wsgi [None req-5ced6954-cb7b-4524-8e0e-0200a8b9a7b7 6545f5c60cb24806b538ca03a36c49d6 273570b6816242ba9a7165f2066f5d03 - - default default] 199.204.45.216 "GET /v2.0/ports?device_id=c42dbeac-3f05-46df-b99c-3723e708cfa6 HTTP/1.1" status: 200 len: 2632 time: 0.0301299
2026-05-09 06:36:45.477 9 INFO neutron.wsgi [None req-9f32643b-6566-4d77-81f7-c27498c0c93d 6545f5c60cb24806b538ca03a36c49d6 273570b6816242ba9a7165f2066f5d03 - - default default] 199.204.45.216 "GET /v2.0/ports?device_id=c42dbeac-3f05-46df-b99c-3723e708cfa6 HTTP/1.1" status: 200 len: 2632 time: 0.0340242
2026-05-09 06:36:45.737 10 INFO neutron.plugins.ml2.drivers.ovn.mech_driver.mech_driver [None req-d2efd29f-2ac8-467e-a577-17eeb1615742 - - - - - -] OVN reports status down for port: b71d9873-37ec-4cab-8a13-914a60ce1ea8
2026-05-09 06:36:45.805 10 INFO neutron.wsgi [req-67c73364-d193-4a96-a188-ebb358ffa56a req-b6ef8694-4643-479e-a404-4ad666b8ff5e 213b439b2ef749cba275d55974855653 2e02d35680164b7fba0d2fc3ee0573bf - - 281444ac8cb649fdaab116564d0e72d0 281444ac8cb649fdaab116564d0e72d0] 199.204.45.216 "GET /v2.0/ports/b71d9873-37ec-4cab-8a13-914a60ce1ea8 HTTP/1.1" status: 200 len: 1471 time: 0.0341847
2026-05-09 06:36:45.853 10 INFO neutron.wsgi [req-67c73364-d193-4a96-a188-ebb358ffa56a req-b3c01cd6-8807-4fb5-afe1-d31f470ac23d 6545f5c60cb24806b538ca03a36c49d6 273570b6816242ba9a7165f2066f5d03 - - default default] 199.204.45.216 "GET /v2.0/ports/b71d9873-37ec-4cab-8a13-914a60ce1ea8?fields=binding%3Aprofile&fields=network_id HTTP/1.1" status: 200 len: 281 time: 0.0438805
2026-05-09 06:36:45.915 10 INFO neutron.notifiers.nova [-] Nova event matching ['req-2b1ade2f-1ecb-457a-8d22-0d3975a05cf4'] response: {'server_uuid': 'c42dbeac-3f05-46df-b99c-3723e708cfa6', 'name': 'network-vif-unplugged', 'status': 'completed', 'tag': 'b71d9873-37ec-4cab-8a13-914a60ce1ea8', 'code': 200}
2026-05-09 06:36:45.949 10 INFO neutron.wsgi [req-67c73364-d193-4a96-a188-ebb358ffa56a req-60b9b719-5033-472a-839d-35e4b16c5a81 6545f5c60cb24806b538ca03a36c49d6 273570b6816242ba9a7165f2066f5d03 - - default default] 199.204.45.216 "GET /v2.0/networks/de57df71-e1a2-4ef2-a397-321790dcdfbb?fields=dns_domain HTTP/1.1" status: 200 len: 227 time: 0.0784016
2026-05-09 06:36:46.148 10 INFO neutron.db.ovn_revision_numbers_db [None req-d2efd29f-2ac8-467e-a577-17eeb1615742 - - - - - -] Successfully bumped revision number for resource b71d9873-37ec-4cab-8a13-914a60ce1ea8 (type: ports) to 7
2026-05-09 06:36:46.171 10 INFO neutron.plugins.ml2.drivers.ovn.mech_driver.mech_driver [None req-d2efd29f-2ac8-467e-a577-17eeb1615742 - - - - - -] OVN reports status down for port: 689b340d-f29d-470c-9e3a-c3b7b81c0e99
2026-05-09 06:36:46.389 10 INFO neutron.db.ovn_revision_numbers_db [None req-4ca12c22-6a6a-4747-aecd-a0c6d3af1649 213b439b2ef749cba275d55974855653 2e02d35680164b7fba0d2fc3ee0573bf - - - -] Successfully bumped revision number for resource b71d9873-37ec-4cab-8a13-914a60ce1ea8 (type: ports) to 8
2026-05-09 06:36:46.406 10 INFO neutron.wsgi [None req-4ca12c22-6a6a-4747-aecd-a0c6d3af1649 213b439b2ef749cba275d55974855653 2e02d35680164b7fba0d2fc3ee0573bf - - - -] 199.204.45.216 "PUT /v2.0/ports/b71d9873-37ec-4cab-8a13-914a60ce1ea8 HTTP/1.1" status: 200 len: 1351 time: 0.4500437 /var/lib/openstack/lib/python3.10/site-packages/pycadf/identifier.py:71: UserWarning: Invalid uuid: neutron. To ensure interoperability, identifiers should be a valid uuid. warnings.warn(('Invalid uuid: %s. To ensure interoperability, '
2026-05-09 06:36:46.490 10 INFO neutron.wsgi [req-67c73364-d193-4a96-a188-ebb358ffa56a req-a241be61-915d-4341-9883-8641a53f8533 213b439b2ef749cba275d55974855653 2e02d35680164b7fba0d2fc3ee0573bf - - 281444ac8cb649fdaab116564d0e72d0 281444ac8cb649fdaab116564d0e72d0] 199.204.45.216 "GET /v2.0/ports?tenant_id=273570b6816242ba9a7165f2066f5d03&device_id=c42dbeac-3f05-46df-b99c-3723e708cfa6 HTTP/1.1" status: 200 len: 1369 time: 0.0345800
2026-05-09 06:36:46.522 9 INFO neutron.wsgi [None req-1703ef89-5523-4427-8dcc-b811ded69ef8 6545f5c60cb24806b538ca03a36c49d6 273570b6816242ba9a7165f2066f5d03 - - default default] 199.204.45.216 "GET /v2.0/ports?device_id=c42dbeac-3f05-46df-b99c-3723e708cfa6 HTTP/1.1" status: 200 len: 1369 time: 0.0388198
2026-05-09 06:36:46.562 10 INFO neutron.wsgi [req-67c73364-d193-4a96-a188-ebb358ffa56a req-afc3cdf6-3383-402c-9893-7db88576d340 213b439b2ef749cba275d55974855653 2e02d35680164b7fba0d2fc3ee0573bf - - 281444ac8cb649fdaab116564d0e72d0 281444ac8cb649fdaab116564d0e72d0] 199.204.45.216 "GET /v2.0/networks?id=1ff89973-a503-4b51-a647-a883f3dd0ad7&id=de57df71-e1a2-4ef2-a397-321790dcdfbb HTTP/1.1" status: 200 len: 1730 time: 0.0633888
2026-05-09 06:36:46.594 10 INFO neutron.wsgi [req-67c73364-d193-4a96-a188-ebb358ffa56a req-f8352afd-e791-4c54-a72b-549087c75caa 213b439b2ef749cba275d55974855653 2e02d35680164b7fba0d2fc3ee0573bf - - 281444ac8cb649fdaab116564d0e72d0 281444ac8cb649fdaab116564d0e72d0] 199.204.45.216 "GET /v2.0/floatingips?fixed_ip_address=172.24.2.134&port_id=db108b35-4bcf-4cf2-8c49-bfc2d4abf61f HTTP/1.1" status: 200 len: 217 time: 0.0268986
2026-05-09 06:36:46.628 10 INFO neutron.wsgi [req-67c73364-d193-4a96-a188-ebb358ffa56a req-a6f445b5-4104-4c1d-ab24-77efb5aed25e 213b439b2ef749cba275d55974855653 2e02d35680164b7fba0d2fc3ee0573bf - - 281444ac8cb649fdaab116564d0e72d0 281444ac8cb649fdaab116564d0e72d0] 199.204.45.216 "GET /v2.0/subnets?id=e46c47bd-d322-435f-8c7f-e1ba1e7b6bfe HTTP/1.1" status: 200 len: 829 time: 0.0263345
2026-05-09 06:36:46.654 10 INFO neutron.wsgi [req-67c73364-d193-4a96-a188-ebb358ffa56a req-3686b57d-1af4-4c97-af10-088d7e51166e 213b439b2ef749cba275d55974855653 2e02d35680164b7fba0d2fc3ee0573bf - - 281444ac8cb649fdaab116564d0e72d0 281444ac8cb649fdaab116564d0e72d0] 199.204.45.216 "GET /v2.0/ports?network_id=1ff89973-a503-4b51-a647-a883f3dd0ad7&device_owner=network%3Adhcp HTTP/1.1" status: 200 len: 210 time: 0.0194082
2026-05-09 06:36:46.713 10 INFO neutron.wsgi [req-67c73364-d193-4a96-a188-ebb358ffa56a req-5d9352e1-2034-4d5c-b4b4-9d18ee96571b 213b439b2ef749cba275d55974855653 2e02d35680164b7fba0d2fc3ee0573bf - - 281444ac8cb649fdaab116564d0e72d0 281444ac8cb649fdaab116564d0e72d0] 199.204.45.216 "GET /v2.0/networks/1ff89973-a503-4b51-a647-a883f3dd0ad7?fields=segments HTTP/1.1" status: 200 len: 212 time: 0.0525718
2026-05-09 06:36:46.774 10 INFO neutron.wsgi [req-67c73364-d193-4a96-a188-ebb358ffa56a req-3a649bf3-a4ec-4f5c-a5c9-b08540fe75a7 213b439b2ef749cba275d55974855653 2e02d35680164b7fba0d2fc3ee0573bf - - 281444ac8cb649fdaab116564d0e72d0 281444ac8cb649fdaab116564d0e72d0] 199.204.45.216 "GET /v2.0/networks/1ff89973-a503-4b51-a647-a883f3dd0ad7?fields=provider%3Aphysical_network&fields=provider%3Anetwork_type HTTP/1.1" status: 200 len: 277 time: 0.0519938
2026-05-09 06:36:46.889 9 INFO neutron.db.ovn_revision_numbers_db [None req-2761c144-088a-4ccb-90f6-5be234aca971 6545f5c60cb24806b538ca03a36c49d6 273570b6816242ba9a7165f2066f5d03 - - - -] Successfully bumped revision number for resource b71d9873-37ec-4cab-8a13-914a60ce1ea8 (type: ports) to 9
2026-05-09 06:36:46.912 9 INFO neutron.wsgi [None req-2761c144-088a-4ccb-90f6-5be234aca971 6545f5c60cb24806b538ca03a36c49d6 273570b6816242ba9a7165f2066f5d03 - - - -] 199.204.45.216 "PUT /v2.0/ports/b71d9873-37ec-4cab-8a13-914a60ce1ea8 HTTP/1.1" status: 200 len: 1290 time: 0.3823903 /var/lib/openstack/lib/python3.10/site-packages/pycadf/identifier.py:71: UserWarning: Invalid uuid: neutron. To ensure interoperability, identifiers should be a valid uuid. warnings.warn(('Invalid uuid: %s. To ensure interoperability, '
2026-05-09 06:36:46.957 9 INFO neutron.wsgi [None req-6981ab35-5bfa-41ee-8ae4-a0d7b76d2aa2 6545f5c60cb24806b538ca03a36c49d6 273570b6816242ba9a7165f2066f5d03 - - default default] 199.204.45.216 "GET /v2.0/ports/b71d9873-37ec-4cab-8a13-914a60ce1ea8 HTTP/1.1" status: 200 len: 1290 time: 0.0335348
2026-05-09 06:36:47.257 9 INFO neutron.wsgi [None req-bdd9c391-cb8b-439a-abb6-e9f0d59c9fff 6545f5c60cb24806b538ca03a36c49d6 273570b6816242ba9a7165f2066f5d03 - - - -] 199.204.45.216 "DELETE /v2.0/ports/b71d9873-37ec-4cab-8a13-914a60ce1ea8 HTTP/1.1" status: 204 len: 173 time: 0.2952952
2026-05-09 06:36:47.302 9 INFO neutron.wsgi [None req-bd16f340-3951-45b8-80e8-45ed7174c1a6 6545f5c60cb24806b538ca03a36c49d6 273570b6816242ba9a7165f2066f5d03 - - default default] 199.204.45.216 "GET /v2.0/extensions/security-group HTTP/1.1" status: 200 len: 369 time: 0.0052111
2026-05-09 06:36:47.308 9 INFO neutron.wsgi [None req-8d43cedc-b289-40c7-9b7f-4d8c9c06bb6e 6545f5c60cb24806b538ca03a36c49d6 273570b6816242ba9a7165f2066f5d03 - - default default] 199.204.45.216 "GET /v2.0/extensions/dns-integration HTTP/1.1" status: 200 len: 371 time: 0.0034199
2026-05-09 06:36:47.317 9 INFO neutron.wsgi [None req-b86e2eba-6917-47ca-86fb-e9d777d64b9e 6545f5c60cb24806b538ca03a36c49d6 273570b6816242ba9a7165f2066f5d03 - - default default] 199.204.45.216 "GET /v2.0/extensions/qos HTTP/1.1" status: 200 len: 365 time: 0.0045259
2026-05-09 06:36:47.327 9 INFO neutron.wsgi [None req-2e4efdd4-f311-4d88-bd91-7f0cd9856615 6545f5c60cb24806b538ca03a36c49d6 273570b6816242ba9a7165f2066f5d03 - - default default] 199.204.45.216 "GET /v2.0/extensions/allowed-address-pairs HTTP/1.1" status: 200 len: 383 time: 0.0054991
2026-05-09 06:36:47.354 9 INFO neutron.pecan_wsgi.hooks.translation [None req-c12624af-b502-486f-b284-f5e664786d6d 6545f5c60cb24806b538ca03a36c49d6 273570b6816242ba9a7165f2066f5d03 - - - -] DELETE failed (client error): The resource could not be found.
2026-05-09 06:36:47.356 9 INFO neutron.wsgi [None req-c12624af-b502-486f-b284-f5e664786d6d 6545f5c60cb24806b538ca03a36c49d6 273570b6816242ba9a7165f2066f5d03 - - - -] 199.204.45.216 "DELETE /v2.0/ports/b71d9873-37ec-4cab-8a13-914a60ce1ea8 HTTP/1.1" status: 404 len: 338 time: 0.0220976
2026-05-09 06:36:47.390 9 INFO neutron.wsgi [None req-d54af19f-9141-424d-b81d-802897bc1913 6545f5c60cb24806b538ca03a36c49d6 273570b6816242ba9a7165f2066f5d03 - - default default] 199.204.45.216 "GET /v2.0/ports/689b340d-f29d-470c-9e3a-c3b7b81c0e99 HTTP/1.1" status: 200 len: 1333 time: 0.0278146
2026-05-09 06:36:47.423 9 INFO neutron.wsgi [None req-67fb8000-1368-47a0-956d-097c99f548e7 6545f5c60cb24806b538ca03a36c49d6 273570b6816242ba9a7165f2066f5d03 - - default default] 199.204.45.216 "GET /v2.0/security-groups?name=lb-9d20d8f8-7320-46cb-8c3b-c8ceefbae383 HTTP/1.1" status: 200 len: 1777 time: 0.0267341
2026-05-09 06:36:47.452 9 INFO neutron.wsgi [None req-52f08407-7399-472c-80cc-c780b0ffc04e 6545f5c60cb24806b538ca03a36c49d6 273570b6816242ba9a7165f2066f5d03 - - default default] 199.204.45.216 "GET /v2.0/ports/689b340d-f29d-470c-9e3a-c3b7b81c0e99 HTTP/1.1" status: 200 len: 1333 time: 0.0241623
2026-05-09 06:36:47.759 9 INFO neutron.db.ovn_revision_numbers_db [None req-a7c2da86-1ff0-4c6f-b284-55142c024bfd 6545f5c60cb24806b538ca03a36c49d6 273570b6816242ba9a7165f2066f5d03 - - - -] Successfully bumped revision number for resource 689b340d-f29d-470c-9e3a-c3b7b81c0e99 (type: ports) to 17
2026-05-09 06:36:47.778 9 INFO neutron.wsgi [None req-a7c2da86-1ff0-4c6f-b284-55142c024bfd 6545f5c60cb24806b538ca03a36c49d6 273570b6816242ba9a7165f2066f5d03 - - - -] 199.204.45.216 "PUT /v2.0/ports/689b340d-f29d-470c-9e3a-c3b7b81c0e99 HTTP/1.1" status: 200 len: 1295 time: 0.3187394
2026-05-09 06:36:47.925 9 INFO neutron.wsgi [None req-18fae4ee-1590-44e5-b299-d2c6a3566d86 6545f5c60cb24806b538ca03a36c49d6 273570b6816242ba9a7165f2066f5d03 - - - -] 199.204.45.216 "DELETE /v2.0/security-groups/88c95c47-be08-4b72-a707-e2a78dc83748 HTTP/1.1" status: 204 len: 173 time: 0.1402833
2026-05-09 06:36:47.957 10 INFO neutron.notifiers.nova [-] Nova event matching ['req-aa1a5b05-f014-4bc8-b999-2c5ed1da524d'] response: {'server_uuid': 'c42dbeac-3f05-46df-b99c-3723e708cfa6', 'name': 'network-vif-plugged', 'status': 'completed', 'tag': 'b71d9873-37ec-4cab-8a13-914a60ce1ea8', 'code': 200}
2026-05-09 06:36:48.257 9 INFO neutron.wsgi [None req-918ca12b-31f0-48a3-a24c-8480dba24b90 6545f5c60cb24806b538ca03a36c49d6 273570b6816242ba9a7165f2066f5d03 - - - -] 199.204.45.216 "DELETE /v2.0/ports/689b340d-f29d-470c-9e3a-c3b7b81c0e99 HTTP/1.1" status: 204 len: 173 time: 0.3232453
2026-05-09 06:36:48.549 10 INFO neutron.plugins.ml2.drivers.ovn.mech_driver.mech_driver [None req-d2efd29f-2ac8-467e-a577-17eeb1615742 - - - - - -] OVN reports status down for port: db108b35-4bcf-4cf2-8c49-bfc2d4abf61f
2026-05-09 06:36:48.833 10 INFO neutron.db.ovn_revision_numbers_db [None req-d2efd29f-2ac8-467e-a577-17eeb1615742 - - - - - -] Successfully bumped revision number for resource db108b35-4bcf-4cf2-8c49-bfc2d4abf61f (type: ports) to 5
2026-05-09 06:36:48.843 10 INFO neutron.wsgi [req-998e7ef7-8c77-4e5a-8930-9655d4b078e0 req-25aa9345-e0cf-4b7c-8d58-e92b929bf3ea 6545f5c60cb24806b538ca03a36c49d6 273570b6816242ba9a7165f2066f5d03 - - default default] 199.204.45.216 "GET /v2.0/ports?device_id=c42dbeac-3f05-46df-b99c-3723e708cfa6 HTTP/1.1" status: 200 len: 1367 time: 0.0325503
2026-05-09 06:36:49.106 10 INFO neutron.wsgi [None req-081f195d-4f44-41ce-906e-921616a02a23 6545f5c60cb24806b538ca03a36c49d6 273570b6816242ba9a7165f2066f5d03 - - - -] 199.204.45.216 "DELETE /v2.0/ports/db108b35-4bcf-4cf2-8c49-bfc2d4abf61f HTTP/1.1" status: 204 len: 173 time: 0.2543488
2026-05-09 06:36:49.996 10 INFO neutron.notifiers.nova [-] Nova event matching ['req-a0365fff-9c29-45e1-a88d-034da999eca8'] response: {'server_uuid': 'c42dbeac-3f05-46df-b99c-3723e708cfa6', 'name': 'network-vif-unplugged', 'status': 'completed', 'tag': 'db108b35-4bcf-4cf2-8c49-bfc2d4abf61f', 'code': 200}
2026-05-09 06:36:49.996 10 INFO neutron.notifiers.nova [-] Nova event matching ['req-a0365fff-9c29-45e1-a88d-034da999eca8'] response: {'server_uuid': 'c42dbeac-3f05-46df-b99c-3723e708cfa6', 'name': 'network-vif-plugged', 'status': 'completed', 'tag': 'db108b35-4bcf-4cf2-8c49-bfc2d4abf61f', 'code': 200}
2026-05-09 06:36:49.997 10 INFO neutron.notifiers.nova [-] Nova event matching ['req-a0365fff-9c29-45e1-a88d-034da999eca8'] response: {'server_uuid': 'c42dbeac-3f05-46df-b99c-3723e708cfa6', 'name': 'network-vif-deleted', 'tag': 'db108b35-4bcf-4cf2-8c49-bfc2d4abf61f', 'status': 'completed', 'code': 200}
2026-05-09 06:36:50.561 9 INFO neutron.db.l3_db [None req-35b29834-c0db-4f4e-bfbb-7dfbc30a48aa 8e3641f5f1fd423d88e8482485531a1b c5fe6345603f4b2490053efc31891f0d - - - -] Floating IP f98f0983-0701-4bc7-838c-f2710714a3a9 disassociated (deleted). External IP: 10.96.250.210, port: 752fe533-dccb-4af6-8679-6cf0a9ecf64c.
2026-05-09 06:36:50.955 9 INFO neutron.wsgi [None req-35b29834-c0db-4f4e-bfbb-7dfbc30a48aa 8e3641f5f1fd423d88e8482485531a1b c5fe6345603f4b2490053efc31891f0d - - - -] 10.0.0.2 "DELETE /v2.0/floatingips/f98f0983-0701-4bc7-838c-f2710714a3a9 HTTP/1.1" status: 204 len: 168 time: 0.7845061 /var/lib/openstack/lib/python3.10/site-packages/pycadf/identifier.py:71: UserWarning: Invalid uuid: neutron. To ensure interoperability, identifiers should be a valid uuid. warnings.warn(('Invalid uuid: %s. To ensure interoperability, '
2026-05-09 06:36:50.993 10 INFO neutron.api.v2.resource [None req-7a585ab6-b5a5-45d5-9cb5-854946f3fd8a 8e3641f5f1fd423d88e8482485531a1b c5fe6345603f4b2490053efc31891f0d - - default default] show failed (client error): The resource could not be found.
2026-05-09 06:36:50.995 10 INFO neutron.wsgi [None req-7a585ab6-b5a5-45d5-9cb5-854946f3fd8a 8e3641f5f1fd423d88e8482485531a1b c5fe6345603f4b2490053efc31891f0d - - default default] 10.0.0.2 "GET /v2.0/floatingips/f98f0983-0701-4bc7-838c-f2710714a3a9 HTTP/1.1" status: 404 len: 345 time: 0.0337222
2026-05-09 06:36:50.994 9 INFO neutron.notifiers.nova [-] Nova event matching ['req-b965e3ba-35b8-46df-97db-aca9a4e9e530'] response: {'name': 'network-changed', 'server_uuid': 'a7971f8f-def1-48ca-8f5b-8869076006b4', 'tag': '752fe533-dccb-4af6-8679-6cf0a9ecf64c', 'status': 'completed', 'code': 200}
2026-05-09 06:36:51.057 10 INFO neutron.wsgi [req-f7494834-b309-41f2-bace-13cf80625635 req-a7242366-eed8-4257-93e0-fef88ee2ce2d 213b439b2ef749cba275d55974855653 2e02d35680164b7fba0d2fc3ee0573bf - - 281444ac8cb649fdaab116564d0e72d0 281444ac8cb649fdaab116564d0e72d0] 199.204.45.216 "GET /v2.0/ports?tenant_id=c5fe6345603f4b2490053efc31891f0d&device_id=a7971f8f-def1-48ca-8f5b-8869076006b4 HTTP/1.1" status: 200 len: 1594 time: 0.0421102
2026-05-09 06:36:51.125 10 INFO neutron.wsgi [req-f7494834-b309-41f2-bace-13cf80625635 req-9e6a634e-a56e-4198-ad16-52f4ec49ef1c 213b439b2ef749cba275d55974855653 2e02d35680164b7fba0d2fc3ee0573bf - - 281444ac8cb649fdaab116564d0e72d0 281444ac8cb649fdaab116564d0e72d0] 199.204.45.216 "GET /v2.0/networks?id=1415cc18-2f54-4b4d-b661-467c8367c5cf HTTP/1.1" status: 200 len: 1002 time: 0.0605619
2026-05-09 06:36:51.161 10 INFO neutron.wsgi [req-f7494834-b309-41f2-bace-13cf80625635 req-c41043f6-4016-46fb-a87a-cc718da5082d 213b439b2ef749cba275d55974855653 2e02d35680164b7fba0d2fc3ee0573bf - - 281444ac8cb649fdaab116564d0e72d0 281444ac8cb649fdaab116564d0e72d0] 199.204.45.216 "GET /v2.0/floatingips?fixed_ip_address=10.2.2.135&port_id=752fe533-dccb-4af6-8679-6cf0a9ecf64c HTTP/1.1" status: 200 len: 217 time: 0.0297220
2026-05-09 06:36:51.172 9 INFO neutron.plugins.ml2.drivers.ovn.mech_driver.mech_driver [None req-f4930e83-a872-4a6e-bc02-5b4a4cd62197 - - - - - -] OVN reports status down for port: 752fe533-dccb-4af6-8679-6cf0a9ecf64c
2026-05-09 06:36:51.194 10 INFO neutron.wsgi [req-f7494834-b309-41f2-bace-13cf80625635 req-a627f4fd-ffc9-4fb1-ae11-2b089194e84c 213b439b2ef749cba275d55974855653 2e02d35680164b7fba0d2fc3ee0573bf - - 281444ac8cb649fdaab116564d0e72d0 281444ac8cb649fdaab116564d0e72d0] 199.204.45.216 "GET /v2.0/floatingips?fixed_ip_address=fd77%3A1457%3A4cf0%3A26a8%3A%3A15d&port_id=752fe533-dccb-4af6-8679-6cf0a9ecf64c HTTP/1.1" status: 200 len: 217 time: 0.0233223
2026-05-09 06:36:51.238 10 INFO neutron.wsgi [req-f7494834-b309-41f2-bace-13cf80625635 req-01a38555-ce9a-4402-bd75-a49d319dd1fa 213b439b2ef749cba275d55974855653 2e02d35680164b7fba0d2fc3ee0573bf - - 281444ac8cb649fdaab116564d0e72d0 281444ac8cb649fdaab116564d0e72d0] 199.204.45.216 "GET /v2.0/subnets?id=cb32d41f-ed53-477c-aad7-369e5eaa38d3&id=d460c0af-bea4-4e97-98b7-d4ad360d2311 HTTP/1.1" status: 200 len: 1565 time: 0.0372829
2026-05-09 06:36:51.240 9 INFO neutron.wsgi [req-e9089fa4-f5bb-465c-b1dd-a875a60cbb23 req-95b532b3-bc92-4a67-9a39-5526199fe350 8e3641f5f1fd423d88e8482485531a1b c5fe6345603f4b2490053efc31891f0d - - default default] 10.0.0.153 "GET /v2.0/ports?device_id=a7971f8f-def1-48ca-8f5b-8869076006b4 HTTP/1.1" status: 200 len: 1404 time: 0.1050105
2026-05-09 06:36:51.279 10 INFO neutron.wsgi [req-f7494834-b309-41f2-bace-13cf80625635 req-93ae38c3-bafe-4ef9-9361-88b777493557 213b439b2ef749cba275d55974855653 2e02d35680164b7fba0d2fc3ee0573bf - - 281444ac8cb649fdaab116564d0e72d0 281444ac8cb649fdaab116564d0e72d0] 199.204.45.216 "GET /v2.0/ports?network_id=1415cc18-2f54-4b4d-b661-467c8367c5cf&device_owner=network%3Adhcp HTTP/1.1" status: 200 len: 210 time: 0.0345609
2026-05-09 06:36:51.284 9 INFO neutron.wsgi [req-e9089fa4-f5bb-465c-b1dd-a875a60cbb23 req-1575f4c8-b93e-4e41-adad-2432c4fe144a 8e3641f5f1fd423d88e8482485531a1b c5fe6345603f4b2490053efc31891f0d - - default default] 10.0.0.153 "GET /v2.0/security-groups?id=02fc0c16-b35c-4291-9592-117a1b908fd0&fields=id&fields=name HTTP/1.1" status: 200 len: 311 time: 0.0394521
2026-05-09 06:36:51.322 10 INFO neutron.wsgi [req-f7494834-b309-41f2-bace-13cf80625635 req-77221840-1ee6-4e02-a4a8-31132324453b 213b439b2ef749cba275d55974855653 2e02d35680164b7fba0d2fc3ee0573bf - - 281444ac8cb649fdaab116564d0e72d0 281444ac8cb649fdaab116564d0e72d0] 199.204.45.216 "GET /v2.0/ports?network_id=1415cc18-2f54-4b4d-b661-467c8367c5cf&device_owner=network%3Adhcp HTTP/1.1" status: 200 len: 210 time: 0.0343018
2026-05-09 06:36:51.395 10 INFO neutron.wsgi [req-f7494834-b309-41f2-bace-13cf80625635 req-d3356187-27ef-43b0-8587-b40ab49c0ea4 213b439b2ef749cba275d55974855653 2e02d35680164b7fba0d2fc3ee0573bf - - 281444ac8cb649fdaab116564d0e72d0 281444ac8cb649fdaab116564d0e72d0] 199.204.45.216 "GET /v2.0/networks/1415cc18-2f54-4b4d-b661-467c8367c5cf?fields=segments HTTP/1.1" status: 200 len: 212 time: 0.0654111
2026-05-09 06:36:51.452 10 INFO neutron.wsgi [req-f7494834-b309-41f2-bace-13cf80625635 req-acf6f781-5c2b-49a4-ac65-b6ce59c97c4d 213b439b2ef749cba275d55974855653 2e02d35680164b7fba0d2fc3ee0573bf - - 281444ac8cb649fdaab116564d0e72d0 281444ac8cb649fdaab116564d0e72d0] 199.204.45.216 "GET /v2.0/networks/1415cc18-2f54-4b4d-b661-467c8367c5cf?fields=provider%3Aphysical_network&fields=provider%3Anetwork_type HTTP/1.1" status: 200 len: 277 time: 0.0520091
2026-05-09 06:36:51.559 9 INFO neutron.db.ovn_revision_numbers_db [None req-f4930e83-a872-4a6e-bc02-5b4a4cd62197 - - - - - -] Successfully bumped revision number for resource 752fe533-dccb-4af6-8679-6cf0a9ecf64c (type: ports) to 5
2026-05-09 06:36:51.561 10 INFO neutron.wsgi [req-00296fd8-04c1-427c-bad8-152829870a90 req-bf6b8d9d-50dc-4f7c-a062-2809aa3d36c8 8e3641f5f1fd423d88e8482485531a1b c5fe6345603f4b2490053efc31891f0d - - default default] 199.204.45.216 "GET /v2.0/ports?device_id=a7971f8f-def1-48ca-8f5b-8869076006b4 HTTP/1.1" status: 200 len: 1402 time: 0.1006012
2026-05-09 06:36:51.904 10 INFO neutron.wsgi [None req-d3a0fdc2-919a-4681-bffb-44610dbf4953 8e3641f5f1fd423d88e8482485531a1b c5fe6345603f4b2490053efc31891f0d - - - -] 199.204.45.216 "DELETE /v2.0/ports/752fe533-dccb-4af6-8679-6cf0a9ecf64c HTTP/1.1" status: 204 len: 173 time: 0.3365328
2026-05-09 06:36:52.039 10 INFO neutron.notifiers.nova [-] Nova event matching ['req-11e3e06f-8f93-4070-b4a2-ebd7efa904f0'] response: {'server_uuid': 'a7971f8f-def1-48ca-8f5b-8869076006b4', 'name': 'network-vif-deleted', 'tag': '752fe533-dccb-4af6-8679-6cf0a9ecf64c', 'status': 'completed', 'code': 200}
2026-05-09 06:36:53.037 9 INFO neutron.notifiers.nova [-] Nova event matching ['req-9d7c068f-c9b4-453f-a289-304b7949742a'] response: {'server_uuid': 'a7971f8f-def1-48ca-8f5b-8869076006b4', 'name': 'network-vif-unplugged', 'status': 'completed', 'tag': '752fe533-dccb-4af6-8679-6cf0a9ecf64c', 'code': 200}
2026-05-09 06:36:53.037 9 INFO neutron.notifiers.nova [-] Nova event matching ['req-9d7c068f-c9b4-453f-a289-304b7949742a'] response: {'server_uuid': 'a7971f8f-def1-48ca-8f5b-8869076006b4', 'name': 'network-vif-plugged', 'status': 'completed', 'tag': '752fe533-dccb-4af6-8679-6cf0a9ecf64c', 'code': 200}
2026-05-09 06:36:55.186 10 INFO neutron.wsgi [-] 10.0.0.198 "GET / HTTP/1.1" status: 200 len: 247 time: 0.0024240
2026-05-09 06:36:55.187 9 INFO neutron.wsgi [-] 10.0.0.198 "GET / HTTP/1.1" status: 200 len: 247 time: 0.0028143 /var/lib/openstack/lib/python3.10/site-packages/pycadf/identifier.py:71: UserWarning: Invalid uuid: neutron. To ensure interoperability, identifiers should be a valid uuid. warnings.warn(('Invalid uuid: %s. To ensure interoperability, '
2026-05-09 06:36:56.739 9 INFO neutron.db.l3_db [None req-42b5885c-074e-4117-9e65-b2cfc2853b48 8e3641f5f1fd423d88e8482485531a1b c5fe6345603f4b2490053efc31891f0d - - - -] Floating IP e05aa3ab-a9cf-40d3-8304-e52bed92a940 disassociated (deleted). External IP: 10.96.250.216, port: 7e664d63-d052-4e76-aeaf-cd5fc5c208bf.
