2026-05-09 06:36:12.638 10 INFO neutron.wsgi [req-405e08bf-b133-4638-8157-383bc90bf24e req-adf7f5ca-993e-4619-bdc7-fa73570bbd90 213b439b2ef749cba275d55974855653 2e02d35680164b7fba0d2fc3ee0573bf - - 281444ac8cb649fdaab116564d0e72d0 281444ac8cb649fdaab116564d0e72d0] 199.204.45.216 "GET /v2.0/networks/1ff89973-a503-4b51-a647-a883f3dd0ad7?fields=provider%3Aphysical_network&fields=provider%3Anetwork_type HTTP/1.1" status: 200 len: 277 time: 0.0571773
2026-05-09 06:36:12.669 10 INFO neutron.wsgi [req-405e08bf-b133-4638-8157-383bc90bf24e req-4814f6ad-8bef-4c4d-8848-4193dd583d11 213b439b2ef749cba275d55974855653 2e02d35680164b7fba0d2fc3ee0573bf - - 281444ac8cb649fdaab116564d0e72d0 281444ac8cb649fdaab116564d0e72d0] 199.204.45.216 "GET /v2.0/floatingips?fixed_ip_address=10.1.1.145&port_id=b71d9873-37ec-4cab-8a13-914a60ce1ea8 HTTP/1.1" status: 200 len: 217 time: 0.0236673
2026-05-09 06:36:12.702 10 INFO neutron.wsgi [req-405e08bf-b133-4638-8157-383bc90bf24e req-aa813885-ef7d-49a7-a05f-471b49d71b37 213b439b2ef749cba275d55974855653 2e02d35680164b7fba0d2fc3ee0573bf - - 281444ac8cb649fdaab116564d0e72d0 281444ac8cb649fdaab116564d0e72d0] 199.204.45.216 "GET /v2.0/subnets?id=7db56ed8-303e-4c18-a82a-ec4b8723bc4e HTTP/1.1" status: 200 len: 854 time: 0.0263636
2026-05-09 06:36:12.745 10 INFO neutron.wsgi [req-405e08bf-b133-4638-8157-383bc90bf24e req-41694d8a-734e-4d98-82ad-26f2efc0050a 213b439b2ef749cba275d55974855653 2e02d35680164b7fba0d2fc3ee0573bf - - 281444ac8cb649fdaab116564d0e72d0 281444ac8cb649fdaab116564d0e72d0] 199.204.45.216 "GET /v2.0/ports?network_id=de57df71-e1a2-4ef2-a397-321790dcdfbb&device_owner=network%3Adhcp HTTP/1.1" status: 200 len: 210 time: 0.0369625
2026-05-09 06:36:12.809 10 INFO neutron.wsgi [req-405e08bf-b133-4638-8157-383bc90bf24e req-bfa995e0-53cd-41d5-a30b-50d5b22576e5 213b439b2ef749cba275d55974855653 2e02d35680164b7fba0d2fc3ee0573bf - - 281444ac8cb649fdaab116564d0e72d0 281444ac8cb649fdaab116564d0e72d0] 199.204.45.216 "GET /v2.0/networks/de57df71-e1a2-4ef2-a397-321790dcdfbb?fields=segments HTTP/1.1" status: 200 len: 212 time: 0.0582988
2026-05-09 06:36:12.875 10 INFO neutron.wsgi [req-405e08bf-b133-4638-8157-383bc90bf24e req-b34a3456-7077-42b0-b468-b44f78157d2c 213b439b2ef749cba275d55974855653 2e02d35680164b7fba0d2fc3ee0573bf - - 281444ac8cb649fdaab116564d0e72d0 281444ac8cb649fdaab116564d0e72d0] 199.204.45.216 "GET /v2.0/networks/de57df71-e1a2-4ef2-a397-321790dcdfbb?fields=provider%3Aphysical_network&fields=provider%3Anetwork_type HTTP/1.1" status: 200 len: 277 time: 0.0580966
2026-05-09 06:36:12.905 10 INFO neutron.wsgi [req-405e08bf-b133-4638-8157-383bc90bf24e req-a2f462a1-e518-404d-8698-32b5d699d9b5 213b439b2ef749cba275d55974855653 2e02d35680164b7fba0d2fc3ee0573bf - - 281444ac8cb649fdaab116564d0e72d0 281444ac8cb649fdaab116564d0e72d0] 199.204.45.216 "GET /v2.0/floatingips?fixed_ip_address=10.2.1.225&port_id=c5ecc504-990b-452a-99e8-2c6b2528cfcf HTTP/1.1" status: 200 len: 217 time: 0.0212035
2026-05-09 06:36:12.941 10 INFO neutron.wsgi [req-405e08bf-b133-4638-8157-383bc90bf24e req-29ed4535-58f7-4b53-90ea-0b3f495cfd02 213b439b2ef749cba275d55974855653 2e02d35680164b7fba0d2fc3ee0573bf - - 281444ac8cb649fdaab116564d0e72d0 281444ac8cb649fdaab116564d0e72d0] 199.204.45.216 "GET /v2.0/subnets?id=52f54eee-f35f-4f06-97b8-a5ed34ee7fec HTTP/1.1" status: 200 len: 852 time: 0.0284743
2026-05-09 06:36:12.973 10 INFO neutron.wsgi [req-405e08bf-b133-4638-8157-383bc90bf24e req-9c67c1e0-140d-4e62-8256-188405c704f9 213b439b2ef749cba275d55974855653 2e02d35680164b7fba0d2fc3ee0573bf - - 281444ac8cb649fdaab116564d0e72d0 281444ac8cb649fdaab116564d0e72d0] 199.204.45.216 "GET /v2.0/ports?network_id=ac496bb7-6609-4372-95f2-2ff6b8d75cfc&device_owner=network%3Adhcp HTTP/1.1" status: 200 len: 210 time: 0.0251095
2026-05-09 06:36:13.044 10 INFO neutron.wsgi [req-405e08bf-b133-4638-8157-383bc90bf24e req-f3c0c8d9-e4d4-4587-a9e5-557fbe418175 213b439b2ef749cba275d55974855653 2e02d35680164b7fba0d2fc3ee0573bf - - 281444ac8cb649fdaab116564d0e72d0 281444ac8cb649fdaab116564d0e72d0] 199.204.45.216 "GET /v2.0/networks/ac496bb7-6609-4372-95f2-2ff6b8d75cfc?fields=segments HTTP/1.1" status: 200 len: 212 time: 0.0591362
2026-05-09 06:36:13.108 10 INFO neutron.wsgi [req-405e08bf-b133-4638-8157-383bc90bf24e req-20069a65-e4b8-4366-8617-be0879ca9bb9 213b439b2ef749cba275d55974855653 2e02d35680164b7fba0d2fc3ee0573bf - - 281444ac8cb649fdaab116564d0e72d0 281444ac8cb649fdaab116564d0e72d0] 199.204.45.216 "GET /v2.0/networks/ac496bb7-6609-4372-95f2-2ff6b8d75cfc?fields=provider%3Aphysical_network&fields=provider%3Anetwork_type HTTP/1.1" status: 200 len: 277 time: 0.0560346
2026-05-09 06:36:13.142 10 INFO neutron.wsgi [req-405e08bf-b133-4638-8157-383bc90bf24e req-fbac964a-8df3-4c8e-9a5a-2c20226e85e2 213b439b2ef749cba275d55974855653 2e02d35680164b7fba0d2fc3ee0573bf - - 281444ac8cb649fdaab116564d0e72d0 281444ac8cb649fdaab116564d0e72d0] 199.204.45.216 "GET /v2.0/floatingips?fixed_ip_address=10.2.2.193&port_id=c94ded15-9149-4980-b240-ca6c5eae14b5 HTTP/1.1" status: 200 len: 217 time: 0.0271628
2026-05-09 06:36:13.172 10 INFO neutron.wsgi [req-405e08bf-b133-4638-8157-383bc90bf24e req-6d6060b8-ecdc-4ab8-96ef-315c11ef46ed 213b439b2ef749cba275d55974855653 2e02d35680164b7fba0d2fc3ee0573bf - - 281444ac8cb649fdaab116564d0e72d0 281444ac8cb649fdaab116564d0e72d0] 199.204.45.216 "GET /v2.0/floatingips?fixed_ip_address=fd77%3A1457%3A4cf0%3A26a8%3A%3A38f&port_id=c94ded15-9149-4980-b240-ca6c5eae14b5 HTTP/1.1" status: 200 len: 217 time: 0.0256786
2026-05-09 06:36:13.210 10 INFO neutron.wsgi [req-405e08bf-b133-4638-8157-383bc90bf24e req-32b64752-c35f-4001-a388-5d932f41f1ee 213b439b2ef749cba275d55974855653 2e02d35680164b7fba0d2fc3ee0573bf - - 281444ac8cb649fdaab116564d0e72d0 281444ac8cb649fdaab116564d0e72d0] 199.204.45.216 "GET /v2.0/subnets?id=cb32d41f-ed53-477c-aad7-369e5eaa38d3&id=d460c0af-bea4-4e97-98b7-d4ad360d2311 HTTP/1.1" status: 200 len: 1565 time: 0.0305469
2026-05-09 06:36:13.237 10 INFO neutron.wsgi [req-405e08bf-b133-4638-8157-383bc90bf24e req-2110fb00-4149-4085-beb4-85a4a85db922 213b439b2ef749cba275d55974855653 2e02d35680164b7fba0d2fc3ee0573bf - - 281444ac8cb649fdaab116564d0e72d0 281444ac8cb649fdaab116564d0e72d0] 199.204.45.216 "GET /v2.0/ports?network_id=1415cc18-2f54-4b4d-b661-467c8367c5cf&device_owner=network%3Adhcp HTTP/1.1" status: 200 len: 210 time: 0.0186064
2026-05-09 06:36:13.266 10 INFO neutron.wsgi [req-405e08bf-b133-4638-8157-383bc90bf24e req-85bb6d17-d327-4936-a42a-b1eaf2937b61 213b439b2ef749cba275d55974855653 2e02d35680164b7fba0d2fc3ee0573bf - - 281444ac8cb649fdaab116564d0e72d0 281444ac8cb649fdaab116564d0e72d0] 199.204.45.216 "GET /v2.0/ports?network_id=1415cc18-2f54-4b4d-b661-467c8367c5cf&device_owner=network%3Adhcp HTTP/1.1" status: 200 len: 210 time: 0.0216377
2026-05-09 06:36:13.586 10 INFO neutron.wsgi [req-405e08bf-b133-4638-8157-383bc90bf24e req-5398bfb6-c02e-40fa-8483-c12baddf9cfc 213b439b2ef749cba275d55974855653 2e02d35680164b7fba0d2fc3ee0573bf - - 281444ac8cb649fdaab116564d0e72d0 281444ac8cb649fdaab116564d0e72d0] 199.204.45.216 "GET /v2.0/networks/1415cc18-2f54-4b4d-b661-467c8367c5cf?fields=segments HTTP/1.1" status: 200 len: 212 time: 0.3120968
2026-05-09 06:36:13.698 10 INFO neutron.wsgi [req-405e08bf-b133-4638-8157-383bc90bf24e req-aa945942-4692-4acd-b858-8aba98ef2719 213b439b2ef749cba275d55974855653 2e02d35680164b7fba0d2fc3ee0573bf - - 281444ac8cb649fdaab116564d0e72d0 281444ac8cb649fdaab116564d0e72d0] 199.204.45.216 "GET /v2.0/networks/1415cc18-2f54-4b4d-b661-467c8367c5cf?fields=provider%3Aphysical_network&fields=provider%3Anetwork_type HTTP/1.1" status: 200 len: 277 time: 0.0551684
2026-05-09 06:36:13.847 10 INFO neutron.wsgi [req-20933255-1c99-42a3-894f-a927f6a266ba req-e43afea2-c035-44cf-84ec-29925f4dd09b 213b439b2ef749cba275d55974855653 2e02d35680164b7fba0d2fc3ee0573bf - - 281444ac8cb649fdaab116564d0e72d0 281444ac8cb649fdaab116564d0e72d0] 199.204.45.216 "GET /v2.0/ports?tenant_id=273570b6816242ba9a7165f2066f5d03&device_id=c42dbeac-3f05-46df-b99c-3723e708cfa6 HTTP/1.1" status: 200 len: 5163 time: 0.0438628
2026-05-09 06:36:13.849 9 INFO neutron.plugins.ml2.drivers.ovn.mech_driver.mech_driver [None req-f4930e83-a872-4a6e-bc02-5b4a4cd62197 - - - - - -] OVN reports status up for port: c94ded15-9149-4980-b240-ca6c5eae14b5
2026-05-09 06:36:13.873 9 INFO neutron.plugins.ml2.plugin [None req-f4930e83-a872-4a6e-bc02-5b4a4cd62197 - - - - - -] Attempt 1 to provision port c94ded15-9149-4980-b240-ca6c5eae14b5
2026-05-09 06:36:13.918 10 INFO neutron.wsgi [req-20933255-1c99-42a3-894f-a927f6a266ba req-a6776493-97aa-44e0-a49d-ffacf6b58b05 213b439b2ef749cba275d55974855653 2e02d35680164b7fba0d2fc3ee0573bf - - 281444ac8cb649fdaab116564d0e72d0 281444ac8cb649fdaab116564d0e72d0] 199.204.45.216 "GET /v2.0/networks?id=1415cc18-2f54-4b4d-b661-467c8367c5cf HTTP/1.1" status: 200 len: 1002 time: 0.0636382
2026-05-09 06:36:13.945 10 INFO neutron.wsgi [req-20933255-1c99-42a3-894f-a927f6a266ba req-78b1fac6-d875-427e-a348-6b902bcf774c 213b439b2ef749cba275d55974855653 2e02d35680164b7fba0d2fc3ee0573bf - - 281444ac8cb649fdaab116564d0e72d0 281444ac8cb649fdaab116564d0e72d0] 199.204.45.216 "GET /v2.0/floatingips?fixed_ip_address=10.2.2.193&port_id=c94ded15-9149-4980-b240-ca6c5eae14b5 HTTP/1.1" status: 200 len: 217 time: 0.0227704
2026-05-09 06:36:13.973 10 INFO neutron.wsgi [req-20933255-1c99-42a3-894f-a927f6a266ba req-335af4a2-0251-4bbd-b91f-df7bd798b54c 213b439b2ef749cba275d55974855653 2e02d35680164b7fba0d2fc3ee0573bf - - 281444ac8cb649fdaab116564d0e72d0 281444ac8cb649fdaab116564d0e72d0] 199.204.45.216 "GET /v2.0/floatingips?fixed_ip_address=fd77%3A1457%3A4cf0%3A26a8%3A%3A38f&port_id=c94ded15-9149-4980-b240-ca6c5eae14b5 HTTP/1.1" status: 200 len: 217 time: 0.0214260
2026-05-09 06:36:14.015 9 INFO neutron.notifiers.nova [-] Nova event matching ['req-70c7d2fe-5816-4fa9-8e2a-36de0b895b0c'] response: {'server_uuid': 'c42dbeac-3f05-46df-b99c-3723e708cfa6', 'name': 'network-vif-plugged', 'status': 'completed', 'tag': 'c94ded15-9149-4980-b240-ca6c5eae14b5', 'code': 200}
2026-05-09 06:36:14.048 10 INFO neutron.wsgi [req-20933255-1c99-42a3-894f-a927f6a266ba req-ebe67534-365b-468e-b412-4a3dc022a1e2 213b439b2ef749cba275d55974855653 2e02d35680164b7fba0d2fc3ee0573bf - - 281444ac8cb649fdaab116564d0e72d0 281444ac8cb649fdaab116564d0e72d0] 199.204.45.216 "GET /v2.0/subnets?id=cb32d41f-ed53-477c-aad7-369e5eaa38d3&id=d460c0af-bea4-4e97-98b7-d4ad360d2311 HTTP/1.1" status: 200 len: 1565 time: 0.0671134
2026-05-09 06:36:14.081 10 INFO neutron.wsgi [req-20933255-1c99-42a3-894f-a927f6a266ba req-10457a1f-1576-4b72-a09f-b3525d2a4772 213b439b2ef749cba275d55974855653 2e02d35680164b7fba0d2fc3ee0573bf - - 281444ac8cb649fdaab116564d0e72d0 281444ac8cb649fdaab116564d0e72d0] 199.204.45.216 "GET /v2.0/ports?network_id=1415cc18-2f54-4b4d-b661-467c8367c5cf&device_owner=network%3Adhcp HTTP/1.1" status: 200 len: 210 time: 0.0236492
2026-05-09 06:36:14.083 9 INFO neutron.wsgi [req-405e08bf-b133-4638-8157-383bc90bf24e req-4f93a01d-e270-42b1-8891-943a726bbee0 6545f5c60cb24806b538ca03a36c49d6 273570b6816242ba9a7165f2066f5d03 - - default default] 10.0.0.153 "GET /v2.0/ports/c94ded15-9149-4980-b240-ca6c5eae14b5 HTTP/1.1" status: 200 len: 1591 time: 0.0333428
2026-05-09 06:36:14.112 10 INFO neutron.wsgi [req-20933255-1c99-42a3-894f-a927f6a266ba req-d85f395d-ccfe-4c07-bbaa-f072b0103932 213b439b2ef749cba275d55974855653 2e02d35680164b7fba0d2fc3ee0573bf - - 281444ac8cb649fdaab116564d0e72d0 281444ac8cb649fdaab116564d0e72d0] 199.204.45.216 "GET /v2.0/ports?network_id=1415cc18-2f54-4b4d-b661-467c8367c5cf&device_owner=network%3Adhcp HTTP/1.1" status: 200 len: 210 time: 0.0237775
2026-05-09 06:36:14.126 9 INFO neutron.wsgi [None req-afcd6ed4-9e0c-403f-8da1-c6b57a35f047 6545f5c60cb24806b538ca03a36c49d6 273570b6816242ba9a7165f2066f5d03 - - default default] 199.204.45.216 "GET /v2.0/ports/c94ded15-9149-4980-b240-ca6c5eae14b5 HTTP/1.1" status: 200 len: 1591 time: 0.0344627
2026-05-09 06:36:14.182 9 INFO neutron.wsgi [None req-8d814ebf-b785-494a-aba2-b12224058097 6545f5c60cb24806b538ca03a36c49d6 273570b6816242ba9a7165f2066f5d03 - - default default] 199.204.45.216 "GET /v2.0/ports/c94ded15-9149-4980-b240-ca6c5eae14b5 HTTP/1.1" status: 200 len: 1591 time: 0.0478458
2026-05-09 06:36:14.191 10 INFO neutron.wsgi [req-20933255-1c99-42a3-894f-a927f6a266ba req-5d06aa15-ec58-4650-b734-c2f19f57127c 213b439b2ef749cba275d55974855653 2e02d35680164b7fba0d2fc3ee0573bf - - 281444ac8cb649fdaab116564d0e72d0 281444ac8cb649fdaab116564d0e72d0] 199.204.45.216 "GET /v2.0/networks/1415cc18-2f54-4b4d-b661-467c8367c5cf?fields=segments HTTP/1.1" status: 200 len: 212 time: 0.0708842
2026-05-09 06:36:14.240 9 INFO neutron.db.ovn_revision_numbers_db [None req-f4930e83-a872-4a6e-bc02-5b4a4cd62197 - - - - - -] Successfully bumped revision number for resource c94ded15-9149-4980-b240-ca6c5eae14b5 (type: ports) to 4
2026-05-09 06:36:14.276 10 INFO neutron.wsgi [req-20933255-1c99-42a3-894f-a927f6a266ba req-5f6fa2a8-055b-4bfe-be62-4700338efcfe 213b439b2ef749cba275d55974855653 2e02d35680164b7fba0d2fc3ee0573bf - - 281444ac8cb649fdaab116564d0e72d0 281444ac8cb649fdaab116564d0e72d0] 199.204.45.216 "GET /v2.0/networks/1415cc18-2f54-4b4d-b661-467c8367c5cf?fields=provider%3Aphysical_network&fields=provider%3Anetwork_type HTTP/1.1" status: 200 len: 277 time: 0.0776854
2026-05-09 06:36:14.621 9 INFO neutron.db.ovn_revision_numbers_db [None req-0038cdef-07c5-416b-9297-ecb83762c0be 6545f5c60cb24806b538ca03a36c49d6 273570b6816242ba9a7165f2066f5d03 - - - -] Successfully bumped revision number for resource c94ded15-9149-4980-b240-ca6c5eae14b5 (type: ports) to 5
2026-05-09 06:36:14.633 9 INFO neutron.wsgi [None req-0038cdef-07c5-416b-9297-ecb83762c0be 6545f5c60cb24806b538ca03a36c49d6 273570b6816242ba9a7165f2066f5d03 - - - -] 199.204.45.216 "PUT /v2.0/ports/c94ded15-9149-4980-b240-ca6c5eae14b5 HTTP/1.1" status: 200 len: 1330 time: 0.4409280 /var/lib/openstack/lib/python3.10/site-packages/pycadf/identifier.py:71: UserWarning: Invalid uuid: neutron. To ensure interoperability, identifiers should be a valid uuid. warnings.warn(('Invalid uuid: %s. To ensure interoperability, '
2026-05-09 06:36:14.699 9 INFO neutron.wsgi [None req-dc78a7d9-377a-4814-b88a-4d64ccf14475 6545f5c60cb24806b538ca03a36c49d6 273570b6816242ba9a7165f2066f5d03 - - default default] 199.204.45.216 "GET /v2.0/networks/1415cc18-2f54-4b4d-b661-467c8367c5cf HTTP/1.1" status: 200 len: 999 time: 0.0582540
2026-05-09 06:36:14.739 9 INFO neutron.wsgi [None req-d583a56f-c628-4c42-9782-8e4e03ef5973 6545f5c60cb24806b538ca03a36c49d6 273570b6816242ba9a7165f2066f5d03 - - default default] 199.204.45.216 "GET /v2.0/subnets/d460c0af-bea4-4e97-98b7-d4ad360d2311 HTTP/1.1" status: 200 len: 848 time: 0.0329506
2026-05-09 06:36:14.821 9 INFO neutron.wsgi [None req-e97951c8-294f-4dea-ac2d-d7dd1ec204d4 6545f5c60cb24806b538ca03a36c49d6 273570b6816242ba9a7165f2066f5d03 - - default default] 199.204.45.216 "GET /v2.0/extensions/security-group HTTP/1.1" status: 200 len: 369 time: 0.0075595
2026-05-09 06:36:14.830 9 INFO neutron.wsgi [None req-5ee21e8c-12b3-4e76-abd1-4209baaa3f7a 6545f5c60cb24806b538ca03a36c49d6 273570b6816242ba9a7165f2066f5d03 - - default default] 199.204.45.216 "GET /v2.0/extensions/dns-integration HTTP/1.1" status: 200 len: 371 time: 0.0042384
2026-05-09 06:36:14.840 9 INFO neutron.wsgi [None req-2e5c6b1a-f43e-40b8-a634-40416d26a978 6545f5c60cb24806b538ca03a36c49d6 273570b6816242ba9a7165f2066f5d03 - - default default] 199.204.45.216 "GET /v2.0/extensions/qos HTTP/1.1" status: 200 len: 365 time: 0.0044105
2026-05-09 06:36:14.849 9 INFO neutron.wsgi [None req-13924b2a-0821-4ec9-a165-4f2a4057186f 6545f5c60cb24806b538ca03a36c49d6 273570b6816242ba9a7165f2066f5d03 - - default default] 199.204.45.216 "GET /v2.0/extensions/allowed-address-pairs HTTP/1.1" status: 200 len: 383 time: 0.0048621
2026-05-09 06:36:14.889 9 INFO neutron.wsgi [None req-b72fce8c-309f-4121-bb87-b81bc89132da 6545f5c60cb24806b538ca03a36c49d6 273570b6816242ba9a7165f2066f5d03 - - default default] 199.204.45.216 "GET /v2.0/subnets/7db56ed8-303e-4c18-a82a-ec4b8723bc4e HTTP/1.1" status: 200 len: 851 time: 0.0337443
2026-05-09 06:36:14.919 9 INFO neutron.wsgi [None req-4d2d95ae-a259-4ab4-bfcd-11359f3c57f4 6545f5c60cb24806b538ca03a36c49d6 273570b6816242ba9a7165f2066f5d03 - - default default] 199.204.45.216 "GET /v2.0/ports/689b340d-f29d-470c-9e3a-c3b7b81c0e99 HTTP/1.1" status: 200 len: 1340 time: 0.0240297
2026-05-09 06:36:14.952 9 INFO neutron.wsgi [None req-8b046f5d-ed2b-48b8-aef9-f2c1432084f8 6545f5c60cb24806b538ca03a36c49d6 273570b6816242ba9a7165f2066f5d03 - - default default] 199.204.45.216 "GET /v2.0/ports/b71d9873-37ec-4cab-8a13-914a60ce1ea8 HTTP/1.1" status: 200 len: 1471 time: 0.0265431
2026-05-09 06:36:14.993 9 INFO neutron.wsgi [None req-db154048-d052-4c54-8dd3-646bb10b8e2e 6545f5c60cb24806b538ca03a36c49d6 273570b6816242ba9a7165f2066f5d03 - - default default] 199.204.45.216 "GET /v2.0/subnets/7db56ed8-303e-4c18-a82a-ec4b8723bc4e HTTP/1.1" status: 200 len: 851 time: 0.0347998
2026-05-09 06:36:15.066 9 INFO neutron.wsgi [None req-bc5cc2ab-af41-48fc-a07e-69fb531a70b3 6545f5c60cb24806b538ca03a36c49d6 273570b6816242ba9a7165f2066f5d03 - - default default] 199.204.45.216 "GET /v2.0/networks/de57df71-e1a2-4ef2-a397-321790dcdfbb HTTP/1.1" status: 200 len: 1002 time: 0.0651636
2026-05-09 06:36:15.097 9 INFO neutron.wsgi [None req-93be39f3-02af-4f90-b062-fe08de77d3ca 6545f5c60cb24806b538ca03a36c49d6 273570b6816242ba9a7165f2066f5d03 - - default default] 199.204.45.216 "GET /v2.0/ports/689b340d-f29d-470c-9e3a-c3b7b81c0e99 HTTP/1.1" status: 200 len: 1340 time: 0.0260723
2026-05-09 06:36:15.129 9 INFO neutron.wsgi [None req-be0d2cbe-b9bf-4afc-9ebe-2bbf471bf569 6545f5c60cb24806b538ca03a36c49d6 273570b6816242ba9a7165f2066f5d03 - - default default] 199.204.45.216 "GET /v2.0/subnets/7db56ed8-303e-4c18-a82a-ec4b8723bc4e HTTP/1.1" status: 200 len: 851 time: 0.0261483
2026-05-09 06:36:16.056 9 INFO neutron.notifiers.nova [-] Nova event matching ['req-bd4e0e51-c2b6-4dad-9f00-1e9154e8ac83'] response: {'server_uuid': 'c42dbeac-3f05-46df-b99c-3723e708cfa6', 'name': 'network-vif-plugged', 'status': 'completed', 'tag': 'c94ded15-9149-4980-b240-ca6c5eae14b5', 'code': 200}
2026-05-09 06:36:16.056 9 INFO neutron.notifiers.nova [-] Nova event matching ['req-bd4e0e51-c2b6-4dad-9f00-1e9154e8ac83'] response: {'name': 'network-changed', 'server_uuid': 'c42dbeac-3f05-46df-b99c-3723e708cfa6', 'tag': 'c94ded15-9149-4980-b240-ca6c5eae14b5', 'status': 'completed', 'code': 200}
2026-05-09 06:36:16.114 10 INFO neutron.wsgi [req-bf22b3cd-2986-4d40-abcb-2a2a9e8df110 req-56a4877e-fd5c-444e-9784-91a7eab87a7e 213b439b2ef749cba275d55974855653 2e02d35680164b7fba0d2fc3ee0573bf - - 281444ac8cb649fdaab116564d0e72d0 281444ac8cb649fdaab116564d0e72d0] 199.204.45.216 "GET /v2.0/ports?tenant_id=273570b6816242ba9a7165f2066f5d03&device_id=c42dbeac-3f05-46df-b99c-3723e708cfa6 HTTP/1.1" status: 200 len: 4932 time: 0.0340500
2026-05-09 06:36:16.181 10 INFO neutron.wsgi [req-bf22b3cd-2986-4d40-abcb-2a2a9e8df110 req-7f7aabca-6e40-4e78-91ef-d51c029bef9e 213b439b2ef749cba275d55974855653 2e02d35680164b7fba0d2fc3ee0573bf - - 281444ac8cb649fdaab116564d0e72d0 281444ac8cb649fdaab116564d0e72d0] 199.204.45.216 "GET /v2.0/networks?id=1415cc18-2f54-4b4d-b661-467c8367c5cf HTTP/1.1" status: 200 len: 1002 time: 0.0600367
2026-05-09 06:36:16.218 10 INFO neutron.wsgi [req-bf22b3cd-2986-4d40-abcb-2a2a9e8df110 req-98c56ba8-66b9-4fd8-ba5b-2c5d78af31bb 213b439b2ef749cba275d55974855653 2e02d35680164b7fba0d2fc3ee0573bf - - 281444ac8cb649fdaab116564d0e72d0 281444ac8cb649fdaab116564d0e72d0] 199.204.45.216 "GET /v2.0/floatingips?fixed_ip_address=10.2.2.193&port_id=c94ded15-9149-4980-b240-ca6c5eae14b5 HTTP/1.1" status: 200 len: 217 time: 0.0293202
2026-05-09 06:36:16.256 10 INFO neutron.wsgi [req-bf22b3cd-2986-4d40-abcb-2a2a9e8df110 req-e0ccb6b0-00e7-43a2-b9f8-1491483de363 213b439b2ef749cba275d55974855653 2e02d35680164b7fba0d2fc3ee0573bf - - 281444ac8cb649fdaab116564d0e72d0 281444ac8cb649fdaab116564d0e72d0] 199.204.45.216 "GET /v2.0/subnets?id=d460c0af-bea4-4e97-98b7-d4ad360d2311 HTTP/1.1" status: 200 len: 851 time: 0.0306604
2026-05-09 06:36:16.288 10 INFO neutron.wsgi [req-bf22b3cd-2986-4d40-abcb-2a2a9e8df110 req-2db44d6a-a781-4c45-a8cf-545df7dbd2fd 213b439b2ef749cba275d55974855653 2e02d35680164b7fba0d2fc3ee0573bf - - 281444ac8cb649fdaab116564d0e72d0 281444ac8cb649fdaab116564d0e72d0] 199.204.45.216 "GET /v2.0/ports?network_id=1415cc18-2f54-4b4d-b661-467c8367c5cf&device_owner=network%3Adhcp HTTP/1.1" status: 200 len: 210 time: 0.0251091
2026-05-09 06:36:16.359 10 INFO neutron.wsgi [req-bf22b3cd-2986-4d40-abcb-2a2a9e8df110 req-81b08c7d-01c7-4a22-857f-9413aadb7217 213b439b2ef749cba275d55974855653 2e02d35680164b7fba0d2fc3ee0573bf - - 281444ac8cb649fdaab116564d0e72d0 281444ac8cb649fdaab116564d0e72d0] 199.204.45.216 "GET /v2.0/networks/1415cc18-2f54-4b4d-b661-467c8367c5cf?fields=segments HTTP/1.1" status: 200 len: 212 time: 0.0630226
2026-05-09 06:36:16.421 10 INFO neutron.wsgi [req-bf22b3cd-2986-4d40-abcb-2a2a9e8df110 req-1754cfa3-d4dc-49e1-8e4c-306667bdaa05 213b439b2ef749cba275d55974855653 2e02d35680164b7fba0d2fc3ee0573bf - - 281444ac8cb649fdaab116564d0e72d0 281444ac8cb649fdaab116564d0e72d0] 199.204.45.216 "GET /v2.0/networks/1415cc18-2f54-4b4d-b661-467c8367c5cf?fields=provider%3Aphysical_network&fields=provider%3Anetwork_type HTTP/1.1" status: 200 len: 277 time: 0.0539279
2026-05-09 06:36:23.317 9 INFO neutron.wsgi [None req-8315a9a8-fb03-49ae-bd6d-3246d001d6cf 6545f5c60cb24806b538ca03a36c49d6 273570b6816242ba9a7165f2066f5d03 - - default default] 199.204.45.216 "GET /v2.0/extensions/security-group HTTP/1.1" status: 200 len: 369 time: 0.0074723
2026-05-09 06:36:23.325 9 INFO neutron.wsgi [None req-dd89cff2-da6b-4bbf-aaf1-6f6ca494a21c 6545f5c60cb24806b538ca03a36c49d6 273570b6816242ba9a7165f2066f5d03 - - default default] 199.204.45.216 "GET /v2.0/extensions/dns-integration HTTP/1.1" status: 200 len: 371 time: 0.0028508
2026-05-09 06:36:23.335 9 INFO neutron.wsgi [None req-e1ea5f07-8dc2-4916-9db3-60090cc2cf71 6545f5c60cb24806b538ca03a36c49d6 273570b6816242ba9a7165f2066f5d03 - - default default] 199.204.45.216 "GET /v2.0/extensions/qos HTTP/1.1" status: 200 len: 365 time: 0.0057657
2026-05-09 06:36:23.347 9 INFO neutron.wsgi [None req-2209c3e5-0541-424b-9c82-377d747e6774 6545f5c60cb24806b538ca03a36c49d6 273570b6816242ba9a7165f2066f5d03 - - default default] 199.204.45.216 "GET /v2.0/extensions/allowed-address-pairs HTTP/1.1" status: 200 len: 383 time: 0.0062315
2026-05-09 06:36:23.390 9 INFO neutron.wsgi [None req-6014359d-5735-42fe-b4ec-021ff1236530 6545f5c60cb24806b538ca03a36c49d6 273570b6816242ba9a7165f2066f5d03 - - default default] 199.204.45.216 "GET /v2.0/subnets/52f54eee-f35f-4f06-97b8-a5ed34ee7fec HTTP/1.1" status: 200 len: 849 time: 0.0376549
2026-05-09 06:36:23.439 9 INFO neutron.wsgi [None req-6599b1da-79a3-4e5e-a9f3-e5e2e5771106 6545f5c60cb24806b538ca03a36c49d6 273570b6816242ba9a7165f2066f5d03 - - default default] 199.204.45.216 "GET /v2.0/ports?device_id=c42dbeac-3f05-46df-b99c-3723e708cfa6 HTTP/1.1" status: 200 len: 4932 time: 0.0415666
2026-05-09 06:36:23.613 9 INFO neutron.wsgi [None req-10184b25-1d96-4a7c-b0b7-e9e2261f4f25 6545f5c60cb24806b538ca03a36c49d6 273570b6816242ba9a7165f2066f5d03 - - default default] 199.204.45.216 "GET /v2.0/extensions/security-group HTTP/1.1" status: 200 len: 369 time: 0.0074542
2026-05-09 06:36:23.621 9 INFO neutron.wsgi [None req-b9bae5db-18cf-4680-82d3-e35ae950f31f 6545f5c60cb24806b538ca03a36c49d6 273570b6816242ba9a7165f2066f5d03 - - default default] 199.204.45.216 "GET /v2.0/extensions/dns-integration HTTP/1.1" status: 200 len: 371 time: 0.0031323
2026-05-09 06:36:23.629 9 INFO neutron.wsgi [None req-d6680386-2541-485a-b01d-5f34c43a8806 6545f5c60cb24806b538ca03a36c49d6 273570b6816242ba9a7165f2066f5d03 - - default default] 199.204.45.216 "GET /v2.0/extensions/qos HTTP/1.1" status: 200 len: 365 time: 0.0040128
2026-05-09 06:36:23.638 9 INFO neutron.wsgi [None req-6095d720-7e5e-4a98-b585-18cd6baaa0de 6545f5c60cb24806b538ca03a36c49d6 273570b6816242ba9a7165f2066f5d03 - - default default] 199.204.45.216 "GET /v2.0/extensions/allowed-address-pairs HTTP/1.1" status: 200 len: 383 time: 0.0042830
2026-05-09 06:36:23.672 9 INFO neutron.wsgi [None req-8e99a736-56a1-4e64-b20b-d1a6feb64eb7 6545f5c60cb24806b538ca03a36c49d6 273570b6816242ba9a7165f2066f5d03 - - default default] 199.204.45.216 "GET /v2.0/ports/c94ded15-9149-4980-b240-ca6c5eae14b5 HTTP/1.1" status: 200 len: 1358 time: 0.0285671
2026-05-09 06:36:24.322 9 INFO neutron.db.ovn_revision_numbers_db [None req-106065a6-ebb7-4cf5-a25e-7fc802e3f806 6545f5c60cb24806b538ca03a36c49d6 273570b6816242ba9a7165f2066f5d03 - - - -] Successfully bumped revision number for resource c94ded15-9149-4980-b240-ca6c5eae14b5 (type: ports) to 6
2026-05-09 06:36:24.332 9 INFO neutron.wsgi [None req-106065a6-ebb7-4cf5-a25e-7fc802e3f806 6545f5c60cb24806b538ca03a36c49d6 273570b6816242ba9a7165f2066f5d03 - - - -] 199.204.45.216 "PUT /v2.0/ports/c94ded15-9149-4980-b240-ca6c5eae14b5 HTTP/1.1" status: 200 len: 1154 time: 0.6533244 /var/lib/openstack/lib/python3.10/site-packages/pycadf/identifier.py:71: UserWarning: Invalid uuid: neutron. To ensure interoperability, identifiers should be a valid uuid. warnings.warn(('Invalid uuid: %s. To ensure interoperability, '
2026-05-09 06:36:24.394 9 INFO neutron.notifiers.nova [-] Nova event matching ['req-8a365581-f6cc-4b8b-869c-f5cf014c58ee'] response: {'name': 'network-changed', 'server_uuid': 'c42dbeac-3f05-46df-b99c-3723e708cfa6', 'tag': 'c94ded15-9149-4980-b240-ca6c5eae14b5', 'status': 'completed', 'code': 200}
2026-05-09 06:36:24.422 9 INFO neutron.wsgi [None req-c2e274dc-0951-4952-8c0c-aa6526e2e3d0 6545f5c60cb24806b538ca03a36c49d6 273570b6816242ba9a7165f2066f5d03 - - default default] 199.204.45.216 "GET /v2.0/networks/1415cc18-2f54-4b4d-b661-467c8367c5cf HTTP/1.1" status: 200 len: 999 time: 0.0821116
2026-05-09 06:36:24.461 10 INFO neutron.wsgi [req-1efa0ee3-3d5d-4f46-884a-1b422b7bbabb req-c8bf54d5-a4ed-4025-8458-d84946737336 213b439b2ef749cba275d55974855653 2e02d35680164b7fba0d2fc3ee0573bf - - 281444ac8cb649fdaab116564d0e72d0 281444ac8cb649fdaab116564d0e72d0] 199.204.45.216 "GET /v2.0/ports?tenant_id=273570b6816242ba9a7165f2066f5d03&device_id=c42dbeac-3f05-46df-b99c-3723e708cfa6 HTTP/1.1" status: 200 len: 4757 time: 0.0602202
2026-05-09 06:36:24.465 9 INFO neutron.wsgi [None req-d0b2d4f6-a007-480f-9994-672125aba2f7 6545f5c60cb24806b538ca03a36c49d6 273570b6816242ba9a7165f2066f5d03 - - default default] 199.204.45.216 "GET /v2.0/ports?device_id=c42dbeac-3f05-46df-b99c-3723e708cfa6 HTTP/1.1" status: 200 len: 4757 time: 0.0366685
2026-05-09 06:36:24.538 10 INFO neutron.wsgi [req-1efa0ee3-3d5d-4f46-884a-1b422b7bbabb req-3bc2918b-4efd-4e3b-a3d2-864a63113db1 213b439b2ef749cba275d55974855653 2e02d35680164b7fba0d2fc3ee0573bf - - 281444ac8cb649fdaab116564d0e72d0 281444ac8cb649fdaab116564d0e72d0] 199.204.45.216 "GET /v2.0/networks?id=1415cc18-2f54-4b4d-b661-467c8367c5cf HTTP/1.1" status: 200 len: 1002 time: 0.0713854
2026-05-09 06:36:24.604 9 INFO neutron.wsgi [None req-d63f6aa8-c9df-47a4-bcd1-ca28eac58e05 6545f5c60cb24806b538ca03a36c49d6 273570b6816242ba9a7165f2066f5d03 - - default default] 199.204.45.216 "GET /v2.0/ports?device_id=c42dbeac-3f05-46df-b99c-3723e708cfa6 HTTP/1.1" status: 200 len: 4757 time: 0.0484669
2026-05-09 06:36:24.610 10 INFO neutron.wsgi [req-1efa0ee3-3d5d-4f46-884a-1b422b7bbabb req-cd3d0763-f04f-4eed-910b-ea8d62012d00 213b439b2ef749cba275d55974855653 2e02d35680164b7fba0d2fc3ee0573bf - - 281444ac8cb649fdaab116564d0e72d0 281444ac8cb649fdaab116564d0e72d0] 199.204.45.216 "GET /v2.0/networks/1415cc18-2f54-4b4d-b661-467c8367c5cf?fields=segments HTTP/1.1" status: 200 len: 212 time: 0.0665116
2026-05-09 06:36:24.678 10 INFO neutron.wsgi [req-1efa0ee3-3d5d-4f46-884a-1b422b7bbabb req-5f4efe00-6ab7-4a51-ac92-940b121f77bc 213b439b2ef749cba275d55974855653 2e02d35680164b7fba0d2fc3ee0573bf - - 281444ac8cb649fdaab116564d0e72d0 281444ac8cb649fdaab116564d0e72d0] 199.204.45.216 "GET /v2.0/networks/1415cc18-2f54-4b4d-b661-467c8367c5cf?fields=provider%3Aphysical_network&fields=provider%3Anetwork_type HTTP/1.1" status: 200 len: 277 time: 0.0557327
2026-05-09 06:36:24.863 9 INFO neutron.plugins.ml2.drivers.ovn.mech_driver.mech_driver [None req-f4930e83-a872-4a6e-bc02-5b4a4cd62197 - - - - - -] OVN reports status down for port: c94ded15-9149-4980-b240-ca6c5eae14b5
2026-05-09 06:36:24.930 10 INFO neutron.wsgi [req-37653a2a-0304-4891-80a3-e90c25cb1d6d req-facee7b1-24d9-4f3e-82f5-e010b1028e1e 213b439b2ef749cba275d55974855653 2e02d35680164b7fba0d2fc3ee0573bf - - 281444ac8cb649fdaab116564d0e72d0 281444ac8cb649fdaab116564d0e72d0] 199.204.45.216 "GET /v2.0/ports/c94ded15-9149-4980-b240-ca6c5eae14b5 HTTP/1.1" status: 200 len: 1182 time: 0.0382824
2026-05-09 06:36:25.096 9 INFO neutron.db.ovn_revision_numbers_db [None req-f4930e83-a872-4a6e-bc02-5b4a4cd62197 - - - - - -] Successfully bumped revision number for resource c94ded15-9149-4980-b240-ca6c5eae14b5 (type: ports) to 7
2026-05-09 06:36:25.187 9 INFO neutron.wsgi [-] 10.0.0.198 "GET / HTTP/1.1" status: 200 len: 247 time: 0.0029118
2026-05-09 06:36:25.191 9 INFO neutron.wsgi [-] 10.0.0.198 "GET / HTTP/1.1" status: 200 len: 247 time: 0.0021508
2026-05-09 06:36:25.216 10 INFO neutron.wsgi [None req-81337dcb-6333-4c7b-9e84-668004357f57 6545f5c60cb24806b538ca03a36c49d6 273570b6816242ba9a7165f2066f5d03 - - - -] 199.204.45.216 "DELETE /v2.0/ports/c94ded15-9149-4980-b240-ca6c5eae14b5 HTTP/1.1" status: 204 len: 173 time: 0.2805617
2026-05-09 06:36:25.261 10 INFO neutron.notifiers.nova [-] Nova event matching ['req-2a3ec385-660c-41c0-8df3-e6a534d9be6e'] response: {'server_uuid': 'c42dbeac-3f05-46df-b99c-3723e708cfa6', 'name': 'network-vif-deleted', 'tag': 'c94ded15-9149-4980-b240-ca6c5eae14b5', 'status': 'completed', 'code': 200}
2026-05-09 06:36:25.303 10 INFO neutron.wsgi [req-37653a2a-0304-4891-80a3-e90c25cb1d6d req-51d6b1cf-a105-486a-9618-b99d9bddd811 213b439b2ef749cba275d55974855653 2e02d35680164b7fba0d2fc3ee0573bf - - 281444ac8cb649fdaab116564d0e72d0 281444ac8cb649fdaab116564d0e72d0] 199.204.45.216 "GET /v2.0/ports?tenant_id=273570b6816242ba9a7165f2066f5d03&device_id=c42dbeac-3f05-46df-b99c-3723e708cfa6 HTTP/1.1" status: 200 len: 3782 time: 0.0348628
2026-05-09 06:36:25.380 10 INFO neutron.wsgi [req-37653a2a-0304-4891-80a3-e90c25cb1d6d req-1435d3aa-d075-4dd2-b9af-49a81ceaaa6e 213b439b2ef749cba275d55974855653 2e02d35680164b7fba0d2fc3ee0573bf - - 281444ac8cb649fdaab116564d0e72d0 281444ac8cb649fdaab116564d0e72d0] 199.204.45.216 "GET /v2.0/networks?id=1ff89973-a503-4b51-a647-a883f3dd0ad7&id=de57df71-e1a2-4ef2-a397-321790dcdfbb&id=ac496bb7-6609-4372-95f2-2ff6b8d75cfc&id=1415cc18-2f54-4b4d-b661-467c8367c5cf HTTP/1.1" status: 200 len: 3308 time: 0.0685287
2026-05-09 06:36:25.411 10 INFO neutron.wsgi [req-37653a2a-0304-4891-80a3-e90c25cb1d6d req-a742fd5f-b100-4dbd-967f-8c3da185016a 213b439b2ef749cba275d55974855653 2e02d35680164b7fba0d2fc3ee0573bf - - 281444ac8cb649fdaab116564d0e72d0 281444ac8cb649fdaab116564d0e72d0] 199.204.45.216 "GET /v2.0/floatingips?fixed_ip_address=172.24.2.134&port_id=db108b35-4bcf-4cf2-8c49-bfc2d4abf61f HTTP/1.1" status: 200 len: 217 time: 0.0236399
2026-05-09 06:36:25.449 10 INFO neutron.wsgi [req-37653a2a-0304-4891-80a3-e90c25cb1d6d req-5cbe3a1f-a4ff-4c3c-a45e-68a1f6398196 213b439b2ef749cba275d55974855653 2e02d35680164b7fba0d2fc3ee0573bf - - 281444ac8cb649fdaab116564d0e72d0 281444ac8cb649fdaab116564d0e72d0] 199.204.45.216 "GET /v2.0/subnets?id=e46c47bd-d322-435f-8c7f-e1ba1e7b6bfe HTTP/1.1" status: 200 len: 829 time: 0.0326049
2026-05-09 06:36:25.480 10 INFO neutron.wsgi [req-37653a2a-0304-4891-80a3-e90c25cb1d6d req-00d0526e-d3fe-472f-a9ca-1af092763e26 213b439b2ef749cba275d55974855653 2e02d35680164b7fba0d2fc3ee0573bf - - 281444ac8cb649fdaab116564d0e72d0 281444ac8cb649fdaab116564d0e72d0] 199.204.45.216 "GET /v2.0/ports?network_id=1ff89973-a503-4b51-a647-a883f3dd0ad7&device_owner=network%3Adhcp HTTP/1.1" status: 200 len: 210 time: 0.0228660
2026-05-09 06:36:25.552 10 INFO neutron.wsgi [req-37653a2a-0304-4891-80a3-e90c25cb1d6d req-ec342c48-d8da-4407-9a89-9548ef66b920 213b439b2ef749cba275d55974855653 2e02d35680164b7fba0d2fc3ee0573bf - - 281444ac8cb649fdaab116564d0e72d0 281444ac8cb649fdaab116564d0e72d0] 199.204.45.216 "GET /v2.0/networks/1ff89973-a503-4b51-a647-a883f3dd0ad7?fields=segments HTTP/1.1" status: 200 len: 212 time: 0.0602789 /var/lib/openstack/lib/python3.10/site-packages/pycadf/identifier.py:71: UserWarning: Invalid uuid: neutron. To ensure interoperability, identifiers should be a valid uuid. warnings.warn(('Invalid uuid: %s. To ensure interoperability, '
2026-05-09 06:36:25.620 10 INFO neutron.wsgi [req-37653a2a-0304-4891-80a3-e90c25cb1d6d req-b583274a-d088-4fa0-a48e-90871f6c4687 213b439b2ef749cba275d55974855653 2e02d35680164b7fba0d2fc3ee0573bf - - 281444ac8cb649fdaab116564d0e72d0 281444ac8cb649fdaab116564d0e72d0] 199.204.45.216 "GET /v2.0/networks/1ff89973-a503-4b51-a647-a883f3dd0ad7?fields=provider%3Aphysical_network&fields=provider%3Anetwork_type HTTP/1.1" status: 200 len: 277 time: 0.0621030
2026-05-09 06:36:25.651 9 INFO neutron.wsgi [None req-fab3ed10-7b3c-4267-ba5d-7558a529e6d4 6545f5c60cb24806b538ca03a36c49d6 273570b6816242ba9a7165f2066f5d03 - - default default] 199.204.45.216 "GET /v2.0/ports?device_id=c42dbeac-3f05-46df-b99c-3723e708cfa6 HTTP/1.1" status: 200 len: 3782 time: 0.0360923
2026-05-09 06:36:25.657 10 INFO neutron.wsgi [req-37653a2a-0304-4891-80a3-e90c25cb1d6d req-64991165-1fbc-401b-bf58-aec42904c8a5 213b439b2ef749cba275d55974855653 2e02d35680164b7fba0d2fc3ee0573bf - - 281444ac8cb649fdaab116564d0e72d0 281444ac8cb649fdaab116564d0e72d0] 199.204.45.216 "GET /v2.0/floatingips?fixed_ip_address=10.1.1.145&port_id=b71d9873-37ec-4cab-8a13-914a60ce1ea8 HTTP/1.1" status: 200 len: 217 time: 0.0295281
2026-05-09 06:36:25.685 9 INFO neutron.pecan_wsgi.hooks.translation [None req-0298ef35-d479-4a22-9420-d098e5fced0b 6545f5c60cb24806b538ca03a36c49d6 273570b6816242ba9a7165f2066f5d03 - - - -] DELETE failed (client error): The resource could not be found.
2026-05-09 06:36:25.690 9 INFO neutron.wsgi [None req-0298ef35-d479-4a22-9420-d098e5fced0b 6545f5c60cb24806b538ca03a36c49d6 273570b6816242ba9a7165f2066f5d03 - - - -] 199.204.45.216 "DELETE /v2.0/ports/c94ded15-9149-4980-b240-ca6c5eae14b5 HTTP/1.1" status: 404 len: 338 time: 0.0321901
2026-05-09 06:36:25.723 10 INFO neutron.wsgi [req-37653a2a-0304-4891-80a3-e90c25cb1d6d req-48706d0c-d8e4-41d9-a10b-c46a5e5d8a79 213b439b2ef749cba275d55974855653 2e02d35680164b7fba0d2fc3ee0573bf - - 281444ac8cb649fdaab116564d0e72d0 281444ac8cb649fdaab116564d0e72d0] 199.204.45.216 "GET /v2.0/subnets?id=7db56ed8-303e-4c18-a82a-ec4b8723bc4e HTTP/1.1" status: 200 len: 854 time: 0.0587893
2026-05-09 06:36:25.760 10 INFO neutron.wsgi [req-37653a2a-0304-4891-80a3-e90c25cb1d6d req-cb147ba1-f9ce-40d7-ae67-3cf2a7b954d8 213b439b2ef749cba275d55974855653 2e02d35680164b7fba0d2fc3ee0573bf - - 281444ac8cb649fdaab116564d0e72d0 281444ac8cb649fdaab116564d0e72d0] 199.204.45.216 "GET /v2.0/ports?network_id=de57df71-e1a2-4ef2-a397-321790dcdfbb&device_owner=network%3Adhcp HTTP/1.1" status: 200 len: 210 time: 0.0322604
2026-05-09 06:36:25.790 9 INFO neutron.wsgi [None req-a391f621-4fb3-4912-b11b-71484f673d12 6545f5c60cb24806b538ca03a36c49d6 273570b6816242ba9a7165f2066f5d03 - - default default] 199.204.45.216 "GET /v2.0/extensions/security-group HTTP/1.1" status: 200 len: 369 time: 0.0054007
2026-05-09 06:36:25.801 9 INFO neutron.wsgi [None req-c3b123ec-bff0-478d-bc86-13a63dea9838 6545f5c60cb24806b538ca03a36c49d6 273570b6816242ba9a7165f2066f5d03 - - default default] 199.204.45.216 "GET /v2.0/extensions/dns-integration HTTP/1.1" status: 200 len: 371 time: 0.0039558
2026-05-09 06:36:25.809 9 INFO neutron.wsgi [None req-9d4d7dff-34c2-4d73-bc6a-2a80d1cc7992 6545f5c60cb24806b538ca03a36c49d6 273570b6816242ba9a7165f2066f5d03 - - default default] 199.204.45.216 "GET /v2.0/extensions/qos HTTP/1.1" status: 200 len: 365 time: 0.0038717
2026-05-09 06:36:25.819 9 INFO neutron.wsgi [None req-3d0837ce-301c-4258-956c-91f330a28cf4 6545f5c60cb24806b538ca03a36c49d6 273570b6816242ba9a7165f2066f5d03 - - default default] 199.204.45.216 "GET /v2.0/extensions/allowed-address-pairs HTTP/1.1" status: 200 len: 383 time: 0.0041161
2026-05-09 06:36:25.834 10 INFO neutron.wsgi [req-37653a2a-0304-4891-80a3-e90c25cb1d6d req-e878a558-df55-48a7-afc2-00ea1e7805ab 213b439b2ef749cba275d55974855653 2e02d35680164b7fba0d2fc3ee0573bf - - 281444ac8cb649fdaab116564d0e72d0 281444ac8cb649fdaab116564d0e72d0] 199.204.45.216 "GET /v2.0/networks/de57df71-e1a2-4ef2-a397-321790dcdfbb?fields=segments HTTP/1.1" status: 200 len: 212 time: 0.0654919
2026-05-09 06:36:25.859 9 INFO neutron.wsgi [None req-1bf4b23e-23b2-44a7-af17-3a608bf65389 6545f5c60cb24806b538ca03a36c49d6 273570b6816242ba9a7165f2066f5d03 - - default default] 199.204.45.216 "GET /v2.0/subnets/7db56ed8-303e-4c18-a82a-ec4b8723bc4e HTTP/1.1" status: 200 len: 851 time: 0.0346429
2026-05-09 06:36:25.894 9 INFO neutron.wsgi [None req-7642a2bf-a775-48e0-a2fb-23b014876670 6545f5c60cb24806b538ca03a36c49d6 273570b6816242ba9a7165f2066f5d03 - - default default] 199.204.45.216 "GET /v2.0/ports/689b340d-f29d-470c-9e3a-c3b7b81c0e99 HTTP/1.1" status: 200 len: 1340 time: 0.0299108
2026-05-09 06:36:25.907 10 INFO neutron.wsgi [req-37653a2a-0304-4891-80a3-e90c25cb1d6d req-ed7e3050-a10d-4ac1-8d08-b518ac809ebc 213b439b2ef749cba275d55974855653 2e02d35680164b7fba0d2fc3ee0573bf - - 281444ac8cb649fdaab116564d0e72d0 281444ac8cb649fdaab116564d0e72d0] 199.204.45.216 "GET /v2.0/networks/de57df71-e1a2-4ef2-a397-321790dcdfbb?fields=provider%3Aphysical_network&fields=provider%3Anetwork_type HTTP/1.1" status: 200 len: 277 time: 0.0675330
2026-05-09 06:36:25.921 9 INFO neutron.wsgi [None req-081ed311-c1c2-4785-bf06-83aab2107f71 6545f5c60cb24806b538ca03a36c49d6 273570b6816242ba9a7165f2066f5d03 - - default default] 199.204.45.216 "GET /v2.0/ports/b71d9873-37ec-4cab-8a13-914a60ce1ea8 HTTP/1.1" status: 200 len: 1471 time: 0.0240576
2026-05-09 06:36:25.945 10 INFO neutron.wsgi [req-37653a2a-0304-4891-80a3-e90c25cb1d6d req-0fc578e5-d2b7-4e6d-a1b1-07df647acb7d 213b439b2ef749cba275d55974855653 2e02d35680164b7fba0d2fc3ee0573bf - - 281444ac8cb649fdaab116564d0e72d0 281444ac8cb649fdaab116564d0e72d0] 199.204.45.216 "GET /v2.0/floatingips?fixed_ip_address=10.2.1.225&port_id=c5ecc504-990b-452a-99e8-2c6b2528cfcf HTTP/1.1" status: 200 len: 217 time: 0.0308771
2026-05-09 06:36:25.956 9 INFO neutron.wsgi [None req-b91fe63f-bf63-4c56-a671-10b744a58ded 6545f5c60cb24806b538ca03a36c49d6 273570b6816242ba9a7165f2066f5d03 - - default default] 199.204.45.216 "GET /v2.0/subnets/7db56ed8-303e-4c18-a82a-ec4b8723bc4e HTTP/1.1" status: 200 len: 851 time: 0.0312731
2026-05-09 06:36:25.979 10 INFO neutron.wsgi [req-37653a2a-0304-4891-80a3-e90c25cb1d6d req-65c28cc9-54eb-4697-aaa3-e05a539854ae 213b439b2ef749cba275d55974855653 2e02d35680164b7fba0d2fc3ee0573bf - - 281444ac8cb649fdaab116564d0e72d0 281444ac8cb649fdaab116564d0e72d0] 199.204.45.216 "GET /v2.0/subnets?id=52f54eee-f35f-4f06-97b8-a5ed34ee7fec HTTP/1.1" status: 200 len: 852 time: 0.0272405
2026-05-09 06:36:26.011 10 INFO neutron.wsgi [req-37653a2a-0304-4891-80a3-e90c25cb1d6d req-8ace0ca3-6f97-4e5a-82f6-4a4a6e2663a9 213b439b2ef749cba275d55974855653 2e02d35680164b7fba0d2fc3ee0573bf - - 281444ac8cb649fdaab116564d0e72d0 281444ac8cb649fdaab116564d0e72d0] 199.204.45.216 "GET /v2.0/ports?network_id=ac496bb7-6609-4372-95f2-2ff6b8d75cfc&device_owner=network%3Adhcp HTTP/1.1" status: 200 len: 210 time: 0.0254142
2026-05-09 06:36:26.036 9 INFO neutron.wsgi [None req-0bbd9a56-7ad4-4088-90bd-d589549f237e 6545f5c60cb24806b538ca03a36c49d6 273570b6816242ba9a7165f2066f5d03 - - default default] 199.204.45.216 "GET /v2.0/networks/de57df71-e1a2-4ef2-a397-321790dcdfbb HTTP/1.1" status: 200 len: 1002 time: 0.0762169
2026-05-09 06:36:26.069 9 INFO neutron.wsgi [None req-16f0ba42-3f7d-456a-b083-36448475e20b 6545f5c60cb24806b538ca03a36c49d6 273570b6816242ba9a7165f2066f5d03 - - default default] 199.204.45.216 "GET /v2.0/ports/689b340d-f29d-470c-9e3a-c3b7b81c0e99 HTTP/1.1" status: 200 len: 1340 time: 0.0266640
2026-05-09 06:36:26.076 10 INFO neutron.wsgi [req-37653a2a-0304-4891-80a3-e90c25cb1d6d req-e9a42f38-c55f-40b9-87fc-fa156bddf66a 213b439b2ef749cba275d55974855653 2e02d35680164b7fba0d2fc3ee0573bf - - 281444ac8cb649fdaab116564d0e72d0 281444ac8cb649fdaab116564d0e72d0] 199.204.45.216 "GET /v2.0/networks/ac496bb7-6609-4372-95f2-2ff6b8d75cfc?fields=segments HTTP/1.1" status: 200 len: 212 time: 0.0585003
2026-05-09 06:36:26.107 9 INFO neutron.wsgi [None req-d097beb2-ddc5-49ba-b79b-a62f4b124187 6545f5c60cb24806b538ca03a36c49d6 273570b6816242ba9a7165f2066f5d03 - - default default] 199.204.45.216 "GET /v2.0/subnets/7db56ed8-303e-4c18-a82a-ec4b8723bc4e HTTP/1.1" status: 200 len: 851 time: 0.0319650
2026-05-09 06:36:26.142 10 INFO neutron.wsgi [req-37653a2a-0304-4891-80a3-e90c25cb1d6d req-119ea9ce-7b9c-42fe-b73a-5099ec961440 213b439b2ef749cba275d55974855653 2e02d35680164b7fba0d2fc3ee0573bf - - 281444ac8cb649fdaab116564d0e72d0 281444ac8cb649fdaab116564d0e72d0] 199.204.45.216 "GET /v2.0/networks/ac496bb7-6609-4372-95f2-2ff6b8d75cfc?fields=provider%3Aphysical_network&fields=provider%3Anetwork_type HTTP/1.1" status: 200 len: 277 time: 0.0588913
2026-05-09 06:36:26.437 9 INFO neutron.notifiers.nova [-] Nova event matching ['req-74f7f211-b1bd-4b48-a090-d3e5a394caf9'] response: {'server_uuid': 'c42dbeac-3f05-46df-b99c-3723e708cfa6', 'name': 'network-vif-unplugged', 'status': 'completed', 'tag': 'c94ded15-9149-4980-b240-ca6c5eae14b5', 'code': 200}
2026-05-09 06:36:26.438 9 INFO neutron.notifiers.nova [-] Nova event matching ['req-74f7f211-b1bd-4b48-a090-d3e5a394caf9'] response: {'server_uuid': 'c42dbeac-3f05-46df-b99c-3723e708cfa6', 'name': 'network-vif-plugged', 'status': 'completed', 'tag': 'c94ded15-9149-4980-b240-ca6c5eae14b5', 'code': 200}
2026-05-09 06:36:28.886 9 INFO neutron.wsgi [None req-6cf19df4-4177-4003-9583-ccff1d983332 6545f5c60cb24806b538ca03a36c49d6 273570b6816242ba9a7165f2066f5d03 - - default default] 199.204.45.216 "GET /v2.0/extensions/security-group HTTP/1.1" status: 200 len: 369 time: 0.0065267
2026-05-09 06:36:28.893 9 INFO neutron.wsgi [None req-48d405ac-8676-4c78-836b-b647ddeb2eaa 6545f5c60cb24806b538ca03a36c49d6 273570b6816242ba9a7165f2066f5d03 - - default default] 199.204.45.216 "GET /v2.0/extensions/dns-integration HTTP/1.1" status: 200 len: 371 time: 0.0039132
2026-05-09 06:36:28.903 9 INFO neutron.wsgi [None req-204459e0-6011-48dc-bcfb-ad6455840345 6545f5c60cb24806b538ca03a36c49d6 273570b6816242ba9a7165f2066f5d03 - - default default] 199.204.45.216 "GET /v2.0/extensions/qos HTTP/1.1" status: 200 len: 365 time: 0.0039458
2026-05-09 06:36:28.912 9 INFO neutron.wsgi [None req-2dffa39c-f9a6-4ebd-b044-13f5f64155c9 6545f5c60cb24806b538ca03a36c49d6 273570b6816242ba9a7165f2066f5d03 - - default default] 199.204.45.216 "GET /v2.0/extensions/allowed-address-pairs HTTP/1.1" status: 200 len: 383 time: 0.0044706
2026-05-09 06:36:28.952 9 INFO neutron.wsgi [None req-d8fa4e66-ff9c-45b6-8b2c-bf8124a7de68 6545f5c60cb24806b538ca03a36c49d6 273570b6816242ba9a7165f2066f5d03 - - default default] 199.204.45.216 "GET /v2.0/ports?device_id=c42dbeac-3f05-46df-b99c-3723e708cfa6 HTTP/1.1" status: 200 len: 3782 time: 0.0335822
2026-05-09 06:36:29.098 9 INFO neutron.wsgi [None req-2b2dba19-93c1-483b-84ee-61b02b1cc148 6545f5c60cb24806b538ca03a36c49d6 273570b6816242ba9a7165f2066f5d03 - - default default] 199.204.45.216 "GET /v2.0/extensions/security-group HTTP/1.1" status: 200 len: 369 time: 0.0073838
2026-05-09 06:36:29.110 9 INFO neutron.wsgi [None req-c2e0e482-ace9-4f7d-be09-33029e749133 6545f5c60cb24806b538ca03a36c49d6 273570b6816242ba9a7165f2066f5d03 - - default default] 199.204.45.216 "GET /v2.0/extensions/dns-integration HTTP/1.1" status: 200 len: 371 time: 0.0077095
2026-05-09 06:36:29.119 9 INFO neutron.wsgi [None req-ce68a2d5-9114-4ec3-a5c4-489bda96accd 6545f5c60cb24806b538ca03a36c49d6 273570b6816242ba9a7165f2066f5d03 - - default default] 199.204.45.216 "GET /v2.0/extensions/qos HTTP/1.1" status: 200 len: 365 time: 0.0028334
2026-05-09 06:36:29.129 9 INFO neutron.wsgi [None req-52d43e94-bbe4-4842-95e4-909c7dc0d902 6545f5c60cb24806b538ca03a36c49d6 273570b6816242ba9a7165f2066f5d03 - - default default] 199.204.45.216 "GET /v2.0/extensions/allowed-address-pairs HTTP/1.1" status: 200 len: 383 time: 0.0064311
2026-05-09 06:36:29.165 9 INFO neutron.wsgi [None req-dd105486-e859-45b4-a4e5-e1150ca23683 6545f5c60cb24806b538ca03a36c49d6 273570b6816242ba9a7165f2066f5d03 - - default default] 199.204.45.216 "GET /v2.0/ports/c5ecc504-990b-452a-99e8-2c6b2528cfcf HTTP/1.1" status: 200 len: 1358 time: 0.0303552
2026-05-09 06:36:29.503 9 INFO neutron.db.ovn_revision_numbers_db [None req-3681d6cc-44af-4ba0-bfc7-52bbbb3ddee1 6545f5c60cb24806b538ca03a36c49d6 273570b6816242ba9a7165f2066f5d03 - - - -] Successfully bumped revision number for resource c5ecc504-990b-452a-99e8-2c6b2528cfcf (type: ports) to 6
2026-05-09 06:36:29.512 9 INFO neutron.wsgi [None req-3681d6cc-44af-4ba0-bfc7-52bbbb3ddee1 6545f5c60cb24806b538ca03a36c49d6 273570b6816242ba9a7165f2066f5d03 - - - -] 199.204.45.216 "PUT /v2.0/ports/c5ecc504-990b-452a-99e8-2c6b2528cfcf HTTP/1.1" status: 200 len: 1154 time: 0.3425055 /var/lib/openstack/lib/python3.10/site-packages/pycadf/identifier.py:71: UserWarning: Invalid uuid: neutron. To ensure interoperability, identifiers should be a valid uuid. warnings.warn(('Invalid uuid: %s. To ensure interoperability, '
2026-05-09 06:36:29.552 9 INFO neutron.notifiers.nova [-] Nova event matching ['req-5144d8b8-2468-4336-b49b-e4d08b688b84'] response: {'name': 'network-changed', 'server_uuid': 'c42dbeac-3f05-46df-b99c-3723e708cfa6', 'tag': 'c5ecc504-990b-452a-99e8-2c6b2528cfcf', 'status': 'completed', 'code': 200}
2026-05-09 06:36:29.574 9 INFO neutron.wsgi [None req-84344d3b-e7e5-4bc6-9270-513347cbe3ba 6545f5c60cb24806b538ca03a36c49d6 273570b6816242ba9a7165f2066f5d03 - - default default] 199.204.45.216 "GET /v2.0/networks/ac496bb7-6609-4372-95f2-2ff6b8d75cfc HTTP/1.1" status: 200 len: 999 time: 0.0548003
2026-05-09 06:36:29.609 9 INFO neutron.wsgi [None req-a6f0377b-28e7-4799-8075-74e1f4424af4 6545f5c60cb24806b538ca03a36c49d6 273570b6816242ba9a7165f2066f5d03 - - default default] 199.204.45.216 "GET /v2.0/ports?device_id=c42dbeac-3f05-46df-b99c-3723e708cfa6 HTTP/1.1" status: 200 len: 3607 time: 0.0299740
2026-05-09 06:36:29.610 10 INFO neutron.wsgi [req-ece47ca1-bfc8-40ac-9f1a-9593baf33018 req-b0b29206-c165-48bb-847c-add29b3580a4 213b439b2ef749cba275d55974855653 2e02d35680164b7fba0d2fc3ee0573bf - - 281444ac8cb649fdaab116564d0e72d0 281444ac8cb649fdaab116564d0e72d0] 199.204.45.216 "GET /v2.0/ports?tenant_id=273570b6816242ba9a7165f2066f5d03&device_id=c42dbeac-3f05-46df-b99c-3723e708cfa6 HTTP/1.1" status: 200 len: 3607 time: 0.0397773
2026-05-09 06:36:29.684 10 INFO neutron.wsgi [req-ece47ca1-bfc8-40ac-9f1a-9593baf33018 req-243e79e2-b97a-4720-8878-996f4a54d8b3 213b439b2ef749cba275d55974855653 2e02d35680164b7fba0d2fc3ee0573bf - - 281444ac8cb649fdaab116564d0e72d0 281444ac8cb649fdaab116564d0e72d0] 199.204.45.216 "GET /v2.0/networks?id=ac496bb7-6609-4372-95f2-2ff6b8d75cfc HTTP/1.1" status: 200 len: 1002 time: 0.0639954
2026-05-09 06:36:29.715 9 INFO neutron.wsgi [None req-ca78d1ff-cc90-4244-a610-6da9a8c989aa 6545f5c60cb24806b538ca03a36c49d6 273570b6816242ba9a7165f2066f5d03 - - default default] 199.204.45.216 "GET /v2.0/ports?device_id=c42dbeac-3f05-46df-b99c-3723e708cfa6 HTTP/1.1" status: 200 len: 3607 time: 0.0443535
2026-05-09 06:36:29.748 10 INFO neutron.wsgi [req-ece47ca1-bfc8-40ac-9f1a-9593baf33018 req-7164c8da-6ef9-4aba-826e-e065d7f8dfd7 213b439b2ef749cba275d55974855653 2e02d35680164b7fba0d2fc3ee0573bf - - 281444ac8cb649fdaab116564d0e72d0 281444ac8cb649fdaab116564d0e72d0] 199.204.45.216 "GET /v2.0/networks/ac496bb7-6609-4372-95f2-2ff6b8d75cfc?fields=segments HTTP/1.1" status: 200 len: 212 time: 0.0577221
2026-05-09 06:36:29.811 10 INFO neutron.wsgi [req-ece47ca1-bfc8-40ac-9f1a-9593baf33018 req-5a97c12a-02ed-411d-938b-3fae7a630e9d 213b439b2ef749cba275d55974855653 2e02d35680164b7fba0d2fc3ee0573bf - - 281444ac8cb649fdaab116564d0e72d0 281444ac8cb649fdaab116564d0e72d0] 199.204.45.216 "GET /v2.0/networks/ac496bb7-6609-4372-95f2-2ff6b8d75cfc?fields=provider%3Aphysical_network&fields=provider%3Anetwork_type HTTP/1.1" status: 200 len: 277 time: 0.0552862
2026-05-09 06:36:29.951 10 INFO neutron.plugins.ml2.drivers.ovn.mech_driver.mech_driver [None req-d2efd29f-2ac8-467e-a577-17eeb1615742 - - - - - -] OVN reports status down for port: c5ecc504-990b-452a-99e8-2c6b2528cfcf
2026-05-09 06:36:30.009 10 INFO neutron.wsgi [req-a7b62f63-ea0a-447f-a6b4-59d2523df725 req-7f0f8a0d-d31e-412a-b110-42a19b04069f 213b439b2ef749cba275d55974855653 2e02d35680164b7fba0d2fc3ee0573bf - - 281444ac8cb649fdaab116564d0e72d0 281444ac8cb649fdaab116564d0e72d0] 199.204.45.216 "GET /v2.0/ports/c5ecc504-990b-452a-99e8-2c6b2528cfcf HTTP/1.1" status: 200 len: 1182 time: 0.0282838
2026-05-09 06:36:30.125 10 INFO neutron.notifiers.nova [-] Nova event matching ['req-8d5c6472-0757-4866-90fa-4b0af4943bbb'] response: {'server_uuid': 'c42dbeac-3f05-46df-b99c-3723e708cfa6', 'name': 'network-vif-unplugged', 'status': 'completed', 'tag': 'c5ecc504-990b-452a-99e8-2c6b2528cfcf', 'code': 200}
2026-05-09 06:36:30.289 10 INFO neutron.db.ovn_revision_numbers_db [None req-d2efd29f-2ac8-467e-a577-17eeb1615742 - - - - - -] Successfully bumped revision number for resource c5ecc504-990b-452a-99e8-2c6b2528cfcf (type: ports) to 7
2026-05-09 06:36:30.342 10 INFO neutron.wsgi [None req-82577a1f-7fe2-44f8-955c-bc4eae07a87a 6545f5c60cb24806b538ca03a36c49d6 273570b6816242ba9a7165f2066f5d03 - - - -] 199.204.45.216 "DELETE /v2.0/ports/c5ecc504-990b-452a-99e8-2c6b2528cfcf HTTP/1.1" status: 204 len: 173 time: 0.3148735
