2026-05-09 06:33:01.841 8 INFO placement.requestlog [None req-f1220643-4b70-4a21-9533-7b4341da1f15 213b439b2ef749cba275d55974855653 2e02d35680164b7fba0d2fc3ee0573bf - - 281444ac8cb649fdaab116564d0e72d0 281444ac8cb649fdaab116564d0e72d0] 10.0.0.231 "DELETE /resource_providers/cbd98ace-6107-4315-a5d8-ff2b6942563b" status: 404 len: 246 microversion: 1.1 [pid: 7|app: 0|req: 485/973] 10.0.0.231 () {34 vars in 825 bytes} [Sat May 9 06:33:01 2026] DELETE /resource_providers/cbd98ace-6107-4315-a5d8-ff2b6942563b => generated 246 bytes in 11 msecs (HTTP/1.1 404) 6 headers in 231 bytes (1 switches on core 0) [pid: 8|app: 0|req: 489/974] 10.0.0.231 () {34 vars in 825 bytes} [Sat May 9 06:33:01 2026] DELETE /resource_providers/cbd98ace-6107-4315-a5d8-ff2b6942563b => generated 246 bytes in 12 msecs (HTTP/1.1 404) 6 headers in 231 bytes (1 switches on core 0)
2026-05-09 06:33:01.981 7 INFO placement.requestlog [req-cc903e42-88fe-487a-9e68-fc6f2d82b6f2 req-fbdc5d30-4390-4581-a054-8fa0555e3972 81c81caa5cda4720a2e8c86acb830b40 2e02d35680164b7fba0d2fc3ee0573bf - - 281444ac8cb649fdaab116564d0e72d0 281444ac8cb649fdaab116564d0e72d0] 199.204.45.216 "GET /allocations/dd7c07a7-57e6-46b2-a8b1-7dc4d4366f16" status: 200 len: 258 microversion: 1.28 [pid: 7|app: 0|req: 486/975] 199.204.45.216 () {34 vars in 863 bytes} [Sat May 9 06:33:01 2026] GET /allocations/dd7c07a7-57e6-46b2-a8b1-7dc4d4366f16 => generated 258 bytes in 15 msecs (HTTP/1.1 200) 8 headers in 296 bytes (1 switches on core 0)
2026-05-09 06:33:02.104 8 INFO placement.requestlog [req-cc903e42-88fe-487a-9e68-fc6f2d82b6f2 req-73d986dc-bbbe-42aa-aa58-5771d1fcd649 81c81caa5cda4720a2e8c86acb830b40 2e02d35680164b7fba0d2fc3ee0573bf - - 281444ac8cb649fdaab116564d0e72d0 281444ac8cb649fdaab116564d0e72d0] 199.204.45.216 "GET /resource_providers/24dc3d4d-fa4a-46f2-97ab-b4973309b556/allocations" status: 200 len: 153 microversion: 1.0 [pid: 8|app: 0|req: 490/976] 199.204.45.216 () {32 vars in 857 bytes} [Sat May 9 06:33:02 2026] GET /resource_providers/24dc3d4d-fa4a-46f2-97ab-b4973309b556/allocations => generated 153 bytes in 18 msecs (HTTP/1.1 200) 6 headers in 224 bytes (1 switches on core 0)
2026-05-09 06:33:02.128 7 INFO placement.requestlog [req-cc903e42-88fe-487a-9e68-fc6f2d82b6f2 req-54f1b832-6834-45c9-b7a3-c794351d7589 81c81caa5cda4720a2e8c86acb830b40 2e02d35680164b7fba0d2fc3ee0573bf - - 281444ac8cb649fdaab116564d0e72d0 281444ac8cb649fdaab116564d0e72d0] 199.204.45.216 "GET /allocations/dd7c07a7-57e6-46b2-a8b1-7dc4d4366f16" status: 200 len: 258 microversion: 1.28 [pid: 7|app: 0|req: 487/977] 199.204.45.216 () {34 vars in 863 bytes} [Sat May 9 06:33:02 2026] GET /allocations/dd7c07a7-57e6-46b2-a8b1-7dc4d4366f16 => generated 258 bytes in 14 msecs (HTTP/1.1 200) 8 headers in 296 bytes (1 switches on core 0)
2026-05-09 06:33:06.264 7 INFO placement.requestlog [None req-f5c64cb7-e485-4411-a814-2e45561f66bd - - - - - -] 10.0.0.198 "GET /" status: 200 len: 136 microversion: 1.0
2026-05-09 06:33:06.264 8 INFO placement.requestlog [None req-63faf098-ce76-4962-9bd5-b60962157d8b - - - - - -] 10.0.0.198 "GET /" status: 200 len: 136 microversion: 1.0
2026-05-09 06:33:06.893 8 INFO placement.requestlog [None req-edc4604b-c45e-4e6a-af37-2d4e1609fb66 213b439b2ef749cba275d55974855653 2e02d35680164b7fba0d2fc3ee0573bf - - 281444ac8cb649fdaab116564d0e72d0 281444ac8cb649fdaab116564d0e72d0] 10.0.0.231 "GET /resource_providers/16816484-5e0a-423f-bfb9-def25ce8f243/aggregates" status: 404 len: 235 microversion: 1.1 [pid: 8|app: 0|req: 492/980] 10.0.0.231 () {32 vars in 825 bytes} [Sat May 9 06:33:06 2026] GET /resource_providers/16816484-5e0a-423f-bfb9-def25ce8f243/aggregates => generated 235 bytes in 14 msecs (HTTP/1.1 404) 5 headers in 202 bytes (1 switches on core 0)
2026-05-09 06:33:06.895 7 INFO placement.requestlog [None req-824bd252-31fa-41b5-a62e-70d83d347e21 213b439b2ef749cba275d55974855653 2e02d35680164b7fba0d2fc3ee0573bf - - 281444ac8cb649fdaab116564d0e72d0 281444ac8cb649fdaab116564d0e72d0] 10.0.0.231 "GET /resource_providers/16816484-5e0a-423f-bfb9-def25ce8f243/aggregates" status: 404 len: 235 microversion: 1.1 [pid: 7|app: 0|req: 489/981] 10.0.0.231 () {32 vars in 825 bytes} [Sat May 9 06:33:06 2026] GET /resource_providers/16816484-5e0a-423f-bfb9-def25ce8f243/aggregates => generated 235 bytes in 16 msecs (HTTP/1.1 404) 5 headers in 202 bytes (1 switches on core 0)
2026-05-09 06:33:06.914 8 INFO placement.requestlog [None req-fb6ba8b8-e7e2-46d3-a85c-6e33aa7aafb8 213b439b2ef749cba275d55974855653 2e02d35680164b7fba0d2fc3ee0573bf - - 281444ac8cb649fdaab116564d0e72d0 281444ac8cb649fdaab116564d0e72d0] 10.0.0.231 "DELETE /resource_providers/16816484-5e0a-423f-bfb9-def25ce8f243" status: 404 len: 246 microversion: 1.1 [pid: 8|app: 0|req: 493/982] 10.0.0.231 () {34 vars in 825 bytes} [Sat May 9 06:33:06 2026] DELETE /resource_providers/16816484-5e0a-423f-bfb9-def25ce8f243 => generated 246 bytes in 14 msecs (HTTP/1.1 404) 6 headers in 231 bytes (1 switches on core 0)
2026-05-09 06:33:06.917 7 INFO placement.requestlog [None req-e77512af-4cd8-4729-ad26-3579975edf2f 213b439b2ef749cba275d55974855653 2e02d35680164b7fba0d2fc3ee0573bf - - 281444ac8cb649fdaab116564d0e72d0 281444ac8cb649fdaab116564d0e72d0] 10.0.0.231 "DELETE /resource_providers/16816484-5e0a-423f-bfb9-def25ce8f243" status: 404 len: 246 microversion: 1.1 [pid: 7|app: 0|req: 490/983] 10.0.0.231 () {34 vars in 825 bytes} [Sat May 9 06:33:06 2026] DELETE /resource_providers/16816484-5e0a-423f-bfb9-def25ce8f243 => generated 246 bytes in 10 msecs (HTTP/1.1 404) 6 headers in 231 bytes (1 switches on core 0)
2026-05-09 06:33:07.330 7 INFO placement.requestlog [None req-4e48e668-f555-400a-a89a-d696721423e1 213b439b2ef749cba275d55974855653 2e02d35680164b7fba0d2fc3ee0573bf - - 281444ac8cb649fdaab116564d0e72d0 281444ac8cb649fdaab116564d0e72d0] 10.0.0.231 "GET /resource_providers/47f9cc44-af09-45e7-8d1a-72a21291709f/aggregates" status: 404 len: 235 microversion: 1.1 [pid: 7|app: 0|req: 491/984] 10.0.0.231 () {32 vars in 825 bytes} [Sat May 9 06:33:07 2026] GET /resource_providers/47f9cc44-af09-45e7-8d1a-72a21291709f/aggregates => generated 235 bytes in 12 msecs (HTTP/1.1 404) 5 headers in 202 bytes (1 switches on core 0)
2026-05-09 06:33:07.331 8 INFO placement.requestlog [None req-5bbeec1e-9f2f-4852-9d4d-f0eaf11831ce 213b439b2ef749cba275d55974855653 2e02d35680164b7fba0d2fc3ee0573bf - - 281444ac8cb649fdaab116564d0e72d0 281444ac8cb649fdaab116564d0e72d0] 10.0.0.231 "GET /resource_providers/47f9cc44-af09-45e7-8d1a-72a21291709f/aggregates" status: 404 len: 235 microversion: 1.1 [pid: 8|app: 0|req: 494/985] 10.0.0.231 () {32 vars in 825 bytes} [Sat May 9 06:33:07 2026] GET /resource_providers/47f9cc44-af09-45e7-8d1a-72a21291709f/aggregates => generated 235 bytes in 13 msecs (HTTP/1.1 404) 5 headers in 202 bytes (1 switches on core 0)
2026-05-09 06:33:07.356 8 INFO placement.requestlog [None req-cb0cdb32-8ff9-4a2d-aac8-5c54ae6f344c 213b439b2ef749cba275d55974855653 2e02d35680164b7fba0d2fc3ee0573bf - - 281444ac8cb649fdaab116564d0e72d0 281444ac8cb649fdaab116564d0e72d0] 10.0.0.231 "DELETE /resource_providers/47f9cc44-af09-45e7-8d1a-72a21291709f" status: 404 len: 246 microversion: 1.1 [pid: 8|app: 0|req: 495/986] 10.0.0.231 () {34 vars in 825 bytes} [Sat May 9 06:33:07 2026] DELETE /resource_providers/47f9cc44-af09-45e7-8d1a-72a21291709f => generated 246 bytes in 11 msecs (HTTP/1.1 404) 6 headers in 231 bytes (1 switches on core 0)
2026-05-09 06:33:07.359 7 INFO placement.requestlog [None req-f28e191c-62ca-4360-8b98-e8a7f5dbe88c 213b439b2ef749cba275d55974855653 2e02d35680164b7fba0d2fc3ee0573bf - - 281444ac8cb649fdaab116564d0e72d0 281444ac8cb649fdaab116564d0e72d0] 10.0.0.231 "DELETE /resource_providers/47f9cc44-af09-45e7-8d1a-72a21291709f" status: 404 len: 246 microversion: 1.1 [pid: 7|app: 0|req: 492/987] 10.0.0.231 () {34 vars in 825 bytes} [Sat May 9 06:33:07 2026] DELETE /resource_providers/47f9cc44-af09-45e7-8d1a-72a21291709f => generated 246 bytes in 14 msecs (HTTP/1.1 404) 6 headers in 231 bytes (1 switches on core 0)
2026-05-09 06:33:08.380 8 INFO placement.requestlog [req-218921e2-9cba-495d-a55d-28e40762c87c req-25e309a8-ad60-450d-bbc6-87e561d2c798 81c81caa5cda4720a2e8c86acb830b40 2e02d35680164b7fba0d2fc3ee0573bf - - 281444ac8cb649fdaab116564d0e72d0 281444ac8cb649fdaab116564d0e72d0] 199.204.45.216 "GET /resource_providers/24dc3d4d-fa4a-46f2-97ab-b4973309b556/allocations" status: 200 len: 153 microversion: 1.0 [pid: 8|app: 0|req: 496/988] 199.204.45.216 () {32 vars in 857 bytes} [Sat May 9 06:33:08 2026] GET /resource_providers/24dc3d4d-fa4a-46f2-97ab-b4973309b556/allocations => generated 153 bytes in 36 msecs (HTTP/1.1 200) 6 headers in 224 bytes (1 switches on core 0)
2026-05-09 06:33:08.405 7 INFO placement.requestlog [req-218921e2-9cba-495d-a55d-28e40762c87c req-b77ee0b6-5308-462c-ba5b-92d2d26afabc 81c81caa5cda4720a2e8c86acb830b40 2e02d35680164b7fba0d2fc3ee0573bf - - 281444ac8cb649fdaab116564d0e72d0 281444ac8cb649fdaab116564d0e72d0] 199.204.45.216 "GET /allocations/dd7c07a7-57e6-46b2-a8b1-7dc4d4366f16" status: 200 len: 258 microversion: 1.28 [pid: 7|app: 0|req: 493/989] 199.204.45.216 () {34 vars in 863 bytes} [Sat May 9 06:33:08 2026] GET /allocations/dd7c07a7-57e6-46b2-a8b1-7dc4d4366f16 => generated 258 bytes in 15 msecs (HTTP/1.1 200) 8 headers in 296 bytes (1 switches on core 0)
2026-05-09 06:33:08.459 8 INFO placement.requestlog [req-218921e2-9cba-495d-a55d-28e40762c87c req-fbe52525-84e3-4451-803d-a7f69339d1b1 81c81caa5cda4720a2e8c86acb830b40 2e02d35680164b7fba0d2fc3ee0573bf - - 281444ac8cb649fdaab116564d0e72d0 281444ac8cb649fdaab116564d0e72d0] 199.204.45.216 "DELETE /allocations/dd7c07a7-57e6-46b2-a8b1-7dc4d4366f16" status: 204 len: 0 microversion: 1.0 [pid: 8|app: 0|req: 497/990] 199.204.45.216 () {34 vars in 841 bytes} [Sat May 9 06:33:08 2026] DELETE /allocations/dd7c07a7-57e6-46b2-a8b1-7dc4d4366f16 => generated 0 bytes in 28 msecs (HTTP/1.1 204) 5 headers in 198 bytes (1 switches on core 0)
2026-05-09 06:33:09.037 7 INFO placement.requestlog [None req-1087ba7b-1fea-4d4e-898f-cd374ead0a8e 213b439b2ef749cba275d55974855653 2e02d35680164b7fba0d2fc3ee0573bf - - 281444ac8cb649fdaab116564d0e72d0 281444ac8cb649fdaab116564d0e72d0] 10.0.0.231 "GET /resource_providers/919c7327-475b-4d0d-836b-e1a7b7e8c55b/aggregates" status: 404 len: 235 microversion: 1.1 [pid: 7|app: 0|req: 494/991] 10.0.0.231 () {32 vars in 825 bytes} [Sat May 9 06:33:09 2026] GET /resource_providers/919c7327-475b-4d0d-836b-e1a7b7e8c55b/aggregates => generated 235 bytes in 14 msecs (HTTP/1.1 404) 5 headers in 202 bytes (1 switches on core 0)
2026-05-09 06:33:09.045 8 INFO placement.requestlog [None req-6ce27c95-cad5-4e67-8934-6b815627bad9 213b439b2ef749cba275d55974855653 2e02d35680164b7fba0d2fc3ee0573bf - - 281444ac8cb649fdaab116564d0e72d0 281444ac8cb649fdaab116564d0e72d0] 10.0.0.231 "GET /resource_providers/919c7327-475b-4d0d-836b-e1a7b7e8c55b/aggregates" status: 404 len: 235 microversion: 1.1 [pid: 8|app: 0|req: 498/992] 10.0.0.231 () {32 vars in 825 bytes} [Sat May 9 06:33:09 2026] GET /resource_providers/919c7327-475b-4d0d-836b-e1a7b7e8c55b/aggregates => generated 235 bytes in 20 msecs (HTTP/1.1 404) 5 headers in 202 bytes (1 switches on core 0)
2026-05-09 06:33:09.066 8 INFO placement.requestlog [None req-220d81a5-1902-4d7d-9682-28ceeb297c5c 213b439b2ef749cba275d55974855653 2e02d35680164b7fba0d2fc3ee0573bf - - 281444ac8cb649fdaab116564d0e72d0 281444ac8cb649fdaab116564d0e72d0] 10.0.0.231 "DELETE /resource_providers/919c7327-475b-4d0d-836b-e1a7b7e8c55b" status: 404 len: 246 microversion: 1.1 [pid: 8|app: 0|req: 499/993] 10.0.0.231 () {34 vars in 825 bytes} [Sat May 9 06:33:09 2026] DELETE /resource_providers/919c7327-475b-4d0d-836b-e1a7b7e8c55b => generated 246 bytes in 9 msecs (HTTP/1.1 404) 6 headers in 231 bytes (1 switches on core 0)
2026-05-09 06:33:09.068 7 INFO placement.requestlog [None req-b5a037a9-235d-4130-a307-4b95a8b72142 213b439b2ef749cba275d55974855653 2e02d35680164b7fba0d2fc3ee0573bf - - 281444ac8cb649fdaab116564d0e72d0 281444ac8cb649fdaab116564d0e72d0] 10.0.0.231 "DELETE /resource_providers/919c7327-475b-4d0d-836b-e1a7b7e8c55b" status: 404 len: 246 microversion: 1.1 [pid: 7|app: 0|req: 495/994] 10.0.0.231 () {34 vars in 825 bytes} [Sat May 9 06:33:09 2026] DELETE /resource_providers/919c7327-475b-4d0d-836b-e1a7b7e8c55b => generated 246 bytes in 12 msecs (HTTP/1.1 404) 6 headers in 231 bytes (1 switches on core 0)
2026-05-09 06:33:09.389 7 INFO placement.requestlog [None req-48ec0545-c9f2-47f3-853c-d63a2eb9a2af 213b439b2ef749cba275d55974855653 2e02d35680164b7fba0d2fc3ee0573bf - - 281444ac8cb649fdaab116564d0e72d0 281444ac8cb649fdaab116564d0e72d0] 10.0.0.231 "GET /resource_providers/8d7cc336-a59c-4a14-936f-30e1c6064f44/aggregates" status: 404 len: 235 microversion: 1.1 [pid: 7|app: 0|req: 496/995] 10.0.0.231 () {32 vars in 825 bytes} [Sat May 9 06:33:09 2026] GET /resource_providers/8d7cc336-a59c-4a14-936f-30e1c6064f44/aggregates => generated 235 bytes in 12 msecs (HTTP/1.1 404) 5 headers in 202 bytes (1 switches on core 0)
2026-05-09 06:33:09.391 8 INFO placement.requestlog [None req-d379e80f-d1bf-4bab-8a88-98cae7a08578 213b439b2ef749cba275d55974855653 2e02d35680164b7fba0d2fc3ee0573bf - - 281444ac8cb649fdaab116564d0e72d0 281444ac8cb649fdaab116564d0e72d0] 10.0.0.231 "GET /resource_providers/8d7cc336-a59c-4a14-936f-30e1c6064f44/aggregates" status: 404 len: 235 microversion: 1.1 [pid: 8|app: 0|req: 500/996] 10.0.0.231 () {32 vars in 825 bytes} [Sat May 9 06:33:09 2026] GET /resource_providers/8d7cc336-a59c-4a14-936f-30e1c6064f44/aggregates => generated 235 bytes in 15 msecs (HTTP/1.1 404) 5 headers in 202 bytes (1 switches on core 0)
2026-05-09 06:33:09.425 7 INFO placement.requestlog [None req-cc775795-0f8c-4450-9209-69ea283f50cc 213b439b2ef749cba275d55974855653 2e02d35680164b7fba0d2fc3ee0573bf - - 281444ac8cb649fdaab116564d0e72d0 281444ac8cb649fdaab116564d0e72d0] 10.0.0.231 "DELETE /resource_providers/8d7cc336-a59c-4a14-936f-30e1c6064f44" status: 404 len: 246 microversion: 1.1 [pid: 7|app: 0|req: 497/997] 10.0.0.231 () {34 vars in 825 bytes} [Sat May 9 06:33:09 2026] DELETE /resource_providers/8d7cc336-a59c-4a14-936f-30e1c6064f44 => generated 246 bytes in 10 msecs (HTTP/1.1 404) 6 headers in 231 bytes (1 switches on core 0)
2026-05-09 06:33:09.425 8 INFO placement.requestlog [None req-fef3cd70-41fc-4d0a-b614-3fe4e06b79a7 213b439b2ef749cba275d55974855653 2e02d35680164b7fba0d2fc3ee0573bf - - 281444ac8cb649fdaab116564d0e72d0 281444ac8cb649fdaab116564d0e72d0] 10.0.0.231 "DELETE /resource_providers/8d7cc336-a59c-4a14-936f-30e1c6064f44" status: 404 len: 246 microversion: 1.1 [pid: 8|app: 0|req: 501/998] 10.0.0.231 () {34 vars in 825 bytes} [Sat May 9 06:33:09 2026] DELETE /resource_providers/8d7cc336-a59c-4a14-936f-30e1c6064f44 => generated 246 bytes in 11 msecs (HTTP/1.1 404) 6 headers in 231 bytes (1 switches on core 0)
2026-05-09 06:33:11.088 7 INFO placement.requestlog [None req-ae550aa7-f254-4a35-93ee-6597354f458e 213b439b2ef749cba275d55974855653 2e02d35680164b7fba0d2fc3ee0573bf - - 281444ac8cb649fdaab116564d0e72d0 281444ac8cb649fdaab116564d0e72d0] 10.0.0.231 "GET /resource_providers/3cf84221-308b-4c54-9202-531f2fc01405/aggregates" status: 404 len: 235 microversion: 1.1 [pid: 7|app: 0|req: 498/999] 10.0.0.231 () {32 vars in 825 bytes} [Sat May 9 06:33:11 2026] GET /resource_providers/3cf84221-308b-4c54-9202-531f2fc01405/aggregates => generated 235 bytes in 10 msecs (HTTP/1.1 404) 5 headers in 202 bytes (1 switches on core 0)
2026-05-09 06:33:11.097 8 INFO placement.requestlog [None req-6049ef17-342f-4e57-8b4e-42dc2899d584 213b439b2ef749cba275d55974855653 2e02d35680164b7fba0d2fc3ee0573bf - - 281444ac8cb649fdaab116564d0e72d0 281444ac8cb649fdaab116564d0e72d0] 10.0.0.231 "GET /resource_providers/3cf84221-308b-4c54-9202-531f2fc01405/aggregates" status: 404 len: 235 microversion: 1.1 [pid: 8|app: 0|req: 502/1000] 10.0.0.231 () {32 vars in 825 bytes} [Sat May 9 06:33:11 2026] GET /resource_providers/3cf84221-308b-4c54-9202-531f2fc01405/aggregates => generated 235 bytes in 13 msecs (HTTP/1.1 404) 5 headers in 202 bytes (1 switches on core 0)
2026-05-09 06:33:11.115 7 INFO placement.requestlog [None req-b1b3f4ad-decc-448b-9b4f-72356450f1f1 213b439b2ef749cba275d55974855653 2e02d35680164b7fba0d2fc3ee0573bf - - 281444ac8cb649fdaab116564d0e72d0 281444ac8cb649fdaab116564d0e72d0] 10.0.0.231 "DELETE /resource_providers/3cf84221-308b-4c54-9202-531f2fc01405" status: 404 len: 246 microversion: 1.1 [pid: 7|app: 0|req: 499/1001] 10.0.0.231 () {34 vars in 825 bytes} [Sat May 9 06:33:11 2026] DELETE /resource_providers/3cf84221-308b-4c54-9202-531f2fc01405 => generated 246 bytes in 13 msecs (HTTP/1.1 404) 6 headers in 231 bytes (1 switches on core 0)
2026-05-09 06:33:11.131 8 INFO placement.requestlog [None req-f461d954-94c0-4895-b76d-3cf00be1fd11 213b439b2ef749cba275d55974855653 2e02d35680164b7fba0d2fc3ee0573bf - - 281444ac8cb649fdaab116564d0e72d0 281444ac8cb649fdaab116564d0e72d0] 10.0.0.231 "DELETE /resource_providers/3cf84221-308b-4c54-9202-531f2fc01405" status: 404 len: 246 microversion: 1.1 [pid: 8|app: 0|req: 503/1002] 10.0.0.231 () {34 vars in 825 bytes} [Sat May 9 06:33:11 2026] DELETE /resource_providers/3cf84221-308b-4c54-9202-531f2fc01405 => generated 246 bytes in 12 msecs (HTTP/1.1 404) 6 headers in 231 bytes (1 switches on core 0)
2026-05-09 06:33:12.681 8 INFO placement.requestlog [None req-ea9e3bea-5f51-4f07-8922-ddb28a565d5a 213b439b2ef749cba275d55974855653 2e02d35680164b7fba0d2fc3ee0573bf - - 281444ac8cb649fdaab116564d0e72d0 281444ac8cb649fdaab116564d0e72d0] 10.0.0.231 "GET /resource_providers/323eee7b-2200-490c-aefe-c5ba61f4b066/aggregates" status: 404 len: 235 microversion: 1.1 [pid: 8|app: 0|req: 504/1003] 10.0.0.231 () {32 vars in 825 bytes} [Sat May 9 06:33:12 2026] GET /resource_providers/323eee7b-2200-490c-aefe-c5ba61f4b066/aggregates => generated 235 bytes in 10 msecs (HTTP/1.1 404) 5 headers in 202 bytes (1 switches on core 0)
2026-05-09 06:33:12.687 7 INFO placement.requestlog [None req-2aca54d1-7fde-4835-b71a-3fcdbf81a9a2 213b439b2ef749cba275d55974855653 2e02d35680164b7fba0d2fc3ee0573bf - - 281444ac8cb649fdaab116564d0e72d0 281444ac8cb649fdaab116564d0e72d0] 10.0.0.231 "GET /resource_providers/323eee7b-2200-490c-aefe-c5ba61f4b066/aggregates" status: 404 len: 235 microversion: 1.1 [pid: 7|app: 0|req: 500/1004] 10.0.0.231 () {32 vars in 825 bytes} [Sat May 9 06:33:12 2026] GET /resource_providers/323eee7b-2200-490c-aefe-c5ba61f4b066/aggregates => generated 235 bytes in 16 msecs (HTTP/1.1 404) 5 headers in 202 bytes (1 switches on core 0)
2026-05-09 06:33:12.696 8 INFO placement.requestlog [None req-e8c06a17-f57a-49ea-a777-a63d2a46d50c 213b439b2ef749cba275d55974855653 2e02d35680164b7fba0d2fc3ee0573bf - - 281444ac8cb649fdaab116564d0e72d0 281444ac8cb649fdaab116564d0e72d0] 10.0.0.231 "DELETE /resource_providers/323eee7b-2200-490c-aefe-c5ba61f4b066" status: 404 len: 246 microversion: 1.1 [pid: 8|app: 0|req: 505/1005] 10.0.0.231 () {34 vars in 825 bytes} [Sat May 9 06:33:12 2026] DELETE /resource_providers/323eee7b-2200-490c-aefe-c5ba61f4b066 => generated 246 bytes in 10 msecs (HTTP/1.1 404) 6 headers in 231 bytes (1 switches on core 0)
2026-05-09 06:33:12.718 7 INFO placement.requestlog [None req-2a0a3072-fd47-42b8-999d-a2a9736be4c8 213b439b2ef749cba275d55974855653 2e02d35680164b7fba0d2fc3ee0573bf - - 281444ac8cb649fdaab116564d0e72d0 281444ac8cb649fdaab116564d0e72d0] 10.0.0.231 "DELETE /resource_providers/323eee7b-2200-490c-aefe-c5ba61f4b066" status: 404 len: 246 microversion: 1.1 [pid: 7|app: 0|req: 501/1006] 10.0.0.231 () {34 vars in 825 bytes} [Sat May 9 06:33:12 2026] DELETE /resource_providers/323eee7b-2200-490c-aefe-c5ba61f4b066 => generated 246 bytes in 15 msecs (HTTP/1.1 404) 6 headers in 231 bytes (1 switches on core 0)
2026-05-09 06:33:13.499 7 INFO placement.requestlog [None req-e135e953-ffc2-4099-8565-26e96d11c17f 213b439b2ef749cba275d55974855653 2e02d35680164b7fba0d2fc3ee0573bf - - 281444ac8cb649fdaab116564d0e72d0 281444ac8cb649fdaab116564d0e72d0] 10.0.0.231 "GET /resource_providers/3acb7f93-77db-4a22-b41a-5e1198e23fa2/aggregates" status: 404 len: 235 microversion: 1.1 [pid: 7|app: 0|req: 502/1007] 10.0.0.231 () {32 vars in 825 bytes} [Sat May 9 06:33:13 2026] GET /resource_providers/3acb7f93-77db-4a22-b41a-5e1198e23fa2/aggregates => generated 235 bytes in 13 msecs (HTTP/1.1 404) 5 headers in 202 bytes (1 switches on core 0)
2026-05-09 06:33:13.505 8 INFO placement.requestlog [None req-6052e718-028d-403d-a238-6fb0c7efe194 213b439b2ef749cba275d55974855653 2e02d35680164b7fba0d2fc3ee0573bf - - 281444ac8cb649fdaab116564d0e72d0 281444ac8cb649fdaab116564d0e72d0] 10.0.0.231 "GET /resource_providers/3acb7f93-77db-4a22-b41a-5e1198e23fa2/aggregates" status: 404 len: 235 microversion: 1.1 [pid: 8|app: 0|req: 506/1008] 10.0.0.231 () {32 vars in 825 bytes} [Sat May 9 06:33:13 2026] GET /resource_providers/3acb7f93-77db-4a22-b41a-5e1198e23fa2/aggregates => generated 235 bytes in 19 msecs (HTTP/1.1 404) 5 headers in 202 bytes (1 switches on core 0)
2026-05-09 06:33:13.531 7 INFO placement.requestlog [None req-4d41171a-087f-4d71-a0b5-6dd781ff9d9b 213b439b2ef749cba275d55974855653 2e02d35680164b7fba0d2fc3ee0573bf - - 281444ac8cb649fdaab116564d0e72d0 281444ac8cb649fdaab116564d0e72d0] 10.0.0.231 "DELETE /resource_providers/3acb7f93-77db-4a22-b41a-5e1198e23fa2" status: 404 len: 246 microversion: 1.1 [pid: 7|app: 0|req: 503/1009] 10.0.0.231 () {34 vars in 825 bytes} [Sat May 9 06:33:13 2026] DELETE /resource_providers/3acb7f93-77db-4a22-b41a-5e1198e23fa2 => generated 246 bytes in 13 msecs (HTTP/1.1 404) 6 headers in 231 bytes (1 switches on core 0)
2026-05-09 06:33:13.537 8 INFO placement.requestlog [None req-50d01a64-fffc-45b1-b32e-4fab10573bb7 213b439b2ef749cba275d55974855653 2e02d35680164b7fba0d2fc3ee0573bf - - 281444ac8cb649fdaab116564d0e72d0 281444ac8cb649fdaab116564d0e72d0] 10.0.0.231 "DELETE /resource_providers/3acb7f93-77db-4a22-b41a-5e1198e23fa2" status: 404 len: 246 microversion: 1.1 [pid: 8|app: 0|req: 507/1010] 10.0.0.231 () {34 vars in 825 bytes} [Sat May 9 06:33:13 2026] DELETE /resource_providers/3acb7f93-77db-4a22-b41a-5e1198e23fa2 => generated 246 bytes in 15 msecs (HTTP/1.1 404) 6 headers in 231 bytes (1 switches on core 0)
2026-05-09 06:33:14.723 7 INFO placement.requestlog [None req-d618e497-adec-4b1c-9f7d-82c2ae780227 213b439b2ef749cba275d55974855653 2e02d35680164b7fba0d2fc3ee0573bf - - 281444ac8cb649fdaab116564d0e72d0 281444ac8cb649fdaab116564d0e72d0] 10.0.0.231 "GET /resource_providers/50224696-7a34-435f-be5f-1634368fb904/aggregates" status: 404 len: 235 microversion: 1.1 [pid: 7|app: 0|req: 504/1011] 10.0.0.231 () {32 vars in 825 bytes} [Sat May 9 06:33:14 2026] GET /resource_providers/50224696-7a34-435f-be5f-1634368fb904/aggregates => generated 235 bytes in 14 msecs (HTTP/1.1 404) 5 headers in 202 bytes (1 switches on core 0)
2026-05-09 06:33:14.740 7 INFO placement.requestlog [None req-9dd06b9f-772d-4d3e-a228-6c2ea2933524 213b439b2ef749cba275d55974855653 2e02d35680164b7fba0d2fc3ee0573bf - - 281444ac8cb649fdaab116564d0e72d0 281444ac8cb649fdaab116564d0e72d0] 10.0.0.231 "DELETE /resource_providers/50224696-7a34-435f-be5f-1634368fb904" status: 404 len: 246 microversion: 1.1 [pid: 7|app: 0|req: 505/1012] 10.0.0.231 () {34 vars in 825 bytes} [Sat May 9 06:33:14 2026] DELETE /resource_providers/50224696-7a34-435f-be5f-1634368fb904 => generated 246 bytes in 9 msecs (HTTP/1.1 404) 6 headers in 231 bytes (1 switches on core 0)
2026-05-09 06:33:14.743 8 INFO placement.requestlog [None req-e60e021c-5dff-4230-b035-8cd211a6c1bd 213b439b2ef749cba275d55974855653 2e02d35680164b7fba0d2fc3ee0573bf - - 281444ac8cb649fdaab116564d0e72d0 281444ac8cb649fdaab116564d0e72d0] 10.0.0.231 "GET /resource_providers/50224696-7a34-435f-be5f-1634368fb904/aggregates" status: 404 len: 235 microversion: 1.1 [pid: 8|app: 0|req: 508/1013] 10.0.0.231 () {32 vars in 825 bytes} [Sat May 9 06:33:14 2026] GET /resource_providers/50224696-7a34-435f-be5f-1634368fb904/aggregates => generated 235 bytes in 12 msecs (HTTP/1.1 404) 5 headers in 202 bytes (1 switches on core 0)
2026-05-09 06:33:14.759 8 INFO placement.requestlog [None req-3fba2fed-64fe-4efc-b863-70dce5a6cf73 213b439b2ef749cba275d55974855653 2e02d35680164b7fba0d2fc3ee0573bf - - 281444ac8cb649fdaab116564d0e72d0 281444ac8cb649fdaab116564d0e72d0] 10.0.0.231 "DELETE /resource_providers/50224696-7a34-435f-be5f-1634368fb904" status: 404 len: 246 microversion: 1.1 [pid: 8|app: 0|req: 509/1014] 10.0.0.231 () {34 vars in 825 bytes} [Sat May 9 06:33:14 2026] DELETE /resource_providers/50224696-7a34-435f-be5f-1634368fb904 => generated 246 bytes in 8 msecs (HTTP/1.1 404) 6 headers in 231 bytes (1 switches on core 0)
2026-05-09 06:33:14.763 7 INFO placement.requestlog [None req-e90d01bf-ecd2-4c25-ba9b-562221dc44f1 213b439b2ef749cba275d55974855653 2e02d35680164b7fba0d2fc3ee0573bf - - 281444ac8cb649fdaab116564d0e72d0 281444ac8cb649fdaab116564d0e72d0] 10.0.0.231 "GET /resource_providers/ed1ec7b3-dec8-4998-afb7-ad088f558351/aggregates" status: 404 len: 235 microversion: 1.1 [pid: 7|app: 0|req: 506/1015] 10.0.0.231 () {32 vars in 825 bytes} [Sat May 9 06:33:14 2026] GET /resource_providers/ed1ec7b3-dec8-4998-afb7-ad088f558351/aggregates => generated 235 bytes in 12 msecs (HTTP/1.1 404) 5 headers in 202 bytes (1 switches on core 0)
2026-05-09 06:33:14.784 7 INFO placement.requestlog [None req-723d02f0-1eb2-490b-89ee-d6b74176b9f3 213b439b2ef749cba275d55974855653 2e02d35680164b7fba0d2fc3ee0573bf - - 281444ac8cb649fdaab116564d0e72d0 281444ac8cb649fdaab116564d0e72d0] 10.0.0.231 "DELETE /resource_providers/ed1ec7b3-dec8-4998-afb7-ad088f558351" status: 404 len: 246 microversion: 1.1 [pid: 7|app: 0|req: 507/1016] 10.0.0.231 () {34 vars in 825 bytes} [Sat May 9 06:33:14 2026] DELETE /resource_providers/ed1ec7b3-dec8-4998-afb7-ad088f558351 => generated 246 bytes in 11 msecs (HTTP/1.1 404) 6 headers in 231 bytes (1 switches on core 0)
2026-05-09 06:33:14.785 8 INFO placement.requestlog [None req-20e22d77-cf93-45dd-a086-0e925479336d 213b439b2ef749cba275d55974855653 2e02d35680164b7fba0d2fc3ee0573bf - - 281444ac8cb649fdaab116564d0e72d0 281444ac8cb649fdaab116564d0e72d0] 10.0.0.231 "GET /resource_providers/ed1ec7b3-dec8-4998-afb7-ad088f558351/aggregates" status: 404 len: 235 microversion: 1.1 [pid: 8|app: 0|req: 510/1017] 10.0.0.231 () {32 vars in 825 bytes} [Sat May 9 06:33:14 2026] GET /resource_providers/ed1ec7b3-dec8-4998-afb7-ad088f558351/aggregates => generated 235 bytes in 13 msecs (HTTP/1.1 404) 5 headers in 202 bytes (1 switches on core 0)
2026-05-09 06:33:14.801 7 INFO placement.requestlog [None req-2018882e-1bc0-460c-a8c9-6c52c31f7982 213b439b2ef749cba275d55974855653 2e02d35680164b7fba0d2fc3ee0573bf - - 281444ac8cb649fdaab116564d0e72d0 281444ac8cb649fdaab116564d0e72d0] 10.0.0.231 "GET /resource_providers/dd7903b9-8c65-4657-9fcd-419bcc9372d7/aggregates" status: 404 len: 235 microversion: 1.1 [pid: 7|app: 0|req: 508/1018] 10.0.0.231 () {32 vars in 825 bytes} [Sat May 9 06:33:14 2026] GET /resource_providers/dd7903b9-8c65-4657-9fcd-419bcc9372d7/aggregates => generated 235 bytes in 10 msecs (HTTP/1.1 404) 5 headers in 202 bytes (1 switches on core 0)
2026-05-09 06:33:14.805 8 INFO placement.requestlog [None req-ab9ce527-8d7c-4276-be01-35e70097a9bf 213b439b2ef749cba275d55974855653 2e02d35680164b7fba0d2fc3ee0573bf - - 281444ac8cb649fdaab116564d0e72d0 281444ac8cb649fdaab116564d0e72d0] 10.0.0.231 "DELETE /resource_providers/ed1ec7b3-dec8-4998-afb7-ad088f558351" status: 404 len: 246 microversion: 1.1 [pid: 8|app: 0|req: 511/1019] 10.0.0.231 () {34 vars in 825 bytes} [Sat May 9 06:33:14 2026] DELETE /resource_providers/ed1ec7b3-dec8-4998-afb7-ad088f558351 => generated 246 bytes in 10 msecs (HTTP/1.1 404) 6 headers in 231 bytes (1 switches on core 0)
2026-05-09 06:33:14.818 8 INFO placement.requestlog [None req-8b479d0b-f077-42db-b10a-98586961c2ed 213b439b2ef749cba275d55974855653 2e02d35680164b7fba0d2fc3ee0573bf - - 281444ac8cb649fdaab116564d0e72d0 281444ac8cb649fdaab116564d0e72d0] 10.0.0.231 "GET /resource_providers/dd7903b9-8c65-4657-9fcd-419bcc9372d7/aggregates" status: 404 len: 235 microversion: 1.1
2026-05-09 06:33:14.818 7 INFO placement.requestlog [None req-07e53a83-34cc-4e8b-b382-5b54e7e1a976 213b439b2ef749cba275d55974855653 2e02d35680164b7fba0d2fc3ee0573bf - - 281444ac8cb649fdaab116564d0e72d0 281444ac8cb649fdaab116564d0e72d0] 10.0.0.231 "DELETE /resource_providers/dd7903b9-8c65-4657-9fcd-419bcc9372d7" status: 404 len: 246 microversion: 1.1 [pid: 8|app: 0|req: 512/1020] 10.0.0.231 () {32 vars in 825 bytes} [Sat May 9 06:33:14 2026] GET /resource_providers/dd7903b9-8c65-4657-9fcd-419bcc9372d7/aggregates => generated 235 bytes in 8 msecs (HTTP/1.1 404) 5 headers in 202 bytes (1 switches on core 0) [pid: 7|app: 0|req: 509/1021] 10.0.0.231 () {34 vars in 825 bytes} [Sat May 9 06:33:14 2026] DELETE /resource_providers/dd7903b9-8c65-4657-9fcd-419bcc9372d7 => generated 246 bytes in 12 msecs (HTTP/1.1 404) 6 headers in 231 bytes (1 switches on core 0)
2026-05-09 06:33:14.830 8 INFO placement.requestlog [None req-6bddb9ac-4f08-45f7-b57f-21aa1ff68c2c 213b439b2ef749cba275d55974855653 2e02d35680164b7fba0d2fc3ee0573bf - - 281444ac8cb649fdaab116564d0e72d0 281444ac8cb649fdaab116564d0e72d0] 10.0.0.231 "DELETE /resource_providers/dd7903b9-8c65-4657-9fcd-419bcc9372d7" status: 404 len: 246 microversion: 1.1 [pid: 8|app: 0|req: 513/1022] 10.0.0.231 () {34 vars in 825 bytes} [Sat May 9 06:33:14 2026] DELETE /resource_providers/dd7903b9-8c65-4657-9fcd-419bcc9372d7 => generated 246 bytes in 7 msecs (HTTP/1.1 404) 6 headers in 231 bytes (1 switches on core 0)
2026-05-09 06:33:15.554 7 INFO placement.requestlog [None req-fdd12c4c-0059-48e9-9631-2c6234f19b79 213b439b2ef749cba275d55974855653 2e02d35680164b7fba0d2fc3ee0573bf - - 281444ac8cb649fdaab116564d0e72d0 281444ac8cb649fdaab116564d0e72d0] 10.0.0.231 "GET /resource_providers/e6cee4f8-e433-4546-b8fa-56b7c1e6f463/aggregates" status: 404 len: 235 microversion: 1.1 [pid: 7|app: 0|req: 510/1023] 10.0.0.231 () {32 vars in 825 bytes} [Sat May 9 06:33:15 2026] GET /resource_providers/e6cee4f8-e433-4546-b8fa-56b7c1e6f463/aggregates => generated 235 bytes in 11 msecs (HTTP/1.1 404) 5 headers in 202 bytes (1 switches on core 0)
2026-05-09 06:33:15.562 8 INFO placement.requestlog [None req-6fe1616e-7eca-4e2b-a415-a0f75277673d 213b439b2ef749cba275d55974855653 2e02d35680164b7fba0d2fc3ee0573bf - - 281444ac8cb649fdaab116564d0e72d0 281444ac8cb649fdaab116564d0e72d0] 10.0.0.231 "GET /resource_providers/e6cee4f8-e433-4546-b8fa-56b7c1e6f463/aggregates" status: 404 len: 235 microversion: 1.1 [pid: 8|app: 0|req: 514/1024] 10.0.0.231 () {32 vars in 825 bytes} [Sat May 9 06:33:15 2026] GET /resource_providers/e6cee4f8-e433-4546-b8fa-56b7c1e6f463/aggregates => generated 235 bytes in 15 msecs (HTTP/1.1 404) 5 headers in 202 bytes (1 switches on core 0)
2026-05-09 06:33:15.576 7 INFO placement.requestlog [None req-6fcb959c-fa3b-4892-a857-d8503d5dd13a 213b439b2ef749cba275d55974855653 2e02d35680164b7fba0d2fc3ee0573bf - - 281444ac8cb649fdaab116564d0e72d0 281444ac8cb649fdaab116564d0e72d0] 10.0.0.231 "DELETE /resource_providers/e6cee4f8-e433-4546-b8fa-56b7c1e6f463" status: 404 len: 246 microversion: 1.1 [pid: 7|app: 0|req: 511/1025] 10.0.0.231 () {34 vars in 825 bytes} [Sat May 9 06:33:15 2026] DELETE /resource_providers/e6cee4f8-e433-4546-b8fa-56b7c1e6f463 => generated 246 bytes in 16 msecs (HTTP/1.1 404) 6 headers in 231 bytes (1 switches on core 0)
2026-05-09 06:33:15.579 8 INFO placement.requestlog [None req-1fb645ed-a249-4a73-8708-541a6bedff97 213b439b2ef749cba275d55974855653 2e02d35680164b7fba0d2fc3ee0573bf - - 281444ac8cb649fdaab116564d0e72d0 281444ac8cb649fdaab116564d0e72d0] 10.0.0.231 "DELETE /resource_providers/e6cee4f8-e433-4546-b8fa-56b7c1e6f463" status: 404 len: 246 microversion: 1.1 [pid: 8|app: 0|req: 515/1026] 10.0.0.231 () {34 vars in 825 bytes} [Sat May 9 06:33:15 2026] DELETE /resource_providers/e6cee4f8-e433-4546-b8fa-56b7c1e6f463 => generated 246 bytes in 10 msecs (HTTP/1.1 404) 6 headers in 231 bytes (1 switches on core 0)
2026-05-09 06:33:16.263 8 INFO placement.requestlog [None req-a60ec1dc-a2c2-44ae-819e-11794882cbd2 - - - - - -] 10.0.0.198 "GET /" status: 200 len: 136 microversion: 1.0
2026-05-09 06:33:16.263 7 INFO placement.requestlog [None req-936ef4fb-80a6-41ae-9207-4559d8420bc0 - - - - - -] 10.0.0.198 "GET /" status: 200 len: 136 microversion: 1.0
2026-05-09 06:33:26.264 7 INFO placement.requestlog [None req-dd4df740-8a07-40e0-be00-f31a532dd50d - - - - - -] 10.0.0.198 "GET /" status: 200 len: 136 microversion: 1.0
2026-05-09 06:33:26.264 8 INFO placement.requestlog [None req-bd7d32da-4e93-41ba-91da-06d14fac69b3 - - - - - -] 10.0.0.198 "GET /" status: 200 len: 136 microversion: 1.0
2026-05-09 06:33:36.263 8 INFO placement.requestlog [None req-3e74785a-a0b4-4025-8df0-7ae56507b633 - - - - - -] 10.0.0.198 "GET /" status: 200 len: 136 microversion: 1.0
2026-05-09 06:33:36.264 7 INFO placement.requestlog [None req-4fd7eb6c-9eca-4a8b-b36b-2520b5428138 - - - - - -] 10.0.0.198 "GET /" status: 200 len: 136 microversion: 1.0
2026-05-09 06:33:37.929 8 INFO placement.requestlog [req-3195f44a-5bbd-46b1-8a30-b9df46ac9162 req-c18cb04c-b355-456d-8ffa-0979d7deb83b 81c81caa5cda4720a2e8c86acb830b40 2e02d35680164b7fba0d2fc3ee0573bf - - 281444ac8cb649fdaab116564d0e72d0 281444ac8cb649fdaab116564d0e72d0] 199.204.45.216 "GET /resource_providers/24dc3d4d-fa4a-46f2-97ab-b4973309b556/allocations" status: 200 len: 55 microversion: 1.0 [pid: 8|app: 0|req: 519/1033] 199.204.45.216 () {32 vars in 857 bytes} [Sat May 9 06:33:37 2026] GET /resource_providers/24dc3d4d-fa4a-46f2-97ab-b4973309b556/allocations => generated 55 bytes in 152 msecs (HTTP/1.1 200) 6 headers in 223 bytes (1 switches on core 0)
2026-05-09 06:33:38.189 7 INFO placement.requestlog [req-3195f44a-5bbd-46b1-8a30-b9df46ac9162 req-46b7f2e3-6de3-47d7-a47f-28d32ef4f3b5 81c81caa5cda4720a2e8c86acb830b40 2e02d35680164b7fba0d2fc3ee0573bf - - 281444ac8cb649fdaab116564d0e72d0 281444ac8cb649fdaab116564d0e72d0] 199.204.45.216 "GET /resource_providers/24dc3d4d-fa4a-46f2-97ab-b4973309b556/allocations" status: 200 len: 55 microversion: 1.0 [pid: 7|app: 0|req: 515/1034] 199.204.45.216 () {32 vars in 857 bytes} [Sat May 9 06:33:38 2026] GET /resource_providers/24dc3d4d-fa4a-46f2-97ab-b4973309b556/allocations => generated 55 bytes in 16 msecs (HTTP/1.1 200) 6 headers in 223 bytes (1 switches on core 0)
2026-05-09 06:33:41.538 8 INFO placement.requestlog [None req-a4c5178f-2586-42ab-9073-650571cacbba 213b439b2ef749cba275d55974855653 2e02d35680164b7fba0d2fc3ee0573bf - - 281444ac8cb649fdaab116564d0e72d0 281444ac8cb649fdaab116564d0e72d0] 10.0.0.231 "GET /resource_providers/2983dfe8-9914-4e87-8af5-0be5d96611ec/aggregates" status: 404 len: 235 microversion: 1.1 [pid: 8|app: 0|req: 520/1035] 10.0.0.231 () {32 vars in 825 bytes} [Sat May 9 06:33:41 2026] GET /resource_providers/2983dfe8-9914-4e87-8af5-0be5d96611ec/aggregates => generated 235 bytes in 12 msecs (HTTP/1.1 404) 5 headers in 202 bytes (1 switches on core 0)
2026-05-09 06:33:41.539 7 INFO placement.requestlog [None req-df4e5f13-e3f6-45c2-a0d1-ad69b99b2432 213b439b2ef749cba275d55974855653 2e02d35680164b7fba0d2fc3ee0573bf - - 281444ac8cb649fdaab116564d0e72d0 281444ac8cb649fdaab116564d0e72d0] 10.0.0.231 "GET /resource_providers/2983dfe8-9914-4e87-8af5-0be5d96611ec/aggregates" status: 404 len: 235 microversion: 1.1 [pid: 7|app: 0|req: 516/1036] 10.0.0.231 () {32 vars in 825 bytes} [Sat May 9 06:33:41 2026] GET /resource_providers/2983dfe8-9914-4e87-8af5-0be5d96611ec/aggregates => generated 235 bytes in 13 msecs (HTTP/1.1 404) 5 headers in 202 bytes (1 switches on core 0)
2026-05-09 06:33:41.555 8 INFO placement.requestlog [None req-c0305676-f9f6-4191-9ce5-ac2872f7b4ee 213b439b2ef749cba275d55974855653 2e02d35680164b7fba0d2fc3ee0573bf - - 281444ac8cb649fdaab116564d0e72d0 281444ac8cb649fdaab116564d0e72d0] 10.0.0.231 "DELETE /resource_providers/2983dfe8-9914-4e87-8af5-0be5d96611ec" status: 404 len: 246 microversion: 1.1 [pid: 8|app: 0|req: 521/1037] 10.0.0.231 () {34 vars in 825 bytes} [Sat May 9 06:33:41 2026] DELETE /resource_providers/2983dfe8-9914-4e87-8af5-0be5d96611ec => generated 246 bytes in 9 msecs (HTTP/1.1 404) 6 headers in 231 bytes (1 switches on core 0)
2026-05-09 06:33:41.576 7 INFO placement.requestlog [None req-fa3c6a6d-dc46-438d-973b-c6d28d7415b3 213b439b2ef749cba275d55974855653 2e02d35680164b7fba0d2fc3ee0573bf - - 281444ac8cb649fdaab116564d0e72d0 281444ac8cb649fdaab116564d0e72d0] 10.0.0.231 "DELETE /resource_providers/2983dfe8-9914-4e87-8af5-0be5d96611ec" status: 404 len: 246 microversion: 1.1 [pid: 7|app: 0|req: 517/1038] 10.0.0.231 () {34 vars in 825 bytes} [Sat May 9 06:33:41 2026] DELETE /resource_providers/2983dfe8-9914-4e87-8af5-0be5d96611ec => generated 246 bytes in 13 msecs (HTTP/1.1 404) 6 headers in 231 bytes (1 switches on core 0)
2026-05-09 06:33:46.263 8 INFO placement.requestlog [None req-f07a51f3-5c7c-4bc0-a6ab-ec197d6904c8 - - - - - -] 10.0.0.198 "GET /" status: 200 len: 136 microversion: 1.0
2026-05-09 06:33:46.265 7 INFO placement.requestlog [None req-b2c05d06-6204-41bc-a01f-ce99b368008e - - - - - -] 10.0.0.198 "GET /" status: 200 len: 136 microversion: 1.0
2026-05-09 06:33:48.341 8 INFO placement.requestlog [None req-bf5599c7-455a-4019-a166-f4a56797a323 213b439b2ef749cba275d55974855653 2e02d35680164b7fba0d2fc3ee0573bf - - 281444ac8cb649fdaab116564d0e72d0 281444ac8cb649fdaab116564d0e72d0] 10.0.0.231 "GET /resource_providers/087828c3-9306-49c8-914e-17b435c4b056/aggregates" status: 404 len: 235 microversion: 1.1 [pid: 8|app: 0|req: 523/1041] 10.0.0.231 () {32 vars in 825 bytes} [Sat May 9 06:33:48 2026] GET /resource_providers/087828c3-9306-49c8-914e-17b435c4b056/aggregates => generated 235 bytes in 14 msecs (HTTP/1.1 404) 5 headers in 202 bytes (1 switches on core 0)
2026-05-09 06:33:48.342 7 INFO placement.requestlog [None req-be9865eb-2c2c-458d-b6d7-901c5afc9103 213b439b2ef749cba275d55974855653 2e02d35680164b7fba0d2fc3ee0573bf - - 281444ac8cb649fdaab116564d0e72d0 281444ac8cb649fdaab116564d0e72d0] 10.0.0.231 "GET /resource_providers/087828c3-9306-49c8-914e-17b435c4b056/aggregates" status: 404 len: 235 microversion: 1.1 [pid: 7|app: 0|req: 519/1042] 10.0.0.231 () {32 vars in 825 bytes} [Sat May 9 06:33:48 2026] GET /resource_providers/087828c3-9306-49c8-914e-17b435c4b056/aggregates => generated 235 bytes in 15 msecs (HTTP/1.1 404) 5 headers in 202 bytes (1 switches on core 0)
2026-05-09 06:33:48.373 8 INFO placement.requestlog [None req-3b32c569-3d01-4e62-bf65-865c82f08daa 213b439b2ef749cba275d55974855653 2e02d35680164b7fba0d2fc3ee0573bf - - 281444ac8cb649fdaab116564d0e72d0 281444ac8cb649fdaab116564d0e72d0] 10.0.0.231 "DELETE /resource_providers/087828c3-9306-49c8-914e-17b435c4b056" status: 404 len: 246 microversion: 1.1
2026-05-09 06:33:48.373 7 INFO placement.requestlog [None req-cbb27cb9-4d0b-41b0-b1ec-f1342ed8df91 213b439b2ef749cba275d55974855653 2e02d35680164b7fba0d2fc3ee0573bf - - 281444ac8cb649fdaab116564d0e72d0 281444ac8cb649fdaab116564d0e72d0] 10.0.0.231 "DELETE /resource_providers/087828c3-9306-49c8-914e-17b435c4b056" status: 404 len: 246 microversion: 1.1 [pid: 8|app: 0|req: 524/1043] 10.0.0.231 () {34 vars in 825 bytes} [Sat May 9 06:33:48 2026] DELETE /resource_providers/087828c3-9306-49c8-914e-17b435c4b056 => generated 246 bytes in 11 msecs (HTTP/1.1 404) 6 headers in 231 bytes (1 switches on core 0) [pid: 7|app: 0|req: 520/1044] 10.0.0.231 () {34 vars in 825 bytes} [Sat May 9 06:33:48 2026] DELETE /resource_providers/087828c3-9306-49c8-914e-17b435c4b056 => generated 246 bytes in 10 msecs (HTTP/1.1 404) 6 headers in 231 bytes (1 switches on core 0)
2026-05-09 06:33:48.816 8 INFO placement.requestlog [None req-2e5f6dc8-ca62-48de-9cd0-048a7bdbfe96 213b439b2ef749cba275d55974855653 2e02d35680164b7fba0d2fc3ee0573bf - - 281444ac8cb649fdaab116564d0e72d0 281444ac8cb649fdaab116564d0e72d0] 10.0.0.231 "GET /resource_providers/862c5113-3ee1-4f44-968b-8285ecb4ac17/aggregates" status: 404 len: 235 microversion: 1.1 [pid: 8|app: 0|req: 525/1045] 10.0.0.231 () {32 vars in 825 bytes} [Sat May 9 06:33:48 2026] GET /resource_providers/862c5113-3ee1-4f44-968b-8285ecb4ac17/aggregates => generated 235 bytes in 14 msecs (HTTP/1.1 404) 5 headers in 202 bytes (1 switches on core 0)
2026-05-09 06:33:48.817 7 INFO placement.requestlog [None req-dc20a6b4-eb43-4249-b8a6-1a446d787df7 213b439b2ef749cba275d55974855653 2e02d35680164b7fba0d2fc3ee0573bf - - 281444ac8cb649fdaab116564d0e72d0 281444ac8cb649fdaab116564d0e72d0] 10.0.0.231 "GET /resource_providers/862c5113-3ee1-4f44-968b-8285ecb4ac17/aggregates" status: 404 len: 235 microversion: 1.1 [pid: 7|app: 0|req: 521/1046] 10.0.0.231 () {32 vars in 825 bytes} [Sat May 9 06:33:48 2026] GET /resource_providers/862c5113-3ee1-4f44-968b-8285ecb4ac17/aggregates => generated 235 bytes in 16 msecs (HTTP/1.1 404) 5 headers in 202 bytes (1 switches on core 0)
2026-05-09 06:33:48.842 7 INFO placement.requestlog [None req-b0f51b03-f620-40fb-bfab-71619dfd0b8b 213b439b2ef749cba275d55974855653 2e02d35680164b7fba0d2fc3ee0573bf - - 281444ac8cb649fdaab116564d0e72d0 281444ac8cb649fdaab116564d0e72d0] 10.0.0.231 "DELETE /resource_providers/862c5113-3ee1-4f44-968b-8285ecb4ac17" status: 404 len: 246 microversion: 1.1 [pid: 7|app: 0|req: 522/1047] 10.0.0.231 () {34 vars in 825 bytes} [Sat May 9 06:33:48 2026] DELETE /resource_providers/862c5113-3ee1-4f44-968b-8285ecb4ac17 => generated 246 bytes in 9 msecs (HTTP/1.1 404) 6 headers in 231 bytes (1 switches on core 0)
2026-05-09 06:33:48.844 8 INFO placement.requestlog [None req-0390379b-699d-49b2-bdba-835026c2274f 213b439b2ef749cba275d55974855653 2e02d35680164b7fba0d2fc3ee0573bf - - 281444ac8cb649fdaab116564d0e72d0 281444ac8cb649fdaab116564d0e72d0] 10.0.0.231 "DELETE /resource_providers/862c5113-3ee1-4f44-968b-8285ecb4ac17" status: 404 len: 246 microversion: 1.1 [pid: 8|app: 0|req: 526/1048] 10.0.0.231 () {34 vars in 825 bytes} [Sat May 9 06:33:48 2026] DELETE /resource_providers/862c5113-3ee1-4f44-968b-8285ecb4ac17 => generated 246 bytes in 11 msecs (HTTP/1.1 404) 6 headers in 231 bytes (1 switches on core 0)
2026-05-09 06:33:51.942 7 INFO placement.requestlog [req-45439a28-f9e3-4b2e-9ea4-ed89b93e7073 req-95625efe-c605-4f92-b6bd-18ccdfc7e313 81c81caa5cda4720a2e8c86acb830b40 2e02d35680164b7fba0d2fc3ee0573bf - - 281444ac8cb649fdaab116564d0e72d0 281444ac8cb649fdaab116564d0e72d0] 10.0.0.32 "GET /allocation_candidates?limit=1000&resources=DISK_GB%3A1%2CMEMORY_MB%3A512%2CVCPU%3A1&root_required=%21COMPUTE_STATUS_DISABLED" status: 200 len: 2147 microversion: 1.36 [pid: 7|app: 0|req: 523/1049] 10.0.0.32 () {34 vars in 1011 bytes} [Sat May 9 06:33:51 2026] GET /allocation_candidates?limit=1000&resources=DISK_GB%3A1%2CMEMORY_MB%3A512%2CVCPU%3A1&root_required=%21COMPUTE_STATUS_DISABLED => generated 2147 bytes in 44 msecs (HTTP/1.1 200) 8 headers in 297 bytes (1 switches on core 0)
2026-05-09 06:33:51.977 8 INFO placement.requestlog [req-45439a28-f9e3-4b2e-9ea4-ed89b93e7073 req-89432d84-d099-4704-bb60-98423f1c1dc2 81c81caa5cda4720a2e8c86acb830b40 2e02d35680164b7fba0d2fc3ee0573bf - - 281444ac8cb649fdaab116564d0e72d0 281444ac8cb649fdaab116564d0e72d0] 10.0.0.32 "GET /allocations/ebf0fd6b-6a27-4958-b835-c14f34a29ece" status: 200 len: 19 microversion: 1.28 [pid: 8|app: 0|req: 527/1050] 10.0.0.32 () {34 vars in 860 bytes} [Sat May 9 06:33:51 2026] GET /allocations/ebf0fd6b-6a27-4958-b835-c14f34a29ece => generated 19 bytes in 15 msecs (HTTP/1.1 200) 8 headers in 295 bytes (1 switches on core 0)
2026-05-09 06:33:52.055 7 INFO placement.requestlog [req-45439a28-f9e3-4b2e-9ea4-ed89b93e7073 req-b733cbf0-b54e-4329-9db6-0dd2d64d2d71 81c81caa5cda4720a2e8c86acb830b40 2e02d35680164b7fba0d2fc3ee0573bf - - 281444ac8cb649fdaab116564d0e72d0 281444ac8cb649fdaab116564d0e72d0] 10.0.0.32 "PUT /allocations/ebf0fd6b-6a27-4958-b835-c14f34a29ece" status: 204 len: 0 microversion: 1.36 [pid: 7|app: 0|req: 524/1051] 10.0.0.32 () {38 vars in 913 bytes} [Sat May 9 06:33:51 2026] PUT /allocations/ebf0fd6b-6a27-4958-b835-c14f34a29ece => generated 0 bytes in 69 msecs (HTTP/1.1 204) 5 headers in 199 bytes (1 switches on core 0)
2026-05-09 06:33:52.357 8 INFO placement.requestlog [req-45439a28-f9e3-4b2e-9ea4-ed89b93e7073 req-8aa519b5-80a6-4f86-ae73-9f1a3264695e 81c81caa5cda4720a2e8c86acb830b40 2e02d35680164b7fba0d2fc3ee0573bf - - 281444ac8cb649fdaab116564d0e72d0 281444ac8cb649fdaab116564d0e72d0] 199.204.45.216 "GET /allocations/ebf0fd6b-6a27-4958-b835-c14f34a29ece" status: 200 len: 258 microversion: 1.28 [pid: 8|app: 0|req: 528/1052] 199.204.45.216 () {34 vars in 863 bytes} [Sat May 9 06:33:52 2026] GET /allocations/ebf0fd6b-6a27-4958-b835-c14f34a29ece => generated 258 bytes in 16 msecs (HTTP/1.1 200) 8 headers in 296 bytes (1 switches on core 0)
2026-05-09 06:33:52.484 7 INFO placement.requestlog [req-45439a28-f9e3-4b2e-9ea4-ed89b93e7073 req-85f2e9c3-4013-420b-9bdf-c2dfd0ebd72b 81c81caa5cda4720a2e8c86acb830b40 2e02d35680164b7fba0d2fc3ee0573bf - - 281444ac8cb649fdaab116564d0e72d0 281444ac8cb649fdaab116564d0e72d0] 199.204.45.216 "GET /resource_providers/24dc3d4d-fa4a-46f2-97ab-b4973309b556/allocations" status: 200 len: 153 microversion: 1.0 [pid: 7|app: 0|req: 525/1053] 199.204.45.216 () {32 vars in 857 bytes} [Sat May 9 06:33:52 2026] GET /resource_providers/24dc3d4d-fa4a-46f2-97ab-b4973309b556/allocations => generated 153 bytes in 17 msecs (HTTP/1.1 200) 6 headers in 224 bytes (1 switches on core 0)
2026-05-09 06:33:52.508 8 INFO placement.requestlog [req-45439a28-f9e3-4b2e-9ea4-ed89b93e7073 req-e95ad904-a7e9-4482-b1d2-3f7766ca1e4f 81c81caa5cda4720a2e8c86acb830b40 2e02d35680164b7fba0d2fc3ee0573bf - - 281444ac8cb649fdaab116564d0e72d0 281444ac8cb649fdaab116564d0e72d0] 199.204.45.216 "GET /allocations/ebf0fd6b-6a27-4958-b835-c14f34a29ece" status: 200 len: 258 microversion: 1.28 [pid: 8|app: 0|req: 529/1054] 199.204.45.216 () {34 vars in 863 bytes} [Sat May 9 06:33:52 2026] GET /allocations/ebf0fd6b-6a27-4958-b835-c14f34a29ece => generated 258 bytes in 16 msecs (HTTP/1.1 200) 8 headers in 296 bytes (1 switches on core 0)
2026-05-09 06:33:56.263 7 INFO placement.requestlog [None req-63240e44-a18e-4edb-90e9-ef36e68713aa - - - - - -] 10.0.0.198 "GET /" status: 200 len: 136 microversion: 1.0
2026-05-09 06:33:56.264 8 INFO placement.requestlog [None req-fc2848db-23de-47fc-981c-38585a6df606 - - - - - -] 10.0.0.198 "GET /" status: 200 len: 136 microversion: 1.0
2026-05-09 06:34:06.264 8 INFO placement.requestlog [None req-5e578b04-ca55-45d1-b2dd-98612dd6e872 - - - - - -] 10.0.0.198 "GET /" status: 200 len: 136 microversion: 1.0
2026-05-09 06:34:06.264 7 INFO placement.requestlog [None req-4bd0b378-f4e1-4a04-ac12-ef6ded26d097 - - - - - -] 10.0.0.198 "GET /" status: 200 len: 136 microversion: 1.0
2026-05-09 06:34:15.398 8 INFO placement.requestlog [req-e9d63d2e-1812-4c2a-af6b-a7c28ef36330 req-9c8a9a69-c831-4d54-bbba-cdb04c91536a 81c81caa5cda4720a2e8c86acb830b40 2e02d35680164b7fba0d2fc3ee0573bf - - 281444ac8cb649fdaab116564d0e72d0 281444ac8cb649fdaab116564d0e72d0] 10.0.0.32 "GET /allocation_candidates?limit=1000&resources=DISK_GB%3A1%2CMEMORY_MB%3A512%2CVCPU%3A1&root_required=%21COMPUTE_STATUS_DISABLED" status: 200 len: 2149 microversion: 1.36 [pid: 8|app: 0|req: 532/1059] 10.0.0.32 () {34 vars in 1011 bytes} [Sat May 9 06:34:15 2026] GET /allocation_candidates?limit=1000&resources=DISK_GB%3A1%2CMEMORY_MB%3A512%2CVCPU%3A1&root_required=%21COMPUTE_STATUS_DISABLED => generated 2149 bytes in 48 msecs (HTTP/1.1 200) 8 headers in 297 bytes (1 switches on core 0)
2026-05-09 06:34:15.435 7 INFO placement.requestlog [req-e9d63d2e-1812-4c2a-af6b-a7c28ef36330 req-72867a8d-2969-4d21-8fb3-642b8a8ffd2a 81c81caa5cda4720a2e8c86acb830b40 2e02d35680164b7fba0d2fc3ee0573bf - - 281444ac8cb649fdaab116564d0e72d0 281444ac8cb649fdaab116564d0e72d0] 10.0.0.32 "GET /allocations/f7098502-e5bb-4ac8-a0fe-04ba0c979948" status: 200 len: 19 microversion: 1.28 [pid: 7|app: 0|req: 528/1060] 10.0.0.32 () {34 vars in 860 bytes} [Sat May 9 06:34:15 2026] GET /allocations/f7098502-e5bb-4ac8-a0fe-04ba0c979948 => generated 19 bytes in 11 msecs (HTTP/1.1 200) 8 headers in 295 bytes (1 switches on core 0)
2026-05-09 06:34:15.503 8 INFO placement.requestlog [req-e9d63d2e-1812-4c2a-af6b-a7c28ef36330 req-8045fcb0-66f9-4e71-b28e-ddf392c517f0 81c81caa5cda4720a2e8c86acb830b40 2e02d35680164b7fba0d2fc3ee0573bf - - 281444ac8cb649fdaab116564d0e72d0 281444ac8cb649fdaab116564d0e72d0] 10.0.0.32 "PUT /allocations/f7098502-e5bb-4ac8-a0fe-04ba0c979948" status: 204 len: 0 microversion: 1.36 [pid: 8|app: 0|req: 533/1061] 10.0.0.32 () {38 vars in 913 bytes} [Sat May 9 06:34:15 2026] PUT /allocations/f7098502-e5bb-4ac8-a0fe-04ba0c979948 => generated 0 bytes in 62 msecs (HTTP/1.1 204) 5 headers in 199 bytes (1 switches on core 0)
2026-05-09 06:34:15.749 7 INFO placement.requestlog [req-e9d63d2e-1812-4c2a-af6b-a7c28ef36330 req-2d7ca509-5ad8-4d7a-a453-bbb63249eedd 81c81caa5cda4720a2e8c86acb830b40 2e02d35680164b7fba0d2fc3ee0573bf - - 281444ac8cb649fdaab116564d0e72d0 281444ac8cb649fdaab116564d0e72d0] 199.204.45.216 "GET /allocations/f7098502-e5bb-4ac8-a0fe-04ba0c979948" status: 200 len: 258 microversion: 1.28 [pid: 7|app: 0|req: 529/1062] 199.204.45.216 () {34 vars in 863 bytes} [Sat May 9 06:34:15 2026] GET /allocations/f7098502-e5bb-4ac8-a0fe-04ba0c979948 => generated 258 bytes in 14 msecs (HTTP/1.1 200) 8 headers in 296 bytes (1 switches on core 0)
2026-05-09 06:34:15.887 8 INFO placement.requestlog [req-e9d63d2e-1812-4c2a-af6b-a7c28ef36330 req-49348356-d472-4387-a047-26ce5ac24487 81c81caa5cda4720a2e8c86acb830b40 2e02d35680164b7fba0d2fc3ee0573bf - - 281444ac8cb649fdaab116564d0e72d0 281444ac8cb649fdaab116564d0e72d0] 199.204.45.216 "GET /resource_providers/24dc3d4d-fa4a-46f2-97ab-b4973309b556/allocations" status: 200 len: 253 microversion: 1.0 [pid: 8|app: 0|req: 534/1063] 199.204.45.216 () {32 vars in 857 bytes} [Sat May 9 06:34:15 2026] GET /resource_providers/24dc3d4d-fa4a-46f2-97ab-b4973309b556/allocations => generated 253 bytes in 18 msecs (HTTP/1.1 200) 6 headers in 224 bytes (1 switches on core 0)
