Aug 14 09:10:53.110421 np0000189571 devstack@neutron-api.service[101431]: 'ConntrackHelper': {'1.0'},
Aug 14 09:10:53.110421 np0000189571 devstack@neutron-api.service[101431]: 'LocalIPAssociation': {'1.0'},
Aug 14 09:10:53.110421 np0000189571 devstack@neutron-api.service[101431]: 'Log': {'1.0'},
Aug 14 09:10:53.110421 np0000189571 devstack@neutron-api.service[101431]: 'NDPProxy': {'1.0'},
Aug 14 09:10:53.110421 np0000189571 devstack@neutron-api.service[101431]: 'Network': {'1.3'},
Aug 14 09:10:53.110421 np0000189571 devstack@neutron-api.service[101431]: 'Port': {'1.11'},
Aug 14 09:10:53.110421 np0000189571 devstack@neutron-api.service[101431]: 'PortForwarding': {'1.3'},
Aug 14 09:10:53.110421 np0000189571 devstack@neutron-api.service[101431]: 'QosPolicy': {'1.10'},
Aug 14 09:10:53.110421 np0000189571 devstack@neutron-api.service[101431]: 'SecurityGroup': {'1.6'},
Aug 14 09:10:53.110421 np0000189571 devstack@neutron-api.service[101431]: 'SecurityGroupRule': {'1.3'},
Aug 14 09:10:53.110421 np0000189571 devstack@neutron-api.service[101431]: 'SubPort': {'1.0'},
Aug 14 09:10:53.110421 np0000189571 devstack@neutron-api.service[101431]: 'Subnet': {'1.2'},
Aug 14 09:10:53.110421 np0000189571 devstack@neutron-api.service[101431]: 'Trunk': {'1.1'}}
Aug 14 09:10:53.110421 np0000189571 devstack@neutron-api.service[101431]: consumer versions:
Aug 14 09:10:53.110421 np0000189571 devstack@neutron-api.service[101431]: {OVN Controller Gateway agent@np0000189571: {}}
Aug 14 09:10:53.110421 np0000189571 devstack@neutron-api.service[101431]: {{(pid=101431) report /opt/stack/neutron/neutron/api/rpc/callbacks/version_manager.py:183}}
Aug 14 09:10:53.131560 np0000189571 devstack@neutron-api.service[101431]: DEBUG ovsdbapp.backend.ovs_idl.transaction [None req-89c6aebf-1720-43ee-871a-43b3080b37a3 None None] Running txn n=1 command(idx=0): DbSetCommand(_result=None, table=Logical_Switch_Port, record=c10e62da-f603-409e-82b0-2f5216835b03, col_values=(('external_ids', {'neutron:host_id': 'np0000189571'}),), if_exists=True) {{(pid=101431) do_commit /opt/stack/data/venv/lib/python3.12/site-packages/ovsdbapp/backend/ovs_idl/transaction.py:89}}
Aug 14 09:10:53.134393 np0000189571 devstack@neutron-api.service[101431]: DEBUG neutron.plugins.ml2.drivers.ovn.mech_driver.ovsdb.ovsdb_monitor [None req-89c6aebf-1720-43ee-871a-43b3080b37a3 None None] Hash Ring: Node 75cd6708200e54179b6dafe0d0948571 (host: np0000189571) handling event "update" for row e5117ce1-44e5-44ce-8c18-8fbd25310c24 (table: Logical_Switch_Port) {{(pid=101431) notify /opt/stack/neutron/neutron/plugins/ml2/drivers/ovn/mech_driver/ovsdb/ovsdb_monitor.py:1099}}
Aug 14 09:10:53.141837 np0000189571 devstack@neutron-api.service[101429]: DEBUG neutron.plugins.ml2.drivers.ovn.mech_driver.ovsdb.ovsdb_monitor [None req-260465af-e3e9-44c7-90d0-1fdd52d36889 None None] Hash Ring: Node 9952f8f37a40508aa759ae3f7bb047ef (host: np0000189571) handling event "update" for row 5b1d29f0-f63f-461c-bf92-d503301f9002 (table: Port_Binding) {{(pid=101429) notify /opt/stack/neutron/neutron/plugins/ml2/drivers/ovn/mech_driver/ovsdb/ovsdb_monitor.py:1099}}
Aug 14 09:10:53.220432 np0000189571 devstack@neutron-api.service[101429]: DEBUG neutron.pecan_wsgi.hooks.policy_enforcement [None req-0fd9ffbb-0c59-42b5-920e-78b0442c5649 service manila] Attributes excluded by policy engine: ['standard_attr_id', 'shared'] {{(pid=101429) _exclude_attributes_by_policy /opt/stack/neutron/neutron/pecan_wsgi/hooks/policy_enforcement.py:259}}
Aug 14 09:10:53.221838 np0000189571 devstack@neutron-api.service[101429]: [pid: 101429|app: 0|req: 26/105] 199.19.213.157 () {64 vars in 1367 bytes} [Fri Aug 14 09:10:53 2026] GET /networking/v2.0/subnets/7f869d16-e585-451f-afa8-0cdefc0f534d => generated 625 bytes in 31 msecs (HTTP/1.1 200) 4 headers in 157 bytes (1 switches on core 0)
Aug 14 09:10:53.698346 np0000189571 devstack@neutron-api.service[101431]: DEBUG neutron.pecan_wsgi.hooks.policy_enforcement [None req-7f75854c-f0f1-424a-b9ec-71457e6833e9 service manila] Attributes excluded by policy engine: ['standard_attr_id'] {{(pid=101431) _exclude_attributes_by_policy /opt/stack/neutron/neutron/pecan_wsgi/hooks/policy_enforcement.py:259}}
Aug 14 09:10:53.699681 np0000189571 devstack@neutron-api.service[101431]: [pid: 101431|app: 0|req: 28/106] 199.19.213.157 () {64 vars in 1369 bytes} [Fri Aug 14 09:10:53 2026] GET /networking/v2.0/ports?device_id=manila-admin-share&binding%3Ahost_id=np0000189571 => generated 931 bytes in 39 msecs (HTTP/1.1 200) 4 headers in 157 bytes (1 switches on core 0)
Aug 14 09:10:53.982371 np0000189571 devstack@neutron-api.service[101432]: DEBUG neutron.pecan_wsgi.hooks.policy_enforcement [None req-b1e4046b-f183-4b6f-a8d0-246847becf84 service manila] Attributes excluded by policy engine: ['standard_attr_id', 'shared'] {{(pid=101432) _exclude_attributes_by_policy /opt/stack/neutron/neutron/pecan_wsgi/hooks/policy_enforcement.py:259}}
Aug 14 09:10:53.984403 np0000189571 devstack@neutron-api.service[101432]: [pid: 101432|app: 0|req: 27/107] 199.19.213.157 () {64 vars in 1367 bytes} [Fri Aug 14 09:10:53 2026] GET /networking/v2.0/subnets/7f869d16-e585-451f-afa8-0cdefc0f534d => generated 625 bytes in 30 msecs (HTTP/1.1 200) 4 headers in 157 bytes (1 switches on core 0)
Aug 14 09:10:54.391527 np0000189571 devstack@neutron-api.service[101432]: DEBUG ovsdbapp.backend.ovs_idl.event [-] Matched UPDATE: ChassisOVNAgentWriteEvent(events=('create', 'update'), table='Chassis_Private', conditions=None, old_conditions=None), priority=20 to row=Chassis_Private(uuid=c0e5bdce-d4c9-4fae-97f9-25352433b6bc, chassis=3e822dcc-b6e5-4892-bef7-630e54797a99, external_ids={'neutron:ovn-bridge': 'br-int', 'neutron:ovn-neutron-agent-id': 'e5647067-6ab0-591b-ab84-c664a980210d', 'neutron:ovn-neutron-agent-sb-cfg': '3'}, name='70de422b-0692-4de1-a8b9-472a03a53a8f', nb_cfg=3, nb_cfg_timestamp=1786698645380) old=Chassis_Private(uuid=c0e5bdce-d4c9-4fae-97f9-25352433b6bc, external_ids={'neutron:ovn-bridge': 'br-int', 'neutron:ovn-neutron-agent-id': 'e5647067-6ab0-591b-ab84-c664a980210d', 'neutron:ovn-neutron-agent-sb-cfg': '2'}) {{(pid=101432) matches /opt/stack/data/venv/lib/python3.12/site-packages/ovsdbapp/backend/ovs_idl/event.py:55}}
Aug 14 09:10:54.393485 np0000189571 devstack@neutron-api.service[101430]: DEBUG ovsdbapp.backend.ovs_idl.event [None req-1ce94489-d8cd-49ea-8e0b-1ccf372b7478 None None] Matched UPDATE: ChassisOVNAgentWriteEvent(events=('create', 'update'), table='Chassis_Private', conditions=None, old_conditions=None), priority=20 to row=Chassis_Private(uuid=c0e5bdce-d4c9-4fae-97f9-25352433b6bc, chassis=3e822dcc-b6e5-4892-bef7-630e54797a99, external_ids={'neutron:ovn-bridge': 'br-int', 'neutron:ovn-neutron-agent-id': 'e5647067-6ab0-591b-ab84-c664a980210d', 'neutron:ovn-neutron-agent-sb-cfg': '3'}, name='70de422b-0692-4de1-a8b9-472a03a53a8f', nb_cfg=3, nb_cfg_timestamp=1786698645380) old=Chassis_Private(uuid=c0e5bdce-d4c9-4fae-97f9-25352433b6bc, external_ids={'neutron:ovn-bridge': 'br-int', 'neutron:ovn-neutron-agent-id': 'e5647067-6ab0-591b-ab84-c664a980210d', 'neutron:ovn-neutron-agent-sb-cfg': '2'}) {{(pid=101430) matches /opt/stack/data/venv/lib/python3.12/site-packages/ovsdbapp/backend/ovs_idl/event.py:55}}
Aug 14 09:10:54.396654 np0000189571 devstack@neutron-api.service[101429]: DEBUG ovsdbapp.backend.ovs_idl.event [None req-260465af-e3e9-44c7-90d0-1fdd52d36889 None None] Matched UPDATE: ChassisOVNAgentWriteEvent(events=('create', 'update'), table='Chassis_Private', conditions=None, old_conditions=None), priority=20 to row=Chassis_Private(uuid=c0e5bdce-d4c9-4fae-97f9-25352433b6bc, chassis=3e822dcc-b6e5-4892-bef7-630e54797a99, external_ids={'neutron:ovn-bridge': 'br-int', 'neutron:ovn-neutron-agent-id': 'e5647067-6ab0-591b-ab84-c664a980210d', 'neutron:ovn-neutron-agent-sb-cfg': '3'}, name='70de422b-0692-4de1-a8b9-472a03a53a8f', nb_cfg=3, nb_cfg_timestamp=1786698645380) old=Chassis_Private(uuid=c0e5bdce-d4c9-4fae-97f9-25352433b6bc, external_ids={'neutron:ovn-bridge': 'br-int', 'neutron:ovn-neutron-agent-id': 'e5647067-6ab0-591b-ab84-c664a980210d', 'neutron:ovn-neutron-agent-sb-cfg': '2'}) {{(pid=101429) matches /opt/stack/data/venv/lib/python3.12/site-packages/ovsdbapp/backend/ovs_idl/event.py:55}}
Aug 14 09:10:54.397861 np0000189571 devstack@neutron-api.service[101431]: DEBUG ovsdbapp.backend.ovs_idl.event [None req-b3da47bd-9faf-4fcc-b4ca-2911547de00e None None] Matched UPDATE: ChassisOVNAgentWriteEvent(events=('create', 'update'), table='Chassis_Private', conditions=None, old_conditions=None), priority=20 to row=Chassis_Private(uuid=c0e5bdce-d4c9-4fae-97f9-25352433b6bc, chassis=3e822dcc-b6e5-4892-bef7-630e54797a99, external_ids={'neutron:ovn-bridge': 'br-int', 'neutron:ovn-neutron-agent-id': 'e5647067-6ab0-591b-ab84-c664a980210d', 'neutron:ovn-neutron-agent-sb-cfg': '3'}, name='70de422b-0692-4de1-a8b9-472a03a53a8f', nb_cfg=3, nb_cfg_timestamp=1786698645380) old=Chassis_Private(uuid=c0e5bdce-d4c9-4fae-97f9-25352433b6bc, external_ids={'neutron:ovn-bridge': 'br-int', 'neutron:ovn-neutron-agent-id': 'e5647067-6ab0-591b-ab84-c664a980210d', 'neutron:ovn-neutron-agent-sb-cfg': '2'}) {{(pid=101431) matches /opt/stack/data/venv/lib/python3.12/site-packages/ovsdbapp/backend/ovs_idl/event.py:55}}
Aug 14 09:10:54.398565 np0000189571 devstack@neutron-api.service[101431]: DEBUG neutron.plugins.ml2.drivers.ovn.mech_driver.ovsdb.ovsdb_monitor [None req-b3da47bd-9faf-4fcc-b4ca-2911547de00e None None] Hash Ring: Node 75cd6708200e54179b6dafe0d0948571 (host: np0000189571) handling event "update" for row c0e5bdce-d4c9-4fae-97f9-25352433b6bc (table: Chassis_Private) {{(pid=101431) notify /opt/stack/neutron/neutron/plugins/ml2/drivers/ovn/mech_driver/ovsdb/ovsdb_monitor.py:1099}}
Aug 14 09:10:58.786922 np0000189571 devstack@neutron-api.service[101431]: DEBUG futurist.periodics [-] Submitting periodic callback 'neutron.plugins.ml2.drivers.ovn.mech_driver.ovsdb.maintenance.HashRingHealthCheckPeriodics.touch_hash_ring_node' {{(pid=101431) _process_scheduled /opt/stack/data/venv/lib/python3.12/site-packages/futurist/periodics.py:784}}
Aug 14 09:10:58.787587 np0000189571 devstack@neutron-api.service[101431]: DEBUG neutron.plugins.ml2.drivers.ovn.mech_driver.ovsdb.maintenance [-] Touching Hash Ring node "75cd6708200e54179b6dafe0d0948571" from periodic health check thread {{(pid=101431) touch_hash_ring_node /opt/stack/neutron/neutron/plugins/ml2/drivers/ovn/mech_driver/ovsdb/maintenance.py:1453}}
Aug 14 09:10:59.695490 np0000189571 devstack@neutron-api.service[101432]: DEBUG futurist.periodics [-] Submitting periodic callback 'neutron.plugins.ml2.drivers.ovn.mech_driver.ovsdb.maintenance.HashRingHealthCheckPeriodics.touch_hash_ring_node' {{(pid=101432) _process_scheduled /opt/stack/data/venv/lib/python3.12/site-packages/futurist/periodics.py:784}}
Aug 14 09:10:59.696144 np0000189571 devstack@neutron-api.service[101432]: DEBUG neutron.plugins.ml2.drivers.ovn.mech_driver.ovsdb.maintenance [-] Touching Hash Ring node "8bd142c4f7645453a2c1fca6573b5e73" from periodic health check thread {{(pid=101432) touch_hash_ring_node /opt/stack/neutron/neutron/plugins/ml2/drivers/ovn/mech_driver/ovsdb/maintenance.py:1453}}
Aug 14 09:10:59.717351 np0000189571 devstack@neutron-api.service[101430]: DEBUG futurist.periodics [-] Submitting periodic callback 'neutron.plugins.ml2.drivers.ovn.mech_driver.ovsdb.maintenance.HashRingHealthCheckPeriodics.touch_hash_ring_node' {{(pid=101430) _process_scheduled /opt/stack/data/venv/lib/python3.12/site-packages/futurist/periodics.py:784}}
Aug 14 09:10:59.717739 np0000189571 devstack@neutron-api.service[101430]: DEBUG neutron.plugins.ml2.drivers.ovn.mech_driver.ovsdb.maintenance [-] Touching Hash Ring node "0846652f660b50d19e95adaffb876258" from periodic health check thread {{(pid=101430) touch_hash_ring_node /opt/stack/neutron/neutron/plugins/ml2/drivers/ovn/mech_driver/ovsdb/maintenance.py:1453}}
Aug 14 09:10:59.751748 np0000189571 devstack@neutron-api.service[101429]: DEBUG futurist.periodics [-] Submitting periodic callback 'neutron.plugins.ml2.drivers.ovn.mech_driver.ovsdb.maintenance.HashRingHealthCheckPeriodics.touch_hash_ring_node' {{(pid=101429) _process_scheduled /opt/stack/data/venv/lib/python3.12/site-packages/futurist/periodics.py:784}}
Aug 14 09:10:59.752364 np0000189571 devstack@neutron-api.service[101429]: DEBUG neutron.plugins.ml2.drivers.ovn.mech_driver.ovsdb.maintenance [-] Touching Hash Ring node "9952f8f37a40508aa759ae3f7bb047ef" from periodic health check thread {{(pid=101429) touch_hash_ring_node /opt/stack/neutron/neutron/plugins/ml2/drivers/ovn/mech_driver/ovsdb/maintenance.py:1453}}
Aug 14 09:11:08.260655 np0000189571 devstack@neutron-api.service[101430]: [pid: 101430|app: 0|req: 27/108] 199.19.213.157 () {62 vars in 1059 bytes} [Fri Aug 14 09:11:08 2026] GET /networking => generated 130 bytes in 2 msecs (HTTP/1.1 200) 3 headers in 91 bytes (1 switches on core 0)
Aug 14 09:11:08.359297 np0000189571 devstack@neutron-api.service[101429]: DEBUG neutron.pecan_wsgi.hooks.policy_enforcement [None req-0422be2d-8388-44a5-bd69-844c001b19e0 demo demo] Attributes excluded by policy engine: ['standard_attr_id', 'provider:network_type', 'provider:physical_network', 'provider:segmentation_id'] {{(pid=101429) _exclude_attributes_by_policy /opt/stack/neutron/neutron/pecan_wsgi/hooks/policy_enforcement.py:259}}
Aug 14 09:11:08.361135 np0000189571 devstack@neutron-api.service[101429]: [pid: 101429|app: 0|req: 27/109] 199.19.213.157 () {64 vars in 1348 bytes} [Fri Aug 14 09:11:08 2026] GET /networking/v2.0/networks?router%3Aexternal=True => generated 659 bytes in 64 msecs (HTTP/1.1 200) 4 headers in 157 bytes (1 switches on core 0)
Aug 14 09:11:08.798137 np0000189571 devstack@neutron-api.service[101431]: DEBUG dbcounter [-] [101431] Writing DB stats neutron:UPDATE=5,neutron:SELECT=153,neutron:DELETE=1 {{(pid=101431) stat_writer /opt/stack/data/venv/lib/python3.12/site-packages/dbcounter.py:115}}
Aug 14 09:11:09.708609 np0000189571 devstack@neutron-api.service[101432]: DEBUG dbcounter [-] [101432] Writing DB stats neutron:UPDATE=7,neutron:SELECT=281,neutron:INSERT=12,neutron:DELETE=2 {{(pid=101432) stat_writer /opt/stack/data/venv/lib/python3.12/site-packages/dbcounter.py:115}}
Aug 14 09:11:09.727401 np0000189571 devstack@neutron-api.service[101430]: DEBUG dbcounter [-] [101430] Writing DB stats neutron:UPDATE=12,neutron:SELECT=185,neutron:INSERT=11,neutron:DELETE=2 {{(pid=101430) stat_writer /opt/stack/data/venv/lib/python3.12/site-packages/dbcounter.py:115}}
Aug 14 09:11:13.501384 np0000189571 devstack@neutron-api.service[101431]: [pid: 101431|app: 0|req: 29/110] 199.19.213.157 () {62 vars in 1059 bytes} [Fri Aug 14 09:11:13 2026] GET /networking => generated 130 bytes in 3 msecs (HTTP/1.1 200) 3 headers in 91 bytes (1 switches on core 0)
Aug 14 09:11:13.589668 np0000189571 devstack@neutron-api.service[101432]: DEBUG neutron.pecan_wsgi.hooks.policy_enforcement [None req-e9232161-1e5b-4807-8fa1-f41cffef8c71 demo demo] Attributes excluded by policy engine: ['standard_attr_id', 'provider:network_type', 'provider:physical_network', 'provider:segmentation_id'] {{(pid=101432) _exclude_attributes_by_policy /opt/stack/neutron/neutron/pecan_wsgi/hooks/policy_enforcement.py:259}}
Aug 14 09:11:13.592304 np0000189571 devstack@neutron-api.service[101432]: [pid: 101432|app: 0|req: 28/111] 199.19.213.157 () {64 vars in 1348 bytes} [Fri Aug 14 09:11:13 2026] GET /networking/v2.0/networks?router%3Aexternal=True => generated 659 bytes in 56 msecs (HTTP/1.1 200) 4 headers in 157 bytes (1 switches on core 0)
Aug 14 09:11:13.787605 np0000189571 devstack@neutron-api.service[101431]: DEBUG futurist.periodics [-] Submitting periodic callback 'neutron.plugins.ml2.drivers.ovn.mech_driver.ovsdb.maintenance.HashRingHealthCheckPeriodics.touch_hash_ring_node' {{(pid=101431) _process_scheduled /opt/stack/data/venv/lib/python3.12/site-packages/futurist/periodics.py:784}}
Aug 14 09:11:13.788249 np0000189571 devstack@neutron-api.service[101431]: DEBUG neutron.plugins.ml2.drivers.ovn.mech_driver.ovsdb.maintenance [-] Touching Hash Ring node "75cd6708200e54179b6dafe0d0948571" from periodic health check thread {{(pid=101431) touch_hash_ring_node /opt/stack/neutron/neutron/plugins/ml2/drivers/ovn/mech_driver/ovsdb/maintenance.py:1453}}
Aug 14 09:11:14.696436 np0000189571 devstack@neutron-api.service[101432]: DEBUG futurist.periodics [-] Submitting periodic callback 'neutron.plugins.ml2.drivers.ovn.mech_driver.ovsdb.maintenance.HashRingHealthCheckPeriodics.touch_hash_ring_node' {{(pid=101432) _process_scheduled /opt/stack/data/venv/lib/python3.12/site-packages/futurist/periodics.py:784}}
Aug 14 09:11:14.697252 np0000189571 devstack@neutron-api.service[101432]: DEBUG neutron.plugins.ml2.drivers.ovn.mech_driver.ovsdb.maintenance [-] Touching Hash Ring node "8bd142c4f7645453a2c1fca6573b5e73" from periodic health check thread {{(pid=101432) touch_hash_ring_node /opt/stack/neutron/neutron/plugins/ml2/drivers/ovn/mech_driver/ovsdb/maintenance.py:1453}}
Aug 14 09:11:14.717908 np0000189571 devstack@neutron-api.service[101430]: DEBUG futurist.periodics [-] Submitting periodic callback 'neutron.plugins.ml2.drivers.ovn.mech_driver.ovsdb.maintenance.HashRingHealthCheckPeriodics.touch_hash_ring_node' {{(pid=101430) _process_scheduled /opt/stack/data/venv/lib/python3.12/site-packages/futurist/periodics.py:784}}
Aug 14 09:11:14.718448 np0000189571 devstack@neutron-api.service[101430]: DEBUG neutron.plugins.ml2.drivers.ovn.mech_driver.ovsdb.maintenance [-] Touching Hash Ring node "0846652f660b50d19e95adaffb876258" from periodic health check thread {{(pid=101430) touch_hash_ring_node /opt/stack/neutron/neutron/plugins/ml2/drivers/ovn/mech_driver/ovsdb/maintenance.py:1453}}
Aug 14 09:11:14.752576 np0000189571 devstack@neutron-api.service[101429]: DEBUG futurist.periodics [-] Submitting periodic callback 'neutron.plugins.ml2.drivers.ovn.mech_driver.ovsdb.maintenance.HashRingHealthCheckPeriodics.touch_hash_ring_node' {{(pid=101429) _process_scheduled /opt/stack/data/venv/lib/python3.12/site-packages/futurist/periodics.py:784}}
Aug 14 09:11:14.753457 np0000189571 devstack@neutron-api.service[101429]: DEBUG neutron.plugins.ml2.drivers.ovn.mech_driver.ovsdb.maintenance [-] Touching Hash Ring node "9952f8f37a40508aa759ae3f7bb047ef" from periodic health check thread {{(pid=101429) touch_hash_ring_node /opt/stack/neutron/neutron/plugins/ml2/drivers/ovn/mech_driver/ovsdb/maintenance.py:1453}}
Aug 14 09:11:21.832222 np0000189571 devstack@neutron-api.service[101430]: [pid: 101430|app: 0|req: 28/112] 199.19.213.157 () {62 vars in 1070 bytes} [Fri Aug 14 09:11:21 2026] GET /networking => generated 130 bytes in 3 msecs (HTTP/1.1 200) 3 headers in 91 bytes (1 switches on core 0)
Aug 14 09:11:21.922134 np0000189571 devstack@neutron-api.service[101429]: DEBUG neutron.pecan_wsgi.hooks.policy_enforcement [None req-68294ca4-25fa-42de-92ec-f26c85bc1796 demo demo] Attributes excluded by policy engine: ['standard_attr_id', 'provider:network_type', 'provider:physical_network', 'provider:segmentation_id'] {{(pid=101429) _exclude_attributes_by_policy /opt/stack/neutron/neutron/pecan_wsgi/hooks/policy_enforcement.py:259}}
Aug 14 09:11:21.924548 np0000189571 devstack@neutron-api.service[101429]: [pid: 101429|app: 0|req: 28/113] 199.19.213.157 () {64 vars in 1383 bytes} [Fri Aug 14 09:11:21 2026] GET /networking/v2.0/networks?name=public&router%3Aexternal=True => generated 659 bytes in 56 msecs (HTTP/1.1 200) 4 headers in 157 bytes (1 switches on core 0)
Aug 14 09:11:23.003585 np0000189571 devstack@neutron-api.service[101431]: DEBUG neutron.plugins.ml2.drivers.ovn.mech_driver.ovsdb.ovsdb_monitor [None req-89c6aebf-1720-43ee-871a-43b3080b37a3 None None] Touching Hash Ring node "75cd6708200e54179b6dafe0d0948571" from IDL notify handler {{(pid=101431) notify /opt/stack/neutron/neutron/plugins/ml2/drivers/ovn/mech_driver/ovsdb/ovsdb_monitor.py:1091}}
Aug 14 09:11:23.012489 np0000189571 devstack@neutron-api.service[101431]: DEBUG neutron.plugins.ml2.drivers.ovn.mech_driver.ovsdb.ovsdb_monitor [None req-89c6aebf-1720-43ee-871a-43b3080b37a3 None None] Hash Ring: Node 75cd6708200e54179b6dafe0d0948571 (host: np0000189571) handling event "update" for row a5d36d13-1c2a-4186-86c3-e6a010b2a0e6 (table: Logical_Switch) {{(pid=101431) notify /opt/stack/neutron/neutron/plugins/ml2/drivers/ovn/mech_driver/ovsdb/ovsdb_monitor.py:1099}}
Aug 14 09:11:23.086868 np0000189571 devstack@neutron-api.service[101431]: DEBUG neutron.plugins.ml2.drivers.ovn.mech_driver.ovsdb.ovsdb_monitor [None req-89c6aebf-1720-43ee-871a-43b3080b37a3 None None] Touching Hash Ring node "75cd6708200e54179b6dafe0d0948571" from IDL notify handler {{(pid=101431) notify /opt/stack/neutron/neutron/plugins/ml2/drivers/ovn/mech_driver/ovsdb/ovsdb_monitor.py:1091}}
Aug 14 09:11:23.091209 np0000189571 devstack@neutron-api.service[101431]: DEBUG neutron.plugins.ml2.drivers.ovn.mech_driver.ovsdb.ovsdb_monitor [None req-89c6aebf-1720-43ee-871a-43b3080b37a3 None None] Hash Ring: Node 75cd6708200e54179b6dafe0d0948571 (host: np0000189571) handling event "update" for row aa5ce6a9-9fdd-4b9e-9e1f-3d69cc66fe02 (table: Logical_Switch) {{(pid=101431) notify /opt/stack/neutron/neutron/plugins/ml2/drivers/ovn/mech_driver/ovsdb/ovsdb_monitor.py:1099}}
Aug 14 09:11:24.144508 np0000189571 devstack@neutron-api.service[101431]: [pid: 101431|app: 0|req: 30/114] 199.19.213.157 () {64 vars in 1267 bytes} [Fri Aug 14 09:11:24 2026] GET /networking/ => generated 130 bytes in 2 msecs (HTTP/1.1 200) 3 headers in 91 bytes (1 switches on core 0)
Aug 14 09:11:24.323793 np0000189571 devstack@neutron-api.service[101432]: DEBUG neutron.pecan_wsgi.hooks.policy_enforcement [None req-f7c5e982-02b6-4331-aed4-cf4bf8632c95 demo demo] Attributes excluded by policy engine: ['standard_attr_id', 'provider:network_type', 'provider:physical_network', 'provider:segmentation_id'] {{(pid=101432) _exclude_attributes_by_policy /opt/stack/neutron/neutron/pecan_wsgi/hooks/policy_enforcement.py:259}}
Aug 14 09:11:24.325104 np0000189571 devstack@neutron-api.service[101432]: [pid: 101432|app: 0|req: 29/115] 199.19.213.157 () {64 vars in 1416 bytes} [Fri Aug 14 09:11:24 2026] GET /networking/v2.0/networks/a5d36d13-1c2a-4186-86c3-e6a010b2a0e6 => generated 656 bytes in 171 msecs (HTTP/1.1 200) 4 headers in 157 bytes (1 switches on core 0)
Aug 14 09:11:24.364927 np0000189571 devstack@neutron-api.service[101430]: [pid: 101430|app: 0|req: 29/116] 199.19.213.157 () {64 vars in 1410 bytes} [Fri Aug 14 09:11:24 2026] GET /networking/v2.0/networks?name=k8s-clusterapi-cluster-magnum-system-kube-t6qf4 => generated 15 bytes in 32 msecs (HTTP/1.1 200) 4 headers in 156 bytes (1 switches on core 0)
Aug 14 09:11:24.375864 np0000189571 devstack@neutron-api.service[101429]: DEBUG neutron.api.v2.base [None req-3bef0011-965e-4fda-9d8d-ac44ca92af1d demo demo] Request body: {'network': {'admin_state_up': True, 'name': 'k8s-clusterapi-cluster-magnum-system-kube-t6qf4'}} {{(pid=101429) prepare_request_body /opt/stack/neutron/neutron/api/v2/base.py:727}}
Aug 14 09:11:24.392942 np0000189571 devstack@neutron-api.service[101429]: DEBUG neutron.pecan_wsgi.hooks.quota_enforcement [None req-3bef0011-965e-4fda-9d8d-ac44ca92af1d demo demo] Made reservation on behalf of a90142a6c4324f28acd830f4f44d599f for: {'network': 1} {{(pid=101429) before /opt/stack/neutron/neutron/pecan_wsgi/hooks/quota_enforcement.py:66}}
Aug 14 09:11:24.396682 np0000189571 devstack@neutron-api.service[101429]: DEBUG neutron_lib.callbacks.manager [None req-3bef0011-965e-4fda-9d8d-ac44ca92af1d demo demo] Publish callbacks ['neutron.plugins.ml2.plugin.SecurityGroupDbMixin._ensure_default_security_group_handler-365474'] for network (None), before_create {{(pid=101429) _notify_loop /opt/stack/data/venv/lib/python3.12/site-packages/neutron_lib/callbacks/manager.py:184}}
Aug 14 09:11:24.402364 np0000189571 devstack@neutron-api.service[101429]: DEBUG neutron_lib.callbacks.manager [None req-3bef0011-965e-4fda-9d8d-ac44ca92af1d demo demo] Publish callbacks [] for security_group (None), before_create {{(pid=101429) _notify_loop /opt/stack/data/venv/lib/python3.12/site-packages/neutron_lib/callbacks/manager.py:184}}
Aug 14 09:11:24.467691 np0000189571 devstack@neutron-api.service[101429]: DEBUG neutron_lib.callbacks.manager [None req-3bef0011-965e-4fda-9d8d-ac44ca92af1d demo demo] Publish callbacks ['neutron.plugins.ml2.drivers.ovn.mech_driver.mech_driver.OVNMechanismDriver._create_security_group_precommit-871525'] for security_group (b434c8ab-c2ce-425b-afbc-fe5a38ea189a), precommit_create {{(pid=101429) _notify_loop /opt/stack/data/venv/lib/python3.12/site-packages/neutron_lib/callbacks/manager.py:184}}
Aug 14 09:11:24.467691 np0000189571 devstack@neutron-api.service[101429]: DEBUG neutron.db.ovn_revision_numbers_db [None req-3bef0011-965e-4fda-9d8d-ac44ca92af1d demo demo] create_initial_revision uuid=b434c8ab-c2ce-425b-afbc-fe5a38ea189a, type=security_groups, rev=-1 {{(pid=101429) create_initial_revision /opt/stack/neutron/neutron/db/ovn_revision_numbers_db.py:98}}
Aug 14 09:11:24.468843 np0000189571 devstack@neutron-api.service[101429]: DEBUG neutron.db.ovn_revision_numbers_db [None req-3bef0011-965e-4fda-9d8d-ac44ca92af1d demo demo] create_initial_revision uuid=57eb7727-ce68-4ad9-8406-d21bf999c731, type=security_group_rules, rev=-1 {{(pid=101429) create_initial_revision /opt/stack/neutron/neutron/db/ovn_revision_numbers_db.py:98}}
Aug 14 09:11:24.469753 np0000189571 devstack@neutron-api.service[101429]: DEBUG neutron.db.ovn_revision_numbers_db [None req-3bef0011-965e-4fda-9d8d-ac44ca92af1d demo demo] create_initial_revision uuid=8096edc7-6216-49db-ad7b-3f2330d85eee, type=security_group_rules, rev=-1 {{(pid=101429) create_initial_revision /opt/stack/neutron/neutron/db/ovn_revision_numbers_db.py:98}}
Aug 14 09:11:24.470656 np0000189571 devstack@neutron-api.service[101429]: DEBUG neutron.db.ovn_revision_numbers_db [None req-3bef0011-965e-4fda-9d8d-ac44ca92af1d demo demo] create_initial_revision uuid=8d3c71b7-1bc1-47dc-b761-acc4ff0a8ef1, type=security_group_rules, rev=-1 {{(pid=101429) create_initial_revision /opt/stack/neutron/neutron/db/ovn_revision_numbers_db.py:98}}
Aug 14 09:11:24.471550 np0000189571 devstack@neutron-api.service[101429]: DEBUG neutron.db.ovn_revision_numbers_db [None req-3bef0011-965e-4fda-9d8d-ac44ca92af1d demo demo] create_initial_revision uuid=9dfce570-1160-4d41-9bae-61c1a0d8db3b, type=security_group_rules, rev=-1 {{(pid=101429) create_initial_revision /opt/stack/neutron/neutron/db/ovn_revision_numbers_db.py:98}}
Aug 14 09:11:24.479250 np0000189571 devstack@neutron-api.service[101429]: DEBUG neutron_lib.callbacks.manager [None req-3bef0011-965e-4fda-9d8d-ac44ca92af1d demo demo] Publish callbacks ['neutron.plugins.ml2.drivers.ovn.mech_driver.mech_driver.OVNMechanismDriver._create_security_group-871535', 'neutron.plugins.ml2.ovo_rpc._ObjectChangeHandler.handle_event-1669427'] for security_group (b434c8ab-c2ce-425b-afbc-fe5a38ea189a), after_create {{(pid=101429) _notify_loop /opt/stack/data/venv/lib/python3.12/site-packages/neutron_lib/callbacks/manager.py:184}}
Aug 14 09:11:24.480422 np0000189571 devstack@neutron-api.service[101429]: DEBUG ovsdbapp.backend.ovs_idl.transaction [None req-52faf4b2-3921-4fb0-ba6d-a05ae33b5988 None None] Running txn n=1 command(idx=0): PgAddCommand(_result=None, name=pg_b434c8ab_c2ce_425b_afbc_fe5a38ea189a, may_exist=False, columns={'acls': [], 'external_ids': {'neutron:security_group_id': 'b434c8ab-c2ce-425b-afbc-fe5a38ea189a'}}) {{(pid=101429) do_commit /opt/stack/data/venv/lib/python3.12/site-packages/ovsdbapp/backend/ovs_idl/transaction.py:89}}
Aug 14 09:11:24.481188 np0000189571 devstack@neutron-api.service[101429]: DEBUG ovsdbapp.backend.ovs_idl.transaction [None req-52faf4b2-3921-4fb0-ba6d-a05ae33b5988 None None] Running txn n=1 command(idx=1): PgAclAddCommand(_result=None, entity=pg_b434c8ab_c2ce_425b_afbc_fe5a38ea189a, direction=to-lport, priority=1002, match=outport == @pg_b434c8ab_c2ce_425b_afbc_fe5a38ea189a && ip6 && ip6.src == $pg_b434c8ab_c2ce_425b_afbc_fe5a38ea189a_ip6, action=allow-related, log=False, may_exist=True, severity=[], name=[], meter=[], external_ids={'neutron:security_group_rule_id': '57eb7727-ce68-4ad9-8406-d21bf999c731'}) {{(pid=101429) do_commit /opt/stack/data/venv/lib/python3.12/site-packages/ovsdbapp/backend/ovs_idl/transaction.py:89}}
Aug 14 09:11:24.482014 np0000189571 devstack@neutron-api.service[101429]: DEBUG ovsdbapp.backend.ovs_idl.transaction [None req-52faf4b2-3921-4fb0-ba6d-a05ae33b5988 None None] Running txn n=1 command(idx=2): PgAclAddCommand(_result=None, entity=pg_b434c8ab_c2ce_425b_afbc_fe5a38ea189a, direction=from-lport, priority=1002, match=inport == @pg_b434c8ab_c2ce_425b_afbc_fe5a38ea189a && ip6, action=allow-related, log=False, may_exist=True, severity=[], name=[], meter=[], external_ids={'neutron:security_group_rule_id': '8096edc7-6216-49db-ad7b-3f2330d85eee'}) {{(pid=101429) do_commit /opt/stack/data/venv/lib/python3.12/site-packages/ovsdbapp/backend/ovs_idl/transaction.py:89}}
Aug 14 09:11:24.482794 np0000189571 devstack@neutron-api.service[101429]: DEBUG ovsdbapp.backend.ovs_idl.transaction [None req-52faf4b2-3921-4fb0-ba6d-a05ae33b5988 None None] Running txn n=1 command(idx=3): PgAclAddCommand(_result=None, entity=pg_b434c8ab_c2ce_425b_afbc_fe5a38ea189a, direction=from-lport, priority=1002, match=inport == @pg_b434c8ab_c2ce_425b_afbc_fe5a38ea189a && ip4, action=allow-related, log=False, may_exist=True, severity=[], name=[], meter=[], external_ids={'neutron:security_group_rule_id': '8d3c71b7-1bc1-47dc-b761-acc4ff0a8ef1'}) {{(pid=101429) do_commit /opt/stack/data/venv/lib/python3.12/site-packages/ovsdbapp/backend/ovs_idl/transaction.py:89}}
Aug 14 09:11:24.483458 np0000189571 devstack@neutron-api.service[101429]: DEBUG ovsdbapp.backend.ovs_idl.transaction [None req-52faf4b2-3921-4fb0-ba6d-a05ae33b5988 None None] Running txn n=1 command(idx=4): PgAclAddCommand(_result=None, entity=pg_b434c8ab_c2ce_425b_afbc_fe5a38ea189a, direction=to-lport, priority=1002, match=outport == @pg_b434c8ab_c2ce_425b_afbc_fe5a38ea189a && ip4 && ip4.src == $pg_b434c8ab_c2ce_425b_afbc_fe5a38ea189a_ip4, action=allow-related, log=False, may_exist=True, severity=[], name=[], meter=[], external_ids={'neutron:security_group_rule_id': '9dfce570-1160-4d41-9bae-61c1a0d8db3b'}) {{(pid=101429) do_commit /opt/stack/data/venv/lib/python3.12/site-packages/ovsdbapp/backend/ovs_idl/transaction.py:89}}
Aug 14 09:11:24.492765 np0000189571 devstack@neutron-api.service[101429]: DEBUG neutron.plugins.ml2.drivers.ovn.mech_driver.ovsdb.ovsdb_monitor [None req-52faf4b2-3921-4fb0-ba6d-a05ae33b5988 None None] Touching Hash Ring node "9952f8f37a40508aa759ae3f7bb047ef" from IDL notify handler {{(pid=101429) notify /opt/stack/neutron/neutron/plugins/ml2/drivers/ovn/mech_driver/ovsdb/ovsdb_monitor.py:1091}}
Aug 14 09:11:24.495315 np0000189571 devstack@neutron-api.service[101430]: DEBUG neutron.plugins.ml2.drivers.ovn.mech_driver.ovsdb.ovsdb_monitor [None req-d3da4470-4f4d-4c28-a945-72726cb4cc5e None None] Touching Hash Ring node "0846652f660b50d19e95adaffb876258" from IDL notify handler {{(pid=101430) notify /opt/stack/neutron/neutron/plugins/ml2/drivers/ovn/mech_driver/ovsdb/ovsdb_monitor.py:1091}}
Aug 14 09:11:24.497043 np0000189571 devstack@neutron-api.service[101432]: DEBUG neutron.plugins.ml2.drivers.ovn.mech_driver.ovsdb.ovsdb_monitor [None req-e556ad65-9035-4341-a561-cd06b50db5dc None None] Touching Hash Ring node "8bd142c4f7645453a2c1fca6573b5e73" from IDL notify handler {{(pid=101432) notify /opt/stack/neutron/neutron/plugins/ml2/drivers/ovn/mech_driver/ovsdb/ovsdb_monitor.py:1091}}
Aug 14 09:11:24.503879 np0000189571 devstack@neutron-api.service[101430]: DEBUG neutron.plugins.ml2.drivers.ovn.mech_driver.ovsdb.ovsdb_monitor [None req-d3da4470-4f4d-4c28-a945-72726cb4cc5e None None] Hash Ring: Node 0846652f660b50d19e95adaffb876258 (host: np0000189571) handling event "create" for row 6c20be89-aa18-4aaa-8c84-e1d6e04dbaf7 (table: ACL) {{(pid=101430) notify /opt/stack/neutron/neutron/plugins/ml2/drivers/ovn/mech_driver/ovsdb/ovsdb_monitor.py:1099}}
Aug 14 09:11:24.504109 np0000189571 devstack@neutron-api.service[101429]: DEBUG neutron.plugins.ml2.drivers.ovn.mech_driver.ovsdb.ovsdb_monitor [None req-52faf4b2-3921-4fb0-ba6d-a05ae33b5988 None None] Hash Ring: Node 9952f8f37a40508aa759ae3f7bb047ef (host: np0000189571) handling event "create" for row 2950b0a3-0dbe-47d1-934b-ef61bc413b56 (table: ACL) {{(pid=101429) notify /opt/stack/neutron/neutron/plugins/ml2/drivers/ovn/mech_driver/ovsdb/ovsdb_monitor.py:1099}}
Aug 14 09:11:24.505455 np0000189571 devstack@neutron-api.service[101432]: DEBUG neutron.plugins.ml2.drivers.ovn.mech_driver.ovsdb.ovsdb_monitor [None req-e556ad65-9035-4341-a561-cd06b50db5dc None None] Hash Ring: Node 8bd142c4f7645453a2c1fca6573b5e73 (host: np0000189571) handling event "create" for row 026019d7-7468-44e6-b676-c32ddaada721 (table: Port_Group) {{(pid=101432) notify /opt/stack/neutron/neutron/plugins/ml2/drivers/ovn/mech_driver/ovsdb/ovsdb_monitor.py:1099}}
Aug 14 09:11:24.505572 np0000189571 devstack@neutron-api.service[101429]: DEBUG neutron.plugins.ml2.drivers.ovn.mech_driver.ovsdb.ovsdb_monitor [None req-52faf4b2-3921-4fb0-ba6d-a05ae33b5988 None None] Touching Hash Ring node "9952f8f37a40508aa759ae3f7bb047ef" from IDL notify handler {{(pid=101429) notify /opt/stack/neutron/neutron/plugins/ml2/drivers/ovn/mech_driver/ovsdb/ovsdb_monitor.py:1091}}
Aug 14 09:11:24.514270 np0000189571 devstack@neutron-api.service[101429]: DEBUG neutron.plugins.ml2.drivers.ovn.mech_driver.ovsdb.ovsdb_monitor [None req-52faf4b2-3921-4fb0-ba6d-a05ae33b5988 None None] Hash Ring: Node 9952f8f37a40508aa759ae3f7bb047ef (host: np0000189571) handling event "create" for row 3f0b873e-f290-49a6-ae4e-b8e0d0e4278a (table: ACL) {{(pid=101429) notify /opt/stack/neutron/neutron/plugins/ml2/drivers/ovn/mech_driver/ovsdb/ovsdb_monitor.py:1099}}
Aug 14 09:11:24.516050 np0000189571 devstack@neutron-api.service[101429]: DEBUG neutron.plugins.ml2.drivers.ovn.mech_driver.ovsdb.ovsdb_monitor [None req-52faf4b2-3921-4fb0-ba6d-a05ae33b5988 None None] Touching Hash Ring node "9952f8f37a40508aa759ae3f7bb047ef" from IDL notify handler {{(pid=101429) notify /opt/stack/neutron/neutron/plugins/ml2/drivers/ovn/mech_driver/ovsdb/ovsdb_monitor.py:1091}}
Aug 14 09:11:24.519964 np0000189571 devstack@neutron-api.service[101429]: DEBUG neutron.plugins.ml2.drivers.ovn.mech_driver.ovsdb.ovsdb_monitor [None req-52faf4b2-3921-4fb0-ba6d-a05ae33b5988 None None] Hash Ring: Node 9952f8f37a40508aa759ae3f7bb047ef (host: np0000189571) handling event "create" for row df90b240-17bc-4a0f-8924-458145ba060c (table: ACL) {{(pid=101429) notify /opt/stack/neutron/neutron/plugins/ml2/drivers/ovn/mech_driver/ovsdb/ovsdb_monitor.py:1099}}
Aug 14 09:11:24.554685 np0000189571 devstack@neutron-api.service[101429]: INFO neutron.db.ovn_revision_numbers_db [None req-3bef0011-965e-4fda-9d8d-ac44ca92af1d demo demo] Successfully bumped revision number for resource b434c8ab-c2ce-425b-afbc-fe5a38ea189a (type: security_groups) to 1
Aug 14 09:11:24.571019 np0000189571 devstack@neutron-api.service[101429]: INFO neutron.db.ovn_revision_numbers_db [None req-3bef0011-965e-4fda-9d8d-ac44ca92af1d demo demo] Successfully bumped revision number for resource 57eb7727-ce68-4ad9-8406-d21bf999c731 (type: security_group_rules) to 0
Aug 14 09:11:24.585341 np0000189571 devstack@neutron-api.service[101429]: INFO neutron.db.ovn_revision_numbers_db [None req-3bef0011-965e-4fda-9d8d-ac44ca92af1d demo demo] Successfully bumped revision number for resource 8096edc7-6216-49db-ad7b-3f2330d85eee (type: security_group_rules) to 0
Aug 14 09:11:24.601292 np0000189571 devstack@neutron-api.service[101429]: INFO neutron.db.ovn_revision_numbers_db [None req-3bef0011-965e-4fda-9d8d-ac44ca92af1d demo demo] Successfully bumped revision number for resource 8d3c71b7-1bc1-47dc-b761-acc4ff0a8ef1 (type: security_group_rules) to 0
Aug 14 09:11:24.614966 np0000189571 devstack@neutron-api.service[101429]: INFO neutron.db.ovn_revision_numbers_db [None req-3bef0011-965e-4fda-9d8d-ac44ca92af1d demo demo] Successfully bumped revision number for resource 9dfce570-1160-4d41-9bae-61c1a0d8db3b (type: security_group_rules) to 0
Aug 14 09:11:24.656129 np0000189571 devstack@neutron-api.service[101429]: DEBUG neutron.api.rpc.handlers.resources_rpc [None req-3bef0011-965e-4fda-9d8d-ac44ca92af1d demo demo] Pushing event updated for resources: {'SecurityGroup': ['ID=b434c8ab-c2ce-425b-afbc-fe5a38ea189a,revision_number=1']} {{(pid=101429) push /opt/stack/neutron/neutron/api/rpc/handlers/resources_rpc.py:237}}
Aug 14 09:11:24.695998 np0000189571 devstack@neutron-api.service[101429]: DEBUG neutron.plugins.ml2.drivers.helpers [None req-3bef0011-965e-4fda-9d8d-ac44ca92af1d demo demo] geneve segment allocate from pool success with {'geneve_vni': 40234} {{(pid=101429) allocate_partially_specified_segment /opt/stack/neutron/neutron/plugins/ml2/drivers/helpers.py:142}}
Aug 14 09:11:24.703880 np0000189571 devstack@neutron-api.service[101429]: DEBUG neutron_lib.callbacks.manager [None req-3bef0011-965e-4fda-9d8d-ac44ca92af1d demo demo] Publish callbacks ['neutron.services.segments.db._add_segment_host_mapping_for_segment-8124616092362', 'neutron.plugins.ml2.plugin.Ml2Plugin._handle_segment_change-119448'] for segment (9518ab45-3252-45d7-bdea-3b3469baffc6), precommit_create {{(pid=101429) _notify_loop /opt/stack/data/venv/lib/python3.12/site-packages/neutron_lib/callbacks/manager.py:184}}
Aug 14 09:11:24.704094 np0000189571 devstack@neutron-api.service[101429]: INFO neutron.db.segments_db [None req-3bef0011-965e-4fda-9d8d-ac44ca92af1d demo demo] Added segment 9518ab45-3252-45d7-bdea-3b3469baffc6 of type geneve for network 5954430d-1c73-4ece-9052-b69f7007aba9
Aug 14 09:11:24.717330 np0000189571 devstack@neutron-api.service[101429]: DEBUG neutron_lib.callbacks.manager [None req-3bef0011-965e-4fda-9d8d-ac44ca92af1d demo demo] Publish callbacks ['neutron.services.auto_allocate.db._ensure_external_network_default_value_callback-8124614931980'] for network (5954430d-1c73-4ece-9052-b69f7007aba9), precommit_create {{(pid=101429) _notify_loop /opt/stack/data/venv/lib/python3.12/site-packages/neutron_lib/callbacks/manager.py:184}}
Aug 14 09:11:24.730118 np0000189571 devstack@neutron-api.service[101429]: DEBUG neutron.plugins.ml2.drivers.ovn.mech_driver.mech_driver [None req-3bef0011-965e-4fda-9d8d-ac44ca92af1d demo demo] Validating network segment with type geneve, segmentation ID 40234, physical network None {{(pid=101429) _validate_network_segments /opt/stack/neutron/neutron/plugins/ml2/drivers/ovn/mech_driver/mech_driver.py:624}}
Aug 14 09:11:24.730118 np0000189571 devstack@neutron-api.service[101429]: DEBUG neutron.db.ovn_revision_numbers_db [None req-3bef0011-965e-4fda-9d8d-ac44ca92af1d demo demo] create_initial_revision uuid=5954430d-1c73-4ece-9052-b69f7007aba9, type=networks, rev=-1 {{(pid=101429) create_initial_revision /opt/stack/neutron/neutron/db/ovn_revision_numbers_db.py:98}}
Aug 14 09:11:24.738880 np0000189571 devstack@neutron-api.service[101429]: DEBUG neutron_lib.callbacks.manager [None req-3bef0011-965e-4fda-9d8d-ac44ca92af1d demo demo] Publish callbacks ['neutron.plugins.ml2.ovo_rpc._ObjectChangeHandler.handle_event-1669383'] for network (5954430d-1c73-4ece-9052-b69f7007aba9), after_create {{(pid=101429) _notify_loop /opt/stack/data/venv/lib/python3.12/site-packages/neutron_lib/callbacks/manager.py:184}}
Aug 14 09:11:25.010253 np0000189571 devstack@neutron-api.service[101429]: DEBUG neutron.api.rpc.handlers.resources_rpc [None req-3bef0011-965e-4fda-9d8d-ac44ca92af1d demo demo] Pushing event updated for resources: {'Network': ['ID=5954430d-1c73-4ece-9052-b69f7007aba9,revision_number=1']} {{(pid=101429) push /opt/stack/neutron/neutron/api/rpc/handlers/resources_rpc.py:237}}
Aug 14 09:11:25.018000 np0000189571 devstack@neutron-api.service[101429]: DEBUG ovsdbapp.backend.ovs_idl.transaction [None req-52faf4b2-3921-4fb0-ba6d-a05ae33b5988 None None] Running txn n=1 command(idx=0): AddNetworkCommand(_result=None, network_uuid=5954430d-1c73-4ece-9052-b69f7007aba9, may_exist=True, columns={'external_ids': {'neutron:network_name': 'k8s-clusterapi-cluster-magnum-system-kube-t6qf4', 'neutron:mtu': '1372', 'neutron:revision_number': '1', 'neutron:availability_zone_hints': '', 'neutron:provnet-network-type': 'geneve'}, 'other_config': {'mcast_snoop': 'false', 'mcast_flood_unregistered': 'false', 'vlan-passthru': 'false'}}) {{(pid=101429) do_commit /opt/stack/data/venv/lib/python3.12/site-packages/ovsdbapp/backend/ovs_idl/transaction.py:89}}
Aug 14 09:11:25.051125 np0000189571 devstack@neutron-api.service[101430]: DEBUG neutron.plugins.ml2.drivers.ovn.mech_driver.ovsdb.ovsdb_monitor [None req-d3da4470-4f4d-4c28-a945-72726cb4cc5e None None] Touching Hash Ring node "0846652f660b50d19e95adaffb876258" from IDL notify handler {{(pid=101430) notify /opt/stack/neutron/neutron/plugins/ml2/drivers/ovn/mech_driver/ovsdb/ovsdb_monitor.py:1091}}
Aug 14 09:11:25.061454 np0000189571 devstack@neutron-api.service[101432]: DEBUG neutron.plugins.ml2.drivers.ovn.mech_driver.ovsdb.ovsdb_monitor [None req-4b9bff34-b5b2-4d00-b10b-6766397cb7ea None None] Touching Hash Ring node "8bd142c4f7645453a2c1fca6573b5e73" from IDL notify handler {{(pid=101432) notify /opt/stack/neutron/neutron/plugins/ml2/drivers/ovn/mech_driver/ovsdb/ovsdb_monitor.py:1091}}
Aug 14 09:11:25.063774 np0000189571 devstack@neutron-api.service[101430]: DEBUG neutron.plugins.ml2.drivers.ovn.mech_driver.ovsdb.ovsdb_monitor [None req-d3da4470-4f4d-4c28-a945-72726cb4cc5e None None] Hash Ring: Node 0846652f660b50d19e95adaffb876258 (host: np0000189571) handling event "create" for row 5954430d-1c73-4ece-9052-b69f7007aba9 (table: Logical_Switch) {{(pid=101430) notify /opt/stack/neutron/neutron/plugins/ml2/drivers/ovn/mech_driver/ovsdb/ovsdb_monitor.py:1099}}
Aug 14 09:11:25.067710 np0000189571 devstack@neutron-api.service[101432]: DEBUG neutron.plugins.ml2.drivers.ovn.mech_driver.ovsdb.ovsdb_monitor [None req-4b9bff34-b5b2-4d00-b10b-6766397cb7ea None None] Hash Ring: Node 8bd142c4f7645453a2c1fca6573b5e73 (host: np0000189571) handling event "create" for row c4832229-bea2-4aa9-af28-4a554aeb8532 (table: Datapath_Binding) {{(pid=101432) notify /opt/stack/neutron/neutron/plugins/ml2/drivers/ovn/mech_driver/ovsdb/ovsdb_monitor.py:1099}}
Aug 14 09:11:25.077139 np0000189571 devstack@neutron-api.service[101429]: INFO neutron.db.ovn_revision_numbers_db [None req-3bef0011-965e-4fda-9d8d-ac44ca92af1d demo demo] Successfully bumped revision number for resource 5954430d-1c73-4ece-9052-b69f7007aba9 (type: networks) to 1
Aug 14 09:11:25.138186 np0000189571 devstack@neutron-api.service[101429]: DEBUG neutron_lib.callbacks.manager [None req-3bef0011-965e-4fda-9d8d-ac44ca92af1d demo demo] Publish callbacks ['neutron.plugins.ml2.plugin.SecurityGroupDbMixin._ensure_default_security_group_handler-365474'] for port (None), before_create {{(pid=101429) _notify_loop /opt/stack/data/venv/lib/python3.12/site-packages/neutron_lib/callbacks/manager.py:184}}
Aug 14 09:11:25.254889 np0000189571 devstack@neutron-api.service[101429]: DEBUG neutron_lib.callbacks.manager [None req-3bef0011-965e-4fda-9d8d-ac44ca92af1d demo demo] Publish callbacks ['neutron.plugins.ml2.drivers.ovn.mech_driver.mech_driver.OVNMechanismDriver._validate_allowed_address_pairs-871453'] for allowed_address_pair (8c8e575d-5d2f-4893-a14c-ae493b625c95), before_create {{(pid=101429) _notify_loop /opt/stack/data/venv/lib/python3.12/site-packages/neutron_lib/callbacks/manager.py:184}}
Aug 14 09:11:25.255500 np0000189571 devstack@neutron-api.service[101429]: DEBUG neutron_lib.callbacks.manager [None req-3bef0011-965e-4fda-9d8d-ac44ca92af1d demo demo] Publish callbacks [] for port (8c8e575d-5d2f-4893-a14c-ae493b625c95), precommit_create {{(pid=101429) _notify_loop /opt/stack/data/venv/lib/python3.12/site-packages/neutron_lib/callbacks/manager.py:184}}
Aug 14 09:11:25.255701 np0000189571 devstack@neutron-api.service[101429]: DEBUG neutron.plugins.ml2.drivers.ovn.mech_driver.mech_driver [None req-3bef0011-965e-4fda-9d8d-ac44ca92af1d demo demo] No provisioning block for port 8c8e575d-5d2f-4893-a14c-ae493b625c95 since it does not have a host {{(pid=101429) _is_port_provisioning_required /opt/stack/neutron/neutron/plugins/ml2/drivers/ovn/mech_driver/mech_driver.py:877}}
Aug 14 09:11:25.255979 np0000189571 devstack@neutron-api.service[101429]: DEBUG neutron.db.ovn_revision_numbers_db [None req-3bef0011-965e-4fda-9d8d-ac44ca92af1d demo demo] create_initial_revision uuid=8c8e575d-5d2f-4893-a14c-ae493b625c95, type=ports, rev=-1 {{(pid=101429) create_initial_revision /opt/stack/neutron/neutron/db/ovn_revision_numbers_db.py:98}}
Aug 14 09:11:25.287564 np0000189571 devstack@neutron-api.service[101429]: DEBUG neutron_lib.callbacks.manager [None req-3bef0011-965e-4fda-9d8d-ac44ca92af1d demo demo] Publish callbacks ['neutron.plugins.ml2.ovo_rpc._ObjectChangeHandler.handle_event-976416'] for port (8c8e575d-5d2f-4893-a14c-ae493b625c95), after_create {{(pid=101429) _notify_loop /opt/stack/data/venv/lib/python3.12/site-packages/neutron_lib/callbacks/manager.py:184}}
Aug 14 09:11:25.341295 np0000189571 devstack@neutron-api.service[101429]: DEBUG neutron.api.rpc.handlers.resources_rpc [None req-3bef0011-965e-4fda-9d8d-ac44ca92af1d demo demo] Pushing event updated for resources: {'Port': ['ID=8c8e575d-5d2f-4893-a14c-ae493b625c95,revision_number=1']} {{(pid=101429) push /opt/stack/neutron/neutron/api/rpc/handlers/resources_rpc.py:237}}
Aug 14 09:11:25.346649 np0000189571 devstack@neutron-api.service[101429]: DEBUG neutron.plugins.ml2.drivers.ovn.mech_driver.ovsdb.commands [None req-3bef0011-965e-4fda-9d8d-ac44ca92af1d demo demo] Converting tag [] to a tag_request {{(pid=101429) _tag_column_to_tag_request /opt/stack/neutron/neutron/plugins/ml2/drivers/ovn/mech_driver/ovsdb/commands.py:227}}
Aug 14 09:11:25.347462 np0000189571 devstack@neutron-api.service[101429]: DEBUG ovsdbapp.backend.ovs_idl.transaction [None req-52faf4b2-3921-4fb0-ba6d-a05ae33b5988 None None] Running txn n=1 command(idx=0): AddLSwitchPortCommand(_result=None, lport=8c8e575d-5d2f-4893-a14c-ae493b625c95, lswitch=neutron-5954430d-1c73-4ece-9052-b69f7007aba9, may_exist=True, network_uuid=5954430d-1c73-4ece-9052-b69f7007aba9, columns={'addresses': ['fa:16:3e:d2:f1:98'], 'external_ids': {'neutron:port_name': '', 'neutron:device_id': 'ovnmeta-5954430d-1c73-4ece-9052-b69f7007aba9', 'neutron:project_id': 'a90142a6c4324f28acd830f4f44d599f', 'neutron:cidrs': '', 'neutron:device_owner': 'network:distributed', 'neutron:subnet_pool_addr_scope4': '', 'neutron:subnet_pool_addr_scope6': '', 'neutron:network_name': 'neutron-5954430d-1c73-4ece-9052-b69f7007aba9', 'neutron:security_group_ids': '', 'neutron:revision_number': '1', 'neutron:vnic_type': 'normal', 'neutron:port_capabilities': '', 'neutron:mtu': '1372'}, 'parent_name': [], 'enabled': True, 'options': {}, 'type': 'localport', 'port_security': [], 'dhcpv4_options': [], 'dhcpv6_options': [], 'tag_request': []}) {{(pid=101429) do_commit /opt/stack/data/venv/lib/python3.12/site-packages/ovsdbapp/backend/ovs_idl/transaction.py:89}}
Aug 14 09:11:25.348236 np0000189571 devstack@neutron-api.service[101429]: DEBUG ovsdbapp.backend.ovs_idl.transaction [None req-52faf4b2-3921-4fb0-ba6d-a05ae33b5988 None None] Running txn n=1 command(idx=1): QoSDelCommand(_result=None, switch=neutron-5954430d-1c73-4ece-9052-b69f7007aba9, conditions=[('direction', '=', 'to-lport'), ('priority', '=', 2002), ('match', '=', 'outport == "8c8e575d-5d2f-4893-a14c-ae493b625c95"')], if_exists=True) {{(pid=101429) do_commit /opt/stack/data/venv/lib/python3.12/site-packages/ovsdbapp/backend/ovs_idl/transaction.py:89}}
Aug 14 09:11:25.348490 np0000189571 devstack@neutron-api.service[101429]: DEBUG ovsdbapp.backend.ovs_idl.transaction [None req-52faf4b2-3921-4fb0-ba6d-a05ae33b5988 None None] Running txn n=1 command(idx=2): QoSDelCommand(_result=None, switch=neutron-5954430d-1c73-4ece-9052-b69f7007aba9, conditions=[('direction', '=', 'from-lport'), ('priority', '=', 2002), ('match', '=', 'inport == "8c8e575d-5d2f-4893-a14c-ae493b625c95"')], if_exists=True) {{(pid=101429) do_commit /opt/stack/data/venv/lib/python3.12/site-packages/ovsdbapp/backend/ovs_idl/transaction.py:89}}
Aug 14 09:11:25.363184 np0000189571 devstack@neutron-api.service[101430]: DEBUG neutron.plugins.ml2.drivers.ovn.mech_driver.ovsdb.ovsdb_monitor [None req-d3da4470-4f4d-4c28-a945-72726cb4cc5e None None] Touching Hash Ring node "0846652f660b50d19e95adaffb876258" from IDL notify handler {{(pid=101430) notify /opt/stack/neutron/neutron/plugins/ml2/drivers/ovn/mech_driver/ovsdb/ovsdb_monitor.py:1091}}
Aug 14 09:11:25.364942 np0000189571 devstack@neutron-api.service[101432]: DEBUG neutron.plugins.ml2.drivers.ovn.mech_driver.ovsdb.ovsdb_monitor [None req-4b9bff34-b5b2-4d00-b10b-6766397cb7ea None None] Touching Hash Ring node "8bd142c4f7645453a2c1fca6573b5e73" from IDL notify handler {{(pid=101432) notify /opt/stack/neutron/neutron/plugins/ml2/drivers/ovn/mech_driver/ovsdb/ovsdb_monitor.py:1091}}
Aug 14 09:11:25.367219 np0000189571 devstack@neutron-api.service[101430]: DEBUG neutron.plugins.ml2.drivers.ovn.mech_driver.ovsdb.ovsdb_monitor [None req-d3da4470-4f4d-4c28-a945-72726cb4cc5e None None] Hash Ring: Node 0846652f660b50d19e95adaffb876258 (host: np0000189571) handling event "update" for row 5954430d-1c73-4ece-9052-b69f7007aba9 (table: Logical_Switch) {{(pid=101430) notify /opt/stack/neutron/neutron/plugins/ml2/drivers/ovn/mech_driver/ovsdb/ovsdb_monitor.py:1099}}
