Feb 17 02:21:45.589901 np0000155890 devstack@neutron-api.service[103677]: DEBUG neutron.plugins.ml2.drivers.ovn.mech_driver.ovsdb.ovsdb_monitor [-] Hash Ring: Node 618cd83d465e50fead40e7de77c40810 (host: np0000155890) handling event "update" for row cdae9da1-c0a9-457e-ae3e-fa1857e878d1 (table: Logical_Switch_Port) {{(pid=103677) notify /opt/stack/neutron/neutron/plugins/ml2/drivers/ovn/mech_driver/ovsdb/ovsdb_monitor.py:920}}
Feb 17 02:21:45.591145 np0000155890 devstack@neutron-api.service[103674]: DEBUG neutron.plugins.ml2.drivers.ovn.mech_driver.ovsdb.ovsdb_monitor [-] Hash Ring: Node 973244b2224c5efa8af011b6f20b311b (host: np0000155890) handling event "update" for row 3d03d1f8-ac01-451c-a524-debaee7b9463 (table: Port_Binding) {{(pid=103674) notify /opt/stack/neutron/neutron/plugins/ml2/drivers/ovn/mech_driver/ovsdb/ovsdb_monitor.py:920}}
Feb 17 02:21:45.591952 np0000155890 devstack@neutron-api.service[103677]: DEBUG neutron.plugins.ml2.drivers.ovn.mech_driver.ovsdb.ovsdb_monitor [-] Hash Ring: Node 618cd83d465e50fead40e7de77c40810 (host: np0000155890) handling event "update" for row 3d03d1f8-ac01-451c-a524-debaee7b9463 (table: Port_Binding) {{(pid=103677) notify /opt/stack/neutron/neutron/plugins/ml2/drivers/ovn/mech_driver/ovsdb/ovsdb_monitor.py:920}}
Feb 17 02:21:45.592552 np0000155890 devstack@neutron-api.service[103674]: DEBUG neutron.plugins.ml2.drivers.ovn.mech_driver.ovsdb.ovsdb_monitor [-] Hash Ring: Node 973244b2224c5efa8af011b6f20b311b (host: np0000155890) handling event "update" for row cdae9da1-c0a9-457e-ae3e-fa1857e878d1 (table: Logical_Switch_Port) {{(pid=103674) notify /opt/stack/neutron/neutron/plugins/ml2/drivers/ovn/mech_driver/ovsdb/ovsdb_monitor.py:920}}
Feb 17 02:21:45.623133 np0000155890 devstack@neutron-api.service[103676]: INFO neutron.db.ovn_revision_numbers_db [None req-7905ceae-26a6-4648-ac14-2de0cfd74dcc admin admin] Successfully bumped revision number for resource e9f3226d-de6c-449e-bbd5-193a201c7b15 (type: ports) to 2
Feb 17 02:21:45.633333 np0000155890 devstack@neutron-api.service[103676]: DEBUG neutron.plugins.ml2.plugin [None req-7905ceae-26a6-4648-ac14-2de0cfd74dcc admin admin] In _notify_port_updated(), no bound segment for port e9f3226d-de6c-449e-bbd5-193a201c7b15 on network 497d00d3-f2fe-443d-874c-2a50d62a7d1f {{(pid=103676) _notify_port_updated /opt/stack/neutron/neutron/plugins/ml2/plugin.py:1036}}
Feb 17 02:21:45.663250 np0000155890 devstack@neutron-api.service[103676]: INFO neutron.db.ovn_revision_numbers_db [None req-7905ceae-26a6-4648-ac14-2de0cfd74dcc admin admin] Successfully bumped revision number for resource d78970ed-06fd-41a1-b9d6-4a2da06ee9ae (type: subnets) to 0
Feb 17 02:21:45.664634 np0000155890 devstack@neutron-api.service[103676]: DEBUG neutron.pecan_wsgi.hooks.policy_enforcement [None req-7905ceae-26a6-4648-ac14-2de0cfd74dcc admin admin] Attributes excluded by policy engine: ['standard_attr_id', 'shared', 'network'] {{(pid=103676) _exclude_attributes_by_policy /opt/stack/neutron/neutron/pecan_wsgi/hooks/policy_enforcement.py:258}}
Feb 17 02:21:45.664993 np0000155890 devstack@neutron-api.service[103676]: DEBUG neutron_lib.callbacks.manager [None req-7905ceae-26a6-4648-ac14-2de0cfd74dcc admin admin] Publish callbacks [] for subnet (None), before_response {{(pid=103676) _notify_loop /opt/stack/data/venv/lib/python3.12/site-packages/neutron_lib/callbacks/manager.py:184}}
Feb 17 02:21:45.678771 np0000155890 devstack@neutron-api.service[103676]: [pid: 103676|app: 0|req: 2/8] 199.204.45.109 () {68 vars in 1354 bytes} [Tue Feb 17 02:21:44 2026] POST /networking/v2.0/subnets => generated 666 bytes in 1109 msecs (HTTP/1.1 201) 4 headers in 162 bytes (1 switches on core 0)
Feb 17 02:21:46.163076 np0000155890 devstack@neutron-api.service[103675]: DEBUG neutron.pecan_wsgi.hooks.policy_enforcement [None req-4629249f-e086-476f-9673-33bd70d2d471 admin admin] Attributes excluded by policy engine: ['standard_attr_id'] {{(pid=103675) _exclude_attributes_by_policy /opt/stack/neutron/neutron/pecan_wsgi/hooks/policy_enforcement.py:258}}
Feb 17 02:21:46.164096 np0000155890 devstack@neutron-api.service[103675]: [pid: 103675|app: 0|req: 2/9] 199.204.45.109 () {64 vars in 1414 bytes} [Tue Feb 17 02:21:46 2026] GET /networking/v2.0/networks/497d00d3-f2fe-443d-874c-2a50d62a7d1f => generated 700 bytes in 47 msecs (HTTP/1.1 200) 4 headers in 157 bytes (1 switches on core 0)
Feb 17 02:21:46.184213 np0000155890 devstack@neutron-api.service[103677]: DEBUG neutron.api.wsgi [None req-bcb78a2a-6468-4a4d-b7f9-2bb417d62728 admin admin] Missing Content-Type {{(pid=103677) get_content_type /opt/stack/neutron/neutron/api/wsgi.py:85}}
Feb 17 02:21:46.198824 np0000155890 devstack@neutron-api.service[103677]: [pid: 103677|app: 0|req: 4/10] 199.204.45.109 () {64 vars in 1423 bytes} [Tue Feb 17 02:21:46 2026] GET /networking/v2.0/subnetpools/5e12996e-7b2a-4dce-9570-247f4d1a5c02 => generated 531 bytes in 19 msecs (HTTP/1.1 200) 4 headers in 157 bytes (1 switches on core 0)
Feb 17 02:21:46.216239 np0000155890 devstack@neutron-api.service[103674]: DEBUG neutron.api.v2.base [None req-cd2210af-f4dc-4ba9-8be1-fab98de7be58 admin admin] Request body: {'subnet': {'network_id': '497d00d3-f2fe-443d-874c-2a50d62a7d1f', 'subnetpool_id': '5e12996e-7b2a-4dce-9570-247f4d1a5c02', 'ip_version': 6, 'name': 'ipv6-private-subnet', 'ipv6_address_mode': 'slaac', 'ipv6_ra_mode': 'slaac'}} {{(pid=103674) prepare_request_body /opt/stack/neutron/neutron/api/v2/base.py:729}}
Feb 17 02:21:46.237876 np0000155890 devstack@neutron-api.service[103674]: DEBUG neutron.pecan_wsgi.hooks.quota_enforcement [None req-cd2210af-f4dc-4ba9-8be1-fab98de7be58 admin admin] Made reservation on behalf of b787ffc41f8e4891ac0c5c124f5cdf55 for: {'subnet': 1} {{(pid=103674) before /opt/stack/neutron/neutron/pecan_wsgi/hooks/quota_enforcement.py:66}}
Feb 17 02:21:46.241607 np0000155890 devstack@neutron-api.service[103674]: DEBUG neutron_lib.callbacks.manager [None req-cd2210af-f4dc-4ba9-8be1-fab98de7be58 admin admin] Publish callbacks [] for subnet (None), before_create {{(pid=103674) _notify_loop /opt/stack/data/venv/lib/python3.12/site-packages/neutron_lib/callbacks/manager.py:184}}
Feb 17 02:21:46.592846 np0000155890 devstack@neutron-api.service[103674]: DEBUG neutron.db.ovn_revision_numbers_db [None req-cd2210af-f4dc-4ba9-8be1-fab98de7be58 admin admin] create_initial_revision uuid=996e44dd-3f3f-43b3-abee-2ea74fd94e0c, type=subnets, rev=-1 {{(pid=103674) create_initial_revision /opt/stack/neutron/neutron/db/ovn_revision_numbers_db.py:98}}
Feb 17 02:21:46.671728 np0000155890 devstack@neutron-api.service[103674]: DEBUG neutron.objects.ports [None req-cd2210af-f4dc-4ba9-8be1-fab98de7be58 admin admin] Time-cost: Fetching 1 ports in 0 security groups {{(pid=103674) get_objects /opt/stack/neutron/neutron/objects/ports.py:499}}
Feb 17 02:21:46.846197 np0000155890 devstack@neutron-api.service[103674]: DEBUG neutron_lib.callbacks.manager [None req-cd2210af-f4dc-4ba9-8be1-fab98de7be58 admin admin] Publish callbacks ['neutron.plugins.ml2.plugin.SecurityGroupDbMixin._ensure_default_security_group_handler-217220', 'neutron.services.ovn_l3.plugin.OVNL3RouterPlugin._port_update-8337760781262', 'neutron.db.l3_db.L3_NAT_dbonly_mixin._prevent_internal_ip_change_for_fip-8337762307042'] for port (e9f3226d-de6c-449e-bbd5-193a201c7b15), before_update {{(pid=103674) _notify_loop /opt/stack/data/venv/lib/python3.12/site-packages/neutron_lib/callbacks/manager.py:184}}
Feb 17 02:21:47.020677 np0000155890 devstack@neutron-api.service[103674]: DEBUG neutron_lib.callbacks.manager [None req-cd2210af-f4dc-4ba9-8be1-fab98de7be58 admin admin] Publish callbacks [] for port (e9f3226d-de6c-449e-bbd5-193a201c7b15), precommit_update {{(pid=103674) _notify_loop /opt/stack/data/venv/lib/python3.12/site-packages/neutron_lib/callbacks/manager.py:184}}
Feb 17 02:21:47.020870 np0000155890 devstack@neutron-api.service[103674]: DEBUG neutron.plugins.ml2.drivers.ovn.mech_driver.mech_driver [None req-cd2210af-f4dc-4ba9-8be1-fab98de7be58 admin admin] No provisioning block for port e9f3226d-de6c-449e-bbd5-193a201c7b15 since it does not have a host {{(pid=103674) _is_port_provisioning_required /opt/stack/neutron/neutron/plugins/ml2/drivers/ovn/mech_driver/mech_driver.py:883}}
Feb 17 02:21:47.022077 np0000155890 devstack@neutron-api.service[103674]: DEBUG neutron_lib.callbacks.manager [None req-cd2210af-f4dc-4ba9-8be1-fab98de7be58 admin admin] Publish callbacks ['neutron.plugins.ml2.ovo_rpc._ObjectChangeHandler.handle_event-1693078', 'neutron.db.l3_db.L3RpcNotifierMixin._notify_gateway_port_ip_changed-8337762184102', 'neutron.services.ovn_l3.plugin.OVNL3RouterPlugin._port_update-8337760781262'] for port (e9f3226d-de6c-449e-bbd5-193a201c7b15), after_update {{(pid=103674) _notify_loop /opt/stack/data/venv/lib/python3.12/site-packages/neutron_lib/callbacks/manager.py:184}}
Feb 17 02:21:47.069987 np0000155890 devstack@neutron-api.service[103674]: DEBUG neutron.api.rpc.handlers.resources_rpc [None req-cd2210af-f4dc-4ba9-8be1-fab98de7be58 admin admin] Pushing event updated for resources: {'Port': ['ID=e9f3226d-de6c-449e-bbd5-193a201c7b15,revision_number=3']} {{(pid=103674) push /opt/stack/neutron/neutron/api/rpc/handlers/resources_rpc.py:237}}
Feb 17 02:21:47.075923 np0000155890 devstack@neutron-api.service[103674]: DEBUG neutron.api.rpc.callbacks.version_manager [None req-cd2210af-f4dc-4ba9-8be1-fab98de7be58 admin admin] Tracked resource versions report:
Feb 17 02:21:47.075923 np0000155890 devstack@neutron-api.service[103674]: pushed versions:
Feb 17 02:21:47.075923 np0000155890 devstack@neutron-api.service[103674]: { 'AddressGroup': {'1.2'},
Feb 17 02:21:47.075923 np0000155890 devstack@neutron-api.service[103674]: 'Agent': {'1.1'},
Feb 17 02:21:47.075923 np0000155890 devstack@neutron-api.service[103674]: 'ConntrackHelper': {'1.0'},
Feb 17 02:21:47.075923 np0000155890 devstack@neutron-api.service[103674]: 'LocalIPAssociation': {'1.0'},
Feb 17 02:21:47.075923 np0000155890 devstack@neutron-api.service[103674]: 'Log': {'1.0'},
Feb 17 02:21:47.075923 np0000155890 devstack@neutron-api.service[103674]: 'NDPProxy': {'1.0'},
Feb 17 02:21:47.075923 np0000155890 devstack@neutron-api.service[103674]: 'Network': {'1.2'},
Feb 17 02:21:47.075923 np0000155890 devstack@neutron-api.service[103674]: 'Port': {'1.10'},
Feb 17 02:21:47.075923 np0000155890 devstack@neutron-api.service[103674]: 'PortForwarding': {'1.3'},
Feb 17 02:21:47.075923 np0000155890 devstack@neutron-api.service[103674]: 'QosPolicy': {'1.10'},
Feb 17 02:21:47.075923 np0000155890 devstack@neutron-api.service[103674]: 'SecurityGroup': {'1.6'},
Feb 17 02:21:47.075923 np0000155890 devstack@neutron-api.service[103674]: 'SecurityGroupRule': {'1.3'},
Feb 17 02:21:47.075923 np0000155890 devstack@neutron-api.service[103674]: 'SubPort': {'1.0'},
Feb 17 02:21:47.075923 np0000155890 devstack@neutron-api.service[103674]: 'Subnet': {'1.2'},
Feb 17 02:21:47.075923 np0000155890 devstack@neutron-api.service[103674]: 'Trunk': {'1.1'}}
Feb 17 02:21:47.075923 np0000155890 devstack@neutron-api.service[103674]: consumer versions:
Feb 17 02:21:47.075923 np0000155890 devstack@neutron-api.service[103674]: { OVN Controller Gateway agent@np0000155890: {},
Feb 17 02:21:47.075923 np0000155890 devstack@neutron-api.service[103674]: OVN Neutron agent@np0000155890: {}}
Feb 17 02:21:47.075923 np0000155890 devstack@neutron-api.service[103674]: {{(pid=103674) report /opt/stack/neutron/neutron/api/rpc/callbacks/version_manager.py:183}}
Feb 17 02:21:47.266842 np0000155890 devstack@neutron-api.service[103674]: DEBUG ovsdbapp.backend.ovs_idl.transaction [-] Running txn n=1 command(idx=0): CheckRevisionNumberCommand(_result=None, name=e9f3226d-de6c-449e-bbd5-193a201c7b15, resource={'id': 'e9f3226d-de6c-449e-bbd5-193a201c7b15', 'name': '', 'network_id': '497d00d3-f2fe-443d-874c-2a50d62a7d1f', 'project_id': 'b787ffc41f8e4891ac0c5c124f5cdf55', 'mac_address': 'fa:16:3e:62:3a:f6', 'admin_state_up': True, 'status': 'DOWN', 'device_id': 'ovnmeta-497d00d3-f2fe-443d-874c-2a50d62a7d1f', 'device_owner': 'network:distributed', 'standard_attr_id': 14, 'fixed_ips': [{'subnet_id': 'd78970ed-06fd-41a1-b9d6-4a2da06ee9ae', 'ip_address': '10.1.0.2'}, {'subnet_id': '996e44dd-3f3f-43b3-abee-2ea74fd94e0c', 'ip_address': 'fd::f816:3eff:fe62:3af6'}], 'allowed_address_pairs': [], 'extra_dhcp_opts': [], 'security_groups': [], 'description': '', 'binding:vnic_type': 'normal', 'binding:profile': {}, 'binding:host_id': '', 'binding:vif_type': 'unbound', 'binding:vif_details': {}, 'port_security_enabled': False, 'tags': [], 'created_at': '2026-02-17T02:21:43Z', 'updated_at': '2026-02-17T02:21:46Z', 'revision_number': 3, 'tenant_id': 'b787ffc41f8e4891ac0c5c124f5cdf55', 'network': {'id': '497d00d3-f2fe-443d-874c-2a50d62a7d1f', 'name': 'private', 'tenant_id': 'b787ffc41f8e4891ac0c5c124f5cdf55', 'project_id': 'b787ffc41f8e4891ac0c5c124f5cdf55', 'admin_state_up': True, 'mtu': 1372, 'status': 'ACTIVE', 'subnets': ['996e44dd-3f3f-43b3-abee-2ea74fd94e0c', 'd78970ed-06fd-41a1-b9d6-4a2da06ee9ae'], 'standard_attr_id': 12, 'shared': False, 'availability_zone_hints': [], 'availability_zones': [], 'ipv4_address_scope': None, 'ipv6_address_scope': None, 'router:external': False, 'qinq': False, 'vlan_transparent': False, 'description': '', 'port_security_enabled': True, 'tags': [], 'created_at': '2026-02-17T02:21:43Z', 'updated_at': '2026-02-17T02:21:46Z', 'revision_number': 3, 'provider:network_type': 'geneve', 'provider:physical_network': None, 'provider:segmentation_id': 15323}}, resource_type=ports, if_exists=True) {{(pid=103674) do_commit /opt/stack/data/venv/lib/python3.12/site-packages/ovsdbapp/backend/ovs_idl/transaction.py:89}}
Feb 17 02:21:47.267467 np0000155890 devstack@neutron-api.service[103674]: DEBUG ovsdbapp.backend.ovs_idl.transaction [-] Running txn n=1 command(idx=1): SetLSwitchPortCommand(_result=None, lport=e9f3226d-de6c-449e-bbd5-193a201c7b15, external_ids_update=None, columns={'external_ids': {'neutron:port_name': '', 'neutron:device_id': 'ovnmeta-497d00d3-f2fe-443d-874c-2a50d62a7d1f', 'neutron:project_id': 'b787ffc41f8e4891ac0c5c124f5cdf55', 'neutron:cidrs': '10.1.0.2/26 fd::f816:3eff:fe62:3af6/64', 'neutron:device_owner': 'network:distributed', 'neutron:subnet_pool_addr_scope4': '', 'neutron:subnet_pool_addr_scope6': '', 'neutron:network_name': 'neutron-497d00d3-f2fe-443d-874c-2a50d62a7d1f', 'neutron:security_group_ids': '', 'neutron:revision_number': '3', 'neutron:vnic_type': 'normal', 'neutron:port_capabilities': '', 'neutron:mtu': ''}, 'parent_name': [], 'tag': [], 'options': {}, 'enabled': True, 'port_security': [], 'dhcpv4_options': [], 'dhcpv6_options': [], 'type': 'localport', 'addresses': ['fa:16:3e:62:3a:f6 10.1.0.2 fd::f816:3eff:fe62:3af6'], 'ha_chassis_group': []}, if_exists=False) {{(pid=103674) do_commit /opt/stack/data/venv/lib/python3.12/site-packages/ovsdbapp/backend/ovs_idl/transaction.py:89}}
Feb 17 02:21:47.269025 np0000155890 devstack@neutron-api.service[103674]: DEBUG ovsdbapp.backend.ovs_idl.transaction [-] Running txn n=1 command(idx=2): PgDelPortCommand(_result=None, port_group=neutron_pg_drop, lsp=['e9f3226d-de6c-449e-bbd5-193a201c7b15'], if_exists=False) {{(pid=103674) do_commit /opt/stack/data/venv/lib/python3.12/site-packages/ovsdbapp/backend/ovs_idl/transaction.py:89}}
Feb 17 02:21:47.274015 np0000155890 devstack@neutron-api.service[103674]: DEBUG neutron.plugins.ml2.drivers.ovn.mech_driver.ovsdb.ovsdb_monitor [-] Hash Ring: Node 973244b2224c5efa8af011b6f20b311b (host: np0000155890) handling event "update" for row cdae9da1-c0a9-457e-ae3e-fa1857e878d1 (table: Logical_Switch_Port) {{(pid=103674) notify /opt/stack/neutron/neutron/plugins/ml2/drivers/ovn/mech_driver/ovsdb/ovsdb_monitor.py:920}}
Feb 17 02:21:47.274335 np0000155890 devstack@neutron-api.service[103677]: DEBUG neutron.plugins.ml2.drivers.ovn.mech_driver.ovsdb.ovsdb_monitor [-] Hash Ring: Node 618cd83d465e50fead40e7de77c40810 (host: np0000155890) handling event "update" for row cdae9da1-c0a9-457e-ae3e-fa1857e878d1 (table: Logical_Switch_Port) {{(pid=103677) notify /opt/stack/neutron/neutron/plugins/ml2/drivers/ovn/mech_driver/ovsdb/ovsdb_monitor.py:920}}
Feb 17 02:21:47.276353 np0000155890 devstack@neutron-api.service[103674]: DEBUG neutron.plugins.ml2.drivers.ovn.mech_driver.ovsdb.ovsdb_monitor [-] Hash Ring: Node 973244b2224c5efa8af011b6f20b311b (host: np0000155890) handling event "update" for row 3d03d1f8-ac01-451c-a524-debaee7b9463 (table: Port_Binding) {{(pid=103674) notify /opt/stack/neutron/neutron/plugins/ml2/drivers/ovn/mech_driver/ovsdb/ovsdb_monitor.py:920}}
Feb 17 02:21:47.276587 np0000155890 devstack@neutron-api.service[103677]: DEBUG neutron.plugins.ml2.drivers.ovn.mech_driver.ovsdb.ovsdb_monitor [-] Hash Ring: Node 618cd83d465e50fead40e7de77c40810 (host: np0000155890) handling event "update" for row 3d03d1f8-ac01-451c-a524-debaee7b9463 (table: Port_Binding) {{(pid=103677) notify /opt/stack/neutron/neutron/plugins/ml2/drivers/ovn/mech_driver/ovsdb/ovsdb_monitor.py:920}}
Feb 17 02:21:47.314833 np0000155890 devstack@neutron-api.service[103674]: INFO neutron.db.ovn_revision_numbers_db [None req-cd2210af-f4dc-4ba9-8be1-fab98de7be58 admin admin] Successfully bumped revision number for resource e9f3226d-de6c-449e-bbd5-193a201c7b15 (type: ports) to 3
Feb 17 02:21:47.327982 np0000155890 devstack@neutron-api.service[103674]: DEBUG neutron_lib.callbacks.manager [None req-cd2210af-f4dc-4ba9-8be1-fab98de7be58 admin admin] Publish callbacks ['neutron.plugins.ml2.ovo_rpc._ObjectChangeHandler.handle_event-1693057'] for subnet (996e44dd-3f3f-43b3-abee-2ea74fd94e0c), after_create {{(pid=103674) _notify_loop /opt/stack/data/venv/lib/python3.12/site-packages/neutron_lib/callbacks/manager.py:184}}
Feb 17 02:21:47.349898 np0000155890 devstack@neutron-api.service[103674]: DEBUG neutron.api.rpc.handlers.resources_rpc [None req-cd2210af-f4dc-4ba9-8be1-fab98de7be58 admin admin] Pushing event updated for resources: {'Subnet': ['ID=996e44dd-3f3f-43b3-abee-2ea74fd94e0c,revision_number=0']} {{(pid=103674) push /opt/stack/neutron/neutron/api/rpc/handlers/resources_rpc.py:237}}
Feb 17 02:21:47.385165 np0000155890 devstack@neutron-api.service[103674]: INFO neutron.db.ovn_revision_numbers_db [None req-cd2210af-f4dc-4ba9-8be1-fab98de7be58 admin admin] Successfully bumped revision number for resource 996e44dd-3f3f-43b3-abee-2ea74fd94e0c (type: subnets) to 0
Feb 17 02:21:47.386669 np0000155890 devstack@neutron-api.service[103674]: DEBUG neutron.pecan_wsgi.hooks.policy_enforcement [None req-cd2210af-f4dc-4ba9-8be1-fab98de7be58 admin admin] Attributes excluded by policy engine: ['standard_attr_id', 'shared', 'network'] {{(pid=103674) _exclude_attributes_by_policy /opt/stack/neutron/neutron/pecan_wsgi/hooks/policy_enforcement.py:258}}
Feb 17 02:21:47.387049 np0000155890 devstack@neutron-api.service[103674]: DEBUG neutron_lib.callbacks.manager [None req-cd2210af-f4dc-4ba9-8be1-fab98de7be58 admin admin] Publish callbacks [] for subnet (None), before_response {{(pid=103674) _notify_loop /opt/stack/data/venv/lib/python3.12/site-packages/neutron_lib/callbacks/manager.py:184}}
Feb 17 02:21:47.404144 np0000155890 devstack@neutron-api.service[103674]: [pid: 103674|app: 0|req: 3/11] 199.204.45.109 () {68 vars in 1354 bytes} [Tue Feb 17 02:21:46 2026] POST /networking/v2.0/subnets => generated 681 bytes in 1194 msecs (HTTP/1.1 201) 4 headers in 162 bytes (1 switches on core 0)
Feb 17 02:21:47.752054 np0000155890 devstack@neutron-api.service[103676]: DEBUG neutron.api.wsgi [None req-dee81eea-7b13-4f0a-978e-64ef7eceadde admin admin] Missing Content-Type {{(pid=103676) get_content_type /opt/stack/neutron/neutron/api/wsgi.py:85}}
Feb 17 02:21:47.752703 np0000155890 devstack@neutron-api.service[103676]: DEBUG neutron.api.wsgi [None req-dee81eea-7b13-4f0a-978e-64ef7eceadde admin admin] https://199.204.45.109/networking/v2.0/extensions returned with HTTP 200 {{(pid=103676) __call__ /opt/stack/neutron/neutron/api/wsgi.py:545}}
Feb 17 02:21:47.753081 np0000155890 devstack@neutron-api.service[103676]: [pid: 103676|app: 0|req: 3/12] 199.204.45.109 () {64 vars in 1322 bytes} [Tue Feb 17 02:21:47 2026] GET /networking/v2.0/extensions => generated 15208 bytes in 6 msecs (HTTP/1.1 200) 4 headers in 159 bytes (1 switches on core 0)
Feb 17 02:21:48.028014 np0000155890 devstack@neutron-api.service[103675]: DEBUG neutron.api.wsgi [None req-6cd17b21-5733-4e30-871b-57a57d83f1ad admin admin] Missing Content-Type {{(pid=103675) get_content_type /opt/stack/neutron/neutron/api/wsgi.py:85}}
Feb 17 02:21:48.028792 np0000155890 devstack@neutron-api.service[103675]: DEBUG neutron.api.wsgi [None req-6cd17b21-5733-4e30-871b-57a57d83f1ad admin admin] https://199.204.45.109/networking/v2.0/extensions returned with HTTP 200 {{(pid=103675) __call__ /opt/stack/neutron/neutron/api/wsgi.py:545}}
Feb 17 02:21:48.029397 np0000155890 devstack@neutron-api.service[103675]: [pid: 103675|app: 0|req: 3/13] 199.204.45.109 () {64 vars in 1322 bytes} [Tue Feb 17 02:21:48 2026] GET /networking/v2.0/extensions => generated 15208 bytes in 7 msecs (HTTP/1.1 200) 4 headers in 159 bytes (1 switches on core 0)
Feb 17 02:21:48.309146 np0000155890 devstack@neutron-api.service[103677]: DEBUG neutron.api.v2.base [None req-9899008d-18bd-4aa3-8edb-911e39d8b47e admin admin] Request body: {'router': {'admin_state_up': True, 'name': 'router1'}} {{(pid=103677) prepare_request_body /opt/stack/neutron/neutron/api/v2/base.py:729}}
Feb 17 02:21:48.346389 np0000155890 devstack@neutron-api.service[103677]: DEBUG neutron_lib.callbacks.manager [None req-9899008d-18bd-4aa3-8edb-911e39d8b47e admin admin] Publish callbacks ['neutron.services.ovn_l3.service_providers.driver_controller.DriverController._check_router_request-64451'] for router (0e7ca231-e1eb-4745-8009-12267ea75ff8), before_create {{(pid=103677) _notify_loop /opt/stack/data/venv/lib/python3.12/site-packages/neutron_lib/callbacks/manager.py:184}}
Feb 17 02:21:48.347437 np0000155890 devstack@neutron-api.service[103677]: DEBUG neutron_lib.callbacks.manager [None req-9899008d-18bd-4aa3-8edb-911e39d8b47e admin admin] Publish callbacks ['neutron.services.ovn_l3.service_providers.ovn.OVN_L3_HA_db_mixin._precommit_router_create-494406', 'neutron.services.ovn_l3.plugin.RouterAvailabilityZoneMixin._process_az_request-1514829', 'neutron.services.ovn_l3.plugin.ExtraGatewaysDbOnlyMixin._process_bfd_ecmp_create-64393', 'neutron.services.ovn_l3.service_providers.ovn.OvnDriver._process_router_create_precommit-494018', 'neutron.services.ovn_l3.service_providers.driver_controller.DriverController._set_router_provider-46649'] for router (0e7ca231-e1eb-4745-8009-12267ea75ff8), precommit_create {{(pid=103677) _notify_loop /opt/stack/data/venv/lib/python3.12/site-packages/neutron_lib/callbacks/manager.py:184}}
Feb 17 02:21:48.364784 np0000155890 devstack@neutron-api.service[103677]: DEBUG neutron.db.ovn_revision_numbers_db [None req-9899008d-18bd-4aa3-8edb-911e39d8b47e admin admin] create_initial_revision uuid=0e7ca231-e1eb-4745-8009-12267ea75ff8, type=routers, rev=-1 {{(pid=103677) create_initial_revision /opt/stack/neutron/neutron/db/ovn_revision_numbers_db.py:98}}
Feb 17 02:21:48.465512 np0000155890 devstack@neutron-api.service[103677]: DEBUG neutron_lib.callbacks.manager [None req-9899008d-18bd-4aa3-8edb-911e39d8b47e admin admin] Publish callbacks [] for router_controller (0e7ca231-e1eb-4745-8009-12267ea75ff8), precommit_add_association {{(pid=103677) _notify_loop /opt/stack/data/venv/lib/python3.12/site-packages/neutron_lib/callbacks/manager.py:184}}
Feb 17 02:21:48.471131 np0000155890 devstack@neutron-api.service[103677]: DEBUG neutron_lib.callbacks.manager [None req-9899008d-18bd-4aa3-8edb-911e39d8b47e admin admin] Publish callbacks ['neutron.services.ovn_l3.service_providers.ovn.OvnDriver._process_router_create-493998'] for router (0e7ca231-e1eb-4745-8009-12267ea75ff8), after_create {{(pid=103677) _notify_loop /opt/stack/data/venv/lib/python3.12/site-packages/neutron_lib/callbacks/manager.py:184}}
Feb 17 02:21:48.471313 np0000155890 devstack@neutron-api.service[103677]: INFO neutron.plugins.ml2.drivers.ovn.mech_driver.ovsdb.extensions.qos [None req-9899008d-18bd-4aa3-8edb-911e39d8b47e admin admin] Starting OVNClientQosExtension
Feb 17 02:21:48.471794 np0000155890 devstack@neutron-api.service[103677]: DEBUG neutron.plugins.ml2.drivers.ovn.mech_driver.ovsdb.extensions.qos [None req-9899008d-18bd-4aa3-8edb-911e39d8b47e admin admin] Router 0e7ca231-e1eb-4745-8009-12267ea75ff8 does not have ID or gateway assigned {{(pid=103677) update_router /opt/stack/neutron/neutron/plugins/ml2/drivers/ovn/mech_driver/ovsdb/extensions/qos.py:529}}
Feb 17 02:21:48.472680 np0000155890 devstack@neutron-api.service[103677]: DEBUG ovsdbapp.backend.ovs_idl.transaction [-] Running txn n=1 command(idx=0): LrAddCommand(_result=None, router=neutron-0e7ca231-e1eb-4745-8009-12267ea75ff8, may_exist=True, columns={'external_ids': {'neutron:router_name': 'router1', 'neutron:revision_number': '1', 'neutron:availability_zone_hints': ''}, 'enabled': True, 'options': {'always_learn_from_arp_request': 'false', 'dynamic_neigh_routers': 'true', 'mac_binding_age_threshold': '0'}}) {{(pid=103677) do_commit /opt/stack/data/venv/lib/python3.12/site-packages/ovsdbapp/backend/ovs_idl/transaction.py:89}}
Feb 17 02:21:48.477059 np0000155890 devstack@neutron-api.service[103677]: DEBUG neutron.plugins.ml2.drivers.ovn.mech_driver.ovsdb.ovsdb_monitor [-] Hash Ring: Node 618cd83d465e50fead40e7de77c40810 (host: np0000155890) handling event "create" for row 7ec232a1-cb43-4785-8fa3-ba85581364a6 (table: Logical_Router) {{(pid=103677) notify /opt/stack/neutron/neutron/plugins/ml2/drivers/ovn/mech_driver/ovsdb/ovsdb_monitor.py:920}}
Feb 17 02:21:48.478701 np0000155890 devstack@neutron-api.service[103675]: DEBUG neutron.plugins.ml2.drivers.ovn.mech_driver.ovsdb.ovsdb_monitor [-] Hash Ring: Node 97817d8158745c1aabde7c24805834b4 (host: np0000155890) handling event "create" for row 7ec232a1-cb43-4785-8fa3-ba85581364a6 (table: Logical_Router) {{(pid=103675) notify /opt/stack/neutron/neutron/plugins/ml2/drivers/ovn/mech_driver/ovsdb/ovsdb_monitor.py:920}}
Feb 17 02:21:48.485957 np0000155890 devstack@neutron-api.service[103675]: DEBUG neutron.plugins.ml2.drivers.ovn.mech_driver.ovsdb.ovsdb_monitor [-] Hash Ring: Node 97817d8158745c1aabde7c24805834b4 (host: np0000155890) handling event "create" for row 1bc5fe5b-b251-4c73-bca3-85ea09392ef2 (table: Datapath_Binding) {{(pid=103675) notify /opt/stack/neutron/neutron/plugins/ml2/drivers/ovn/mech_driver/ovsdb/ovsdb_monitor.py:920}}
Feb 17 02:21:48.500453 np0000155890 devstack@neutron-api.service[103677]: DEBUG neutron.plugins.ml2.drivers.ovn.mech_driver.ovsdb.ovsdb_monitor [-] Hash Ring: Node 618cd83d465e50fead40e7de77c40810 (host: np0000155890) handling event "create" for row 1bc5fe5b-b251-4c73-bca3-85ea09392ef2 (table: Datapath_Binding) {{(pid=103677) notify /opt/stack/neutron/neutron/plugins/ml2/drivers/ovn/mech_driver/ovsdb/ovsdb_monitor.py:920}}
Feb 17 02:21:48.576316 np0000155890 devstack@neutron-api.service[103677]: INFO neutron.db.ovn_revision_numbers_db [None req-9899008d-18bd-4aa3-8edb-911e39d8b47e admin admin] Successfully bumped revision number for resource 0e7ca231-e1eb-4745-8009-12267ea75ff8 (type: routers) to 1
Feb 17 02:21:48.596958 np0000155890 devstack@neutron-api.service[103677]: DEBUG neutron_lib.callbacks.manager [None req-9899008d-18bd-4aa3-8edb-911e39d8b47e admin admin] Publish callbacks [] for router (None), before_response {{(pid=103677) _notify_loop /opt/stack/data/venv/lib/python3.12/site-packages/neutron_lib/callbacks/manager.py:184}}
Feb 17 02:21:48.597430 np0000155890 devstack@neutron-api.service[103677]: [pid: 103677|app: 0|req: 5/14] 199.204.45.109 () {68 vars in 1353 bytes} [Tue Feb 17 02:21:48 2026] POST /networking/v2.0/routers => generated 599 bytes in 294 msecs (HTTP/1.1 201) 4 headers in 162 bytes (1 switches on core 0)
Feb 17 02:21:48.868354 np0000155890 devstack@neutron-api.service[103674]: DEBUG neutron.api.wsgi [None req-062be2c7-d1b4-40cb-8703-9d80eb3bf662 admin admin] Missing Content-Type {{(pid=103674) get_content_type /opt/stack/neutron/neutron/api/wsgi.py:85}}
Feb 17 02:21:48.868990 np0000155890 devstack@neutron-api.service[103674]: DEBUG neutron.api.wsgi [None req-062be2c7-d1b4-40cb-8703-9d80eb3bf662 admin admin] https://199.204.45.109/networking/v2.0/extensions returned with HTTP 200 {{(pid=103674) __call__ /opt/stack/neutron/neutron/api/wsgi.py:545}}
Feb 17 02:21:48.869435 np0000155890 devstack@neutron-api.service[103674]: [pid: 103674|app: 0|req: 4/15] 199.204.45.109 () {64 vars in 1322 bytes} [Tue Feb 17 02:21:48 2026] GET /networking/v2.0/extensions => generated 15208 bytes in 7 msecs (HTTP/1.1 200) 4 headers in 159 bytes (1 switches on core 0)
Feb 17 02:21:49.013944 np0000155890 devstack@neutron-api.service[103677]: DEBUG futurist.periodics [-] Submitting periodic callback 'neutron.plugins.ml2.drivers.ovn.mech_driver.ovsdb.maintenance.HashRingHealthCheckPeriodics.touch_hash_ring_node' {{(pid=103677) _process_scheduled /opt/stack/data/venv/lib/python3.12/site-packages/futurist/periodics.py:638}}
Feb 17 02:21:49.015245 np0000155890 devstack@neutron-api.service[103677]: DEBUG neutron.plugins.ml2.drivers.ovn.mech_driver.ovsdb.maintenance [-] Touching Hash Ring node "618cd83d465e50fead40e7de77c40810" from periodic health check thread {{(pid=103677) touch_hash_ring_node /opt/stack/neutron/neutron/plugins/ml2/drivers/ovn/mech_driver/ovsdb/maintenance.py:1135}}
Feb 17 02:21:49.157070 np0000155890 devstack@neutron-api.service[103676]: DEBUG neutron.api.v2.base [None req-d17e12d7-72ca-47ff-988f-b9ff920b605a admin admin] Request body: {'network': {'is_default': True, 'admin_state_up': True, 'provider:physical_network': 'public', 'name': 'public', 'provider:network_type': 'flat', 'router:external': True}} {{(pid=103676) prepare_request_body /opt/stack/neutron/neutron/api/v2/base.py:729}}
Feb 17 02:21:49.176620 np0000155890 devstack@neutron-api.service[103676]: DEBUG neutron.pecan_wsgi.hooks.quota_enforcement [None req-d17e12d7-72ca-47ff-988f-b9ff920b605a admin admin] Made reservation on behalf of b787ffc41f8e4891ac0c5c124f5cdf55 for: {'network': 1} {{(pid=103676) before /opt/stack/neutron/neutron/pecan_wsgi/hooks/quota_enforcement.py:66}}
Feb 17 02:21:49.182703 np0000155890 devstack@neutron-api.service[103676]: DEBUG neutron_lib.callbacks.manager [None req-d17e12d7-72ca-47ff-988f-b9ff920b605a admin admin] Publish callbacks ['neutron.plugins.ml2.plugin.SecurityGroupDbMixin._ensure_default_security_group_handler-438740'] for network (None), before_create {{(pid=103676) _notify_loop /opt/stack/data/venv/lib/python3.12/site-packages/neutron_lib/callbacks/manager.py:184}}
Feb 17 02:21:49.199308 np0000155890 devstack@neutron-api.service[103676]: DEBUG neutron.plugins.ml2.drivers.type_flat [None req-d17e12d7-72ca-47ff-988f-b9ff920b605a admin admin] Reserving flat network on physical network public {{(pid=103676) reserve_provider_segment /opt/stack/neutron/neutron/plugins/ml2/drivers/type_flat.py:100}}
Feb 17 02:21:49.210106 np0000155890 devstack@neutron-api.service[103676]: DEBUG neutron_lib.callbacks.manager [None req-d17e12d7-72ca-47ff-988f-b9ff920b605a admin admin] Publish callbacks ['neutron.services.segments.db._add_segment_host_mapping_for_segment-8337762439892', 'neutron.plugins.ml2.plugin.Ml2Plugin._handle_segment_change-34716'] for segment (3346bca5-4c10-4b7b-b514-8962f9c29afb), precommit_create {{(pid=103676) _notify_loop /opt/stack/data/venv/lib/python3.12/site-packages/neutron_lib/callbacks/manager.py:184}}
Feb 17 02:21:49.210411 np0000155890 devstack@neutron-api.service[103676]: DEBUG neutron_lib.callbacks.manager [None req-d17e12d7-72ca-47ff-988f-b9ff920b605a admin admin] Unsubscribe: segment precommit_create {{(pid=103676) unsubscribe /opt/stack/data/venv/lib/python3.12/site-packages/neutron_lib/callbacks/manager.py:90}}
Feb 17 02:21:49.210593 np0000155890 devstack@neutron-api.service[103676]: INFO neutron.db.segments_db [None req-d17e12d7-72ca-47ff-988f-b9ff920b605a admin admin] Added segment 3346bca5-4c10-4b7b-b514-8962f9c29afb of type flat for network e5657a1d-e36b-4d68-af25-c719d9692995
Feb 17 02:21:49.231861 np0000155890 devstack@neutron-api.service[103676]: DEBUG neutron_lib.callbacks.manager [None req-d17e12d7-72ca-47ff-988f-b9ff920b605a admin admin] Publish callbacks ['neutron.services.auto_allocate.db._ensure_external_network_default_value_callback-8337760787560'] for network (e5657a1d-e36b-4d68-af25-c719d9692995), precommit_create {{(pid=103676) _notify_loop /opt/stack/data/venv/lib/python3.12/site-packages/neutron_lib/callbacks/manager.py:184}}
Feb 17 02:21:49.252554 np0000155890 devstack@neutron-api.service[103676]: DEBUG neutron.plugins.ml2.drivers.ovn.mech_driver.mech_driver [None req-d17e12d7-72ca-47ff-988f-b9ff920b605a admin admin] Validating network segment with type flat, segmentation ID None, physical network public {{(pid=103676) _validate_network_segments /opt/stack/neutron/neutron/plugins/ml2/drivers/ovn/mech_driver/mech_driver.py:630}}
Feb 17 02:21:49.252822 np0000155890 devstack@neutron-api.service[103676]: DEBUG neutron.db.ovn_revision_numbers_db [None req-d17e12d7-72ca-47ff-988f-b9ff920b605a admin admin] create_initial_revision uuid=e5657a1d-e36b-4d68-af25-c719d9692995, type=networks, rev=-1 {{(pid=103676) create_initial_revision /opt/stack/neutron/neutron/db/ovn_revision_numbers_db.py:98}}
Feb 17 02:21:49.266221 np0000155890 devstack@neutron-api.service[103676]: DEBUG neutron_lib.callbacks.manager [None req-d17e12d7-72ca-47ff-988f-b9ff920b605a admin admin] Publish callbacks ['neutron.plugins.ml2.ovo_rpc._ObjectChangeHandler.handle_event-1692882'] for network (e5657a1d-e36b-4d68-af25-c719d9692995), after_create {{(pid=103676) _notify_loop /opt/stack/data/venv/lib/python3.12/site-packages/neutron_lib/callbacks/manager.py:184}}
Feb 17 02:21:49.294994 np0000155890 devstack@neutron-api.service[103676]: DEBUG neutron.api.rpc.handlers.resources_rpc [None req-d17e12d7-72ca-47ff-988f-b9ff920b605a admin admin] Pushing event updated for resources: {'Network': ['ID=e5657a1d-e36b-4d68-af25-c719d9692995,revision_number=1']} {{(pid=103676) push /opt/stack/neutron/neutron/api/rpc/handlers/resources_rpc.py:237}}
Feb 17 02:21:49.304363 np0000155890 devstack@neutron-api.service[103676]: DEBUG ovsdbapp.backend.ovs_idl.transaction [-] Running txn n=1 command(idx=0): AddNetworkCommand(_result=None, network_uuid=e5657a1d-e36b-4d68-af25-c719d9692995, may_exist=True, columns={'external_ids': {'neutron:network_name': 'public', 'neutron:mtu': '1430', 'neutron:revision_number': '1', 'neutron:availability_zone_hints': '', 'neutron:provnet-network-type': 'flat', 'neutron:provnet-physical-network': 'public'}, 'other_config': {'mcast_snoop': 'false', 'mcast_flood_unregistered': 'false', 'vlan-passthru': 'false', 'fdb_age_threshold': '0', 'broadcast-arps-to-all-routers': 'true'}}) {{(pid=103676) do_commit /opt/stack/data/venv/lib/python3.12/site-packages/ovsdbapp/backend/ovs_idl/transaction.py:89}}
Feb 17 02:21:49.304614 np0000155890 devstack@neutron-api.service[103676]: DEBUG neutron.common.ovn.utils [-] OVS persist_uuid supported=True {{(pid=103676) ovs_persist_uuid_supported /opt/stack/neutron/neutron/common/ovn/utils.py:1504}}
Feb 17 02:21:49.305242 np0000155890 devstack@neutron-api.service[103676]: DEBUG ovsdbapp.backend.ovs_idl.transaction [-] Running txn n=1 command(idx=1): AddLSwitchPortCommand(_result=None, lport=provnet-3346bca5-4c10-4b7b-b514-8962f9c29afb, lswitch=neutron-e5657a1d-e36b-4d68-af25-c719d9692995, may_exist=True, network_uuid=e5657a1d-e36b-4d68-af25-c719d9692995, columns={'addresses': ['unknown'], 'external_ids': {}, 'type': 'localnet', 'tag': None, 'options': {'network_name': 'public', 'mcast_flood_reports': 'true', 'mcast_flood': 'false', 'localnet_learn_fdb': 'false'}}) {{(pid=103676) do_commit /opt/stack/data/venv/lib/python3.12/site-packages/ovsdbapp/backend/ovs_idl/transaction.py:89}}
Feb 17 02:21:49.354381 np0000155890 devstack@neutron-api.service[103675]: DEBUG neutron.plugins.ml2.drivers.ovn.mech_driver.ovsdb.ovsdb_monitor [-] Hash Ring: Node 97817d8158745c1aabde7c24805834b4 (host: np0000155890) handling event "create" for row e5657a1d-e36b-4d68-af25-c719d9692995 (table: Logical_Switch) {{(pid=103675) notify /opt/stack/neutron/neutron/plugins/ml2/drivers/ovn/mech_driver/ovsdb/ovsdb_monitor.py:920}}
Feb 17 02:21:49.354801 np0000155890 devstack@neutron-api.service[103675]: DEBUG neutron.plugins.ml2.drivers.ovn.mech_driver.ovsdb.ovsdb_monitor [-] Hash Ring: Node 97817d8158745c1aabde7c24805834b4 (host: np0000155890) handling event "create" for row 10c5cb13-e40c-4892-8974-29c43aa285c8 (table: Logical_Switch_Port) {{(pid=103675) notify /opt/stack/neutron/neutron/plugins/ml2/drivers/ovn/mech_driver/ovsdb/ovsdb_monitor.py:920}}
Feb 17 02:21:49.355552 np0000155890 devstack@neutron-api.service[103675]: DEBUG ovsdbapp.backend.ovs_idl.event [-] Matched CREATE: LogicalSwitchPortCreateEvent(events=('create',), table='Logical_Switch_Port', conditions=[], old_conditions=None), priority=20 to row=Logical_Switch_Port(name=provnet-3346bca5-4c10-4b7b-b514-8962f9c29afb, ha_chassis_group=[], options={'localnet_learn_fdb': 'false', 'mcast_flood': 'false', 'mcast_flood_reports': 'true', 'network_name': 'public'}, parent_name=[], enabled=[], type=localnet, dhcpv6_options=[], addresses=['unknown'], tag=[], up=[], external_ids={}, tag_request=[], port_security=[], dynamic_addresses=[], dhcpv4_options=[], mirror_rules=[]) old= {{(pid=103675) matches /opt/stack/data/venv/lib/python3.12/site-packages/ovsdbapp/backend/ovs_idl/event.py:55}}
Feb 17 02:21:49.356492 np0000155890 devstack@neutron-api.service[103675]: INFO neutron.plugins.ml2.drivers.ovn.mech_driver.mech_driver [-] OVN reports status down for port: provnet-3346bca5-4c10-4b7b-b514-8962f9c29afb
Feb 17 02:21:49.356995 np0000155890 devstack@neutron-api.service[103677]: DEBUG neutron.plugins.ml2.drivers.ovn.mech_driver.ovsdb.ovsdb_monitor [None req-2b7a7d3e-12bc-4d75-8baa-2c0cbfe23147 None None] Touching Hash Ring node "618cd83d465e50fead40e7de77c40810" from IDL notify handler {{(pid=103677) notify /opt/stack/neutron/neutron/plugins/ml2/drivers/ovn/mech_driver/ovsdb/ovsdb_monitor.py:912}}
Feb 17 02:21:49.357270 np0000155890 devstack@neutron-api.service[103675]: DEBUG neutron.plugins.ml2.drivers.ovn.mech_driver.ovsdb.ovsdb_monitor [-] Hash Ring: Node 97817d8158745c1aabde7c24805834b4 (host: np0000155890) handling event "update" for row 10c5cb13-e40c-4892-8974-29c43aa285c8 (table: Logical_Switch_Port) {{(pid=103675) notify /opt/stack/neutron/neutron/plugins/ml2/drivers/ovn/mech_driver/ovsdb/ovsdb_monitor.py:920}}
Feb 17 02:21:49.360026 np0000155890 devstack@neutron-api.service[103677]: DEBUG neutron.plugins.ml2.drivers.ovn.mech_driver.ovsdb.ovsdb_monitor [None req-2b7a7d3e-12bc-4d75-8baa-2c0cbfe23147 None None] Hash Ring: Node 618cd83d465e50fead40e7de77c40810 (host: np0000155890) handling event "create" for row e5657a1d-e36b-4d68-af25-c719d9692995 (table: Logical_Switch) {{(pid=103677) notify /opt/stack/neutron/neutron/plugins/ml2/drivers/ovn/mech_driver/ovsdb/ovsdb_monitor.py:920}}
Feb 17 02:21:49.361719 np0000155890 devstack@neutron-api.service[103677]: DEBUG neutron.plugins.ml2.drivers.ovn.mech_driver.ovsdb.ovsdb_monitor [None req-2b7a7d3e-12bc-4d75-8baa-2c0cbfe23147 None None] Touching Hash Ring node "618cd83d465e50fead40e7de77c40810" from IDL notify handler {{(pid=103677) notify /opt/stack/neutron/neutron/plugins/ml2/drivers/ovn/mech_driver/ovsdb/ovsdb_monitor.py:912}}
Feb 17 02:21:49.365780 np0000155890 devstack@neutron-api.service[103677]: DEBUG neutron.plugins.ml2.drivers.ovn.mech_driver.ovsdb.ovsdb_monitor [None req-227cb5e5-5b96-49f8-9270-d1bea2eaa7de None None] Touching Hash Ring node "618cd83d465e50fead40e7de77c40810" from IDL notify handler {{(pid=103677) notify /opt/stack/neutron/neutron/plugins/ml2/drivers/ovn/mech_driver/ovsdb/ovsdb_monitor.py:912}}
Feb 17 02:21:49.367864 np0000155890 devstack@neutron-api.service[103677]: DEBUG neutron.plugins.ml2.drivers.ovn.mech_driver.ovsdb.ovsdb_monitor [None req-2b7a7d3e-12bc-4d75-8baa-2c0cbfe23147 None None] Hash Ring: Node 618cd83d465e50fead40e7de77c40810 (host: np0000155890) handling event "create" for row 10c5cb13-e40c-4892-8974-29c43aa285c8 (table: Logical_Switch_Port) {{(pid=103677) notify /opt/stack/neutron/neutron/plugins/ml2/drivers/ovn/mech_driver/ovsdb/ovsdb_monitor.py:920}}
Feb 17 02:21:49.368350 np0000155890 devstack@neutron-api.service[103677]: DEBUG ovsdbapp.backend.ovs_idl.event [None req-2b7a7d3e-12bc-4d75-8baa-2c0cbfe23147 None None] Matched CREATE: LogicalSwitchPortCreateEvent(events=('create',), table='Logical_Switch_Port', conditions=[], old_conditions=None), priority=20 to row=Logical_Switch_Port(name=provnet-3346bca5-4c10-4b7b-b514-8962f9c29afb, ha_chassis_group=[], options={'localnet_learn_fdb': 'false', 'mcast_flood': 'false', 'mcast_flood_reports': 'true', 'network_name': 'public'}, parent_name=[], enabled=[], type=localnet, dhcpv6_options=[], addresses=['unknown'], tag=[], up=[], external_ids={}, tag_request=[], port_security=[], dynamic_addresses=[], dhcpv4_options=[], mirror_rules=[]) old= {{(pid=103677) matches /opt/stack/data/venv/lib/python3.12/site-packages/ovsdbapp/backend/ovs_idl/event.py:55}}
Feb 17 02:21:49.369308 np0000155890 devstack@neutron-api.service[103677]: INFO neutron.plugins.ml2.drivers.ovn.mech_driver.mech_driver [None req-967de825-a0bc-45c4-8273-210c03219f7c None None] OVN reports status down for port: provnet-3346bca5-4c10-4b7b-b514-8962f9c29afb
Feb 17 02:21:49.371415 np0000155890 devstack@neutron-api.service[103677]: DEBUG neutron.plugins.ml2.drivers.ovn.mech_driver.ovsdb.ovsdb_monitor [None req-2b7a7d3e-12bc-4d75-8baa-2c0cbfe23147 None None] Touching Hash Ring node "618cd83d465e50fead40e7de77c40810" from IDL notify handler {{(pid=103677) notify /opt/stack/neutron/neutron/plugins/ml2/drivers/ovn/mech_driver/ovsdb/ovsdb_monitor.py:912}}
Feb 17 02:21:49.375471 np0000155890 devstack@neutron-api.service[103677]: DEBUG neutron.plugins.ml2.drivers.ovn.mech_driver.ovsdb.ovsdb_monitor [None req-2b7a7d3e-12bc-4d75-8baa-2c0cbfe23147 None None] Hash Ring: Node 618cd83d465e50fead40e7de77c40810 (host: np0000155890) handling event "update" for row 10c5cb13-e40c-4892-8974-29c43aa285c8 (table: Logical_Switch_Port) {{(pid=103677) notify /opt/stack/neutron/neutron/plugins/ml2/drivers/ovn/mech_driver/ovsdb/ovsdb_monitor.py:920}}
Feb 17 02:21:49.376160 np0000155890 devstack@neutron-api.service[103677]: DEBUG neutron.plugins.ml2.drivers.ovn.mech_driver.ovsdb.ovsdb_monitor [None req-227cb5e5-5b96-49f8-9270-d1bea2eaa7de None None] Hash Ring: Node 618cd83d465e50fead40e7de77c40810 (host: np0000155890) handling event "create" for row 7a8b825b-303d-4d8c-8375-9f4c1f888737 (table: Datapath_Binding) {{(pid=103677) notify /opt/stack/neutron/neutron/plugins/ml2/drivers/ovn/mech_driver/ovsdb/ovsdb_monitor.py:920}}
Feb 17 02:21:49.377470 np0000155890 devstack@neutron-api.service[103677]: DEBUG neutron.plugins.ml2.drivers.ovn.mech_driver.ovsdb.ovsdb_monitor [None req-227cb5e5-5b96-49f8-9270-d1bea2eaa7de None None] Touching Hash Ring node "618cd83d465e50fead40e7de77c40810" from IDL notify handler {{(pid=103677) notify /opt/stack/neutron/neutron/plugins/ml2/drivers/ovn/mech_driver/ovsdb/ovsdb_monitor.py:912}}
Feb 17 02:21:49.380304 np0000155890 devstack@neutron-api.service[103675]: DEBUG neutron.plugins.ml2.drivers.ovn.mech_driver.ovsdb.ovsdb_monitor [-] Hash Ring: Node 97817d8158745c1aabde7c24805834b4 (host: np0000155890) handling event "create" for row 7a8b825b-303d-4d8c-8375-9f4c1f888737 (table: Datapath_Binding) {{(pid=103675) notify /opt/stack/neutron/neutron/plugins/ml2/drivers/ovn/mech_driver/ovsdb/ovsdb_monitor.py:920}}
Feb 17 02:21:49.380946 np0000155890 devstack@neutron-api.service[103675]: DEBUG neutron.plugins.ml2.drivers.ovn.mech_driver.ovsdb.ovsdb_monitor [-] Hash Ring: Node 97817d8158745c1aabde7c24805834b4 (host: np0000155890) handling event "create" for row e3f9c031-7531-41f7-829f-21cfa8b0668c (table: Port_Binding) {{(pid=103675) notify /opt/stack/neutron/neutron/plugins/ml2/drivers/ovn/mech_driver/ovsdb/ovsdb_monitor.py:920}}
Feb 17 02:21:49.381438 np0000155890 devstack@neutron-api.service[103677]: DEBUG neutron.plugins.ml2.drivers.ovn.mech_driver.ovsdb.ovsdb_monitor [None req-227cb5e5-5b96-49f8-9270-d1bea2eaa7de None None] Hash Ring: Node 618cd83d465e50fead40e7de77c40810 (host: np0000155890) handling event "create" for row e3f9c031-7531-41f7-829f-21cfa8b0668c (table: Port_Binding) {{(pid=103677) notify /opt/stack/neutron/neutron/plugins/ml2/drivers/ovn/mech_driver/ovsdb/ovsdb_monitor.py:920}}
Feb 17 02:21:49.387609 np0000155890 devstack@neutron-api.service[103676]: INFO neutron.db.ovn_revision_numbers_db [None req-d17e12d7-72ca-47ff-988f-b9ff920b605a admin admin] Successfully bumped revision number for resource e5657a1d-e36b-4d68-af25-c719d9692995 (type: networks) to 1
Feb 17 02:21:49.414617 np0000155890 devstack@neutron-api.service[103676]: DEBUG neutron_lib.callbacks.manager [None req-d17e12d7-72ca-47ff-988f-b9ff920b605a admin admin] Publish callbacks ['neutron.plugins.ml2.plugin.SecurityGroupDbMixin._ensure_default_security_group_handler-438740'] for port (None), before_create {{(pid=103676) _notify_loop /opt/stack/data/venv/lib/python3.12/site-packages/neutron_lib/callbacks/manager.py:184}}
Feb 17 02:21:49.478550 np0000155890 devstack@neutron-api.service[103676]: DEBUG neutron_lib.callbacks.manager [None req-d17e12d7-72ca-47ff-988f-b9ff920b605a admin admin] Publish callbacks ['neutron.plugins.ml2.drivers.ovn.mech_driver.mech_driver.OVNMechanismDriver._validate_allowed_address_pairs-828533'] for allowed_address_pair (4d33a59f-3a4a-4635-ad4a-77cdcb562d1c), before_create {{(pid=103676) _notify_loop /opt/stack/data/venv/lib/python3.12/site-packages/neutron_lib/callbacks/manager.py:184}}
Feb 17 02:21:49.479009 np0000155890 devstack@neutron-api.service[103676]: DEBUG neutron_lib.callbacks.manager [None req-d17e12d7-72ca-47ff-988f-b9ff920b605a admin admin] Publish callbacks [] for port (4d33a59f-3a4a-4635-ad4a-77cdcb562d1c), precommit_create {{(pid=103676) _notify_loop /opt/stack/data/venv/lib/python3.12/site-packages/neutron_lib/callbacks/manager.py:184}}
Feb 17 02:21:49.479586 np0000155890 devstack@neutron-api.service[103676]: DEBUG neutron.plugins.ml2.drivers.ovn.mech_driver.mech_driver [None req-d17e12d7-72ca-47ff-988f-b9ff920b605a admin admin] No provisioning block for port 4d33a59f-3a4a-4635-ad4a-77cdcb562d1c since it does not have a host {{(pid=103676) _is_port_provisioning_required /opt/stack/neutron/neutron/plugins/ml2/drivers/ovn/mech_driver/mech_driver.py:883}}
Feb 17 02:21:49.479586 np0000155890 devstack@neutron-api.service[103676]: DEBUG neutron.db.ovn_revision_numbers_db [None req-d17e12d7-72ca-47ff-988f-b9ff920b605a admin admin] create_initial_revision uuid=4d33a59f-3a4a-4635-ad4a-77cdcb562d1c, type=ports, rev=-1 {{(pid=103676) create_initial_revision /opt/stack/neutron/neutron/db/ovn_revision_numbers_db.py:98}}
Feb 17 02:21:49.519274 np0000155890 devstack@neutron-api.service[103676]: DEBUG neutron_lib.callbacks.manager [None req-d17e12d7-72ca-47ff-988f-b9ff920b605a admin admin] Publish callbacks ['neutron.plugins.ml2.ovo_rpc._ObjectChangeHandler.handle_event-1692961'] for port (4d33a59f-3a4a-4635-ad4a-77cdcb562d1c), after_create {{(pid=103676) _notify_loop /opt/stack/data/venv/lib/python3.12/site-packages/neutron_lib/callbacks/manager.py:184}}
Feb 17 02:21:49.548438 np0000155890 devstack@neutron-api.service[103676]: DEBUG neutron.api.rpc.handlers.resources_rpc [None req-d17e12d7-72ca-47ff-988f-b9ff920b605a admin admin] Pushing event updated for resources: {'Port': ['ID=4d33a59f-3a4a-4635-ad4a-77cdcb562d1c,revision_number=1']} {{(pid=103676) push /opt/stack/neutron/neutron/api/rpc/handlers/resources_rpc.py:237}}
Feb 17 02:21:49.567763 np0000155890 devstack@neutron-api.service[103676]: DEBUG ovsdbapp.backend.ovs_idl.transaction [-] Running txn n=1 command(idx=0): AddLSwitchPortCommand(_result=None, lport=4d33a59f-3a4a-4635-ad4a-77cdcb562d1c, lswitch=neutron-e5657a1d-e36b-4d68-af25-c719d9692995, may_exist=True, network_uuid=e5657a1d-e36b-4d68-af25-c719d9692995, columns={'addresses': ['fa:16:3e:b6:19:a9'], 'external_ids': {'neutron:port_name': '', 'neutron:device_id': 'ovnmeta-e5657a1d-e36b-4d68-af25-c719d9692995', 'neutron:project_id': 'b787ffc41f8e4891ac0c5c124f5cdf55', 'neutron:cidrs': '', 'neutron:device_owner': 'network:distributed', 'neutron:subnet_pool_addr_scope4': '', 'neutron:subnet_pool_addr_scope6': '', 'neutron:network_name': 'neutron-e5657a1d-e36b-4d68-af25-c719d9692995', 'neutron:security_group_ids': '', 'neutron:revision_number': '1', 'neutron:vnic_type': 'normal', 'neutron:port_capabilities': '', 'neutron:mtu': ''}, 'parent_name': [], 'tag': [], 'enabled': True, 'options': {}, 'type': 'localport', 'port_security': [], 'dhcpv4_options': [], 'dhcpv6_options': []}) {{(pid=103676) do_commit /opt/stack/data/venv/lib/python3.12/site-packages/ovsdbapp/backend/ovs_idl/transaction.py:89}}
Feb 17 02:21:49.568609 np0000155890 devstack@neutron-api.service[103676]: DEBUG ovsdbapp.backend.ovs_idl.transaction [-] Running txn n=1 command(idx=1): QoSDelCommand(_result=None, switch=neutron-e5657a1d-e36b-4d68-af25-c719d9692995, conditions=[('direction', '=', 'to-lport'), ('priority', '=', 2002), ('match', '=', 'outport == "4d33a59f-3a4a-4635-ad4a-77cdcb562d1c"')], if_exists=True) {{(pid=103676) do_commit /opt/stack/data/venv/lib/python3.12/site-packages/ovsdbapp/backend/ovs_idl/transaction.py:89}}
